2022-03-04T19:09:44.648+0000 7fa1a7637700 1 -- --> v2:172.21.15.73:3300/0 -- mon_getmap magic: 0 v1 -- 0x7fa1a00b4cb0 con 0x7fa1a0141580 ,
2022-03-04T19:09:44.648+0000 7fa1a7637700 5 --2- >> v2:172.21.15.73:3300/0 conn(0x7fa1a0141580 0x7fa1a0141990 unknown :-1 s=START_CONNECT pgs=0 cs=0 l=0 rev1=0 crypto rx=0 tx=0 comp rx=0 tx=0).send_message enqueueing message m=0x7fa1a00b4cb0 type=5 mon_getmap magic: 0 v1 ,
2022-03-04T19:09:44.648+0000 7fa1a7637700 15 --2- >> v2:172.21.15.73:3300/0 conn(0x7fa1a0141580 0x7fa1a0141990 unknown :-1 s=START_CONNECT pgs=0 cs=0 l=0 rev1=0 crypto rx=0 tx=0 comp rx=0 tx=0).send_message inline write is denied, reschedule m=0x7fa1a00b4cb0
2022-03-05T01:36:36.693 WARNING:scrape:Ignoring malparsed backtrace:
2022-03-04T19:09:44.648+0000 7fa1a4bd2700 20 -- 172.21.15.73:0/1768441925 >> v2:172.21.15.73:3300/0 conn(0x7fa1a0141580 msgr2=0x7fa1a0141990 unknown :-1 s=STATE_CONNECTION_ESTABLISHED l=0).process ,
2022-03-04T19:09:44.648+0000 7fa1a5bd4700 20 --1- 172.21.15.73:0/1768441925 >> v1:172.21.15.73:6789/0 conn(0x7fa1a00ada00 0x7fa1a013e1b0 :-1 s=CONNECTING_SEND_CONNECT_MSG pgs=0 cs=0 l=0).handle_connect_reply_1 r=0 ,
2022-03-04T19:09:44.648+0000 7fa1a4bd2700 20 -- 172.21.15.73:0/1768441925 >> v2:172.21.15.73:3300/0 conn(0x7fa1a0141580 msgr2=0x7fa1a0141990 unknown :-1 s=STATE_CONNECTION_ESTABLISHED l=0).read continue len=32
2022-03-05T01:36:36.694 WARNING:scrape:Ignoring malparsed backtrace:
2022-03-04T19:09:44.649+0000 7fa1a4bd2700 1 -- 172.21.15.73:0/1768441925 >> v1:172.21.15.73:6789/0 conn(0x7fa1a00ada00 legacy=0x7fa1a013e1b0 unknown :-1 s=STATE_CONNECTION_ESTABLISHED l=1).mark_down ,
2022-03-04T19:09:44.649+0000 7fa1a5bd4700 20 --1- 172.21.15.73:0/1768441925 >> v1:172.21.15.73:6789/0 conn(0x7fa1a00ada00 0x7fa1a013e1b0 :-1 s=READ_MESSAGE_FRONT pgs=135 cs=1 l=1).read_message_data msg_left=0 ,
2022-03-04T19:09:44.649+0000 7fa1a5bd4700 20 --1- 172.21.15.73:0/1768441925 >> v1:172.21.15.73:6789/0 conn(0x7fa1a00ada00 0x7fa1a013e1b0 :-1 s=READ_MESSAGE_FRONT pgs=135 cs=1 l=1).read_message_footer
2022-03-05T01:36:36.695 WARNING:scrape:Ignoring malparsed backtrace:
2022-03-04T19:09:44.649+0000 7fa1a4bd2700 20 --2- 172.21.15.73:0/1768441925 >> [v2:172.21.15.73:3300/0,v1:172.21.15.73:6789/0] conn(0x7fa1a0141580 0x7fa1a0141990 secure :-1 s=READY pgs=136 cs=0 l=1 rev1=1 crypto rx=0x7fa19000ffa0 tx=0x7fa19000f840 comp rx=0 tx=0).handle_read_frame_preamble_main r=0 ,
2022-03-04T19:09:44.649+0000 7fa1a4bd2700 20 --2- 172.21.15.73:0/1768441925 >> [v2:172.21.15.73:3300/0,v1:172.21.15.73:6789/0] conn(0x7fa1a0141580 0x7fa1a0141990 secure :-1 s=THROTTLE_MESSAGE pgs=136 cs=0 l=1 rev1=1 crypto rx=0x7fa19000ffa0 tx=0x7fa19000f840 comp rx=0 tx=0).throttle_message ,
2022-03-04T19:09:44.649+0000 7fa1a4bd2700 20 --2- 172.21.15.73:0/1768441925 >> [v2:172.21.15.73:3300/0,v1:172.21.15.73:6789/0] conn(0x7fa1a0141580 0x7fa1a0141990 secure :-1 s=THROTTLE_BYTES pgs=136 cs=0 l=1 rev1=1 crypto rx=0x7fa19000ffa0 tx=0x7fa19000f840 comp rx=0 tx=0).throttle_bytes
2022-03-05T01:36:36.695 WARNING:scrape:Ignoring malparsed backtrace:
2022-03-04T19:09:44.650+0000 7fa1a7637700 1 -- 172.21.15.73:0/1768441925 wait complete. ,
2022-03-04T19:09:44.651+0000 7fa1a7637700 20 CompressorRegistry(0x7fa1a00b4180) adding algorithm method: snappy ,
2022-03-04T19:09:44.651+0000 7fa1a7637700 20 CompressorRegistry(0x7fa1a00b4180) adding algorithm method: zlib
2022-03-05T01:36:36.696 WARNING:scrape:Ignoring malparsed backtrace:
2022-03-04T19:09:44.653+0000 7fa1a4bd2700 20 --2- 172.21.15.73:0/2600970437 >> [v2:172.21.15.73:3300/0,v1:172.21.15.73:6789/0] conn(0x7fa1a00ada00 0x7fa1a0134390 unknown :-1 s=HELLO_CONNECTING pgs=0 cs=0 l=1 rev1=1 crypto rx=0 tx=0 comp rx=0 tx=0).post_client_banner_exchange ,
2022-03-04T19:09:44.653+0000 7fa1a4bd2700 20 --2- 172.21.15.73:0/2600970437 >> [v2:172.21.15.73:3300/0,v1:172.21.15.73:6789/0] conn(0x7fa1a00ada00 0x7fa1a0134390 unknown :-1 s=AUTH_CONNECTING pgs=0 cs=0 l=1 rev1=1 crypto rx=0 tx=0 comp rx=0 tx=0).send_auth_request peer_type 1 auth_client 0x7fa1a0060be8 ,
2022-03-04T19:09:44.653+0000 7fa1a5bd4700 10 -- 172.21.15.73:0/2600970437 >> [v2:172.21.15.97:3300/0,v1:172.21.15.97:6789/0] conn(0x7fa1a0141580 msgr2=0x7fa1a01378f0 unknown :-1 s=STATE_CONNECTION_ESTABLISHED l=1)._try_send sent bytes 26 remaining bytes 0
2022-03-05T01:36:36.697 WARNING:scrape:Ignoring malparsed backtrace:
2022-03-04T19:09:44.653+0000 7fa1a4bd2700 5 --2- 172.21.15.73:0/2600970437 >> [v2:172.21.15.73:3301/0,v1:172.21.15.73:6790/0] conn(0x7fa1a00abae0 0x7fa1a00a65e0 unknown :-1 s=AUTH_CONNECTING pgs=0 cs=0 l=1 rev1=1 crypto rx=0 tx=0 comp rx=0 tx=0).reset_recv_state ,
2022-03-04T19:09:44.653+0000 7fa1a4bd2700 20 Event(0x7fa1a005e3a0 nevent=5000 time_id=3).wakeup ,
2022-03-04T19:09:44.653+0000 7fa1a4bd2700 10 --2- 172.21.15.73:0/2600970437 >> [v2:172.21.15.73:3301/0,v1:172.21.15.73:6790/0] conn(0x7fa1a00abae0 0x7fa1a00a65e0 unknown :-1 s=AUTH_CONNECTING pgs=0 cs=0 l=1 rev1=1 crypto rx=0 tx=0 comp rx=0 tx=0).discard_out_queue started
2022-03-05T01:36:36.697 WARNING:scrape:Ignoring malparsed backtrace:
2022-03-04T19:09:44.653+0000 7fa1a4bd2700 20 --2- 172.21.15.73:0/2600970437 >> [v2:172.21.15.73:3300/0,v1:172.21.15.73:6789/0] conn(0x7fa1a00ada00 0x7fa1a0134390 secure :-1 s=THROTTLE_DONE pgs=137 cs=0 l=1 rev1=1 crypto rx=0x7fa1a00af890 tx=0x7fa19000d000 comp rx=0 tx=0).handle_read_frame_epilogue_main r=0 ,
2022-03-04T19:09:44.653+0000 7fa1a4bd2700 10 --2- 172.21.15.73:0/2600970437 >> [v2:172.21.15.73:3300/0,v1:172.21.15.73:6789/0] conn(0x7fa1a00ada00 0x7fa1a0134390 secure :-1 s=THROTTLE_DONE pgs=137 cs=0 l=1 rev1=1 crypto rx=0x7fa1a00af890 tx=0x7fa19000d000 comp rx=0 tx=0).handle_read_frame_dispatch tag=17 ,
2022-03-04T19:09:44.653+0000 7fa1a4bd2700 20 --2- 172.21.15.73:0/2600970437 >> [v2:172.21.15.73:3300/0,v1:172.21.15.73:6789/0] conn(0x7fa1a00ada00 0x7fa1a0134390 secure :-1 s=THROTTLE_DONE pgs=137 cs=0 l=1 rev1=1 crypto rx=0x7fa1a00af890 tx=0x7fa19000d000 comp rx=0 tx=0).handle_message
2022-03-05T01:36:36.698 WARNING:scrape:Ignoring malparsed backtrace:
2022-03-04T19:09:44.655+0000 7fa1a4bd2700 20 --2- 172.21.15.73:0/2600970437 >> [v2:172.21.15.73:3300/0,v1:172.21.15.73:6789/0] conn(0x7fa1a00ada00 0x7fa1a0134390 secure :-1 s=READY pgs=137 cs=0 l=1 rev1=1 crypto rx=0x7fa1a00af890 tx=0x7fa19000d000 comp rx=0 tx=0).handle_read_frame_preamble_main r=0 ,
2022-03-04T19:09:44.655+0000 7fa1a4bd2700 20 --2- 172.21.15.73:0/2600970437 >> [v2:172.21.15.73:3300/0,v1:172.21.15.73:6789/0] conn(0x7fa1a00ada00 0x7fa1a0134390 secure :-1 s=THROTTLE_MESSAGE pgs=137 cs=0 l=1 rev1=1 crypto rx=0x7fa1a00af890 tx=0x7fa19000d000 comp rx=0 tx=0).throttle_message ,
2022-03-04T19:09:44.655+0000 7fa1a4bd2700 20 --2- 172.21.15.73:0/2600970437 >> [v2:172.21.15.73:3300/0,v1:172.21.15.73:6789/0] conn(0x7fa1a00ada00 0x7fa1a0134390 secure :-1 s=THROTTLE_BYTES pgs=137 cs=0 l=1 rev1=1 crypto rx=0x7fa1a00af890 tx=0x7fa19000d000 comp rx=0 tx=0).throttle_bytes
2022-03-05T01:36:36.699 WARNING:scrape:Ignoring malparsed backtrace:
2022-03-04T19:09:44.656+0000 7fa1a53d3700 20 --2- 172.21.15.73:0/2600970437 >> v2:172.21.15.73:6800/36967 conn(0x7fa180063380 0x7fa180065890 unknown :-1 s=HELLO_CONNECTING pgs=0 cs=0 l=1 rev1=1 crypto rx=0 tx=0 comp rx=0 tx=0).post_client_banner_exchange ,
2022-03-04T19:09:44.656+0000 7fa18d7fa700 1 -- 172.21.15.73:0/2600970437 <== mon.0 v2:172.21.15.73:3300/0 6 ==== mon_get_version_reply(handle=1 version=24) v2 ==== 24+0+0 (secure 0 0 0) 0x7fa190080fd0 con 0x7fa1a00ada00 ,
2022-03-04T19:09:44.656+0000 7fa1a53d3700 20 --2- 172.21.15.73:0/2600970437 >> v2:172.21.15.73:6800/36967 conn(0x7fa180063380 0x7fa180065890 unknown :-1 s=AUTH_CONNECTING pgs=0 cs=0 l=1 rev1=1 crypto rx=0 tx=0 comp rx=0 tx=0).send_auth_request peer_type 16 auth_client 0x7fa1a0060be8
2022-03-05T01:36:36.700 WARNING:scrape:Ignoring malparsed backtrace:
2022-03-04T19:09:44.657+0000 7fa1a5bd4700 10 --2- 172.21.15.73:0/2600970437 >> v2:172.21.15.97:6805/37259 conn(0x7fa180069d30 0x7fa18006c180 unknown :-1 s=HELLO_CONNECTING pgs=0 cs=0 l=1 rev1=1 crypto rx=0 tx=0 comp rx=0 tx=0).handle_read_frame_dispatch tag=1 ,
2022-03-04T19:09:44.657+0000 7fa1a5bd4700 20 --2- 172.21.15.73:0/2600970437 >> v2:172.21.15.97:6805/37259 conn(0x7fa180069d30 0x7fa18006c180 unknown :-1 s=HELLO_CONNECTING pgs=0 cs=0 l=1 rev1=1 crypto rx=0 tx=0 comp rx=0 tx=0).handle_hello payload.length()=36 ,
2022-03-04T19:09:44.657+0000 7fa1a5bd4700 5 --2- 172.21.15.73:0/2600970437 >> v2:172.21.15.97:6805/37259 conn(0x7fa180069d30 0x7fa18006c180 unknown :-1 s=HELLO_CONNECTING pgs=0 cs=0 l=1 rev1=1 crypto rx=0 tx=0 comp rx=0 tx=0).handle_hello received hello: peer_type=4 peer_addr_for_me=v2:172.21.15.73:45582/0
2022-03-05T01:36:36.700 WARNING:scrape:Ignoring malparsed backtrace:
2022-03-04T19:09:44.663+0000 7fa1a5bd4700 20 --2- 172.21.15.73:0/2600970437 >> v2:172.21.15.97:6805/37259 conn(0x7fa180069d30 0x7fa18006c180 crc :-1 s=READY pgs=11 cs=0 l=1 rev1=1 crypto rx=0 tx=0 comp rx=0 tx=0).prepare_send_message m=command(tid 2: {"prefix": "config set", "var": "osd_debug_deep_scrub_sleep", "val": ["0"]}) v1 ,
2022-03-04T19:09:44.663+0000 7fa1a5bd4700 20 --2- 172.21.15.73:0/2600970437 >> v2:172.21.15.97:6805/37259 conn(0x7fa180069d30 0x7fa18006c180 crc :-1 s=READY pgs=11 cs=0 l=1 rev1=1 crypto rx=0 tx=0 comp rx=0 tx=0).prepare_send_message encoding features 4540138303579357183 0x7fa1a0064650 command(tid 2: {"prefix": "config set", "var": "osd_debug_deep_scrub_sleep", "val": ["0"]}) v1 ,
2022-03-04T19:09:44.663+0000 7fa1a5bd4700 5 --2- 172.21.15.73:0/2600970437 >> v2:172.21.15.97:6805/37259 conn(0x7fa180069d30 0x7fa18006c180 crc :-1 s=READY pgs=11 cs=0 l=1 rev1=1 crypto rx=0 tx=0 comp rx=0 tx=0).write_message sending message m=0x7fa1a0064650 seq=2 command(tid 2: {"prefix": "config set", "var": "osd_debug_deep_scrub_sleep", "val": ["0"]}) v1
2022-03-05T01:36:36.701 WARNING:scrape:Ignoring malparsed backtrace:
2022-03-04T19:09:45.119+0000 7f9304acc700 20 CompressorRegistry(0x7f930005d7c0) adding algorithm method: zstd ,
2022-03-04T19:09:45.119+0000 7f9304acc700 20 CompressorRegistry(0x7f930005d7c0) adding algorithm method: lz4 ,
2022-03-04T19:09:45.119+0000 7f9304acc700 20 CompressorRegistry(0x7f930005d7c0) _parse_method_list snappy zlib zstd lz4 -> [1,2,3,4]
2022-03-05T01:36:36.702 WARNING:scrape:Ignoring malparsed backtrace:
2022-03-04T19:09:45.120+0000 7f92fe59c700 20 -- >> v1:172.21.15.97:6789/0 conn(0x7f93000ac7f0 legacy=0x7f93000b4670 unknown :-1 s=STATE_CONNECTION_ESTABLISHED l=0).read start len=281 ,
2022-03-04T19:09:45.120+0000 7f92fed9d700 10 -- >> v2:172.21.15.97:3300/0 conn(0x7f93000ab1e0 msgr2=0x7f93000ab5f0 unknown :-1 s=STATE_CONNECTION_ESTABLISHED l=0)._try_send sent bytes 26 remaining bytes 0 ,
2022-03-04T19:09:45.120+0000 7f92fdd9b700 20 -- >> v1:172.21.15.73:6789/0 conn(0x7f93000adc00 legacy=0x7f930013ad20 unknown :-1 s=STATE_CONNECTION_ESTABLISHED l=0).process
2022-03-05T01:36:36.702 WARNING:scrape:Ignoring malparsed backtrace:
2022-03-04T19:09:45.121+0000 7f92fed9d700 5 --2- 172.21.15.73:0/1290385561 >> v2:172.21.15.97:3300/0 conn(0x7f93000ab1e0 0x7f93000ab5f0 unknown :-1 s=HELLO_CONNECTING pgs=0 cs=0 l=0 rev1=1 crypto rx=0 tx=0 comp rx=0 tx=0).handle_hello received hello: peer_type=1 peer_addr_for_me=v2:172.21.15.73:50860/0 ,
2022-03-04T19:09:45.121+0000 7f92fdd9b700 20 --1- 172.21.15.73:0/1290385561 >> v1:172.21.15.73:6789/0 conn(0x7f93000adc00 0x7f930013ad20 :-1 s=OPENED pgs=138 cs=1 l=1).handle_message_header r=0 ,
2022-03-04T19:09:45.121+0000 7f92fe59c700 20 --1- 172.21.15.73:0/1290385561 >> v1:172.21.15.97:6789/0 conn(0x7f93000ac7f0 0x7f93000b4670 :-1 s=CONNECTING_SEND_CONNECT_MSG pgs=0 cs=0 l=0).handle_connect_reply_1 connect got reply tag 13 connect_seq 1 global_seq 81 proto 15 flags 1 features 4540138303579357183
2022-03-05T01:36:36.703 WARNING:scrape:Ignoring malparsed backtrace:
2022-03-04T19:09:45.121+0000 7f92fe59c700 20 --1- 172.21.15.73:0/1290385561 >> v1:172.21.15.97:6789/0 conn(0x7f93000ac7f0 0x7f93000b4670 :-1 s=OPENED pgs=81 cs=1 l=1).handle_message_header got envelope type=18 src mon.1 front=33 data=0 off 0 ,
2022-03-04T19:09:45.121+0000 7f92fe59c700 20 --1- 172.21.15.73:0/1290385561 >> v1:172.21.15.97:6789/0 conn(0x7f93000ac7f0 0x7f93000b4670 :-1 s=THROTTLE_MESSAGE pgs=81 cs=1 l=1).throttle_message ,
2022-03-04T19:09:45.121+0000 7f92fe59c700 20 --1- 172.21.15.73:0/1290385561 >> v1:172.21.15.97:6789/0 conn(0x7f93000ac7f0 0x7f93000b4670 :-1 s=THROTTLE_BYTES pgs=81 cs=1 l=1).throttle_bytes
2022-03-05T01:36:36.704 WARNING:scrape:Ignoring malparsed backtrace:
2022-03-04T19:09:45.121+0000 7f92fdd9b700 20 --1- 172.21.15.73:0/1290385561 >> v1:172.21.15.73:6789/0 conn(0x7f93000adc00 0x7f930013ad20 :-1 s=READ_MESSAGE_FRONT pgs=138 cs=1 l=1).read_message_footer ,
2022-03-04T19:09:45.121+0000 7f92fdd9b700 20 -- 172.21.15.73:0/1290385561 >> v1:172.21.15.73:6789/0 conn(0x7f93000adc00 legacy=0x7f930013ad20 unknown :-1 s=STATE_CONNECTION_ESTABLISHED l=1).read start len=21 ,
2022-03-04T19:09:45.121+0000 7f92fdd9b700 20 --1- 172.21.15.73:0/1290385561 >> v1:172.21.15.73:6789/0 conn(0x7f93000adc00 0x7f930013ad20 :-1 s=READ_FOOTER_AND_DISPATCH pgs=138 cs=1 l=1).handle_message_footer r=0
2022-03-05T01:36:36.705 WARNING:scrape:Ignoring malparsed backtrace:
2022-03-04T19:09:45.122+0000 7f92fed9d700 20 --2- 172.21.15.73:0/1290385561 >> [v2:172.21.15.97:3300/0,v1:172.21.15.97:6789/0] conn(0x7f93000ab1e0 0x7f93000ab5f0 secure :-1 s=THROTTLE_DONE pgs=82 cs=0 l=1 rev1=1 crypto rx=0x7f92f0004cd0 tx=0x7f92f000fb30 comp rx=0 tx=0).handle_read_frame_epilogue_main r=0 ,
2022-03-04T19:09:45.122+0000 7f92fed9d700 10 --2- 172.21.15.73:0/1290385561 >> [v2:172.21.15.97:3300/0,v1:172.21.15.97:6789/0] conn(0x7f93000ab1e0 0x7f93000ab5f0 secure :-1 s=THROTTLE_DONE pgs=82 cs=0 l=1 rev1=1 crypto rx=0x7f92f0004cd0 tx=0x7f92f000fb30 comp rx=0 tx=0).handle_read_frame_dispatch tag=17 ,
2022-03-04T19:09:45.122+0000 7f92fed9d700 20 --2- 172.21.15.73:0/1290385561 >> [v2:172.21.15.97:3300/0,v1:172.21.15.97:6789/0] conn(0x7f93000ab1e0 0x7f93000ab5f0 secure :-1 s=THROTTLE_DONE pgs=82 cs=0 l=1 rev1=1 crypto rx=0x7f92f0004cd0 tx=0x7f92f000fb30 comp rx=0 tx=0).handle_message
2022-03-05T01:36:36.705 WARNING:scrape:Ignoring malparsed backtrace:
2022-03-04T19:09:45.124+0000 7f9304acc700 1 Processor -- start ,
2022-03-04T19:09:45.124+0000 7f9304acc700 20 Event(0x7f93000b50c0 nevent=5000 time_id=3).wakeup ,
2022-03-04T19:09:45.124+0000 7f9304acc700 1 -- start start
2022-03-05T01:36:36.706 WARNING:scrape:Ignoring malparsed backtrace:
2022-03-04T19:09:45.125+0000 7f92fed9d700 20 --2- 172.21.15.73:0/2188651942 >> [v2:172.21.15.73:3301/0,v1:172.21.15.73:6790/0] conn(0x7f93000adc00 0x7f93000a6080 unknown :-1 s=HELLO_CONNECTING pgs=0 cs=0 l=1 rev1=1 crypto rx=0 tx=0 comp rx=0 tx=0).handle_read_frame_preamble_main r=0 ,
2022-03-04T19:09:45.125+0000 7f92fe59c700 20 --2- 172.21.15.73:0/2188651942 >> [v2:172.21.15.73:3300/0,v1:172.21.15.73:6789/0] conn(0x7f93000ab1e0 0x7f9300134780 unknown :-1 s=AUTH_CONNECTING pgs=0 cs=0 l=1 rev1=1 crypto rx=0 tx=0 comp rx=0 tx=0).read_frame ,
2022-03-04T19:09:45.125+0000 7f92fed9d700 20 --2- 172.21.15.73:0/2188651942 >> [v2:172.21.15.73:3301/0,v1:172.21.15.73:6790/0] conn(0x7f93000adc00 0x7f93000a6080 unknown :-1 s=HELLO_CONNECTING pgs=0 cs=0 l=1 rev1=1 crypto rx=0 tx=0 comp rx=0 tx=0).read_frame_segment seg_idx=0
2022-03-05T01:36:36.707 WARNING:scrape:Ignoring malparsed backtrace:
2022-03-04T19:09:45.125+0000 7f92fe59c700 15 authenticated_encrypt_update plaintext.length()=80 buffer.length()=80 ,
2022-03-04T19:09:45.125+0000 7f92fe59c700 15 authenticated_encrypt_final buffer.length()=96 final_len=0 ,
2022-03-04T19:09:45.125+0000 7f92fdd9b700 5 --2- 172.21.15.73:0/2188651942 >> [v2:172.21.15.97:3300/0,v1:172.21.15.97:6789/0] conn(0x7f93000ac7f0 0x7f93000a51c0 unknown :-1 s=CLOSED pgs=0 cs=0 l=1 rev1=1 crypto rx=0 tx=0 comp rx=0 tx=0).reset_recv_state (warped) reseting crypto and compression handlers
2022-03-05T01:36:36.708 WARNING:scrape:Ignoring malparsed backtrace:
2022-03-04T19:09:45.126+0000 7f92fe59c700 10 --2- 172.21.15.73:0/2188651942 >> [v2:172.21.15.73:3300/0,v1:172.21.15.73:6789/0] conn(0x7f93000ab1e0 0x7f9300134780 secure :-1 s=THROTTLE_DONE pgs=139 cs=0 l=1 rev1=1 crypto rx=0x7f92e800c440 tx=0x7f92e8007c40 comp rx=0 tx=0).handle_read_frame_dispatch tag=17 ,
2022-03-04T19:09:45.126+0000 7f92fe59c700 20 --2- 172.21.15.73:0/2188651942 >> [v2:172.21.15.73:3300/0,v1:172.21.15.73:6789/0] conn(0x7f93000ab1e0 0x7f9300134780 secure :-1 s=THROTTLE_DONE pgs=139 cs=0 l=1 rev1=1 crypto rx=0x7f92e800c440 tx=0x7f92e8007c40 comp rx=0 tx=0).handle_message ,
2022-03-04T19:09:45.126+0000 7f92fe59c700 5 --2- 172.21.15.73:0/2188651942 >> [v2:172.21.15.73:3300/0,v1:172.21.15.73:6789/0] conn(0x7f93000ab1e0 0x7f9300134780 secure :-1 s=THROTTLE_DONE pgs=139 cs=0 l=1 rev1=1 crypto rx=0x7f92e800c440 tx=0x7f92e8007c40 comp rx=0 tx=0).handle_message got 4 + 0 + 0 byte message. envelope type=62 src mon.0 off 0
2022-03-05T01:36:36.708 WARNING:scrape:Ignoring malparsed backtrace:
2022-03-04T19:09:45.127+0000 7f92fe59c700 20 --2- 172.21.15.73:0/2188651942 >> [v2:172.21.15.73:3300/0,v1:172.21.15.73:6789/0] conn(0x7f93000ab1e0 0x7f9300134780 secure :-1 s=THROTTLE_DONE pgs=139 cs=0 l=1 rev1=1 crypto rx=0x7f92e800c440 tx=0x7f92e8007c40 comp rx=0 tx=0).handle_message ,
2022-03-04T19:09:45.127+0000 7f92fe59c700 5 --2- 172.21.15.73:0/2188651942 >> [v2:172.21.15.73:3300/0,v1:172.21.15.73:6789/0] conn(0x7f93000ab1e0 0x7f9300134780 secure :-1 s=THROTTLE_DONE pgs=139 cs=0 l=1 rev1=1 crypto rx=0x7f92e800c440 tx=0x7f92e8007c40 comp rx=0 tx=0).handle_message got 4562 + 0 + 0 byte message. envelope type=41 src mon.0 off 0 ,
2022-03-04T19:09:45.127+0000 7f92fe59c700 5 --2- 172.21.15.73:0/2188651942 >> [v2:172.21.15.73:3300/0,v1:172.21.15.73:6789/0] conn(0x7f93000ab1e0 0x7f9300134780 secure :-1 s=READ_MESSAGE_COMPLETE pgs=139 cs=0 l=1 rev1=1 crypto rx=0x7f92e800c440 tx=0x7f92e8007c40 comp rx=0 tx=0).handle_message received message m=0x7f92e807e830 seq=5 from=mon.0 type=41 osd_map(24..24 src has 1..24) v4
2022-03-05T01:36:36.709 WARNING:scrape:Ignoring malparsed backtrace:
2022-03-04T19:09:45.128+0000 7f92fdd9b700 10 --2- 172.21.15.73:0/2188651942 >> v2:172.21.15.73:6800/36967 conn(0x7f92dc063380 0x7f92dc065890 secure :-1 s=COMPRESSION_CONNECTING pgs=0 cs=0 l=1 rev1=1 crypto rx=0x7f930006e1e0 tx=0x7f92f4003370 comp rx=0 tx=0).handle_read_frame_dispatch tag=22 ,
2022-03-04T19:09:45.128+0000 7f92fdd9b700 10 --2- 172.21.15.73:0/2188651942 >> v2:172.21.15.73:6800/36967 conn(0x7f92dc063380 0x7f92dc065890 secure :-1 s=COMPRESSION_CONNECTING pgs=0 cs=0 l=1 rev1=1 crypto rx=0x7f930006e1e0 tx=0x7f92f4003370 comp rx=0 tx=0).handle_compression_done CompressionDoneFrame(is_compress=0, method=0) ,
2022-03-04T19:09:45.128+0000 7f92fdd9b700 20 --2- 172.21.15.73:0/2188651942 >> v2:172.21.15.73:6800/36967 conn(0x7f92dc063380 0x7f92dc065890 secure :-1 s=SESSION_CONNECTING pgs=0 cs=0 l=1 rev1=1 crypto rx=0x7f930006e1e0 tx=0x7f92f4003370 comp rx=0 tx=0).send_client_ident
2022-03-05T01:36:36.710 WARNING:scrape:Ignoring malparsed backtrace:
2022-03-04T19:09:45.304+0000 7f9304acc700 10 --2- 172.21.15.73:0/2188651942 >> [v2:172.21.15.73:3300/0,v1:172.21.15.73:6789/0] conn(0x7f93000ab1e0 0x7f9300134780 secure :-1 s=READY pgs=139 cs=0 l=1 rev1=1 crypto rx=0x7f92e800c440 tx=0x7f92e8007c40 comp rx=0 tx=0).discard_out_queue started ,
2022-03-04T19:09:45.304+0000 7f92fdd9b700 20 EpollDriver.del_event del event fd=16 cur_mask=1 delmask=3 to 10 ,
2022-03-04T19:09:45.304+0000 7f92fe59c700 5 --2- 172.21.15.73:0/2188651942 >> [v2:172.21.15.73:3300/0,v1:172.21.15.73:6789/0] conn(0x7f93000ab1e0 0x7f9300134780 secure :-1 s=CLOSED pgs=139 cs=0 l=1 rev1=1 crypto rx=0x7f92e800c440 tx=0x7f92e8007c40 comp rx=0 tx=0).reset_recv_state (warped) reseting crypto and compression handlers
2022-03-05T01:36:36.710 WARNING:scrape:Ignoring malparsed backtrace:
2022-03-04T19:09:45.595+0000 7f1fbd421700 10 -- >> v2:172.21.15.97:3300/0 conn(0x7f1fb80aa6b0 msgr2=0x7f1fb806dc40 unknown :-1 s=STATE_CONNECTING_RE l=0).process nonblock connect inprogress ,
2022-03-04T19:09:45.595+0000 7f1fbfe86700 1 -- --> v2:172.21.15.73:3300/0 -- mon_getmap magic: 0 v1 -- 0x7f1fb80b0ea0 con 0x7f1fb806c880 ,
2022-03-04T19:09:45.595+0000 7f1fbd421700 20 Event(0x7f1fb8069e20 nevent=5000 time_id=2).create_file_event create event started fd=14 mask=2 original mask is 1
2022-03-05T01:36:36.711 WARNING:scrape:Ignoring malparsed backtrace:
2022-03-04T19:09:45.596+0000 7f1fbdc22700 20 --1- 172.21.15.73:0/1742585463 >> v1:172.21.15.73:6789/0 conn(0x7f1fb80b0a90 0x7f1fb806b5e0 :-1 s=CONNECTING_SEND_CONNECT_MSG pgs=0 cs=0 l=0).handle_in_seq_write r=0 ,
2022-03-04T19:09:45.596+0000 7f1fbdc22700 10 --1- 172.21.15.73:0/1742585463 >> v1:172.21.15.73:6789/0 conn(0x7f1fb80b0a90 0x7f1fb806b5e0 :-1 s=CONNECTING_SEND_CONNECT_MSG pgs=0 cs=0 l=0).handle_in_seq_write send in_seq done ,
2022-03-04T19:09:45.596+0000 7f1fbe423700 20 --2- 172.21.15.73:0/1742585463 >> v2:172.21.15.73:3300/0 conn(0x7f1fb806c880 0x7f1fb81363d0 unknown :-1 s=AUTH_CONNECTING pgs=0 cs=0 l=0 rev1=1 crypto rx=0 tx=0 comp rx=0 tx=0).handle_read_frame_segment r=0
2022-03-05T01:36:36.712 WARNING:scrape:Ignoring malparsed backtrace:
2022-03-04T19:09:45.596+0000 7f1fbdc22700 10 --1- 172.21.15.73:0/1742585463 >> v1:172.21.15.73:6789/0 conn(0x7f1fb80b0a90 0x7f1fb806b5e0 :-1 s=READ_FOOTER_AND_DISPATCH pgs=140 cs=1 l=1).handle_message_footer no session security set ,
2022-03-04T19:09:45.596+0000 7f1fbdc22700 5 --1- 172.21.15.73:0/1742585463 >> v1:172.21.15.73:6789/0 conn(0x7f1fb80b0a90 0x7f1fb806b5e0 :-1 s=READ_FOOTER_AND_DISPATCH pgs=140 cs=1 l=1). rx mon.0 seq 1 0x7f1fb806d060 auth_reply(proto 2 0 (0) Success) v1 ,
2022-03-04T19:09:45.596+0000 7f1fbdc22700 20 -- 172.21.15.73:0/1742585463 queue 0x7f1fb806d060 prio 196
2022-03-05T01:36:36.713 WARNING:scrape:Ignoring malparsed backtrace:
2022-03-04T19:09:45.597+0000 7f1fbe423700 20 -- 172.21.15.73:0/1742585463 queue 0x7f1fb400e070 prio 196 ,
2022-03-04T19:09:45.597+0000 7f1fbe423700 20 --2- 172.21.15.73:0/1742585463 >> [v2:172.21.15.73:3300/0,v1:172.21.15.73:6789/0] conn(0x7f1fb806c880 0x7f1fb81363d0 secure :-1 s=READY pgs=141 cs=0 l=1 rev1=1 crypto rx=0x7f1fb806f1c0 tx=0x7f1fb4009840 comp rx=0 tx=0).read_frame ,
2022-03-04T19:09:45.597+0000 7f1fbe423700 20 -- 172.21.15.73:0/1742585463 >> [v2:172.21.15.73:3300/0,v1:172.21.15.73:6789/0] conn(0x7f1fb806c880 msgr2=0x7f1fb81363d0 secure :-1 s=STATE_CONNECTION_ESTABLISHED l=1).read start len=96
2022-03-05T01:36:36.713 WARNING:scrape:Ignoring malparsed backtrace:
2022-03-04T19:09:45.600+0000 7f1fbfe86700 10 -- create_connect 0x7f1fb806c880 [v2:172.21.15.73:3301/0,v1:172.21.15.73:6790/0] [v2:172.21.15.73:3301/0,v1:172.21.15.73:6790/0] ,
2022-03-04T19:09:45.600+0000 7f1fbfe86700 10 -- connect_to [v2:172.21.15.73:3301/0,v1:172.21.15.73:6790/0] new 0x7f1fb806c880 ,
2022-03-04T19:09:45.600+0000 7f1fbdc22700 20 -- >> [v2:172.21.15.73:3301/0,v1:172.21.15.73:6790/0] conn(0x7f1fb806c880 msgr2=0x7f1fb80a5030 unknown :-1 s=STATE_CONNECTING l=1).process
2022-03-05T01:36:36.714 WARNING:scrape:Ignoring malparsed backtrace:
2022-03-04T19:09:45.600+0000 7f1fbdc22700 20 -- 172.21.15.73:0/1168979695 >> [v2:172.21.15.73:3301/0,v1:172.21.15.73:6790/0] conn(0x7f1fb806c880 msgr2=0x7f1fb80a5030 unknown :-1 s=STATE_CONNECTION_ESTABLISHED l=1).read start len=17 ,
2022-03-04T19:09:45.600+0000 7f1fbd421700 20 --2- 172.21.15.73:0/1168979695 >> [v2:172.21.15.73:3300/0,v1:172.21.15.73:6789/0] conn(0x7f1fb80aa6b0 0x7f1fb813c310 unknown :-1 s=HELLO_CONNECTING pgs=0 cs=0 l=1 rev1=1 crypto rx=0 tx=0 comp rx=0 tx=0).read_frame_segment seg_idx=0 ,
2022-03-04T19:09:45.600+0000 7f1fbdc22700 20 --2- 172.21.15.73:0/1168979695 >> [v2:172.21.15.73:3301/0,v1:172.21.15.73:6790/0] conn(0x7f1fb806c880 0x7f1fb80a5030 unknown :-1 s=AUTH_CONNECTING pgs=0 cs=0 l=1 rev1=1 crypto rx=0 tx=0 comp rx=0 tx=0).handle_read_frame_segment r=0
2022-03-05T01:36:36.715 WARNING:scrape:Ignoring malparsed backtrace:
2022-03-04T19:09:45.600+0000 7f1fbdc22700 20 -- 172.21.15.73:0/1168979695 >> [v2:172.21.15.73:3301/0,v1:172.21.15.73:6790/0] conn(0x7f1fb806c880 msgr2=0x7f1fb80a5030 secure :-1 s=STATE_CONNECTION_ESTABLISHED l=1).read start len=96 ,
2022-03-04T19:09:45.600+0000 7f1fbdc22700 20 --2- 172.21.15.73:0/1168979695 >> [v2:172.21.15.73:3301/0,v1:172.21.15.73:6790/0] conn(0x7f1fb806c880 0x7f1fb80a5030 secure :-1 s=AUTH_CONNECTING_SIGN pgs=0 cs=0 l=1 rev1=1 crypto rx=0x7f1fa8003cc0 tx=0x7f1fa8007d90 comp rx=0 tx=0).handle_read_frame_preamble_main r=0 ,
2022-03-04T19:09:45.600+0000 7f1fbdc22700 20 --2- 172.21.15.73:0/1168979695 >> [v2:172.21.15.73:3301/0,v1:172.21.15.73:6790/0] conn(0x7f1fb806c880 0x7f1fb80a5030 secure :-1 s=AUTH_CONNECTING_SIGN pgs=0 cs=0 l=1 rev1=1 crypto rx=0x7f1fa8003cc0 tx=0x7f1fa8007d90 comp rx=0 tx=0).read_frame_segment seg_idx=0
2022-03-05T01:36:36.715 WARNING:scrape:Ignoring malparsed backtrace:
2022-03-04T19:09:45.601+0000 7f1fbfe86700 5 --2- 172.21.15.73:0/1168979695 >> [v2:172.21.15.73:3301/0,v1:172.21.15.73:6790/0] conn(0x7f1fb806c880 0x7f1fb80a5030 secure :-1 s=READY pgs=67 cs=0 l=1 rev1=1 crypto rx=0x7f1fa8003cc0 tx=0x7f1fa8007d90 comp rx=0 tx=0).send_message enqueueing message m=0x7f1fb813bdf0 type=15 mon_subscribe({mgrmap=0+}) v3 ,
2022-03-04T19:09:45.601+0000 7f1fbdc22700 20 -- 172.21.15.73:0/1168979695 >> [v2:172.21.15.73:3301/0,v1:172.21.15.73:6790/0] conn(0x7f1fb806c880 msgr2=0x7f1fb80a5030 secure :-1 s=STATE_CONNECTION_ESTABLISHED l=1).read start len=96 ,
2022-03-04T19:09:45.601+0000 7f1fbdc22700 20 --2- 172.21.15.73:0/1168979695 >> [v2:172.21.15.73:3301/0,v1:172.21.15.73:6790/0] conn(0x7f1fb806c880 0x7f1fb80a5030 secure :-1 s=READY pgs=67 cs=0 l=1 rev1=1 crypto rx=0x7f1fa8003cc0 tx=0x7f1fa8007d90 comp rx=0 tx=0).handle_read_frame_preamble_main r=0
2022-03-05T01:36:36.716 WARNING:scrape:Ignoring malparsed backtrace:
2022-03-04T19:09:45.603+0000 7f1fbdc22700 20 --2- 172.21.15.73:0/1168979695 >> [v2:172.21.15.73:3301/0,v1:172.21.15.73:6790/0] conn(0x7f1fb806c880 0x7f1fb80a5030 secure :-1 s=THROTTLE_DONE pgs=67 cs=0 l=1 rev1=1 crypto rx=0x7f1fa8003cc0 tx=0x7f1fa8007d90 comp rx=0 tx=0).handle_message ,
2022-03-04T19:09:45.603+0000 7f1fbdc22700 5 --2- 172.21.15.73:0/1168979695 >> [v2:172.21.15.73:3301/0,v1:172.21.15.73:6790/0] conn(0x7f1fb806c880 0x7f1fb80a5030 secure :-1 s=THROTTLE_DONE pgs=67 cs=0 l=1 rev1=1 crypto rx=0x7f1fa8003cc0 tx=0x7f1fa8007d90 comp rx=0 tx=0).handle_message got 4562 + 0 + 0 byte message. envelope type=41 src mon.2 off 0 ,
2022-03-04T19:09:45.603+0000 7f1fbdc22700 5 --2- 172.21.15.73:0/1168979695 >> [v2:172.21.15.73:3301/0,v1:172.21.15.73:6790/0] conn(0x7f1fb806c880 0x7f1fb80a5030 secure :-1 s=READ_MESSAGE_COMPLETE pgs=67 cs=0 l=1 rev1=1 crypto rx=0x7f1fa8003cc0 tx=0x7f1fa8007d90 comp rx=0 tx=0).handle_message received message m=0x7f1fa80a10d0 seq=5 from=mon.2 type=41 osd_map(24..24 src has 1..24) v4
2022-03-05T01:36:36.717 WARNING:scrape:Ignoring malparsed backtrace:
2022-03-04T19:09:45.604+0000 7f1fbe423700 20 -- 172.21.15.73:0/1168979695 >> v2:172.21.15.97:6806/37284 conn(0x7f1f98069d30 msgr2=0x7f1f9806c180 unknown :-1 s=STATE_CONNECTION_ESTABLISHED l=1).read start len=10 ,
2022-03-04T19:09:45.604+0000 7f1fbd421700 10 --2- 172.21.15.73:0/1168979695 >> v2:172.21.15.73:6800/36967 conn(0x7f1f98063380 0x7f1f98065890 unknown :-1 s=AUTH_CONNECTING pgs=0 cs=0 l=1 rev1=1 crypto rx=0 tx=0 comp rx=0 tx=0).handle_read_frame_dispatch tag=4 ,
2022-03-04T19:09:45.604+0000 7f1fbd421700 20 --2- 172.21.15.73:0/1168979695 >> v2:172.21.15.73:6800/36967 conn(0x7f1f98063380 0x7f1f98065890 unknown :-1 s=AUTH_CONNECTING pgs=0 cs=0 l=1 rev1=1 crypto rx=0 tx=0 comp rx=0 tx=0).handle_auth_reply_more payload.length()=36
2022-03-05T01:36:36.718 WARNING:scrape:Ignoring malparsed backtrace:
2022-03-04T19:09:45.606+0000 7f1fbe423700 10 --2- 172.21.15.73:0/1168979695 >> v2:172.21.15.97:6806/37284 conn(0x7f1f98069d30 0x7f1f9806c180 unknown :-1 s=AUTH_CONNECTING pgs=0 cs=0 l=1 rev1=1 crypto rx=0 tx=0 comp rx=0 tx=0).handle_read_frame_dispatch tag=6 ,
2022-03-04T19:09:45.606+0000 7f1fbe423700 20 --2- 172.21.15.73:0/1168979695 >> v2:172.21.15.97:6806/37284 conn(0x7f1f98069d30 0x7f1f9806c180 unknown :-1 s=AUTH_CONNECTING pgs=0 cs=0 l=1 rev1=1 crypto rx=0 tx=0 comp rx=0 tx=0).handle_auth_done payload.length()=52 ,
2022-03-04T19:09:45.606+0000 7f1fbe423700 10 -- 172.21.15.73:0/1168979695 >> v2:172.21.15.97:6806/37284 conn(0x7f1f98069d30 msgr2=0x7f1f9806c180 crc :-1 s=STATE_CONNECTION_ESTABLISHED l=1)._try_send sent bytes 68 remaining bytes 0
2022-03-05T01:36:36.718 WARNING:scrape:Ignoring malparsed backtrace:
2022-03-04T19:09:45.613+0000 7f1fbe423700 5 --2- 172.21.15.73:0/1168979695 >> v2:172.21.15.97:6806/37284 conn(0x7f1f98069d30 0x7f1f9806c180 crc :-1 s=READ_MESSAGE_COMPLETE pgs=6 cs=0 l=1 rev1=1 crypto rx=0 tx=0 comp rx=0 tx=0).handle_message received message m=0x7f1fb8086040 seq=2 from=osd.7 type=98 command_reply(tid 2: 0 ) v1 ,
2022-03-04T19:09:45.613+0000 7f1fbe423700 20 -- 172.21.15.73:0/1168979695 queue 0x7f1fb8086040 prio 0 ,
2022-03-04T19:09:45.613+0000 7f1fbe423700 20 --2- 172.21.15.73:0/1168979695 >> v2:172.21.15.97:6806/37284 conn(0x7f1f98069d30 0x7f1f9806c180 crc :-1 s=READY pgs=6 cs=0 l=1 rev1=1 crypto rx=0 tx=0 comp rx=0 tx=0).read_frame
2022-03-05T01:36:36.719 WARNING:scrape:Ignoring malparsed backtrace:
2022-03-04T19:09:46.069+0000 7f8f72477700 10 -- connect_to [v2:172.21.15.73:3301/0,v1:172.21.15.73:6790/0] new 0x7f8f6c0aca10 ,
2022-03-04T19:09:46.069+0000 7f8f72477700 10 -- create_connect v2:172.21.15.73:3300/0, creating connection and registering ,
2022-03-04T19:09:46.069+0000 7f8f72477700 10 -- >> v2:172.21.15.73:3300/0 conn(0x7f8f6c0ab330 msgr2=0x7f8f6c0ab740 unknown :-1 s=STATE_NONE l=0)._connect
2022-03-05T01:36:36.720 WARNING:scrape:Ignoring malparsed backtrace:
2022-03-04T19:09:46.069+0000 7f8f6bfff700 20 --2- 172.21.15.73:0/2669450965 >> [v2:172.21.15.73:3301/0,v1:172.21.15.73:6790/0] conn(0x7f8f6c0aca10 0x7f8f6c0ac340 unknown :-1 s=HELLO_CONNECTING pgs=0 cs=0 l=0 rev1=1 crypto rx=0 tx=0 comp rx=0 tx=0).handle_hello payload.length()=36 ,
2022-03-04T19:09:46.069+0000 7f8f6bfff700 5 --2- 172.21.15.73:0/2669450965 >> [v2:172.21.15.73:3301/0,v1:172.21.15.73:6790/0] conn(0x7f8f6c0aca10 0x7f8f6c0ac340 unknown :-1 s=HELLO_CONNECTING pgs=0 cs=0 l=0 rev1=1 crypto rx=0 tx=0 comp rx=0 tx=0).handle_hello received hello: peer_type=1 peer_addr_for_me=v2:172.21.15.73:58318/0 ,
2022-03-04T19:09:46.069+0000 7f8f6bfff700 5 --2- 172.21.15.73:0/2669450965 >> [v2:172.21.15.73:3301/0,v1:172.21.15.73:6790/0] conn(0x7f8f6c0aca10 0x7f8f6c0ac340 unknown :-1 s=HELLO_CONNECTING pgs=0 cs=0 l=0 rev1=1 crypto rx=0 tx=0 comp rx=0 tx=0).handle_hello getsockname says I am 172.21.15.73:58318 when talking to v2:172.21.15.73:3301/0
2022-03-05T01:36:36.720 WARNING:scrape:Ignoring malparsed backtrace:
2022-03-04T19:09:46.070+0000 7f8f6b7fe700 10 --2- 172.21.15.73:0/2669450965 >> v2:172.21.15.73:3300/0 conn(0x7f8f6c0ab330 0x7f8f6c0ab740 unknown :-1 s=AUTH_CONNECTING pgs=0 cs=0 l=0 rev1=1 crypto rx=0 tx=0 comp rx=0 tx=0).handle_read_frame_dispatch tag=6 ,
2022-03-04T19:09:46.070+0000 7f8f6b7fe700 20 --2- 172.21.15.73:0/2669450965 >> v2:172.21.15.73:3300/0 conn(0x7f8f6c0ab330 0x7f8f6c0ab740 unknown :-1 s=AUTH_CONNECTING pgs=0 cs=0 l=0 rev1=1 crypto rx=0 tx=0 comp rx=0 tx=0).handle_auth_done payload.length()=290 ,
2022-03-04T19:09:46.070+0000 7f8f6bfff700 10 --2- 172.21.15.73:0/2669450965 >> [v2:172.21.15.73:3301/0,v1:172.21.15.73:6790/0] conn(0x7f8f6c0aca10 0x7f8f6c0ac340 unknown :-1 s=AUTH_CONNECTING pgs=0 cs=0 l=0 rev1=1 crypto rx=0 tx=0 comp rx=0 tx=0).handle_read_frame_dispatch tag=6
2022-03-05T01:36:36.721 WARNING:scrape:Ignoring malparsed backtrace:
2022-03-04T19:09:46.070+0000 7f8f6b7fe700 20 --2- 172.21.15.73:0/2669450965 >> [v2:172.21.15.73:3300/0,v1:172.21.15.73:6789/0] conn(0x7f8f6c0ab330 0x7f8f6c0ab740 secure :-1 s=THROTTLE_DONE pgs=142 cs=0 l=1 rev1=1 crypto rx=0x7f8f58006fd0 tx=0x7f8f580119b0 comp rx=0 tx=0).read_frame_segment seg_idx=1 ,
2022-03-04T19:09:46.070+0000 7f8f6b7fe700 20 -- 172.21.15.73:0/2669450965 >> [v2:172.21.15.73:3300/0,v1:172.21.15.73:6789/0] conn(0x7f8f6c0ab330 msgr2=0x7f8f6c0ab740 secure :-1 s=STATE_CONNECTION_ESTABLISHED l=1).read start len=416 ,
2022-03-04T19:09:46.070+0000 7f8f6b7fe700 20 --2- 172.21.15.73:0/2669450965 >> [v2:172.21.15.73:3300/0,v1:172.21.15.73:6789/0] conn(0x7f8f6c0ab330 0x7f8f6c0ab740 secure :-1 s=THROTTLE_DONE pgs=142 cs=0 l=1 rev1=1 crypto rx=0x7f8f58006fd0 tx=0x7f8f580119b0 comp rx=0 tx=0).handle_read_frame_segment r=0
2022-03-05T01:36:36.722 WARNING:scrape:Ignoring malparsed backtrace:
2022-03-04T19:09:46.072+0000 7f8f72477700 20 CompressorRegistry(0x7f8f6c0b09a0) _parse_method_list snappy zlib zstd lz4 -> [1,2,3,4] ,
2022-03-04T19:09:46.072+0000 7f8f72477700 10 CompressorRegistry(0x7f8f6c0b09a0) _refresh_config ms_osd_compression_mode 0 ms_osd_compression_methods [1,2,3,4] ms_osd_compress_above_min_size 1024 ms_compress_secure 0 ,
2022-03-04T19:09:46.072+0000 7f8f72477700 10 -- ready
2022-03-05T01:36:36.723 WARNING:scrape:Ignoring malparsed backtrace:
2022-03-04T19:09:46.074+0000 7f8f6b7fe700 20 --2- 172.21.15.73:0/2536197148 >> [v2:172.21.15.73:3301/0,v1:172.21.15.73:6790/0] conn(0x7f8f6c0aca10 0x7f8f6c06d0b0 unknown :-1 s=HELLO_CONNECTING pgs=0 cs=0 l=1 rev1=1 crypto rx=0 tx=0 comp rx=0 tx=0).read_frame_segment seg_idx=0 ,
2022-03-04T19:09:46.074+0000 7f8f6bfff700 1 -- 172.21.15.73:0/2536197148 learned_addr learned my addr 172.21.15.73:0/2536197148 (peer_addr_for_me v2:172.21.15.73:0/0) ,
2022-03-04T19:09:46.074+0000 7f8f6b7fe700 20 -- 172.21.15.73:0/2536197148 >> [v2:172.21.15.73:3301/0,v1:172.21.15.73:6790/0] conn(0x7f8f6c0aca10 msgr2=0x7f8f6c06d0b0 unknown :-1 s=STATE_CONNECTION_ESTABLISHED l=1).read start len=40
2022-03-05T01:36:36.723 WARNING:scrape:Ignoring malparsed backtrace:
2022-03-04T19:09:46.074+0000 7f8f6bfff700 20 Event(0x7f8f6c0b50e0 nevent=5000 time_id=4).wakeup ,
2022-03-04T19:09:46.074+0000 7f8f6bfff700 10 --2- 172.21.15.73:0/2536197148 >> [v2:172.21.15.97:3300/0,v1:172.21.15.97:6789/0] conn(0x7f8f6c13dd70 0x7f8f6c06af00 unknown :-1 s=AUTH_CONNECTING pgs=0 cs=0 l=1 rev1=1 crypto rx=0 tx=0 comp rx=0 tx=0).discard_out_queue started ,
2022-03-04T19:09:46.074+0000 7f8f6bfff700 20 --2- 172.21.15.73:0/2536197148 >> [v2:172.21.15.97:3300/0,v1:172.21.15.97:6789/0] conn(0x7f8f6c13dd70 0x7f8f6c06af00 unknown :-1 s=AUTH_CONNECTING pgs=0 cs=0 l=1 rev1=1 crypto rx=0 tx=0 comp rx=0 tx=0).discard_out_queue discard mon_getmap magic: 0 v1
2022-03-05T01:36:36.724 WARNING:scrape:Ignoring malparsed backtrace:
2022-03-04T19:09:46.075+0000 7f8f6bfff700 20 -- 172.21.15.73:0/2536197148 >> [v2:172.21.15.73:3300/0,v1:172.21.15.73:6789/0] conn(0x7f8f6c0ab330 msgr2=0x7f8f6c06a130 secure :-1 s=STATE_CONNECTION_ESTABLISHED l=1).read start len=96 ,
2022-03-04T19:09:46.075+0000 7f8f6bfff700 20 --2- 172.21.15.73:0/2536197148 >> [v2:172.21.15.73:3300/0,v1:172.21.15.73:6789/0] conn(0x7f8f6c0ab330 0x7f8f6c06a130 secure :-1 s=READY pgs=143 cs=0 l=1 rev1=1 crypto rx=0x7f8f50009790 tx=0x7f8f50009060 comp rx=0 tx=0).handle_read_frame_preamble_main r=0 ,
2022-03-04T19:09:46.075+0000 7f8f5ffff700 1 -- 172.21.15.73:0/2536197148 <== mon.0 v2:172.21.15.73:3300/0 1 ==== mon_map magic: 0 v1 ==== 413+0+0 (secure 0 0 0) 0x7f8f50039030 con 0x7f8f6c0ab330
2022-03-05T01:36:36.725 WARNING:scrape:Ignoring malparsed backtrace:
2022-03-04T19:09:46.076+0000 7f8f6bfff700 20 --2- 172.21.15.73:0/2536197148 >> [v2:172.21.15.73:3300/0,v1:172.21.15.73:6789/0] conn(0x7f8f6c0ab330 0x7f8f6c06a130 secure :-1 s=THROTTLE_BYTES pgs=143 cs=0 l=1 rev1=1 crypto rx=0x7f8f50009790 tx=0x7f8f50009060 comp rx=0 tx=0).throttle_bytes ,
2022-03-04T19:09:46.076+0000 7f8f6bfff700 20 --2- 172.21.15.73:0/2536197148 >> [v2:172.21.15.73:3300/0,v1:172.21.15.73:6789/0] conn(0x7f8f6c0ab330 0x7f8f6c06a130 secure :-1 s=THROTTLE_DISPATCH_QUEUE pgs=143 cs=0 l=1 rev1=1 crypto rx=0x7f8f50009790 tx=0x7f8f50009060 comp rx=0 tx=0).throttle_dispatch_queue ,
2022-03-04T19:09:46.076+0000 7f8f6bfff700 20 --2- 172.21.15.73:0/2536197148 >> [v2:172.21.15.73:3300/0,v1:172.21.15.73:6789/0] conn(0x7f8f6c0ab330 0x7f8f6c06a130 secure :-1 s=THROTTLE_DONE pgs=143 cs=0 l=1 rev1=1 crypto rx=0x7f8f50009790 tx=0x7f8f50009060 comp rx=0 tx=0).read_frame_segment seg_idx=0
2022-03-05T01:36:36.726 WARNING:scrape:Ignoring malparsed backtrace:
2022-03-04T19:09:46.077+0000 7f8f6b7fe700 20 --2- 172.21.15.73:0/2536197148 >> v2:172.21.15.73:6800/36967 conn(0x7f8f48063380 0x7f8f48065890 secure :-1 s=AUTH_CONNECTING_SIGN pgs=0 cs=0 l=1 rev1=1 crypto rx=0x7f8f6c0ab2c0 tx=0x7f8f58011000 comp rx=0 tx=0).handle_auth_signature pre-auth signature success sig_frame.signature()=2b42f89390311e5810d5a23057cd5b3859eaa0501793684a917fce64a1c72a08 ,
2022-03-04T19:09:46.077+0000 7f8f6b7fe700 20 CompressorRegistry(0x7f8f6c0b09a0) get_mode peer_type 16 is_secure 1 ,
2022-03-04T19:09:46.077+0000 7f8f6b7fe700 15 authenticated_encrypt_update plaintext.length()=80 buffer.length()=80
2022-03-05T01:36:36.726 WARNING:scrape:Ignoring malparsed backtrace:
2022-03-04T19:09:46.252+0000 7f8f72477700 1 --2- 172.21.15.73:0/2536197148 >> v2:172.21.15.73:6800/36967 conn(0x7f8f48063380 0x7f8f48065890 secure :-1 s=READY pgs=80 cs=0 l=1 rev1=1 crypto rx=0x7f8f6c0ab2c0 tx=0x7f8f58011000 comp rx=0 tx=0).stop ,
2022-03-04T19:09:46.252+0000 7f8f72477700 5 --2- 172.21.15.73:0/2536197148 >> v2:172.21.15.73:6800/36967 conn(0x7f8f48063380 0x7f8f48065890 secure :-1 s=READY pgs=80 cs=0 l=1 rev1=1 crypto rx=0x7f8f6c0ab2c0 tx=0x7f8f58011000 comp rx=0 tx=0).reset_recv_state ,
2022-03-04T19:09:46.252+0000 7f8f72477700 20 Event(0x7f8f6c068530 nevent=5000 time_id=6).wakeup
2022-03-05T01:36:36.727 WARNING:scrape:Ignoring malparsed backtrace:
2022-03-04T19:09:46.508+0000 7f15c2bc3700 10 --1- >> v1:172.21.15.73:6789/0 conn(0x7f15bc13f700 0x7f15bc13bb80 :-1 s=START_CONNECT pgs=0 cs=0 l=0).send_keepalive ,
2022-03-04T19:09:46.508+0000 7f15c2bc3700 20 Event(0x7f15bc0b1530 nevent=5000 time_id=1).wakeup ,
2022-03-04T19:09:46.508+0000 7f15c1160700 20 -- >> v1:172.21.15.73:6789/0 conn(0x7f15bc13f700 legacy=0x7f15bc13bb80 unknown :-1 s=STATE_CONNECTING l=0).process
2022-03-05T01:36:36.728 WARNING:scrape:Ignoring malparsed backtrace:
2022-03-04T19:09:46.509+0000 7f15c1160700 20 --1- 172.21.15.73:0/2101180671 >> v1:172.21.15.73:6789/0 conn(0x7f15bc13f700 0x7f15bc13bb80 :-1 s=CONNECTING_SEND_CONNECT_MSG pgs=0 cs=0 l=0).wait_connect_reply ,
2022-03-04T19:09:46.509+0000 7f15c1160700 20 -- 172.21.15.73:0/2101180671 >> v1:172.21.15.73:6789/0 conn(0x7f15bc13f700 legacy=0x7f15bc13bb80 unknown :-1 s=STATE_CONNECTION_ESTABLISHED l=0).read start len=26 ,
2022-03-04T19:09:46.509+0000 7f15c095f700 20 --2- 172.21.15.73:0/2101180671 >> [v2:172.21.15.73:3301/0,v1:172.21.15.73:6790/0] conn(0x7f15bc0ad340 0x7f15bc0ac0c0 unknown :-1 s=AUTH_CONNECTING pgs=0 cs=0 l=0 rev1=1 crypto rx=0 tx=0 comp rx=0 tx=0).read_frame
2022-03-05T01:36:36.728 WARNING:scrape:Ignoring malparsed backtrace:
2022-03-04T19:09:46.509+0000 7f15c1160700 20 --1- 172.21.15.73:0/2101180671 >> v1:172.21.15.73:6789/0 conn(0x7f15bc13f700 0x7f15bc13bb80 :-1 s=READ_MESSAGE_FRONT pgs=144 cs=1 l=1).handle_message_front got front 33 ,
2022-03-04T19:09:46.509+0000 7f15b3fff700 20 -- 172.21.15.73:0/2101180671 >> v2:172.21.15.73:3300/0 conn(0x7f15bc0ac600 msgr2=0x7f15bc13f1c0 unknown :-1 s=STATE_CLOSED l=0).process socket closed ,
2022-03-04T19:09:46.509+0000 7f15c1160700 20 --1- 172.21.15.73:0/2101180671 >> v1:172.21.15.73:6789/0 conn(0x7f15bc13f700 0x7f15bc13bb80 :-1 s=READ_MESSAGE_FRONT pgs=144 cs=1 l=1).read_message_middle
2022-03-05T01:36:36.729 WARNING:scrape:Ignoring malparsed backtrace:
2022-03-04T19:09:46.510+0000 7f15c095f700 20 --2- 172.21.15.73:0/2101180671 >> [v2:172.21.15.73:3301/0,v1:172.21.15.73:6790/0] conn(0x7f15bc0ad340 0x7f15bc0ac0c0 secure :-1 s=READY pgs=68 cs=0 l=1 rev1=1 crypto rx=0x7f15ac009760 tx=0x7f15ac009060 comp rx=0 tx=0).handle_read_frame_preamble_main r=0 ,
2022-03-04T19:09:46.510+0000 7f15c095f700 20 --2- 172.21.15.73:0/2101180671 >> [v2:172.21.15.73:3301/0,v1:172.21.15.73:6790/0] conn(0x7f15bc0ad340 0x7f15bc0ac0c0 secure :-1 s=THROTTLE_MESSAGE pgs=68 cs=0 l=1 rev1=1 crypto rx=0x7f15ac009760 tx=0x7f15ac009060 comp rx=0 tx=0).throttle_message ,
2022-03-04T19:09:46.510+0000 7f15c095f700 20 --2- 172.21.15.73:0/2101180671 >> [v2:172.21.15.73:3301/0,v1:172.21.15.73:6790/0] conn(0x7f15bc0ad340 0x7f15bc0ac0c0 secure :-1 s=THROTTLE_BYTES pgs=68 cs=0 l=1 rev1=1 crypto rx=0x7f15ac009760 tx=0x7f15ac009060 comp rx=0 tx=0).throttle_bytes
2022-03-05T01:36:36.730 WARNING:scrape:Ignoring malparsed backtrace:
2022-03-04T19:09:46.511+0000 7f15c2bc3700 1 -- 172.21.15.73:0/2101180671 wait complete. ,
2022-03-04T19:09:46.512+0000 7f15c2bc3700 20 CompressorRegistry(0x7f15bc13d7c0) adding algorithm method: snappy ,
2022-03-04T19:09:46.512+0000 7f15c2bc3700 20 CompressorRegistry(0x7f15bc13d7c0) adding algorithm method: zlib
2022-03-05T01:36:36.730 WARNING:scrape:Ignoring malparsed backtrace:
2022-03-04T19:09:46.513+0000 7f15b3fff700 5 --2- >> [v2:172.21.15.73:3301/0,v1:172.21.15.73:6790/0] conn(0x7f15bc0ad340 0x7f15bc0a96c0 unknown :-1 s=HELLO_CONNECTING pgs=0 cs=0 l=1 rev1=1 crypto rx=0 tx=0 comp rx=0 tx=0).handle_hello received hello: peer_type=1 peer_addr_for_me=v2:172.21.15.73:58340/0 ,
2022-03-04T19:09:46.513+0000 7f15b3fff700 5 --2- >> [v2:172.21.15.73:3301/0,v1:172.21.15.73:6790/0] conn(0x7f15bc0ad340 0x7f15bc0a96c0 unknown :-1 s=HELLO_CONNECTING pgs=0 cs=0 l=1 rev1=1 crypto rx=0 tx=0 comp rx=0 tx=0).handle_hello getsockname says I am 172.21.15.73:58340 when talking to v2:172.21.15.73:3301/0 ,
2022-03-04T19:09:46.513+0000 7f15b3fff700 1 --2- >> [v2:172.21.15.73:3301/0,v1:172.21.15.73:6790/0] conn(0x7f15bc0ad340 0x7f15bc0a96c0 unknown :-1 s=HELLO_CONNECTING pgs=0 cs=0 l=1 rev1=1 crypto rx=0 tx=0 comp rx=0 tx=0).handle_hello peer v2:172.21.15.73:3301/0 says I am v2:172.21.15.73:58340/0 (socket says 172.21.15.73:58340)
2022-03-05T01:36:36.731 WARNING:scrape:Ignoring malparsed backtrace:
2022-03-04T19:09:46.513+0000 7f15c095f700 20 -- 172.21.15.73:0/1361751909 >> [v2:172.21.15.97:3300/0,v1:172.21.15.97:6789/0] conn(0x7f15bc0ac600 msgr2=0x7f15bc0a8f50 unknown :-1 s=STATE_CLOSED l=1).process ,
2022-03-04T19:09:46.513+0000 7f15c095f700 20 -- 172.21.15.73:0/1361751909 >> [v2:172.21.15.97:3300/0,v1:172.21.15.97:6789/0] conn(0x7f15bc0ac600 msgr2=0x7f15bc0a8f50 unknown :-1 s=STATE_CLOSED l=1).process socket closed ,
2022-03-04T19:09:46.513+0000 7f15b3fff700 10 --2- 172.21.15.73:0/1361751909 >> [v2:172.21.15.73:3300/0,v1:172.21.15.73:6789/0] conn(0x7f15bc13f700 0x7f15bc131a70 unknown :-1 s=AUTH_CONNECTING pgs=0 cs=0 l=1 rev1=1 crypto rx=0 tx=0 comp rx=0 tx=0).discard_out_queue started
2022-03-05T01:36:36.732 WARNING:scrape:Ignoring malparsed backtrace:
2022-03-04T19:09:46.514+0000 7f15b3fff700 20 --2- 172.21.15.73:0/1361751909 >> [v2:172.21.15.73:3301/0,v1:172.21.15.73:6790/0] conn(0x7f15bc0ad340 0x7f15bc0a96c0 secure :-1 s=THROTTLE_BYTES pgs=69 cs=0 l=1 rev1=1 crypto rx=0x7f15a4005710 tx=0x7f15a4005a00 comp rx=0 tx=0).throttle_bytes ,
2022-03-04T19:09:46.514+0000 7f15b3fff700 20 --2- 172.21.15.73:0/1361751909 >> [v2:172.21.15.73:3301/0,v1:172.21.15.73:6790/0] conn(0x7f15bc0ad340 0x7f15bc0a96c0 secure :-1 s=THROTTLE_DISPATCH_QUEUE pgs=69 cs=0 l=1 rev1=1 crypto rx=0x7f15a4005710 tx=0x7f15a4005a00 comp rx=0 tx=0).throttle_dispatch_queue ,
2022-03-04T19:09:46.514+0000 7f15b3fff700 20 --2- 172.21.15.73:0/1361751909 >> [v2:172.21.15.73:3301/0,v1:172.21.15.73:6790/0] conn(0x7f15bc0ad340 0x7f15bc0a96c0 secure :-1 s=THROTTLE_DONE pgs=69 cs=0 l=1 rev1=1 crypto rx=0x7f15a4005710 tx=0x7f15a4005a00 comp rx=0 tx=0).read_frame_segment seg_idx=0
2022-03-05T01:36:36.733 WARNING:scrape:Ignoring malparsed backtrace:
2022-03-04T19:09:46.516+0000 7f15b3fff700 20 --2- 172.21.15.73:0/1361751909 >> [v2:172.21.15.73:3301/0,v1:172.21.15.73:6790/0] conn(0x7f15bc0ad340 0x7f15bc0a96c0 secure :-1 s=THROTTLE_DONE pgs=69 cs=0 l=1 rev1=1 crypto rx=0x7f15a4005710 tx=0x7f15a4005a00 comp rx=0 tx=0).read_frame_segment seg_idx=1 ,
2022-03-04T19:09:46.516+0000 7f15b3fff700 20 -- 172.21.15.73:0/1361751909 >> [v2:172.21.15.73:3301/0,v1:172.21.15.73:6790/0] conn(0x7f15bc0ad340 msgr2=0x7f15bc0a96c0 secure :-1 s=STATE_CONNECTION_ESTABLISHED l=1).read start len=4576 ,
2022-03-04T19:09:46.516+0000 7f15b3fff700 20 --2- 172.21.15.73:0/1361751909 >> [v2:172.21.15.73:3301/0,v1:172.21.15.73:6790/0] conn(0x7f15bc0ad340 0x7f15bc0a96c0 secure :-1 s=THROTTLE_DONE pgs=69 cs=0 l=1 rev1=1 crypto rx=0x7f15a4005710 tx=0x7f15a4005a00 comp rx=0 tx=0).handle_read_frame_segment r=0
2022-03-05T01:36:36.733 WARNING:scrape:Ignoring malparsed backtrace:
2022-03-04T19:09:46.516+0000 7f15c095f700 15 authenticated_encrypt_final buffer.length()=96 final_len=0 ,
2022-03-04T19:09:46.516+0000 7f15c095f700 10 -- 172.21.15.73:0/1361751909 >> v2:172.21.15.73:6800/36967 conn(0x7f159c063380 msgr2=0x7f159c065890 secure :-1 s=STATE_CONNECTION_ESTABLISHED l=1)._try_send sent bytes 96 remaining bytes 0 ,
2022-03-04T19:09:46.516+0000 7f15c095f700 20 --2- 172.21.15.73:0/1361751909 >> v2:172.21.15.73:6800/36967 conn(0x7f159c063380 0x7f159c065890 secure :-1 s=COMPRESSION_CONNECTING pgs=0 cs=0 l=1 rev1=1 crypto rx=0x7f15ac009760 tx=0x7f15ac037000 comp rx=0 tx=0).read_frame
2022-03-05T01:36:36.734 WARNING:scrape:Ignoring malparsed backtrace:
2022-03-04T19:09:46.802 INFO:teuthology.orchestra.run.smithi073.stdout: ,
2022-03-04T19:09:46.689+0000 7f15c2bc3700 1 -- 172.21.15.73:0/1361751909 >> v2:172.21.15.73:6800/36967 conn(0x7f159c063380 msgr2=0x7f159c065890 secure :-1 s=STATE_CONNECTION_ESTABLISHED l=1).mark_down ,
2022-03-04T19:09:46.689+0000 7f15c2bc3700 1 --2- 172.21.15.73:0/1361751909 >> v2:172.21.15.73:6800/36967 conn(0x7f159c063380 0x7f159c065890 secure :-1 s=READY pgs=81 cs=0 l=1 rev1=1 crypto rx=0x7f15ac009760 tx=0x7f15ac037000 comp rx=0 tx=0).stop
2022-03-05T01:36:36.735 WARNING:scrape:Ignoring malparsed backtrace:
2022-03-04T19:10:06.982+0000 7fb84381d700 1 --2- >> [v2:172.21.15.73:3301/0,v1:172.21.15.73:6790/0] conn(0x7fb83c0ad340 0x7fb83c0ac0c0 unknown :-1 s=NONE pgs=0 cs=0 l=0 rev1=0 crypto rx=0 tx=0 comp rx=0 tx=0).connect ,
2022-03-04T19:10:06.982+0000 7fb84381d700 20 Event(0x7fb83c05e430 nevent=5000 time_id=1).wakeup ,
2022-03-04T19:10:06.982+0000 7fb84381d700 10 -- create_connect 0x7fb83c0ad340 [v2:172.21.15.73:3301/0,v1:172.21.15.73:6790/0] [v2:172.21.15.73:3301/0,v1:172.21.15.73:6790/0]
2022-03-05T01:36:36.736 WARNING:scrape:Ignoring malparsed backtrace:
2022-03-04T19:10:06.982+0000 7fb8415b9700 20 --2- 172.21.15.73:0/2437271277 >> [v2:172.21.15.73:3301/0,v1:172.21.15.73:6790/0] conn(0x7fb83c0ad340 0x7fb83c0ac0c0 unknown :-1 s=HELLO_CONNECTING pgs=0 cs=0 l=0 rev1=1 crypto rx=0 tx=0 comp rx=0 tx=0).handle_read_frame_segment r=0 ,
2022-03-04T19:10:06.982+0000 7fb840db8700 20 -- 172.21.15.73:0/2437271277 >> v1:172.21.15.97:6789/0 conn(0x7fb83c0ac600 legacy=0x7fb83c13f1c0 unknown :-1 s=STATE_CONNECTION_ESTABLISHED l=0).read start len=281 ,
2022-03-04T19:10:06.982+0000 7fb8415b9700 10 --2- 172.21.15.73:0/2437271277 >> [v2:172.21.15.73:3301/0,v1:172.21.15.73:6790/0] conn(0x7fb83c0ad340 0x7fb83c0ac0c0 unknown :-1 s=HELLO_CONNECTING pgs=0 cs=0 l=0 rev1=1 crypto rx=0 tx=0 comp rx=0 tx=0).handle_read_frame_dispatch tag=1
2022-03-05T01:36:36.736 WARNING:scrape:Ignoring malparsed backtrace:
2022-03-04T19:10:06.983+0000 7fb841dba700 20 -- 172.21.15.73:0/2437271277 >> v2:172.21.15.73:3300/0 conn(0x7fb83c13f8d0 msgr2=0x7fb83c13bb80 secure :-1 s=STATE_CONNECTION_ESTABLISHED l=0).read start len=96 ,
2022-03-04T19:10:06.983+0000 7fb841dba700 20 -- 172.21.15.73:0/2437271277 >> v2:172.21.15.73:3300/0 conn(0x7fb83c13f8d0 msgr2=0x7fb83c13bb80 secure :-1 s=STATE_CONNECTION_ESTABLISHED l=0).process ,
2022-03-04T19:10:06.983+0000 7fb841dba700 20 -- 172.21.15.73:0/2437271277 >> v2:172.21.15.73:3300/0 conn(0x7fb83c13f8d0 msgr2=0x7fb83c13bb80 secure :-1 s=STATE_CONNECTION_ESTABLISHED l=0).read continue len=96
2022-03-05T01:36:36.737 WARNING:scrape:Ignoring malparsed backtrace:
2022-03-04T19:10:06.983+0000 7fb841dba700 20 --2- 172.21.15.73:0/2437271277 >> [v2:172.21.15.73:3300/0,v1:172.21.15.73:6789/0] conn(0x7fb83c13f8d0 0x7fb83c13bb80 secure :-1 s=THROTTLE_DONE pgs=145 cs=0 l=1 rev1=1 crypto rx=0x7fb83801af30 tx=0x7fb83801a850 comp rx=0 tx=0).handle_read_frame_epilogue_main r=0 ,
2022-03-04T19:10:06.983+0000 7fb841dba700 10 --2- 172.21.15.73:0/2437271277 >> [v2:172.21.15.73:3300/0,v1:172.21.15.73:6789/0] conn(0x7fb83c13f8d0 0x7fb83c13bb80 secure :-1 s=THROTTLE_DONE pgs=145 cs=0 l=1 rev1=1 crypto rx=0x7fb83801af30 tx=0x7fb83801a850 comp rx=0 tx=0).handle_read_frame_dispatch tag=17 ,
2022-03-04T19:10:06.983+0000 7fb841dba700 20 --2- 172.21.15.73:0/2437271277 >> [v2:172.21.15.73:3300/0,v1:172.21.15.73:6789/0] conn(0x7fb83c13f8d0 0x7fb83c13bb80 secure :-1 s=THROTTLE_DONE pgs=145 cs=0 l=1 rev1=1 crypto rx=0x7fb83801af30 tx=0x7fb83801a850 comp rx=0 tx=0).handle_message
2022-03-05T01:36:36.738 WARNING:scrape:Ignoring malparsed backtrace:
2022-03-04T19:10:06.986+0000 7fb8415b9700 20 EpollDriver.del_event del event fd=16 cur_mask=1 delmask=2 to 7 ,
2022-03-04T19:10:06.986+0000 7fb841dba700 20 Event(0x7fb83c0b1530 nevent=5000 time_id=4).create_file_event create event end fd=18 mask=1 current mask is 1 ,
2022-03-04T19:10:06.986+0000 7fb84381d700 5 --2- >> [v2:172.21.15.73:3301/0,v1:172.21.15.73:6790/0] conn(0x7fb83c0ac600 0x7fb83c0a7d90 unknown :-1 s=START_CONNECT pgs=0 cs=0 l=1 rev1=0 crypto rx=0 tx=0 comp rx=0 tx=0).send_message enqueueing message m=0x7fb83c0a8560 type=5 mon_getmap magic: 0 v1
2022-03-05T01:36:36.738 WARNING:scrape:Ignoring malparsed backtrace:
2022-03-04T19:10:06.987+0000 7fb841dba700 10 -- 172.21.15.73:0/2673719848 >> [v2:172.21.15.97:3300/0,v1:172.21.15.97:6789/0] conn(0x7fb83c13f8d0 msgr2=0x7fb83c0a89f0 unknown :-1 s=STATE_CONNECTION_ESTABLISHED l=1)._try_send sent bytes 78 remaining bytes 0 ,
