2022-07-13T19:38:09.042+0000 7fd5e8d54700 5 -- 172.21.15.186:0/1882092915 shutdown_connections delete 0x7fd5e4069810 ,
2022-07-13T19:38:09.042+0000 7fd5e8d54700 5 -- 172.21.15.186:0/1882092915 shutdown_connections delete 0x7fd5e406aa60 ,
2022-07-13T19:38:09.042+0000 7fd5e8d54700 5 -- 172.21.15.186:0/1882092915 shutdown_connections delete 0x7fd5e406f0a0
2022-07-14T07:02:58.619 WARNING:scrape:Ignoring malparsed backtrace:
2022-07-13T19:38:13.066+0000 7f1e397c9700 20 -- >> v1:172.21.15.190:6789/0 conn(0x7f1e340af6a0 legacy=0x7f1e340afab0 unknown :-1 s=STATE_CONNECTING_RE l=0).process ,
2022-07-13T19:38:13.066+0000 7f1e3a7cb700 20 --2- >> v2:172.21.15.186:3300/0 conn(0x7f1e34143ea0 0x7f1e341462c0 unknown :-1 s=START_CONNECT pgs=0 cs=0 l=0 rev1=0 crypto rx=0 tx=0 comp rx=0 tx=0).read_event ,
2022-07-13T19:38:13.066+0000 7f1e397c9700 20 EpollDriver.del_event del event fd=14 cur_mask=3 delmask=2 to 10
2022-07-14T07:02:58.619 WARNING:scrape:Ignoring malparsed backtrace:
2022-07-13T19:38:13.067+0000 7f1e397c9700 10 --1- 172.21.15.186:0/1956628404 >> v1:172.21.15.190:6789/0 conn(0x7f1e340af6a0 0x7f1e340afab0 :-1 s=CONNECTING_SEND_CONNECT_MSG pgs=82 cs=1 l=1).client_ready connect success 1, lossy = 1, features 4540138320759226367 ,
2022-07-13T19:38:13.067+0000 7f1e3a7cb700 20 --2- 172.21.15.186:0/1956628404 >> v2:172.21.15.186:3300/0 conn(0x7f1e34143ea0 0x7f1e341462c0 unknown :-1 s=AUTH_CONNECTING pgs=0 cs=0 l=0 rev1=1 crypto rx=0 tx=0 comp rx=0 tx=0).send_auth_request peer_type 1 auth_client 0x7f1e3c22ce10 ,
2022-07-13T19:38:13.067+0000 7f1e39fca700 10 -- 172.21.15.186:0/1956628404 >> v1:172.21.15.186:6789/0 conn(0x7f1e34068ca0 legacy=0x7f1e340ae2e0 unknown :-1 s=STATE_CONNECTION_ESTABLISHED l=0)._try_send sent bytes 8 remaining bytes 0
2022-07-14T07:02:58.620 WARNING:scrape:Ignoring malparsed backtrace:
2022-07-13T19:38:13.067+0000 7f1e397c9700 20 -- 172.21.15.186:0/1956628404 >> v1:172.21.15.190:6789/0 conn(0x7f1e340af6a0 legacy=0x7f1e340afab0 unknown :-1 s=STATE_CONNECTION_ESTABLISHED l=1).read start len=1 ,
2022-07-13T19:38:13.067+0000 7f1e3a7cb700 20 --2- 172.21.15.186:0/1956628404 >> v2:172.21.15.186:3300/0 conn(0x7f1e34143ea0 0x7f1e341462c0 unknown :-1 s=AUTH_CONNECTING pgs=0 cs=0 l=0 rev1=1 crypto rx=0 tx=0 comp rx=0 tx=0).handle_auth_done payload.length()=290 ,
2022-07-13T19:38:13.067+0000 7f1e38fc8700 1 -- 172.21.15.186:0/1956628404 <== mon.1 v1:172.21.15.190:6789/0 1 ==== auth_reply(proto 2 0 (0) Success) v1 ==== 33+0+0 (unknown 2973105274 0 0) 0x7f1e3406e900 con 0x7f1e340af6a0
2022-07-14T07:02:58.621 WARNING:scrape:Ignoring malparsed backtrace:
2022-07-13T19:38:13.068+0000 7f1e3a7cb700 10 -- 172.21.15.186:0/1956628404 >> [v2:172.21.15.186:3300/0,v1:172.21.15.186:6789/0] conn(0x7f1e34143ea0 msgr2=0x7f1e341462c0 secure :-1 s=STATE_CONNECTION_ESTABLISHED l=1).handle_write ,
2022-07-13T19:38:13.068+0000 7f1e3a7cb700 10 --2- 172.21.15.186:0/1956628404 >> [v2:172.21.15.186:3300/0,v1:172.21.15.186:6789/0] conn(0x7f1e34143ea0 0x7f1e341462c0 secure :-1 s=READY pgs=103 cs=0 l=1 rev1=1 crypto rx=0x7f1e30009e60 tx=0x7f1e30009780 comp rx=0 tx=0).write_event ,
2022-07-13T19:38:13.068+0000 7f1e3a7cb700 20 --2- 172.21.15.186:0/1956628404 >> [v2:172.21.15.186:3300/0,v1:172.21.15.186:6789/0] conn(0x7f1e34143ea0 0x7f1e341462c0 secure :-1 s=READY pgs=103 cs=0 l=1 rev1=1 crypto rx=0x7f1e30009e60 tx=0x7f1e30009780 comp rx=0 tx=0).prepare_send_message m=mon_getmap magic: 0 v1
2022-07-14T07:02:58.621 WARNING:scrape:Ignoring malparsed backtrace:
2022-07-13T19:38:13.069+0000 7f1e3c22e700 20 --1- 172.21.15.186:0/1956628404 >> v1:172.21.15.190:6789/0 conn(0x7f1e340af6a0 0x7f1e340afab0 :-1 s=CLOSED pgs=82 cs=1 l=1).stop ,
2022-07-13T19:38:13.069+0000 7f1e3c22e700 5 -- 172.21.15.186:0/1956628404 shutdown_connections delete 0x7f1e34068ca0 ,
2022-07-13T19:38:13.069+0000 7f1e3c22e700 5 -- 172.21.15.186:0/1956628404 shutdown_connections delete 0x7f1e340af6a0
2022-07-14T07:02:58.622 WARNING:scrape:Ignoring malparsed backtrace:
2022-07-13T19:38:13.071+0000 7f1e3a7cb700 20 -- >> [v2:172.21.15.186:3301/0,v1:172.21.15.186:6790/0] conn(0x7f1e34143ea0 msgr2=0x7f1e340a96c0 unknown :-1 s=STATE_CONNECTION_ESTABLISHED l=1).read continue len=10 ,
2022-07-13T19:38:13.071+0000 7f1e397c9700 20 -- >> [v2:172.21.15.186:3300/0,v1:172.21.15.186:6789/0] conn(0x7f1e340af6a0 msgr2=0x7f1e340a7650 unknown :-1 s=STATE_CONNECTION_ESTABLISHED l=1).read start len=32 ,
2022-07-13T19:38:13.071+0000 7f1e3a7cb700 20 --2- >> [v2:172.21.15.186:3301/0,v1:172.21.15.186:6790/0] conn(0x7f1e34143ea0 0x7f1e340a96c0 unknown :-1 s=BANNER_CONNECTING pgs=0 cs=0 l=1 rev1=0 crypto rx=0 tx=0 comp rx=0 tx=0)._handle_peer_banner r=0
2022-07-14T07:02:58.623 WARNING:scrape:Ignoring malparsed backtrace:
2022-07-13T19:38:13.072+0000 7f1e397c9700 10 --2- 172.21.15.186:0/2285610703 >> [v2:172.21.15.186:3300/0,v1:172.21.15.186:6789/0] conn(0x7f1e340af6a0 0x7f1e340a7650 unknown :-1 s=CLOSED pgs=0 cs=0 l=1 rev1=1 crypto rx=0 tx=0 comp rx=0 tx=0)._fault connection is already closed ,
2022-07-13T19:38:13.072+0000 7f1e397c9700 5 --2- 172.21.15.186:0/2285610703 >> [v2:172.21.15.186:3300/0,v1:172.21.15.186:6789/0] conn(0x7f1e340af6a0 0x7f1e340a7650 unknown :-1 s=CLOSED pgs=0 cs=0 l=1 rev1=1 crypto rx=0 tx=0 comp rx=0 tx=0).reset_recv_state (warped) reseting crypto and compression handlers ,
2022-07-13T19:38:13.072+0000 7f1e397c9700 5 --2- 172.21.15.186:0/2285610703 >> [v2:172.21.15.186:3300/0,v1:172.21.15.186:6789/0] conn(0x7f1e340af6a0 0x7f1e340a7650 unknown :-1 s=CLOSED pgs=0 cs=0 l=1 rev1=1 crypto rx=0 tx=0 comp rx=0 tx=0).reset_security
2022-07-14T07:02:58.623 WARNING:scrape:Ignoring malparsed backtrace:
2022-07-13T19:38:13.073+0000 7f1e3c22e700 1 -- 172.21.15.186:0/2285610703 --> [v2:172.21.15.186:3301/0,v1:172.21.15.186:6790/0] -- mon_subscribe({mgrmap=0+}) v3 -- 0x7f1e340aa140 con 0x7f1e34143ea0 ,
2022-07-13T19:38:13.073+0000 7f1e3a7cb700 20 --2- 172.21.15.186:0/2285610703 >> [v2:172.21.15.186:3301/0,v1:172.21.15.186:6790/0] conn(0x7f1e34143ea0 0x7f1e340a96c0 secure :-1 s=THROTTLE_DONE pgs=52 cs=0 l=1 rev1=1 crypto rx=0x7f1e30014000 tx=0x7f1e30017000 comp rx=0 tx=0).handle_read_frame_epilogue_main r=0 ,
2022-07-13T19:38:13.073+0000 7f1e3c22e700 5 --2- 172.21.15.186:0/2285610703 >> [v2:172.21.15.186:3301/0,v1:172.21.15.186:6790/0] conn(0x7f1e34143ea0 0x7f1e340a96c0 secure :-1 s=THROTTLE_DONE pgs=52 cs=0 l=1 rev1=1 crypto rx=0x7f1e30014000 tx=0x7f1e30017000 comp rx=0 tx=0).send_message enqueueing message m=0x7f1e340aa140 type=15 mon_subscribe({mgrmap=0+}) v3
2022-07-14T07:02:58.624 WARNING:scrape:Ignoring malparsed backtrace:
2022-07-13T19:38:13.074+0000 7f1e3a7cb700 20 --2- 172.21.15.186:0/2285610703 >> [v2:172.21.15.186:3301/0,v1:172.21.15.186:6790/0] conn(0x7f1e34143ea0 0x7f1e340a96c0 secure :-1 s=READY pgs=52 cs=0 l=1 rev1=1 crypto rx=0x7f1e30014000 tx=0x7f1e30017000 comp rx=0 tx=0).read_frame ,
2022-07-13T19:38:13.074+0000 7f1e3a7cb700 20 -- 172.21.15.186:0/2285610703 >> [v2:172.21.15.186:3301/0,v1:172.21.15.186:6790/0] conn(0x7f1e34143ea0 msgr2=0x7f1e340a96c0 secure :-1 s=STATE_CONNECTION_ESTABLISHED l=1).read start len=96 ,
2022-07-13T19:38:13.074+0000 7f1e3a7cb700 10 -- 172.21.15.186:0/2285610703 >> [v2:172.21.15.186:3301/0,v1:172.21.15.186:6790/0] conn(0x7f1e34143ea0 msgr2=0x7f1e340a96c0 secure :-1 s=STATE_CONNECTION_ESTABLISHED l=1).handle_write
2022-07-14T07:02:58.625 WARNING:scrape:Ignoring malparsed backtrace:
2022-07-13T19:38:13.075+0000 7f1e39fca700 20 -- 172.21.15.186:0/2285610703 >> v2:172.21.15.186:6800/117176 conn(0x7f1e14064fa0 msgr2=0x7f1e140674b0 unknown :-1 s=STATE_CONNECTION_ESTABLISHED l=1).read start len=120 ,
2022-07-13T19:38:13.075+0000 7f1e39fca700 20 --2- 172.21.15.186:0/2285610703 >> v2:172.21.15.186:6800/117176 conn(0x7f1e14064fa0 0x7f1e140674b0 unknown :-1 s=AUTH_CONNECTING pgs=0 cs=0 l=1 rev1=1 crypto rx=0 tx=0 comp rx=0 tx=0).handle_read_frame_segment r=0 ,
2022-07-13T19:38:13.075+0000 7f1e39fca700 10 --2- 172.21.15.186:0/2285610703 >> v2:172.21.15.186:6800/117176 conn(0x7f1e14064fa0 0x7f1e140674b0 unknown :-1 s=AUTH_CONNECTING pgs=0 cs=0 l=1 rev1=1 crypto rx=0 tx=0 comp rx=0 tx=0).handle_read_frame_dispatch tag=6
2022-07-14T07:02:58.625 WARNING:scrape:Ignoring malparsed backtrace:
2022-07-13T19:38:13.076+0000 7f1e397c9700 20 -- 172.21.15.186:0/2285610703 >> [v2:172.21.15.186:3300/0,v1:172.21.15.186:6789/0] conn(0x7f1e34087780 msgr2=0x7f1e340a9c00 unknown :-1 s=STATE_CONNECTION_ESTABLISHED l=1).read continue len=32 ,
2022-07-13T19:38:13.076+0000 7f1e397c9700 20 --2- 172.21.15.186:0/2285610703 >> [v2:172.21.15.186:3300/0,v1:172.21.15.186:6789/0] conn(0x7f1e34087780 0x7f1e340a9c00 unknown :-1 s=AUTH_CONNECTING pgs=0 cs=0 l=1 rev1=1 crypto rx=0 tx=0 comp rx=0 tx=0).handle_read_frame_preamble_main r=0 ,
2022-07-13T19:38:13.076+0000 7f1e397c9700 20 --2- 172.21.15.186:0/2285610703 >> [v2:172.21.15.186:3300/0,v1:172.21.15.186:6789/0] conn(0x7f1e34087780 0x7f1e340a9c00 unknown :-1 s=AUTH_CONNECTING pgs=0 cs=0 l=1 rev1=1 crypto rx=0 tx=0 comp rx=0 tx=0).read_frame_segment seg_idx=0
2022-07-14T07:02:58.626 WARNING:scrape:Ignoring malparsed backtrace:
2022-07-13T19:38:13.077+0000 7f1e397c9700 20 --2- 172.21.15.186:0/2285610703 >> [v2:172.21.15.186:3300/0,v1:172.21.15.186:6789/0] conn(0x7f1e34087780 0x7f1e340a9c00 secure :-1 s=THROTTLE_BYTES pgs=104 cs=0 l=1 rev1=1 crypto rx=0x7f1e24031b00 tx=0x7f1e2402b040 comp rx=0 tx=0).throttle_bytes ,
2022-07-13T19:38:13.077+0000 7f1e397c9700 20 --2- 172.21.15.186:0/2285610703 >> [v2:172.21.15.186:3300/0,v1:172.21.15.186:6789/0] conn(0x7f1e34087780 0x7f1e340a9c00 secure :-1 s=THROTTLE_DISPATCH_QUEUE pgs=104 cs=0 l=1 rev1=1 crypto rx=0x7f1e24031b00 tx=0x7f1e2402b040 comp rx=0 tx=0).throttle_dispatch_queue ,
2022-07-13T19:38:13.077+0000 7f1e397c9700 20 --2- 172.21.15.186:0/2285610703 >> [v2:172.21.15.186:3300/0,v1:172.21.15.186:6789/0] conn(0x7f1e34087780 0x7f1e340a9c00 secure :-1 s=THROTTLE_DONE pgs=104 cs=0 l=1 rev1=1 crypto rx=0x7f1e24031b00 tx=0x7f1e2402b040 comp rx=0 tx=0).read_frame_segment seg_idx=0
2022-07-14T07:02:58.627 WARNING:scrape:Ignoring malparsed backtrace:
2022-07-13T19:38:13.090+0000 7f1e397c9700 20 -- 172.21.15.186:0/2285610703 >> [v2:172.21.15.186:3300/0,v1:172.21.15.186:6789/0] conn(0x7f1e34135bb0 msgr2=0x7f1e34135fc0 secure :-1 s=STATE_CONNECTION_ESTABLISHED l=1).read start len=96 ,
2022-07-13T19:38:13.090+0000 7f1e397c9700 20 --2- 172.21.15.186:0/2285610703 >> [v2:172.21.15.186:3300/0,v1:172.21.15.186:6789/0] conn(0x7f1e34135bb0 0x7f1e34135fc0 secure :-1 s=AUTH_CONNECTING_SIGN pgs=0 cs=0 l=1 rev1=1 crypto rx=0x7f1e24031b00 tx=0x7f1e24036000 comp rx=0 tx=0).handle_read_frame_preamble_main r=0 ,
2022-07-13T19:38:13.090+0000 7f1e397c9700 20 --2- 172.21.15.186:0/2285610703 >> [v2:172.21.15.186:3300/0,v1:172.21.15.186:6789/0] conn(0x7f1e34135bb0 0x7f1e34135fc0 secure :-1 s=AUTH_CONNECTING_SIGN pgs=0 cs=0 l=1 rev1=1 crypto rx=0x7f1e24031b00 tx=0x7f1e24036000 comp rx=0 tx=0).read_frame_segment seg_idx=0
2022-07-14T07:02:58.627 WARNING:scrape:Ignoring malparsed backtrace:
2022-07-13T19:38:13.092+0000 7f1e397c9700 5 --2- 172.21.15.186:0/2285610703 >> [v2:172.21.15.186:3300/0,v1:172.21.15.186:6789/0] conn(0x7f1e34135bb0 0x7f1e34135fc0 secure :-1 s=THROTTLE_DONE pgs=105 cs=0 l=1 rev1=1 crypto rx=0x7f1e24031b00 tx=0x7f1e24036000 comp rx=0 tx=0).handle_message got 85 + 0 + 3 byte message. envelope type=98 src mon.0 off 0 ,
2022-07-13T19:38:13.092+0000 7f1e397c9700 5 --2- 172.21.15.186:0/2285610703 >> [v2:172.21.15.186:3300/0,v1:172.21.15.186:6789/0] conn(0x7f1e34135bb0 0x7f1e34135fc0 secure :-1 s=READ_MESSAGE_COMPLETE pgs=105 cs=0 l=1 rev1=1 crypto rx=0x7f1e24031b00 tx=0x7f1e24036000 comp rx=0 tx=0).handle_message received message m=0x7f1e240278a0 seq=2 from=mon.0 type=98 command_reply(tid 3: 0 mon_osd_down_out_interval = '600' (not observed, change may require restart) ) v1 ,
2022-07-13T19:38:13.092+0000 7f1e397c9700 20 -- 172.21.15.186:0/2285610703 queue 0x7f1e240278a0 prio 196
2022-07-14T07:02:58.628 WARNING:scrape:Ignoring malparsed backtrace:
2022-07-13T19:38:13.093+0000 7f1e397c9700 15 authenticated_encrypt_update plaintext.length()=80 buffer.length()=80 ,
2022-07-13T19:38:13.093+0000 7f1e397c9700 15 authenticated_encrypt_final buffer.length()=96 final_len=0 ,
2022-07-13T19:38:13.093+0000 7f1e397c9700 10 -- 172.21.15.186:0/2285610703 >> [v2:172.21.15.190:3300/0,v1:172.21.15.190:6789/0] conn(0x7f1e34136500 msgr2=0x7f1e341482d0 secure :-1 s=STATE_CONNECTION_ESTABLISHED l=1)._try_send sent bytes 96 remaining bytes 0
2022-07-14T07:02:58.629 WARNING:scrape:Ignoring malparsed backtrace:
2022-07-13T19:38:13.094+0000 7f1e21ffb700 1 --2- 172.21.15.186:0/2285610703 >> [v2:172.21.15.190:3300/0,v1:172.21.15.190:6789/0] conn(0x7f1e34136500 0x7f1e341482d0 secure :-1 s=READY pgs=83 cs=0 l=1 rev1=1 crypto rx=0x7f1e340a7f70 tx=0x7f1e24045000 comp rx=0 tx=0).stop ,
2022-07-13T19:38:13.094+0000 7f1e21ffb700 5 --2- 172.21.15.186:0/2285610703 >> [v2:172.21.15.190:3300/0,v1:172.21.15.190:6789/0] conn(0x7f1e34136500 0x7f1e341482d0 secure :-1 s=READY pgs=83 cs=0 l=1 rev1=1 crypto rx=0x7f1e340a7f70 tx=0x7f1e24045000 comp rx=0 tx=0).reset_recv_state ,
2022-07-13T19:38:13.094+0000 7f1e21ffb700 20 Event(0x7f1e34070770 nevent=5000 time_id=10).wakeup
2022-07-14T07:02:58.630 WARNING:scrape:Ignoring malparsed backtrace:
2022-07-13T19:38:13.106+0000 7f1e397c9700 15 authenticated_encrypt_final buffer.length()=96 final_len=0 ,
2022-07-13T19:38:13.106+0000 7f1e397c9700 10 -- 172.21.15.186:0/2285610703 >> [v2:172.21.15.190:3300/0,v1:172.21.15.190:6789/0] conn(0x7f1e340a7630 msgr2=0x7f1e340abea0 secure :-1 s=STATE_CONNECTION_ESTABLISHED l=1)._try_send sent bytes 96 remaining bytes 0 ,
2022-07-13T19:38:13.106+0000 7f1e397c9700 20 --2- 172.21.15.186:0/2285610703 >> [v2:172.21.15.190:3300/0,v1:172.21.15.190:6789/0] conn(0x7f1e340a7630 0x7f1e340abea0 secure :-1 s=COMPRESSION_CONNECTING pgs=0 cs=0 l=1 rev1=1 crypto rx=0x7f1e24027fd0 tx=0x7f1e24052000 comp rx=0 tx=0).read_frame
2022-07-14T07:02:58.630 WARNING:scrape:Ignoring malparsed backtrace:
2022-07-13T19:38:13.108+0000 7f1e21ffb700 5 --2- 172.21.15.186:0/2285610703 >> [v2:172.21.15.190:3300/0,v1:172.21.15.190:6789/0] conn(0x7f1e340a7630 0x7f1e340abea0 secure :-1 s=READY pgs=84 cs=0 l=1 rev1=1 crypto rx=0x7f1e24027fd0 tx=0x7f1e24052000 comp rx=0 tx=0).reset_recv_state ,
2022-07-13T19:38:13.108+0000 7f1e21ffb700 20 Event(0x7f1e34070770 nevent=5000 time_id=12).wakeup ,
2022-07-13T19:38:13.108+0000 7f1e21ffb700 10 --2- 172.21.15.186:0/2285610703 >> [v2:172.21.15.190:3300/0,v1:172.21.15.190:6789/0] conn(0x7f1e340a7630 0x7f1e340abea0 secure :-1 s=READY pgs=84 cs=0 l=1 rev1=1 crypto rx=0x7f1e24027fd0 tx=0x7f1e24052000 comp rx=0 tx=0).discard_out_queue started
2022-07-14T07:02:58.631 WARNING:scrape:Ignoring malparsed backtrace:
2022-07-13T19:38:13.109+0000 7f1e397c9700 15 authenticated_encrypt_final buffer.length()=96 final_len=0 ,
2022-07-13T19:38:13.109+0000 7f1e397c9700 15 authenticated_encrypt_update plaintext.length()=80 buffer.length()=80 ,
2022-07-13T19:38:13.109+0000 7f1e397c9700 15 authenticated_encrypt_final buffer.length()=96 final_len=0
2022-07-14T07:02:58.632 WARNING:scrape:Ignoring malparsed backtrace:
2022-07-13T19:38:13.122+0000 7f1e3c22e700 10 -- 172.21.15.186:0/2285610703 >> [v2:172.21.15.186:3301/0,v1:172.21.15.186:6790/0] conn(0x7f1e341492e0 msgr2=0x7f1e341496f0 unknown :-1 s=STATE_NONE l=1)._connect ,
2022-07-13T19:38:13.122+0000 7f1e3c22e700 1 --2- 172.21.15.186:0/2285610703 >> [v2:172.21.15.186:3301/0,v1:172.21.15.186:6790/0] conn(0x7f1e341492e0 0x7f1e341496f0 unknown :-1 s=NONE pgs=0 cs=0 l=1 rev1=0 crypto rx=0 tx=0 comp rx=0 tx=0).connect ,
2022-07-13T19:38:13.122+0000 7f1e3c22e700 20 Event(0x7f1e34070770 nevent=5000 time_id=14).wakeup
2022-07-14T07:02:58.633 WARNING:scrape:Ignoring malparsed backtrace:
2022-07-13T19:38:13.123+0000 7f1e397c9700 1 --2- 172.21.15.186:0/2285610703 >> [v2:172.21.15.186:3301/0,v1:172.21.15.186:6790/0] conn(0x7f1e341492e0 0x7f1e341496f0 secure :-1 s=READY pgs=54 cs=0 l=1 rev1=1 crypto rx=0x7f1e24030010 tx=0x7f1e24065000 comp rx=0 tx=0).ready entity=mon.2 client_cookie=0 server_cookie=0 in_seq=0 out_seq=0 ,
2022-07-13T19:38:13.123+0000 7f1e397c9700 20 --2- 172.21.15.186:0/2285610703 >> [v2:172.21.15.186:3301/0,v1:172.21.15.186:6790/0] conn(0x7f1e341492e0 0x7f1e341496f0 secure :-1 s=READY pgs=54 cs=0 l=1 rev1=1 crypto rx=0x7f1e24030010 tx=0x7f1e24065000 comp rx=0 tx=0).read_frame ,
2022-07-13T19:38:13.123+0000 7f1e397c9700 20 -- 172.21.15.186:0/2285610703 >> [v2:172.21.15.186:3301/0,v1:172.21.15.186:6790/0] conn(0x7f1e341492e0 msgr2=0x7f1e341496f0 secure :-1 s=STATE_CONNECTION_ESTABLISHED l=1).read start len=96
2022-07-14T07:02:58.633 WARNING:scrape:Ignoring malparsed backtrace:
2022-07-13T19:38:13.125+0000 7f1e3c22e700 10 -- 172.21.15.186:0/2285610703 shutdown 172.21.15.186:0/2285610703 ,
2022-07-13T19:38:13.125+0000 7f1e3c22e700 10 Processor -- stop ,
2022-07-13T19:38:13.125+0000 7f1e3a7cb700 5 --2- 172.21.15.186:0/2285610703 >> [v2:172.21.15.186:3301/0,v1:172.21.15.186:6790/0] conn(0x7f1e34143ea0 0x7f1e340a96c0 unknown :-1 s=CLOSED pgs=52 cs=0 l=1 rev1=1 crypto rx=0 tx=0 comp rx=0 tx=0).reset_compression
2022-07-14T07:02:58.634 WARNING:scrape:Ignoring malparsed backtrace:
2022-07-13T19:38:13.840+0000 7f8c3f354700 15 --2- >> v2:172.21.15.190:3300/0 conn(0x7f8c3813e870 0x7f8c3813ec80 unknown :-1 s=START_CONNECT pgs=0 cs=0 l=0 rev1=0 crypto rx=0 tx=0 comp rx=0 tx=0).send_message inline write is denied, reschedule m=0x7f8c380ae5f0 ,
2022-07-13T19:38:13.840+0000 7f8c3d8f1700 20 Event(0x7f8c380b3bc0 nevent=5000 time_id=2).create_file_event create event started fd=15 mask=1 original mask is 0 ,
2022-07-13T19:38:13.840+0000 7f8c3c8ef700 10 -- >> v1:172.21.15.190:6789/0 conn(0x7f8c380ae1e0 legacy=0x7f8c3806e850 unknown :-1 s=STATE_CONNECTING_RE l=0).handle_write
2022-07-14T07:02:58.635 WARNING:scrape:Ignoring malparsed backtrace:
2022-07-13T19:38:13.840+0000 7f8c3c8ef700 20 -- 172.21.15.186:0/2130316092 >> v1:172.21.15.190:6789/0 conn(0x7f8c380ae1e0 legacy=0x7f8c3806e850 unknown :-1 s=STATE_CONNECTION_ESTABLISHED l=0).read start len=26 ,
2022-07-13T19:38:13.840+0000 7f8c3c8ef700 20 -- 172.21.15.186:0/2130316092 >> v1:172.21.15.190:6789/0 conn(0x7f8c380ae1e0 legacy=0x7f8c3806e850 unknown :-1 s=STATE_CONNECTION_ESTABLISHED l=0).process ,
2022-07-13T19:38:13.840+0000 7f8c3c8ef700 20 -- 172.21.15.186:0/2130316092 >> v1:172.21.15.190:6789/0 conn(0x7f8c380ae1e0 legacy=0x7f8c3806e850 unknown :-1 s=STATE_CONNECTION_ESTABLISHED l=0).read continue len=26
2022-07-14T07:02:58.635 WARNING:scrape:Ignoring malparsed backtrace:
2022-07-13T19:38:13.841+0000 7f8c3c8ef700 20 --1- 172.21.15.186:0/2130316092 >> v1:172.21.15.190:6789/0 conn(0x7f8c380ae1e0 0x7f8c3806e850 :-1 s=READ_MESSAGE_FRONT pgs=85 cs=1 l=1).read_message_middle ,
2022-07-13T19:38:13.841+0000 7f8c3c8ef700 20 --1- 172.21.15.186:0/2130316092 >> v1:172.21.15.190:6789/0 conn(0x7f8c380ae1e0 0x7f8c3806e850 :-1 s=READ_MESSAGE_FRONT pgs=85 cs=1 l=1).read_message_data_prepare ,
2022-07-13T19:38:13.841+0000 7f8c3c8ef700 20 --1- 172.21.15.186:0/2130316092 >> v1:172.21.15.190:6789/0 conn(0x7f8c380ae1e0 0x7f8c3806e850 :-1 s=READ_MESSAGE_FRONT pgs=85 cs=1 l=1).read_message_data msg_left=0
2022-07-14T07:02:58.636 WARNING:scrape:Ignoring malparsed backtrace:
2022-07-13T19:38:13.841+0000 7f8c3d8f1700 20 --2- 172.21.15.186:0/2130316092 >> [v2:172.21.15.190:3300/0,v1:172.21.15.190:6789/0] conn(0x7f8c3813e870 0x7f8c3813ec80 secure :-1 s=THROTTLE_DONE pgs=86 cs=0 l=1 rev1=1 crypto rx=0x7f8c380b3a70 tx=0x7f8c3401a780 comp rx=0 tx=0).handle_read_frame_segment r=0 ,
2022-07-13T19:38:13.841+0000 7f8c3d8f1700 20 -- 172.21.15.186:0/2130316092 >> [v2:172.21.15.190:3300/0,v1:172.21.15.190:6789/0] conn(0x7f8c3813e870 msgr2=0x7f8c3813ec80 secure :-1 s=STATE_CONNECTION_ESTABLISHED l=1).read start len=32 ,
2022-07-13T19:38:13.841+0000 7f8c3d8f1700 20 --2- 172.21.15.186:0/2130316092 >> [v2:172.21.15.190:3300/0,v1:172.21.15.190:6789/0] conn(0x7f8c3813e870 0x7f8c3813ec80 secure :-1 s=THROTTLE_DONE pgs=86 cs=0 l=1 rev1=1 crypto rx=0x7f8c380b3a70 tx=0x7f8c3401a780 comp rx=0 tx=0).handle_read_frame_epilogue_main r=0
2022-07-14T07:02:58.637 WARNING:scrape:Ignoring malparsed backtrace:
2022-07-13T19:38:13.844+0000 7f8c3f354700 10 -- ready ,
2022-07-13T19:38:13.844+0000 7f8c3f354700 1 Processor -- start ,
2022-07-13T19:38:13.844+0000 7f8c3f354700 20 Event(0x7f8c380b3bc0 nevent=5000 time_id=3).wakeup
2022-07-14T07:02:58.637 WARNING:scrape:Ignoring malparsed backtrace:
2022-07-13T19:38:13.845+0000 7f8c3d0f0700 10 -- 172.21.15.186:0/1682954582 >> [v2:172.21.15.186:3300/0,v1:172.21.15.186:6789/0] conn(0x7f8c38068b10 msgr2=0x7f8c3812d1d0 unknown :-1 s=STATE_CONNECTION_ESTABLISHED l=1)._try_send sent bytes 72 remaining bytes 0 ,
2022-07-13T19:38:13.845+0000 7f8c3d0f0700 20 --2- 172.21.15.186:0/1682954582 >> [v2:172.21.15.186:3300/0,v1:172.21.15.186:6789/0] conn(0x7f8c38068b10 0x7f8c3812d1d0 unknown :-1 s=HELLO_CONNECTING pgs=0 cs=0 l=1 rev1=1 crypto rx=0 tx=0 comp rx=0 tx=0).read_frame ,
2022-07-13T19:38:13.845+0000 7f8c3d0f0700 20 -- 172.21.15.186:0/1682954582 >> [v2:172.21.15.186:3300/0,v1:172.21.15.186:6789/0] conn(0x7f8c38068b10 msgr2=0x7f8c3812d1d0 unknown :-1 s=STATE_CONNECTION_ESTABLISHED l=1).read start len=32
2022-07-14T07:02:58.638 WARNING:scrape:Ignoring malparsed backtrace:
2022-07-13T19:38:13.845+0000 7f8c3d8f1700 15 authenticated_encrypt_final buffer.length()=96 final_len=0 ,
2022-07-13T19:38:13.845+0000 7f8c3c8ef700 10 --2- 172.21.15.186:0/1682954582 >> [v2:172.21.15.186:3301/0,v1:172.21.15.186:6790/0] conn(0x7f8c380ae1e0 0x7f8c3812b450 unknown :-1 s=CLOSED pgs=0 cs=0 l=1 rev1=1 crypto rx=0 tx=0 comp rx=0 tx=0)._fault connection is already closed ,
2022-07-13T19:38:13.845+0000 7f8c3c8ef700 5 --2- 172.21.15.186:0/1682954582 >> [v2:172.21.15.186:3301/0,v1:172.21.15.186:6790/0] conn(0x7f8c380ae1e0 0x7f8c3812b450 unknown :-1 s=CLOSED pgs=0 cs=0 l=1 rev1=1 crypto rx=0 tx=0 comp rx=0 tx=0).reset_recv_state (warped) reseting crypto and compression handlers
2022-07-14T07:02:58.639 WARNING:scrape:Ignoring malparsed backtrace:
2022-07-13T19:38:13.846+0000 7f8c3d8f1700 5 --2- 172.21.15.186:0/1682954582 >> [v2:172.21.15.190:3300/0,v1:172.21.15.190:6789/0] conn(0x7f8c3813e870 0x7f8c3812c5e0 secure :-1 s=THROTTLE_DONE pgs=87 cs=0 l=1 rev1=1 crypto rx=0x7f8c3401afd0 tx=0x7f8c3400e000 comp rx=0 tx=0).handle_message got 4 + 0 + 0 byte message. envelope type=62 src mon.1 off 0 ,
2022-07-13T19:38:13.846+0000 7f8c3d8f1700 5 --2- 172.21.15.186:0/1682954582 >> [v2:172.21.15.190:3300/0,v1:172.21.15.190:6789/0] conn(0x7f8c3813e870 0x7f8c3812c5e0 secure :-1 s=READ_MESSAGE_COMPLETE pgs=87 cs=0 l=1 rev1=1 crypto rx=0x7f8c3401afd0 tx=0x7f8c3400e000 comp rx=0 tx=0).handle_message received message m=0x7f8c34013050 seq=2 from=mon.1 type=62 config(0 keys) v1 ,
2022-07-13T19:38:13.846+0000 7f8c3d8f1700 20 -- 172.21.15.186:0/1682954582 queue 0x7f8c34013050 prio 196
2022-07-14T07:02:58.640 WARNING:scrape:Ignoring malparsed backtrace:
2022-07-13T19:38:13.847+0000 7f8c3d8f1700 5 --2- 172.21.15.186:0/1682954582 >> [v2:172.21.15.190:3300/0,v1:172.21.15.190:6789/0] conn(0x7f8c3813e870 0x7f8c3812c5e0 secure :-1 s=THROTTLE_DONE pgs=87 cs=0 l=1 rev1=1 crypto rx=0x7f8c3401afd0 tx=0x7f8c3400e000 comp rx=0 tx=0).handle_message got 4152 + 0 + 0 byte message. envelope type=41 src mon.1 off 0 ,
2022-07-13T19:38:13.847+0000 7f8c3d8f1700 5 --2- 172.21.15.186:0/1682954582 >> [v2:172.21.15.190:3300/0,v1:172.21.15.190:6789/0] conn(0x7f8c3813e870 0x7f8c3812c5e0 secure :-1 s=READ_MESSAGE_COMPLETE pgs=87 cs=0 l=1 rev1=1 crypto rx=0x7f8c3401afd0 tx=0x7f8c3400e000 comp rx=0 tx=0).handle_message received message m=0x7f8c340835e0 seq=5 from=mon.1 type=41 osd_map(25..25 src has 1..25) v4 ,
2022-07-13T19:38:13.847+0000 7f8c3d8f1700 20 -- 172.21.15.186:0/1682954582 queue 0x7f8c340835e0 prio 196
2022-07-14T07:02:58.640 WARNING:scrape:Ignoring malparsed backtrace:
2022-07-13T19:38:13.848+0000 7f8c3d0f0700 20 --2- 172.21.15.186:0/1682954582 >> v2:172.21.15.186:6800/117176 conn(0x7f8c18064fa0 0x7f8c180674b0 secure :-1 s=COMPRESSION_CONNECTING pgs=0 cs=0 l=1 rev1=1 crypto rx=0x7f8c280037a0 tx=0x7f8c28009060 comp rx=0 tx=0).read_frame_segment seg_idx=0 ,
2022-07-13T19:38:13.848+0000 7f8c3d0f0700 10 --2- 172.21.15.186:0/1682954582 >> v2:172.21.15.186:6800/117176 conn(0x7f8c18064fa0 0x7f8c180674b0 secure :-1 s=COMPRESSION_CONNECTING pgs=0 cs=0 l=1 rev1=1 crypto rx=0x7f8c280037a0 tx=0x7f8c28009060 comp rx=0 tx=0).handle_read_frame_dispatch tag=22 ,
2022-07-13T19:38:13.848+0000 7f8c3d0f0700 10 --2- 172.21.15.186:0/1682954582 >> v2:172.21.15.186:6800/117176 conn(0x7f8c18064fa0 0x7f8c180674b0 secure :-1 s=COMPRESSION_CONNECTING pgs=0 cs=0 l=1 rev1=1 crypto rx=0x7f8c280037a0 tx=0x7f8c28009060 comp rx=0 tx=0).handle_compression_done CompressionDoneFrame(is_compress=0, method=0)
2022-07-14T07:02:58.641 WARNING:scrape:Ignoring malparsed backtrace:
2022-07-13T19:38:14.751+0000 7f8c3f354700 20 Event(0x7f8c380696a0 nevent=5000 time_id=5).wakeup ,
2022-07-13T19:38:14.751+0000 7f8c3f354700 10 --2- 172.21.15.186:0/1682954582 >> v2:172.21.15.186:6800/117176 conn(0x7f8c18064fa0 0x7f8c180674b0 secure :-1 s=READY pgs=71 cs=0 l=1 rev1=1 crypto rx=0x7f8c280037a0 tx=0x7f8c28009060 comp rx=0 tx=0).discard_out_queue started ,
2022-07-13T19:38:14.751+0000 7f8c3d0f0700 5 --2- 172.21.15.186:0/1682954582 >> v2:172.21.15.186:6800/117176 conn(0x7f8c18064fa0 0x7f8c180674b0 secure :-1 s=CLOSED pgs=71 cs=0 l=1 rev1=1 crypto rx=0x7f8c280037a0 tx=0x7f8c28009060 comp rx=0 tx=0).reset_recv_state (warped) reseting crypto and compression handlers
2022-07-14T07:02:58.642 WARNING:scrape:Ignoring malparsed backtrace:
2022-07-13T19:38:14.907+0000 7fdbee59c700 20 Event(0x7fdbf0065d90 nevent=5000 time_id=2).create_file_event create event started fd=13 mask=1 original mask is 0 ,
2022-07-13T19:38:14.907+0000 7fdbee59c700 20 EpollDriver.add_event add event fd=13 cur_mask=0 add_mask=1 to 7 ,
2022-07-13T19:38:14.907+0000 7fdbeed9d700 20 -- >> [v2:172.21.15.186:3301/0,v1:172.21.15.186:6790/0] conn(0x7fdbf00a8480 msgr2=0x7fdbf0140aa0 unknown :-1 s=STATE_CONNECTING l=0).process
2022-07-14T07:02:58.642 WARNING:scrape:Ignoring malparsed backtrace:
2022-07-13T19:38:14.907+0000 7fdbedd9b700 10 -- 172.21.15.186:0/3709490348 >> v2:172.21.15.186:3300/0 conn(0x7fdbf00ae4e0 msgr2=0x7fdbf00a7f40 unknown :-1 s=STATE_CONNECTION_ESTABLISHED l=0)._try_send sent bytes 78 remaining bytes 0 ,
2022-07-13T19:38:14.907+0000 7fdbedd9b700 20 --2- 172.21.15.186:0/3709490348 >> v2:172.21.15.186:3300/0 conn(0x7fdbf00ae4e0 0x7fdbf00a7f40 unknown :-1 s=AUTH_CONNECTING pgs=0 cs=0 l=0 rev1=1 crypto rx=0 tx=0 comp rx=0 tx=0).read_frame ,
2022-07-13T19:38:14.907+0000 7fdbee59c700 10 -- 172.21.15.186:0/3709490348 >> v2:172.21.15.190:3300/0 conn(0x7fdbf00ad310 msgr2=0x7fdbf0068810 unknown :-1 s=STATE_CONNECTION_ESTABLISHED l=0)._try_send sent bytes 78 remaining bytes 0
2022-07-14T07:02:58.644 WARNING:scrape:Ignoring malparsed backtrace:
2022-07-13T19:38:14.908+0000 7fdbee59c700 20 --2- 172.21.15.186:0/3709490348 >> v2:172.21.15.190:3300/0 conn(0x7fdbf00ad310 0x7fdbf0068810 secure :-1 s=COMPRESSION_CONNECTING pgs=0 cs=0 l=0 rev1=1 crypto rx=0x7fdbf00652c0 tx=0x7fdbe4006f40 comp rx=0 tx=0).handle_read_frame_preamble_main r=0 ,
2022-07-13T19:38:14.908+0000 7fdbee59c700 20 --2- 172.21.15.186:0/3709490348 >> v2:172.21.15.190:3300/0 conn(0x7fdbf00ad310 0x7fdbf0068810 secure :-1 s=COMPRESSION_CONNECTING pgs=0 cs=0 l=0 rev1=1 crypto rx=0x7fdbf00652c0 tx=0x7fdbe4006f40 comp rx=0 tx=0).read_frame_segment seg_idx=0 ,
2022-07-13T19:38:14.908+0000 7fdbee59c700 10 --2- 172.21.15.186:0/3709490348 >> v2:172.21.15.190:3300/0 conn(0x7fdbf00ad310 0x7fdbf0068810 secure :-1 s=COMPRESSION_CONNECTING pgs=0 cs=0 l=0 rev1=1 crypto rx=0x7fdbf00652c0 tx=0x7fdbe4006f40 comp rx=0 tx=0).handle_read_frame_dispatch tag=22
2022-07-14T07:02:58.645 WARNING:scrape:Ignoring malparsed backtrace:
2022-07-13T19:38:14.908+0000 7fdbee59c700 5 --2- 172.21.15.186:0/3709490348 >> [v2:172.21.15.190:3300/0,v1:172.21.15.190:6789/0] conn(0x7fdbf00ad310 0x7fdbf0068810 secure :-1 s=THROTTLE_DONE pgs=88 cs=0 l=1 rev1=1 crypto rx=0x7fdbf00652c0 tx=0x7fdbe4006f40 comp rx=0 tx=0).handle_message got 413 + 0 + 0 byte message. envelope type=4 src mon.1 off 0 ,
2022-07-13T19:38:14.908+0000 7fdbee59c700 5 --2- 172.21.15.186:0/3709490348 >> [v2:172.21.15.190:3300/0,v1:172.21.15.190:6789/0] conn(0x7fdbf00ad310 0x7fdbf0068810 secure :-1 s=READ_MESSAGE_COMPLETE pgs=88 cs=0 l=1 rev1=1 crypto rx=0x7fdbf00652c0 tx=0x7fdbe4006f40 comp rx=0 tx=0).handle_message received message m=0x7fdbe40038b0 seq=3 from=mon.1 type=4 mon_map magic: 0 v1 ,
2022-07-13T19:38:14.908+0000 7fdbee59c700 20 -- 172.21.15.186:0/3709490348 queue 0x7fdbe40038b0 prio 196
2022-07-14T07:02:58.646 WARNING:scrape:Ignoring malparsed backtrace:
2022-07-13T19:38:14.911+0000 7fdbf4faf700 5 --2- >> [v2:172.21.15.190:3300/0,v1:172.21.15.190:6789/0] conn(0x7fdbf00ad310 0x7fdbf0098d00 unknown :-1 s=START_CONNECT pgs=0 cs=0 l=1 rev1=0 crypto rx=0 tx=0 comp rx=0 tx=0).send_message enqueueing message m=0x7fdbf006d140 type=5 mon_getmap magic: 0 v1 ,
2022-07-13T19:38:14.911+0000 7fdbf4faf700 15 --2- >> [v2:172.21.15.190:3300/0,v1:172.21.15.190:6789/0] conn(0x7fdbf00ad310 0x7fdbf0098d00 unknown :-1 s=START_CONNECT pgs=0 cs=0 l=1 rev1=0 crypto rx=0 tx=0 comp rx=0 tx=0).send_message inline write is denied, reschedule m=0x7fdbf006d140 ,
2022-07-13T19:38:14.911+0000 7fdbf4faf700 1 -- --> [v2:172.21.15.186:3301/0,v1:172.21.15.186:6790/0] -- mon_getmap magic: 0 v1 -- 0x7fdbf0098b50 con 0x7fdbf00a8480
2022-07-14T07:02:58.647 WARNING:scrape:Ignoring malparsed backtrace:
2022-07-13T19:38:14.912+0000 7fdbedd9b700 20 -- 172.21.15.186:0/1393562970 >> [v2:172.21.15.190:3300/0,v1:172.21.15.190:6789/0] conn(0x7fdbf00ad310 msgr2=0x7fdbf0098d00 unknown :-1 s=STATE_CONNECTION_ESTABLISHED l=1).read start len=17 ,
2022-07-13T19:38:14.912+0000 7fdbee59c700 20 -- 172.21.15.186:0/1393562970 >> [v2:172.21.15.186:3301/0,v1:172.21.15.186:6790/0] conn(0x7fdbf00a8480 msgr2=0x7fdbf0097cb0 unknown :-1 s=STATE_CONNECTION_ESTABLISHED l=1).read start len=32 ,
2022-07-13T19:38:14.912+0000 7fdbeed9d700 5 --2- 172.21.15.186:0/1393562970 >> [v2:172.21.15.186:3300/0,v1:172.21.15.186:6789/0] conn(0x7fdbf00ae4e0 0x7fdbf014bae0 unknown :-1 s=HELLO_CONNECTING pgs=0 cs=0 l=1 rev1=1 crypto rx=0 tx=0 comp rx=0 tx=0).handle_hello received hello: peer_type=1 peer_addr_for_me=v2:172.21.15.186:47710/0
2022-07-14T07:02:58.647 WARNING:scrape:Ignoring malparsed backtrace:
2022-07-13T19:38:14.912+0000 7fdbedd9b700 20 -- 172.21.15.186:0/1393562970 >> [v2:172.21.15.190:3300/0,v1:172.21.15.190:6789/0] conn(0x7fdbf00ad310 msgr2=0x7fdbf0098d00 secure :-1 s=STATE_CONNECTION_ESTABLISHED l=1).read start len=96 ,
2022-07-13T19:38:14.912+0000 7fdbedd9b700 20 -- 172.21.15.186:0/1393562970 >> [v2:172.21.15.190:3300/0,v1:172.21.15.190:6789/0] conn(0x7fdbf00ad310 msgr2=0x7fdbf0098d00 secure :-1 s=STATE_CONNECTION_ESTABLISHED l=1).process ,
2022-07-13T19:38:14.912+0000 7fdbedd9b700 20 -- 172.21.15.186:0/1393562970 >> [v2:172.21.15.190:3300/0,v1:172.21.15.190:6789/0] conn(0x7fdbf00ad310 msgr2=0x7fdbf0098d00 secure :-1 s=STATE_CONNECTION_ESTABLISHED l=1).read continue len=96
2022-07-14T07:02:58.648 WARNING:scrape:Ignoring malparsed backtrace:
2022-07-13T19:38:14.912+0000 7fdbedd9b700 20 --2- 172.21.15.186:0/1393562970 >> [v2:172.21.15.190:3300/0,v1:172.21.15.190:6789/0] conn(0x7fdbf00ad310 0x7fdbf0098d00 secure :-1 s=READY pgs=89 cs=0 l=1 rev1=1 crypto rx=0x7fdbd800e8d0 tx=0x7fdbd80090f0 comp rx=0 tx=0).prepare_send_message m=mon_subscribe({mgrmap=0+}) v3 ,
2022-07-13T19:38:14.912+0000 7fdbedd9b700 20 --2- 172.21.15.186:0/1393562970 >> [v2:172.21.15.190:3300/0,v1:172.21.15.190:6789/0] conn(0x7fdbf00ad310 0x7fdbf0098d00 secure :-1 s=READY pgs=89 cs=0 l=1 rev1=1 crypto rx=0x7fdbd800e8d0 tx=0x7fdbd80090f0 comp rx=0 tx=0).prepare_send_message encoding features 4540138320759226367 0x7fdbf014b370 mon_subscribe({mgrmap=0+}) v3 ,
2022-07-13T19:38:14.912+0000 7fdbedd9b700 15 authenticated_encrypt_update plaintext.length()=80 buffer.length()=80
2022-07-14T07:02:58.649 WARNING:scrape:Ignoring malparsed backtrace:
2022-07-13T19:38:14.914+0000 7fdbee59c700 20 --2- 172.21.15.186:0/1393562970 >> v2:172.21.15.186:6800/117176 conn(0x7fdbcc064fa0 0x7fdbcc0674b0 unknown :-1 s=BANNER_CONNECTING pgs=0 cs=0 l=1 rev1=0 crypto rx=0 tx=0 comp rx=0 tx=0)._banner_exchange ,
2022-07-13T19:38:14.914+0000 7fdbee59c700 10 -- 172.21.15.186:0/1393562970 >> v2:172.21.15.186:6800/117176 conn(0x7fdbcc064fa0 msgr2=0x7fdbcc0674b0 unknown :-1 s=STATE_CONNECTION_ESTABLISHED l=1)._try_send sent bytes 26 remaining bytes 0 ,
2022-07-13T19:38:14.914+0000 7fdbee59c700 20 -- 172.21.15.186:0/1393562970 >> v2:172.21.15.186:6800/117176 conn(0x7fdbcc064fa0 msgr2=0x7fdbcc0674b0 unknown :-1 s=STATE_CONNECTION_ESTABLISHED l=1).read start len=10
2022-07-14T07:02:58.649 WARNING:scrape:Ignoring malparsed backtrace:
2022-07-13T19:38:14.919+0000 7fdbedd9b700 20 --2- 172.21.15.186:0/1393562970 >> [v2:172.21.15.190:3300/0,v1:172.21.15.190:6789/0] conn(0x7fdbf00ad310 0x7fdbf0098d00 secure :-1 s=THROTTLE_DONE pgs=89 cs=0 l=1 rev1=1 crypto rx=0x7fdbd800e8d0 tx=0x7fdbd80090f0 comp rx=0 tx=0).handle_read_frame_segment r=0 ,
2022-07-13T19:38:14.919+0000 7fdbedd9b700 20 --2- 172.21.15.186:0/1393562970 >> [v2:172.21.15.190:3300/0,v1:172.21.15.190:6789/0] conn(0x7fdbf00ad310 0x7fdbf0098d00 secure :-1 s=THROTTLE_DONE pgs=89 cs=0 l=1 rev1=1 crypto rx=0x7fdbd800e8d0 tx=0x7fdbd80090f0 comp rx=0 tx=0).read_frame_segment seg_idx=2 ,
2022-07-13T19:38:14.919+0000 7fdbedd9b700 20 --2- 172.21.15.186:0/1393562970 >> [v2:172.21.15.190:3300/0,v1:172.21.15.190:6789/0] conn(0x7fdbf00ad310 0x7fdbf0098d00 secure :-1 s=THROTTLE_DONE pgs=89 cs=0 l=1 rev1=1 crypto rx=0x7fdbd800e8d0 tx=0x7fdbd80090f0 comp rx=0 tx=0).read_frame_segment seg_idx=3
2022-07-14T07:02:58.650 WARNING:scrape:Ignoring malparsed backtrace:
2022-07-13T19:38:15.759+0000 7fdbeed9d700 5 --1- 172.21.15.186:0/1393562970 >> 172.21.15.186:0/1393562970 conn(0x7fdbf00aeb50 0x7fdbf00aef60 :-1 s=NONE pgs=0 cs=0 l=0).reset_recv_state (warped) reseting security handlers ,
2022-07-13T19:38:15.759+0000 7fdbf4faf700 20 Event(0x7fdbf0065d90 nevent=5000 time_id=6).wakeup ,
2022-07-13T19:38:15.759+0000 7fdbeed9d700 5 --1- 172.21.15.186:0/1393562970 >> 172.21.15.186:0/1393562970 conn(0x7fdbf00aeb50 0x7fdbf00aef60 :-1 s=CLOSED pgs=0 cs=0 l=0).reset_security
2022-07-14T07:02:58.651 WARNING:scrape:Ignoring malparsed backtrace:
2022-07-13T19:38:15.915+0000 7f6ebd486700 10 -- >> v2:172.21.15.186:3300/0 conn(0x7f6eb813e0d0 msgr2=0x7f6eb8140a50 unknown :-1 s=STATE_CONNECTION_ESTABLISHED l=0)._try_send sent bytes 26 remaining bytes 0 ,
2022-07-13T19:38:15.915+0000 7f6ebcc85700 10 -- >> v1:172.21.15.190:6789/0 conn(0x7f6eb8068300 legacy=0x7f6eb80ad590 unknown :-1 s=STATE_CONNECTING_RE l=0).process connect successfully, ready to send banner ,
2022-07-13T19:38:15.915+0000 7f6ebcc85700 20 --1- >> v1:172.21.15.190:6789/0 conn(0x7f6eb8068300 0x7f6eb80ad590 :-1 s=START_CONNECT pgs=0 cs=0 l=0).read_event
2022-07-14T07:02:58.652 WARNING:scrape:Ignoring malparsed backtrace:
2022-07-13T19:38:15.915+0000 7f6ebd486700 10 --2- 172.21.15.186:0/2992124049 >> v2:172.21.15.186:3300/0 conn(0x7f6eb813e0d0 0x7f6eb8140a50 unknown :-1 s=AUTH_CONNECTING pgs=0 cs=0 l=0 rev1=1 crypto rx=0 tx=0 comp rx=0 tx=0).handle_read_frame_dispatch tag=4 ,
2022-07-13T19:38:15.915+0000 7f6ebdc87700 20 -- 172.21.15.186:0/2992124049 >> [v2:172.21.15.186:3301/0,v1:172.21.15.186:6790/0] conn(0x7f6eb813a830 msgr2=0x7f6eb813ac40 unknown :-1 s=STATE_CONNECTION_ESTABLISHED l=0).read start len=17 ,
2022-07-13T19:38:15.915+0000 7f6ebd486700 20 --2- 172.21.15.186:0/2992124049 >> v2:172.21.15.186:3300/0 conn(0x7f6eb813e0d0 0x7f6eb8140a50 unknown :-1 s=AUTH_CONNECTING pgs=0 cs=0 l=0 rev1=1 crypto rx=0 tx=0 comp rx=0 tx=0).handle_auth_reply_more payload.length()=13
2022-07-14T07:02:58.652 WARNING:scrape:Ignoring malparsed backtrace:
2022-07-13T19:38:15.915+0000 7f6ea7fff700 10 -- 172.21.15.186:0/2992124049 dispatch_throttle_release 33 to dispatch throttler 33/104857600 ,
2022-07-13T19:38:15.915+0000 7f6ebdc87700 10 --2- 172.21.15.186:0/2992124049 >> [v2:172.21.15.186:3301/0,v1:172.21.15.186:6790/0] conn(0x7f6eb813a830 0x7f6eb813ac40 unknown :-1 s=CLOSED pgs=0 cs=0 l=0 rev1=1 crypto rx=0 tx=0 comp rx=0 tx=0)._fault ,
2022-07-13T19:38:15.915+0000 7f6ea7fff700 20 -- 172.21.15.186:0/2992124049 done calling dispatch on 0x7f6eb81412d0
2022-07-14T07:02:58.653 WARNING:scrape:Ignoring malparsed backtrace:
2022-07-13T19:38:15.916+0000 7f6ea7fff700 20 -- 172.21.15.186:0/2992124049 done calling dispatch on 0x7f6ea8005300 ,
2022-07-13T19:38:15.916+0000 7f6ebd486700 20 --2- 172.21.15.186:0/2992124049 >> [v2:172.21.15.186:3300/0,v1:172.21.15.186:6789/0] conn(0x7f6eb813e0d0 0x7f6eb8140a50 secure :-1 s=THROTTLE_DONE pgs=106 cs=0 l=1 rev1=1 crypto rx=0x7f6ea8017fd0 tx=0x7f6ea801a060 comp rx=0 tx=0).handle_read_frame_segment r=0 ,
2022-07-13T19:38:15.916+0000 7f6ebd486700 20 -- 172.21.15.186:0/2992124049 >> [v2:172.21.15.186:3300/0,v1:172.21.15.186:6789/0] conn(0x7f6eb813e0d0 msgr2=0x7f6eb8140a50 secure :-1 s=STATE_CONNECTION_ESTABLISHED l=1).read start len=32
2022-07-14T07:02:58.654 WARNING:scrape:Ignoring malparsed backtrace:
2022-07-13T19:38:15.920+0000 7f6ebf6ea700 10 -- >> [v2:172.21.15.190:3300/0,v1:172.21.15.190:6789/0] conn(0x7f6eb813e0d0 msgr2=0x7f6eb8132c30 unknown :-1 s=STATE_NONE l=1)._connect ,
2022-07-13T19:38:15.920+0000 7f6ebf6ea700 1 --2- >> [v2:172.21.15.190:3300/0,v1:172.21.15.190:6789/0] conn(0x7f6eb813e0d0 0x7f6eb8132c30 unknown :-1 s=NONE pgs=0 cs=0 l=1 rev1=0 crypto rx=0 tx=0 comp rx=0 tx=0).connect ,
2022-07-13T19:38:15.920+0000 7f6ebf6ea700 20 Event(0x7f6eb80b3bc0 nevent=5000 time_id=2).wakeup
2022-07-14T07:02:58.655 WARNING:scrape:Ignoring malparsed backtrace:
2022-07-13T19:38:15.920+0000 7f6ebd486700 20 --2- 172.21.15.186:0/2249080693 >> [v2:172.21.15.186:3300/0,v1:172.21.15.186:6789/0] conn(0x7f6eb8068300 0x7f6eb80a91e0 unknown :-1 s=AUTH_CONNECTING pgs=0 cs=0 l=1 rev1=1 crypto rx=0 tx=0 comp rx=0 tx=0).read_frame ,
2022-07-13T19:38:15.920+0000 7f6ebcc85700 20 -- 172.21.15.186:0/2249080693 >> [v2:172.21.15.186:3301/0,v1:172.21.15.186:6790/0] conn(0x7f6eb813a830 msgr2=0x7f6eb80aaad0 unknown :-1 s=STATE_CONNECTION_ESTABLISHED l=1).read start len=40 ,
2022-07-13T19:38:15.920+0000 7f6ebd486700 20 -- 172.21.15.186:0/2249080693 >> [v2:172.21.15.186:3300/0,v1:172.21.15.186:6789/0] conn(0x7f6eb8068300 msgr2=0x7f6eb80a91e0 unknown :-1 s=STATE_CONNECTION_ESTABLISHED l=1).read start len=32
2022-07-14T07:02:58.655 WARNING:scrape:Ignoring malparsed backtrace:
2022-07-13T19:38:15.921+0000 7f6ebd486700 20 -- 172.21.15.186:0/2249080693 >> [v2:172.21.15.186:3300/0,v1:172.21.15.186:6789/0] conn(0x7f6eb8068300 msgr2=0x7f6eb80a91e0 secure :-1 s=STATE_CONNECTION_ESTABLISHED l=1).read start len=96 ,
2022-07-13T19:38:15.921+0000 7f6ebd486700 20 -- 172.21.15.186:0/2249080693 >> [v2:172.21.15.186:3300/0,v1:172.21.15.186:6789/0] conn(0x7f6eb8068300 msgr2=0x7f6eb80a91e0 secure :-1 s=STATE_CONNECTION_ESTABLISHED l=1).process ,
2022-07-13T19:38:15.921+0000 7f6ebd486700 20 -- 172.21.15.186:0/2249080693 >> [v2:172.21.15.186:3300/0,v1:172.21.15.186:6789/0] conn(0x7f6eb8068300 msgr2=0x7f6eb80a91e0 secure :-1 s=STATE_CONNECTION_ESTABLISHED l=1).read continue len=96
2022-07-14T07:02:58.656 WARNING:scrape:Ignoring malparsed backtrace:
2022-07-13T19:38:15.921+0000 7f6ebd486700 20 --2- 172.21.15.186:0/2249080693 >> [v2:172.21.15.186:3300/0,v1:172.21.15.186:6789/0] conn(0x7f6eb8068300 0x7f6eb80a91e0 secure :-1 s=THROTTLE_DONE pgs=107 cs=0 l=1 rev1=1 crypto rx=0x7f6eb80b0510 tx=0x7f6ea800b000 comp rx=0 tx=0).read_frame_segment seg_idx=1 ,
2022-07-13T19:38:15.921+0000 7f6ebd486700 20 -- 172.21.15.186:0/2249080693 >> [v2:172.21.15.186:3300/0,v1:172.21.15.186:6789/0] conn(0x7f6eb8068300 msgr2=0x7f6eb80a91e0 secure :-1 s=STATE_CONNECTION_ESTABLISHED l=1).read start len=416 ,
2022-07-13T19:38:15.921+0000 7f6ebd486700 20 --2- 172.21.15.186:0/2249080693 >> [v2:172.21.15.186:3300/0,v1:172.21.15.186:6789/0] conn(0x7f6eb8068300 0x7f6eb80a91e0 secure :-1 s=THROTTLE_DONE pgs=107 cs=0 l=1 rev1=1 crypto rx=0x7f6eb80b0510 tx=0x7f6ea800b000 comp rx=0 tx=0).handle_read_frame_segment r=0
2022-07-14T07:02:58.657 WARNING:scrape:Ignoring malparsed backtrace:
2022-07-13T19:38:15.923+0000 7f6ea57fa700 10 -- 172.21.15.186:0/2249080693 connect_to v2:172.21.15.186:6800/117176 new 0x7f6e98064fd0 ,
2022-07-13T19:38:15.923+0000 7f6ea57fa700 10 -- 172.21.15.186:0/2249080693 dispatch_throttle_release 83319 to dispatch throttler 87503/104857600 ,
2022-07-13T19:38:15.923+0000 7f6ebcc85700 20 -- 172.21.15.186:0/2249080693 >> v2:172.21.15.186:6800/117176 conn(0x7f6e98064fd0 msgr2=0x7f6e980674e0 unknown :-1 s=STATE_CONNECTING l=1).process
2022-07-14T07:02:58.657 WARNING:scrape:Ignoring malparsed backtrace:
2022-07-13T19:38:15.928+0000 7f6ebd486700 20 -- 172.21.15.186:0/2249080693 >> [v2:172.21.15.186:3300/0,v1:172.21.15.186:6789/0] conn(0x7f6eb8068300 msgr2=0x7f6eb80a91e0 secure :-1 s=STATE_CONNECTION_ESTABLISHED l=1).process ,
2022-07-13T19:38:15.928+0000 7f6ebd486700 20 -- 172.21.15.186:0/2249080693 >> [v2:172.21.15.186:3300/0,v1:172.21.15.186:6789/0] conn(0x7f6eb8068300 msgr2=0x7f6eb80a91e0 secure :-1 s=STATE_CONNECTION_ESTABLISHED l=1).read continue len=96 ,
2022-07-13T19:38:15.928+0000 7f6ebd486700 20 --2- 172.21.15.186:0/2249080693 >> [v2:172.21.15.186:3300/0,v1:172.21.15.186:6789/0] conn(0x7f6eb8068300 0x7f6eb80a91e0 secure :-1 s=READY pgs=107 cs=0 l=1 rev1=1 crypto rx=0x7f6eb80b0510 tx=0x7f6ea800b000 comp rx=0 tx=0).handle_read_frame_preamble_main r=0
2022-07-14T07:02:58.658 WARNING:scrape:Ignoring malparsed backtrace:
2022-07-13T19:38:16.763+0000 7f6ebf6ea700 2 --1- 172.21.15.186:0/2249080693 >> 172.21.15.186:0/2249080693 conn(0x7f6eb80b29e0 0x7f6eb80afbd0 :-1 s=NONE pgs=0 cs=0 l=0).stop ,
2022-07-13T19:38:16.763+0000 7f6ebf6ea700 5 --1- 172.21.15.186:0/2249080693 >> 172.21.15.186:0/2249080693 conn(0x7f6eb80b29e0 0x7f6eb80afbd0 :-1 s=NONE pgs=0 cs=0 l=0).reset_recv_state ,
2022-07-13T19:38:16.763+0000 7f6ebf6ea700 20 Event(0x7f6eb80b3bc0 nevent=5000 time_id=3).wakeup
2022-07-14T07:02:58.659 WARNING:scrape:Ignoring malparsed backtrace:
2022-07-13T19:38:16.917+0000 7f3fb77fe700 20 --2- >> v2:172.21.15.186:3300/0 conn(0x7f3fb8068600 0x7f3fb80ad310 unknown :-1 s=START_CONNECT pgs=0 cs=0 l=0 rev1=0 crypto rx=0 tx=0 comp rx=0 tx=0).read_event ,
2022-07-13T19:38:16.917+0000 7f3fb77fe700 20 --2- >> v2:172.21.15.186:3300/0 conn(0x7f3fb8068600 0x7f3fb80ad310 unknown :-1 s=START_CONNECT pgs=0 cs=0 l=0 rev1=0 crypto rx=0 tx=0 comp rx=0 tx=0).start_client_banner_exchange ,
2022-07-13T19:38:16.917+0000 7f3fb77fe700 20 --2- >> v2:172.21.15.186:3300/0 conn(0x7f3fb8068600 0x7f3fb80ad310 unknown :-1 s=BANNER_CONNECTING pgs=0 cs=0 l=0 rev1=0 crypto rx=0 tx=0 comp rx=0 tx=0)._banner_exchange
2022-07-14T07:02:58.659 WARNING:scrape:Ignoring malparsed backtrace:
2022-07-13T19:38:16.917+0000 7f3fb6ffd700 20 --1- 172.21.15.186:0/779197637 >> v1:172.21.15.190:6789/0 conn(0x7f3fb80ae480 0x7f3fb80a6c70 :-1 s=CONNECTING_SEND_CONNECT_MSG pgs=0 cs=0 l=0).handle_ack_seq r=0 ,
2022-07-13T19:38:16.917+0000 7f3fb7fff700 20 -- 172.21.15.186:0/779197637 >> v2:172.21.15.190:3300/0 conn(0x7f3fb80a7380 msgr2=0x7f3fb813d8c0 unknown :-1 s=STATE_CONNECTION_ESTABLISHED l=0).read start len=32 ,
2022-07-13T19:38:16.917+0000 7f3fb6ffd700 2 --1- 172.21.15.186:0/779197637 >> v1:172.21.15.190:6789/0 conn(0x7f3fb80ae480 0x7f3fb80a6c70 :-1 s=CONNECTING_SEND_CONNECT_MSG pgs=0 cs=0 l=0).handle_ack_seq got newly_acked_seq 0 vs out_seq 0
2022-07-14T07:02:58.660 WARNING:scrape:Ignoring malparsed backtrace:
2022-07-13T19:38:16.918+0000 7f3fb77fe700 5 --2- 172.21.15.186:0/779197637 >> v2:172.21.15.186:3300/0 conn(0x7f3fb8068600 0x7f3fb80ad310 secure :-1 s=SESSION_CONNECTING pgs=0 cs=0 l=0 rev1=1 crypto rx=0x7f3fb80704a0 tx=0x7f3fa4005ca0 comp rx=0 tx=0).send_client_ident sending identification: addrs=172.21.15.186:0/779197637 target=v2:172.21.15.186:3300/0 gid=-1 global_seq=2 features_supported=3f01cfbf7ffdffff features_required=800000000000000 flags=0 cookie=f28bbcb49df8b49a ,
2022-07-13T19:38:16.918+0000 7f3fb77fe700 15 authenticated_encrypt_update plaintext.length()=80 buffer.length()=80 ,
2022-07-13T19:38:16.918+0000 7f3fb77fe700 15 authenticated_encrypt_final buffer.length()=96 final_len=0
2022-07-14T07:02:58.661 WARNING:scrape:Ignoring malparsed backtrace:
2022-07-13T19:38:16.918+0000 7f3fb77fe700 20 -- 172.21.15.186:0/779197637 >> [v2:172.21.15.186:3300/0,v1:172.21.15.186:6789/0] conn(0x7f3fb8068600 msgr2=0x7f3fb80ad310 secure :-1 s=STATE_CONNECTION_ESTABLISHED l=1).read start len=96 ,
2022-07-13T19:38:16.918+0000 7f3fb67fc700 10 -- 172.21.15.186:0/779197637 dispatch_throttle_release 413 to dispatch throttler 413/104857600 ,
2022-07-13T19:38:16.918+0000 7f3fb67fc700 20 -- 172.21.15.186:0/779197637 done calling dispatch on 0x7f3fa4003ab0
2022-07-14T07:02:58.661 WARNING:scrape:Ignoring malparsed backtrace:
2022-07-13T19:38:16.921+0000 7f3fb6ffd700 20 --2- >> [v2:172.21.15.186:3300/0,v1:172.21.15.186:6789/0] conn(0x7f3fb80a7380 0x7f3fb8097ba0 unknown :-1 s=START_CONNECT pgs=0 cs=0 l=1 rev1=0 crypto rx=0 tx=0 comp rx=0 tx=0).start_client_banner_exchange ,
2022-07-13T19:38:16.921+0000 7f3fb6ffd700 20 --2- >> [v2:172.21.15.186:3300/0,v1:172.21.15.186:6789/0] conn(0x7f3fb80a7380 0x7f3fb8097ba0 unknown :-1 s=BANNER_CONNECTING pgs=0 cs=0 l=1 rev1=0 crypto rx=0 tx=0 comp rx=0 tx=0)._banner_exchange ,
2022-07-13T19:38:16.921+0000 7f3fbdd8e700 1 -- --> [v2:172.21.15.186:3301/0,v1:172.21.15.186:6790/0] -- mon_getmap magic: 0 v1 -- 0x7f3fb80999e0 con 0x7f3fb80ae480
2022-07-14T07:02:58.662 WARNING:scrape:Ignoring malparsed backtrace:
2022-07-13T19:38:16.922+0000 7f3fb7fff700 20 -- 172.21.15.186:0/2630482179 >> [v2:172.21.15.186:3301/0,v1:172.21.15.186:6790/0] conn(0x7f3fb80ae480 msgr2=0x7f3fb8098df0 unknown :-1 s=STATE_CONNECTION_ESTABLISHED l=1).read start len=16 ,
2022-07-13T19:38:16.922+0000 7f3fb7fff700 20 --2- 172.21.15.186:0/2630482179 >> [v2:172.21.15.186:3301/0,v1:172.21.15.186:6790/0] conn(0x7f3fb80ae480 0x7f3fb8098df0 unknown :-1 s=BANNER_CONNECTING pgs=0 cs=0 l=1 rev1=0 crypto rx=0 tx=0 comp rx=0 tx=0)._handle_peer_banner_payload r=0 ,
2022-07-13T19:38:16.922+0000 7f3fb7fff700 1 --2- 172.21.15.186:0/2630482179 >> [v2:172.21.15.186:3301/0,v1:172.21.15.186:6790/0] conn(0x7f3fb80ae480 0x7f3fb8098df0 unknown :-1 s=BANNER_CONNECTING pgs=0 cs=0 l=1 rev1=0 crypto rx=0 tx=0 comp rx=0 tx=0)._handle_peer_banner_payload supported=3 required=0
2022-07-14T07:02:58.663 WARNING:scrape:Ignoring malparsed backtrace:
2022-07-13T19:38:16.922+0000 7f3fb6ffd700 15 authenticated_encrypt_update plaintext.length()=80 buffer.length()=80 ,
2022-07-13T19:38:16.922+0000 7f3fb6ffd700 15 authenticated_encrypt_final buffer.length()=96 final_len=0 ,
2022-07-13T19:38:16.922+0000 7f3fb6ffd700 5 --2- 172.21.15.186:0/2630482179 >> [v2:172.21.15.186:3300/0,v1:172.21.15.186:6789/0] conn(0x7f3fb80a7380 0x7f3fb8097ba0 secure :-1 s=READY pgs=109 cs=0 l=1 rev1=1 crypto rx=0x7f3fa800c410 tx=0x7f3fa8007cf0 comp rx=0 tx=0).write_message sending message m=0x7f3fb8097a30 seq=1 mon_getmap magic: 0 v1
2022-07-14T07:02:58.664 WARNING:scrape:Ignoring malparsed backtrace:
2022-07-13T19:38:16.923+0000 7f3fb6ffd700 15 authenticated_encrypt_update plaintext.length()=80 buffer.length()=80 ,
2022-07-13T19:38:16.923+0000 7f3fb6ffd700 15 authenticated_encrypt_final buffer.length()=96 final_len=0 ,
2022-07-13T19:38:16.923+0000 7f3fb6ffd700 15 authenticated_encrypt_update plaintext.length()=48 buffer.length()=48
2022-07-14T07:02:58.664 WARNING:scrape:Ignoring malparsed backtrace:
2022-07-13T19:38:16.925+0000 7f3fb77fe700 5 --2- 172.21.15.186:0/2630482179 >> v2:172.21.15.186:6800/117176 conn(0x7f3fa0064fa0 0x7f3fa00674b0 unknown :-1 s=HELLO_CONNECTING pgs=0 cs=0 l=1 rev1=1 crypto rx=0 tx=0 comp rx=0 tx=0).handle_hello getsockname says I am 172.21.15.186:46814 when talking to v2:172.21.15.186:6800/117176 ,
2022-07-13T19:38:16.925+0000 7f3fb77fe700 20 --2- 172.21.15.186:0/2630482179 >> v2:172.21.15.186:6800/117176 conn(0x7f3fa0064fa0 0x7f3fa00674b0 unknown :-1 s=HELLO_CONNECTING pgs=0 cs=0 l=1 rev1=1 crypto rx=0 tx=0 comp rx=0 tx=0).post_client_banner_exchange ,
2022-07-13T19:38:16.925+0000 7f3fb77fe700 20 --2- 172.21.15.186:0/2630482179 >> v2:172.21.15.186:6800/117176 conn(0x7f3fa0064fa0 0x7f3fa00674b0 unknown :-1 s=AUTH_CONNECTING pgs=0 cs=0 l=1 rev1=1 crypto rx=0 tx=0 comp rx=0 tx=0).send_auth_request peer_type 16 auth_client 0x7f3fb8062408
2022-07-14T07:02:58.665 WARNING:scrape:Ignoring malparsed backtrace:
2022-07-13T19:38:17.130+0000 7f3fb6ffd700 20 --2- 172.21.15.186:0/2630482179 >> [v2:172.21.15.186:3300/0,v1:172.21.15.186:6789/0] conn(0x7f3fb80a7380 0x7f3fb8097ba0 secure :-1 s=READY pgs=109 cs=0 l=1 rev1=1 crypto rx=0x7f3fa800c410 tx=0x7f3fa8007cf0 comp rx=0 tx=0).prepare_send_message encoding features 4540138320759226367 0x7f3fb80986d0 mon_command({"prefix": "osd primary-affinity", "id": 1, "weight": 1.0} v 0) v1 ,
2022-07-13T19:38:17.130+0000 7f3fb6ffd700 15 authenticated_encrypt_update plaintext.length()=80 buffer.length()=80 ,
2022-07-13T19:38:17.130+0000 7f3fb6ffd700 15 authenticated_encrypt_final buffer.length()=96 final_len=0
2022-07-14T07:02:58.666 WARNING:scrape:Ignoring malparsed backtrace:
2022-07-13T19:38:17.931+0000 7f8821b55700 10 stack operator() starting ,
2022-07-13T19:38:17.931+0000 7f8821354700 2 Event(0x7f881c064510 nevent=5000 time_id=1).set_owner center_id=1 owner=140222649419520 ,
2022-07-13T19:38:17.931+0000 7f8821354700 20 Event(0x7f881c064510 nevent=5000 time_id=1).create_file_event create event started fd=8 mask=1 original mask is 0
2022-07-14T07:02:58.666 WARNING:scrape:Ignoring malparsed backtrace:
2022-07-13T19:38:17.933+0000 7f8821b55700 20 -- >> v1:172.21.15.190:6789/0 conn(0x7f881c0aede0 legacy=0x7f881c13f980 unknown :-1 s=STATE_CONNECTION_ESTABLISHED l=0).process ,
