2022-07-13T19:38:23.969+0000 7f4d1a4ca700 20 --2- >> v2:172.21.15.186:3300/0 conn(0x7f4d1413f2d0 0x7f4d140aca50 unknown :-1 s=BANNER_CONNECTING pgs=0 cs=0 l=0 rev1=0 crypto rx=0 tx=0 comp rx=0 tx=0)._banner_exchange
2022-07-14T07:02:58.716 WARNING:scrape:Ignoring malparsed backtrace:
2022-07-13T19:38:23.969+0000 7f4d19cc9700 20 -- 172.21.15.186:0/461548146 >> v2:172.21.15.190:3300/0 conn(0x7f4d140688d0 msgr2=0x7f4d140ab6a0 unknown :-1 s=STATE_CONNECTION_ESTABLISHED l=0).read continue len=32 ,
2022-07-13T19:38:23.969+0000 7f4d194c8700 10 -- 172.21.15.186:0/461548146 >> [v2:172.21.15.186:3301/0,v1:172.21.15.186:6790/0] conn(0x7f4d140abbe0 msgr2=0x7f4d1413ed90 unknown :-1 s=STATE_CONNECTION_ESTABLISHED l=0)._try_send sent bytes 76 remaining bytes 0 ,
2022-07-13T19:38:23.969+0000 7f4d19cc9700 20 --2- 172.21.15.186:0/461548146 >> v2:172.21.15.190:3300/0 conn(0x7f4d140688d0 0x7f4d140ab6a0 unknown :-1 s=AUTH_CONNECTING pgs=0 cs=0 l=0 rev1=1 crypto rx=0 tx=0 comp rx=0 tx=0).handle_read_frame_preamble_main r=0
2022-07-14T07:02:58.717 WARNING:scrape:Ignoring malparsed backtrace:
2022-07-13T19:38:23.970+0000 7f4d194c8700 20 --2- 172.21.15.186:0/461548146 >> [v2:172.21.15.186:3301/0,v1:172.21.15.186:6790/0] conn(0x7f4d140abbe0 0x7f4d1413ed90 secure :-1 s=READY pgs=58 cs=0 l=1 rev1=1 crypto rx=0x7f4d140685a0 tx=0x7f4d0801a100 comp rx=0 tx=0).read_frame ,
2022-07-13T19:38:23.970+0000 7f4d194c8700 20 -- 172.21.15.186:0/461548146 >> [v2:172.21.15.186:3301/0,v1:172.21.15.186:6790/0] conn(0x7f4d140abbe0 msgr2=0x7f4d1413ed90 secure :-1 s=STATE_CONNECTION_ESTABLISHED l=1).read start len=96 ,
2022-07-13T19:38:23.970+0000 7f4d194c8700 10 -- 172.21.15.186:0/461548146 >> [v2:172.21.15.186:3301/0,v1:172.21.15.186:6790/0] conn(0x7f4d140abbe0 msgr2=0x7f4d1413ed90 secure :-1 s=STATE_CONNECTION_ESTABLISHED l=1).handle_write
2022-07-14T07:02:58.717 WARNING:scrape:Ignoring malparsed backtrace:
2022-07-13T19:38:23.971+0000 7f4d1bf2d700 1 --2- 172.21.15.186:0/461548146 >> v2:172.21.15.190:3300/0 conn(0x7f4d140688d0 0x7f4d140ab6a0 unknown :-1 s=CLOSED pgs=0 cs=0 l=0 rev1=1 crypto rx=0 tx=0 comp rx=0 tx=0).stop ,
2022-07-13T19:38:23.971+0000 7f4d1bf2d700 5 -- 172.21.15.186:0/461548146 shutdown_connections mark down [v2:172.21.15.186:3301/0,v1:172.21.15.186:6790/0] 0x7f4d140abbe0 ,
2022-07-13T19:38:23.971+0000 7f4d1bf2d700 1 --2- 172.21.15.186:0/461548146 >> [v2:172.21.15.186:3301/0,v1:172.21.15.186:6790/0] conn(0x7f4d140abbe0 0x7f4d1413ed90 unknown :-1 s=CLOSED pgs=58 cs=0 l=1 rev1=1 crypto rx=0 tx=0 comp rx=0 tx=0).stop
2022-07-14T07:02:58.718 WARNING:scrape:Ignoring malparsed backtrace:
2022-07-13T19:38:23.973+0000 7f4d19cc9700 20 -- >> [v2:172.21.15.186:3301/0,v1:172.21.15.186:6790/0] conn(0x7f4d140688d0 msgr2=0x7f4d1414b200 unknown :-1 s=STATE_CONNECTION_ESTABLISHED l=1).read start len=10 ,
2022-07-13T19:38:23.973+0000 7f4d194c8700 20 -- >> [v2:172.21.15.190:3300/0,v1:172.21.15.190:6789/0] conn(0x7f4d140abbe0 msgr2=0x7f4d1409e500 unknown :-1 s=STATE_CONNECTION_ESTABLISHED l=1).read start len=10 ,
2022-07-13T19:38:23.973+0000 7f4d19cc9700 20 --2- >> [v2:172.21.15.186:3301/0,v1:172.21.15.186:6790/0] conn(0x7f4d140688d0 0x7f4d1414b200 unknown :-1 s=BANNER_CONNECTING pgs=0 cs=0 l=1 rev1=0 crypto rx=0 tx=0 comp rx=0 tx=0)._handle_peer_banner r=0
2022-07-14T07:02:58.719 WARNING:scrape:Ignoring malparsed backtrace:
2022-07-13T19:38:23.974+0000 7f4d19cc9700 20 --2- 172.21.15.186:0/119485127 >> [v2:172.21.15.186:3301/0,v1:172.21.15.186:6790/0] conn(0x7f4d140688d0 0x7f4d1414b200 unknown :-1 s=AUTH_CONNECTING pgs=0 cs=0 l=1 rev1=1 crypto rx=0 tx=0 comp rx=0 tx=0).handle_read_frame_preamble_main r=0 ,
2022-07-13T19:38:23.974+0000 7f4d19cc9700 20 --2- 172.21.15.186:0/119485127 >> [v2:172.21.15.186:3301/0,v1:172.21.15.186:6790/0] conn(0x7f4d140688d0 0x7f4d1414b200 unknown :-1 s=AUTH_CONNECTING pgs=0 cs=0 l=1 rev1=1 crypto rx=0 tx=0 comp rx=0 tx=0).read_frame_segment seg_idx=0 ,
2022-07-13T19:38:23.974+0000 7f4d19cc9700 20 -- 172.21.15.186:0/119485127 >> [v2:172.21.15.186:3301/0,v1:172.21.15.186:6790/0] conn(0x7f4d140688d0 msgr2=0x7f4d1414b200 unknown :-1 s=STATE_CONNECTION_ESTABLISHED l=1).read start len=844
2022-07-14T07:02:58.720 WARNING:scrape:Ignoring malparsed backtrace:
2022-07-13T19:38:23.974+0000 7f4d19cc9700 15 authenticated_encrypt_final buffer.length()=96 final_len=0 ,
2022-07-13T19:38:23.974+0000 7f4d19cc9700 15 authenticated_encrypt_update plaintext.length()=64 buffer.length()=64 ,
2022-07-13T19:38:23.974+0000 7f4d19cc9700 15 authenticated_encrypt_update plaintext.length()=16 buffer.length()=80
2022-07-14T07:02:58.720 WARNING:scrape:Ignoring malparsed backtrace:
2022-07-13T19:38:23.975+0000 7f4d19cc9700 20 --2- 172.21.15.186:0/119485127 >> [v2:172.21.15.186:3301/0,v1:172.21.15.186:6790/0] conn(0x7f4d140688d0 0x7f4d1414b200 secure :-1 s=READY pgs=59 cs=0 l=1 rev1=1 crypto rx=0x7f4d04009ae0 tx=0x7f4d04006f40 comp rx=0 tx=0).write_message sending m=0x7f4d1409ea40 seq=4 src=client.4445 off=0 ,
2022-07-13T19:38:23.975+0000 7f4d19cc9700 10 -- 172.21.15.186:0/119485127 >> [v2:172.21.15.186:3301/0,v1:172.21.15.186:6790/0] conn(0x7f4d140688d0 msgr2=0x7f4d1414b200 secure :-1 s=STATE_CONNECTION_ESTABLISHED l=1)._try_send sent bytes 176 remaining bytes 0 ,
2022-07-13T19:38:23.975+0000 7f4d19cc9700 10 --2- 172.21.15.186:0/119485127 >> [v2:172.21.15.186:3301/0,v1:172.21.15.186:6790/0] conn(0x7f4d140688d0 0x7f4d1414b200 secure :-1 s=READY pgs=59 cs=0 l=1 rev1=1 crypto rx=0x7f4d04009ae0 tx=0x7f4d04006f40 comp rx=0 tx=0).write_message sending 0x7f4d1409ea40 done.
2022-07-14T07:02:58.721 WARNING:scrape:Ignoring malparsed backtrace:
2022-07-13T19:38:23.977+0000 7f4d194c8700 20 --2- 172.21.15.186:0/119485127 >> v2:172.21.15.186:6800/117176 conn(0x7f4cf4064fa0 0x7f4cf40674b0 unknown :-1 s=AUTH_CONNECTING pgs=0 cs=0 l=1 rev1=1 crypto rx=0 tx=0 comp rx=0 tx=0).handle_read_frame_preamble_main r=0 ,
2022-07-13T19:38:23.977+0000 7f4d194c8700 20 --2- 172.21.15.186:0/119485127 >> v2:172.21.15.186:6800/117176 conn(0x7f4cf4064fa0 0x7f4cf40674b0 unknown :-1 s=AUTH_CONNECTING pgs=0 cs=0 l=1 rev1=1 crypto rx=0 tx=0 comp rx=0 tx=0).read_frame_segment seg_idx=0 ,
2022-07-13T19:38:23.977+0000 7f4d194c8700 20 -- 172.21.15.186:0/119485127 >> v2:172.21.15.186:6800/117176 conn(0x7f4cf4064fa0 msgr2=0x7f4cf40674b0 unknown :-1 s=STATE_CONNECTION_ESTABLISHED l=1).read start len=40
2022-07-14T07:02:58.725 WARNING:scrape:Ignoring malparsed backtrace:
2022-07-13T19:38:24.174+0000 7f4d19cc9700 15 authenticated_encrypt_update plaintext.length()=16 buffer.length()=112 ,
2022-07-13T19:38:24.174+0000 7f4d19cc9700 15 authenticated_encrypt_final buffer.length()=128 final_len=0 ,
2022-07-13T19:38:24.174+0000 7f4d19cc9700 5 --2- 172.21.15.186:0/119485127 >> [v2:172.21.15.186:3301/0,v1:172.21.15.186:6790/0] conn(0x7f4d140688d0 0x7f4d1414b200 secure :-1 s=READY pgs=59 cs=0 l=1 rev1=1 crypto rx=0x7f4d04009ae0 tx=0x7f4d04006f40 comp rx=0 tx=0).write_message sending message m=0x7f4d14073ce0 seq=6 mon_command({"prefix": "osd reweight", "id": 5, "weight": 1.0} v 0) v1
2022-07-14T07:02:58.726 WARNING:scrape:Ignoring malparsed backtrace:
2022-07-13T19:38:24.980+0000 7fe6b37fe700 10 stack operator() starting ,
2022-07-13T19:38:24.980+0000 7fe6b2ffd700 2 Event(0x7fe6b406b1a0 nevent=5000 time_id=1).set_owner center_id=2 owner=140628822316800 ,
2022-07-13T19:38:24.980+0000 7fe6b2ffd700 20 Event(0x7fe6b406b1a0 nevent=5000 time_id=1).create_file_event create event started fd=11 mask=1 original mask is 0
2022-07-14T07:02:58.727 WARNING:scrape:Ignoring malparsed backtrace:
2022-07-13T19:38:24.981+0000 7fe6b37fe700 20 -- 172.21.15.186:0/4133652945 >> [v2:172.21.15.186:3301/0,v1:172.21.15.186:6790/0] conn(0x7fe6b4068540 msgr2=0x7fe6b40ab4b0 unknown :-1 s=STATE_CONNECTION_ESTABLISHED l=0).read start len=40 ,
2022-07-13T19:38:24.981+0000 7fe6b2ffd700 20 --2- 172.21.15.186:0/4133652945 >> v2:172.21.15.186:3300/0 conn(0x7fe6b40ab9f0 0x7fe6b413ec20 unknown :-1 s=BANNER_CONNECTING pgs=0 cs=0 l=0 rev1=0 crypto rx=0 tx=0 comp rx=0 tx=0)._handle_peer_banner_payload r=0 ,
2022-07-13T19:38:24.981+0000 7fe6b3fff700 10 -- 172.21.15.186:0/4133652945 >> v1:172.21.15.186:6789/0 conn(0x7fe6b413f160 legacy=0x7fe6b40aca50 unknown :-1 s=STATE_CONNECTION_ESTABLISHED l=0)._try_send sent bytes 33 remaining bytes 0
2022-07-14T07:02:58.728 WARNING:scrape:Ignoring malparsed backtrace:
2022-07-13T19:38:24.981+0000 7fe6b3fff700 20 --1- 172.21.15.186:0/4133652945 >> v1:172.21.15.186:6789/0 conn(0x7fe6b413f160 0x7fe6b40aca50 :-1 s=OPENED pgs=117 cs=1 l=1).handle_message_header got MSG header ,
2022-07-13T19:38:24.981+0000 7fe6b2ffd700 5 --2- 172.21.15.186:0/4133652945 >> v2:172.21.15.186:3300/0 conn(0x7fe6b40ab9f0 0x7fe6b413ec20 unknown :-1 s=AUTH_CONNECTING pgs=0 cs=0 l=0 rev1=1 crypto rx=0 tx=0 comp rx=0 tx=0).handle_auth_reply_more auth reply more len=9 ,
2022-07-13T19:38:24.981+0000 7fe6b37fe700 20 -- 172.21.15.186:0/4133652945 >> [v2:172.21.15.186:3301/0,v1:172.21.15.186:6790/0] conn(0x7fe6b4068540 msgr2=0x7fe6b40ab4b0 unknown :-1 s=STATE_CONNECTION_ESTABLISHED l=0).read continue len=32
2022-07-14T07:02:58.728 WARNING:scrape:Ignoring malparsed backtrace:
2022-07-13T19:38:24.982+0000 7fe6b37fe700 10 --2- 172.21.15.186:0/4133652945 >> [v2:172.21.15.186:3301/0,v1:172.21.15.186:6790/0] conn(0x7fe6b4068540 0x7fe6b40ab4b0 secure :-1 s=SESSION_CONNECTING pgs=60 cs=0 l=1 rev1=1 crypto rx=0x7fe6a0009760 tx=0x7fe6a0009060 comp rx=0 tx=0).handle_server_ident connect success 0, lossy = 1, features 4540138320759226367 ,
2022-07-13T19:38:24.982+0000 7fe6b37fe700 1 --2- 172.21.15.186:0/4133652945 >> [v2:172.21.15.186:3301/0,v1:172.21.15.186:6790/0] conn(0x7fe6b4068540 0x7fe6b40ab4b0 secure :-1 s=READY pgs=60 cs=0 l=1 rev1=1 crypto rx=0x7fe6a0009760 tx=0x7fe6a0009060 comp rx=0 tx=0).ready entity=mon.2 client_cookie=40ae80597e202f51 server_cookie=0 in_seq=0 out_seq=0 ,
2022-07-13T19:38:24.982+0000 7fe6b37fe700 20 --2- 172.21.15.186:0/4133652945 >> [v2:172.21.15.186:3301/0,v1:172.21.15.186:6790/0] conn(0x7fe6b4068540 0x7fe6b40ab4b0 secure :-1 s=READY pgs=60 cs=0 l=1 rev1=1 crypto rx=0x7fe6a0009760 tx=0x7fe6a0009060 comp rx=0 tx=0).read_frame
2022-07-14T07:02:58.729 WARNING:scrape:Ignoring malparsed backtrace:
2022-07-13T19:38:24.983+0000 7fe6b9ff2700 20 --1- 172.21.15.186:0/4133652945 >> v1:172.21.15.186:6789/0 conn(0x7fe6b413f160 0x7fe6b40aca50 :-1 s=CLOSED pgs=117 cs=1 l=1).stop ,
2022-07-13T19:38:24.983+0000 7fe6b9ff2700 5 -- 172.21.15.186:0/4133652945 shutdown_connections mark down [v2:172.21.15.186:3301/0,v1:172.21.15.186:6790/0] 0x7fe6b4068540 ,
2022-07-13T19:38:24.983+0000 7fe6b9ff2700 1 --2- 172.21.15.186:0/4133652945 >> [v2:172.21.15.186:3301/0,v1:172.21.15.186:6790/0] conn(0x7fe6b4068540 0x7fe6b40ab4b0 unknown :-1 s=CLOSED pgs=60 cs=0 l=1 rev1=1 crypto rx=0 tx=0 comp rx=0 tx=0).stop
2022-07-14T07:02:58.730 WARNING:scrape:Ignoring malparsed backtrace:
2022-07-13T19:38:24.986+0000 7fe6b2ffd700 20 -- >> [v2:172.21.15.190:3300/0,v1:172.21.15.190:6789/0] conn(0x7fe6b40ab9f0 msgr2=0x7fe6b407fdb0 unknown :-1 s=STATE_CONNECTION_ESTABLISHED l=1).read start len=10 ,
2022-07-13T19:38:24.986+0000 7fe6b3fff700 10 -- >> [v2:172.21.15.186:3301/0,v1:172.21.15.186:6790/0] conn(0x7fe6b413f160 msgr2=0x7fe6b4139330 unknown :-1 s=STATE_CONNECTION_ESTABLISHED l=1)._try_send sent bytes 26 remaining bytes 0 ,
2022-07-13T19:38:24.986+0000 7fe6b3fff700 20 -- >> [v2:172.21.15.186:3301/0,v1:172.21.15.186:6790/0] conn(0x7fe6b413f160 msgr2=0x7fe6b4139330 unknown :-1 s=STATE_CONNECTION_ESTABLISHED l=1).read start len=10
2022-07-14T07:02:58.731 WARNING:scrape:Ignoring malparsed backtrace:
2022-07-13T19:38:24.986+0000 7fe6b37fe700 5 --2- 172.21.15.186:0/2179895909 >> [v2:172.21.15.186:3300/0,v1:172.21.15.186:6789/0] conn(0x7fe6b4068540 0x7fe6b407f5c0 unknown :-1 s=AUTH_CONNECTING pgs=0 cs=0 l=1 rev1=1 crypto rx=0 tx=0 comp rx=0 tx=0).handle_auth_reply_more auth reply more len=9 ,
2022-07-13T19:38:24.986+0000 7fe6b3fff700 20 --2- 172.21.15.186:0/2179895909 >> [v2:172.21.15.186:3301/0,v1:172.21.15.186:6790/0] conn(0x7fe6b413f160 0x7fe6b4139330 unknown :-1 s=AUTH_CONNECTING pgs=0 cs=0 l=1 rev1=1 crypto rx=0 tx=0 comp rx=0 tx=0).read_frame ,
2022-07-13T19:38:24.986+0000 7fe6b3fff700 20 -- 172.21.15.186:0/2179895909 >> [v2:172.21.15.186:3301/0,v1:172.21.15.186:6790/0] conn(0x7fe6b413f160 msgr2=0x7fe6b4139330 unknown :-1 s=STATE_CONNECTION_ESTABLISHED l=1).read start len=32
2022-07-14T07:02:58.731 WARNING:scrape:Ignoring malparsed backtrace:
2022-07-13T19:38:24.986+0000 7fe6b2ffd700 5 --2- 172.21.15.186:0/2179895909 >> [v2:172.21.15.190:3300/0,v1:172.21.15.190:6789/0] conn(0x7fe6b40ab9f0 0x7fe6b407fdb0 secure :-1 s=SESSION_CONNECTING pgs=0 cs=0 l=1 rev1=1 crypto rx=0x7fe6a400e930 tx=0x7fe6a4009060 comp rx=0 tx=0).handle_server_ident received server identification: addrs=[v2:172.21.15.190:3300/0,v1:172.21.15.190:6789/0] gid=1 global_seq=103 features_supported=3f01cfbf7ffdffff features_required=e01020042240000 flags=1 cookie=0 ,
2022-07-13T19:38:24.986+0000 7fe6b2ffd700 10 --2- 172.21.15.186:0/2179895909 >> [v2:172.21.15.190:3300/0,v1:172.21.15.190:6789/0] conn(0x7fe6b40ab9f0 0x7fe6b407fdb0 secure :-1 s=SESSION_CONNECTING pgs=103 cs=0 l=1 rev1=1 crypto rx=0x7fe6a400e930 tx=0x7fe6a4009060 comp rx=0 tx=0).handle_server_ident connect success 0, lossy = 1, features 4540138320759226367 ,
2022-07-13T19:38:24.987+0000 7fe6b2ffd700 1 --2- 172.21.15.186:0/2179895909 >> [v2:172.21.15.190:3300/0,v1:172.21.15.190:6789/0] conn(0x7fe6b40ab9f0 0x7fe6b407fdb0 secure :-1 s=READY pgs=103 cs=0 l=1 rev1=1 crypto rx=0x7fe6a400e930 tx=0x7fe6a4009060 comp rx=0 tx=0).ready entity=mon.1 client_cookie=0 server_cookie=0 in_seq=0 out_seq=0
2022-07-14T07:02:58.732 WARNING:scrape:Ignoring malparsed backtrace:
2022-07-13T19:38:24.987+0000 7fe6977fe700 20 -- 172.21.15.186:0/2179895909 done calling dispatch on 0x7fe6a4003680 ,
2022-07-13T19:38:24.987+0000 7fe6b2ffd700 20 --2- 172.21.15.186:0/2179895909 >> [v2:172.21.15.190:3300/0,v1:172.21.15.190:6789/0] conn(0x7fe6b40ab9f0 0x7fe6b407fdb0 secure :-1 s=READY pgs=103 cs=0 l=1 rev1=1 crypto rx=0x7fe6a400e930 tx=0x7fe6a4009060 comp rx=0 tx=0).write_message sending m=0x7fe6b407fb00 seq=3 src=client.4543 off=0 ,
2022-07-13T19:38:24.987+0000 7fe6b2ffd700 10 -- 172.21.15.186:0/2179895909 >> [v2:172.21.15.190:3300/0,v1:172.21.15.190:6789/0] conn(0x7fe6b40ab9f0 msgr2=0x7fe6b407fdb0 secure :-1 s=STATE_CONNECTION_ESTABLISHED l=1)._try_send sent bytes 176 remaining bytes 0
2022-07-14T07:02:58.733 WARNING:scrape:Ignoring malparsed backtrace:
2022-07-13T19:38:24.989+0000 7fe6b37fe700 20 -- 172.21.15.186:0/2179895909 >> v2:172.21.15.186:6800/117176 conn(0x7fe69c064fa0 msgr2=0x7fe69c0674b0 unknown :-1 s=STATE_CONNECTION_ESTABLISHED l=1).read start len=10 ,
2022-07-13T19:38:24.989+0000 7fe6977fe700 1 -- 172.21.15.186:0/2179895909 <== mon.1 v2:172.21.15.190:3300/0 5 ==== osd_map(36..36 src has 1..36) v4 ==== 4184+0+0 (secure 0 0 0) 0x7fe6a4081ab0 con 0x7fe6b40ab9f0 ,
2022-07-13T19:38:24.989+0000 7fe6b37fe700 20 -- 172.21.15.186:0/2179895909 >> v2:172.21.15.186:6800/117176 conn(0x7fe69c064fa0 msgr2=0x7fe69c0674b0 unknown :-1 s=STATE_CONNECTION_ESTABLISHED l=1).process
2022-07-14T07:02:58.734 WARNING:scrape:Ignoring malparsed backtrace:
2022-07-13T19:38:24.993+0000 7fe6b2ffd700 20 --2- 172.21.15.186:0/2179895909 >> [v2:172.21.15.190:3300/0,v1:172.21.15.190:6789/0] conn(0x7fe6b40ab9f0 0x7fe6b407fdb0 secure :-1 s=THROTTLE_DONE pgs=103 cs=0 l=1 rev1=1 crypto rx=0x7fe6a400e930 tx=0x7fe6a4009060 comp rx=0 tx=0).read_frame_segment seg_idx=3 ,
2022-07-13T19:38:24.993+0000 7fe6b2ffd700 20 -- 172.21.15.186:0/2179895909 >> [v2:172.21.15.190:3300/0,v1:172.21.15.190:6789/0] conn(0x7fe6b40ab9f0 msgr2=0x7fe6b407fdb0 secure :-1 s=STATE_CONNECTION_ESTABLISHED l=1).read start len=167808 ,
2022-07-13T19:38:24.993+0000 7fe6b2ffd700 20 -- 172.21.15.186:0/2179895909 >> [v2:172.21.15.190:3300/0,v1:172.21.15.190:6789/0] conn(0x7fe6b40ab9f0 msgr2=0x7fe6b407fdb0 secure :-1 s=STATE_CONNECTION_ESTABLISHED l=1).process
2022-07-14T07:02:58.734 WARNING:scrape:Ignoring malparsed backtrace:
2022-07-13T19:38:25.826+0000 7fe6b9ff2700 20 --1- 172.21.15.186:0/2179895909 >> 172.21.15.186:0/2179895909 conn(0x7fe6b4064280 0x7fe6b40b09c0 :-1 s=NONE pgs=0 cs=0 l=0).stop ,
2022-07-13T19:38:25.826+0000 7fe6b9ff2700 2 --1- 172.21.15.186:0/2179895909 >> 172.21.15.186:0/2179895909 conn(0x7fe6b4064280 0x7fe6b40b09c0 :-1 s=NONE pgs=0 cs=0 l=0).stop ,
2022-07-13T19:38:25.826+0000 7fe6b9ff2700 5 --1- 172.21.15.186:0/2179895909 >> 172.21.15.186:0/2179895909 conn(0x7fe6b4064280 0x7fe6b40b09c0 :-1 s=NONE pgs=0 cs=0 l=0).reset_recv_state
2022-07-14T07:02:58.735 WARNING:scrape:Ignoring malparsed backtrace:
2022-07-13T19:38:25.990+0000 7fa95f7fe700 20 --1- >> v1:172.21.15.190:6789/0 conn(0x7fa9600ae4b0 0x7fa9600ad140 :-1 s=START_CONNECT pgs=0 cs=0 l=0).read_event ,
2022-07-13T19:38:25.990+0000 7fa95f7fe700 20 --1- >> v1:172.21.15.190:6789/0 conn(0x7fa9600ae4b0 0x7fa9600ad140 :-1 s=START_CONNECT pgs=0 cs=0 l=0).send_client_banner ,
2022-07-13T19:38:25.990+0000 7fa95ffff700 20 Event(0x7fa9600b3290 nevent=5000 time_id=2).create_file_event create event started fd=15 mask=1 original mask is 0
2022-07-14T07:02:58.736 WARNING:scrape:Ignoring malparsed backtrace:
2022-07-13T19:38:25.991+0000 7fa95effd700 20 --1- 172.21.15.186:0/2327796779 >> v1:172.21.15.186:6789/0 conn(0x7fa9600684c0 0x7fa9600a9ee0 :-1 s=CONNECTING_SEND_CONNECT_MSG pgs=0 cs=0 l=0).handle_connect_reply_2 ,
2022-07-13T19:38:25.991+0000 7fa95ffff700 20 --2- 172.21.15.186:0/2327796779 >> v2:172.21.15.186:3300/0 conn(0x7fa96014c990 0x7fa96014edb0 unknown :-1 s=AUTH_CONNECTING pgs=0 cs=0 l=0 rev1=1 crypto rx=0 tx=0 comp rx=0 tx=0).read_frame ,
2022-07-13T19:38:25.991+0000 7fa95ffff700 20 -- 172.21.15.186:0/2327796779 >> v2:172.21.15.186:3300/0 conn(0x7fa96014c990 msgr2=0x7fa96014edb0 unknown :-1 s=STATE_CONNECTION_ESTABLISHED l=0).read start len=32
2022-07-14T07:02:58.736 WARNING:scrape:Ignoring malparsed backtrace:
2022-07-13T19:38:25.991+0000 7fa95effd700 20 --1- 172.21.15.186:0/2327796779 >> v1:172.21.15.186:6789/0 conn(0x7fa9600684c0 0x7fa9600a9ee0 :-1 s=READ_MESSAGE_FRONT pgs=118 cs=1 l=1).read_message_footer ,
2022-07-13T19:38:25.991+0000 7fa95effd700 20 -- 172.21.15.186:0/2327796779 >> v1:172.21.15.186:6789/0 conn(0x7fa9600684c0 legacy=0x7fa9600a9ee0 unknown :-1 s=STATE_CONNECTION_ESTABLISHED l=1).read start len=21 ,
2022-07-13T19:38:25.991+0000 7fa95effd700 20 --1- 172.21.15.186:0/2327796779 >> v1:172.21.15.186:6789/0 conn(0x7fa9600684c0 0x7fa9600a9ee0 :-1 s=READ_FOOTER_AND_DISPATCH pgs=118 cs=1 l=1).handle_message_footer r=0
2022-07-14T07:02:58.737 WARNING:scrape:Ignoring malparsed backtrace:
2022-07-13T19:38:25.991+0000 7fa95ffff700 20 --2- 172.21.15.186:0/2327796779 >> [v2:172.21.15.186:3300/0,v1:172.21.15.186:6789/0] conn(0x7fa96014c990 0x7fa96014edb0 secure :-1 s=THROTTLE_DONE pgs=119 cs=0 l=1 rev1=1 crypto rx=0x7fa954009e60 tx=0x7fa954009780 comp rx=0 tx=0).read_frame_segment seg_idx=1 ,
2022-07-13T19:38:25.991+0000 7fa95ffff700 20 -- 172.21.15.186:0/2327796779 >> [v2:172.21.15.186:3300/0,v1:172.21.15.186:6789/0] conn(0x7fa96014c990 msgr2=0x7fa96014edb0 secure :-1 s=STATE_CONNECTION_ESTABLISHED l=1).read start len=416 ,
2022-07-13T19:38:25.991+0000 7fa95ffff700 20 --2- 172.21.15.186:0/2327796779 >> [v2:172.21.15.186:3300/0,v1:172.21.15.186:6789/0] conn(0x7fa96014c990 0x7fa96014edb0 secure :-1 s=THROTTLE_DONE pgs=119 cs=0 l=1 rev1=1 crypto rx=0x7fa954009e60 tx=0x7fa954009780 comp rx=0 tx=0).handle_read_frame_segment r=0
2022-07-14T07:02:58.738 WARNING:scrape:Ignoring malparsed backtrace:
2022-07-13T19:38:25.994+0000 7fa965b47700 20 CompressorRegistry(0x7fa9600aaad0) adding algorithm method: lz4 ,
2022-07-13T19:38:25.994+0000 7fa965b47700 20 CompressorRegistry(0x7fa9600aaad0) _parse_method_list snappy zlib zstd lz4 -> [1,2,3,4] ,
2022-07-13T19:38:25.994+0000 7fa965b47700 10 CompressorRegistry(0x7fa9600aaad0) _refresh_config ms_osd_compression_mode 0 ms_osd_compression_methods [1,2,3,4] ms_osd_compress_above_min_size 1024 ms_compress_secure 0
2022-07-14T07:02:58.738 WARNING:scrape:Ignoring malparsed backtrace:
2022-07-13T19:38:25.995+0000 7fa95f7fe700 20 --2- >> [v2:172.21.15.186:3300/0,v1:172.21.15.186:6789/0] conn(0x7fa9600684c0 0x7fa96014c050 unknown :-1 s=HELLO_CONNECTING pgs=0 cs=0 l=1 rev1=1 crypto rx=0 tx=0 comp rx=0 tx=0).read_frame_segment seg_idx=0 ,
2022-07-13T19:38:25.995+0000 7fa95effd700 20 --2- >> [v2:172.21.15.190:3300/0,v1:172.21.15.190:6789/0] conn(0x7fa9600ae4b0 0x7fa96009bd10 unknown :-1 s=HELLO_CONNECTING pgs=0 cs=0 l=1 rev1=1 crypto rx=0 tx=0 comp rx=0 tx=0).handle_read_frame_segment r=0 ,
2022-07-13T19:38:25.995+0000 7fa95f7fe700 20 -- >> [v2:172.21.15.186:3300/0,v1:172.21.15.186:6789/0] conn(0x7fa9600684c0 msgr2=0x7fa96014c050 unknown :-1 s=STATE_CONNECTION_ESTABLISHED l=1).read start len=40
2022-07-14T07:02:58.739 WARNING:scrape:Ignoring malparsed backtrace:
2022-07-13T19:38:25.996+0000 7fa95ffff700 20 --2- 172.21.15.186:0/1481001172 >> [v2:172.21.15.186:3301/0,v1:172.21.15.186:6790/0] conn(0x7fa96014c990 0x7fa960098a30 unknown :-1 s=AUTH_CONNECTING pgs=0 cs=0 l=1 rev1=1 crypto rx=0 tx=0 comp rx=0 tx=0).handle_auth_done payload.length()=840 ,
2022-07-13T19:38:25.996+0000 7fa95f7fe700 1 --2- 172.21.15.186:0/1481001172 >> [v2:172.21.15.186:3301/0,v1:172.21.15.186:6790/0] conn(0x7fa96014c990 0x7fa960098a30 unknown :-1 s=AUTH_CONNECTING pgs=0 cs=0 l=1 rev1=1 crypto rx=0 tx=0 comp rx=0 tx=0).stop ,
2022-07-13T19:38:25.996+0000 7fa95f7fe700 5 --2- 172.21.15.186:0/1481001172 >> [v2:172.21.15.186:3301/0,v1:172.21.15.186:6790/0] conn(0x7fa96014c990 0x7fa960098a30 unknown :-1 s=AUTH_CONNECTING pgs=0 cs=0 l=1 rev1=1 crypto rx=0 tx=0 comp rx=0 tx=0).reset_recv_state
2022-07-14T07:02:58.740 WARNING:scrape:Ignoring malparsed backtrace:
2022-07-13T19:38:25.996+0000 7fa95f7fe700 20 --2- 172.21.15.186:0/1481001172 >> [v2:172.21.15.186:3300/0,v1:172.21.15.186:6789/0] conn(0x7fa9600684c0 0x7fa96014c050 secure :-1 s=THROTTLE_DONE pgs=120 cs=0 l=1 rev1=1 crypto rx=0x7fa94c01d440 tx=0x7fa94c018d40 comp rx=0 tx=0).read_frame_segment seg_idx=1 ,
2022-07-13T19:38:25.996+0000 7fa95f7fe700 20 -- 172.21.15.186:0/1481001172 >> [v2:172.21.15.186:3300/0,v1:172.21.15.186:6789/0] conn(0x7fa9600684c0 msgr2=0x7fa96014c050 secure :-1 s=STATE_CONNECTION_ESTABLISHED l=1).read start len=416 ,
2022-07-13T19:38:25.996+0000 7fa95f7fe700 20 --2- 172.21.15.186:0/1481001172 >> [v2:172.21.15.186:3300/0,v1:172.21.15.186:6789/0] conn(0x7fa9600684c0 0x7fa96014c050 secure :-1 s=THROTTLE_DONE pgs=120 cs=0 l=1 rev1=1 crypto rx=0x7fa94c01d440 tx=0x7fa94c018d40 comp rx=0 tx=0).handle_read_frame_segment r=0
2022-07-14T07:02:58.740 WARNING:scrape:Ignoring malparsed backtrace:
2022-07-13T19:38:25.998+0000 7fa95f7fe700 5 --2- 172.21.15.186:0/1481001172 >> [v2:172.21.15.186:3300/0,v1:172.21.15.186:6789/0] conn(0x7fa9600684c0 0x7fa96014c050 secure :-1 s=THROTTLE_DONE pgs=120 cs=0 l=1 rev1=1 crypto rx=0x7fa94c01d440 tx=0x7fa94c018d40 comp rx=0 tx=0).handle_message got 83319 + 0 + 0 byte message. envelope type=1796 src mon.0 off 0 ,
2022-07-13T19:38:25.998+0000 7fa965b47700 5 --2- 172.21.15.186:0/1481001172 >> [v2:172.21.15.186:3300/0,v1:172.21.15.186:6789/0] conn(0x7fa9600684c0 0x7fa96014c050 secure :-1 s=THROTTLE_DONE pgs=120 cs=0 l=1 rev1=1 crypto rx=0x7fa94c01d440 tx=0x7fa94c018d40 comp rx=0 tx=0).send_message enqueueing message m=0x7fa960073ce0 type=50 mon_command({"prefix": "get_command_descriptions"} v 0) v1 ,
2022-07-13T19:38:25.998+0000 7fa965b47700 15 --2- 172.21.15.186:0/1481001172 >> [v2:172.21.15.186:3300/0,v1:172.21.15.186:6789/0] conn(0x7fa9600684c0 0x7fa96014c050 secure :-1 s=THROTTLE_DONE pgs=120 cs=0 l=1 rev1=1 crypto rx=0x7fa94c01d440 tx=0x7fa94c018d40 comp rx=0 tx=0).send_message inline write is denied, reschedule m=0x7fa960073ce0
2022-07-14T07:02:58.741 WARNING:scrape:Ignoring malparsed backtrace:
2022-07-13T19:38:25.999+0000 7fa95effd700 10 --2- 172.21.15.186:0/1481001172 >> v2:172.21.15.186:6800/117176 conn(0x7fa948064fa0 0x7fa9480674b0 unknown :-1 s=AUTH_CONNECTING pgs=0 cs=0 l=1 rev1=1 crypto rx=0 tx=0 comp rx=0 tx=0).handle_read_frame_dispatch tag=6 ,
2022-07-13T19:38:25.999+0000 7fa95effd700 20 --2- 172.21.15.186:0/1481001172 >> v2:172.21.15.186:6800/117176 conn(0x7fa948064fa0 0x7fa9480674b0 unknown :-1 s=AUTH_CONNECTING pgs=0 cs=0 l=1 rev1=1 crypto rx=0 tx=0 comp rx=0 tx=0).handle_auth_done payload.length()=116 ,
2022-07-13T19:38:25.999+0000 7fa95effd700 15 authenticated_encrypt_update plaintext.length()=80 buffer.length()=80
2022-07-14T07:02:58.742 WARNING:scrape:Ignoring malparsed backtrace:
2022-07-13T19:38:26.829+0000 7fa95f7fe700 10 --2- 172.21.15.186:0/1481001172 >> [v2:172.21.15.186:3300/0,v1:172.21.15.186:6789/0] conn(0x7fa9600684c0 0x7fa96014c050 secure :-1 s=THROTTLE_DONE pgs=120 cs=0 l=1 rev1=1 crypto rx=0x7fa94c01d440 tx=0x7fa94c018d40 comp rx=0 tx=0).handle_read_frame_dispatch tag=17 ,
2022-07-13T19:38:26.829+0000 7fa95f7fe700 20 --2- 172.21.15.186:0/1481001172 >> [v2:172.21.15.186:3300/0,v1:172.21.15.186:6789/0] conn(0x7fa9600684c0 0x7fa96014c050 secure :-1 s=THROTTLE_DONE pgs=120 cs=0 l=1 rev1=1 crypto rx=0x7fa94c01d440 tx=0x7fa94c018d40 comp rx=0 tx=0).handle_message ,
2022-07-13T19:38:26.829+0000 7fa95f7fe700 5 --2- 172.21.15.186:0/1481001172 >> [v2:172.21.15.186:3300/0,v1:172.21.15.186:6789/0] conn(0x7fa9600684c0 0x7fa96014c050 secure :-1 s=THROTTLE_DONE pgs=120 cs=0 l=1 rev1=1 crypto rx=0x7fa94c01d440 tx=0x7fa94c018d40 comp rx=0 tx=0).handle_message got 113 + 0 + 0 byte message. envelope type=51 src mon.0 off 0
2022-07-14T07:02:58.743 WARNING:scrape:Ignoring malparsed backtrace:
2022-07-13T19:38:26.996+0000 7f78089f6700 20 -- >> v2:172.21.15.190:3300/0 conn(0x7f78040ad9b0 msgr2=0x7f78040ae700 unknown :-1 s=STATE_CONNECTING l=0).process ,
2022-07-13T19:38:26.996+0000 7f780ac5a700 10 -- >> v1:172.21.15.190:6789/0 conn(0x7f78040ad0d0 legacy=0x7f78041434c0 unknown :-1 s=STATE_NONE l=0)._connect ,
2022-07-13T19:38:26.996+0000 7f780ac5a700 20 Event(0x7f7804069aa0 nevent=5000 time_id=1).wakeup
2022-07-14T07:02:58.743 WARNING:scrape:Ignoring malparsed backtrace:
2022-07-13T19:38:26.996+0000 7f78089f6700 20 -- 172.21.15.186:0/3297381207 >> v2:172.21.15.190:3300/0 conn(0x7f78040ad9b0 msgr2=0x7f78040ae700 unknown :-1 s=STATE_CONNECTION_ESTABLISHED l=0).read start len=40 ,
2022-07-13T19:38:26.996+0000 7f77fbfff700 10 -- 172.21.15.186:0/3297381207 >> v1:172.21.15.190:6789/0 conn(0x7f78040ad0d0 legacy=0x7f78041434c0 unknown :-1 s=STATE_CONNECTION_ESTABLISHED l=0)._try_send sent bytes 136 remaining bytes 0 ,
2022-07-13T19:38:26.996+0000 7f77fbfff700 20 --1- 172.21.15.186:0/3297381207 >> v1:172.21.15.190:6789/0 conn(0x7f78040ad0d0 0x7f78041434c0 :-1 s=CONNECTING_WAIT_BANNER_AND_IDENTIFY pgs=0 cs=0 l=0).handle_my_addr_write r=0
2022-07-14T07:02:58.744 WARNING:scrape:Ignoring malparsed backtrace:
2022-07-13T19:38:26.996+0000 7f78091f7700 20 -- 172.21.15.186:0/3297381207 >> v2:172.21.15.186:3300/0 conn(0x7f78040af650 msgr2=0x7f78040afa60 unknown :-1 s=STATE_CONNECTION_ESTABLISHED l=0).process ,
2022-07-13T19:38:26.996+0000 7f78091f7700 20 -- 172.21.15.186:0/3297381207 >> v2:172.21.15.186:3300/0 conn(0x7f78040af650 msgr2=0x7f78040afa60 unknown :-1 s=STATE_CONNECTION_ESTABLISHED l=0).read continue len=32 ,
2022-07-13T19:38:26.996+0000 7f77fbfff700 20 -- 172.21.15.186:0/3297381207 >> v1:172.21.15.190:6789/0 conn(0x7f78040ad0d0 legacy=0x7f78041434c0 unknown :-1 s=STATE_CONNECTION_ESTABLISHED l=1).process
2022-07-14T07:02:58.744 WARNING:scrape:Ignoring malparsed backtrace:
2022-07-13T19:38:26.997+0000 7f78089f6700 20 --2- 172.21.15.186:0/3297381207 >> v2:172.21.15.190:3300/0 conn(0x7f78040ad9b0 0x7f78040ae700 secure :-1 s=SESSION_CONNECTING pgs=0 cs=0 l=0 rev1=1 crypto rx=0x7f77f400f5e0 tx=0x7f77f4005a00 comp rx=0 tx=0).handle_read_frame_segment r=0 ,
2022-07-13T19:38:26.997+0000 7f78089f6700 10 --2- 172.21.15.186:0/3297381207 >> v2:172.21.15.190:3300/0 conn(0x7f78040ad9b0 0x7f78040ae700 secure :-1 s=SESSION_CONNECTING pgs=0 cs=0 l=0 rev1=1 crypto rx=0x7f77f400f5e0 tx=0x7f77f4005a00 comp rx=0 tx=0).handle_read_frame_dispatch tag=9 ,
2022-07-13T19:38:26.997+0000 7f78089f6700 20 --2- 172.21.15.186:0/3297381207 >> v2:172.21.15.190:3300/0 conn(0x7f78040ad9b0 0x7f78040ae700 secure :-1 s=SESSION_CONNECTING pgs=0 cs=0 l=0 rev1=1 crypto rx=0x7f77f400f5e0 tx=0x7f77f4005a00 comp rx=0 tx=0).handle_server_ident payload.length()=123
2022-07-14T07:02:58.745 WARNING:scrape:Ignoring malparsed backtrace:
2022-07-13T19:38:26.998+0000 7f780ac5a700 10 -- 172.21.15.186:0/3297381207 shutdown 172.21.15.186:0/3297381207 ,
2022-07-13T19:38:26.998+0000 7f780ac5a700 10 Processor -- stop ,
2022-07-13T19:38:26.998+0000 7f780ac5a700 20 Event(0x7f78040b6e70 nevent=5000 time_id=2).wakeup
2022-07-14T07:02:58.746 WARNING:scrape:Ignoring malparsed backtrace:
2022-07-13T19:38:27.000+0000 7f78089f6700 20 -- >> [v2:172.21.15.186:3300/0,v1:172.21.15.186:6789/0] conn(0x7f78040ad0d0 msgr2=0x7f780406cf40 unknown :-1 s=STATE_CONNECTION_ESTABLISHED l=1).read start len=32 ,
2022-07-13T19:38:27.000+0000 7f78089f6700 20 --2- >> [v2:172.21.15.186:3300/0,v1:172.21.15.186:6789/0] conn(0x7f78040ad0d0 0x7f780406cf40 unknown :-1 s=HELLO_CONNECTING pgs=0 cs=0 l=1 rev1=1 crypto rx=0 tx=0 comp rx=0 tx=0).handle_read_frame_preamble_main r=0 ,
2022-07-13T19:38:27.000+0000 7f78091f7700 20 Event(0x7f78040b6e70 nevent=5000 time_id=3).create_file_event create event started fd=18 mask=1 original mask is 0
2022-07-14T07:02:58.747 WARNING:scrape:Ignoring malparsed backtrace:
2022-07-13T19:38:27.001+0000 7f77fbfff700 20 --2- 172.21.15.186:0/1047444805 >> [v2:172.21.15.186:3301/0,v1:172.21.15.186:6790/0] conn(0x7f78040ad9b0 0x7f780414b330 unknown :-1 s=AUTH_CONNECTING pgs=0 cs=0 l=1 rev1=1 crypto rx=0 tx=0 comp rx=0 tx=0).handle_auth_reply_more payload.length()=13 ,
2022-07-13T19:38:27.001+0000 7f78091f7700 20 --2- 172.21.15.186:0/1047444805 >> [v2:172.21.15.190:3300/0,v1:172.21.15.190:6789/0] conn(0x7f78040af650 0x7f780406da60 unknown :-1 s=AUTH_CONNECTING pgs=0 cs=0 l=1 rev1=1 crypto rx=0 tx=0 comp rx=0 tx=0).handle_read_frame_segment r=0 ,
2022-07-13T19:38:27.001+0000 7f77fbfff700 5 --2- 172.21.15.186:0/1047444805 >> [v2:172.21.15.186:3301/0,v1:172.21.15.186:6790/0] conn(0x7f78040ad9b0 0x7f780414b330 unknown :-1 s=AUTH_CONNECTING pgs=0 cs=0 l=1 rev1=1 crypto rx=0 tx=0 comp rx=0 tx=0).handle_auth_reply_more auth reply more len=9
2022-07-14T07:02:58.747 WARNING:scrape:Ignoring malparsed backtrace:
2022-07-13T19:38:27.001+0000 7f78089f6700 15 authenticated_encrypt_update plaintext.length()=64 buffer.length()=64 ,
2022-07-13T19:38:27.001+0000 7f78089f6700 15 authenticated_encrypt_update plaintext.length()=16 buffer.length()=80 ,
2022-07-13T19:38:27.001+0000 7f78089f6700 15 authenticated_encrypt_final buffer.length()=96 final_len=0
2022-07-14T07:02:58.748 WARNING:scrape:Ignoring malparsed backtrace:
2022-07-13T19:38:27.002+0000 7f78089f6700 10 -- 172.21.15.186:0/1047444805 >> [v2:172.21.15.186:3300/0,v1:172.21.15.186:6789/0] conn(0x7f78040ad0d0 msgr2=0x7f780406cf40 secure :-1 s=STATE_CONNECTION_ESTABLISHED l=1)._try_send sent bytes 176 remaining bytes 0 ,
2022-07-13T19:38:27.002+0000 7f78089f6700 10 --2- 172.21.15.186:0/1047444805 >> [v2:172.21.15.186:3300/0,v1:172.21.15.186:6789/0] conn(0x7f78040ad0d0 0x7f780406cf40 secure :-1 s=READY pgs=121 cs=0 l=1 rev1=1 crypto rx=0x7f77f400d000 tx=0x7f77f4015000 comp rx=0 tx=0).write_message sending 0x7f780406dfa0 done. ,
2022-07-13T19:38:27.002+0000 7f78089f6700 20 -- 172.21.15.186:0/1047444805 >> [v2:172.21.15.186:3300/0,v1:172.21.15.186:6789/0] conn(0x7f78040ad0d0 msgr2=0x7f780406cf40 secure :-1 s=STATE_CONNECTION_ESTABLISHED l=1).process
2022-07-14T07:02:58.748 WARNING:scrape:Ignoring malparsed backtrace:
2022-07-13T19:38:27.004+0000 7f77fbfff700 20 -- 172.21.15.186:0/1047444805 >> v2:172.21.15.186:6800/117176 conn(0x7f77e4064fd0 msgr2=0x7f77e40674e0 unknown :-1 s=STATE_CONNECTION_ESTABLISHED l=1).read continue len=32 ,
2022-07-13T19:38:27.004+0000 7f77fbfff700 20 --2- 172.21.15.186:0/1047444805 >> v2:172.21.15.186:6800/117176 conn(0x7f77e4064fd0 0x7f77e40674e0 unknown :-1 s=AUTH_CONNECTING pgs=0 cs=0 l=1 rev1=1 crypto rx=0 tx=0 comp rx=0 tx=0).handle_read_frame_preamble_main r=0 ,
2022-07-13T19:38:27.004+0000 7f77fbfff700 20 --2- 172.21.15.186:0/1047444805 >> v2:172.21.15.186:6800/117176 conn(0x7f77e4064fd0 0x7f77e40674e0 unknown :-1 s=AUTH_CONNECTING pgs=0 cs=0 l=1 rev1=1 crypto rx=0 tx=0 comp rx=0 tx=0).read_frame_segment seg_idx=0
2022-07-14T07:02:58.749 WARNING:scrape:Ignoring malparsed backtrace:
2022-07-13T19:38:27.379+0000 7f78089f6700 20 --2- 172.21.15.186:0/1047444805 >> [v2:172.21.15.186:3300/0,v1:172.21.15.186:6789/0] conn(0x7f78040ad0d0 0x7f780406cf40 secure :-1 s=READY pgs=121 cs=0 l=1 rev1=1 crypto rx=0x7f77f400d000 tx=0x7f77f4015000 comp rx=0 tx=0).write_message sending m=0x7f7804073ce0 seq=6 src=client.4572 off=0 ,
2022-07-13T19:38:27.379+0000 7f78089f6700 10 -- 172.21.15.186:0/1047444805 >> [v2:172.21.15.186:3300/0,v1:172.21.15.186:6789/0] conn(0x7f78040ad0d0 msgr2=0x7f780406cf40 secure :-1 s=STATE_CONNECTION_ESTABLISHED l=1)._try_send sent bytes 240 remaining bytes 0 ,
2022-07-13T19:38:27.379+0000 7f78089f6700 10 --2- 172.21.15.186:0/1047444805 >> [v2:172.21.15.186:3300/0,v1:172.21.15.186:6789/0] conn(0x7f78040ad0d0 0x7f780406cf40 secure :-1 s=READY pgs=121 cs=0 l=1 rev1=1 crypto rx=0x7f77f400d000 tx=0x7f77f4015000 comp rx=0 tx=0).write_message sending 0x7f7804073ce0 done.
2022-07-14T07:02:58.750 WARNING:scrape:Ignoring malparsed backtrace:
2022-07-13T19:38:28.038+0000 7f18e5d9b700 20 EpollDriver.add_event add event fd=11 cur_mask=0 add_mask=1 to 10 ,
2022-07-13T19:38:28.038+0000 7f18e5d9b700 20 Event(0x7f18e806b1a0 nevent=5000 time_id=1).create_file_event create event end fd=11 mask=1 current mask is 1 ,
2022-07-13T19:38:28.038+0000 7f18e5d9b700 10 stack operator() starting
2022-07-14T07:02:58.750 WARNING:scrape:Ignoring malparsed backtrace:
2022-07-13T19:38:28.040+0000 7f18e6d9d700 20 -- 172.21.15.186:0/223793039 >> v1:172.21.15.190:6789/0 conn(0x7f18e813f160 legacy=0x7f18e80aca50 unknown :-1 s=STATE_CONNECTION_ESTABLISHED l=0).read continue len=281 ,
2022-07-13T19:38:28.040+0000 7f18e5d9b700 20 --2- 172.21.15.186:0/223793039 >> v2:172.21.15.190:3300/0 conn(0x7f18e80ab9f0 0x7f18e813ec20 unknown :-1 s=BANNER_CONNECTING pgs=0 cs=0 l=0 rev1=0 crypto rx=0 tx=0 comp rx=0 tx=0)._handle_peer_banner r=0 ,
2022-07-13T19:38:28.040+0000 7f18e659c700 10 -- 172.21.15.186:0/223793039 >> v2:172.21.15.186:3300/0 conn(0x7f18e8068540 msgr2=0x7f18e80ab4b0 unknown :-1 s=STATE_CONNECTION_ESTABLISHED l=0)._try_send sent bytes 78 remaining bytes 0
2022-07-14T07:02:58.751 WARNING:scrape:Ignoring malparsed backtrace:
2022-07-13T19:38:28.040+0000 7f18e659c700 20 --2- 172.21.15.186:0/223793039 >> v2:172.21.15.186:3300/0 conn(0x7f18e8068540 0x7f18e80ab4b0 unknown :-1 s=AUTH_CONNECTING pgs=0 cs=0 l=0 rev1=1 crypto rx=0 tx=0 comp rx=0 tx=0).handle_read_frame_segment r=0 ,
2022-07-13T19:38:28.040+0000 7f18e6d9d700 20 --1- 172.21.15.186:0/223793039 >> v1:172.21.15.190:6789/0 conn(0x7f18e813f160 0x7f18e80aca50 :-1 s=OPENED pgs=107 cs=1 l=1).wait_message ,
2022-07-13T19:38:28.040+0000 7f18e659c700 10 --2- 172.21.15.186:0/223793039 >> v2:172.21.15.186:3300/0 conn(0x7f18e8068540 0x7f18e80ab4b0 unknown :-1 s=AUTH_CONNECTING pgs=0 cs=0 l=0 rev1=1 crypto rx=0 tx=0 comp rx=0 tx=0).handle_read_frame_dispatch tag=6
2022-07-14T07:02:58.752 WARNING:scrape:Ignoring malparsed backtrace:
2022-07-13T19:38:28.040+0000 7f18e659c700 20 -- 172.21.15.186:0/223793039 >> [v2:172.21.15.186:3300/0,v1:172.21.15.186:6789/0] conn(0x7f18e8068540 msgr2=0x7f18e80ab4b0 secure :-1 s=STATE_CONNECTION_ESTABLISHED l=1).read start len=416 ,
2022-07-13T19:38:28.040+0000 7f18e659c700 20 --2- 172.21.15.186:0/223793039 >> [v2:172.21.15.186:3300/0,v1:172.21.15.186:6789/0] conn(0x7f18e8068540 0x7f18e80ab4b0 secure :-1 s=THROTTLE_DONE pgs=122 cs=0 l=1 rev1=1 crypto rx=0x7f18e8072940 tx=0x7f18dc0090f0 comp rx=0 tx=0).handle_read_frame_segment r=0 ,
2022-07-13T19:38:28.040+0000 7f18e659c700 20 -- 172.21.15.186:0/223793039 >> [v2:172.21.15.186:3300/0,v1:172.21.15.186:6789/0] conn(0x7f18e8068540 msgr2=0x7f18e80ab4b0 secure :-1 s=STATE_CONNECTION_ESTABLISHED l=1).read start len=32
2022-07-14T07:02:58.752 WARNING:scrape:Ignoring malparsed backtrace:
2022-07-13T19:38:28.043+0000 7f18eca51700 10 CompressorRegistry(0x7f18e8088580) _refresh_config ms_osd_compression_mode 0 ms_osd_compression_methods [1,2,3,4] ms_osd_compress_above_min_size 1024 ms_compress_secure 0 ,
2022-07-13T19:38:28.043+0000 7f18eca51700 10 -- ready ,
2022-07-13T19:38:28.043+0000 7f18eca51700 1 Processor -- start
2022-07-14T07:02:58.753 WARNING:scrape:Ignoring malparsed backtrace:
2022-07-13T19:38:28.044+0000 7f18e6d9d700 20 --2- 172.21.15.186:0/3827991433 >> [v2:172.21.15.190:3300/0,v1:172.21.15.190:6789/0] conn(0x7f18e813f160 0x7f18e812e3c0 unknown :-1 s=BANNER_CONNECTING pgs=0 cs=0 l=1 rev1=0 crypto rx=0 tx=0 comp rx=0 tx=0)._handle_peer_banner_payload r=0 ,
2022-07-13T19:38:28.044+0000 7f18e659c700 20 --2- 172.21.15.186:0/3827991433 >> [v2:172.21.15.186:3300/0,v1:172.21.15.186:6789/0] conn(0x7f18e8068540 0x7f18e80a7fe0 unknown :-1 s=BANNER_CONNECTING pgs=0 cs=0 l=1 rev1=0 crypto rx=0 tx=0 comp rx=0 tx=0)._handle_peer_banner_payload r=0 ,
2022-07-13T19:38:28.044+0000 7f18e6d9d700 1 --2- 172.21.15.186:0/3827991433 >> [v2:172.21.15.190:3300/0,v1:172.21.15.190:6789/0] conn(0x7f18e813f160 0x7f18e812e3c0 unknown :-1 s=BANNER_CONNECTING pgs=0 cs=0 l=1 rev1=0 crypto rx=0 tx=0 comp rx=0 tx=0)._handle_peer_banner_payload supported=3 required=0
2022-07-14T07:02:58.754 WARNING:scrape:Ignoring malparsed backtrace:
2022-07-13T19:38:28.045+0000 7f18e5d9b700 10 --2- 172.21.15.186:0/3827991433 >> [v2:172.21.15.190:3300/0,v1:172.21.15.190:6789/0] conn(0x7f18e813f160 0x7f18e812e3c0 unknown :-1 s=AUTH_CONNECTING pgs=0 cs=0 l=1 rev1=1 crypto rx=0 tx=0 comp rx=0 tx=0).discard_out_queue started ,
2022-07-13T19:38:28.045+0000 7f18e5d9b700 20 --2- 172.21.15.186:0/3827991433 >> [v2:172.21.15.190:3300/0,v1:172.21.15.190:6789/0] conn(0x7f18e813f160 0x7f18e812e3c0 unknown :-1 s=AUTH_CONNECTING pgs=0 cs=0 l=1 rev1=1 crypto rx=0 tx=0 comp rx=0 tx=0).discard_out_queue discard mon_getmap magic: 0 v1 ,
2022-07-13T19:38:28.045+0000 7f18e659c700 10 --2- 172.21.15.186:0/3827991433 >> [v2:172.21.15.186:3300/0,v1:172.21.15.186:6789/0] conn(0x7f18e8068540 0x7f18e80a7fe0 unknown :-1 s=AUTH_CONNECTING pgs=0 cs=0 l=1 rev1=1 crypto rx=0 tx=0 comp rx=0 tx=0).handle_read_frame_dispatch tag=6
2022-07-14T07:02:58.754 WARNING:scrape:Ignoring malparsed backtrace:
2022-07-13T19:38:28.045+0000 7f18e5d9b700 20 --2- 172.21.15.186:0/3827991433 >> [v2:172.21.15.186:3301/0,v1:172.21.15.186:6790/0] conn(0x7f18e80ab9f0 0x7f18e80a3da0 secure :-1 s=THROTTLE_DONE pgs=61 cs=0 l=1 rev1=1 crypto rx=0x7f18d001f640 tx=0x7f18d001c040 comp rx=0 tx=0).handle_read_frame_segment r=0 ,
2022-07-13T19:38:28.045+0000 7f18e5d9b700 20 -- 172.21.15.186:0/3827991433 >> [v2:172.21.15.186:3301/0,v1:172.21.15.186:6790/0] conn(0x7f18e80ab9f0 msgr2=0x7f18e80a3da0 secure :-1 s=STATE_CONNECTION_ESTABLISHED l=1).read start len=32 ,
2022-07-13T19:38:28.045+0000 7f18e5d9b700 20 --2- 172.21.15.186:0/3827991433 >> [v2:172.21.15.186:3301/0,v1:172.21.15.186:6790/0] conn(0x7f18e80ab9f0 0x7f18e80a3da0 secure :-1 s=THROTTLE_DONE pgs=61 cs=0 l=1 rev1=1 crypto rx=0x7f18d001f640 tx=0x7f18d001c040 comp rx=0 tx=0).handle_read_frame_epilogue_main r=0
2022-07-14T07:02:58.755 WARNING:scrape:Ignoring malparsed backtrace:
2022-07-13T19:38:28.047+0000 7f18e5d9b700 20 --2- 172.21.15.186:0/3827991433 >> [v2:172.21.15.186:3301/0,v1:172.21.15.186:6790/0] conn(0x7f18e80ab9f0 0x7f18e80a3da0 secure :-1 s=READY pgs=61 cs=0 l=1 rev1=1 crypto rx=0x7f18d001f640 tx=0x7f18d001c040 comp rx=0 tx=0).read_frame ,
2022-07-13T19:38:28.047+0000 7f18e5d9b700 20 -- 172.21.15.186:0/3827991433 >> [v2:172.21.15.186:3301/0,v1:172.21.15.186:6790/0] conn(0x7f18e80ab9f0 msgr2=0x7f18e80a3da0 secure :-1 s=STATE_CONNECTION_ESTABLISHED l=1).read start len=96 ,
2022-07-13T19:38:28.047+0000 7f18d67fc700 1 -- 172.21.15.186:0/3827991433 <== mon.2 v2:172.21.15.186:3301/0 4 ==== mgrmap(e 5) v1 ==== 83319+0+0 (secure 0 0 0) 0x7f18d002a020 con 0x7f18e80ab9f0
2022-07-14T07:02:58.756 WARNING:scrape:Ignoring malparsed backtrace:
2022-07-13T19:38:28.048+0000 7f18e659c700 15 authenticated_encrypt_update plaintext.length()=80 buffer.length()=80 ,
2022-07-13T19:38:28.048+0000 7f18e659c700 15 authenticated_encrypt_final buffer.length()=96 final_len=0 ,
2022-07-13T19:38:28.048+0000 7f18e659c700 10 -- 172.21.15.186:0/3827991433 >> v2:172.21.15.186:6800/117176 conn(0x7f18c4064fa0 msgr2=0x7f18c40674b0 secure :-1 s=STATE_CONNECTION_ESTABLISHED l=1)._try_send sent bytes 96 remaining bytes 0
2022-07-14T07:02:58.756 WARNING:scrape:Ignoring malparsed backtrace:
2022-07-13T19:38:28.846+0000 7f18e5d9b700 5 --2- 172.21.15.186:0/3827991433 >> [v2:172.21.15.186:3301/0,v1:172.21.15.186:6790/0] conn(0x7f18e80ab9f0 0x7f18e80a3da0 secure :-1 s=THROTTLE_DONE pgs=61 cs=0 l=1 rev1=1 crypto rx=0x7f18d001f640 tx=0x7f18d001c040 comp rx=0 tx=0).handle_message got 113 + 0 + 0 byte message. envelope type=51 src mon.2 off 0 ,
2022-07-13T19:38:28.846+0000 7f18e5d9b700 5 --2- 172.21.15.186:0/3827991433 >> [v2:172.21.15.186:3301/0,v1:172.21.15.186:6790/0] conn(0x7f18e80ab9f0 0x7f18e80a3da0 secure :-1 s=READ_MESSAGE_COMPLETE pgs=61 cs=0 l=1 rev1=1 crypto rx=0x7f18d001f640 tx=0x7f18d001c040 comp rx=0 tx=0).handle_message received message m=0x7f18e812e070 seq=7 from=mon.2 type=51 mon_command_ack([{"prefix": "osd reweight", "id": 7, "weight": 1.0}]=0 reweighted osd.7 to 1 (10000) v40) v1 ,
2022-07-13T19:38:28.846+0000 7f18e5d9b700 20 -- 172.21.15.186:0/3827991433 queue 0x7f18e812e070 prio 196
2022-07-14T07:02:58.757 WARNING:scrape:Ignoring malparsed backtrace:
2022-07-13T19:38:29.005+0000 7fabb05d7700 10 -- create_connect 0x7faba80abbc0 [v2:172.21.15.186:3301/0,v1:172.21.15.186:6790/0] [v2:172.21.15.186:3301/0,v1:172.21.15.186:6790/0] ,
2022-07-13T19:38:29.005+0000 7fabb05d7700 10 -- connect_to [v2:172.21.15.186:3301/0,v1:172.21.15.186:6790/0] new 0x7faba80abbc0 ,
2022-07-13T19:38:29.005+0000 7fabb05d7700 10 -- create_connect v2:172.21.15.186:3300/0, creating connection and registering
2022-07-14T07:02:58.758 WARNING:scrape:Ignoring malparsed backtrace:
2022-07-13T19:38:29.005+0000 7fabaeb74700 20 --2- 172.21.15.186:0/3861028896 >> v2:172.21.15.186:3300/0 conn(0x7faba813f160 0x7faba813d8c0 unknown :-1 s=BANNER_CONNECTING pgs=0 cs=0 l=0 rev1=0 crypto rx=0 tx=0 comp rx=0 tx=0)._handle_peer_banner r=0 ,
2022-07-13T19:38:29.005+0000 7fabaeb74700 20 -- 172.21.15.186:0/3861028896 >> v2:172.21.15.186:3300/0 conn(0x7faba813f160 msgr2=0x7faba813d8c0 unknown :-1 s=STATE_CONNECTION_ESTABLISHED l=0).read start len=16 ,
2022-07-13T19:38:29.005+0000 7fabaeb74700 20 --2- 172.21.15.186:0/3861028896 >> v2:172.21.15.186:3300/0 conn(0x7faba813f160 0x7faba813d8c0 unknown :-1 s=BANNER_CONNECTING pgs=0 cs=0 l=0 rev1=0 crypto rx=0 tx=0 comp rx=0 tx=0)._handle_peer_banner_payload r=0
2022-07-14T07:02:58.758 WARNING:scrape:Ignoring malparsed backtrace:
2022-07-13T19:38:29.006+0000 7fabadb72700 10 -- 172.21.15.186:0/3861028896 >> [v2:172.21.15.186:3301/0,v1:172.21.15.186:6790/0] conn(0x7faba80abbc0 msgr2=0x7faba813ec20 secure :-1 s=STATE_CONNECTION_ESTABLISHED l=0)._try_send sent bytes 96 remaining bytes 0 ,
2022-07-13T19:38:29.006+0000 7fabadb72700 20 --2- 172.21.15.186:0/3861028896 >> [v2:172.21.15.186:3301/0,v1:172.21.15.186:6790/0] conn(0x7faba80abbc0 0x7faba813ec20 secure :-1 s=COMPRESSION_CONNECTING pgs=0 cs=0 l=0 rev1=1 crypto rx=0x7fab9c006fd0 tx=0x7fab9c0090f0 comp rx=0 tx=0).read_frame ,
2022-07-13T19:38:29.006+0000 7fabadb72700 20 -- 172.21.15.186:0/3861028896 >> [v2:172.21.15.186:3301/0,v1:172.21.15.186:6790/0] conn(0x7faba80abbc0 msgr2=0x7faba813ec20 secure :-1 s=STATE_CONNECTION_ESTABLISHED l=0).read start len=96
2022-07-14T07:02:58.759 WARNING:scrape:Ignoring malparsed backtrace:
2022-07-13T19:38:29.006+0000 7fabadb72700 20 --2- 172.21.15.186:0/3861028896 >> [v2:172.21.15.186:3301/0,v1:172.21.15.186:6790/0] conn(0x7faba80abbc0 0x7faba813ec20 secure :-1 s=THROTTLE_DONE pgs=62 cs=0 l=1 rev1=1 crypto rx=0x7fab9c006fd0 tx=0x7fab9c0090f0 comp rx=0 tx=0).handle_read_frame_segment r=0 ,
2022-07-13T19:38:29.006+0000 7fabadb72700 20 -- 172.21.15.186:0/3861028896 >> [v2:172.21.15.186:3301/0,v1:172.21.15.186:6790/0] conn(0x7faba80abbc0 msgr2=0x7faba813ec20 secure :-1 s=STATE_CONNECTION_ESTABLISHED l=1).read start len=32 ,
2022-07-13T19:38:29.006+0000 7fabadb72700 20 --2- 172.21.15.186:0/3861028896 >> [v2:172.21.15.186:3301/0,v1:172.21.15.186:6790/0] conn(0x7faba80abbc0 0x7faba813ec20 secure :-1 s=THROTTLE_DONE pgs=62 cs=0 l=1 rev1=1 crypto rx=0x7fab9c006fd0 tx=0x7fab9c0090f0 comp rx=0 tx=0).handle_read_frame_epilogue_main r=0
2022-07-14T07:02:58.760 WARNING:scrape:Ignoring malparsed backtrace:
2022-07-13T19:38:29.010+0000 7fabae373700 20 -- >> [v2:172.21.15.190:3300/0,v1:172.21.15.190:6789/0] conn(0x7faba8068540 msgr2=0x7faba809bad0 unknown :-1 s=STATE_CONNECTING l=1).process ,
2022-07-13T19:38:29.010+0000 7fabadb72700 20 -- >> [v2:172.21.15.186:3300/0,v1:172.21.15.186:6789/0] conn(0x7faba80abbc0 msgr2=0x7faba814bd30 unknown :-1 s=STATE_CONNECTING l=1).process ,
2022-07-13T19:38:29.010+0000 7fabaeb74700 10 -- >> [v2:172.21.15.186:3301/0,v1:172.21.15.186:6790/0] conn(0x7faba813f160 msgr2=0x7faba809a9a0 unknown :-1 s=STATE_CONNECTION_ESTABLISHED l=1)._try_send sent bytes 26 remaining bytes 0
2022-07-14T07:02:58.760 WARNING:scrape:Ignoring malparsed backtrace:
2022-07-13T19:38:29.010+0000 7fabadb72700 10 --2- 172.21.15.186:0/1502374142 >> [v2:172.21.15.186:3300/0,v1:172.21.15.186:6789/0] conn(0x7faba80abbc0 0x7faba814bd30 unknown :-1 s=AUTH_CONNECTING pgs=0 cs=0 l=1 rev1=1 crypto rx=0 tx=0 comp rx=0 tx=0).handle_read_frame_dispatch tag=4 ,
2022-07-13T19:38:29.010+0000 7fabadb72700 20 --2- 172.21.15.186:0/1502374142 >> [v2:172.21.15.186:3300/0,v1:172.21.15.186:6789/0] conn(0x7faba80abbc0 0x7faba814bd30 unknown :-1 s=AUTH_CONNECTING pgs=0 cs=0 l=1 rev1=1 crypto rx=0 tx=0 comp rx=0 tx=0).handle_auth_reply_more payload.length()=13 ,
2022-07-13T19:38:29.010+0000 7fabadb72700 5 --2- 172.21.15.186:0/1502374142 >> [v2:172.21.15.186:3300/0,v1:172.21.15.186:6789/0] conn(0x7faba80abbc0 0x7faba814bd30 unknown :-1 s=AUTH_CONNECTING pgs=0 cs=0 l=1 rev1=1 crypto rx=0 tx=0 comp rx=0 tx=0).handle_auth_reply_more auth reply more len=9
2022-07-14T07:02:58.761 WARNING:scrape:Ignoring malparsed backtrace:
2022-07-13T19:38:29.011+0000 7fabaeb74700 15 authenticated_encrypt_update plaintext.length()=80 buffer.length()=80 ,
2022-07-13T19:38:29.011+0000 7fabaeb74700 15 authenticated_encrypt_final buffer.length()=96 final_len=0 ,
2022-07-13T19:38:29.011+0000 7fabaeb74700 15 authenticated_encrypt_update plaintext.length()=80 buffer.length()=80
2022-07-14T07:02:58.762 WARNING:scrape:Ignoring malparsed backtrace:
2022-07-13T19:38:29.012+0000 7fabb05d7700 15 --2- 172.21.15.186:0/1502374142 >> [v2:172.21.15.186:3301/0,v1:172.21.15.186:6790/0] conn(0x7faba813f160 0x7faba809a9a0 secure :-1 s=THROTTLE_DONE pgs=63 cs=0 l=1 rev1=1 crypto rx=0x7faba400cf20 tx=0x7faba4007850 comp rx=0 tx=0).send_message inline write is denied, reschedule m=0x7faba809aee0 ,
2022-07-13T19:38:29.012+0000 7fabaeb74700 5 --2- 172.21.15.186:0/1502374142 >> [v2:172.21.15.186:3301/0,v1:172.21.15.186:6790/0] conn(0x7faba813f160 0x7faba809a9a0 secure :-1 s=THROTTLE_DONE pgs=63 cs=0 l=1 rev1=1 crypto rx=0x7faba400cf20 tx=0x7faba4007850 comp rx=0 tx=0).handle_message got 413 + 0 + 0 byte message. envelope type=4 src mon.2 off 0 ,
2022-07-13T19:38:29.012+0000 7fabaeb74700 5 --2- 172.21.15.186:0/1502374142 >> [v2:172.21.15.186:3301/0,v1:172.21.15.186:6790/0] conn(0x7faba813f160 0x7faba809a9a0 secure :-1 s=READ_MESSAGE_COMPLETE pgs=63 cs=0 l=1 rev1=1 crypto rx=0x7faba400cf20 tx=0x7faba4007850 comp rx=0 tx=0).handle_message received message m=0x7faba4003dc0 seq=3 from=mon.2 type=4 mon_map magic: 0 v1
2022-07-14T07:02:58.763 WARNING:scrape:Ignoring malparsed backtrace:
2022-07-13T19:38:29.014+0000 7fabae373700 20 --2- 172.21.15.186:0/1502374142 >> v2:172.21.15.186:6800/117176 conn(0x7fab88064fa0 0x7fab880674b0 unknown :-1 s=START_CONNECT pgs=0 cs=0 l=1 rev1=0 crypto rx=0 tx=0 comp rx=0 tx=0).read_event ,
2022-07-13T19:38:29.014+0000 7fabae373700 20 --2- 172.21.15.186:0/1502374142 >> v2:172.21.15.186:6800/117176 conn(0x7fab88064fa0 0x7fab880674b0 unknown :-1 s=START_CONNECT pgs=0 cs=0 l=1 rev1=0 crypto rx=0 tx=0 comp rx=0 tx=0).start_client_banner_exchange ,
2022-07-13T19:38:29.014+0000 7fabae373700 20 --2- 172.21.15.186:0/1502374142 >> v2:172.21.15.186:6800/117176 conn(0x7fab88064fa0 0x7fab880674b0 unknown :-1 s=BANNER_CONNECTING pgs=0 cs=0 l=1 rev1=0 crypto rx=0 tx=0 comp rx=0 tx=0)._banner_exchange
2022-07-14T07:02:58.763 WARNING:scrape:Ignoring malparsed backtrace:
2022-07-13T19:38:29.018+0000 7fabaeb74700 20 --2- 172.21.15.186:0/1502374142 >> [v2:172.21.15.186:3301/0,v1:172.21.15.186:6790/0] conn(0x7faba813f160 0x7faba809a9a0 secure :-1 s=THROTTLE_DONE pgs=63 cs=0 l=1 rev1=1 crypto rx=0x7faba400cf20 tx=0x7faba4007850 comp rx=0 tx=0).read_frame_segment seg_idx=3 ,
2022-07-13T19:38:29.018+0000 7fabaeb74700 20 -- 172.21.15.186:0/1502374142 >> [v2:172.21.15.186:3301/0,v1:172.21.15.186:6790/0] conn(0x7faba813f160 msgr2=0x7faba809a9a0 secure :-1 s=STATE_CONNECTION_ESTABLISHED l=1).read start len=167808 ,
2022-07-13T19:38:29.018+0000 7fabaeb74700 20 --2- 172.21.15.186:0/1502374142 >> [v2:172.21.15.186:3301/0,v1:172.21.15.186:6790/0] conn(0x7faba813f160 0x7faba809a9a0 secure :-1 s=THROTTLE_DONE pgs=63 cs=0 l=1 rev1=1 crypto rx=0x7faba400cf20 tx=0x7faba4007850 comp rx=0 tx=0).handle_read_frame_segment r=0
2022-07-14T07:02:58.764 WARNING:scrape:Ignoring malparsed backtrace:
2022-07-13T19:38:29.850+0000 7fabb05d7700 1 -- 172.21.15.186:0/1502374142 shutdown_connections ,
2022-07-13T19:38:29.850+0000 7fabb05d7700 5 -- 172.21.15.186:0/1502374142 shutdown_connections delete 0x7faba8064280 ,
2022-07-13T19:38:29.850+0000 7fabb05d7700 20 Event(0x7faba80b3290 nevent=5000 time_id=4).wakeup
