2022-07-13T19:38:48.623+0000 7f39194ba700 20 --2- 172.21.15.186:0/1904575595 >> v2:172.21.15.186:6800/117176 conn(0x7f38f4064fa0 0x7f38f40674b0 unknown :-1 s=HELLO_CONNECTING pgs=0 cs=0 l=1 rev1=1 crypto rx=0 tx=0 comp rx=0 tx=0).handle_read_frame_segment r=0
2022-07-14T07:02:59.096 WARNING:scrape:Ignoring malparsed backtrace:
2022-07-13T19:38:48.623+0000 7f39194ba700 20 --2- 172.21.15.186:0/1904575595 >> v2:172.21.15.186:6800/117176 conn(0x7f38f4064fa0 0x7f38f40674b0 secure :-1 s=SESSION_CONNECTING pgs=0 cs=0 l=1 rev1=1 crypto rx=0x7f3914068d70 tx=0x7f3904014000 comp rx=0 tx=0).handle_server_ident payload.length()=88 ,
2022-07-13T19:38:48.623+0000 7f39194ba700 5 --2- 172.21.15.186:0/1904575595 >> v2:172.21.15.186:6800/117176 conn(0x7f38f4064fa0 0x7f38f40674b0 secure :-1 s=SESSION_CONNECTING pgs=0 cs=0 l=1 rev1=1 crypto rx=0x7f3914068d70 tx=0x7f3904014000 comp rx=0 tx=0).handle_server_ident received server identification: addrs=v2:172.21.15.186:6800/117176 gid=4104 global_seq=125 features_supported=3f01cfbf7ffdffff features_required=800000000000000 flags=1 cookie=0 ,
2022-07-13T19:38:48.623+0000 7f39194ba700 10 --2- 172.21.15.186:0/1904575595 >> v2:172.21.15.186:6800/117176 conn(0x7f38f4064fa0 0x7f38f40674b0 secure :-1 s=SESSION_CONNECTING pgs=125 cs=0 l=1 rev1=1 crypto rx=0x7f3914068d70 tx=0x7f3904014000 comp rx=0 tx=0).handle_server_ident connect success 0, lossy = 1, features 4540138320759226367
2022-07-14T07:02:59.096 WARNING:scrape:Ignoring malparsed backtrace:
2022-07-13T19:38:48.633+0000 7f3918cb9700 20 --2- 172.21.15.186:0/1904575595 >> v2:172.21.15.190:6805/117642 conn(0x7f38f406b2e0 0x7f38f406d770 crc :-1 s=THROTTLE_DONE pgs=11 cs=0 l=1 rev1=1 crypto rx=0 tx=0 comp rx=0 tx=0).read_frame_segment seg_idx=3 ,
2022-07-13T19:38:48.633+0000 7f3918cb9700 20 -- 172.21.15.186:0/1904575595 >> v2:172.21.15.190:6805/117642 conn(0x7f38f406b2e0 msgr2=0x7f38f406d770 crc :-1 s=STATE_CONNECTION_ESTABLISHED l=1).read start len=4826 ,
2022-07-13T19:38:48.633+0000 7f3918cb9700 20 --2- 172.21.15.186:0/1904575595 >> v2:172.21.15.190:6805/117642 conn(0x7f38f406b2e0 0x7f38f406d770 crc :-1 s=THROTTLE_DONE pgs=11 cs=0 l=1 rev1=1 crypto rx=0 tx=0 comp rx=0 tx=0).handle_read_frame_segment r=0
2022-07-14T07:02:59.097 WARNING:scrape:Ignoring malparsed backtrace:
2022-07-13T19:38:48.638+0000 7f391b71e700 20 Event(0x7f39140b3310 nevent=5000 time_id=5).wakeup ,
2022-07-13T19:38:48.638+0000 7f391b71e700 20 Event(0x7f3914065dd0 nevent=5000 time_id=6).wakeup ,
2022-07-13T19:38:48.638+0000 7f3919cbb700 5 --1- 172.21.15.186:0/1904575595 >> 172.21.15.186:0/1904575595 conn(0x7f3914064280 0x7f391406ea10 :-1 s=CLOSED pgs=0 cs=0 l=0).reset_recv_state (warped) reseting security handlers
2022-07-14T07:02:59.098 WARNING:scrape:Ignoring malparsed backtrace:
2022-07-13T19:38:49.185+0000 7f19137fe700 10 -- >> v1:172.21.15.186:6789/0 conn(0x7f1914068610 legacy=0x7f19140ac030 unknown :-1 s=STATE_CONNECTION_ESTABLISHED l=0)._try_send sent bytes 0 remaining bytes 0 ,
2022-07-13T19:38:49.185+0000 7f1912ffd700 10 -- >> v2:172.21.15.190:3300/0 conn(0x7f19140a9680 msgr2=0x7f19140aa740 unknown :-1 s=STATE_CONNECTION_ESTABLISHED l=0)._try_send sent bytes 26 remaining bytes 0 ,
2022-07-13T19:38:49.185+0000 7f1913fff700 20 Event(0x7f19140b32e0 nevent=5000 time_id=2).create_file_event create event started fd=15 mask=1 original mask is 0
2022-07-14T07:02:59.098 WARNING:scrape:Ignoring malparsed backtrace:
2022-07-13T19:38:49.185+0000 7f1912ffd700 10 --2- 172.21.15.186:0/365845912 >> v2:172.21.15.190:3300/0 conn(0x7f19140a9680 0x7f19140aa740 unknown :-1 s=AUTH_CONNECTING pgs=0 cs=0 l=0 rev1=1 crypto rx=0 tx=0 comp rx=0 tx=0).handle_read_frame_dispatch tag=4 ,
2022-07-13T19:38:49.185+0000 7f19137fe700 20 --1- 172.21.15.186:0/365845912 >> v1:172.21.15.186:6789/0 conn(0x7f1914068610 0x7f19140ac030 :-1 s=OPENED pgs=176 cs=1 l=1).prepare_send_message encoding features 4540138320759226367 0x7f19140ab8b0 auth(proto 0 30 bytes epoch 0) v1 ,
2022-07-13T19:38:49.185+0000 7f1912ffd700 20 --2- 172.21.15.186:0/365845912 >> v2:172.21.15.190:3300/0 conn(0x7f19140a9680 0x7f19140aa740 unknown :-1 s=AUTH_CONNECTING pgs=0 cs=0 l=0 rev1=1 crypto rx=0 tx=0 comp rx=0 tx=0).handle_auth_reply_more payload.length()=13
2022-07-14T07:02:59.099 WARNING:scrape:Ignoring malparsed backtrace:
2022-07-13T19:38:49.185+0000 7f1912ffd700 20 --2- 172.21.15.186:0/365845912 >> v2:172.21.15.190:3300/0 conn(0x7f19140a9680 0x7f19140aa740 secure :-1 s=AUTH_CONNECTING_SIGN pgs=0 cs=0 l=0 rev1=1 crypto rx=0x7f19140ae880 tx=0x7f18fc01a100 comp rx=0 tx=0).read_frame ,
2022-07-13T19:38:49.185+0000 7f1912ffd700 20 -- 172.21.15.186:0/365845912 >> v2:172.21.15.190:3300/0 conn(0x7f19140a9680 msgr2=0x7f19140aa740 secure :-1 s=STATE_CONNECTION_ESTABLISHED l=0).read start len=96 ,
2022-07-13T19:38:49.185+0000 7f1912ffd700 20 --2- 172.21.15.186:0/365845912 >> v2:172.21.15.190:3300/0 conn(0x7f19140a9680 0x7f19140aa740 secure :-1 s=AUTH_CONNECTING_SIGN pgs=0 cs=0 l=0 rev1=1 crypto rx=0x7f19140ae880 tx=0x7f18fc01a100 comp rx=0 tx=0).handle_read_frame_preamble_main r=0
2022-07-14T07:02:59.100 WARNING:scrape:Ignoring malparsed backtrace:
2022-07-13T19:38:49.186+0000 7f1912ffd700 20 --2- 172.21.15.186:0/365845912 >> [v2:172.21.15.190:3300/0,v1:172.21.15.190:6789/0] conn(0x7f19140a9680 0x7f19140aa740 secure :-1 s=THROTTLE_BYTES pgs=154 cs=0 l=1 rev1=1 crypto rx=0x7f19140ae880 tx=0x7f18fc01a100 comp rx=0 tx=0).throttle_bytes ,
2022-07-13T19:38:49.186+0000 7f1912ffd700 20 --2- 172.21.15.186:0/365845912 >> [v2:172.21.15.190:3300/0,v1:172.21.15.190:6789/0] conn(0x7f19140a9680 0x7f19140aa740 secure :-1 s=THROTTLE_DISPATCH_QUEUE pgs=154 cs=0 l=1 rev1=1 crypto rx=0x7f19140ae880 tx=0x7f18fc01a100 comp rx=0 tx=0).throttle_dispatch_queue ,
2022-07-13T19:38:49.186+0000 7f1912ffd700 20 --2- 172.21.15.186:0/365845912 >> [v2:172.21.15.190:3300/0,v1:172.21.15.190:6789/0] conn(0x7f19140a9680 0x7f19140aa740 secure :-1 s=THROTTLE_DONE pgs=154 cs=0 l=1 rev1=1 crypto rx=0x7f19140ae880 tx=0x7f18fc01a100 comp rx=0 tx=0).read_frame_segment seg_idx=0
2022-07-14T07:02:59.101 WARNING:scrape:Ignoring malparsed backtrace:
2022-07-13T19:38:49.189+0000 7f19137fe700 20 --2- >> [v2:172.21.15.186:3301/0,v1:172.21.15.186:6790/0] conn(0x7f1914068610 0x7f191407d690 unknown :-1 s=START_CONNECT pgs=0 cs=0 l=1 rev1=0 crypto rx=0 tx=0 comp rx=0 tx=0).start_client_banner_exchange ,
2022-07-13T19:38:49.189+0000 7f1919cce700 5 --2- >> [v2:172.21.15.186:3300/0,v1:172.21.15.186:6789/0] conn(0x7f19140aac80 0x7f191413b540 unknown :-1 s=START_CONNECT pgs=0 cs=0 l=1 rev1=0 crypto rx=0 tx=0 comp rx=0 tx=0).send_message enqueueing message m=0x7f191407e3b0 type=5 mon_getmap magic: 0 v1 ,
2022-07-13T19:38:49.189+0000 7f19137fe700 20 --2- >> [v2:172.21.15.186:3301/0,v1:172.21.15.186:6790/0] conn(0x7f1914068610 0x7f191407d690 unknown :-1 s=BANNER_CONNECTING pgs=0 cs=0 l=1 rev1=0 crypto rx=0 tx=0 comp rx=0 tx=0)._banner_exchange
2022-07-14T07:02:59.101 WARNING:scrape:Ignoring malparsed backtrace:
2022-07-13T19:38:49.189+0000 7f1912ffd700 1 --2- 172.21.15.186:0/3124353458 >> [v2:172.21.15.190:3300/0,v1:172.21.15.190:6789/0] conn(0x7f19140a9680 0x7f191413b000 unknown :-1 s=BANNER_CONNECTING pgs=0 cs=0 l=1 rev1=0 crypto rx=0 tx=0 comp rx=0 tx=0)._handle_peer_banner_payload supported=3 required=0 ,
2022-07-13T19:38:49.189+0000 7f1912ffd700 10 -- 172.21.15.186:0/3124353458 >> [v2:172.21.15.190:3300/0,v1:172.21.15.190:6789/0] conn(0x7f19140a9680 msgr2=0x7f191413b000 unknown :-1 s=STATE_CONNECTION_ESTABLISHED l=1)._try_send sent bytes 72 remaining bytes 0 ,
2022-07-13T19:38:49.189+0000 7f1912ffd700 20 --2- 172.21.15.186:0/3124353458 >> [v2:172.21.15.190:3300/0,v1:172.21.15.190:6789/0] conn(0x7f19140a9680 0x7f191413b000 unknown :-1 s=HELLO_CONNECTING pgs=0 cs=0 l=1 rev1=1 crypto rx=0 tx=0 comp rx=0 tx=0).read_frame
2022-07-14T07:02:59.102 WARNING:scrape:Ignoring malparsed backtrace:
2022-07-13T19:38:49.190+0000 7f19137fe700 20 --2- 172.21.15.186:0/3124353458 >> [v2:172.21.15.186:3301/0,v1:172.21.15.186:6790/0] conn(0x7f1914068610 0x7f191407d690 secure :-1 s=SESSION_CONNECTING pgs=0 cs=0 l=1 rev1=1 crypto rx=0x7f190400d490 tx=0x7f1904006cd0 comp rx=0 tx=0).handle_read_frame_segment r=0 ,
2022-07-13T19:38:49.190+0000 7f19137fe700 10 --2- 172.21.15.186:0/3124353458 >> [v2:172.21.15.186:3301/0,v1:172.21.15.186:6790/0] conn(0x7f1914068610 0x7f191407d690 secure :-1 s=SESSION_CONNECTING pgs=0 cs=0 l=1 rev1=1 crypto rx=0x7f190400d490 tx=0x7f1904006cd0 comp rx=0 tx=0).handle_read_frame_dispatch tag=9 ,
2022-07-13T19:38:49.190+0000 7f19137fe700 20 --2- 172.21.15.186:0/3124353458 >> [v2:172.21.15.186:3301/0,v1:172.21.15.186:6790/0] conn(0x7f1914068610 0x7f191407d690 secure :-1 s=SESSION_CONNECTING pgs=0 cs=0 l=1 rev1=1 crypto rx=0x7f190400d490 tx=0x7f1904006cd0 comp rx=0 tx=0).handle_server_ident payload.length()=123
2022-07-14T07:02:59.103 WARNING:scrape:Ignoring malparsed backtrace:
2022-07-13T19:38:49.190+0000 7f19137fe700 15 authenticated_encrypt_update plaintext.length()=48 buffer.length()=48 ,
2022-07-13T19:38:49.190+0000 7f19137fe700 15 authenticated_encrypt_update plaintext.length()=16 buffer.length()=64 ,
2022-07-13T19:38:49.190+0000 7f19137fe700 15 authenticated_encrypt_final buffer.length()=80 final_len=0
2022-07-14T07:02:59.103 WARNING:scrape:Ignoring malparsed backtrace:
2022-07-13T19:38:49.192+0000 7f1912ffd700 10 -- 172.21.15.186:0/3124353458 >> v2:172.21.15.186:6800/117176 conn(0x7f18f4064fd0 msgr2=0x7f18f40674e0 unknown :-1 s=STATE_CONNECTION_ESTABLISHED l=1)._try_send sent bytes 72 remaining bytes 0 ,
2022-07-13T19:38:49.192+0000 7f1912ffd700 20 --2- 172.21.15.186:0/3124353458 >> v2:172.21.15.186:6800/117176 conn(0x7f18f4064fd0 0x7f18f40674e0 unknown :-1 s=HELLO_CONNECTING pgs=0 cs=0 l=1 rev1=1 crypto rx=0 tx=0 comp rx=0 tx=0).read_frame ,
2022-07-13T19:38:49.192+0000 7f1912ffd700 20 -- 172.21.15.186:0/3124353458 >> v2:172.21.15.186:6800/117176 conn(0x7f18f4064fd0 msgr2=0x7f18f40674e0 unknown :-1 s=STATE_CONNECTION_ESTABLISHED l=1).read start len=32
2022-07-14T07:02:59.104 WARNING:scrape:Ignoring malparsed backtrace:
2022-07-13T19:38:49.197+0000 7f19137fe700 5 --2- 172.21.15.186:0/3124353458 >> [v2:172.21.15.186:3301/0,v1:172.21.15.186:6790/0] conn(0x7f1914068610 0x7f191407d690 secure :-1 s=READ_MESSAGE_COMPLETE pgs=88 cs=0 l=1 rev1=1 crypto rx=0x7f190400d490 tx=0x7f1904006cd0 comp rx=0 tx=0).handle_message received message m=0x7f19040d2f90 seq=6 from=mon.2 type=51 mon_command_ack([{"prefix": "get_command_descriptions"}]=0 v0) v1 ,
2022-07-13T19:38:49.197+0000 7f19137fe700 20 -- 172.21.15.186:0/3124353458 queue 0x7f19040d2f90 prio 196 ,
2022-07-13T19:38:49.197+0000 7f19137fe700 20 --2- 172.21.15.186:0/3124353458 >> [v2:172.21.15.186:3301/0,v1:172.21.15.186:6790/0] conn(0x7f1914068610 0x7f191407d690 secure :-1 s=READY pgs=88 cs=0 l=1 rev1=1 crypto rx=0x7f190400d490 tx=0x7f1904006cd0 comp rx=0 tx=0).read_frame
2022-07-14T07:02:59.105 WARNING:scrape:Ignoring malparsed backtrace:
2022-07-13T19:38:49.538+0000 7f1919cce700 20 Event(0x7f191406b200 nevent=5000 time_id=6).wakeup , instructed osd(s) 6 to deep-scrub ,
2022-07-13T19:38:49.567 INFO:tasks.ceph:Scrubbing osd.7
2022-07-14T07:02:59.106 WARNING:scrape:Ignoring malparsed backtrace:
2022-07-13T19:38:49.737+0000 7ff249d9b700 10 --1- >> v1:172.21.15.186:6789/0 conn(0x7ff24c0ae8f0 0x7ff24c06cb10 :-1 s=CONNECTING_WAIT_BANNER_AND_IDENTIFY pgs=0 cs=0 l=0).write_event ,
2022-07-13T19:38:49.737+0000 7ff249d9b700 10 -- >> v1:172.21.15.186:6789/0 conn(0x7ff24c0ae8f0 legacy=0x7ff24c06cb10 unknown :-1 s=STATE_CONNECTION_ESTABLISHED l=0)._try_send sent bytes 0 remaining bytes 0 ,
2022-07-13T19:38:49.737+0000 7ff249d9b700 20 -- >> v1:172.21.15.186:6789/0 conn(0x7ff24c0ae8f0 legacy=0x7ff24c06cb10 unknown :-1 s=STATE_CONNECTION_ESTABLISHED l=0).process
2022-07-14T07:02:59.106 WARNING:scrape:Ignoring malparsed backtrace:
2022-07-13T19:38:49.738+0000 7ff24ad9d700 20 -- 172.21.15.186:0/1010055342 >> v1:172.21.15.190:6789/0 conn(0x7ff24c06d220 legacy=0x7ff24c13b790 unknown :-1 s=STATE_CONNECTION_ESTABLISHED l=0).read start len=8 ,
2022-07-13T19:38:49.738+0000 7ff249d9b700 20 --1- 172.21.15.186:0/1010055342 >> v1:172.21.15.186:6789/0 conn(0x7ff24c0ae8f0 0x7ff24c06cb10 :-1 s=OPENED pgs=177 cs=1 l=1).write_message no session security ,
2022-07-13T19:38:49.738+0000 7ff24ad9d700 20 --1- 172.21.15.186:0/1010055342 >> v1:172.21.15.190:6789/0 conn(0x7ff24c06d220 0x7ff24c13b790 :-1 s=CONNECTING_SEND_CONNECT_MSG pgs=0 cs=0 l=0).handle_ack_seq r=0
2022-07-14T07:02:59.107 WARNING:scrape:Ignoring malparsed backtrace:
2022-07-13T19:38:49.738+0000 7ff24a59c700 20 Event(0x7ff24c070890 nevent=5000 time_id=3).wakeup ,
2022-07-13T19:38:49.738+0000 7ff24a59c700 10 --1- 172.21.15.186:0/1010055342 >> v1:172.21.15.186:6789/0 conn(0x7ff24c0ae8f0 0x7ff24c06cb10 :-1 s=OPENED pgs=177 cs=1 l=1).discard_out_queue started ,
2022-07-13T19:38:49.738+0000 7ff249d9b700 5 --1- 172.21.15.186:0/1010055342 >> v1:172.21.15.186:6789/0 conn(0x7ff24c0ae8f0 0x7ff24c06cb10 :-1 s=CLOSED pgs=177 cs=1 l=1).reset_recv_state (warped) reseting security handlers
2022-07-14T07:02:59.108 WARNING:scrape:Ignoring malparsed backtrace:
2022-07-13T19:38:49.739+0000 7ff24a59c700 20 --2- 172.21.15.186:0/1010055342 >> [v2:172.21.15.190:3300/0,v1:172.21.15.190:6789/0] conn(0x7ff24c06e980 0x7ff24c0b2080 secure :-1 s=THROTTLE_DONE pgs=156 cs=0 l=1 rev1=1 crypto rx=0x7ff240005550 tx=0x7ff240009060 comp rx=0 tx=0).read_frame_segment seg_idx=1 ,
2022-07-13T19:38:49.739+0000 7ff24a59c700 20 -- 172.21.15.186:0/1010055342 >> [v2:172.21.15.190:3300/0,v1:172.21.15.190:6789/0] conn(0x7ff24c06e980 msgr2=0x7ff24c0b2080 secure :-1 s=STATE_CONNECTION_ESTABLISHED l=1).read start len=16 ,
2022-07-13T19:38:49.739+0000 7ff24a59c700 20 --2- 172.21.15.186:0/1010055342 >> [v2:172.21.15.190:3300/0,v1:172.21.15.190:6789/0] conn(0x7ff24c06e980 0x7ff24c0b2080 secure :-1 s=THROTTLE_DONE pgs=156 cs=0 l=1 rev1=1 crypto rx=0x7ff240005550 tx=0x7ff240009060 comp rx=0 tx=0).handle_read_frame_segment r=0
2022-07-14T07:02:59.108 WARNING:scrape:Ignoring malparsed backtrace:
2022-07-13T19:38:49.742+0000 7ff250ab0700 10 -- connect_to [v2:172.21.15.190:3300/0,v1:172.21.15.190:6789/0] new 0x7ff24c06e980 ,
2022-07-13T19:38:49.742+0000 7ff250ab0700 10 -- create_connect [v2:172.21.15.186:3301/0,v1:172.21.15.186:6790/0], creating connection and registering ,
2022-07-13T19:38:49.742+0000 7ff250ab0700 10 -- >> [v2:172.21.15.186:3301/0,v1:172.21.15.186:6790/0] conn(0x7ff24c0ae8f0 msgr2=0x7ff24c0a98a0 unknown :-1 s=STATE_NONE l=1)._connect
2022-07-14T07:02:59.109 WARNING:scrape:Ignoring malparsed backtrace:
2022-07-13T19:38:49.743+0000 7ff24ad9d700 5 --2- 172.21.15.186:0/1321805893 >> [v2:172.21.15.186:3301/0,v1:172.21.15.186:6790/0] conn(0x7ff24c0ae8f0 0x7ff24c0a98a0 unknown :-1 s=AUTH_CONNECTING pgs=0 cs=0 l=1 rev1=1 crypto rx=0 tx=0 comp rx=0 tx=0).handle_auth_reply_more auth reply more len=9 ,
2022-07-13T19:38:49.743+0000 7ff24a59c700 20 -- 172.21.15.186:0/1321805893 >> [v2:172.21.15.186:3300/0,v1:172.21.15.186:6789/0] conn(0x7ff24c06d220 msgr2=0x7ff24c13e4c0 unknown :-1 s=STATE_CONNECTION_ESTABLISHED l=1).process ,
2022-07-13T19:38:49.743+0000 7ff24ad9d700 10 -- 172.21.15.186:0/1321805893 >> [v2:172.21.15.186:3301/0,v1:172.21.15.186:6790/0] conn(0x7ff24c0ae8f0 msgr2=0x7ff24c0a98a0 unknown :-1 s=STATE_CONNECTION_ESTABLISHED l=1)._try_send sent bytes 76 remaining bytes 0
2022-07-14T07:02:59.110 WARNING:scrape:Ignoring malparsed backtrace:
2022-07-13T19:38:49.743+0000 7ff24ad9d700 15 authenticated_encrypt_final buffer.length()=96 final_len=0 ,
2022-07-13T19:38:49.743+0000 7ff24ad9d700 10 -- 172.21.15.186:0/1321805893 >> [v2:172.21.15.186:3301/0,v1:172.21.15.186:6790/0] conn(0x7ff24c0ae8f0 msgr2=0x7ff24c0a98a0 secure :-1 s=STATE_CONNECTION_ESTABLISHED l=1)._try_send sent bytes 96 remaining bytes 0 ,
2022-07-13T19:38:49.743+0000 7ff24ad9d700 20 --2- 172.21.15.186:0/1321805893 >> [v2:172.21.15.186:3301/0,v1:172.21.15.186:6790/0] conn(0x7ff24c0ae8f0 0x7ff24c0a98a0 secure :-1 s=AUTH_CONNECTING_SIGN pgs=0 cs=0 l=1 rev1=1 crypto rx=0x7ff23c00b7c0 tx=0x7ff23c00d4b0 comp rx=0 tx=0).read_frame
2022-07-14T07:02:59.111 WARNING:scrape:Ignoring malparsed backtrace:
2022-07-13T19:38:49.744+0000 7ff24ad9d700 20 --2- 172.21.15.186:0/1321805893 >> [v2:172.21.15.186:3301/0,v1:172.21.15.186:6790/0] conn(0x7ff24c0ae8f0 0x7ff24c0a98a0 secure :-1 s=READY pgs=89 cs=0 l=1 rev1=1 crypto rx=0x7ff23c00b7c0 tx=0x7ff23c00d4b0 comp rx=0 tx=0).handle_read_frame_preamble_main r=0 ,
2022-07-13T19:38:49.744+0000 7ff24ad9d700 20 --2- 172.21.15.186:0/1321805893 >> [v2:172.21.15.186:3301/0,v1:172.21.15.186:6790/0] conn(0x7ff24c0ae8f0 0x7ff24c0a98a0 secure :-1 s=THROTTLE_MESSAGE pgs=89 cs=0 l=1 rev1=1 crypto rx=0x7ff23c00b7c0 tx=0x7ff23c00d4b0 comp rx=0 tx=0).throttle_message ,
2022-07-13T19:38:49.744+0000 7ff24ad9d700 20 --2- 172.21.15.186:0/1321805893 >> [v2:172.21.15.186:3301/0,v1:172.21.15.186:6790/0] conn(0x7ff24c0ae8f0 0x7ff24c0a98a0 secure :-1 s=THROTTLE_BYTES pgs=89 cs=0 l=1 rev1=1 crypto rx=0x7ff23c00b7c0 tx=0x7ff23c00d4b0 comp rx=0 tx=0).throttle_bytes
2022-07-14T07:02:59.111 WARNING:scrape:Ignoring malparsed backtrace:
2022-07-13T19:38:49.745+0000 7ff24ad9d700 15 authenticated_encrypt_update plaintext.length()=80 buffer.length()=80 ,
2022-07-13T19:38:49.745+0000 7ff24ad9d700 15 authenticated_encrypt_final buffer.length()=96 final_len=0 ,
2022-07-13T19:38:49.745+0000 7ff24ad9d700 15 authenticated_encrypt_update plaintext.length()=32 buffer.length()=32
2022-07-14T07:02:59.112 WARNING:scrape:Ignoring malparsed backtrace:
2022-07-13T19:38:49.746+0000 7ff23a7fc700 20 -- 172.21.15.186:0/1321805893 done calling dispatch on 0x7ff23c0a2d30 ,
2022-07-13T19:38:49.746+0000 7ff23a7fc700 1 -- 172.21.15.186:0/1321805893 <== mon.2 v2:172.21.15.186:3301/0 6 ==== mon_get_version_reply(handle=1 version=41) v2 ==== 24+0+0 (secure 0 0 0) 0x7ff23c0a8390 con 0x7ff24c0ae8f0 ,
2022-07-13T19:38:49.746+0000 7ff23a7fc700 10 -- 172.21.15.186:0/1321805893 dispatch_throttle_release 24 to dispatch throttler 24/104857600
2022-07-14T07:02:59.113 WARNING:scrape:Ignoring malparsed backtrace:
2022-07-13T19:38:49.761+0000 7ff249d9b700 20 -- 172.21.15.186:0/1321805893 >> v2:172.21.15.190:6806/117652 conn(0x7ff22806b360 msgr2=0x7ff22806d7f0 unknown :-1 s=STATE_CONNECTION_ESTABLISHED l=1).read continue len=32 ,
2022-07-13T19:38:49.761+0000 7ff249d9b700 20 --2- 172.21.15.186:0/1321805893 >> v2:172.21.15.190:6806/117652 conn(0x7ff22806b360 0x7ff22806d7f0 unknown :-1 s=AUTH_CONNECTING pgs=0 cs=0 l=1 rev1=1 crypto rx=0 tx=0 comp rx=0 tx=0).handle_read_frame_preamble_main r=0 ,
2022-07-13T19:38:49.761+0000 7ff249d9b700 20 --2- 172.21.15.186:0/1321805893 >> v2:172.21.15.190:6806/117652 conn(0x7ff22806b360 0x7ff22806d7f0 unknown :-1 s=AUTH_CONNECTING pgs=0 cs=0 l=1 rev1=1 crypto rx=0 tx=0 comp rx=0 tx=0).read_frame_segment seg_idx=0
2022-07-14T07:02:59.113 WARNING:scrape:Ignoring malparsed backtrace:
2022-07-13T19:38:49.766+0000 7ff249d9b700 20 -- 172.21.15.186:0/1321805893 >> v2:172.21.15.190:6806/117652 conn(0x7ff22806b360 msgr2=0x7ff22806d7f0 crc :-1 s=STATE_CONNECTION_ESTABLISHED l=1).read start len=13 ,
2022-07-13T19:38:49.766+0000 7ff249d9b700 20 --2- 172.21.15.186:0/1321805893 >> v2:172.21.15.190:6806/117652 conn(0x7ff22806b360 0x7ff22806d7f0 crc :-1 s=THROTTLE_DONE pgs=13 cs=0 l=1 rev1=1 crypto rx=0 tx=0 comp rx=0 tx=0).handle_read_frame_epilogue_main r=0 ,
2022-07-13T19:38:49.766+0000 7ff249d9b700 10 --2- 172.21.15.186:0/1321805893 >> v2:172.21.15.190:6806/117652 conn(0x7ff22806b360 0x7ff22806d7f0 crc :-1 s=THROTTLE_DONE pgs=13 cs=0 l=1 rev1=1 crypto rx=0 tx=0 comp rx=0 tx=0).handle_read_frame_dispatch tag=17
2022-07-14T07:02:59.114 WARNING:scrape:Ignoring malparsed backtrace:
2022-07-13T19:38:50.305+0000 7fce25256700 10 -- >> v1:172.21.15.190:6789/0 conn(0x7fce20068610 legacy=0x7fce20140af0 unknown :-1 s=STATE_NONE l=0)._connect ,
2022-07-13T19:38:50.305+0000 7fce25256700 20 Event(0x7fce20065dc0 nevent=5000 time_id=1).wakeup ,
2022-07-13T19:38:50.305+0000 7fce25256700 10 -- create_connect 0x7fce20068610 v1:172.21.15.190:6789/0 v1:172.21.15.190:6789/0
2022-07-14T07:02:59.115 WARNING:scrape:Ignoring malparsed backtrace:
2022-07-13T19:38:50.305+0000 7fce1f59e700 20 --1- 172.21.15.186:0/1170399699 >> v1:172.21.15.186:6789/0 conn(0x7fce200ae230 0x7fce200a81f0 :-1 s=CONNECTING_WAIT_BANNER_AND_IDENTIFY pgs=0 cs=0 l=0).handle_server_banner_and_identify connect peer addr for me is v1:172.21.15.186:43276/0 ,
2022-07-13T19:38:50.305+0000 7fce1e59c700 20 --2- 172.21.15.186:0/1170399699 >> [v2:172.21.15.186:3301/0,v1:172.21.15.186:6790/0] conn(0x7fce200ad790 0x7fce200a5fc0 unknown :-1 s=HELLO_CONNECTING pgs=0 cs=0 l=0 rev1=1 crypto rx=0 tx=0 comp rx=0 tx=0).post_client_banner_exchange ,
2022-07-13T19:38:50.305+0000 7fce1e59c700 20 --2- 172.21.15.186:0/1170399699 >> [v2:172.21.15.186:3301/0,v1:172.21.15.186:6790/0] conn(0x7fce200ad790 0x7fce200a5fc0 unknown :-1 s=AUTH_CONNECTING pgs=0 cs=0 l=0 rev1=1 crypto rx=0 tx=0 comp rx=0 tx=0).send_auth_request peer_type 1 auth_client 0x7fce25254e10
2022-07-14T07:02:59.116 WARNING:scrape:Ignoring malparsed backtrace:
2022-07-13T19:38:50.305+0000 7fce1ed9d700 20 -- 172.21.15.186:0/1170399699 >> v1:172.21.15.190:6789/0 conn(0x7fce20068610 legacy=0x7fce20140af0 unknown :-1 s=STATE_CONNECTION_ESTABLISHED l=1).read start len=8 ,
2022-07-13T19:38:50.305+0000 7fce1f59e700 10 --1- 172.21.15.186:0/1170399699 >> v1:172.21.15.186:6789/0 conn(0x7fce200ae230 0x7fce200a81f0 :-1 s=OPENED pgs=178 cs=1 l=1).write_message sending 0x7fce200adba0 done. ,
2022-07-13T19:38:50.305+0000 7fce1ed9d700 20 --1- 172.21.15.186:0/1170399699 >> v1:172.21.15.190:6789/0 conn(0x7fce20068610 0x7fce20140af0 :-1 s=OPENED pgs=157 cs=1 l=1).handle_keepalive2_ack r=0
2022-07-14T07:02:59.116 WARNING:scrape:Ignoring malparsed backtrace:
2022-07-13T19:38:50.305+0000 7fce1f59e700 20 EpollDriver.del_event del event fd=15 cur_mask=1 delmask=3 to 4 ,
2022-07-13T19:38:50.305+0000 7fce1e59c700 1 -- 172.21.15.186:0/1170399699 --> [v2:172.21.15.186:3301/0,v1:172.21.15.186:6790/0] -- mon_subscribe({config=0+,monmap=0+}) v3 -- 0x7fce200ab260 con 0x7fce200ad790 ,
2022-07-13T19:38:50.305+0000 7fce1e59c700 5 --2- 172.21.15.186:0/1170399699 >> [v2:172.21.15.186:3301/0,v1:172.21.15.186:6790/0] conn(0x7fce200ad790 0x7fce200a5fc0 unknown :-1 s=AUTH_CONNECTING pgs=0 cs=0 l=0 rev1=1 crypto rx=0 tx=0 comp rx=0 tx=0).send_message enqueueing message m=0x7fce200ab260 type=15 mon_subscribe({config=0+,monmap=0+}) v3
2022-07-14T07:02:59.117 WARNING:scrape:Ignoring malparsed backtrace:
2022-07-13T19:38:50.306+0000 7fce1e59c700 10 --2- 172.21.15.186:0/1170399699 >> [v2:172.21.15.186:3301/0,v1:172.21.15.186:6790/0] conn(0x7fce200ad790 0x7fce200a5fc0 secure :-1 s=THROTTLE_DONE pgs=90 cs=0 l=1 rev1=1 crypto rx=0x7fce0800f930 tx=0x7fce08007c00 comp rx=0 tx=0).handle_read_frame_dispatch tag=17 ,
2022-07-13T19:38:50.306+0000 7fce1dd9b700 10 -- 172.21.15.186:0/1170399699 dispatch_throttle_release 413 to dispatch throttler 417/104857600 ,
2022-07-13T19:38:50.306+0000 7fce1e59c700 20 --2- 172.21.15.186:0/1170399699 >> [v2:172.21.15.186:3301/0,v1:172.21.15.186:6790/0] conn(0x7fce200ad790 0x7fce200a5fc0 secure :-1 s=THROTTLE_DONE pgs=90 cs=0 l=1 rev1=1 crypto rx=0x7fce0800f930 tx=0x7fce08007c00 comp rx=0 tx=0).handle_message
2022-07-14T07:02:59.118 WARNING:scrape:Ignoring malparsed backtrace:
2022-07-13T19:38:50.309+0000 7fce25256700 20 Event(0x7fce200b32e0 nevent=5000 time_id=3).wakeup ,
2022-07-13T19:38:50.309+0000 7fce25256700 10 -- create_connect 0x7fce200ae230 [v2:172.21.15.190:3300/0,v1:172.21.15.190:6789/0] [v2:172.21.15.190:3300/0,v1:172.21.15.190:6789/0] ,
2022-07-13T19:38:50.309+0000 7fce25256700 10 -- connect_to [v2:172.21.15.190:3300/0,v1:172.21.15.190:6789/0] new 0x7fce200ae230
2022-07-14T07:02:59.119 WARNING:scrape:Ignoring malparsed backtrace:
2022-07-13T19:38:50.310+0000 7fce1f59e700 20 --2- 172.21.15.186:0/2466716250 >> [v2:172.21.15.190:3300/0,v1:172.21.15.190:6789/0] conn(0x7fce200ae230 0x7fce2013a2d0 unknown :-1 s=HELLO_CONNECTING pgs=0 cs=0 l=1 rev1=1 crypto rx=0 tx=0 comp rx=0 tx=0).read_frame ,
2022-07-13T19:38:50.310+0000 7fce1f59e700 20 -- 172.21.15.186:0/2466716250 >> [v2:172.21.15.190:3300/0,v1:172.21.15.190:6789/0] conn(0x7fce200ae230 msgr2=0x7fce2013a2d0 unknown :-1 s=STATE_CONNECTION_ESTABLISHED l=1).read start len=32 ,
2022-07-13T19:38:50.310+0000 7fce1ed9d700 20 --2- 172.21.15.186:0/2466716250 >> [v2:172.21.15.186:3300/0,v1:172.21.15.186:6789/0] conn(0x7fce20068610 0x7fce2006e8d0 unknown :-1 s=AUTH_CONNECTING pgs=0 cs=0 l=1 rev1=1 crypto rx=0 tx=0 comp rx=0 tx=0).read_frame
2022-07-14T07:02:59.119 WARNING:scrape:Ignoring malparsed backtrace:
2022-07-13T19:38:50.310+0000 7fce1e59c700 20 --2- 172.21.15.186:0/2466716250 >> [v2:172.21.15.186:3301/0,v1:172.21.15.186:6790/0] conn(0x7fce200ad790 0x7fce20136db0 secure :-1 s=AUTH_CONNECTING_SIGN pgs=0 cs=0 l=1 rev1=1 crypto rx=0x7fce2006fdb0 tx=0x7fce08039000 comp rx=0 tx=0).read_frame ,
2022-07-13T19:38:50.310+0000 7fce1e59c700 20 -- 172.21.15.186:0/2466716250 >> [v2:172.21.15.186:3301/0,v1:172.21.15.186:6790/0] conn(0x7fce200ad790 msgr2=0x7fce20136db0 secure :-1 s=STATE_CONNECTION_ESTABLISHED l=1).read start len=96 ,
2022-07-13T19:38:50.310+0000 7fce1e59c700 20 --2- 172.21.15.186:0/2466716250 >> [v2:172.21.15.186:3301/0,v1:172.21.15.186:6790/0] conn(0x7fce200ad790 0x7fce20136db0 secure :-1 s=AUTH_CONNECTING_SIGN pgs=0 cs=0 l=1 rev1=1 crypto rx=0x7fce2006fdb0 tx=0x7fce08039000 comp rx=0 tx=0).handle_read_frame_preamble_main r=0
2022-07-14T07:02:59.120 WARNING:scrape:Ignoring malparsed backtrace:
2022-07-13T19:38:50.311+0000 7fce1e59c700 5 --2- 172.21.15.186:0/2466716250 >> [v2:172.21.15.186:3301/0,v1:172.21.15.186:6790/0] conn(0x7fce200ad790 0x7fce20136db0 secure :-1 s=READ_MESSAGE_COMPLETE pgs=91 cs=0 l=1 rev1=1 crypto rx=0x7fce2006fdb0 tx=0x7fce08039000 comp rx=0 tx=0).handle_message received message m=0x7fce08007480 seq=2 from=mon.2 type=62 config(0 keys) v1 ,
2022-07-13T19:38:50.311+0000 7fce1e59c700 20 -- 172.21.15.186:0/2466716250 queue 0x7fce08007480 prio 196 ,
2022-07-13T19:38:50.311+0000 7fce1e59c700 20 --2- 172.21.15.186:0/2466716250 >> [v2:172.21.15.186:3301/0,v1:172.21.15.186:6790/0] conn(0x7fce200ad790 0x7fce20136db0 secure :-1 s=READY pgs=91 cs=0 l=1 rev1=1 crypto rx=0x7fce2006fdb0 tx=0x7fce08039000 comp rx=0 tx=0).read_frame
2022-07-14T07:02:59.121 WARNING:scrape:Ignoring malparsed backtrace:
2022-07-13T19:38:50.313+0000 7fce1e59c700 10 --2- 172.21.15.186:0/2466716250 >> [v2:172.21.15.186:3301/0,v1:172.21.15.186:6790/0] conn(0x7fce200ad790 0x7fce20136db0 secure :-1 s=THROTTLE_DONE pgs=91 cs=0 l=1 rev1=1 crypto rx=0x7fce2006fdb0 tx=0x7fce08039000 comp rx=0 tx=0).handle_read_frame_dispatch tag=17 ,
2022-07-13T19:38:50.313+0000 7fce1e59c700 20 --2- 172.21.15.186:0/2466716250 >> [v2:172.21.15.186:3301/0,v1:172.21.15.186:6790/0] conn(0x7fce200ad790 0x7fce20136db0 secure :-1 s=THROTTLE_DONE pgs=91 cs=0 l=1 rev1=1 crypto rx=0x7fce2006fdb0 tx=0x7fce08039000 comp rx=0 tx=0).handle_message ,
2022-07-13T19:38:50.313+0000 7fce1e59c700 5 --2- 172.21.15.186:0/2466716250 >> [v2:172.21.15.186:3301/0,v1:172.21.15.186:6790/0] conn(0x7fce200ad790 0x7fce20136db0 secure :-1 s=THROTTLE_DONE pgs=91 cs=0 l=1 rev1=1 crypto rx=0x7fce2006fdb0 tx=0x7fce08039000 comp rx=0 tx=0).handle_message got 4184 + 0 + 0 byte message. envelope type=41 src mon.2 off 0
2022-07-14T07:02:59.122 WARNING:scrape:Ignoring malparsed backtrace:
2022-07-13T19:38:50.314+0000 7fce1ed9d700 20 -- 172.21.15.186:0/2466716250 >> v2:172.21.15.186:6800/117176 conn(0x7fce00064fa0 msgr2=0x7fce000674b0 secure :-1 s=STATE_CONNECTION_ESTABLISHED l=1).read continue len=96 ,
2022-07-13T19:38:50.314+0000 7fce1ed9d700 20 --2- 172.21.15.186:0/2466716250 >> v2:172.21.15.186:6800/117176 conn(0x7fce00064fa0 0x7fce000674b0 secure :-1 s=SESSION_CONNECTING pgs=0 cs=0 l=1 rev1=1 crypto rx=0x7fce14003fc0 tx=0x7fce14009b60 comp rx=0 tx=0).handle_read_frame_preamble_main r=0 ,
2022-07-13T19:38:50.314+0000 7fce1ed9d700 20 --2- 172.21.15.186:0/2466716250 >> v2:172.21.15.186:6800/117176 conn(0x7fce00064fa0 0x7fce000674b0 secure :-1 s=SESSION_CONNECTING pgs=0 cs=0 l=1 rev1=1 crypto rx=0x7fce14003fc0 tx=0x7fce14009b60 comp rx=0 tx=0).read_frame_segment seg_idx=0
2022-07-14T07:02:59.122 WARNING:scrape:Ignoring malparsed backtrace:
2022-07-13T19:38:50.499+0000 7fce25256700 5 -- 172.21.15.186:0/2466716250 shutdown_connections mark down [v2:172.21.15.190:3300/0,v1:172.21.15.190:6789/0] 0x7fce200ae230 ,
2022-07-13T19:38:50.499+0000 7fce25256700 1 --2- 172.21.15.186:0/2466716250 >> [v2:172.21.15.190:3300/0,v1:172.21.15.190:6789/0] conn(0x7fce200ae230 0x7fce2013a2d0 unknown :-1 s=CLOSED pgs=0 cs=0 l=1 rev1=1 crypto rx=0 tx=0 comp rx=0 tx=0).stop ,
2022-07-13T19:38:50.499+0000 7fce25256700 5 -- 172.21.15.186:0/2466716250 shutdown_connections mark down [v2:172.21.15.186:3300/0,v1:172.21.15.186:6789/0] 0x7fce20068610
2022-07-14T07:02:59.123 WARNING:scrape:Ignoring malparsed backtrace:
2022-07-13T19:38:50.865+0000 7f49f37fe700 20 Event(0x7f49f40b6e80 nevent=5000 time_id=2).create_file_event create event started fd=15 mask=2 original mask is 1 ,
2022-07-13T19:38:50.865+0000 7f49f37fe700 20 EpollDriver.add_event add event fd=15 cur_mask=1 add_mask=2 to 4 ,
2022-07-13T19:38:50.865+0000 7f49f37fe700 20 Event(0x7f49f40b6e80 nevent=5000 time_id=2).create_file_event create event end fd=15 mask=2 current mask is 3
2022-07-14T07:02:59.124 WARNING:scrape:Ignoring malparsed backtrace:
2022-07-13T19:38:50.865+0000 7f49f37fe700 10 -- 172.21.15.186:0/4232184301 >> v2:172.21.15.190:3300/0 conn(0x7f49f413d1f0 msgr2=0x7f49f40a73a0 unknown :-1 s=STATE_CONNECTION_ESTABLISHED l=0)._try_send sent bytes 78 remaining bytes 0 ,
2022-07-13T19:38:50.865+0000 7f49f27fc700 10 -- 172.21.15.186:0/4232184301 >> v1:172.21.15.190:6789/0 conn(0x7f49f41432a0 legacy=0x7f49f413cae0 unknown :-1 s=STATE_CONNECTION_ESTABLISHED l=0)._try_send sent bytes 8 remaining bytes 0 ,
2022-07-13T19:38:50.865+0000 7f49f37fe700 20 --2- 172.21.15.186:0/4232184301 >> v2:172.21.15.190:3300/0 conn(0x7f49f413d1f0 0x7f49f40a73a0 unknown :-1 s=AUTH_CONNECTING pgs=0 cs=0 l=0 rev1=1 crypto rx=0 tx=0 comp rx=0 tx=0).read_frame
2022-07-14T07:02:59.125 WARNING:scrape:Ignoring malparsed backtrace:
2022-07-13T19:38:50.866+0000 7f49f27fc700 10 --1- 172.21.15.186:0/4232184301 >> v1:172.21.15.190:6789/0 conn(0x7f49f41432a0 0x7f49f413cae0 :-1 s=READ_FOOTER_AND_DISPATCH pgs=158 cs=1 l=1).handle_message_footer no session security set ,
2022-07-13T19:38:50.866+0000 7f49f2ffd700 20 EpollDriver.del_event del event fd=13 cur_mask=1 delmask=3 to 7 ,
2022-07-13T19:38:50.866+0000 7f49f27fc700 5 --1- 172.21.15.186:0/4232184301 >> v1:172.21.15.190:6789/0 conn(0x7f49f41432a0 0x7f49f413cae0 :-1 s=READ_FOOTER_AND_DISPATCH pgs=158 cs=1 l=1). rx mon.1 seq 1 0x7f49f4143890 auth_reply(proto 2 0 (0) Success) v1
2022-07-14T07:02:59.125 WARNING:scrape:Ignoring malparsed backtrace:
2022-07-13T19:38:50.866+0000 7f49f37fe700 20 -- 172.21.15.186:0/4232184301 queue 0x7f49e400e070 prio 196 ,
2022-07-13T19:38:50.866+0000 7f49f37fe700 20 --2- 172.21.15.186:0/4232184301 >> [v2:172.21.15.190:3300/0,v1:172.21.15.190:6789/0] conn(0x7f49f413d1f0 0x7f49f40a73a0 secure :-1 s=READY pgs=159 cs=0 l=1 rev1=1 crypto rx=0x7f49f40a7120 tx=0x7f49e4009780 comp rx=0 tx=0).read_frame ,
2022-07-13T19:38:50.866+0000 7f49f1ffb700 1 -- 172.21.15.186:0/4232184301 <== mon.1 v2:172.21.15.190:3300/0 1 ==== mon_map magic: 0 v1 ==== 413+0+0 (secure 0 0 0) 0x7f49e400e070 con 0x7f49f413d1f0
2022-07-14T07:02:59.126 WARNING:scrape:Ignoring malparsed backtrace:
2022-07-13T19:38:50.870+0000 7f49f96a9700 10 -- create_connect 0x7f49f40a9080 [v2:172.21.15.186:3300/0,v1:172.21.15.186:6789/0] [v2:172.21.15.186:3300/0,v1:172.21.15.186:6789/0] ,
2022-07-13T19:38:50.870+0000 7f49f96a9700 10 -- connect_to [v2:172.21.15.186:3300/0,v1:172.21.15.186:6789/0] new 0x7f49f40a9080 ,
2022-07-13T19:38:50.870+0000 7f49f2ffd700 20 -- >> [v2:172.21.15.186:3300/0,v1:172.21.15.186:6789/0] conn(0x7f49f40a9080 msgr2=0x7f49f40aec90 unknown :-1 s=STATE_CONNECTING l=1).process
2022-07-14T07:02:59.127 WARNING:scrape:Ignoring malparsed backtrace:
2022-07-13T19:38:50.870+0000 7f49f2ffd700 20 --2- 172.21.15.186:0/2220944654 >> [v2:172.21.15.186:3300/0,v1:172.21.15.186:6789/0] conn(0x7f49f40a9080 0x7f49f40aec90 unknown :-1 s=HELLO_CONNECTING pgs=0 cs=0 l=1 rev1=1 crypto rx=0 tx=0 comp rx=0 tx=0).post_client_banner_exchange ,
2022-07-13T19:38:50.870+0000 7f49f27fc700 10 --2- 172.21.15.186:0/2220944654 >> [v2:172.21.15.190:3300/0,v1:172.21.15.190:6789/0] conn(0x7f49f413d1f0 0x7f49f41330e0 unknown :-1 s=HELLO_CONNECTING pgs=0 cs=0 l=1 rev1=1 crypto rx=0 tx=0 comp rx=0 tx=0).handle_read_frame_dispatch tag=1 ,
2022-07-13T19:38:50.870+0000 7f49f2ffd700 20 --2- 172.21.15.186:0/2220944654 >> [v2:172.21.15.186:3300/0,v1:172.21.15.186:6789/0] conn(0x7f49f40a9080 0x7f49f40aec90 unknown :-1 s=AUTH_CONNECTING pgs=0 cs=0 l=1 rev1=1 crypto rx=0 tx=0 comp rx=0 tx=0).send_auth_request peer_type 1 auth_client 0x7f49f4062408
2022-07-14T07:02:59.127 WARNING:scrape:Ignoring malparsed backtrace:
2022-07-13T19:38:50.870+0000 7f49f2ffd700 20 --2- 172.21.15.186:0/2220944654 >> [v2:172.21.15.190:3300/0,v1:172.21.15.190:6789/0] conn(0x7f49f413d1f0 0x7f49f41330e0 unknown :-1 s=AUTH_CONNECTING pgs=0 cs=0 l=1 rev1=1 crypto rx=0 tx=0 comp rx=0 tx=0).discard_out_queue discard mon_getmap magic: 0 v1 ,
2022-07-13T19:38:50.870+0000 7f49f2ffd700 1 -- 172.21.15.186:0/2220944654 --> [v2:172.21.15.186:3300/0,v1:172.21.15.186:6789/0] -- mon_subscribe({config=0+,monmap=0+}) v3 -- 0x7f49e4009a20 con 0x7f49f40a9080 ,
2022-07-13T19:38:50.870+0000 7f49f2ffd700 5 --2- 172.21.15.186:0/2220944654 >> [v2:172.21.15.186:3300/0,v1:172.21.15.186:6789/0] conn(0x7f49f40a9080 0x7f49f40aec90 unknown :-1 s=AUTH_CONNECTING pgs=0 cs=0 l=1 rev1=1 crypto rx=0 tx=0 comp rx=0 tx=0).send_message enqueueing message m=0x7f49e4009a20 type=15 mon_subscribe({config=0+,monmap=0+}) v3
2022-07-14T07:02:59.128 WARNING:scrape:Ignoring malparsed backtrace:
2022-07-13T19:38:50.871+0000 7f49f2ffd700 20 -- 172.21.15.186:0/2220944654 >> [v2:172.21.15.186:3300/0,v1:172.21.15.186:6789/0] conn(0x7f49f40a9080 msgr2=0x7f49f40aec90 secure :-1 s=STATE_CONNECTION_ESTABLISHED l=1).read start len=96 ,
2022-07-13T19:38:50.871+0000 7f49f2ffd700 20 --2- 172.21.15.186:0/2220944654 >> [v2:172.21.15.186:3300/0,v1:172.21.15.186:6789/0] conn(0x7f49f40a9080 0x7f49f40aec90 secure :-1 s=READY pgs=179 cs=0 l=1 rev1=1 crypto rx=0x7f49e800e900 tx=0x7f49e8009060 comp rx=0 tx=0).handle_read_frame_preamble_main r=0 ,
2022-07-13T19:38:50.871+0000 7f49f2ffd700 20 --2- 172.21.15.186:0/2220944654 >> [v2:172.21.15.186:3300/0,v1:172.21.15.186:6789/0] conn(0x7f49f40a9080 0x7f49f40aec90 secure :-1 s=THROTTLE_MESSAGE pgs=179 cs=0 l=1 rev1=1 crypto rx=0x7f49e800e900 tx=0x7f49e8009060 comp rx=0 tx=0).throttle_message
2022-07-14T07:02:59.129 WARNING:scrape:Ignoring malparsed backtrace:
2022-07-13T19:38:50.873+0000 7f49f2ffd700 20 --2- 172.21.15.186:0/2220944654 >> [v2:172.21.15.186:3300/0,v1:172.21.15.186:6789/0] conn(0x7f49f40a9080 0x7f49f40aec90 secure :-1 s=THROTTLE_DONE pgs=179 cs=0 l=1 rev1=1 crypto rx=0x7f49e800e900 tx=0x7f49e8009060 comp rx=0 tx=0).handle_read_frame_segment r=0 ,
2022-07-13T19:38:50.873+0000 7f49f2ffd700 20 -- 172.21.15.186:0/2220944654 >> [v2:172.21.15.186:3300/0,v1:172.21.15.186:6789/0] conn(0x7f49f40a9080 msgr2=0x7f49f40aec90 secure :-1 s=STATE_CONNECTION_ESTABLISHED l=1).read start len=32 ,
2022-07-13T19:38:50.873+0000 7f49f2ffd700 20 --2- 172.21.15.186:0/2220944654 >> [v2:172.21.15.186:3300/0,v1:172.21.15.186:6789/0] conn(0x7f49f40a9080 0x7f49f40aec90 secure :-1 s=THROTTLE_DONE pgs=179 cs=0 l=1 rev1=1 crypto rx=0x7f49e800e900 tx=0x7f49e8009060 comp rx=0 tx=0).handle_read_frame_epilogue_main r=0
2022-07-14T07:02:59.130 WARNING:scrape:Ignoring malparsed backtrace:
2022-07-13T19:38:50.874+0000 7f49f27fc700 20 --2- 172.21.15.186:0/2220944654 >> v2:172.21.15.186:6800/117176 conn(0x7f49d4064fa0 0x7f49d40674b0 secure :-1 s=AUTH_CONNECTING_SIGN pgs=0 cs=0 l=1 rev1=1 crypto rx=0x7f49f40b4a70 tx=0x7f49dc03c040 comp rx=0 tx=0).handle_auth_signature pre-auth signature success sig_frame.signature()=b8ca25f940229c15cb6a38b0bcf36182f4ab3bebc6ba260946becefc0d997472 ,
2022-07-13T19:38:50.874+0000 7f49f27fc700 20 CompressorRegistry(0x7f49f4065aa0) get_mode peer_type 16 is_secure 1 ,
2022-07-13T19:38:50.874+0000 7f49f27fc700 15 authenticated_encrypt_update plaintext.length()=80 buffer.length()=80
2022-07-14T07:02:59.130 WARNING:scrape:Ignoring malparsed backtrace:
2022-07-13T19:38:51.058+0000 7f49daffd700 20 -- 172.21.15.186:0/2220944654 done calling dispatch on 0x7f49f4133df0 ,
2022-07-13T19:38:51.186 INFO:teuthology.orchestra.run.smithi186.stdout: ,
2022-07-13T19:38:51.060+0000 7f49f96a9700 1 -- 172.21.15.186:0/2220944654 >> v2:172.21.15.186:6800/117176 conn(0x7f49d4064fa0 msgr2=0x7f49d40674b0 secure :-1 s=STATE_CONNECTION_ESTABLISHED l=1).mark_down
2022-07-14T07:02:59.131 WARNING:scrape:Ignoring malparsed backtrace:
2022-07-13T19:39:11.342+0000 7fdb668ca700 10 -- >> v1:172.21.15.190:6789/0 conn(0x7fdb600af3f0 legacy=0x7fdb6013ed80 unknown :-1 s=STATE_NONE l=0)._connect ,
2022-07-13T19:39:11.342+0000 7fdb668ca700 20 Event(0x7fdb60065dc0 nevent=5000 time_id=1).wakeup ,
2022-07-13T19:39:11.342+0000 7fdb668ca700 10 -- create_connect 0x7fdb600af3f0 v1:172.21.15.190:6789/0 v1:172.21.15.190:6789/0
2022-07-14T07:02:59.132 WARNING:scrape:Ignoring malparsed backtrace:
2022-07-13T19:39:11.343+0000 7fdb5ffff700 20 -- >> v1:172.21.15.190:6789/0 conn(0x7fdb600af3f0 legacy=0x7fdb6013ed80 unknown :-1 s=STATE_CONNECTION_ESTABLISHED l=0).process ,
2022-07-13T19:39:11.343+0000 7fdb64e67700 1 --2- >> v2:172.21.15.186:3300/0 conn(0x7fdb600abdf0 0x7fdb600a9d70 unknown :-1 s=HELLO_CONNECTING pgs=0 cs=0 l=0 rev1=1 crypto rx=0 tx=0 comp rx=0 tx=0).handle_hello peer v2:172.21.15.186:3300/0 says I am v2:172.21.15.186:48562/0 (socket says 172.21.15.186:48562) ,
2022-07-13T19:39:11.343+0000 7fdb5ffff700 20 -- >> v1:172.21.15.190:6789/0 conn(0x7fdb600af3f0 legacy=0x7fdb6013ed80 unknown :-1 s=STATE_CONNECTION_ESTABLISHED l=0).read continue len=281
2022-07-14T07:02:59.133 WARNING:scrape:Ignoring malparsed backtrace:
2022-07-13T19:39:11.343+0000 7fdb5ffff700 20 -- 172.21.15.186:0/3645840981 >> v1:172.21.15.190:6789/0 conn(0x7fdb600af3f0 legacy=0x7fdb6013ed80 unknown :-1 s=STATE_CONNECTION_ESTABLISHED l=1).read start len=1 ,
2022-07-13T19:39:11.343+0000 7fdb64e67700 20 -- 172.21.15.186:0/3645840981 >> v2:172.21.15.186:3300/0 conn(0x7fdb600abdf0 msgr2=0x7fdb600a9d70 unknown :-1 s=STATE_CONNECTION_ESTABLISHED l=0).process ,
2022-07-13T19:39:11.343+0000 7fdb64e67700 20 -- 172.21.15.186:0/3645840981 >> v2:172.21.15.186:3300/0 conn(0x7fdb600abdf0 msgr2=0x7fdb600a9d70 unknown :-1 s=STATE_CONNECTION_ESTABLISHED l=0).read continue len=32
2022-07-14T07:02:59.133 WARNING:scrape:Ignoring malparsed backtrace:
2022-07-13T19:39:11.344+0000 7fdb64e67700 20 -- 172.21.15.186:0/3645840981 >> [v2:172.21.15.186:3300/0,v1:172.21.15.186:6789/0] conn(0x7fdb600abdf0 msgr2=0x7fdb600a9d70 secure :-1 s=STATE_CONNECTION_ESTABLISHED l=1).process ,
2022-07-13T19:39:11.344+0000 7fdb64e67700 20 -- 172.21.15.186:0/3645840981 >> [v2:172.21.15.186:3300/0,v1:172.21.15.186:6789/0] conn(0x7fdb600abdf0 msgr2=0x7fdb600a9d70 secure :-1 s=STATE_CONNECTION_ESTABLISHED l=1).read continue len=96 ,
2022-07-13T19:39:11.344+0000 7fdb64e67700 20 --2- 172.21.15.186:0/3645840981 >> [v2:172.21.15.186:3300/0,v1:172.21.15.186:6789/0] conn(0x7fdb600abdf0 0x7fdb600a9d70 secure :-1 s=READY pgs=183 cs=0 l=1 rev1=1 crypto rx=0x7fdb600ab160 tx=0x7fdb5401a850 comp rx=0 tx=0).handle_read_frame_preamble_main r=0
2022-07-14T07:02:59.134 WARNING:scrape:Ignoring malparsed backtrace:
2022-07-13T19:39:11.345+0000 7fdb668ca700 20 Event(0x7fdb6006b200 nevent=5000 time_id=2).wakeup ,
2022-07-13T19:39:11.345+0000 7fdb668ca700 10 -- 172.21.15.186:0/3645840981 wait: done. ,
2022-07-13T19:39:11.345+0000 7fdb668ca700 1 -- 172.21.15.186:0/3645840981 wait complete.
2022-07-14T07:02:59.135 WARNING:scrape:Ignoring malparsed backtrace:
2022-07-13T19:39:11.347+0000 7fdb64e67700 20 --2- >> [v2:172.21.15.186:3301/0,v1:172.21.15.186:6790/0] conn(0x7fdb6013f490 0x7fdb601394b0 unknown :-1 s=HELLO_CONNECTING pgs=0 cs=0 l=1 rev1=1 crypto rx=0 tx=0 comp rx=0 tx=0).read_frame_segment seg_idx=0 ,
2022-07-13T19:39:11.347+0000 7fdb5ffff700 20 --2- >> [v2:172.21.15.186:3300/0,v1:172.21.15.186:6789/0] conn(0x7fdb600abdf0 0x7fdb6007f380 unknown :-1 s=HELLO_CONNECTING pgs=0 cs=0 l=1 rev1=1 crypto rx=0 tx=0 comp rx=0 tx=0).handle_read_frame_segment r=0 ,
2022-07-13T19:39:11.347+0000 7fdb5f7fe700 20 -- >> [v2:172.21.15.190:3300/0,v1:172.21.15.190:6789/0] conn(0x7fdb600af3f0 msgr2=0x7fdb6007fb20 unknown :-1 s=STATE_CONNECTION_ESTABLISHED l=1).process
2022-07-14T07:02:59.135 WARNING:scrape:Ignoring malparsed backtrace:
2022-07-13T19:39:11.348+0000 7fdb5ffff700 20 --2- 172.21.15.186:0/3359325414 >> [v2:172.21.15.186:3300/0,v1:172.21.15.186:6789/0] conn(0x7fdb600abdf0 0x7fdb6007f380 unknown :-1 s=AUTH_CONNECTING pgs=0 cs=0 l=1 rev1=1 crypto rx=0 tx=0 comp rx=0 tx=0).handle_read_frame_preamble_main r=0 ,
2022-07-13T19:39:11.348+0000 7fdb64e67700 20 -- 172.21.15.186:0/3359325414 >> [v2:172.21.15.186:3301/0,v1:172.21.15.186:6790/0] conn(0x7fdb6013f490 msgr2=0x7fdb601394b0 unknown :-1 s=STATE_CLOSED l=1).process socket closed ,
2022-07-13T19:39:11.348+0000 7fdb5ffff700 20 --2- 172.21.15.186:0/3359325414 >> [v2:172.21.15.186:3300/0,v1:172.21.15.186:6789/0] conn(0x7fdb600abdf0 0x7fdb6007f380 unknown :-1 s=AUTH_CONNECTING pgs=0 cs=0 l=1 rev1=1 crypto rx=0 tx=0 comp rx=0 tx=0).read_frame_segment seg_idx=0
2022-07-14T07:02:59.136 WARNING:scrape:Ignoring malparsed backtrace:
2022-07-13T19:39:11.348+0000 7fdb5f7fe700 20 -- 172.21.15.186:0/3359325414 >> [v2:172.21.15.190:3300/0,v1:172.21.15.190:6789/0] conn(0x7fdb600af3f0 msgr2=0x7fdb6007fb20 secure :-1 s=STATE_CONNECTION_ESTABLISHED l=1).read start len=32 ,
2022-07-13T19:39:11.348+0000 7fdb5f7fe700 20 --2- 172.21.15.186:0/3359325414 >> [v2:172.21.15.190:3300/0,v1:172.21.15.190:6789/0] conn(0x7fdb600af3f0 0x7fdb6007fb20 secure :-1 s=THROTTLE_DONE pgs=163 cs=0 l=1 rev1=1 crypto rx=0x7fdb500096e0 tx=0x7fdb50009060 comp rx=0 tx=0).handle_read_frame_epilogue_main r=0 ,
2022-07-13T19:39:11.348+0000 7fdb5f7fe700 10 --2- 172.21.15.186:0/3359325414 >> [v2:172.21.15.190:3300/0,v1:172.21.15.190:6789/0] conn(0x7fdb600af3f0 0x7fdb6007fb20 secure :-1 s=THROTTLE_DONE pgs=163 cs=0 l=1 rev1=1 crypto rx=0x7fdb500096e0 tx=0x7fdb50009060 comp rx=0 tx=0).handle_read_frame_dispatch tag=17
2022-07-14T07:02:59.137 WARNING:scrape:Ignoring malparsed backtrace:
2022-07-13T19:39:11.349+0000 7fdb5f7fe700 5 --2- 172.21.15.186:0/3359325414 >> [v2:172.21.15.190:3300/0,v1:172.21.15.190:6789/0] conn(0x7fdb600af3f0 0x7fdb6007fb20 secure :-1 s=THROTTLE_DONE pgs=163 cs=0 l=1 rev1=1 crypto rx=0x7fdb500096e0 tx=0x7fdb50009060 comp rx=0 tx=0).handle_message got 83319 + 0 + 0 byte message. envelope type=1796 src mon.1 off 0 ,
2022-07-13T19:39:11.349+0000 7fdb668ca700 1 -- 172.21.15.186:0/3359325414 --> [v2:172.21.15.190:3300/0,v1:172.21.15.190:6789/0] -- mon_command({"prefix": "get_command_descriptions"} v 0) v1 -- 0x7fdb60073ce0 con 0x7fdb600af3f0 ,
2022-07-13T19:39:11.349+0000 7fdb668ca700 5 --2- 172.21.15.186:0/3359325414 >> [v2:172.21.15.190:3300/0,v1:172.21.15.190:6789/0] conn(0x7fdb600af3f0 0x7fdb6007fb20 secure :-1 s=THROTTLE_DONE pgs=163 cs=0 l=1 rev1=1 crypto rx=0x7fdb500096e0 tx=0x7fdb50009060 comp rx=0 tx=0).send_message enqueueing message m=0x7fdb60073ce0 type=50 mon_command({"prefix": "get_command_descriptions"} v 0) v1
2022-07-14T07:02:59.138 WARNING:scrape:Ignoring malparsed backtrace:
2022-07-13T19:39:11.350+0000 7fdb5ffff700 20 --2- 172.21.15.186:0/3359325414 >> v2:172.21.15.186:6800/117176 conn(0x7fdb48064fa0 0x7fdb480674b0 unknown :-1 s=AUTH_CONNECTING pgs=0 cs=0 l=1 rev1=1 crypto rx=0 tx=0 comp rx=0 tx=0).handle_read_frame_segment r=0 ,
2022-07-13T19:39:11.350+0000 7fdb5ffff700 10 --2- 172.21.15.186:0/3359325414 >> v2:172.21.15.186:6800/117176 conn(0x7fdb48064fa0 0x7fdb480674b0 unknown :-1 s=AUTH_CONNECTING pgs=0 cs=0 l=1 rev1=1 crypto rx=0 tx=0 comp rx=0 tx=0).handle_read_frame_dispatch tag=6 ,
2022-07-13T19:39:11.350+0000 7fdb5ffff700 20 --2- 172.21.15.186:0/3359325414 >> v2:172.21.15.186:6800/117176 conn(0x7fdb48064fa0 0x7fdb480674b0 unknown :-1 s=AUTH_CONNECTING pgs=0 cs=0 l=1 rev1=1 crypto rx=0 tx=0 comp rx=0 tx=0).handle_auth_done payload.length()=116
2022-07-14T07:02:59.138 WARNING:scrape:Ignoring malparsed backtrace:
2022-07-13T19:39:11.536+0000 7fdb5ffff700 20 --2- 172.21.15.186:0/3359325414 >> v2:172.21.15.186:6800/117176 conn(0x7fdb48064fa0 0x7fdb480674b0 secure :-1 s=THROTTLE_DONE pgs=130 cs=0 l=1 rev1=1 crypto rx=0x7fdb4c030310 tx=0x7fdb4c029e00 comp rx=0 tx=0).read_frame_segment seg_idx=3 ,
2022-07-13T19:39:11.536+0000 7fdb5ffff700 20 -- 172.21.15.186:0/3359325414 >> v2:172.21.15.186:6800/117176 conn(0x7fdb48064fa0 msgr2=0x7fdb480674b0 secure :-1 s=STATE_CONNECTION_ESTABLISHED l=1).read start len=72112 ,
2022-07-13T19:39:11.536+0000 7fdb5ffff700 20 --2- 172.21.15.186:0/3359325414 >> v2:172.21.15.186:6800/117176 conn(0x7fdb48064fa0 0x7fdb480674b0 secure :-1 s=THROTTLE_DONE pgs=130 cs=0 l=1 rev1=1 crypto rx=0x7fdb4c030310 tx=0x7fdb4c029e00 comp rx=0 tx=0).handle_read_frame_segment r=0
2022-07-14T07:02:59.139 WARNING:scrape:Ignoring malparsed backtrace:
2022-07-13T19:39:11.775+0000 7f69c05fb700 10 -- >> v2:172.21.15.186:3300/0 conn(0x7f69b80af800 msgr2=0x7f69b80ae460 unknown :-1 s=STATE_NONE l=0)._connect ,
2022-07-13T19:39:11.775+0000 7f69c05fb700 1 --2- >> v2:172.21.15.186:3300/0 conn(0x7f69b80af800 0x7f69b80ae460 unknown :-1 s=NONE pgs=0 cs=0 l=0 rev1=0 crypto rx=0 tx=0 comp rx=0 tx=0).connect ,
2022-07-13T19:39:11.775+0000 7f69c05fb700 20 Event(0x7f69b80696a0 nevent=5000 time_id=1).wakeup
2022-07-14T07:02:59.140 WARNING:scrape:Ignoring malparsed backtrace:
2022-07-13T19:39:11.775+0000 7f69beb98700 10 --2- 172.21.15.186:0/802428999 >> [v2:172.21.15.186:3301/0,v1:172.21.15.186:6790/0] conn(0x7f69b813aef0 0x7f69b8140b60 unknown :-1 s=HELLO_CONNECTING pgs=0 cs=0 l=0 rev1=1 crypto rx=0 tx=0 comp rx=0 tx=0).handle_read_frame_dispatch tag=1 ,
2022-07-13T19:39:11.775+0000 7f69bdb96700 20 --1- 172.21.15.186:0/802428999 >> v1:172.21.15.186:6789/0 conn(0x7f69b80ae9a0 0x7f69b813a7e0 :-1 s=CONNECTING_SEND_CONNECT_MSG pgs=0 cs=0 l=0).handle_connect_reply_1 r=0 ,
2022-07-13T19:39:11.775+0000 7f69beb98700 20 --2- 172.21.15.186:0/802428999 >> [v2:172.21.15.186:3301/0,v1:172.21.15.186:6790/0] conn(0x7f69b813aef0 0x7f69b8140b60 unknown :-1 s=HELLO_CONNECTING pgs=0 cs=0 l=0 rev1=1 crypto rx=0 tx=0 comp rx=0 tx=0).handle_hello payload.length()=36
2022-07-14T07:02:59.141 WARNING:scrape:Ignoring malparsed backtrace:
2022-07-13T19:39:11.776+0000 7f69bdb96700 20 --1- 172.21.15.186:0/802428999 >> v1:172.21.15.186:6789/0 conn(0x7f69b80ae9a0 0x7f69b813a7e0 :-1 s=READ_MESSAGE_FRONT pgs=184 cs=1 l=1).handle_message_front got front 33 ,
2022-07-13T19:39:11.776+0000 7f69bdb96700 20 --1- 172.21.15.186:0/802428999 >> v1:172.21.15.186:6789/0 conn(0x7f69b80ae9a0 0x7f69b813a7e0 :-1 s=READ_MESSAGE_FRONT pgs=184 cs=1 l=1).read_message_middle ,
2022-07-13T19:39:11.776+0000 7f69bdb96700 20 --1- 172.21.15.186:0/802428999 >> v1:172.21.15.186:6789/0 conn(0x7f69b80ae9a0 0x7f69b813a7e0 :-1 s=READ_MESSAGE_FRONT pgs=184 cs=1 l=1).read_message_data_prepare
2022-07-14T07:02:59.141 WARNING:scrape:Ignoring malparsed backtrace:
2022-07-13T19:39:11.776+0000 7f69beb98700 20 -- 172.21.15.186:0/802428999 >> [v2:172.21.15.186:3301/0,v1:172.21.15.186:6790/0] conn(0x7f69b813aef0 msgr2=0x7f69b8140b60 secure :-1 s=STATE_CONNECTION_ESTABLISHED l=0).process ,
2022-07-13T19:39:11.776+0000 7f69beb98700 20 -- 172.21.15.186:0/802428999 >> [v2:172.21.15.186:3301/0,v1:172.21.15.186:6790/0] conn(0x7f69b813aef0 msgr2=0x7f69b8140b60 secure :-1 s=STATE_CONNECTION_ESTABLISHED l=0).read continue len=96 ,
2022-07-13T19:39:11.776+0000 7f69beb98700 20 --2- 172.21.15.186:0/802428999 >> [v2:172.21.15.186:3301/0,v1:172.21.15.186:6790/0] conn(0x7f69b813aef0 0x7f69b8140b60 secure :-1 s=SESSION_CONNECTING pgs=0 cs=0 l=0 rev1=1 crypto rx=0x7f69b4009e60 tx=0x7f69b4009780 comp rx=0 tx=0).handle_read_frame_preamble_main r=0
2022-07-14T07:02:59.142 WARNING:scrape:Ignoring malparsed backtrace:
2022-07-13T19:39:11.777+0000 7f69beb98700 5 --2- 172.21.15.186:0/802428999 >> [v2:172.21.15.186:3301/0,v1:172.21.15.186:6790/0] conn(0x7f69b813aef0 0x7f69b8140b60 secure :-1 s=CLOSED pgs=95 cs=0 l=1 rev1=1 crypto rx=0x7f69b4009e60 tx=0x7f69b4009780 comp rx=0 tx=0).reset_recv_state (warped) reseting crypto and compression handlers ,
2022-07-13T19:39:11.777+0000 7f69beb98700 5 --2- 172.21.15.186:0/802428999 >> [v2:172.21.15.186:3301/0,v1:172.21.15.186:6790/0] conn(0x7f69b813aef0 0x7f69b8140b60 secure :-1 s=CLOSED pgs=95 cs=0 l=1 rev1=1 crypto rx=0x7f69b4009e60 tx=0x7f69b4009780 comp rx=0 tx=0).reset_security ,
2022-07-13T19:39:11.777+0000 7f69beb98700 5 --2- 172.21.15.186:0/802428999 >> [v2:172.21.15.186:3301/0,v1:172.21.15.186:6790/0] conn(0x7f69b813aef0 0x7f69b8140b60 unknown :-1 s=CLOSED pgs=95 cs=0 l=1 rev1=1 crypto rx=0 tx=0 comp rx=0 tx=0).reset_compression
2022-07-14T07:02:59.143 WARNING:scrape:Ignoring malparsed backtrace:
2022-07-13T19:39:11.781+0000 7f69be397700 20 -- >> [v2:172.21.15.190:3300/0,v1:172.21.15.190:6789/0] conn(0x7f69b80ae9a0 msgr2=0x7f69b80a9ad0 unknown :-1 s=STATE_CONNECTION_ESTABLISHED l=1).read start len=10 ,
2022-07-13T19:39:11.781+0000 7f69bdb96700 20 -- >> [v2:172.21.15.186:3301/0,v1:172.21.15.186:6790/0] conn(0x7f69b80af800 msgr2=0x7f69b80aabf0 unknown :-1 s=STATE_CONNECTION_ESTABLISHED l=1).read start len=10 ,
2022-07-13T19:39:11.781+0000 7f69beb98700 20 Event(0x7f69b80b3b70 nevent=5000 time_id=4).create_file_event create event started fd=18 mask=1 original mask is 0
2022-07-14T07:02:59.143 WARNING:scrape:Ignoring malparsed backtrace:
