2022-07-13T19:38:46.013+0000 7f0f7ad9d700 20 -- 172.21.15.186:0/334708731 >> [v2:172.21.15.186:3301/0,v1:172.21.15.186:6790/0] conn(0x7f0f7c0afdb0 msgr2=0x7f0f7c13b7f0 unknown :-1 s=STATE_CONNECTION_ESTABLISHED l=0).read start len=32 ,
2022-07-13T19:38:46.013+0000 7f0f79d9b700 20 --1- 172.21.15.186:0/334708731 >> v1:172.21.15.186:6789/0 conn(0x7f0f7c0ae820 0x7f0f7c0af6a0 :-1 s=OPENED pgs=169 cs=1 l=1).prepare_send_message m auth(proto 0 30 bytes epoch 0) v1
2022-07-14T07:02:59.048 WARNING:scrape:Ignoring malparsed backtrace:
2022-07-13T19:38:46.013+0000 7f0f7a59c700 20 CompressorRegistry(0x7f0f7c072db0) get_mode peer_type 1 is_secure 1 ,
2022-07-13T19:38:46.013+0000 7f0f7a59c700 15 authenticated_encrypt_update plaintext.length()=80 buffer.length()=80 ,
2022-07-13T19:38:46.013+0000 7f0f7a59c700 15 authenticated_encrypt_final buffer.length()=96 final_len=0
2022-07-14T07:02:59.049 WARNING:scrape:Ignoring malparsed backtrace:
2022-07-13T19:38:46.014+0000 7f0f7a59c700 20 --2- 172.21.15.186:0/334708731 >> [v2:172.21.15.190:3300/0,v1:172.21.15.190:6789/0] conn(0x7f0f7c068ca0 0x7f0f7c0ae2e0 secure :-1 s=THROTTLE_DONE pgs=146 cs=0 l=1 rev1=1 crypto rx=0x7f0f70017fd0 tx=0x7f0f7001a060 comp rx=0 tx=0).read_frame_segment seg_idx=0 ,
2022-07-13T19:38:46.014+0000 7f0f7a59c700 20 --2- 172.21.15.186:0/334708731 >> [v2:172.21.15.190:3300/0,v1:172.21.15.190:6789/0] conn(0x7f0f7c068ca0 0x7f0f7c0ae2e0 secure :-1 s=THROTTLE_DONE pgs=146 cs=0 l=1 rev1=1 crypto rx=0x7f0f70017fd0 tx=0x7f0f7001a060 comp rx=0 tx=0).read_frame_segment seg_idx=1 ,
2022-07-13T19:38:46.014+0000 7f0f7a59c700 20 -- 172.21.15.186:0/334708731 >> [v2:172.21.15.190:3300/0,v1:172.21.15.190:6789/0] conn(0x7f0f7c068ca0 msgr2=0x7f0f7c0ae2e0 secure :-1 s=STATE_CONNECTION_ESTABLISHED l=1).read start len=416
2022-07-14T07:02:59.049 WARNING:scrape:Ignoring malparsed backtrace:
2022-07-13T19:38:46.017+0000 7f0f79d9b700 20 EpollDriver.add_event add event fd=17 cur_mask=0 add_mask=1 to 10 ,
2022-07-13T19:38:46.017+0000 7f0f7a59c700 20 --2- >> [v2:172.21.15.186:3300/0,v1:172.21.15.186:6789/0] conn(0x7f0f7c068ca0 0x7f0f7c087530 unknown :-1 s=BANNER_CONNECTING pgs=0 cs=0 l=1 rev1=0 crypto rx=0 tx=0 comp rx=0 tx=0)._banner_exchange ,
2022-07-13T19:38:46.017+0000 7f0f809ed700 5 --2- >> [v2:172.21.15.190:3300/0,v1:172.21.15.190:6789/0] conn(0x7f0f7c0afdb0 0x7f0f7c0a7510 unknown :-1 s=START_CONNECT pgs=0 cs=0 l=1 rev1=0 crypto rx=0 tx=0 comp rx=0 tx=0).send_message enqueueing message m=0x7f0f7c0a8b80 type=5 mon_getmap magic: 0 v1
2022-07-14T07:02:59.050 WARNING:scrape:Ignoring malparsed backtrace:
2022-07-13T19:38:46.018+0000 7f0f79d9b700 20 -- 172.21.15.186:0/1612156986 >> [v2:172.21.15.186:3301/0,v1:172.21.15.186:6790/0] conn(0x7f0f7c0ae820 msgr2=0x7f0f7c0a6890 unknown :-1 s=STATE_CONNECTION_ESTABLISHED l=1).process ,
2022-07-13T19:38:46.018+0000 7f0f7a59c700 20 -- 172.21.15.186:0/1612156986 >> [v2:172.21.15.186:3300/0,v1:172.21.15.186:6789/0] conn(0x7f0f7c068ca0 msgr2=0x7f0f7c087530 unknown :-1 s=STATE_CONNECTION_ESTABLISHED l=1).read start len=32 ,
2022-07-13T19:38:46.018+0000 7f0f79d9b700 20 -- 172.21.15.186:0/1612156986 >> [v2:172.21.15.186:3301/0,v1:172.21.15.186:6790/0] conn(0x7f0f7c0ae820 msgr2=0x7f0f7c0a6890 unknown :-1 s=STATE_CONNECTION_ESTABLISHED l=1).read continue len=32
2022-07-14T07:02:59.051 WARNING:scrape:Ignoring malparsed backtrace:
2022-07-13T19:38:46.018+0000 7f0f7ad9d700 15 authenticated_encrypt_update plaintext.length()=80 buffer.length()=80 ,
2022-07-13T19:38:46.018+0000 7f0f7ad9d700 15 authenticated_encrypt_final buffer.length()=96 final_len=0 ,
2022-07-13T19:38:46.018+0000 7f0f7ad9d700 10 -- 172.21.15.186:0/1612156986 >> [v2:172.21.15.190:3300/0,v1:172.21.15.190:6789/0] conn(0x7f0f7c0afdb0 msgr2=0x7f0f7c0a7510 secure :-1 s=STATE_CONNECTION_ESTABLISHED l=1)._try_send sent bytes 96 remaining bytes 0
2022-07-14T07:02:59.051 WARNING:scrape:Ignoring malparsed backtrace:
2022-07-13T19:38:46.019+0000 7f0f7ad9d700 20 --2- 172.21.15.186:0/1612156986 >> [v2:172.21.15.190:3300/0,v1:172.21.15.190:6789/0] conn(0x7f0f7c0afdb0 0x7f0f7c0a7510 secure :-1 s=THROTTLE_MESSAGE pgs=147 cs=0 l=1 rev1=1 crypto rx=0x7f0f6c007eb0 tx=0x7f0f6c009840 comp rx=0 tx=0).throttle_message ,
2022-07-13T19:38:46.019+0000 7f0f7ad9d700 20 --2- 172.21.15.186:0/1612156986 >> [v2:172.21.15.190:3300/0,v1:172.21.15.190:6789/0] conn(0x7f0f7c0afdb0 0x7f0f7c0a7510 secure :-1 s=THROTTLE_BYTES pgs=147 cs=0 l=1 rev1=1 crypto rx=0x7f0f6c007eb0 tx=0x7f0f6c009840 comp rx=0 tx=0).throttle_bytes ,
2022-07-13T19:38:46.019+0000 7f0f7ad9d700 20 --2- 172.21.15.186:0/1612156986 >> [v2:172.21.15.190:3300/0,v1:172.21.15.190:6789/0] conn(0x7f0f7c0afdb0 0x7f0f7c0a7510 secure :-1 s=THROTTLE_DISPATCH_QUEUE pgs=147 cs=0 l=1 rev1=1 crypto rx=0x7f0f6c007eb0 tx=0x7f0f6c009840 comp rx=0 tx=0).throttle_dispatch_queue
2022-07-14T07:02:59.052 WARNING:scrape:Ignoring malparsed backtrace:
2022-07-13T19:38:46.021+0000 7f0f7ad9d700 10 --2- 172.21.15.186:0/1612156986 >> [v2:172.21.15.190:3300/0,v1:172.21.15.190:6789/0] conn(0x7f0f7c0afdb0 0x7f0f7c0a7510 secure :-1 s=READY pgs=147 cs=0 l=1 rev1=1 crypto rx=0x7f0f6c007eb0 tx=0x7f0f6c009840 comp rx=0 tx=0).write_message sending 0x7f0f7c0a8980 done. ,
2022-07-13T19:38:46.021+0000 7f0f6a7fc700 10 -- 172.21.15.186:0/1612156986 create_connect v2:172.21.15.186:6800/117176, creating connection and registering ,
2022-07-13T19:38:46.021+0000 7f0f6a7fc700 10 -- 172.21.15.186:0/1612156986 >> v2:172.21.15.186:6800/117176 conn(0x7f0f58064fd0 msgr2=0x7f0f580674e0 unknown :-1 s=STATE_NONE l=1)._connect
2022-07-14T07:02:59.053 WARNING:scrape:Ignoring malparsed backtrace:
2022-07-13T19:38:46.022+0000 7f0f7a59c700 20 --2- 172.21.15.186:0/1612156986 >> v2:172.21.15.186:6800/117176 conn(0x7f0f58064fd0 0x7f0f580674e0 secure :-1 s=SESSION_CONNECTING pgs=0 cs=0 l=1 rev1=1 crypto rx=0x7f0f7000f040 tx=0x7f0f7000c000 comp rx=0 tx=0).handle_read_frame_segment r=0 ,
2022-07-13T19:38:46.022+0000 7f0f7a59c700 10 --2- 172.21.15.186:0/1612156986 >> v2:172.21.15.186:6800/117176 conn(0x7f0f58064fd0 0x7f0f580674e0 secure :-1 s=SESSION_CONNECTING pgs=0 cs=0 l=1 rev1=1 crypto rx=0x7f0f7000f040 tx=0x7f0f7000c000 comp rx=0 tx=0).handle_read_frame_dispatch tag=9 ,
2022-07-13T19:38:46.022+0000 7f0f7a59c700 20 --2- 172.21.15.186:0/1612156986 >> v2:172.21.15.186:6800/117176 conn(0x7f0f58064fd0 0x7f0f580674e0 secure :-1 s=SESSION_CONNECTING pgs=0 cs=0 l=1 rev1=1 crypto rx=0x7f0f7000f040 tx=0x7f0f7000c000 comp rx=0 tx=0).handle_server_ident payload.length()=88
2022-07-14T07:02:59.054 WARNING:scrape:Ignoring malparsed backtrace:
2022-07-13T19:38:46.208+0000 7f0f809ed700 5 -- 172.21.15.186:0/1612156986 shutdown_connections mark down [v2:172.21.15.190:3300/0,v1:172.21.15.190:6789/0] 0x7f0f7c0afdb0 ,
2022-07-13T19:38:46.208+0000 7f0f809ed700 1 --2- 172.21.15.186:0/1612156986 >> [v2:172.21.15.190:3300/0,v1:172.21.15.190:6789/0] conn(0x7f0f7c0afdb0 0x7f0f7c0a7510 unknown :-1 s=CLOSED pgs=147 cs=0 l=1 rev1=1 crypto rx=0 tx=0 comp rx=0 tx=0).stop ,
2022-07-13T19:38:46.208+0000 7f0f809ed700 5 -- 172.21.15.186:0/1612156986 shutdown_connections mark down [v2:172.21.15.186:3300/0,v1:172.21.15.186:6789/0] 0x7f0f7c068ca0
2022-07-14T07:02:59.054 WARNING:scrape:Ignoring malparsed backtrace:
2022-07-13T19:38:46.472+0000 7f0eecd43700 20 --2- >> v2:172.21.15.186:3300/0 conn(0x7f0ee80ad7b0 0x7f0ee8140a80 unknown :-1 s=START_CONNECT pgs=0 cs=0 l=0 rev1=0 crypto rx=0 tx=0 comp rx=0 tx=0).start_client_banner_exchange ,
2022-07-13T19:38:46.472+0000 7f0eecd43700 20 --2- >> v2:172.21.15.186:3300/0 conn(0x7f0ee80ad7b0 0x7f0ee8140a80 unknown :-1 s=BANNER_CONNECTING pgs=0 cs=0 l=0 rev1=0 crypto rx=0 tx=0 comp rx=0 tx=0)._banner_exchange ,
2022-07-13T19:38:46.472+0000 7f0edffff700 10 -- >> [v2:172.21.15.186:3301/0,v1:172.21.15.186:6790/0] conn(0x7f0ee8140fc0 msgr2=0x7f0ee80abd60 unknown :-1 s=STATE_CONNECTING_RE l=0).process connect successfully, ready to send banner
2022-07-14T07:02:59.055 WARNING:scrape:Ignoring malparsed backtrace:
2022-07-13T19:38:46.473+0000 7f0eed544700 20 --2- 172.21.15.186:0/3333548901 >> v2:172.21.15.190:3300/0 conn(0x7f0ee80ac2a0 0x7f0ee813d620 unknown :-1 s=AUTH_CONNECTING pgs=0 cs=0 l=0 rev1=1 crypto rx=0 tx=0 comp rx=0 tx=0).handle_read_frame_preamble_main r=0 ,
2022-07-13T19:38:46.473+0000 7f0eed544700 20 --2- 172.21.15.186:0/3333548901 >> v2:172.21.15.190:3300/0 conn(0x7f0ee80ac2a0 0x7f0ee813d620 unknown :-1 s=AUTH_CONNECTING pgs=0 cs=0 l=0 rev1=1 crypto rx=0 tx=0 comp rx=0 tx=0).read_frame_segment seg_idx=0 ,
2022-07-13T19:38:46.473+0000 7f0edffff700 20 --2- 172.21.15.186:0/3333548901 >> [v2:172.21.15.186:3301/0,v1:172.21.15.186:6790/0] conn(0x7f0ee8140fc0 0x7f0ee80abd60 unknown :-1 s=AUTH_CONNECTING pgs=0 cs=0 l=0 rev1=1 crypto rx=0 tx=0 comp rx=0 tx=0).read_frame_segment seg_idx=0
2022-07-14T07:02:59.056 WARNING:scrape:Ignoring malparsed backtrace:
2022-07-13T19:38:46.473+0000 7f0eed544700 15 authenticated_encrypt_update plaintext.length()=80 buffer.length()=80 ,
2022-07-13T19:38:46.473+0000 7f0eed544700 15 authenticated_encrypt_final buffer.length()=96 final_len=0 ,
2022-07-13T19:38:46.473+0000 7f0eed544700 10 -- 172.21.15.186:0/3333548901 >> v2:172.21.15.190:3300/0 conn(0x7f0ee80ac2a0 msgr2=0x7f0ee813d620 secure :-1 s=STATE_CONNECTION_ESTABLISHED l=0)._try_send sent bytes 192 remaining bytes 0
2022-07-14T07:02:59.056 WARNING:scrape:Ignoring malparsed backtrace:
2022-07-13T19:38:46.474+0000 7f0eeefa7700 1 -- 172.21.15.186:0/3333548901 >> [v2:172.21.15.190:3300/0,v1:172.21.15.190:6789/0] conn(0x7f0ee80ac2a0 msgr2=0x7f0ee813d620 secure :-1 s=STATE_CONNECTION_ESTABLISHED l=1).mark_down ,
2022-07-13T19:38:46.474+0000 7f0eeefa7700 1 --2- 172.21.15.186:0/3333548901 >> [v2:172.21.15.190:3300/0,v1:172.21.15.190:6789/0] conn(0x7f0ee80ac2a0 0x7f0ee813d620 secure :-1 s=READY pgs=148 cs=0 l=1 rev1=1 crypto rx=0x7f0ee8070670 tx=0x7f0ee4009780 comp rx=0 tx=0).stop ,
2022-07-13T19:38:46.474+0000 7f0eeefa7700 5 --2- 172.21.15.186:0/3333548901 >> [v2:172.21.15.190:3300/0,v1:172.21.15.190:6789/0] conn(0x7f0ee80ac2a0 0x7f0ee813d620 secure :-1 s=READY pgs=148 cs=0 l=1 rev1=1 crypto rx=0x7f0ee8070670 tx=0x7f0ee4009780 comp rx=0 tx=0).reset_recv_state
2022-07-14T07:02:59.057 WARNING:scrape:Ignoring malparsed backtrace:
2022-07-13T19:38:46.477+0000 7f0eeefa7700 5 --2- >> [v2:172.21.15.186:3301/0,v1:172.21.15.186:6790/0] conn(0x7f0ee80ac2a0 0x7f0ee8138b50 unknown :-1 s=BANNER_CONNECTING pgs=0 cs=0 l=1 rev1=0 crypto rx=0 tx=0 comp rx=0 tx=0).send_message enqueueing message m=0x7f0ee814f180 type=5 mon_getmap magic: 0 v1 ,
2022-07-13T19:38:46.477+0000 7f0eed544700 20 Event(0x7f0ee80b3b60 nevent=5000 time_id=4).create_file_event create event end fd=18 mask=1 current mask is 1 ,
2022-07-13T19:38:46.477+0000 7f0eeefa7700 15 --2- >> [v2:172.21.15.186:3301/0,v1:172.21.15.186:6790/0] conn(0x7f0ee80ac2a0 0x7f0ee8138b50 unknown :-1 s=BANNER_CONNECTING pgs=0 cs=0 l=1 rev1=0 crypto rx=0 tx=0 comp rx=0 tx=0).send_message inline write is denied, reschedule m=0x7f0ee814f180
2022-07-14T07:02:59.058 WARNING:scrape:Ignoring malparsed backtrace:
2022-07-13T19:38:46.477+0000 7f0eed544700 20 --2- 172.21.15.186:0/3944821592 >> [v2:172.21.15.186:3300/0,v1:172.21.15.186:6789/0] conn(0x7f0ee8140fc0 0x7f0ee8137940 unknown :-1 s=AUTH_CONNECTING pgs=0 cs=0 l=1 rev1=1 crypto rx=0 tx=0 comp rx=0 tx=0).handle_auth_reply_more payload.length()=13 ,
2022-07-13T19:38:46.477+0000 7f0eed544700 5 --2- 172.21.15.186:0/3944821592 >> [v2:172.21.15.186:3300/0,v1:172.21.15.186:6789/0] conn(0x7f0ee8140fc0 0x7f0ee8137940 unknown :-1 s=AUTH_CONNECTING pgs=0 cs=0 l=1 rev1=1 crypto rx=0 tx=0 comp rx=0 tx=0).handle_auth_reply_more auth reply more len=9 ,
2022-07-13T19:38:46.477+0000 7f0edffff700 20 -- 172.21.15.186:0/3944821592 >> [v2:172.21.15.190:3300/0,v1:172.21.15.190:6789/0] conn(0x7f0ee80ad7b0 msgr2=0x7f0ee813fb90 unknown :-1 s=STATE_CONNECTION_ESTABLISHED l=1).process
2022-07-14T07:02:59.059 WARNING:scrape:Ignoring malparsed backtrace:
2022-07-13T19:38:46.478+0000 7f0edffff700 10 -- 172.21.15.186:0/3944821592 >> [v2:172.21.15.190:3300/0,v1:172.21.15.190:6789/0] conn(0x7f0ee80ad7b0 msgr2=0x7f0ee813fb90 secure :-1 s=STATE_CONNECTION_ESTABLISHED l=1)._try_send sent bytes 192 remaining bytes 0 ,
2022-07-13T19:38:46.478+0000 7f0edffff700 20 --2- 172.21.15.186:0/3944821592 >> [v2:172.21.15.190:3300/0,v1:172.21.15.190:6789/0] conn(0x7f0ee80ad7b0 0x7f0ee813fb90 secure :-1 s=SESSION_CONNECTING pgs=0 cs=0 l=1 rev1=1 crypto rx=0x7f0ed001a8b0 tx=0x7f0ed001a100 comp rx=0 tx=0).read_frame ,
2022-07-13T19:38:46.478+0000 7f0edffff700 20 -- 172.21.15.186:0/3944821592 >> [v2:172.21.15.190:3300/0,v1:172.21.15.190:6789/0] conn(0x7f0ee80ad7b0 msgr2=0x7f0ee813fb90 secure :-1 s=STATE_CONNECTION_ESTABLISHED l=1).read start len=96
2022-07-14T07:02:59.059 WARNING:scrape:Ignoring malparsed backtrace:
2022-07-13T19:38:46.478+0000 7f0edffff700 10 -- 172.21.15.186:0/3944821592 >> [v2:172.21.15.190:3300/0,v1:172.21.15.190:6789/0] conn(0x7f0ee80ad7b0 msgr2=0x7f0ee813fb90 secure :-1 s=STATE_CONNECTION_ESTABLISHED l=1).handle_write ,
2022-07-13T19:38:46.478+0000 7f0edffff700 10 --2- 172.21.15.186:0/3944821592 >> [v2:172.21.15.190:3300/0,v1:172.21.15.190:6789/0] conn(0x7f0ee80ad7b0 0x7f0ee813fb90 secure :-1 s=READY pgs=149 cs=0 l=1 rev1=1 crypto rx=0x7f0ed001a8b0 tx=0x7f0ed001a100 comp rx=0 tx=0).write_event ,
2022-07-13T19:38:46.478+0000 7f0edffff700 20 --2- 172.21.15.186:0/3944821592 >> [v2:172.21.15.190:3300/0,v1:172.21.15.190:6789/0] conn(0x7f0ee80ad7b0 0x7f0ee813fb90 secure :-1 s=READY pgs=149 cs=0 l=1 rev1=1 crypto rx=0x7f0ed001a8b0 tx=0x7f0ed001a100 comp rx=0 tx=0).prepare_send_message m=mon_subscribe({mgrmap=0+}) v3
2022-07-14T07:02:59.060 WARNING:scrape:Ignoring malparsed backtrace:
2022-07-13T19:38:46.480+0000 7f0edffff700 5 --2- 172.21.15.186:0/3944821592 >> [v2:172.21.15.190:3300/0,v1:172.21.15.190:6789/0] conn(0x7f0ee80ad7b0 0x7f0ee813fb90 secure :-1 s=THROTTLE_DONE pgs=149 cs=0 l=1 rev1=1 crypto rx=0x7f0ed001a8b0 tx=0x7f0ed001a100 comp rx=0 tx=0).handle_message got 24 + 0 + 0 byte message. envelope type=20 src mon.1 off 0 ,
2022-07-13T19:38:46.480+0000 7f0edffff700 5 --2- 172.21.15.186:0/3944821592 >> [v2:172.21.15.190:3300/0,v1:172.21.15.190:6789/0] conn(0x7f0ee80ad7b0 0x7f0ee813fb90 secure :-1 s=READ_MESSAGE_COMPLETE pgs=149 cs=0 l=1 rev1=1 crypto rx=0x7f0ed001a8b0 tx=0x7f0ed001a100 comp rx=0 tx=0).handle_message received message m=0x7f0ed0086220 seq=6 from=mon.1 type=20 mon_get_version_reply(handle=1 version=41) v2 ,
2022-07-13T19:38:46.480+0000 7f0edffff700 20 -- 172.21.15.186:0/3944821592 queue 0x7f0ed0086220 prio 196
2022-07-14T07:02:59.061 WARNING:scrape:Ignoring malparsed backtrace:
2022-07-13T19:38:46.480+0000 7f0eecd43700 20 --2- 172.21.15.186:0/3944821592 >> v2:172.21.15.186:6800/117176 conn(0x7f0ec8064fa0 0x7f0ec80674b0 secure :-1 s=AUTH_CONNECTING_SIGN pgs=0 cs=0 l=1 rev1=1 crypto rx=0x7f0ed8005fd0 tx=0x7f0ed8005ca0 comp rx=0 tx=0).read_frame ,
2022-07-13T19:38:46.480+0000 7f0eecd43700 20 -- 172.21.15.186:0/3944821592 >> v2:172.21.15.186:6800/117176 conn(0x7f0ec8064fa0 msgr2=0x7f0ec80674b0 secure :-1 s=STATE_CONNECTION_ESTABLISHED l=1).read start len=96 ,
2022-07-13T19:38:46.480+0000 7f0eecd43700 20 --2- 172.21.15.186:0/3944821592 >> v2:172.21.15.186:6800/117176 conn(0x7f0ec8064fa0 0x7f0ec80674b0 secure :-1 s=AUTH_CONNECTING_SIGN pgs=0 cs=0 l=1 rev1=1 crypto rx=0x7f0ed8005fd0 tx=0x7f0ed8005ca0 comp rx=0 tx=0).handle_read_frame_preamble_main r=0
2022-07-14T07:02:59.062 WARNING:scrape:Ignoring malparsed backtrace:
2022-07-13T19:38:46.504+0000 7f0eed544700 20 -- 172.21.15.186:0/3944821592 >> v2:172.21.15.190:6800/117545 conn(0x7f0ec806b2e0 msgr2=0x7f0ec806d770 crc :-1 s=STATE_CONNECTION_ESTABLISHED l=1).read start len=32 ,
2022-07-13T19:38:46.504+0000 7f0eed544700 20 -- 172.21.15.186:0/3944821592 >> v2:172.21.15.190:6800/117545 conn(0x7f0ec806b2e0 msgr2=0x7f0ec806d770 crc :-1 s=STATE_CONNECTION_ESTABLISHED l=1).process ,
2022-07-13T19:38:46.504+0000 7f0eed544700 20 -- 172.21.15.186:0/3944821592 >> v2:172.21.15.190:6800/117545 conn(0x7f0ec806b2e0 msgr2=0x7f0ec806d770 crc :-1 s=STATE_CONNECTION_ESTABLISHED l=1).read continue len=32
2022-07-14T07:02:59.062 WARNING:scrape:Ignoring malparsed backtrace:
2022-07-13T19:38:46.509+0000 7f0eed544700 20 EpollDriver.del_event del event fd=18 cur_mask=1 delmask=3 to 4 ,
2022-07-13T19:38:46.509+0000 7f0eeefa7700 1 -- 172.21.15.186:0/3944821592 >> v2:172.21.15.186:6800/117176 conn(0x7f0ec8064fa0 msgr2=0x7f0ec80674b0 secure :-1 s=STATE_CONNECTION_ESTABLISHED l=1).mark_down ,
2022-07-13T19:38:46.509+0000 7f0eeefa7700 1 --2- 172.21.15.186:0/3944821592 >> v2:172.21.15.186:6800/117176 conn(0x7f0ec8064fa0 0x7f0ec80674b0 secure :-1 s=READY pgs=121 cs=0 l=1 rev1=1 crypto rx=0x7f0ed8005fd0 tx=0x7f0ed8005ca0 comp rx=0 tx=0).stop
2022-07-14T07:02:59.063 WARNING:scrape:Ignoring malparsed backtrace:
2022-07-13T19:38:47.000+0000 7efd1e7fc700 20 Event(0x7efd20070770 nevent=5000 time_id=2).create_file_event create event started fd=14 mask=1 original mask is 0 ,
2022-07-13T19:38:47.000+0000 7efd255dd700 15 --1- >> v1:172.21.15.186:6789/0 conn(0x7efd20068ca0 0x7efd200ae2e0 :-1 s=START_CONNECT pgs=0 cs=0 l=0).send_message inline write is denied, reschedule m=0x7efd200af210 ,
2022-07-13T19:38:47.000+0000 7efd1e7fc700 20 EpollDriver.add_event add event fd=14 cur_mask=0 add_mask=1 to 10
2022-07-14T07:02:59.064 WARNING:scrape:Ignoring malparsed backtrace:
2022-07-13T19:38:47.001+0000 7efd1e7fc700 20 --2- 172.21.15.186:0/534275363 >> v2:172.21.15.190:3300/0 conn(0x7efd200af6a0 0x7efd200afab0 unknown :-1 s=HELLO_CONNECTING pgs=0 cs=0 l=0 rev1=1 crypto rx=0 tx=0 comp rx=0 tx=0).post_client_banner_exchange ,
2022-07-13T19:38:47.001+0000 7efd1f7fe700 20 --2- 172.21.15.186:0/534275363 >> v2:172.21.15.186:3300/0 conn(0x7efd2013b7f0 0x7efd2013bc00 unknown :-1 s=AUTH_CONNECTING pgs=0 cs=0 l=0 rev1=1 crypto rx=0 tx=0 comp rx=0 tx=0).send_auth_request peer_type 1 auth_client 0x7efd255dbe10 ,
2022-07-13T19:38:47.001+0000 7efd1e7fc700 20 --2- 172.21.15.186:0/534275363 >> v2:172.21.15.190:3300/0 conn(0x7efd200af6a0 0x7efd200afab0 unknown :-1 s=AUTH_CONNECTING pgs=0 cs=0 l=0 rev1=1 crypto rx=0 tx=0 comp rx=0 tx=0).send_auth_request peer_type 1 auth_client 0x7efd255dbe10
2022-07-14T07:02:59.064 WARNING:scrape:Ignoring malparsed backtrace:
2022-07-13T19:38:47.001+0000 7efd1e7fc700 20 Event(0x7efd200b3b70 nevent=5000 time_id=2).wakeup ,
2022-07-13T19:38:47.001+0000 7efd1effd700 20 --1- 172.21.15.186:0/534275363 >> v1:172.21.15.186:6789/0 conn(0x7efd20068ca0 0x7efd200ae2e0 :-1 s=READ_MESSAGE_FRONT pgs=170 cs=1 l=1).read_message_front ,
2022-07-13T19:38:47.001+0000 7efd1effd700 20 -- 172.21.15.186:0/534275363 >> v1:172.21.15.186:6789/0 conn(0x7efd20068ca0 legacy=0x7efd200ae2e0 unknown :-1 s=STATE_CONNECTION_ESTABLISHED l=1).read start len=33
2022-07-14T07:02:59.065 WARNING:scrape:Ignoring malparsed backtrace:
2022-07-13T19:38:47.002+0000 7efd1e7fc700 15 authenticated_encrypt_update plaintext.length()=16 buffer.length()=80 ,
2022-07-13T19:38:47.002+0000 7efd1e7fc700 15 authenticated_encrypt_final buffer.length()=96 final_len=0 ,
2022-07-13T19:38:47.002+0000 7efd1e7fc700 5 --2- 172.21.15.186:0/534275363 >> [v2:172.21.15.190:3300/0,v1:172.21.15.190:6789/0] conn(0x7efd200af6a0 0x7efd200afab0 secure :-1 s=READY pgs=150 cs=0 l=1 rev1=1 crypto rx=0x7efd2006e6f0 tx=0x7efd08009060 comp rx=0 tx=0).write_message sending message m=0x7efd200ae9f0 seq=2 mon_subscribe({config=0+,monmap=0+}) v3
2022-07-14T07:02:59.066 WARNING:scrape:Ignoring malparsed backtrace:
2022-07-13T19:38:47.002+0000 7efd255dd700 10 -- 172.21.15.186:0/534275363 wait: waiting for dispatch queue ,
2022-07-13T19:38:47.002+0000 7efd255dd700 10 -- 172.21.15.186:0/534275363 wait: dispatch queue is stopped ,
2022-07-13T19:38:47.002+0000 7efd255dd700 1 -- 172.21.15.186:0/534275363 shutdown_connections
2022-07-14T07:02:59.067 WARNING:scrape:Ignoring malparsed backtrace:
2022-07-13T19:38:47.005+0000 7efd1effd700 5 --2- >> [v2:172.21.15.186:3300/0,v1:172.21.15.186:6789/0] conn(0x7efd20068ca0 0x7efd2013ac90 unknown :-1 s=HELLO_CONNECTING pgs=0 cs=0 l=1 rev1=1 crypto rx=0 tx=0 comp rx=0 tx=0).handle_hello received hello: peer_type=1 peer_addr_for_me=v2:172.21.15.186:48438/0 ,
2022-07-13T19:38:47.005+0000 7efd1f7fe700 20 -- >> [v2:172.21.15.190:3300/0,v1:172.21.15.190:6789/0] conn(0x7efd2013b7f0 msgr2=0x7efd200aaee0 unknown :-1 s=STATE_CONNECTION_ESTABLISHED l=1).read continue len=10 ,
2022-07-13T19:38:47.005+0000 7efd1effd700 5 --2- >> [v2:172.21.15.186:3300/0,v1:172.21.15.186:6789/0] conn(0x7efd20068ca0 0x7efd2013ac90 unknown :-1 s=HELLO_CONNECTING pgs=0 cs=0 l=1 rev1=1 crypto rx=0 tx=0 comp rx=0 tx=0).handle_hello getsockname says I am 172.21.15.186:48438 when talking to v2:172.21.15.186:3300/0
2022-07-14T07:02:59.067 WARNING:scrape:Ignoring malparsed backtrace:
2022-07-13T19:38:47.005+0000 7efd1f7fe700 20 -- 172.21.15.186:0/76097 >> [v2:172.21.15.190:3300/0,v1:172.21.15.190:6789/0] conn(0x7efd2013b7f0 msgr2=0x7efd200aaee0 unknown :-1 s=STATE_CONNECTION_ESTABLISHED l=1).read start len=844 ,
2022-07-13T19:38:47.005+0000 7efd1effd700 1 -- 172.21.15.186:0/76097 >> [v2:172.21.15.186:3301/0,v1:172.21.15.186:6790/0] conn(0x7efd200af6a0 msgr2=0x7efd20136c10 unknown :-1 s=STATE_CONNECTION_ESTABLISHED l=1).mark_down ,
2022-07-13T19:38:47.005+0000 7efd1f7fe700 20 --2- 172.21.15.186:0/76097 >> [v2:172.21.15.190:3300/0,v1:172.21.15.190:6789/0] conn(0x7efd2013b7f0 0x7efd200aaee0 unknown :-1 s=AUTH_CONNECTING pgs=0 cs=0 l=1 rev1=1 crypto rx=0 tx=0 comp rx=0 tx=0).handle_read_frame_segment r=0
2022-07-14T07:02:59.068 WARNING:scrape:Ignoring malparsed backtrace:
2022-07-13T19:38:47.006+0000 7efd1effd700 20 --2- 172.21.15.186:0/76097 >> [v2:172.21.15.186:3300/0,v1:172.21.15.186:6789/0] conn(0x7efd20068ca0 0x7efd2013ac90 secure :-1 s=THROTTLE_DISPATCH_QUEUE pgs=171 cs=0 l=1 rev1=1 crypto rx=0x7efd1400b4e0 tx=0x7efd14006df0 comp rx=0 tx=0).throttle_dispatch_queue ,
2022-07-13T19:38:47.006+0000 7efd1effd700 20 --2- 172.21.15.186:0/76097 >> [v2:172.21.15.186:3300/0,v1:172.21.15.186:6789/0] conn(0x7efd20068ca0 0x7efd2013ac90 secure :-1 s=THROTTLE_DONE pgs=171 cs=0 l=1 rev1=1 crypto rx=0x7efd1400b4e0 tx=0x7efd14006df0 comp rx=0 tx=0).read_frame_segment seg_idx=0 ,
2022-07-13T19:38:47.006+0000 7efd1effd700 20 --2- 172.21.15.186:0/76097 >> [v2:172.21.15.186:3300/0,v1:172.21.15.186:6789/0] conn(0x7efd20068ca0 0x7efd2013ac90 secure :-1 s=THROTTLE_DONE pgs=171 cs=0 l=1 rev1=1 crypto rx=0x7efd1400b4e0 tx=0x7efd14006df0 comp rx=0 tx=0).read_frame_segment seg_idx=1
2022-07-14T07:02:59.069 WARNING:scrape:Ignoring malparsed backtrace:
2022-07-13T19:38:47.007+0000 7efd1effd700 20 --2- 172.21.15.186:0/76097 >> [v2:172.21.15.186:3300/0,v1:172.21.15.186:6789/0] conn(0x7efd20068ca0 0x7efd2013ac90 secure :-1 s=THROTTLE_DONE pgs=171 cs=0 l=1 rev1=1 crypto rx=0x7efd1400b4e0 tx=0x7efd14006df0 comp rx=0 tx=0).handle_read_frame_epilogue_main r=0 ,
2022-07-13T19:38:47.007+0000 7efd255dd700 15 --2- 172.21.15.186:0/76097 >> [v2:172.21.15.186:3300/0,v1:172.21.15.186:6789/0] conn(0x7efd20068ca0 0x7efd2013ac90 secure :-1 s=THROTTLE_DONE pgs=171 cs=0 l=1 rev1=1 crypto rx=0x7efd1400b4e0 tx=0x7efd14006df0 comp rx=0 tx=0).send_message inline write is denied, reschedule m=0x7efd200aa7d0 ,
2022-07-13T19:38:47.007+0000 7efd255dd700 20 Event(0x7efd200696a0 nevent=5000 time_id=5).wakeup
2022-07-14T07:02:59.069 WARNING:scrape:Ignoring malparsed backtrace:
2022-07-13T19:38:47.009+0000 7efd1e7fc700 20 -- 172.21.15.186:0/76097 >> v2:172.21.15.186:6800/117176 conn(0x7efd00064fa0 msgr2=0x7efd000674b0 unknown :-1 s=STATE_CONNECTION_ESTABLISHED l=1).read start len=120 ,
2022-07-13T19:38:47.009+0000 7efd1e7fc700 20 --2- 172.21.15.186:0/76097 >> v2:172.21.15.186:6800/117176 conn(0x7efd00064fa0 0x7efd000674b0 unknown :-1 s=AUTH_CONNECTING pgs=0 cs=0 l=1 rev1=1 crypto rx=0 tx=0 comp rx=0 tx=0).handle_read_frame_segment r=0 ,
2022-07-13T19:38:47.009+0000 7efd1e7fc700 10 --2- 172.21.15.186:0/76097 >> v2:172.21.15.186:6800/117176 conn(0x7efd00064fa0 0x7efd000674b0 unknown :-1 s=AUTH_CONNECTING pgs=0 cs=0 l=1 rev1=1 crypto rx=0 tx=0 comp rx=0 tx=0).handle_read_frame_dispatch tag=6
2022-07-14T07:02:59.070 WARNING:scrape:Ignoring malparsed backtrace:
2022-07-13T19:38:47.193+0000 7efd1e7fc700 10 --2- 172.21.15.186:0/76097 >> v2:172.21.15.186:6800/117176 conn(0x7efd00064fa0 0x7efd000674b0 secure :-1 s=THROTTLE_DONE pgs=122 cs=0 l=1 rev1=1 crypto rx=0x7efd2006ccb0 tx=0x7efd08038000 comp rx=0 tx=0).handle_read_frame_dispatch tag=17 ,
2022-07-13T19:38:47.193+0000 7efd1e7fc700 20 --2- 172.21.15.186:0/76097 >> v2:172.21.15.186:6800/117176 conn(0x7efd00064fa0 0x7efd000674b0 secure :-1 s=THROTTLE_DONE pgs=122 cs=0 l=1 rev1=1 crypto rx=0x7efd2006ccb0 tx=0x7efd08038000 comp rx=0 tx=0).handle_message ,
2022-07-13T19:38:47.193+0000 7efd1e7fc700 5 --2- 172.21.15.186:0/76097 >> v2:172.21.15.186:6800/117176 conn(0x7efd00064fa0 0x7efd000674b0 secure :-1 s=THROTTLE_DONE pgs=122 cs=0 l=1 rev1=1 crypto rx=0x7efd2006ccb0 tx=0x7efd08038000 comp rx=0 tx=0).handle_message got 41 + 0 + 0 byte message. envelope type=1802 src mgr.4104 off 0
2022-07-14T07:02:59.071 WARNING:scrape:Ignoring malparsed backtrace:
2022-07-13T19:38:47.578+0000 7f6d6259c700 20 -- >> v1:172.21.15.190:6789/0 conn(0x7f6d640b0cc0 legacy=0x7f6d640af040 unknown :-1 s=STATE_CONNECTING l=0).process ,
2022-07-13T19:38:47.578+0000 7f6d688eb700 10 -- >> v2:172.21.15.190:3300/0 conn(0x7f6d640ae4e0 msgr2=0x7f6d641414b0 unknown :-1 s=STATE_NONE l=0)._connect ,
2022-07-13T19:38:47.578+0000 7f6d688eb700 1 --2- >> v2:172.21.15.190:3300/0 conn(0x7f6d640ae4e0 0x7f6d641414b0 unknown :-1 s=NONE pgs=0 cs=0 l=0 rev1=0 crypto rx=0 tx=0 comp rx=0 tx=0).connect
2022-07-14T07:02:59.072 WARNING:scrape:Ignoring malparsed backtrace:
2022-07-13T19:38:47.578+0000 7f6d61d9b700 20 -- 172.21.15.186:0/1052287350 >> v2:172.21.15.190:3300/0 conn(0x7f6d640ae4e0 msgr2=0x7f6d641414b0 unknown :-1 s=STATE_CONNECTION_ESTABLISHED l=0).read start len=16 ,
2022-07-13T19:38:47.578+0000 7f6d62d9d700 20 --1- 172.21.15.186:0/1052287350 >> v1:172.21.15.186:6789/0 conn(0x7f6d640acbc0 0x7f6d640acfd0 :-1 s=CONNECTING_SEND_CONNECT_MSG pgs=0 cs=0 l=0).handle_connect_reply_1 r=0 ,
2022-07-13T19:38:47.578+0000 7f6d61d9b700 20 --2- 172.21.15.186:0/1052287350 >> v2:172.21.15.190:3300/0 conn(0x7f6d640ae4e0 0x7f6d641414b0 unknown :-1 s=BANNER_CONNECTING pgs=0 cs=0 l=0 rev1=0 crypto rx=0 tx=0 comp rx=0 tx=0)._handle_peer_banner_payload r=0
2022-07-14T07:02:59.072 WARNING:scrape:Ignoring malparsed backtrace:
2022-07-13T19:38:47.578+0000 7f6d61d9b700 20 --2- 172.21.15.186:0/1052287350 >> v2:172.21.15.190:3300/0 conn(0x7f6d640ae4e0 0x7f6d641414b0 unknown :-1 s=AUTH_CONNECTING pgs=0 cs=0 l=0 rev1=1 crypto rx=0 tx=0 comp rx=0 tx=0).handle_auth_reply_more payload.length()=13 ,
2022-07-13T19:38:47.578+0000 7f6d62d9d700 20 -- 172.21.15.186:0/1052287350 >> v1:172.21.15.186:6789/0 conn(0x7f6d640acbc0 legacy=0x7f6d640acfd0 unknown :-1 s=STATE_CONNECTION_ESTABLISHED l=1).process ,
2022-07-13T19:38:47.578+0000 7f6d6259c700 20 --1- 172.21.15.186:0/1052287350 >> v1:172.21.15.190:6789/0 conn(0x7f6d640b0cc0 0x7f6d640af040 :-1 s=OPENED pgs=151 cs=1 l=1).prepare_send_message m auth(proto 0 30 bytes epoch 0) v1
2022-07-14T07:02:59.073 WARNING:scrape:Ignoring malparsed backtrace:
2022-07-13T19:38:47.578+0000 7f6d6259c700 20 --1- 172.21.15.186:0/1052287350 >> v1:172.21.15.190:6789/0 conn(0x7f6d640b0cc0 0x7f6d640af040 :-1 s=OPENED pgs=151 cs=1 l=1).wait_message ,
2022-07-13T19:38:47.578+0000 7f6d6259c700 20 -- 172.21.15.186:0/1052287350 >> v1:172.21.15.190:6789/0 conn(0x7f6d640b0cc0 legacy=0x7f6d640af040 unknown :-1 s=STATE_CONNECTION_ESTABLISHED l=1).read start len=1 ,
2022-07-13T19:38:47.578+0000 7f6d6159a700 1 -- 172.21.15.186:0/1052287350 <== mon.1 v1:172.21.15.190:6789/0 1 ==== auth_reply(proto 2 0 (0) Success) v1 ==== 33+0+0 (unknown 2980119127 0 0) 0x7f6d640ae8f0 con 0x7f6d640b0cc0
2022-07-14T07:02:59.074 WARNING:scrape:Ignoring malparsed backtrace:
2022-07-13T19:38:47.579+0000 7f6d61d9b700 20 --2- 172.21.15.186:0/1052287350 >> [v2:172.21.15.190:3300/0,v1:172.21.15.190:6789/0] conn(0x7f6d640ae4e0 0x7f6d641414b0 secure :-1 s=THROTTLE_DONE pgs=152 cs=0 l=1 rev1=1 crypto rx=0x7f6d4c017fd0 tx=0x7f6d4c01a060 comp rx=0 tx=0).handle_read_frame_epilogue_main r=0 ,
2022-07-13T19:38:47.579+0000 7f6d61d9b700 10 --2- 172.21.15.186:0/1052287350 >> [v2:172.21.15.190:3300/0,v1:172.21.15.190:6789/0] conn(0x7f6d640ae4e0 0x7f6d641414b0 secure :-1 s=THROTTLE_DONE pgs=152 cs=0 l=1 rev1=1 crypto rx=0x7f6d4c017fd0 tx=0x7f6d4c01a060 comp rx=0 tx=0).handle_read_frame_dispatch tag=17 ,
2022-07-13T19:38:47.579+0000 7f6d61d9b700 20 --2- 172.21.15.186:0/1052287350 >> [v2:172.21.15.190:3300/0,v1:172.21.15.190:6789/0] conn(0x7f6d640ae4e0 0x7f6d641414b0 secure :-1 s=THROTTLE_DONE pgs=152 cs=0 l=1 rev1=1 crypto rx=0x7f6d4c017fd0 tx=0x7f6d4c01a060 comp rx=0 tx=0).handle_message
2022-07-14T07:02:59.074 WARNING:scrape:Ignoring malparsed backtrace:
2022-07-13T19:38:47.581+0000 7f6d688eb700 20 Event(0x7f6d640b4c70 nevent=5000 time_id=3).wakeup ,
2022-07-13T19:38:47.581+0000 7f6d688eb700 1 -- start start ,
2022-07-13T19:38:47.582+0000 7f6d688eb700 10 -- create_connect [v2:172.21.15.190:3300/0,v1:172.21.15.190:6789/0], creating connection and registering
2022-07-14T07:02:59.075 WARNING:scrape:Ignoring malparsed backtrace:
2022-07-13T19:38:47.582+0000 7f6d6259c700 20 --2- 172.21.15.186:0/1490142661 >> [v2:172.21.15.190:3300/0,v1:172.21.15.190:6789/0] conn(0x7f6d640acbc0 0x7f6d640a9c00 unknown :-1 s=BANNER_CONNECTING pgs=0 cs=0 l=1 rev1=0 crypto rx=0 tx=0 comp rx=0 tx=0)._handle_peer_banner r=0 ,
2022-07-13T19:38:47.582+0000 7f6d62d9d700 20 -- 172.21.15.186:0/1490142661 >> [v2:172.21.15.186:3300/0,v1:172.21.15.186:6789/0] conn(0x7f6d640b0cc0 msgr2=0x7f6d640b29f0 unknown :-1 s=STATE_CONNECTION_ESTABLISHED l=1).read start len=40 ,
2022-07-13T19:38:47.583+0000 7f6d61d9b700 10 -- 172.21.15.186:0/1490142661 >> [v2:172.21.15.186:3301/0,v1:172.21.15.186:6790/0] conn(0x7f6d640ae4e0 msgr2=0x7f6d640b1d20 unknown :-1 s=STATE_CONNECTION_ESTABLISHED l=1)._try_send sent bytes 78 remaining bytes 0
2022-07-14T07:02:59.076 WARNING:scrape:Ignoring malparsed backtrace:
2022-07-13T19:38:47.583+0000 7f6d62d9d700 1 --2- 172.21.15.186:0/1490142661 >> [v2:172.21.15.190:3300/0,v1:172.21.15.190:6789/0] conn(0x7f6d640acbc0 0x7f6d640a9c00 unknown :-1 s=AUTH_CONNECTING pgs=0 cs=0 l=1 rev1=1 crypto rx=0 tx=0 comp rx=0 tx=0).stop ,
2022-07-13T19:38:47.583+0000 7f6d62d9d700 5 --2- 172.21.15.186:0/1490142661 >> [v2:172.21.15.190:3300/0,v1:172.21.15.190:6789/0] conn(0x7f6d640acbc0 0x7f6d640a9c00 unknown :-1 s=AUTH_CONNECTING pgs=0 cs=0 l=1 rev1=1 crypto rx=0 tx=0 comp rx=0 tx=0).reset_recv_state ,
2022-07-13T19:38:47.583+0000 7f6d62d9d700 20 Event(0x7f6d64064510 nevent=5000 time_id=4).wakeup
2022-07-14T07:02:59.077 WARNING:scrape:Ignoring malparsed backtrace:
2022-07-13T19:38:47.583+0000 7f6d62d9d700 5 --2- 172.21.15.186:0/1490142661 >> [v2:172.21.15.186:3300/0,v1:172.21.15.186:6789/0] conn(0x7f6d640b0cc0 0x7f6d640b29f0 secure :-1 s=THROTTLE_DONE pgs=173 cs=0 l=1 rev1=1 crypto rx=0x7f6d5400c790 tx=0x7f6d54007ef0 comp rx=0 tx=0).handle_message got 413 + 0 + 0 byte message. envelope type=4 src mon.0 off 0 ,
2022-07-13T19:38:47.583+0000 7f6d62d9d700 5 --2- 172.21.15.186:0/1490142661 >> [v2:172.21.15.186:3300/0,v1:172.21.15.186:6789/0] conn(0x7f6d640b0cc0 0x7f6d640b29f0 secure :-1 s=READ_MESSAGE_COMPLETE pgs=173 cs=0 l=1 rev1=1 crypto rx=0x7f6d5400c790 tx=0x7f6d54007ef0 comp rx=0 tx=0).handle_message received message m=0x7f6d54005d30 seq=1 from=mon.0 type=4 mon_map magic: 0 v1 ,
2022-07-13T19:38:47.583+0000 7f6d62d9d700 20 -- 172.21.15.186:0/1490142661 queue 0x7f6d54005d30 prio 196
2022-07-14T07:02:59.078 WARNING:scrape:Ignoring malparsed backtrace:
2022-07-13T19:38:47.585+0000 7f6d62d9d700 20 --2- 172.21.15.186:0/1490142661 >> [v2:172.21.15.186:3300/0,v1:172.21.15.186:6789/0] conn(0x7f6d640b0cc0 0x7f6d640b29f0 secure :-1 s=THROTTLE_DISPATCH_QUEUE pgs=173 cs=0 l=1 rev1=1 crypto rx=0x7f6d5400c790 tx=0x7f6d54007ef0 comp rx=0 tx=0).throttle_dispatch_queue ,
2022-07-13T19:38:47.585+0000 7f6d62d9d700 20 --2- 172.21.15.186:0/1490142661 >> [v2:172.21.15.186:3300/0,v1:172.21.15.186:6789/0] conn(0x7f6d640b0cc0 0x7f6d640b29f0 secure :-1 s=THROTTLE_DONE pgs=173 cs=0 l=1 rev1=1 crypto rx=0x7f6d5400c790 tx=0x7f6d54007ef0 comp rx=0 tx=0).read_frame_segment seg_idx=0 ,
2022-07-13T19:38:47.585+0000 7f6d62d9d700 20 --2- 172.21.15.186:0/1490142661 >> [v2:172.21.15.186:3300/0,v1:172.21.15.186:6789/0] conn(0x7f6d640b0cc0 0x7f6d640b29f0 secure :-1 s=THROTTLE_DONE pgs=173 cs=0 l=1 rev1=1 crypto rx=0x7f6d5400c790 tx=0x7f6d54007ef0 comp rx=0 tx=0).read_frame_segment seg_idx=1
2022-07-14T07:02:59.078 WARNING:scrape:Ignoring malparsed backtrace:
2022-07-13T19:38:47.586+0000 7f6d527fc700 5 --2- 172.21.15.186:0/1490142661 >> v2:172.21.15.190:6803/117588 conn(0x7f6d4006b2e0 0x7f6d4006d770 unknown :-1 s=START_CONNECT pgs=0 cs=0 l=1 rev1=0 crypto rx=0 tx=0 comp rx=0 tx=0).send_message enqueueing message m=0x7f6d4006de00 type=97 command(tid 1: {"prefix": "get_command_descriptions"}) v1 ,
2022-07-13T19:38:47.586+0000 7f6d527fc700 15 --2- 172.21.15.186:0/1490142661 >> v2:172.21.15.190:6803/117588 conn(0x7f6d4006b2e0 0x7f6d4006d770 unknown :-1 s=START_CONNECT pgs=0 cs=0 l=1 rev1=0 crypto rx=0 tx=0 comp rx=0 tx=0).send_message inline write is denied, reschedule m=0x7f6d4006de00 ,
2022-07-13T19:38:47.586+0000 7f6d527fc700 10 -- 172.21.15.186:0/1490142661 dispatch_throttle_release 4184 to dispatch throttler 4208/104857600
2022-07-14T07:02:59.079 WARNING:scrape:Ignoring malparsed backtrace:
2022-07-13T19:38:47.602+0000 7f6d61d9b700 20 --2- 172.21.15.186:0/1490142661 >> v2:172.21.15.190:6803/117588 conn(0x7f6d4006b2e0 0x7f6d4006d770 unknown :-1 s=HELLO_CONNECTING pgs=0 cs=0 l=1 rev1=1 crypto rx=0 tx=0 comp rx=0 tx=0).handle_read_frame_segment r=0 ,
2022-07-13T19:38:47.602+0000 7f6d61d9b700 10 --2- 172.21.15.186:0/1490142661 >> v2:172.21.15.190:6803/117588 conn(0x7f6d4006b2e0 0x7f6d4006d770 unknown :-1 s=HELLO_CONNECTING pgs=0 cs=0 l=1 rev1=1 crypto rx=0 tx=0 comp rx=0 tx=0).handle_read_frame_dispatch tag=1 ,
2022-07-13T19:38:47.602+0000 7f6d61d9b700 20 --2- 172.21.15.186:0/1490142661 >> v2:172.21.15.190:6803/117588 conn(0x7f6d4006b2e0 0x7f6d4006d770 unknown :-1 s=HELLO_CONNECTING pgs=0 cs=0 l=1 rev1=1 crypto rx=0 tx=0 comp rx=0 tx=0).handle_hello payload.length()=36
2022-07-14T07:02:59.080 WARNING:scrape:Ignoring malparsed backtrace:
2022-07-13T19:38:47.608+0000 7f6d61d9b700 10 --2- 172.21.15.186:0/1490142661 >> v2:172.21.15.190:6803/117588 conn(0x7f6d4006b2e0 0x7f6d4006d770 crc :-1 s=READY pgs=12 cs=0 l=1 rev1=1 crypto rx=0 tx=0 comp rx=0 tx=0).write_event ,
2022-07-13T19:38:47.608+0000 7f6d61d9b700 20 --2- 172.21.15.186:0/1490142661 >> v2:172.21.15.190:6803/117588 conn(0x7f6d4006b2e0 0x7f6d4006d770 crc :-1 s=READY pgs=12 cs=0 l=1 rev1=1 crypto rx=0 tx=0 comp rx=0 tx=0).prepare_send_message m=command(tid 2: {"prefix": "config set", "var": "osd_debug_deep_scrub_sleep", "val": ["0"]}) v1 ,
2022-07-13T19:38:47.608+0000 7f6d61d9b700 20 --2- 172.21.15.186:0/1490142661 >> v2:172.21.15.190:6803/117588 conn(0x7f6d4006b2e0 0x7f6d4006d770 crc :-1 s=READY pgs=12 cs=0 l=1 rev1=1 crypto rx=0 tx=0 comp rx=0 tx=0).prepare_send_message encoding features 4540138320759226367 0x7f6d640b3170 command(tid 2: {"prefix": "config set", "var": "osd_debug_deep_scrub_sleep", "val": ["0"]}) v1
2022-07-14T07:02:59.081 WARNING:scrape:Ignoring malparsed backtrace:
2022-07-13T19:38:48.105+0000 7ff88e0ee700 20 CompressorRegistry(0x7ff888072db0) adding algorithm method: zlib ,
2022-07-13T19:38:48.105+0000 7ff88e0ee700 20 CompressorRegistry(0x7ff888072db0) adding algorithm method: zstd ,
2022-07-13T19:38:48.105+0000 7ff88e0ee700 20 CompressorRegistry(0x7ff888072db0) adding algorithm method: lz4
2022-07-14T07:02:59.081 WARNING:scrape:Ignoring malparsed backtrace:
2022-07-13T19:38:48.107+0000 7ff886ffd700 20 --2- >> [v2:172.21.15.186:3301/0,v1:172.21.15.186:6790/0] conn(0x7ff8880a9680 0x7ff8880aa740 unknown :-1 s=HELLO_CONNECTING pgs=0 cs=0 l=0 rev1=1 crypto rx=0 tx=0 comp rx=0 tx=0).handle_read_frame_segment r=0 ,
2022-07-13T19:38:48.107+0000 7ff886ffd700 10 --2- >> [v2:172.21.15.186:3301/0,v1:172.21.15.186:6790/0] conn(0x7ff8880a9680 0x7ff8880aa740 unknown :-1 s=HELLO_CONNECTING pgs=0 cs=0 l=0 rev1=1 crypto rx=0 tx=0 comp rx=0 tx=0).handle_read_frame_dispatch tag=1 ,
2022-07-13T19:38:48.107+0000 7ff886ffd700 20 --2- >> [v2:172.21.15.186:3301/0,v1:172.21.15.186:6790/0] conn(0x7ff8880a9680 0x7ff8880aa740 unknown :-1 s=HELLO_CONNECTING pgs=0 cs=0 l=0 rev1=1 crypto rx=0 tx=0 comp rx=0 tx=0).handle_hello payload.length()=36
2022-07-14T07:02:59.082 WARNING:scrape:Ignoring malparsed backtrace:
2022-07-13T19:38:48.107+0000 7ff887fff700 20 -- 172.21.15.186:0/2163904469 >> v1:172.21.15.186:6789/0 conn(0x7ff8880aac80 legacy=0x7ff8880acaa0 unknown :-1 s=STATE_CONNECTION_ESTABLISHED l=1).read continue len=1 ,
2022-07-13T19:38:48.107+0000 7ff8877fe700 5 --2- 172.21.15.186:0/2163904469 >> v2:172.21.15.186:3300/0 conn(0x7ff888068610 0x7ff8880ac030 unknown :-1 s=AUTH_CONNECTING pgs=0 cs=0 l=0 rev1=1 crypto rx=0 tx=0 comp rx=0 tx=0).handle_auth_reply_more auth reply more len=9 ,
2022-07-13T19:38:48.107+0000 7ff887fff700 20 --1- 172.21.15.186:0/2163904469 >> v1:172.21.15.186:6789/0 conn(0x7ff8880aac80 0x7ff8880acaa0 :-1 s=OPENED pgs=174 cs=1 l=1).handle_message r=0
2022-07-14T07:02:59.083 WARNING:scrape:Ignoring malparsed backtrace:
2022-07-13T19:38:48.108+0000 7ff886ffd700 15 authenticated_encrypt_update plaintext.length()=64 buffer.length()=64 ,
2022-07-13T19:38:48.108+0000 7ff886ffd700 15 authenticated_encrypt_update plaintext.length()=16 buffer.length()=80 ,
2022-07-13T19:38:48.108+0000 7ff886ffd700 15 authenticated_encrypt_final buffer.length()=96 final_len=0
2022-07-14T07:02:59.083 WARNING:scrape:Ignoring malparsed backtrace:
2022-07-13T19:38:48.109+0000 7ff887fff700 5 --1- 172.21.15.186:0/2163904469 >> 172.21.15.186:0/2163904469 conn(0x7ff888064280 0x7ff8880b28c0 :-1 s=CLOSED pgs=0 cs=0 l=0).reset_security ,
2022-07-13T19:38:48.109+0000 7ff88e0ee700 20 Event(0x7ff88806b200 nevent=5000 time_id=3).wakeup ,
2022-07-13T19:38:48.109+0000 7ff88e0ee700 10 -- 172.21.15.186:0/2163904469 wait: waiting for dispatch queue
2022-07-14T07:02:59.084 WARNING:scrape:Ignoring malparsed backtrace:
2022-07-13T19:38:48.111+0000 7ff8877fe700 20 --2- >> [v2:172.21.15.190:3300/0,v1:172.21.15.190:6789/0] conn(0x7ff888068610 0x7ff88809d980 unknown :-1 s=HELLO_CONNECTING pgs=0 cs=0 l=1 rev1=1 crypto rx=0 tx=0 comp rx=0 tx=0).handle_hello payload.length()=36 ,
2022-07-13T19:38:48.111+0000 7ff8877fe700 5 --2- >> [v2:172.21.15.190:3300/0,v1:172.21.15.190:6789/0] conn(0x7ff888068610 0x7ff88809d980 unknown :-1 s=HELLO_CONNECTING pgs=0 cs=0 l=1 rev1=1 crypto rx=0 tx=0 comp rx=0 tx=0).handle_hello received hello: peer_type=1 peer_addr_for_me=v2:172.21.15.186:44850/0 ,
2022-07-13T19:38:48.111+0000 7ff8877fe700 5 --2- >> [v2:172.21.15.190:3300/0,v1:172.21.15.190:6789/0] conn(0x7ff888068610 0x7ff88809d980 unknown :-1 s=HELLO_CONNECTING pgs=0 cs=0 l=1 rev1=1 crypto rx=0 tx=0 comp rx=0 tx=0).handle_hello getsockname says I am 172.21.15.186:44850 when talking to v2:172.21.15.190:3300/0
2022-07-14T07:02:59.085 WARNING:scrape:Ignoring malparsed backtrace:
2022-07-13T19:38:48.112+0000 7ff8877fe700 1 --2- 172.21.15.186:0/352053021 >> [v2:172.21.15.186:3301/0,v1:172.21.15.186:6790/0] conn(0x7ff8880aac80 0x7ff88814e990 unknown :-1 s=AUTH_CONNECTING pgs=0 cs=0 l=1 rev1=1 crypto rx=0 tx=0 comp rx=0 tx=0).stop ,
2022-07-13T19:38:48.112+0000 7ff886ffd700 20 -- 172.21.15.186:0/352053021 >> [v2:172.21.15.186:3300/0,v1:172.21.15.186:6789/0] conn(0x7ff8880a9680 msgr2=0x7ff88809cad0 unknown :-1 s=STATE_CONNECTION_ESTABLISHED l=1).read continue len=32 ,
2022-07-13T19:38:48.112+0000 7ff8877fe700 5 --2- 172.21.15.186:0/352053021 >> [v2:172.21.15.186:3301/0,v1:172.21.15.186:6790/0] conn(0x7ff8880aac80 0x7ff88814e990 unknown :-1 s=AUTH_CONNECTING pgs=0 cs=0 l=1 rev1=1 crypto rx=0 tx=0 comp rx=0 tx=0).reset_recv_state
2022-07-14T07:02:59.085 WARNING:scrape:Ignoring malparsed backtrace:
2022-07-13T19:38:48.112+0000 7ff8877fe700 20 --2- 172.21.15.186:0/352053021 >> [v2:172.21.15.190:3300/0,v1:172.21.15.190:6789/0] conn(0x7ff888068610 0x7ff88809d980 secure :-1 s=THROTTLE_BYTES pgs=153 cs=0 l=1 rev1=1 crypto rx=0x7ff87400e930 tx=0x7ff874009060 comp rx=0 tx=0).throttle_bytes ,
2022-07-13T19:38:48.112+0000 7ff8877fe700 20 --2- 172.21.15.186:0/352053021 >> [v2:172.21.15.190:3300/0,v1:172.21.15.190:6789/0] conn(0x7ff888068610 0x7ff88809d980 secure :-1 s=THROTTLE_DISPATCH_QUEUE pgs=153 cs=0 l=1 rev1=1 crypto rx=0x7ff87400e930 tx=0x7ff874009060 comp rx=0 tx=0).throttle_dispatch_queue ,
2022-07-13T19:38:48.112+0000 7ff8877fe700 20 --2- 172.21.15.186:0/352053021 >> [v2:172.21.15.190:3300/0,v1:172.21.15.190:6789/0] conn(0x7ff888068610 0x7ff88809d980 secure :-1 s=THROTTLE_DONE pgs=153 cs=0 l=1 rev1=1 crypto rx=0x7ff87400e930 tx=0x7ff874009060 comp rx=0 tx=0).read_frame_segment seg_idx=0
2022-07-14T07:02:59.086 WARNING:scrape:Ignoring malparsed backtrace:
2022-07-13T19:38:48.113+0000 7ff8877fe700 20 --2- 172.21.15.186:0/352053021 >> [v2:172.21.15.190:3300/0,v1:172.21.15.190:6789/0] conn(0x7ff888068610 0x7ff88809d980 secure :-1 s=THROTTLE_DONE pgs=153 cs=0 l=1 rev1=1 crypto rx=0x7ff87400e930 tx=0x7ff874009060 comp rx=0 tx=0).handle_read_frame_segment r=0 ,
2022-07-13T19:38:48.113+0000 7ff8877fe700 20 -- 172.21.15.186:0/352053021 >> [v2:172.21.15.190:3300/0,v1:172.21.15.190:6789/0] conn(0x7ff888068610 msgr2=0x7ff88809d980 secure :-1 s=STATE_CONNECTION_ESTABLISHED l=1).read start len=32 ,
2022-07-13T19:38:48.113+0000 7ff8877fe700 20 --2- 172.21.15.186:0/352053021 >> [v2:172.21.15.190:3300/0,v1:172.21.15.190:6789/0] conn(0x7ff888068610 0x7ff88809d980 secure :-1 s=THROTTLE_DONE pgs=153 cs=0 l=1 rev1=1 crypto rx=0x7ff87400e930 tx=0x7ff874009060 comp rx=0 tx=0).handle_read_frame_epilogue_main r=0
2022-07-14T07:02:59.087 WARNING:scrape:Ignoring malparsed backtrace:
2022-07-13T19:38:48.115+0000 7ff886ffd700 10 -- 172.21.15.186:0/352053021 >> v2:172.21.15.186:6800/117176 conn(0x7ff870064fa0 msgr2=0x7ff8700674b0 unknown :-1 s=STATE_CONNECTION_ESTABLISHED l=1)._try_send sent bytes 214 remaining bytes 0 ,
2022-07-13T19:38:48.115+0000 7ff886ffd700 20 --2- 172.21.15.186:0/352053021 >> v2:172.21.15.186:6800/117176 conn(0x7ff870064fa0 0x7ff8700674b0 unknown :-1 s=AUTH_CONNECTING pgs=0 cs=0 l=1 rev1=1 crypto rx=0 tx=0 comp rx=0 tx=0).read_frame ,
2022-07-13T19:38:48.115+0000 7ff886ffd700 20 -- 172.21.15.186:0/352053021 >> v2:172.21.15.186:6800/117176 conn(0x7ff870064fa0 msgr2=0x7ff8700674b0 unknown :-1 s=STATE_CONNECTION_ESTABLISHED l=1).read start len=32
2022-07-14T07:02:59.088 WARNING:scrape:Ignoring malparsed backtrace:
2022-07-13T19:38:48.309+0000 7ff886ffd700 15 authenticated_encrypt_update plaintext.length()=96 buffer.length()=96 ,
2022-07-13T19:38:48.309+0000 7ff886ffd700 15 authenticated_encrypt_update plaintext.length()=16 buffer.length()=112 ,
2022-07-13T19:38:48.309+0000 7ff886ffd700 15 authenticated_encrypt_final buffer.length()=128 final_len=0
2022-07-14T07:02:59.088 WARNING:scrape:Ignoring malparsed backtrace:
2022-07-13T19:38:48.613+0000 7f39194ba700 20 Event(0x7f3914065dd0 nevent=5000 time_id=1).create_file_event create event started fd=8 mask=1 original mask is 0 ,
2022-07-13T19:38:48.613+0000 7f39194ba700 20 EpollDriver.add_event add event fd=8 cur_mask=0 add_mask=1 to 7 ,
2022-07-13T19:38:48.613+0000 7f39194ba700 20 Event(0x7f3914065dd0 nevent=5000 time_id=1).create_file_event create event end fd=8 mask=1 current mask is 1
2022-07-14T07:02:59.089 WARNING:scrape:Ignoring malparsed backtrace:
2022-07-13T19:38:48.615+0000 7f3919cbb700 10 --1- 172.21.15.186:0/274011 >> v1:172.21.15.186:6789/0 conn(0x7f39140a6cf0 0x7f39140acad0 :-1 s=CONNECTING_SEND_CONNECT_MSG pgs=0 cs=0 l=0).send_connect_message connect sending gseq=1 cseq=0 proto=15 ,
2022-07-13T19:38:48.615+0000 7f39194ba700 10 --2- 172.21.15.186:0/274011 >> [v2:172.21.15.186:3301/0,v1:172.21.15.186:6790/0] conn(0x7f39140685a0 0x7f39140a9270 unknown :-1 s=HELLO_CONNECTING pgs=0 cs=0 l=0 rev1=1 crypto rx=0 tx=0 comp rx=0 tx=0).handle_read_frame_dispatch tag=1 ,
2022-07-13T19:38:48.615+0000 7f39194ba700 20 --2- 172.21.15.186:0/274011 >> [v2:172.21.15.186:3301/0,v1:172.21.15.186:6790/0] conn(0x7f39140685a0 0x7f39140a9270 unknown :-1 s=HELLO_CONNECTING pgs=0 cs=0 l=0 rev1=1 crypto rx=0 tx=0 comp rx=0 tx=0).handle_hello payload.length()=36
2022-07-14T07:02:59.090 WARNING:scrape:Ignoring malparsed backtrace:
2022-07-13T19:38:48.615+0000 7f3919cbb700 20 --1- 172.21.15.186:0/274011 >> v1:172.21.15.186:6789/0 conn(0x7f39140a6cf0 0x7f39140acad0 :-1 s=READ_MESSAGE_FRONT pgs=175 cs=1 l=1).read_message_front ,
2022-07-13T19:38:48.615+0000 7f3919cbb700 20 -- 172.21.15.186:0/274011 >> v1:172.21.15.186:6789/0 conn(0x7f39140a6cf0 legacy=0x7f39140acad0 unknown :-1 s=STATE_CONNECTION_ESTABLISHED l=1).read start len=33 ,
2022-07-13T19:38:48.615+0000 7f3919cbb700 20 --1- 172.21.15.186:0/274011 >> v1:172.21.15.186:6789/0 conn(0x7f39140a6cf0 0x7f39140acad0 :-1 s=READ_MESSAGE_FRONT pgs=175 cs=1 l=1).handle_message_front r=0
2022-07-14T07:02:59.090 WARNING:scrape:Ignoring malparsed backtrace:
2022-07-13T19:38:48.616+0000 7f39194ba700 10 -- 172.21.15.186:0/274011 >> [v2:172.21.15.186:3301/0,v1:172.21.15.186:6790/0] conn(0x7f39140685a0 msgr2=0x7f39140a9270 secure :-1 s=STATE_CONNECTION_ESTABLISHED l=1).handle_write ,
2022-07-13T19:38:48.616+0000 7f39194ba700 10 --2- 172.21.15.186:0/274011 >> [v2:172.21.15.186:3301/0,v1:172.21.15.186:6790/0] conn(0x7f39140685a0 0x7f39140a9270 secure :-1 s=READY pgs=86 cs=0 l=1 rev1=1 crypto rx=0x7f3904009760 tx=0x7f3904009060 comp rx=0 tx=0).write_event ,
2022-07-13T19:38:48.616+0000 7f39194ba700 20 --2- 172.21.15.186:0/274011 >> [v2:172.21.15.186:3301/0,v1:172.21.15.186:6790/0] conn(0x7f39140685a0 0x7f39140a9270 secure :-1 s=READY pgs=86 cs=0 l=1 rev1=1 crypto rx=0x7f3904009760 tx=0x7f3904009060 comp rx=0 tx=0).prepare_send_message m=mon_getmap magic: 0 v1
2022-07-14T07:02:59.091 WARNING:scrape:Ignoring malparsed backtrace:
2022-07-13T19:38:48.617+0000 7f391b71e700 1 --2- 172.21.15.186:0/274011 >> v2:172.21.15.190:3300/0 conn(0x7f39140a68e0 0x7f39140a7710 unknown :-1 s=CLOSED pgs=0 cs=0 l=0 rev1=1 crypto rx=0 tx=0 comp rx=0 tx=0).stop ,
2022-07-13T19:38:48.617+0000 7f391b71e700 5 -- 172.21.15.186:0/274011 shutdown_connections delete 0x7f39140685a0 ,
2022-07-13T19:38:48.617+0000 7f391b71e700 5 -- 172.21.15.186:0/274011 shutdown_connections delete 0x7f39140a68e0
2022-07-14T07:02:59.092 WARNING:scrape:Ignoring malparsed backtrace:
2022-07-13T19:38:48.619+0000 7f39194ba700 10 -- >> [v2:172.21.15.186:3300/0,v1:172.21.15.186:6789/0] conn(0x7f39140685a0 msgr2=0x7f391407cdc0 unknown :-1 s=STATE_CONNECTION_ESTABLISHED l=1)._try_send sent bytes 72 remaining bytes 0 ,
2022-07-13T19:38:48.619+0000 7f39194ba700 20 --2- >> [v2:172.21.15.186:3300/0,v1:172.21.15.186:6789/0] conn(0x7f39140685a0 0x7f391407cdc0 unknown :-1 s=HELLO_CONNECTING pgs=0 cs=0 l=1 rev1=1 crypto rx=0 tx=0 comp rx=0 tx=0).read_frame ,
2022-07-13T19:38:48.619+0000 7f39194ba700 20 -- >> [v2:172.21.15.186:3300/0,v1:172.21.15.186:6789/0] conn(0x7f39140685a0 msgr2=0x7f391407cdc0 unknown :-1 s=STATE_CONNECTION_ESTABLISHED l=1).read start len=32
2022-07-14T07:02:59.093 WARNING:scrape:Ignoring malparsed backtrace:
2022-07-13T19:38:48.620+0000 7f3919cbb700 20 -- 172.21.15.186:0/1904575595 >> [v2:172.21.15.186:3301/0,v1:172.21.15.186:6790/0] conn(0x7f39140a6cf0 msgr2=0x7f391407db00 unknown :-1 s=STATE_CONNECTION_ESTABLISHED l=1).process ,
2022-07-13T19:38:48.620+0000 7f39194ba700 20 -- 172.21.15.186:0/1904575595 >> [v2:172.21.15.186:3300/0,v1:172.21.15.186:6789/0] conn(0x7f39140685a0 msgr2=0x7f391407cdc0 unknown :-1 s=STATE_CONNECTION_ESTABLISHED l=1).read continue len=32 ,
2022-07-13T19:38:48.620+0000 7f3919cbb700 20 -- 172.21.15.186:0/1904575595 >> [v2:172.21.15.186:3301/0,v1:172.21.15.186:6790/0] conn(0x7f39140a6cf0 msgr2=0x7f391407db00 unknown :-1 s=STATE_CONNECTION_ESTABLISHED l=1).read continue len=32
2022-07-14T07:02:59.093 WARNING:scrape:Ignoring malparsed backtrace:
2022-07-13T19:38:48.620+0000 7f3919cbb700 15 authenticated_encrypt_final buffer.length()=96 final_len=0 ,
2022-07-13T19:38:48.620+0000 7f3919cbb700 15 authenticated_encrypt_update plaintext.length()=64 buffer.length()=64 ,
2022-07-13T19:38:48.620+0000 7f3919cbb700 15 authenticated_encrypt_update plaintext.length()=16 buffer.length()=80
2022-07-14T07:02:59.094 WARNING:scrape:Ignoring malparsed backtrace:
2022-07-13T19:38:48.621+0000 7f391b71e700 1 -- 172.21.15.186:0/1904575595 --> [v2:172.21.15.186:3301/0,v1:172.21.15.186:6790/0] -- mon_get_version(what=osdmap handle=1) v1 -- 0x7f39140b1a50 con 0x7f39140a6cf0 ,
2022-07-13T19:38:48.621+0000 7f391b71e700 5 --2- 172.21.15.186:0/1904575595 >> [v2:172.21.15.186:3301/0,v1:172.21.15.186:6790/0] conn(0x7f39140a6cf0 0x7f391407db00 secure :-1 s=READY pgs=87 cs=0 l=1 rev1=1 crypto rx=0x7f3910003730 tx=0x7f3910003c40 comp rx=0 tx=0).send_message enqueueing message m=0x7f39140b1a50 type=19 mon_get_version(what=osdmap handle=1) v1 ,
2022-07-13T19:38:48.621+0000 7f391b71e700 15 --2- 172.21.15.186:0/1904575595 >> [v2:172.21.15.186:3301/0,v1:172.21.15.186:6790/0] conn(0x7f39140a6cf0 0x7f391407db00 secure :-1 s=READY pgs=87 cs=0 l=1 rev1=1 crypto rx=0x7f3910003730 tx=0x7f3910003c40 comp rx=0 tx=0).send_message inline write is denied, reschedule m=0x7f39140b1a50
2022-07-14T07:02:59.095 WARNING:scrape:Ignoring malparsed backtrace:
2022-07-13T19:38:48.623+0000 7f39194ba700 20 --2- 172.21.15.186:0/1904575595 >> v2:172.21.15.186:6800/117176 conn(0x7f38f4064fa0 0x7f38f40674b0 unknown :-1 s=HELLO_CONNECTING pgs=0 cs=0 l=1 rev1=1 crypto rx=0 tx=0 comp rx=0 tx=0).read_frame_segment seg_idx=0 ,
2022-07-13T19:38:48.623+0000 7f39194ba700 20 -- 172.21.15.186:0/1904575595 >> v2:172.21.15.186:6800/117176 conn(0x7f38f4064fa0 msgr2=0x7f38f40674b0 unknown :-1 s=STATE_CONNECTION_ESTABLISHED l=1).read start len=40 ,
