2022-07-13T19:38:17.933+0000 7f8821b55700 20 -- >> v1:172.21.15.190:6789/0 conn(0x7f881c0aede0 legacy=0x7f881c13f980 unknown :-1 s=STATE_CONNECTION_ESTABLISHED l=0).read continue len=281 ,
2022-07-13T19:38:17.933+0000 7f8821354700 1 --1- >> v1:172.21.15.186:6789/0 conn(0x7f881c0b0b30 0x7f881c142d70 :-1 s=CONNECTING_WAIT_BANNER_AND_IDENTIFY pgs=0 cs=0 l=0).handle_server_banner_and_identify peer v1:172.21.15.186:6789/0 says I am v1:172.21.15.186:42492/0 (socket says 172.21.15.186:42492)
2022-07-14T07:02:58.667 WARNING:scrape:Ignoring malparsed backtrace:
2022-07-13T19:38:17.933+0000 7f8821b55700 20 --1- 172.21.15.186:0/4051103871 >> v1:172.21.15.190:6789/0 conn(0x7f881c0aede0 0x7f881c13f980 :-1 s=OPENED pgs=92 cs=1 l=1).write_message sending message type=17 src client.? front=60 data=0 off 0 ,
2022-07-13T19:38:17.933+0000 7f8821354700 10 -- 172.21.15.186:0/4051103871 >> v1:172.21.15.186:6789/0 conn(0x7f881c0b0b30 legacy=0x7f881c142d70 unknown :-1 s=STATE_CONNECTION_ESTABLISHED l=1)._try_send sent bytes 9 remaining bytes 0 ,
2022-07-13T19:38:17.933+0000 7f8821b55700 20 --1- 172.21.15.186:0/4051103871 >> v1:172.21.15.190:6789/0 conn(0x7f881c0aede0 0x7f881c13f980 :-1 s=OPENED pgs=92 cs=1 l=1).write_message sending 1 0x7f881c0b0f40
2022-07-14T07:02:58.668 WARNING:scrape:Ignoring malparsed backtrace:
2022-07-13T19:38:17.933+0000 7f8821b55700 20 EpollDriver.del_event del event fd=15 cur_mask=1 delmask=3 to 4 ,
2022-07-13T19:38:17.933+0000 7f8821354700 20 -- 172.21.15.186:0/4051103871 >> v1:172.21.15.186:6789/0 conn(0x7f881c0b0b30 legacy=0x7f881c142d70 unknown :-1 s=STATE_CONNECTION_ESTABLISHED l=1).read start len=21 ,
2022-07-13T19:38:17.933+0000 7f8821354700 20 --1- 172.21.15.186:0/4051103871 >> v1:172.21.15.186:6789/0 conn(0x7f881c0b0b30 0x7f881c142d70 :-1 s=READ_FOOTER_AND_DISPATCH pgs=110 cs=1 l=1).handle_message_footer r=0
2022-07-14T07:02:58.669 WARNING:scrape:Ignoring malparsed backtrace:
2022-07-13T19:38:17.934+0000 7f8820b53700 20 --2- 172.21.15.186:0/4051103871 >> [v2:172.21.15.186:3300/0,v1:172.21.15.186:6789/0] conn(0x7f881c0ae490 0x7f881c0ae8a0 secure :-1 s=THROTTLE_DONE pgs=111 cs=0 l=1 rev1=1 crypto rx=0x7f8810009760 tx=0x7f8810009060 comp rx=0 tx=0).handle_read_frame_epilogue_main r=0 ,
2022-07-13T19:38:17.934+0000 7f8820b53700 10 --2- 172.21.15.186:0/4051103871 >> [v2:172.21.15.186:3300/0,v1:172.21.15.186:6789/0] conn(0x7f881c0ae490 0x7f881c0ae8a0 secure :-1 s=THROTTLE_DONE pgs=111 cs=0 l=1 rev1=1 crypto rx=0x7f8810009760 tx=0x7f8810009060 comp rx=0 tx=0).handle_read_frame_dispatch tag=17 ,
2022-07-13T19:38:17.934+0000 7f8820b53700 20 --2- 172.21.15.186:0/4051103871 >> [v2:172.21.15.186:3300/0,v1:172.21.15.186:6789/0] conn(0x7f881c0ae490 0x7f881c0ae8a0 secure :-1 s=THROTTLE_DONE pgs=111 cs=0 l=1 rev1=1 crypto rx=0x7f8810009760 tx=0x7f8810009060 comp rx=0 tx=0).handle_message
2022-07-14T07:02:58.669 WARNING:scrape:Ignoring malparsed backtrace:
2022-07-13T19:38:17.937+0000 7f88235b8700 20 Event(0x7f881c0b4cd0 nevent=5000 time_id=3).wakeup ,
2022-07-13T19:38:17.937+0000 7f88235b8700 1 -- start start ,
2022-07-13T19:38:17.938+0000 7f88235b8700 10 -- create_connect [v2:172.21.15.190:3300/0,v1:172.21.15.190:6789/0], creating connection and registering
2022-07-14T07:02:58.670 WARNING:scrape:Ignoring malparsed backtrace:
2022-07-13T19:38:17.938+0000 7f8821b55700 5 --2- 172.21.15.186:0/1438985927 >> [v2:172.21.15.186:3301/0,v1:172.21.15.186:6790/0] conn(0x7f881c0b0b30 0x7f881c138a20 unknown :-1 s=HELLO_CONNECTING pgs=0 cs=0 l=1 rev1=1 crypto rx=0 tx=0 comp rx=0 tx=0).handle_hello getsockname says I am 172.21.15.186:38910 when talking to v2:172.21.15.186:3301/0 ,
2022-07-13T19:38:17.938+0000 7f8821b55700 20 --2- 172.21.15.186:0/1438985927 >> [v2:172.21.15.186:3301/0,v1:172.21.15.186:6790/0] conn(0x7f881c0b0b30 0x7f881c138a20 unknown :-1 s=HELLO_CONNECTING pgs=0 cs=0 l=1 rev1=1 crypto rx=0 tx=0 comp rx=0 tx=0).post_client_banner_exchange ,
2022-07-13T19:38:17.938+0000 7f8820b53700 20 -- 172.21.15.186:0/1438985927 >> [v2:172.21.15.186:3300/0,v1:172.21.15.186:6789/0] conn(0x7f881c0aede0 msgr2=0x7f881c0aaff0 unknown :-1 s=STATE_CONNECTION_ESTABLISHED l=1).process
2022-07-14T07:02:58.671 WARNING:scrape:Ignoring malparsed backtrace:
2022-07-13T19:38:17.938+0000 7f8821b55700 20 EpollDriver.del_event del event fd=18 cur_mask=1 delmask=3 to 4 ,
2022-07-13T19:38:17.938+0000 7f8821354700 5 --2- 172.21.15.186:0/1438985927 >> [v2:172.21.15.190:3300/0,v1:172.21.15.190:6789/0] conn(0x7f881c0ae490 0x7f881c0b3320 unknown :-1 s=CLOSED pgs=0 cs=0 l=1 rev1=1 crypto rx=0 tx=0 comp rx=0 tx=0).reset_compression ,
2022-07-13T19:38:17.938+0000 7f8821354700 20 EpollDriver.del_event del event fd=16 cur_mask=1 delmask=3 to 7
2022-07-14T07:02:58.671 WARNING:scrape:Ignoring malparsed backtrace:
2022-07-13T19:38:17.939+0000 7f8820b53700 20 --2- 172.21.15.186:0/1438985927 >> [v2:172.21.15.186:3300/0,v1:172.21.15.186:6789/0] conn(0x7f881c0aede0 0x7f881c0aaff0 secure :-1 s=READY pgs=112 cs=0 l=1 rev1=1 crypto rx=0x7f8810009eb0 tx=0x7f8810015000 comp rx=0 tx=0).read_frame ,
2022-07-13T19:38:17.939+0000 7f8820b53700 20 -- 172.21.15.186:0/1438985927 >> [v2:172.21.15.186:3300/0,v1:172.21.15.186:6789/0] conn(0x7f881c0aede0 msgr2=0x7f881c0aaff0 secure :-1 s=STATE_CONNECTION_ESTABLISHED l=1).read start len=96 ,
2022-07-13T19:38:17.939+0000 7f8820b53700 20 --2- 172.21.15.186:0/1438985927 >> [v2:172.21.15.186:3300/0,v1:172.21.15.186:6789/0] conn(0x7f881c0aede0 0x7f881c0aaff0 secure :-1 s=READY pgs=112 cs=0 l=1 rev1=1 crypto rx=0x7f8810009eb0 tx=0x7f8810015000 comp rx=0 tx=0).handle_read_frame_preamble_main r=0
2022-07-14T07:02:58.672 WARNING:scrape:Ignoring malparsed backtrace:
2022-07-13T19:38:17.940+0000 7f8820b53700 20 --2- 172.21.15.186:0/1438985927 >> [v2:172.21.15.186:3300/0,v1:172.21.15.186:6789/0] conn(0x7f881c0aede0 0x7f881c0aaff0 secure :-1 s=READY pgs=112 cs=0 l=1 rev1=1 crypto rx=0x7f8810009eb0 tx=0x7f8810015000 comp rx=0 tx=0).prepare_send_message m=mon_command({"prefix": "get_command_descriptions"} v 0) v1 ,
2022-07-13T19:38:17.940+0000 7f8820b53700 20 --2- 172.21.15.186:0/1438985927 >> [v2:172.21.15.186:3300/0,v1:172.21.15.186:6789/0] conn(0x7f881c0aede0 0x7f881c0aaff0 secure :-1 s=READY pgs=112 cs=0 l=1 rev1=1 crypto rx=0x7f8810009eb0 tx=0x7f8810015000 comp rx=0 tx=0).prepare_send_message encoding features 4540138320759226367 0x7f881c073ce0 mon_command({"prefix": "get_command_descriptions"} v 0) v1 ,
2022-07-13T19:38:17.940+0000 7f8820b53700 15 authenticated_encrypt_update plaintext.length()=80 buffer.length()=80
2022-07-14T07:02:58.673 WARNING:scrape:Ignoring malparsed backtrace:
2022-07-13T19:38:17.941+0000 7f8821354700 15 authenticated_encrypt_update plaintext.length()=80 buffer.length()=80 ,
2022-07-13T19:38:17.941+0000 7f8821354700 15 authenticated_encrypt_final buffer.length()=96 final_len=0 ,
2022-07-13T19:38:17.941+0000 7f8821354700 10 -- 172.21.15.186:0/1438985927 >> v2:172.21.15.186:6800/117176 conn(0x7f87fc064fa0 msgr2=0x7f87fc0674b0 secure :-1 s=STATE_CONNECTION_ESTABLISHED l=1)._try_send sent bytes 192 remaining bytes 0
2022-07-14T07:02:58.674 WARNING:scrape:Ignoring malparsed backtrace:
2022-07-13T19:38:18.779+0000 7f88235b8700 10 -- 172.21.15.186:0/1438985927 shutdown 172.21.15.186:0/1438985927 ,
2022-07-13T19:38:18.779+0000 7f88235b8700 10 Processor -- stop ,
2022-07-13T19:38:18.779+0000 7f88235b8700 20 Event(0x7f881c0b4cd0 nevent=5000 time_id=4).wakeup
2022-07-14T07:02:58.674 WARNING:scrape:Ignoring malparsed backtrace:
2022-07-13T19:38:18.936+0000 7f29d5db5700 20 Event(0x7f29d0065d90 nevent=5000 time_id=2).create_file_event create event started fd=13 mask=1 original mask is 0 ,
2022-07-13T19:38:18.936+0000 7f29d55b4700 20 Event(0x7f29d006b1a0 nevent=5000 time_id=2).create_file_event create event end fd=14 mask=2 current mask is 3 ,
2022-07-13T19:38:18.936+0000 7f29d8019700 5 --2- >> [v2:172.21.15.186:3301/0,v1:172.21.15.186:6790/0] conn(0x7f29d00688d0 0x7f29d00ab6a0 unknown :-1 s=START_CONNECT pgs=0 cs=0 l=0 rev1=0 crypto rx=0 tx=0 comp rx=0 tx=0).send_message enqueueing message m=0x7f29d013e940 type=5 mon_getmap magic: 0 v1
2022-07-14T07:02:58.675 WARNING:scrape:Ignoring malparsed backtrace:
2022-07-13T19:38:18.937+0000 7f29d65b6700 2 --1- 172.21.15.186:0/1785546163 >> v1:172.21.15.186:6789/0 conn(0x7f29d013f4a0 0x7f29d013d8c0 :-1 s=CONNECTING_SEND_CONNECT_MSG pgs=0 cs=0 l=0).handle_ack_seq got newly_acked_seq 0 vs out_seq 0 ,
2022-07-13T19:38:18.937+0000 7f29d65b6700 10 --1- 172.21.15.186:0/1785546163 >> v1:172.21.15.186:6789/0 conn(0x7f29d013f4a0 0x7f29d013d8c0 :-1 s=CONNECTING_SEND_CONNECT_MSG pgs=0 cs=0 l=0).discard_requeued_up_to 0 ,
2022-07-13T19:38:18.937+0000 7f29d55b4700 20 --1- 172.21.15.186:0/1785546163 >> v1:172.21.15.190:6789/0 conn(0x7f29d00abbe0 0x7f29d013ed90 :-1 s=CONNECTING_SEND_CONNECT_MSG pgs=0 cs=0 l=0).wait_ack_seq
2022-07-14T07:02:58.676 WARNING:scrape:Ignoring malparsed backtrace:
2022-07-13T19:38:18.937+0000 7f29d55b4700 20 --1- 172.21.15.186:0/1785546163 >> v1:172.21.15.190:6789/0 conn(0x7f29d00abbe0 0x7f29d013ed90 :-1 s=READ_FOOTER_AND_DISPATCH pgs=93 cs=1 l=1).handle_message_footer r=0 ,
2022-07-13T19:38:18.937+0000 7f29d65b6700 20 -- 172.21.15.186:0/1785546163 >> v1:172.21.15.186:6789/0 conn(0x7f29d013f4a0 legacy=0x7f29d013d8c0 unknown :-1 s=STATE_CONNECTION_ESTABLISHED l=1).read start len=53 ,
2022-07-13T19:38:18.937+0000 7f29d55b4700 10 --1- 172.21.15.186:0/1785546163 >> v1:172.21.15.190:6789/0 conn(0x7f29d00abbe0 0x7f29d013ed90 :-1 s=READ_FOOTER_AND_DISPATCH pgs=93 cs=1 l=1).handle_message_footer aborted = 0
2022-07-14T07:02:58.676 WARNING:scrape:Ignoring malparsed backtrace:
2022-07-13T19:38:18.937+0000 7f29d5db5700 20 --2- 172.21.15.186:0/1785546163 >> [v2:172.21.15.186:3301/0,v1:172.21.15.186:6790/0] conn(0x7f29d00688d0 0x7f29d00ab6a0 secure :-1 s=SESSION_CONNECTING pgs=0 cs=0 l=0 rev1=1 crypto rx=0x7f29c0009790 tx=0x7f29c0009060 comp rx=0 tx=0).send_client_ident ,
2022-07-13T19:38:18.937+0000 7f29d5db5700 5 --2- 172.21.15.186:0/1785546163 >> [v2:172.21.15.186:3301/0,v1:172.21.15.186:6790/0] conn(0x7f29d00688d0 0x7f29d00ab6a0 secure :-1 s=SESSION_CONNECTING pgs=0 cs=0 l=0 rev1=1 crypto rx=0x7f29c0009790 tx=0x7f29c0009060 comp rx=0 tx=0).send_client_ident sending identification: addrs=172.21.15.186:0/1785546163 target=v2:172.21.15.186:3301/0 gid=-1 global_seq=3 features_supported=3f01cfbf7ffdffff features_required=800000000000000 flags=0 cookie=8a02a46f3eeaae31 ,
2022-07-13T19:38:18.937+0000 7f29d5db5700 15 authenticated_encrypt_update plaintext.length()=80 buffer.length()=80
2022-07-14T07:02:58.677 WARNING:scrape:Ignoring malparsed backtrace:
2022-07-13T19:38:18.938+0000 7f29d5db5700 20 -- 172.21.15.186:0/1785546163 >> [v2:172.21.15.186:3301/0,v1:172.21.15.186:6790/0] conn(0x7f29d00688d0 msgr2=0x7f29d00ab6a0 secure :-1 s=STATE_CONNECTION_ESTABLISHED l=1).read start len=96 ,
2022-07-13T19:38:18.938+0000 7f29d4db3700 1 -- 172.21.15.186:0/1785546163 <== mon.2 v2:172.21.15.186:3301/0 3 ==== mon_map magic: 0 v1 ==== 413+0+0 (secure 0 0 0) 0x7f29c0032a80 con 0x7f29d00688d0 ,
2022-07-13T19:38:18.938+0000 7f29d4db3700 10 -- 172.21.15.186:0/1785546163 dispatch_throttle_release 413 to dispatch throttler 413/104857600
2022-07-14T07:02:58.678 WARNING:scrape:Ignoring malparsed backtrace:
2022-07-13T19:38:18.941+0000 7f29d8019700 15 --2- >> [v2:172.21.15.186:3301/0,v1:172.21.15.186:6790/0] conn(0x7f29d013f4a0 0x7f29d00a62e0 unknown :-1 s=START_CONNECT pgs=0 cs=0 l=1 rev1=0 crypto rx=0 tx=0 comp rx=0 tx=0).send_message inline write is denied, reschedule m=0x7f29d00a7b70 ,
2022-07-13T19:38:18.941+0000 7f29d5db5700 10 -- >> [v2:172.21.15.186:3300/0,v1:172.21.15.186:6789/0] conn(0x7f29d00688d0 msgr2=0x7f29d00a7630 unknown :-1 s=STATE_CONNECTION_ESTABLISHED l=1)._try_send sent bytes 26 remaining bytes 0 ,
2022-07-13T19:38:18.941+0000 7f29d65b6700 20 Event(0x7f29d00b3290 nevent=5000 time_id=4).create_file_event create event started fd=18 mask=1 original mask is 0
2022-07-14T07:02:58.679 WARNING:scrape:Ignoring malparsed backtrace:
2022-07-13T19:38:18.941+0000 7f29d65b6700 20 --2- 172.21.15.186:0/2008127184 >> [v2:172.21.15.186:3301/0,v1:172.21.15.186:6790/0] conn(0x7f29d013f4a0 0x7f29d00a62e0 unknown :-1 s=AUTH_CONNECTING pgs=0 cs=0 l=1 rev1=1 crypto rx=0 tx=0 comp rx=0 tx=0).handle_read_frame_preamble_main r=0 ,
2022-07-13T19:38:18.941+0000 7f29d65b6700 20 --2- 172.21.15.186:0/2008127184 >> [v2:172.21.15.186:3301/0,v1:172.21.15.186:6790/0] conn(0x7f29d013f4a0 0x7f29d00a62e0 unknown :-1 s=AUTH_CONNECTING pgs=0 cs=0 l=1 rev1=1 crypto rx=0 tx=0 comp rx=0 tx=0).read_frame_segment seg_idx=0 ,
2022-07-13T19:38:18.941+0000 7f29d55b4700 20 --2- 172.21.15.186:0/2008127184 >> [v2:172.21.15.190:3300/0,v1:172.21.15.190:6789/0] conn(0x7f29d00abbe0 0x7f29d00a8320 unknown :-1 s=AUTH_CONNECTING pgs=0 cs=0 l=1 rev1=1 crypto rx=0 tx=0 comp rx=0 tx=0).handle_read_frame_preamble_main r=0
2022-07-14T07:02:58.679 WARNING:scrape:Ignoring malparsed backtrace:
2022-07-13T19:38:18.942+0000 7f29d55b4700 15 authenticated_encrypt_final buffer.length()=96 final_len=0 ,
2022-07-13T19:38:18.942+0000 7f29d55b4700 15 authenticated_encrypt_update plaintext.length()=80 buffer.length()=80 ,
2022-07-13T19:38:18.942+0000 7f29d55b4700 15 authenticated_encrypt_final buffer.length()=96 final_len=0
2022-07-14T07:02:58.680 WARNING:scrape:Ignoring malparsed backtrace:
2022-07-13T19:38:18.943+0000 7f29d55b4700 20 --2- 172.21.15.186:0/2008127184 >> [v2:172.21.15.190:3300/0,v1:172.21.15.190:6789/0] conn(0x7f29d00abbe0 0x7f29d00a8320 secure :-1 s=READY pgs=94 cs=0 l=1 rev1=1 crypto rx=0x7f29d0068ef0 tx=0x7f29c4007c20 comp rx=0 tx=0).read_frame ,
2022-07-13T19:38:18.943+0000 7f29bdffb700 1 -- 172.21.15.186:0/2008127184 <== mon.1 v2:172.21.15.190:3300/0 3 ==== mon_map magic: 0 v1 ==== 413+0+0 (secure 0 0 0) 0x7f29c4004640 con 0x7f29d00abbe0 ,
2022-07-13T19:38:18.943+0000 7f29d55b4700 20 -- 172.21.15.186:0/2008127184 >> [v2:172.21.15.190:3300/0,v1:172.21.15.190:6789/0] conn(0x7f29d00abbe0 msgr2=0x7f29d00a8320 secure :-1 s=STATE_CONNECTION_ESTABLISHED l=1).read start len=96
2022-07-14T07:02:58.681 WARNING:scrape:Ignoring malparsed backtrace:
2022-07-13T19:38:18.945+0000 7f29bdffb700 20 -- 172.21.15.186:0/2008127184 done calling dispatch on 0x7f29c4010070 ,
2022-07-13T19:38:18.945+0000 7f29d5db5700 20 -- 172.21.15.186:0/2008127184 >> v2:172.21.15.186:6800/117176 conn(0x7f29b0064fa0 msgr2=0x7f29b00674b0 unknown :-1 s=STATE_CONNECTING l=1).process ,
2022-07-13T19:38:18.945+0000 7f29d5db5700 20 Event(0x7f29d0065d90 nevent=5000 time_id=5).create_file_event create event started fd=16 mask=1 original mask is 0
2022-07-14T07:02:58.681 WARNING:scrape:Ignoring malparsed backtrace:
2022-07-13T19:38:18.949+0000 7f29d55b4700 20 -- 172.21.15.186:0/2008127184 >> [v2:172.21.15.190:3300/0,v1:172.21.15.190:6789/0] conn(0x7f29d00abbe0 msgr2=0x7f29d00a8320 secure :-1 s=STATE_CONNECTION_ESTABLISHED l=1).process ,
2022-07-13T19:38:18.949+0000 7f29d55b4700 20 -- 172.21.15.186:0/2008127184 >> [v2:172.21.15.190:3300/0,v1:172.21.15.190:6789/0] conn(0x7f29d00abbe0 msgr2=0x7f29d00a8320 secure :-1 s=STATE_CONNECTION_ESTABLISHED l=1).read continue len=96 ,
2022-07-13T19:38:18.949+0000 7f29d55b4700 20 --2- 172.21.15.186:0/2008127184 >> [v2:172.21.15.190:3300/0,v1:172.21.15.190:6789/0] conn(0x7f29d00abbe0 0x7f29d00a8320 secure :-1 s=READY pgs=94 cs=0 l=1 rev1=1 crypto rx=0x7f29d0068ef0 tx=0x7f29c4007c20 comp rx=0 tx=0).handle_read_frame_preamble_main r=0
2022-07-14T07:02:58.682 WARNING:scrape:Ignoring malparsed backtrace:
2022-07-13T19:38:19.791+0000 7f29d8019700 1 -- 172.21.15.186:0/2008127184 >> 172.21.15.186:0/2008127184 conn(0x7f29d00aeb50 msgr2=0x7f29d00aef60 unknown :-1 s=STATE_NONE l=0).mark_down ,
2022-07-13T19:38:19.791+0000 7f29d8019700 20 --1- 172.21.15.186:0/2008127184 >> 172.21.15.186:0/2008127184 conn(0x7f29d00aeb50 0x7f29d00aef60 :-1 s=NONE pgs=0 cs=0 l=0).stop ,
2022-07-13T19:38:19.791+0000 7f29d8019700 2 --1- 172.21.15.186:0/2008127184 >> 172.21.15.186:0/2008127184 conn(0x7f29d00aeb50 0x7f29d00aef60 :-1 s=NONE pgs=0 cs=0 l=0).stop
2022-07-14T07:02:58.683 WARNING:scrape:Ignoring malparsed backtrace:
2022-07-13T19:38:19.962+0000 7fa7f1274700 20 EpollDriver.del_event del event fd=13 cur_mask=1 delmask=2 to 7 ,
2022-07-13T19:38:19.962+0000 7fa7f1274700 10 -- >> [v2:172.21.15.186:3301/0,v1:172.21.15.186:6790/0] conn(0x7fa7ec0688d0 msgr2=0x7fa7ec0ab6a0 unknown :-1 s=STATE_CONNECTING_RE l=0).process connect successfully, ready to send banner ,
2022-07-13T19:38:19.962+0000 7fa7f1274700 20 --2- >> [v2:172.21.15.186:3301/0,v1:172.21.15.186:6790/0] conn(0x7fa7ec0688d0 0x7fa7ec0ab6a0 unknown :-1 s=START_CONNECT pgs=0 cs=0 l=0 rev1=0 crypto rx=0 tx=0 comp rx=0 tx=0).read_event
2022-07-14T07:02:58.684 WARNING:scrape:Ignoring malparsed backtrace:
2022-07-13T19:38:19.962+0000 7fa7f1a75700 20 --1- 172.21.15.186:0/1547475474 >> v1:172.21.15.190:6789/0 conn(0x7fa7ec13f2d0 0x7fa7ec0aca50 :-1 s=CONNECTING_SEND_CONNECT_MSG pgs=0 cs=0 l=0).handle_connect_reply_1 connect got reply tag 13 connect_seq 1 global_seq 95 proto 15 flags 1 features 4540138320759226367 ,
2022-07-13T19:38:19.962+0000 7fa7f0a73700 20 --2- 172.21.15.186:0/1547475474 >> v2:172.21.15.190:3300/0 conn(0x7fa7ec0abbe0 0x7fa7ec13ed90 unknown :-1 s=AUTH_CONNECTING pgs=0 cs=0 l=0 rev1=1 crypto rx=0 tx=0 comp rx=0 tx=0).handle_read_frame_segment r=0 ,
2022-07-13T19:38:19.962+0000 7fa7f1a75700 20 --1- 172.21.15.186:0/1547475474 >> v1:172.21.15.190:6789/0 conn(0x7fa7ec13f2d0 0x7fa7ec0aca50 :-1 s=CONNECTING_SEND_CONNECT_MSG pgs=0 cs=0 l=0).handle_connect_reply_2
2022-07-14T07:02:58.685 WARNING:scrape:Ignoring malparsed backtrace:
2022-07-13T19:38:19.963+0000 7fa7f1a75700 20 -- 172.21.15.186:0/1547475474 >> v1:172.21.15.190:6789/0 conn(0x7fa7ec13f2d0 legacy=0x7fa7ec0aca50 unknown :-1 s=STATE_CONNECTION_ESTABLISHED l=1).read start len=1 ,
2022-07-13T19:38:19.963+0000 7fa7f0a73700 20 --1- 172.21.15.186:0/1547475474 >> v1:172.21.15.190:6789/0 conn(0x7fa7ec13f2d0 0x7fa7ec0aca50 :-1 s=OPENED pgs=95 cs=1 l=1).stop ,
2022-07-13T19:38:19.963+0000 7fa7f0a73700 2 --1- 172.21.15.186:0/1547475474 >> v1:172.21.15.190:6789/0 conn(0x7fa7ec13f2d0 0x7fa7ec0aca50 :-1 s=OPENED pgs=95 cs=1 l=1).stop
2022-07-14T07:02:58.686 WARNING:scrape:Ignoring malparsed backtrace:
2022-07-13T19:38:19.963+0000 7fa7f0a73700 5 --2- 172.21.15.186:0/1547475474 >> [v2:172.21.15.190:3300/0,v1:172.21.15.190:6789/0] conn(0x7fa7ec0abbe0 0x7fa7ec13ed90 secure :-1 s=THROTTLE_DONE pgs=96 cs=0 l=1 rev1=1 crypto rx=0x7fa7e00097c0 tx=0x7fa7e0009060 comp rx=0 tx=0).handle_message got 413 + 0 + 0 byte message. envelope type=4 src mon.1 off 0 ,
2022-07-13T19:38:19.963+0000 7fa7f0a73700 5 --2- 172.21.15.186:0/1547475474 >> [v2:172.21.15.190:3300/0,v1:172.21.15.190:6789/0] conn(0x7fa7ec0abbe0 0x7fa7ec13ed90 secure :-1 s=READ_MESSAGE_COMPLETE pgs=96 cs=0 l=1 rev1=1 crypto rx=0x7fa7e00097c0 tx=0x7fa7e0009060 comp rx=0 tx=0).handle_message received message m=0x7fa7e0005300 seq=1 from=mon.1 type=4 mon_map magic: 0 v1 ,
2022-07-13T19:38:19.963+0000 7fa7f0a73700 20 -- 172.21.15.186:0/1547475474 queue 0x7fa7e0005300 prio 196
2022-07-14T07:02:58.686 WARNING:scrape:Ignoring malparsed backtrace:
2022-07-13T19:38:19.967+0000 7fa7f34d8700 10 -- create_connect [v2:172.21.15.190:3300/0,v1:172.21.15.190:6789/0], creating connection and registering ,
2022-07-13T19:38:19.967+0000 7fa7f34d8700 10 -- >> [v2:172.21.15.190:3300/0,v1:172.21.15.190:6789/0] conn(0x7fa7ec0688d0 msgr2=0x7fa7ec07e4b0 unknown :-1 s=STATE_NONE l=1)._connect ,
2022-07-13T19:38:19.967+0000 7fa7f34d8700 1 --2- >> [v2:172.21.15.190:3300/0,v1:172.21.15.190:6789/0] conn(0x7fa7ec0688d0 0x7fa7ec07e4b0 unknown :-1 s=NONE pgs=0 cs=0 l=1 rev1=0 crypto rx=0 tx=0 comp rx=0 tx=0).connect
2022-07-14T07:02:58.687 WARNING:scrape:Ignoring malparsed backtrace:
2022-07-13T19:38:19.967+0000 7fa7f0a73700 20 -- 172.21.15.186:0/1737364149 >> [v2:172.21.15.186:3301/0,v1:172.21.15.186:6790/0] conn(0x7fa7ec0abbe0 msgr2=0x7fa7ec07f7c0 unknown :-1 s=STATE_CONNECTION_ESTABLISHED l=1).read start len=32 ,
2022-07-13T19:38:19.967+0000 7fa7f0a73700 20 --2- 172.21.15.186:0/1737364149 >> [v2:172.21.15.186:3301/0,v1:172.21.15.186:6790/0] conn(0x7fa7ec0abbe0 0x7fa7ec07f7c0 unknown :-1 s=HELLO_CONNECTING pgs=0 cs=0 l=1 rev1=1 crypto rx=0 tx=0 comp rx=0 tx=0).handle_read_frame_preamble_main r=0 ,
2022-07-13T19:38:19.967+0000 7fa7f1a75700 1 --2- 172.21.15.186:0/1737364149 >> [v2:172.21.15.186:3300/0,v1:172.21.15.186:6789/0] conn(0x7fa7ec13f2d0 0x7fa7ec139460 unknown :-1 s=BANNER_CONNECTING pgs=0 cs=0 l=1 rev1=0 crypto rx=0 tx=0 comp rx=0 tx=0)._handle_peer_banner_payload supported=3 required=0
2022-07-14T07:02:58.688 WARNING:scrape:Ignoring malparsed backtrace:
2022-07-13T19:38:19.967+0000 7fa7f1274700 20 --2- 172.21.15.186:0/1737364149 >> [v2:172.21.15.190:3300/0,v1:172.21.15.190:6789/0] conn(0x7fa7ec0688d0 0x7fa7ec07e4b0 secure :-1 s=AUTH_CONNECTING_SIGN pgs=0 cs=0 l=1 rev1=1 crypto rx=0x7fa7dc00b9c0 tx=0x7fa7dc008040 comp rx=0 tx=0).read_frame ,
2022-07-13T19:38:19.967+0000 7fa7f1274700 20 -- 172.21.15.186:0/1737364149 >> [v2:172.21.15.190:3300/0,v1:172.21.15.190:6789/0] conn(0x7fa7ec0688d0 msgr2=0x7fa7ec07e4b0 secure :-1 s=STATE_CONNECTION_ESTABLISHED l=1).read start len=96 ,
2022-07-13T19:38:19.967+0000 7fa7f1274700 20 --2- 172.21.15.186:0/1737364149 >> [v2:172.21.15.190:3300/0,v1:172.21.15.190:6789/0] conn(0x7fa7ec0688d0 0x7fa7ec07e4b0 secure :-1 s=AUTH_CONNECTING_SIGN pgs=0 cs=0 l=1 rev1=1 crypto rx=0x7fa7dc00b9c0 tx=0x7fa7dc008040 comp rx=0 tx=0).handle_read_frame_preamble_main r=0
2022-07-14T07:02:58.689 WARNING:scrape:Ignoring malparsed backtrace:
2022-07-13T19:38:19.968+0000 7fa7f1274700 5 --2- 172.21.15.186:0/1737364149 >> [v2:172.21.15.190:3300/0,v1:172.21.15.190:6789/0] conn(0x7fa7ec0688d0 0x7fa7ec07e4b0 secure :-1 s=READ_MESSAGE_COMPLETE pgs=97 cs=0 l=1 rev1=1 crypto rx=0x7fa7dc00b9c0 tx=0x7fa7dc008040 comp rx=0 tx=0).handle_message received message m=0x7fa7dc00c040 seq=2 from=mon.1 type=62 config(0 keys) v1 ,
2022-07-13T19:38:19.968+0000 7fa7f1274700 20 -- 172.21.15.186:0/1737364149 queue 0x7fa7dc00c040 prio 196 ,
2022-07-13T19:38:19.968+0000 7fa7f1274700 20 --2- 172.21.15.186:0/1737364149 >> [v2:172.21.15.190:3300/0,v1:172.21.15.190:6789/0] conn(0x7fa7ec0688d0 0x7fa7ec07e4b0 secure :-1 s=READY pgs=97 cs=0 l=1 rev1=1 crypto rx=0x7fa7dc00b9c0 tx=0x7fa7dc008040 comp rx=0 tx=0).read_frame
2022-07-14T07:02:58.689 WARNING:scrape:Ignoring malparsed backtrace:
2022-07-13T19:38:19.970+0000 7fa7f34d8700 15 --2- 172.21.15.186:0/1737364149 >> [v2:172.21.15.190:3300/0,v1:172.21.15.190:6789/0] conn(0x7fa7ec0688d0 0x7fa7ec07e4b0 secure :-1 s=READY pgs=97 cs=0 l=1 rev1=1 crypto rx=0x7fa7dc00b9c0 tx=0x7fa7dc008040 comp rx=0 tx=0).send_message inline write is denied, reschedule m=0x7fa7ec073ce0 ,
2022-07-13T19:38:19.970+0000 7fa7f34d8700 20 Event(0x7fa7ec065d90 nevent=5000 time_id=4).wakeup ,
2022-07-13T19:38:19.970+0000 7fa7f1274700 10 -- 172.21.15.186:0/1737364149 >> [v2:172.21.15.190:3300/0,v1:172.21.15.190:6789/0] conn(0x7fa7ec0688d0 msgr2=0x7fa7ec07e4b0 secure :-1 s=STATE_CONNECTION_ESTABLISHED l=1).handle_write
2022-07-14T07:02:58.690 WARNING:scrape:Ignoring malparsed backtrace:
2022-07-13T19:38:19.971+0000 7fa7f0a73700 20 --2- 172.21.15.186:0/1737364149 >> v2:172.21.15.186:6800/117176 conn(0x7fa7cc064fa0 0x7fa7cc0674b0 secure :-1 s=SESSION_CONNECTING pgs=0 cs=0 l=1 rev1=1 crypto rx=0x7fa7ec072940 tx=0x7fa7e0034000 comp rx=0 tx=0).send_client_ident ,
2022-07-13T19:38:19.971+0000 7fa7f0a73700 5 --2- 172.21.15.186:0/1737364149 >> v2:172.21.15.186:6800/117176 conn(0x7fa7cc064fa0 0x7fa7cc0674b0 secure :-1 s=SESSION_CONNECTING pgs=0 cs=0 l=1 rev1=1 crypto rx=0x7fa7ec072940 tx=0x7fa7e0034000 comp rx=0 tx=0).send_client_ident sending identification: addrs=172.21.15.186:0/1737364149 target=v2:172.21.15.186:6800/117176 gid=4510 global_seq=4 features_supported=3f01cfbf7ffdffff features_required=800000000001000 flags=1 cookie=0 ,
2022-07-13T19:38:19.971+0000 7fa7f0a73700 15 authenticated_encrypt_update plaintext.length()=80 buffer.length()=80
2022-07-14T07:02:58.691 WARNING:scrape:Ignoring malparsed backtrace:
2022-07-13T19:38:20.791+0000 7fa7f34d8700 5 --2- 172.21.15.186:0/1737364149 >> [v2:172.21.15.190:3300/0,v1:172.21.15.190:6789/0] conn(0x7fa7ec0688d0 0x7fa7ec07e4b0 secure :-1 s=READY pgs=97 cs=0 l=1 rev1=1 crypto rx=0x7fa7dc00b9c0 tx=0x7fa7dc008040 comp rx=0 tx=0).reset_recv_state ,
2022-07-13T19:38:20.791+0000 7fa7f34d8700 20 Event(0x7fa7ec065d90 nevent=5000 time_id=4).wakeup ,
2022-07-13T19:38:20.791+0000 7fa7f0a73700 5 --2- 172.21.15.186:0/1737364149 >> v2:172.21.15.186:6800/117176 conn(0x7fa7cc064fa0 0x7fa7cc0674b0 secure :-1 s=CLOSED pgs=77 cs=0 l=1 rev1=1 crypto rx=0x7fa7ec072940 tx=0x7fa7e0034000 comp rx=0 tx=0).reset_security
2022-07-14T07:02:58.691 WARNING:scrape:Ignoring malparsed backtrace:
2022-07-13T19:38:20.943+0000 7f7ac6521700 10 NetHandler reconnect reconnect: 114 Operation already in progress ,
2022-07-13T19:38:20.943+0000 7f7ac8785700 1 -- --> v1:172.21.15.190:6789/0 -- auth(proto 0 30 bytes epoch 0) v1 -- 0x7f7ac006de30 con 0x7f7ac00ae1e0 ,
2022-07-13T19:38:20.943+0000 7f7ac6521700 10 -- >> v2:172.21.15.190:3300/0 conn(0x7f7ac0068b10 msgr2=0x7f7ac006d8f0 unknown :-1 s=STATE_CONNECTING_RE l=0).process nonblock connect inprogress
2022-07-14T07:02:58.692 WARNING:scrape:Ignoring malparsed backtrace:
2022-07-13T19:38:20.943+0000 7f7ac6d22700 5 --2- 172.21.15.186:0/3534796218 >> [v2:172.21.15.186:3301/0,v1:172.21.15.186:6790/0] conn(0x7f7ac013e870 0x7f7ac013ec80 unknown :-1 s=HELLO_CONNECTING pgs=0 cs=0 l=0 rev1=1 crypto rx=0 tx=0 comp rx=0 tx=0).handle_hello received hello: peer_type=1 peer_addr_for_me=v2:172.21.15.186:38946/0 ,
2022-07-13T19:38:20.943+0000 7f7ac6d22700 5 --2- 172.21.15.186:0/3534796218 >> [v2:172.21.15.186:3301/0,v1:172.21.15.186:6790/0] conn(0x7f7ac013e870 0x7f7ac013ec80 unknown :-1 s=HELLO_CONNECTING pgs=0 cs=0 l=0 rev1=1 crypto rx=0 tx=0 comp rx=0 tx=0).handle_hello getsockname says I am 172.21.15.186:38946 when talking to v2:172.21.15.186:3301/0 ,
2022-07-13T19:38:20.943+0000 7f7ac5d20700 20 --1- 172.21.15.186:0/3534796218 >> v1:172.21.15.190:6789/0 conn(0x7f7ac00ae1e0 0x7f7ac006e850 :-1 s=CONNECTING_SEND_CONNECT_MSG pgs=0 cs=0 l=0).handle_connect_reply_1 r=0
2022-07-14T07:02:58.693 WARNING:scrape:Ignoring malparsed backtrace:
2022-07-13T19:38:20.943+0000 7f7ac6521700 10 --2- 172.21.15.186:0/3534796218 >> [v2:172.21.15.186:3301/0,v1:172.21.15.186:6790/0] conn(0x7f7ac013e870 0x7f7ac013ec80 unknown :-1 s=AUTH_CONNECTING pgs=0 cs=0 l=0 rev1=1 crypto rx=0 tx=0 comp rx=0 tx=0).discard_out_queue started ,
2022-07-13T19:38:20.943+0000 7f7ac5d20700 20 --1- 172.21.15.186:0/3534796218 >> v1:172.21.15.190:6789/0 conn(0x7f7ac00ae1e0 0x7f7ac006e850 :-1 s=READ_MESSAGE_FRONT pgs=98 cs=1 l=1).read_message_data msg_left=0 ,
2022-07-13T19:38:20.943+0000 7f7ac5d20700 20 --1- 172.21.15.186:0/3534796218 >> v1:172.21.15.190:6789/0 conn(0x7f7ac00ae1e0 0x7f7ac006e850 :-1 s=READ_MESSAGE_FRONT pgs=98 cs=1 l=1).read_message_footer
2022-07-14T07:02:58.693 WARNING:scrape:Ignoring malparsed backtrace:
2022-07-13T19:38:20.944+0000 7f7ac6521700 20 --2- 172.21.15.186:0/3534796218 >> [v2:172.21.15.190:3300/0,v1:172.21.15.190:6789/0] conn(0x7f7ac0068b10 0x7f7ac006d8f0 secure :-1 s=READY pgs=99 cs=0 l=1 rev1=1 crypto rx=0x7f7ab0005550 tx=0x7f7ab0007be0 comp rx=0 tx=0).handle_read_frame_preamble_main r=0 ,
2022-07-13T19:38:20.944+0000 7f7ac6521700 20 --2- 172.21.15.186:0/3534796218 >> [v2:172.21.15.190:3300/0,v1:172.21.15.190:6789/0] conn(0x7f7ac0068b10 0x7f7ac006d8f0 secure :-1 s=THROTTLE_MESSAGE pgs=99 cs=0 l=1 rev1=1 crypto rx=0x7f7ab0005550 tx=0x7f7ab0007be0 comp rx=0 tx=0).throttle_message ,
2022-07-13T19:38:20.944+0000 7f7ac6521700 20 --2- 172.21.15.186:0/3534796218 >> [v2:172.21.15.190:3300/0,v1:172.21.15.190:6789/0] conn(0x7f7ac0068b10 0x7f7ac006d8f0 secure :-1 s=THROTTLE_BYTES pgs=99 cs=0 l=1 rev1=1 crypto rx=0x7f7ab0005550 tx=0x7f7ab0007be0 comp rx=0 tx=0).throttle_bytes
2022-07-14T07:02:58.694 WARNING:scrape:Ignoring malparsed backtrace:
2022-07-13T19:38:20.945+0000 7f7ac8785700 1 -- 172.21.15.186:0/3534796218 wait complete. ,
2022-07-13T19:38:20.946+0000 7f7ac8785700 20 CompressorRegistry(0x7f7ac00b1110) adding algorithm method: snappy ,
2022-07-13T19:38:20.946+0000 7f7ac8785700 20 CompressorRegistry(0x7f7ac00b1110) adding algorithm method: zlib
2022-07-14T07:02:58.695 WARNING:scrape:Ignoring malparsed backtrace:
2022-07-13T19:38:20.947+0000 7f7ac6521700 20 --2- >> [v2:172.21.15.186:3301/0,v1:172.21.15.186:6790/0] conn(0x7f7ac0068b10 0x7f7ac014b310 unknown :-1 s=HELLO_CONNECTING pgs=0 cs=0 l=1 rev1=1 crypto rx=0 tx=0 comp rx=0 tx=0).handle_read_frame_segment r=0 ,
2022-07-13T19:38:20.947+0000 7f7ac6521700 10 --2- >> [v2:172.21.15.186:3301/0,v1:172.21.15.186:6790/0] conn(0x7f7ac0068b10 0x7f7ac014b310 unknown :-1 s=HELLO_CONNECTING pgs=0 cs=0 l=1 rev1=1 crypto rx=0 tx=0 comp rx=0 tx=0).handle_read_frame_dispatch tag=1 ,
2022-07-13T19:38:20.947+0000 7f7ac6521700 20 --2- >> [v2:172.21.15.186:3301/0,v1:172.21.15.186:6790/0] conn(0x7f7ac0068b10 0x7f7ac014b310 unknown :-1 s=HELLO_CONNECTING pgs=0 cs=0 l=1 rev1=1 crypto rx=0 tx=0 comp rx=0 tx=0).handle_hello payload.length()=36
2022-07-14T07:02:58.696 WARNING:scrape:Ignoring malparsed backtrace:
2022-07-13T19:38:20.948+0000 7f7ac6521700 1 -- 172.21.15.186:0/306907036 >> [v2:172.21.15.190:3300/0,v1:172.21.15.190:6789/0] conn(0x7f7ac00ae1e0 msgr2=0x7f7ac00a97b0 unknown :-1 s=STATE_CONNECTION_ESTABLISHED l=1).mark_down ,
2022-07-13T19:38:20.948+0000 7f7ac6521700 1 --2- 172.21.15.186:0/306907036 >> [v2:172.21.15.190:3300/0,v1:172.21.15.190:6789/0] conn(0x7f7ac00ae1e0 0x7f7ac00a97b0 unknown :-1 s=AUTH_CONNECTING pgs=0 cs=0 l=1 rev1=1 crypto rx=0 tx=0 comp rx=0 tx=0).stop ,
2022-07-13T19:38:20.948+0000 7f7ac6521700 5 --2- 172.21.15.186:0/306907036 >> [v2:172.21.15.190:3300/0,v1:172.21.15.190:6789/0] conn(0x7f7ac00ae1e0 0x7f7ac00a97b0 unknown :-1 s=AUTH_CONNECTING pgs=0 cs=0 l=1 rev1=1 crypto rx=0 tx=0 comp rx=0 tx=0).reset_recv_state
2022-07-14T07:02:58.696 WARNING:scrape:Ignoring malparsed backtrace:
2022-07-13T19:38:20.948+0000 7f7ac6521700 20 --2- 172.21.15.186:0/306907036 >> [v2:172.21.15.186:3301/0,v1:172.21.15.186:6790/0] conn(0x7f7ac0068b10 0x7f7ac014b310 secure :-1 s=THROTTLE_DONE pgs=56 cs=0 l=1 rev1=1 crypto rx=0x7f7ab00092e0 tx=0x7f7ab0018000 comp rx=0 tx=0).read_frame_segment seg_idx=1 ,
2022-07-13T19:38:20.948+0000 7f7ac6521700 20 -- 172.21.15.186:0/306907036 >> [v2:172.21.15.186:3301/0,v1:172.21.15.186:6790/0] conn(0x7f7ac0068b10 msgr2=0x7f7ac014b310 secure :-1 s=STATE_CONNECTION_ESTABLISHED l=1).read start len=416 ,
2022-07-13T19:38:20.948+0000 7f7ac6521700 20 --2- 172.21.15.186:0/306907036 >> [v2:172.21.15.186:3301/0,v1:172.21.15.186:6790/0] conn(0x7f7ac0068b10 0x7f7ac014b310 secure :-1 s=THROTTLE_DONE pgs=56 cs=0 l=1 rev1=1 crypto rx=0x7f7ab00092e0 tx=0x7f7ab0018000 comp rx=0 tx=0).handle_read_frame_segment r=0
2022-07-14T07:02:58.697 WARNING:scrape:Ignoring malparsed backtrace:
2022-07-13T19:38:20.950+0000 7f7ac8785700 1 -- 172.21.15.186:0/306907036 --> [v2:172.21.15.186:3301/0,v1:172.21.15.186:6790/0] -- mon_command({"prefix": "get_command_descriptions"} v 0) v1 -- 0x7f7ac00a9fc0 con 0x7f7ac0068b10 ,
2022-07-13T19:38:20.950+0000 7f7ac8785700 5 --2- 172.21.15.186:0/306907036 >> [v2:172.21.15.186:3301/0,v1:172.21.15.186:6790/0] conn(0x7f7ac0068b10 0x7f7ac014b310 secure :-1 s=THROTTLE_DONE pgs=56 cs=0 l=1 rev1=1 crypto rx=0x7f7ab00092e0 tx=0x7f7ab0018000 comp rx=0 tx=0).send_message enqueueing message m=0x7f7ac00a9fc0 type=50 mon_command({"prefix": "get_command_descriptions"} v 0) v1 ,
2022-07-13T19:38:20.950+0000 7f7ac8785700 15 --2- 172.21.15.186:0/306907036 >> [v2:172.21.15.186:3301/0,v1:172.21.15.186:6790/0] conn(0x7f7ac0068b10 0x7f7ac014b310 secure :-1 s=THROTTLE_DONE pgs=56 cs=0 l=1 rev1=1 crypto rx=0x7f7ab00092e0 tx=0x7f7ab0018000 comp rx=0 tx=0).send_message inline write is denied, reschedule m=0x7f7ac00a9fc0
2022-07-14T07:02:58.698 WARNING:scrape:Ignoring malparsed backtrace:
2022-07-13T19:38:20.951+0000 7f7ac5d20700 10 --2- 172.21.15.186:0/306907036 >> v2:172.21.15.186:6800/117176 conn(0x7f7aa0064fa0 0x7f7aa00674b0 unknown :-1 s=AUTH_CONNECTING pgs=0 cs=0 l=1 rev1=1 crypto rx=0 tx=0 comp rx=0 tx=0).handle_read_frame_dispatch tag=6 ,
2022-07-13T19:38:20.951+0000 7f7ac5d20700 20 --2- 172.21.15.186:0/306907036 >> v2:172.21.15.186:6800/117176 conn(0x7f7aa0064fa0 0x7f7aa00674b0 unknown :-1 s=AUTH_CONNECTING pgs=0 cs=0 l=1 rev1=1 crypto rx=0 tx=0 comp rx=0 tx=0).handle_auth_done payload.length()=116 ,
2022-07-13T19:38:20.951+0000 7f7ac5d20700 15 authenticated_encrypt_update plaintext.length()=80 buffer.length()=80
2022-07-14T07:02:58.698 WARNING:scrape:Ignoring malparsed backtrace:
2022-07-13T19:38:21.792+0000 7f7ac6521700 10 --2- 172.21.15.186:0/306907036 >> [v2:172.21.15.186:3301/0,v1:172.21.15.186:6790/0] conn(0x7f7ac0068b10 0x7f7ac014b310 secure :-1 s=THROTTLE_DONE pgs=56 cs=0 l=1 rev1=1 crypto rx=0x7f7ab00092e0 tx=0x7f7ab0018000 comp rx=0 tx=0).handle_read_frame_dispatch tag=17 ,
2022-07-13T19:38:21.792+0000 7f7ac6521700 20 --2- 172.21.15.186:0/306907036 >> [v2:172.21.15.186:3301/0,v1:172.21.15.186:6790/0] conn(0x7f7ac0068b10 0x7f7ac014b310 secure :-1 s=THROTTLE_DONE pgs=56 cs=0 l=1 rev1=1 crypto rx=0x7f7ab00092e0 tx=0x7f7ab0018000 comp rx=0 tx=0).handle_message ,
2022-07-13T19:38:21.792+0000 7f7ac6521700 5 --2- 172.21.15.186:0/306907036 >> [v2:172.21.15.186:3301/0,v1:172.21.15.186:6790/0] conn(0x7f7ac0068b10 0x7f7ac014b310 secure :-1 s=THROTTLE_DONE pgs=56 cs=0 l=1 rev1=1 crypto rx=0x7f7ab00092e0 tx=0x7f7ab0018000 comp rx=0 tx=0).handle_message got 133 + 0 + 0 byte message. envelope type=51 src mon.2 off 0
2022-07-14T07:02:58.699 WARNING:scrape:Ignoring malparsed backtrace:
2022-07-13T19:38:21.959+0000 7f321259c700 20 -- >> v2:172.21.15.190:3300/0 conn(0x7f32140687e0 msgr2=0x7f321406f5a0 unknown :-1 s=STATE_CONNECTING l=0).process ,
2022-07-13T19:38:21.959+0000 7f3218bb1700 10 -- >> v1:172.21.15.190:6789/0 conn(0x7f321413c850 legacy=0x7f32140abf20 unknown :-1 s=STATE_NONE l=0)._connect ,
2022-07-13T19:38:21.959+0000 7f3218bb1700 20 Event(0x7f3214070900 nevent=5000 time_id=1).wakeup
2022-07-14T07:02:58.700 WARNING:scrape:Ignoring malparsed backtrace:
2022-07-13T19:38:21.960+0000 7f321259c700 20 -- 172.21.15.186:0/2071498859 >> v2:172.21.15.190:3300/0 conn(0x7f32140687e0 msgr2=0x7f321406f5a0 unknown :-1 s=STATE_CONNECTION_ESTABLISHED l=0).read start len=32 ,
2022-07-13T19:38:21.960+0000 7f3212d9d700 10 --1- 172.21.15.186:0/2071498859 >> v1:172.21.15.186:6789/0 conn(0x7f32140ac630 0x7f321414a000 :-1 s=CONNECTING_SEND_CONNECT_MSG pgs=0 cs=0 l=0).send_connect_message connect sending gseq=2 cseq=0 proto=15 ,
2022-07-13T19:38:21.960+0000 7f3211d9b700 10 --1- 172.21.15.186:0/2071498859 >> v1:172.21.15.190:6789/0 conn(0x7f321413c850 0x7f32140abf20 :-1 s=CONNECTING_SEND_CONNECT_MSG pgs=0 cs=0 l=0).send_connect_message connect sending gseq=1 cseq=0 proto=15
2022-07-14T07:02:58.701 WARNING:scrape:Ignoring malparsed backtrace:
2022-07-13T19:38:21.960+0000 7f3212d9d700 20 --1- 172.21.15.186:0/2071498859 >> v1:172.21.15.186:6789/0 conn(0x7f32140ac630 0x7f321414a000 :-1 s=OPENED pgs=114 cs=1 l=1).handle_keepalive2_ack r=0 ,
2022-07-13T19:38:21.960+0000 7f3212d9d700 20 --1- 172.21.15.186:0/2071498859 >> v1:172.21.15.186:6789/0 conn(0x7f32140ac630 0x7f321414a000 :-1 s=OPENED pgs=114 cs=1 l=1).handle_keepalive2_ack got KEEPALIVE_ACK ,
2022-07-13T19:38:21.960+0000 7f3211d9b700 10 -- 172.21.15.186:0/2071498859 >> v1:172.21.15.190:6789/0 conn(0x7f321413c850 legacy=0x7f32140abf20 unknown :-1 s=STATE_CONNECTION_ESTABLISHED l=1)._try_send sent bytes 135 remaining bytes 0
2022-07-14T07:02:58.701 WARNING:scrape:Ignoring malparsed backtrace:
2022-07-13T19:38:21.960+0000 7f321259c700 5 --2- 172.21.15.186:0/2071498859 >> v2:172.21.15.190:3300/0 conn(0x7f32140687e0 0x7f321406f5a0 secure :-1 s=SESSION_CONNECTING pgs=0 cs=0 l=0 rev1=1 crypto rx=0x7f3208009680 tx=0x7f3208004e40 comp rx=0 tx=0).send_client_ident sending identification: addrs=172.21.15.186:0/2071498859 target=v2:172.21.15.190:3300/0 gid=-1 global_seq=3 features_supported=3f01cfbf7ffdffff features_required=800000000000000 flags=0 cookie=f7e81fce7163ad9e ,
2022-07-13T19:38:21.960+0000 7f321259c700 15 authenticated_encrypt_update plaintext.length()=80 buffer.length()=80 ,
2022-07-13T19:38:21.960+0000 7f321259c700 15 authenticated_encrypt_final buffer.length()=96 final_len=0
2022-07-14T07:02:58.702 WARNING:scrape:Ignoring malparsed backtrace:
2022-07-13T19:38:21.961+0000 7f321259c700 20 -- 172.21.15.186:0/2071498859 >> [v2:172.21.15.190:3300/0,v1:172.21.15.190:6789/0] conn(0x7f32140687e0 msgr2=0x7f321406f5a0 secure :-1 s=STATE_CONNECTION_ESTABLISHED l=1).read start len=96 ,
2022-07-13T19:38:21.961+0000 7f321159a700 10 -- 172.21.15.186:0/2071498859 dispatch_throttle_release 413 to dispatch throttler 413/104857600 ,
2022-07-13T19:38:21.961+0000 7f321159a700 20 -- 172.21.15.186:0/2071498859 done calling dispatch on 0x7f320800dc70
2022-07-14T07:02:58.703 WARNING:scrape:Ignoring malparsed backtrace:
2022-07-13T19:38:21.964+0000 7f3218bb1700 15 --2- >> [v2:172.21.15.186:3301/0,v1:172.21.15.186:6790/0] conn(0x7f32140687e0 0x7f32140a9f90 unknown :-1 s=BANNER_CONNECTING pgs=0 cs=0 l=1 rev1=0 crypto rx=0 tx=0 comp rx=0 tx=0).send_message inline write is denied, reschedule m=0x7f32140a7d20 ,
2022-07-13T19:38:21.964+0000 7f3212d9d700 20 Event(0x7f32140b3bc0 nevent=5000 time_id=4).create_file_event create event started fd=18 mask=1 original mask is 0 ,
2022-07-13T19:38:21.964+0000 7f3212d9d700 20 EpollDriver.add_event add event fd=18 cur_mask=0 add_mask=1 to 4
2022-07-14T07:02:58.703 WARNING:scrape:Ignoring malparsed backtrace:
2022-07-13T19:38:21.964+0000 7f3211d9b700 20 --2- 172.21.15.186:0/3204263474 >> [v2:172.21.15.190:3300/0,v1:172.21.15.190:6789/0] conn(0x7f32140ac630 0x7f3214132e40 unknown :-1 s=AUTH_CONNECTING pgs=0 cs=0 l=1 rev1=1 crypto rx=0 tx=0 comp rx=0 tx=0).handle_auth_done payload.length()=840 ,
2022-07-13T19:38:21.964+0000 7f3212d9d700 20 --2- 172.21.15.186:0/3204263474 >> [v2:172.21.15.186:3300/0,v1:172.21.15.186:6789/0] conn(0x7f321413c850 0x7f32140a81d0 unknown :-1 s=AUTH_CONNECTING pgs=0 cs=0 l=1 rev1=1 crypto rx=0 tx=0 comp rx=0 tx=0).handle_read_frame_preamble_main r=0 ,
2022-07-13T19:38:21.964+0000 7f3212d9d700 20 --2- 172.21.15.186:0/3204263474 >> [v2:172.21.15.186:3300/0,v1:172.21.15.186:6789/0] conn(0x7f321413c850 0x7f32140a81d0 unknown :-1 s=AUTH_CONNECTING pgs=0 cs=0 l=1 rev1=1 crypto rx=0 tx=0 comp rx=0 tx=0).read_frame_segment seg_idx=0
2022-07-14T07:02:58.704 WARNING:scrape:Ignoring malparsed backtrace:
2022-07-13T19:38:21.965+0000 7f3211d9b700 20 -- 172.21.15.186:0/3204263474 >> [v2:172.21.15.190:3300/0,v1:172.21.15.190:6789/0] conn(0x7f32140ac630 msgr2=0x7f3214132e40 secure :-1 s=STATE_CONNECTION_ESTABLISHED l=1).read continue len=96 ,
2022-07-13T19:38:21.965+0000 7f3211d9b700 20 --2- 172.21.15.186:0/3204263474 >> [v2:172.21.15.190:3300/0,v1:172.21.15.190:6789/0] conn(0x7f32140ac630 0x7f3214132e40 secure :-1 s=READY pgs=102 cs=0 l=1 rev1=1 crypto rx=0x7f321406c770 tx=0x7f31fc005d10 comp rx=0 tx=0).handle_read_frame_preamble_main r=0 ,
2022-07-13T19:38:21.965+0000 7f3211d9b700 20 --2- 172.21.15.186:0/3204263474 >> [v2:172.21.15.190:3300/0,v1:172.21.15.190:6789/0] conn(0x7f32140ac630 0x7f3214132e40 secure :-1 s=THROTTLE_MESSAGE pgs=102 cs=0 l=1 rev1=1 crypto rx=0x7f321406c770 tx=0x7f31fc005d10 comp rx=0 tx=0).throttle_message
2022-07-14T07:02:58.705 WARNING:scrape:Ignoring malparsed backtrace:
2022-07-13T19:38:21.966+0000 7f3211d9b700 20 -- 172.21.15.186:0/3204263474 >> [v2:172.21.15.190:3300/0,v1:172.21.15.190:6789/0] conn(0x7f32140ac630 msgr2=0x7f3214132e40 secure :-1 s=STATE_CONNECTION_ESTABLISHED l=1).process ,
2022-07-13T19:38:21.966+0000 7f3211d9b700 20 -- 172.21.15.186:0/3204263474 >> [v2:172.21.15.190:3300/0,v1:172.21.15.190:6789/0] conn(0x7f32140ac630 msgr2=0x7f3214132e40 secure :-1 s=STATE_CONNECTION_ESTABLISHED l=1).read continue len=83328 ,
2022-07-13T19:38:21.966+0000 7f3211d9b700 20 --2- 172.21.15.186:0/3204263474 >> [v2:172.21.15.190:3300/0,v1:172.21.15.190:6789/0] conn(0x7f32140ac630 0x7f3214132e40 secure :-1 s=THROTTLE_DONE pgs=102 cs=0 l=1 rev1=1 crypto rx=0x7f321406c770 tx=0x7f31fc005d10 comp rx=0 tx=0).handle_read_frame_segment r=0
2022-07-14T07:02:58.706 WARNING:scrape:Ignoring malparsed backtrace:
2022-07-13T19:38:21.967+0000 7f321259c700 20 --2- 172.21.15.186:0/3204263474 >> v2:172.21.15.186:6800/117176 conn(0x7f31f0064fd0 0x7f31f00674e0 unknown :-1 s=AUTH_CONNECTING pgs=0 cs=0 l=1 rev1=1 crypto rx=0 tx=0 comp rx=0 tx=0).read_frame ,
2022-07-13T19:38:21.967+0000 7f321259c700 20 -- 172.21.15.186:0/3204263474 >> v2:172.21.15.186:6800/117176 conn(0x7f31f0064fd0 msgr2=0x7f31f00674e0 unknown :-1 s=STATE_CONNECTION_ESTABLISHED l=1).read start len=32 ,
2022-07-13T19:38:21.967+0000 7f321259c700 20 -- 172.21.15.186:0/3204263474 >> v2:172.21.15.186:6800/117176 conn(0x7f31f0064fd0 msgr2=0x7f31f00674e0 unknown :-1 s=STATE_CONNECTION_ESTABLISHED l=1).process
2022-07-14T07:02:58.706 WARNING:scrape:Ignoring malparsed backtrace:
2022-07-13T19:38:22.802+0000 7f3211d9b700 20 -- 172.21.15.186:0/3204263474 >> [v2:172.21.15.190:3300/0,v1:172.21.15.190:6789/0] conn(0x7f32140ac630 msgr2=0x7f3214132e40 secure :-1 s=STATE_CONNECTION_ESTABLISHED l=1).process ,
2022-07-13T19:38:22.802+0000 7f3211d9b700 20 -- 172.21.15.186:0/3204263474 >> [v2:172.21.15.190:3300/0,v1:172.21.15.190:6789/0] conn(0x7f32140ac630 msgr2=0x7f3214132e40 secure :-1 s=STATE_CONNECTION_ESTABLISHED l=1).read continue len=96 ,
2022-07-13T19:38:22.802+0000 7f3211d9b700 20 --2- 172.21.15.186:0/3204263474 >> [v2:172.21.15.190:3300/0,v1:172.21.15.190:6789/0] conn(0x7f32140ac630 0x7f3214132e40 secure :-1 s=READY pgs=102 cs=0 l=1 rev1=1 crypto rx=0x7f321406c770 tx=0x7f31fc005d10 comp rx=0 tx=0).handle_read_frame_preamble_main r=0
2022-07-14T07:02:58.707 WARNING:scrape:Ignoring malparsed backtrace:
2022-07-13T19:38:22.961+0000 7f8072ffd700 10 stack operator() starting ,
2022-07-13T19:38:22.961+0000 7f8079e69700 10 -- ready ,
2022-07-13T19:38:22.961+0000 7f8079e69700 1 Processor -- start
2022-07-14T07:02:58.708 WARNING:scrape:Ignoring malparsed backtrace:
2022-07-13T19:38:22.962+0000 7f8072ffd700 20 -- >> v2:172.21.15.190:3300/0 conn(0x7f807413ed90 msgr2=0x7f807413f1a0 unknown :-1 s=STATE_CONNECTION_ESTABLISHED l=0).read start len=32 ,
2022-07-13T19:38:22.962+0000 7f8073fff700 1 --2- >> [v2:172.21.15.186:3301/0,v1:172.21.15.186:6790/0] conn(0x7f807413d8c0 0x7f807413dcd0 unknown :-1 s=HELLO_CONNECTING pgs=0 cs=0 l=0 rev1=1 crypto rx=0 tx=0 comp rx=0 tx=0).handle_hello peer v2:172.21.15.186:3301/0 says I am v2:172.21.15.186:38972/0 (socket says 172.21.15.186:38972) ,
2022-07-13T19:38:22.962+0000 7f8073fff700 10 -- 172.21.15.186:0/200144398 learned_addr had no addrs
2022-07-14T07:02:58.709 WARNING:scrape:Ignoring malparsed backtrace:
2022-07-13T19:38:22.962+0000 7f8073fff700 20 --1- 172.21.15.186:0/200144398 >> v1:172.21.15.186:6789/0 conn(0x7f80740688d0 0x7f80740ab6a0 :-1 s=OPENED pgs=115 cs=1 l=1).stop ,
2022-07-13T19:38:22.962+0000 7f8072ffd700 20 -- 172.21.15.186:0/200144398 >> v2:172.21.15.190:3300/0 conn(0x7f807413ed90 msgr2=0x7f807413f1a0 unknown :-1 s=STATE_CLOSED l=0).process socket closed ,
2022-07-13T19:38:22.963+0000 7f8073fff700 2 --1- 172.21.15.186:0/200144398 >> v1:172.21.15.186:6789/0 conn(0x7f80740688d0 0x7f80740ab6a0 :-1 s=OPENED pgs=115 cs=1 l=1).stop
2022-07-14T07:02:58.709 WARNING:scrape:Ignoring malparsed backtrace:
2022-07-13T19:38:22.963+0000 7f8073fff700 10 --2- 172.21.15.186:0/200144398 >> [v2:172.21.15.186:3301/0,v1:172.21.15.186:6790/0] conn(0x7f807413d8c0 0x7f807413dcd0 secure :-1 s=THROTTLE_DONE pgs=57 cs=0 l=1 rev1=1 crypto rx=0x7f8068009f20 tx=0x7f8068009840 comp rx=0 tx=0).handle_read_frame_dispatch tag=17 ,
2022-07-13T19:38:22.963+0000 7f8073fff700 20 --2- 172.21.15.186:0/200144398 >> [v2:172.21.15.186:3301/0,v1:172.21.15.186:6790/0] conn(0x7f807413d8c0 0x7f807413dcd0 secure :-1 s=THROTTLE_DONE pgs=57 cs=0 l=1 rev1=1 crypto rx=0x7f8068009f20 tx=0x7f8068009840 comp rx=0 tx=0).handle_message ,
2022-07-13T19:38:22.963+0000 7f8073fff700 5 --2- 172.21.15.186:0/200144398 >> [v2:172.21.15.186:3301/0,v1:172.21.15.186:6790/0] conn(0x7f807413d8c0 0x7f807413dcd0 secure :-1 s=THROTTLE_DONE pgs=57 cs=0 l=1 rev1=1 crypto rx=0x7f8068009f20 tx=0x7f8068009840 comp rx=0 tx=0).handle_message got 413 + 0 + 0 byte message. envelope type=4 src mon.2 off 0
2022-07-14T07:02:58.710 WARNING:scrape:Ignoring malparsed backtrace:
2022-07-13T19:38:22.965+0000 7f8079e69700 1 -- start start ,
2022-07-13T19:38:22.966+0000 7f8079e69700 10 -- create_connect [v2:172.21.15.190:3300/0,v1:172.21.15.190:6789/0], creating connection and registering ,
2022-07-13T19:38:22.966+0000 7f8079e69700 10 -- >> [v2:172.21.15.190:3300/0,v1:172.21.15.190:6789/0] conn(0x7f80740688d0 msgr2=0x7f807409a7e0 unknown :-1 s=STATE_NONE l=1)._connect
2022-07-14T07:02:58.711 WARNING:scrape:Ignoring malparsed backtrace:
2022-07-13T19:38:22.966+0000 7f8073fff700 10 --2- 172.21.15.186:0/1247077359 >> [v2:172.21.15.186:3301/0,v1:172.21.15.186:6790/0] conn(0x7f807413ed90 0x7f8074097dd0 unknown :-1 s=HELLO_CONNECTING pgs=0 cs=0 l=1 rev1=1 crypto rx=0 tx=0 comp rx=0 tx=0).handle_read_frame_dispatch tag=1 ,
2022-07-13T19:38:22.966+0000 7f8073fff700 20 --2- 172.21.15.186:0/1247077359 >> [v2:172.21.15.186:3301/0,v1:172.21.15.186:6790/0] conn(0x7f807413ed90 0x7f8074097dd0 unknown :-1 s=HELLO_CONNECTING pgs=0 cs=0 l=1 rev1=1 crypto rx=0 tx=0 comp rx=0 tx=0).handle_hello payload.length()=36 ,
2022-07-13T19:38:22.966+0000 7f80737fe700 10 -- 172.21.15.186:0/1247077359 >> [v2:172.21.15.190:3300/0,v1:172.21.15.190:6789/0] conn(0x7f80740688d0 msgr2=0x7f807409a7e0 unknown :-1 s=STATE_CONNECTION_ESTABLISHED l=1)._try_send sent bytes 26 remaining bytes 0
2022-07-14T07:02:58.712 WARNING:scrape:Ignoring malparsed backtrace:
2022-07-13T19:38:22.967+0000 7f8072ffd700 15 authenticated_encrypt_final buffer.length()=96 final_len=0 ,
2022-07-13T19:38:22.967+0000 7f8072ffd700 10 -- 172.21.15.186:0/1247077359 >> [v2:172.21.15.186:3300/0,v1:172.21.15.186:6789/0] conn(0x7f807413d8c0 msgr2=0x7f807409b9e0 secure :-1 s=STATE_CONNECTION_ESTABLISHED l=1)._try_send sent bytes 96 remaining bytes 0 ,
2022-07-13T19:38:22.967+0000 7f8072ffd700 20 --2- 172.21.15.186:0/1247077359 >> [v2:172.21.15.186:3300/0,v1:172.21.15.186:6789/0] conn(0x7f807413d8c0 0x7f807409b9e0 secure :-1 s=COMPRESSION_CONNECTING pgs=0 cs=0 l=1 rev1=1 crypto rx=0x7f806401f610 tx=0x7f8064009060 comp rx=0 tx=0).read_frame
2022-07-14T07:02:58.712 WARNING:scrape:Ignoring malparsed backtrace:
2022-07-13T19:38:22.967+0000 7f8072ffd700 20 --2- 172.21.15.186:0/1247077359 >> [v2:172.21.15.186:3300/0,v1:172.21.15.186:6789/0] conn(0x7f807413d8c0 0x7f807409b9e0 secure :-1 s=THROTTLE_DONE pgs=116 cs=0 l=1 rev1=1 crypto rx=0x7f806401f610 tx=0x7f8064009060 comp rx=0 tx=0).handle_read_frame_epilogue_main r=0 ,
2022-07-13T19:38:22.967+0000 7f8072ffd700 10 --2- 172.21.15.186:0/1247077359 >> [v2:172.21.15.186:3300/0,v1:172.21.15.186:6789/0] conn(0x7f807413d8c0 0x7f807409b9e0 secure :-1 s=THROTTLE_DONE pgs=116 cs=0 l=1 rev1=1 crypto rx=0x7f806401f610 tx=0x7f8064009060 comp rx=0 tx=0).handle_read_frame_dispatch tag=17 ,
2022-07-13T19:38:22.967+0000 7f8072ffd700 20 --2- 172.21.15.186:0/1247077359 >> [v2:172.21.15.186:3300/0,v1:172.21.15.186:6789/0] conn(0x7f807413d8c0 0x7f807409b9e0 secure :-1 s=THROTTLE_DONE pgs=116 cs=0 l=1 rev1=1 crypto rx=0x7f806401f610 tx=0x7f8064009060 comp rx=0 tx=0).handle_message
2022-07-14T07:02:58.713 WARNING:scrape:Ignoring malparsed backtrace:
2022-07-13T19:38:22.969+0000 7f80577fe700 1 --2- 172.21.15.186:0/1247077359 >> v2:172.21.15.186:6800/117176 conn(0x7f805c064fa0 0x7f805c0674b0 unknown :-1 s=NONE pgs=0 cs=0 l=1 rev1=0 crypto rx=0 tx=0 comp rx=0 tx=0).connect ,
2022-07-13T19:38:22.969+0000 7f80577fe700 20 Event(0x7f8074065d90 nevent=5000 time_id=4).wakeup ,
2022-07-13T19:38:22.969+0000 7f80577fe700 10 -- 172.21.15.186:0/1247077359 create_connect 0x7f805c064fa0 v2:172.21.15.186:6800/117176 v2:172.21.15.186:6800/117176
2022-07-14T07:02:58.714 WARNING:scrape:Ignoring malparsed backtrace:
2022-07-13T19:38:22.970+0000 7f80737fe700 1 --2- 172.21.15.186:0/1247077359 >> v2:172.21.15.186:6800/117176 conn(0x7f805c064fa0 0x7f805c0674b0 secure :-1 s=READY pgs=80 cs=0 l=1 rev1=1 crypto rx=0x7f8060007fd0 tx=0x7f8060009040 comp rx=0 tx=0).ready entity=mgr.4104 client_cookie=0 server_cookie=0 in_seq=0 out_seq=0 ,
2022-07-13T19:38:22.970+0000 7f80737fe700 20 --2- 172.21.15.186:0/1247077359 >> v2:172.21.15.186:6800/117176 conn(0x7f805c064fa0 0x7f805c0674b0 secure :-1 s=READY pgs=80 cs=0 l=1 rev1=1 crypto rx=0x7f8060007fd0 tx=0x7f8060009040 comp rx=0 tx=0).read_frame ,
2022-07-13T19:38:22.970+0000 7f80737fe700 20 -- 172.21.15.186:0/1247077359 >> v2:172.21.15.186:6800/117176 conn(0x7f805c064fa0 msgr2=0x7f805c0674b0 secure :-1 s=STATE_CONNECTION_ESTABLISHED l=1).read start len=96
2022-07-14T07:02:58.714 WARNING:scrape:Ignoring malparsed backtrace:
2022-07-13T19:38:23.820+0000 7f8079e69700 5 -- 172.21.15.186:0/1247077359 shutdown_connections delete 0x7f807413ed90 ,
2022-07-13T19:38:23.820+0000 7f8079e69700 1 -- 172.21.15.186:0/1247077359 >> 172.21.15.186:0/1247077359 conn(0x7f80740aeb50 msgr2=0x7f8074064280 unknown :-1 s=STATE_NONE l=0).mark_down ,
2022-07-13T19:38:23.820+0000 7f8079e69700 20 --1- 172.21.15.186:0/1247077359 >> 172.21.15.186:0/1247077359 conn(0x7f80740aeb50 0x7f8074064280 :-1 s=NONE pgs=0 cs=0 l=0).stop
2022-07-14T07:02:58.715 WARNING:scrape:Ignoring malparsed backtrace:
2022-07-13T19:38:23.969+0000 7f4d1a4ca700 20 --2- >> v2:172.21.15.186:3300/0 conn(0x7f4d1413f2d0 0x7f4d140aca50 unknown :-1 s=START_CONNECT pgs=0 cs=0 l=0 rev1=0 crypto rx=0 tx=0 comp rx=0 tx=0).start_client_banner_exchange ,
2022-07-13T19:38:23.969+0000 7f4d194c8700 20 --2- >> [v2:172.21.15.186:3301/0,v1:172.21.15.186:6790/0] conn(0x7f4d140abbe0 0x7f4d1413ed90 unknown :-1 s=START_CONNECT pgs=0 cs=0 l=0 rev1=0 crypto rx=0 tx=0 comp rx=0 tx=0).start_client_banner_exchange ,
