2019-12-07T19:33:39.535+0000 7fe2e7d3c700 1 --2- >> [v2:172.21.15.109:6812/36938,v1:172.21.15.109:6813/36938] conn(0x558e8181a400 0x558e81816b00 unknown :-1 s=BANNER_CONNECTING pgs=0 cs=0 l=1 rx=0 tx=0)._handle_peer_banner_payload supported=0 required=0
2019-12-07T19:33:39.535+0000 7fe2e6d3a700 1 --2- [v2:172.21.15.131:6826/37079,v1:172.21.15.131:6828/37079] >> conn(0x558e8182dc00 0x558e81845600 unknown :-1 s=BANNER_ACCEPTING pgs=0 cs=0 l=0 rx=0 tx=0)._handle_peer_banner_payload supported=0 required=0
2019-12-07T19:33:39.536+0000 7fe2e7d3c700 1 --2- >> [v2:172.21.15.131:6816/37076,v1:172.21.15.131:6817/37076] conn(0x558e817ff800 0x558e817f1700 unknown :-1 s=BANNER_CONNECTING pgs=0 cs=0 l=1 rx=0 tx=0)._handle_peer_banner_payload supported=0 required=0
2019-12-07T19:33:39.536+0000 7fe2e6d3a700 1 --2- >> [v2:172.21.15.109:6820/36937,v1:172.21.15.109:6821/36937] conn(0x558e8181ac00 0x558e81817600 unknown :-1 s=BANNER_CONNECTING pgs=0 cs=0 l=1 rx=0 tx=0)._handle_peer_banner_payload supported=0 required=0
2019-12-07T19:33:39.536+0000 7fe2e7d3c700 1 --2- >> [v2:172.21.15.131:6816/37076,v1:172.21.15.131:6817/37076] conn(0x558e817ff800 0x558e817f1700 unknown :-1 s=HELLO_CONNECTING pgs=0 cs=0 l=1 rx=0 tx=0).handle_hello peer v2:172.21.15.131:6816/37076 says I am v2:172.21.15.131:51682/0 (socket says 172.21.15.131:51682)
2019-12-07T19:33:39.536+0000 7fe2e6d3a700 10 osd.0 13 ms_handle_authentication new session 0x558e81807380 con 0x558e81748c00 entity osd.7 addr
2019-12-07T19:33:39.536+0000 7fe2e6d3a700 10 osd.0 13 ms_handle_authentication session 0x558e81807380 osd.7 has caps osdcap[grant(*)] 'allow *'
2019-12-07T19:33:39.536+0000 7fe2e6d3a700 10 osd.0 13 ms_handle_authentication new session 0x558e81807520 con 0x558e81749000 entity osd.7 addr
2019-12-07T19:33:39.536+0000 7fe2e6d3a700 10 osd.0 13 ms_handle_authentication session 0x558e81807520 osd.7 has caps osdcap[grant(*)] 'allow *'
2019-12-07T19:33:39.536+0000 7fe2e6d3a700 1 --2- >> [v2:172.21.15.109:6820/36937,v1:172.21.15.109:6821/36937] conn(0x558e8181ac00 0x558e81817600 unknown :-1 s=HELLO_CONNECTING pgs=0 cs=0 l=1 rx=0 tx=0).handle_hello peer v2:172.21.15.109:6820/36937 says I am v2:172.21.15.131:52360/0 (socket says 172.21.15.131:52360)
2019-12-07T19:33:39.536+0000 7fe2e6d3a700 1 -- 172.21.15.131:0/37079 learned_addr learned my addr 172.21.15.131:0/37079 (peer_addr_for_me v2:172.21.15.131:0/0)
2019-12-07T19:33:39.536+0000 7fe2e6d3a700 10 osd.0 13 ms_handle_authentication new session 0x558e818076c0 con 0x558e8182d000 entity osd.4 addr
2019-12-07T19:33:39.536+0000 7fe2e6d3a700 10 osd.0 13 ms_handle_authentication session 0x558e818076c0 osd.4 has caps osdcap[grant(*)] 'allow *'
2019-12-07T19:33:39.536+0000 7fe2e6d3a700 1 --2- 172.21.15.131:0/37079 >> [v2:172.21.15.131:6806/37077,v1:172.21.15.131:6807/37077] conn(0x558e817ff400 0x558e817f1180 unknown :-1 s=BANNER_CONNECTING pgs=0 cs=0 l=1 rx=0 tx=0)._handle_peer_banner_payload supported=0 required=0
2019-12-07T19:33:39.536+0000 7fe2e753b700 10 osd.0 13 ms_handle_authentication new session 0x558e81807860 con 0x558e802a4c00 entity osd.6 addr
2019-12-07T19:33:39.536+0000 7fe2e753b700 10 osd.0 13 ms_handle_authentication session 0x558e81807860 osd.6 has caps osdcap[grant(*)] 'allow *'
2019-12-07T19:33:39.536+0000 7fe2e6d3a700 1 --2- [v2:172.21.15.131:6826/37079,v1:172.21.15.131:6828/37079] >> 172.21.15.109:0/36939 conn(0x558e81748c00 0x558e817ee000 crc :-1 s=READY pgs=1 cs=0 l=1 rx=0 tx=0).ready entity=osd.7 client_cookie=0 server_cookie=0 in_seq=0 out_seq=0
2019-12-07T19:33:39.536+0000 7fe2e6d3a700 10 osd.0 13 ms_handle_authentication new session 0x558e81807a00 con 0x558e8182c000 entity osd.2 addr
2019-12-07T19:33:39.536+0000 7fe2e6d3a700 10 osd.0 13 ms_handle_authentication session 0x558e81807a00 osd.2 has caps osdcap[grant(*)] 'allow *'
2019-12-07T19:33:39.536+0000 7fe2e753b700 1 --2- 172.21.15.131:0/37079 >> [v2:172.21.15.109:6804/36936,v1:172.21.15.109:6805/36936] conn(0x558e817fe400 0x558e817efb80 unknown :-1 s=BANNER_CONNECTING pgs=0 cs=0 l=1 rx=0 tx=0)._handle_peer_banner_payload supported=0 required=0
2019-12-07T19:33:39.536+0000 7fe2e753b700 1 --2- [v2:172.21.15.131:6830/37079,v1:172.21.15.131:6832/37079] >> conn(0x558e8181bc00 0x558e81818680 unknown :-1 s=BANNER_ACCEPTING pgs=0 cs=0 l=0 rx=0 tx=0)._handle_peer_banner_payload supported=0 required=0
2019-12-07T19:33:39.536+0000 7fe2e6d3a700 1 --2- [v2:172.21.15.131:6830/37079,v1:172.21.15.131:6832/37079] >> 172.21.15.109:0/36939 conn(0x558e81749000 0x558e817ee580 crc :-1 s=READY pgs=2 cs=0 l=1 rx=0 tx=0).ready entity=osd.7 client_cookie=0 server_cookie=0 in_seq=0 out_seq=0
2019-12-07T19:33:39.536+0000 7fe2e6d3a700 10 osd.0 13 ms_handle_authentication new session 0x558e81807ba0 con 0x558e8182dc00 entity osd.1 addr
2019-12-07T19:33:39.536+0000 7fe2e6d3a700 10 osd.0 13 ms_handle_authentication session 0x558e81807ba0 osd.1 has caps osdcap[grant(*)] 'allow *'
2019-12-07T19:33:39.536+0000 7fe2e753b700 1 --2- [v2:172.21.15.131:6826/37079,v1:172.21.15.131:6828/37079] >> conn(0x558e8182cc00 0x558e81844000 unknown :-1 s=BANNER_ACCEPTING pgs=0 cs=0 l=0 rx=0 tx=0)._handle_peer_banner_payload supported=0 required=0
2019-12-07T19:33:39.536+0000 7fe2e6d3a700 1 --2- 172.21.15.131:0/37079 >> [v2:172.21.15.131:6827/37078,v1:172.21.15.131:6829/37078] conn(0x558e81749c00 0x558e817ef080 unknown :-1 s=BANNER_CONNECTING pgs=0 cs=0 l=1 rx=0 tx=0)._handle_peer_banner_payload supported=0 required=0
2019-12-07T19:33:39.536+0000 7fe2e753b700 1 --2- [v2:172.21.15.131:6826/37079,v1:172.21.15.131:6828/37079] >> conn(0x558e8182d800 0x558e81845080 unknown :-1 s=BANNER_ACCEPTING pgs=0 cs=0 l=0 rx=0 tx=0)._handle_peer_banner_payload supported=0 required=0
2019-12-07T19:33:39.536+0000 7fe2e6d3a700 1 --2- [v2:172.21.15.131:6826/37079,v1:172.21.15.131:6828/37079] >> 172.21.15.109:0/36938 conn(0x558e8182d000 0x558e81844580 crc :-1 s=READY pgs=5 cs=0 l=1 rx=0 tx=0).ready entity=osd.4 client_cookie=0 server_cookie=0 in_seq=0 out_seq=0
2019-12-07T19:33:39.536+0000 7fe2e753b700 1 --2- 172.21.15.131:0/37079 >> [v2:172.21.15.109:6822/36937,v1:172.21.15.109:6823/36937] conn(0x558e8181a800 0x558e81817080 unknown :-1 s=BANNER_CONNECTING pgs=0 cs=0 l=1 rx=0 tx=0)._handle_peer_banner_payload supported=0 required=0
2019-12-07T19:33:39.536+0000 7fe2e753b700 1 --2- 172.21.15.131:0/37079 >> [v2:172.21.15.131:6808/37077,v1:172.21.15.131:6809/37077] conn(0x558e817ff000 0x558e817f0c00 unknown :-1 s=BANNER_CONNECTING pgs=0 cs=0 l=1 rx=0 tx=0)._handle_peer_banner_payload supported=0 required=0
2019-12-07T19:33:39.536+0000 7fe2e6d3a700 1 --2- 172.21.15.131:0/37079 >> [v2:172.21.15.109:6830/36939,v1:172.21.15.109:6831/36939] conn(0x558e817fe800 0x558e817f0100 crc :-1 s=READY pgs=6 cs=0 l=1 rx=0 tx=0).ready entity=osd.7 client_cookie=0 server_cookie=0 in_seq=0 out_seq=0
2019-12-07T19:33:39.536+0000 7fe2e753b700 10 osd.0 13 ms_handle_authentication new session 0x558e818c2000 con 0x558e8181bc00 entity osd.4 addr
2019-12-07T19:33:39.536+0000 7fe2e753b700 10 osd.0 13 ms_handle_authentication session 0x558e818c2000 osd.4 has caps osdcap[grant(*)] 'allow *'
2019-12-07T19:33:39.537+0000 7fe2e6d3a700 1 --2- [v2:172.21.15.131:6826/37079,v1:172.21.15.131:6828/37079] >> 172.21.15.131:0/37078 conn(0x558e8182dc00 0x558e81845600 crc :-1 s=READY pgs=4 cs=0 l=1 rx=0 tx=0).ready entity=osd.1 client_cookie=0 server_cookie=0 in_seq=0 out_seq=0
2019-12-07T19:33:39.537+0000 7fe2e753b700 1 --2- 172.21.15.131:0/37079 >> [v2:172.21.15.131:6831/37078,v1:172.21.15.131:6833/37078] conn(0x558e81749800 0x558e817eeb00 unknown :-1 s=BANNER_CONNECTING pgs=0 cs=0 l=1 rx=0 tx=0)._handle_peer_banner_payload supported=0 required=0
2019-12-07T19:33:39.537+0000 7fe2e6d3a700 1 --2- [v2:172.21.15.131:6830/37079,v1:172.21.15.131:6832/37079] >> 172.21.15.131:0/37077 conn(0x558e8182c000 0x558e81818c00 crc :-1 s=READY pgs=3 cs=0 l=1 rx=0 tx=0).ready entity=osd.2 client_cookie=0 server_cookie=0 in_seq=0 out_seq=0
2019-12-07T19:33:39.537+0000 7fe2e6d3a700 1 --2- 172.21.15.131:0/37079 >> [v2:172.21.15.109:6820/36937,v1:172.21.15.109:6821/36937] conn(0x558e8181ac00 0x558e81817600 crc :-1 s=READY pgs=6 cs=0 l=1 rx=0 tx=0).ready entity=osd.6 client_cookie=0 server_cookie=0 in_seq=0 out_seq=0
2019-12-07T19:33:39.537+0000 7fe2e753b700 1 --2- [v2:172.21.15.131:6830/37079,v1:172.21.15.131:6832/37079] >> 172.21.15.109:0/36938 conn(0x558e8181bc00 0x558e81818680 crc :-1 s=READY pgs=4 cs=0 l=1 rx=0 tx=0).ready entity=osd.4 client_cookie=0 server_cookie=0 in_seq=0 out_seq=0
2019-12-07T19:33:39.537+0000 7fe2e6d3a700 0 -- 172.21.15.131:0/37079 >> [v2:172.21.15.131:6827/37078,v1:172.21.15.131:6829/37078] conn(0x558e81749c00 msgr2=0x558e817ef080 crc :-1 s=STATE_CONNECTION_ESTABLISHED l=1)._try_send injecting socket failure
2019-12-07T19:33:39.537+0000 7fe2e6d3a700 1 -- 172.21.15.131:0/37079 >> [v2:172.21.15.131:6827/37078,v1:172.21.15.131:6829/37078] conn(0x558e81749c00 msgr2=0x558e817ef080 crc :-1 s=STATE_CONNECTION_ESTABLISHED l=1)._try_send send error: (32) Broken pipe
2019-12-07T19:33:39.537+0000 7fe2e6d3a700 1 --2- 172.21.15.131:0/37079 >> [v2:172.21.15.131:6827/37078,v1:172.21.15.131:6829/37078] conn(0x558e81749c00 0x558e817ef080 crc :-1 s=SESSION_CONNECTING pgs=0 cs=0 l=1 rx=0 tx=0).write client ident write failed r=-32 ((32) Broken pipe)
2019-12-07T19:33:39.537+0000 7fe2e753b700 1 --2- [v2:172.21.15.131:6830/37079,v1:172.21.15.131:6832/37079] >> 172.21.15.109:0/36937 conn(0x558e802a4c00 0x558e80efb700 crc :-1 s=READY pgs=2 cs=0 l=1 rx=0 tx=0).ready entity=osd.6 client_cookie=0 server_cookie=0 in_seq=0 out_seq=0
2019-12-07T19:33:39.537+0000 7fe2e6d3a700 1 --2- 172.21.15.131:0/37079 >> [v2:172.21.15.131:6827/37078,v1:172.21.15.131:6829/37078] conn(0x558e81749c00 0x558e817ef080 crc :-1 s=START_CONNECT pgs=0 cs=0 l=1 rx=0 tx=0)._fault waiting 0.200000
2019-12-07T19:33:39.537+0000 7fe2e6d3a700 1 --2- 172.21.15.131:0/37079 >> [v2:172.21.15.109:6814/36938,v1:172.21.15.109:6815/36938] conn(0x558e8181a000 0x558e81816580 crc :-1 s=READY pgs=7 cs=0 l=1 rx=0 tx=0).ready entity=osd.4 client_cookie=0 server_cookie=0 in_seq=0 out_seq=0
2019-12-07T19:33:39.537+0000 7fe2e753b700 10 osd.0 13 ms_handle_authentication new session 0x558e818c21a0 con 0x558e8182cc00 entity osd.6 addr
2019-12-07T19:33:39.537+0000 7fe2e6d3a700 1 --2- 172.21.15.131:0/37079 >> [v2:172.21.15.131:6806/37077,v1:172.21.15.131:6807/37077] conn(0x558e817ff400 0x558e817f1180 crc :-1 s=READY pgs=6 cs=0 l=1 rx=0 tx=0).ready entity=osd.2 client_cookie=0 server_cookie=0 in_seq=0 out_seq=0
2019-12-07T19:33:39.537+0000 7fe2e753b700 10 osd.0 13 ms_handle_authentication session 0x558e818c21a0 osd.6 has caps osdcap[grant(*)] 'allow *'
2019-12-07T19:33:39.537+0000 7fe2e753b700 10 osd.0 13 ms_handle_authentication new session 0x558e818c2340 con 0x558e8182d800 entity osd.3 addr
2019-12-07T19:33:39.537+0000 7fe2e753b700 10 osd.0 13 ms_handle_authentication session 0x558e818c2340 osd.3 has caps osdcap[grant(*)] 'allow *'
2019-12-07T19:33:39.537+0000 7fe2e753b700 1 --2- [v2:172.21.15.131:6826/37079,v1:172.21.15.131:6828/37079] >> 172.21.15.109:0/36937 conn(0x558e8182cc00 0x558e81844000 crc :-1 s=READY pgs=3 cs=0 l=1 rx=0 tx=0).ready entity=osd.6 client_cookie=0 server_cookie=0 in_seq=0 out_seq=0
2019-12-07T19:33:39.537+0000 7fe2e753b700 1 --2- [v2:172.21.15.131:6826/37079,v1:172.21.15.131:6828/37079] >> 172.21.15.131:0/37076 conn(0x558e8182d800 0x558e81845080 crc :-1 s=READY pgs=3 cs=0 l=1 rx=0 tx=0).ready entity=osd.3 client_cookie=0 server_cookie=0 in_seq=0 out_seq=0
2019-12-07T19:33:39.537+0000 7fe2e753b700 1 --2- 172.21.15.131:0/37079 >> [v2:172.21.15.131:6814/37076,v1:172.21.15.131:6815/37076] conn(0x558e817ffc00 0x558e81816000 unknown :-1 s=BANNER_CONNECTING pgs=0 cs=0 l=1 rx=0 tx=0)._handle_peer_banner_payload supported=0 required=0
2019-12-07T19:33:39.537+0000 7fe2e753b700 1 --2- 172.21.15.131:0/37079 >> [v2:172.21.15.109:6804/36936,v1:172.21.15.109:6805/36936] conn(0x558e817fe400 0x558e817efb80 crc :-1 s=READY pgs=6 cs=0 l=1 rx=0 tx=0).ready entity=osd.5 client_cookie=0 server_cookie=0 in_seq=0 out_seq=0
2019-12-07T19:33:39.537+0000 7fe2e753b700 1 --2- 172.21.15.131:0/37079 >> [v2:172.21.15.131:6831/37078,v1:172.21.15.131:6833/37078] conn(0x558e81749800 0x558e817eeb00 crc :-1 s=READY pgs=6 cs=0 l=1 rx=0 tx=0).ready entity=osd.1 client_cookie=0 server_cookie=0 in_seq=0 out_seq=0
2019-12-07T19:33:39.537+0000 7fe2e753b700 1 --2- 172.21.15.131:0/37079 >> [v2:172.21.15.109:6822/36937,v1:172.21.15.109:6823/36937] conn(0x558e8181a800 0x558e81817080 crc :-1 s=READY pgs=5 cs=0 l=1 rx=0 tx=0).ready entity=osd.6 client_cookie=0 server_cookie=0 in_seq=0 out_seq=0
2019-12-07T19:33:39.536+0000 7fe2e7d3c700 1 -- 172.21.15.131:0/37079 learned_addr learned my addr 172.21.15.131:0/37079 (peer_addr_for_me v2:172.21.15.131:0/0)
2019-12-07T19:33:39.537+0000 7fe2e7d3c700 10 osd.0 13 ms_handle_authentication new session 0x558e818c24e0 con 0x558e8182c400 entity osd.3 addr
2019-12-07T19:33:39.537+0000 7fe2e753b700 1 --2- 172.21.15.131:0/37079 >> [v2:172.21.15.131:6808/37077,v1:172.21.15.131:6809/37077] conn(0x558e817ff000 0x558e817f0c00 crc :-1 s=READY pgs=8 cs=0 l=1 rx=0 tx=0).ready entity=osd.2 client_cookie=0 server_cookie=0 in_seq=0 out_seq=0
2019-12-07T19:33:39.537+0000 7fe2e7d3c700 10 osd.0 13 ms_handle_authentication session 0x558e818c24e0 osd.3 has caps osdcap[grant(*)] 'allow *'
2019-12-07T19:33:39.537+0000 7fe2e7d3c700 1 --2- [v2:172.21.15.131:6826/37079,v1:172.21.15.131:6828/37079] >> conn(0x558e8182c800 0x558e81819700 unknown :-1 s=BANNER_ACCEPTING pgs=0 cs=0 l=0 rx=0 tx=0)._handle_peer_banner_payload supported=0 required=0
2019-12-07T19:33:39.537+0000 7fe2e7d3c700 1 --2- [v2:172.21.15.131:6826/37079,v1:172.21.15.131:6828/37079] >> conn(0x558e8182d400 0x558e81844b00 unknown :-1 s=BANNER_ACCEPTING pgs=0 cs=0 l=0 rx=0 tx=0)._handle_peer_banner_payload supported=0 required=0
2019-12-07T19:33:39.537+0000 7fe2e7d3c700 1 --2- [v2:172.21.15.131:6830/37079,v1:172.21.15.131:6832/37079] >> 172.21.15.131:0/37076 conn(0x558e8182c400 0x558e81819180 crc :-1 s=READY pgs=6 cs=0 l=1 rx=0 tx=0).ready entity=osd.3 client_cookie=0 server_cookie=0 in_seq=0 out_seq=0
2019-12-07T19:33:39.537+0000 7fe2e7d3c700 10 osd.0 13 ms_handle_authentication new session 0x558e818c2680 con 0x558e8181b800 entity osd.5 addr
2019-12-07T19:33:39.537+0000 7fe2e7d3c700 10 osd.0 13 ms_handle_authentication session 0x558e818c2680 osd.5 has caps osdcap[grant(*)] 'allow *'
2019-12-07T19:33:39.537+0000 7fe2e7d3c700 10 osd.0 13 ms_handle_authentication new session 0x558e818c2820 con 0x558e81749400 entity osd.1 addr
2019-12-07T19:33:39.537+0000 7fe2e7d3c700 10 osd.0 13 ms_handle_authentication session 0x558e818c2820 osd.1 has caps osdcap[grant(*)] 'allow *'
2019-12-07T19:33:39.538+0000 7fe2e753b700 1 --2- 172.21.15.131:0/37079 >> [v2:172.21.15.131:6814/37076,v1:172.21.15.131:6815/37076] conn(0x558e817ffc00 0x558e81816000 crc :-1 s=READY pgs=6 cs=0 l=1 rx=0 tx=0).ready entity=osd.3 client_cookie=0 server_cookie=0 in_seq=0 out_seq=0
2019-12-07T19:33:39.538+0000 7fe2e7d3c700 10 osd.0 13 ms_handle_authentication new session 0x558e818c29c0 con 0x558e8182d400 entity osd.2 addr
2019-12-07T19:33:39.538+0000 7fe2e7d3c700 10 osd.0 13 ms_handle_authentication session 0x558e818c29c0 osd.2 has caps osdcap[grant(*)] 'allow *'
2019-12-07T19:33:39.538+0000 7fe2e7d3c700 10 osd.0 13 ms_handle_authentication new session 0x558e818c2b60 con 0x558e8182c800 entity osd.5 addr
2019-12-07T19:33:39.538+0000 7fe2e7d3c700 10 osd.0 13 ms_handle_authentication session 0x558e818c2b60 osd.5 has caps osdcap[grant(*)] 'allow *'
2019-12-07T19:33:39.538+0000 7fe2e7d3c700 1 --2- [v2:172.21.15.131:6830/37079,v1:172.21.15.131:6832/37079] >> 172.21.15.109:0/36936 conn(0x558e8181b800 0x558e81818100 crc :-1 s=READY pgs=5 cs=0 l=1 rx=0 tx=0).ready entity=osd.5 client_cookie=0 server_cookie=0 in_seq=0 out_seq=0
2019-12-07T19:33:39.538+0000 7fe2e7d3c700 1 --2- [v2:172.21.15.131:6830/37079,v1:172.21.15.131:6832/37079] >> 172.21.15.131:0/37078 conn(0x558e81749400 0x558e81817b80 crc :-1 s=READY pgs=1 cs=0 l=1 rx=0 tx=0).ready entity=osd.1 client_cookie=0 server_cookie=0 in_seq=0 out_seq=0
2019-12-07T19:33:39.538+0000 7fe2e7d3c700 1 --2- 172.21.15.131:0/37079 >> [v2:172.21.15.131:6816/37076,v1:172.21.15.131:6817/37076] conn(0x558e817ff800 0x558e817f1700 crc :-1 s=READY pgs=7 cs=0 l=1 rx=0 tx=0).ready entity=osd.3 client_cookie=0 server_cookie=0 in_seq=0 out_seq=0
2019-12-07T19:33:39.538+0000 7fe2e7d3c700 1 --2- [v2:172.21.15.131:6826/37079,v1:172.21.15.131:6828/37079] >> 172.21.15.131:0/37077 conn(0x558e8182d400 0x558e81844b00 crc :-1 s=READY pgs=4 cs=0 l=1 rx=0 tx=0).ready entity=osd.2 client_cookie=0 server_cookie=0 in_seq=0 out_seq=0
2019-12-07T19:33:39.538+0000 7fe2e7d3c700 1 --2- [v2:172.21.15.131:6826/37079,v1:172.21.15.131:6828/37079] >> 172.21.15.109:0/36936 conn(0x558e8182c800 0x558e81819700 crc :-1 s=READY pgs=6 cs=0 l=1 rx=0 tx=0).ready entity=osd.5 client_cookie=0 server_cookie=0 in_seq=0 out_seq=0
2019-12-07T19:33:39.538+0000 7fe2e7d3c700 1 --2- 172.21.15.131:0/37079 >> [v2:172.21.15.109:6812/36938,v1:172.21.15.109:6813/36938] conn(0x558e8181a400 0x558e81816b00 crc :-1 s=READY pgs=7 cs=0 l=1 rx=0 tx=0).ready entity=osd.4 client_cookie=0 server_cookie=0 in_seq=0 out_seq=0
2019-12-07T19:33:39.538+0000 7fe2e7d3c700 1 --2- 172.21.15.131:0/37079 >> [v2:172.21.15.109:6828/36939,v1:172.21.15.109:6829/36939] conn(0x558e817fec00 0x558e817f0680 crc :-1 s=READY pgs=7 cs=0 l=1 rx=0 tx=0).ready entity=osd.7 client_cookie=0 server_cookie=0 in_seq=0 out_seq=0
2019-12-07T19:33:39.538+0000 7fe2e7d3c700 1 --2- 172.21.15.131:0/37079 >> [v2:172.21.15.109:6806/36936,v1:172.21.15.109:6807/36936] conn(0x558e817fe000 0x558e817ef600 crc :-1 s=READY pgs=7 cs=0 l=1 rx=0 tx=0).ready entity=osd.5 client_cookie=0 server_cookie=0 in_seq=0 out_seq=0
2019-12-07T19:33:39.552+0000 7fe2dc28f700 20 bluestore(/var/lib/ceph/osd/ceph-0) deferred_try_submit 1 osrs, 4 txcs
2019-12-07T19:33:39.552+0000 7fe2dc28f700 10 bluestore(/var/lib/ceph/osd/ceph-0) _deferred_submit_unlock osr 0x558e8107a500 2 ios pending
2019-12-07T19:33:39.552+0000 7fe2dc28f700 20 bluestore(/var/lib/ceph/osd/ceph-0) _deferred_submit_unlock seq 4 0x2000~1000
2019-12-07T19:33:39.552+0000 7fe2dc28f700 20 bluestore(/var/lib/ceph/osd/ceph-0) _deferred_submit_unlock write 0x2000~1000 crc 75bc8a9b
2019-12-07T19:33:39.552+0000 7fe2dc28f700 20 bluestore(/var/lib/ceph/osd/ceph-0) _deferred_submit_unlock seq 4 0x1b000~1000
2019-12-07T19:33:39.552+0000 7fe2dc28f700 20 bluestore(/var/lib/ceph/osd/ceph-0) _deferred_submit_unlock write 0x1b000~1000 crc 2ba63da0
2019-12-07T19:33:39.552+0000 7fe2dc28f700 20 bluestore.MempoolThread(0x558e80f12a08) _resize_shards cache_size: 2845415832 kv_alloc: 1073741824 kv_used: 1760 meta_alloc: 1073741824 meta_used: 39716 data_alloc: 671088640 data_used: 0
2019-12-07T19:33:39.552+0000 7fe2e049d700 10 bluestore(/var/lib/ceph/osd/ceph-0) _deferred_aio_finish osr 0x558e8107a500
2019-12-07T19:33:39.552+0000 7fe2e049d700 20 bluestore(/var/lib/ceph/osd/ceph-0) _deferred_aio_finish dequeueing
2019-12-07T19:33:39.556+0000 7fe2e4535700 10 osd.0 13 tick
2019-12-07T19:33:39.556+0000 7fe2e4535700 10 osd.0 13 do_waiters -- start
2019-12-07T19:33:39.556+0000 7fe2e4535700 10 osd.0 13 do_waiters -- finish
2019-12-07T19:33:39.556+0000 7fe2e4535700 20 osd.0 13 tick last_purged_snaps_scrub
2019-12-07T19:33:37.558614+0000 next
2019-12-07T19:34:37.558614+0000
2019-12-07T19:33:39.567+0000 7fe2e2ca2700 10 osd.0 13 tick_without_osd_lock
2019-12-07T19:33:39.567+0000 7fe2e2ca2700 20 bluestore(/var/lib/ceph/osd/ceph-0) statfs store_statfs(0x163ffe1000/0x40000000/0x1680000000, data 0x724e/0x1d000, compress 0x0/0x0/0x0, omap 0x0, meta 0x40000000)
2019-12-07T19:33:39.567+0000 7fe2e2ca2700 25 osd.0 13 heartbeat_check we haven't sent ping to osd.1 yet, skipping
2019-12-07T19:33:39.567+0000 7fe2e2ca2700 25 osd.0 13 heartbeat_check we haven't sent ping to osd.2 yet, skipping
2019-12-07T19:33:39.567+0000 7fe2e2ca2700 25 osd.0 13 heartbeat_check we haven't sent ping to osd.3 yet, skipping
2019-12-07T19:33:39.567+0000 7fe2e2ca2700 25 osd.0 13 heartbeat_check we haven't sent ping to osd.4 yet, skipping
2019-12-07T19:33:39.567+0000 7fe2e2ca2700 25 osd.0 13 heartbeat_check we haven't sent ping to osd.5 yet, skipping
2019-12-07T19:33:39.567+0000 7fe2e2ca2700 25 osd.0 13 heartbeat_check we haven't sent ping to osd.6 yet, skipping
2019-12-07T19:33:39.567+0000 7fe2e2ca2700 25 osd.0 13 heartbeat_check we haven't sent ping to osd.7 yet, skipping
2019-12-07T19:33:39.567+0000 7fe2e2ca2700 20 osd.0 13 can_inc_scrubs == true 0 local + 0 remote < max 1
2019-12-07T19:33:39.567+0000 7fe2e2ca2700 20 osd.0 13 scrub_time_permit should run between 0 - 24 now 19 = yes
2019-12-07T19:33:39.567+0000 7fe2e2ca2700 20 osd.0 13 scrub_load_below_threshold loadavg per cpu 0.06875 < max 5 = yes
2019-12-07T19:33:39.567+0000 7fe2e2ca2700 20 osd.0 13 sched_scrub load_is_low=1
2019-12-07T19:33:39.567+0000 7fe2e2ca2700 20 osd.0 13 sched_scrub done
2019-12-07T19:33:39.567+0000 7fe2e2ca2700 10 osd.0 13 promote_throttle_recalibrate 0 attempts, promoted 0 objects and 0 B; target 25 obj/sec or 5 MiB/sec
2019-12-07T19:33:39.567+0000 7fe2e2ca2700 20 osd.0 13 promote_throttle_recalibrate new_prob 1000
2019-12-07T19:33:39.567+0000 7fe2e2ca2700 10 osd.0 13 promote_throttle_recalibrate actual 0, actual/prob ratio 1, adjusted new_prob 1000, prob 1000 -> 1000
2019-12-07T19:33:39.567+0000 7fe2e2ca2700 20 osd.0 13 send_beacon sending
2019-12-07T19:33:39.567+0000 7fe2e2ca2700 1 -- [v2:172.21.15.131:6818/37079,v1:172.21.15.131:6820/37079] --> [v2:172.21.15.131:3301/0,v1:172.21.15.131:6790/0] -- osd_beacon(pgs [] lec 0 last_purged_snaps_scrub
2019-12-07T19:33:37.558614+0000 v13) v2 -- 0x558e8118e800 con 0x558e80f39000
2019-12-07T19:33:39.602+0000 7fe2dc28f700 20 bluestore.MempoolThread(0x558e80f12a08) _resize_shards cache_size: 2845415832 kv_alloc: 1073741824 kv_used: 1760 meta_alloc: 1073741824 meta_used: 39716 data_alloc: 671088640 data_used: 0
2019-12-07T19:33:39.652+0000 7fe2dc28f700 20 bluestore.MempoolThread(0x558e80f12a08) _resize_shards cache_size: 2845415832 kv_alloc: 1073741824 kv_used: 1760 meta_alloc: 1073741824 meta_used: 39716 data_alloc: 671088640 data_used: 0
2019-12-07T19:33:39.702+0000 7fe2dc28f700 20 bluestore.MempoolThread(0x558e80f12a08) _resize_shards cache_size: 2845415832 kv_alloc: 1073741824 kv_used: 1760 meta_alloc: 1073741824 meta_used: 39716 data_alloc: 671088640 data_used: 0
2019-12-07T19:33:39.738+0000 7fe2e6d3a700 1 --2- 172.21.15.131:0/37079 >> [v2:172.21.15.131:6827/37078,v1:172.21.15.131:6829/37078] conn(0x558e81749c00 0x558e817ef080 unknown :-1 s=BANNER_CONNECTING pgs=0 cs=0 l=1 rx=0 tx=0)._handle_peer_banner_payload supported=0 required=0
2019-12-07T19:33:39.738+0000 7fe2e6d3a700 1 --2- 172.21.15.131:0/37079 >> [v2:172.21.15.131:6827/37078,v1:172.21.15.131:6829/37078] conn(0x558e81749c00 0x558e817ef080 crc :-1 s=READY pgs=7 cs=0 l=1 rx=0 tx=0).ready entity=osd.1 client_cookie=0 server_cookie=0 in_seq=0 out_seq=0
2019-12-07T19:33:39.752+0000 7fe2dc28f700 20 bluestore.MempoolThread(0x558e80f12a08) _resize_shards cache_size: 2845415832 kv_alloc: 1073741824 kv_used: 1760 meta_alloc: 1073741824 meta_used: 39716 data_alloc: 671088640 data_used: 0
2019-12-07T19:33:39.802+0000 7fe2dc28f700 20 bluestore.MempoolThread(0x558e80f12a08) _resize_shards cache_size: 2845415832 kv_alloc: 1073741824 kv_used: 1760 meta_alloc: 1073741824 meta_used: 39716 data_alloc: 671088640 data_used: 0
2019-12-07T19:33:39.853+0000 7fe2dc28f700 20 bluestore.MempoolThread(0x558e80f12a08) _resize_shards cache_size: 2845415832 kv_alloc: 1073741824 kv_used: 1760 meta_alloc: 1073741824 meta_used: 39716 data_alloc: 671088640 data_used: 0
2019-12-07T19:33:39.903+0000 7fe2dc28f700 20 bluestore.MempoolThread(0x558e80f12a08) _resize_shards cache_size: 2845415832 kv_alloc: 1073741824 kv_used: 1760 meta_alloc: 1073741824 meta_used: 39716 data_alloc: 671088640 data_used: 0
2019-12-07T19:33:39.953+0000 7fe2dc28f700 20 bluestore.MempoolThread(0x558e80f12a08) _resize_shards cache_size: 2845415832 kv_alloc: 1073741824 kv_used: 1760 meta_alloc: 1073741824 meta_used: 39716 data_alloc: 671088640 data_used: 0
2019-12-07T19:33:40.003+0000 7fe2dc28f700 20 bluestore.MempoolThread(0x558e80f12a08) _resize_shards cache_size: 2845415832 kv_alloc: 1073741824 kv_used: 1760 meta_alloc: 1073741824 meta_used: 39716 data_alloc: 671088640 data_used: 0
2019-12-07T19:33:40.053+0000 7fe2dc28f700 20 bluestore.MempoolThread(0x558e80f12a08) _resize_shards cache_size: 2845415832 kv_alloc: 1073741824 kv_used: 1760 meta_alloc: 1073741824 meta_used: 39716 data_alloc: 671088640 data_used: 0
2019-12-07T19:33:40.103+0000 7fe2dc28f700 20 bluestore.MempoolThread(0x558e80f12a08) _resize_shards cache_size: 2845415832 kv_alloc: 1073741824 kv_used: 1760 meta_alloc: 1073741824 meta_used: 39716 data_alloc: 671088640 data_used: 0
2019-12-07T19:33:40.153+0000 7fe2dc28f700 20 bluestore.MempoolThread(0x558e80f12a08) _resize_shards cache_size: 2845415832 kv_alloc: 1073741824 kv_used: 1760 meta_alloc: 1073741824 meta_used: 39716 data_alloc: 671088640 data_used: 0
2019-12-07T19:33:40.203+0000 7fe2dc28f700 20 bluestore.MempoolThread(0x558e80f12a08) _resize_shards cache_size: 2845415832 kv_alloc: 1073741824 kv_used: 1760 meta_alloc: 1073741824 meta_used: 39716 data_alloc: 671088640 data_used: 0
2019-12-07T19:33:40.254+0000 7fe2dc28f700 20 bluestore.MempoolThread(0x558e80f12a08) _resize_shards cache_size: 2845415832 kv_alloc: 1073741824 kv_used: 1760 meta_alloc: 1073741824 meta_used: 39716 data_alloc: 671088640 data_used: 0
2019-12-07T19:33:40.304+0000 7fe2dc28f700 20 bluestore.MempoolThread(0x558e80f12a08) _resize_shards cache_size: 2845415832 kv_alloc: 1073741824 kv_used: 1760 meta_alloc: 1073741824 meta_used: 39716 data_alloc: 671088640 data_used: 0
2019-12-07T19:33:40.354+0000 7fe2dc28f700 20 bluestore.MempoolThread(0x558e80f12a08) _resize_shards cache_size: 2845415832 kv_alloc: 1073741824 kv_used: 1760 meta_alloc: 1073741824 meta_used: 39716 data_alloc: 671088640 data_used: 0
2019-12-07T19:33:40.404+0000 7fe2dc28f700 20 bluestore.MempoolThread(0x558e80f12a08) _resize_shards cache_size: 2845415832 kv_alloc: 1073741824 kv_used: 1760 meta_alloc: 1073741824 meta_used: 39716 data_alloc: 671088640 data_used: 0
2019-12-07T19:33:40.454+0000 7fe2dc28f700 20 bluestore.MempoolThread(0x558e80f12a08) _resize_shards cache_size: 2845415832 kv_alloc: 1073741824 kv_used: 1760 meta_alloc: 1073741824 meta_used: 39716 data_alloc: 671088640 data_used: 0
2019-12-07T19:33:40.504+0000 7fe2dc28f700 20 bluestore.MempoolThread(0x558e80f12a08) _resize_shards cache_size: 2845415832 kv_alloc: 1073741824 kv_used: 1760 meta_alloc: 1073741824 meta_used: 39716 data_alloc: 671088640 data_used: 0
2019-12-07T19:33:40.519+0000 7fe2d5281700 1 --2- [v2:172.21.15.131:6818/37079,v1:172.21.15.131:6820/37079] >> [v2:172.21.15.131:6800/36137,v1:172.21.15.131:6801/36137] conn(0x558e81748000 0x558e80efa680 unknown :-1 s=NONE pgs=0 cs=0 l=1 rx=0 tx=0).connect
2019-12-07T19:33:40.519+0000 7fe2d5281700 1 -- [v2:172.21.15.131:6818/37079,v1:172.21.15.131:6820/37079] --> [v2:172.21.15.131:6800/36137,v1:172.21.15.131:6801/36137] -- mgropen(unknown.0) v3 -- 0x558e8027f600 con 0x558e81748000
2019-12-07T19:33:40.519+0000 7fe2e6d3a700 1 --2- [v2:172.21.15.131:6818/37079,v1:172.21.15.131:6820/37079] >> [v2:172.21.15.131:6800/36137,v1:172.21.15.131:6801/36137] conn(0x558e81748000 0x558e80efa680 unknown :-1 s=BANNER_CONNECTING pgs=0 cs=0 l=1 rx=0 tx=0)._handle_peer_banner_payload supported=0 required=0
2019-12-07T19:33:40.519+0000 7fe2e6d3a700 1 --2- [v2:172.21.15.131:6818/37079,v1:172.21.15.131:6820/37079] >> [v2:172.21.15.131:6800/36137,v1:172.21.15.131:6801/36137] conn(0x558e81748000 0x558e80efa680 crc :-1 s=READY pgs=40 cs=0 l=1 rx=0 tx=0).ready entity=mgr.4099 client_cookie=0 server_cookie=0 in_seq=0 out_seq=0
2019-12-07T19:33:40.519+0000 7fe2d959f700 10 osd.0 13 ms_handle_connect con 0x558e81748000
2019-12-07T19:33:40.520+0000 7fe2d959f700 1 -- [v2:172.21.15.131:6818/37079,v1:172.21.15.131:6820/37079] <== mgr.4099 v2:172.21.15.131:6800/36137 1 ==== mgrconfigure(period=5, threshold=5) v3 ==== 12+0+0 (crc 0 0 0) 0x558e80264a00 con 0x558e81748000
2019-12-07T19:33:40.520+0000 7fe2d959f700 10 osd.0 13 setting 0 queries
2019-12-07T19:33:40.520+0000 7fe2d959f700 20 osd.0 13 reports for 0 queries
2019-12-07T19:33:40.520+0000 7fe2d959f700 1 -- [v2:172.21.15.131:6818/37079,v1:172.21.15.131:6820/37079] --> [v2:172.21.15.131:6800/36137,v1:172.21.15.131:6801/36137] -- mgrreport(unknown.0 +109-0 packed 1198 daemon_metrics=2) v8 -- 0x558e81174380 con 0x558e81748000
2019-12-07T19:33:40.520+0000 7fe2d959f700 1 -- [v2:172.21.15.131:6818/37079,v1:172.21.15.131:6820/37079] --> [v2:172.21.15.131:6800/36137,v1:172.21.15.131:6801/36137] -- pg_stats(0 pgs tid 0 v 0) v2 -- 0x558e81174700 con 0x558e81748000
2019-12-07T19:33:40.554+0000 7fe2dc28f700 20 bluestore.MempoolThread(0x558e80f12a08) _resize_shards cache_size: 2845415832 kv_alloc: 1073741824 kv_used: 1760 meta_alloc: 1073741824 meta_used: 39716 data_alloc: 671088640 data_used: 0
2019-12-07T19:33:40.579+0000 7fe2e2ca2700 10 osd.0 13 tick_without_osd_lock
2019-12-07T19:33:40.579+0000 7fe2e2ca2700 20 bluestore(/var/lib/ceph/osd/ceph-0) statfs store_statfs(0x163ffe1000/0x40000000/0x1680000000, data 0x724e/0x1d000, compress 0x0/0x0/0x0, omap 0x0, meta 0x40000000)
2019-12-07T19:33:40.579+0000 7fe2e2ca2700 25 osd.0 13 heartbeat_check we haven't sent ping to osd.1 yet, skipping
2019-12-07T19:33:40.579+0000 7fe2e2ca2700 25 osd.0 13 heartbeat_check we haven't sent ping to osd.2 yet, skipping
2019-12-07T19:33:40.579+0000 7fe2e2ca2700 25 osd.0 13 heartbeat_check we haven't sent ping to osd.3 yet, skipping
2019-12-07T19:33:40.579+0000 7fe2e2ca2700 25 osd.0 13 heartbeat_check we haven't sent ping to osd.4 yet, skipping
2019-12-07T19:33:40.579+0000 7fe2e2ca2700 25 osd.0 13 heartbeat_check we haven't sent ping to osd.5 yet, skipping
2019-12-07T19:33:40.579+0000 7fe2e2ca2700 25 osd.0 13 heartbeat_check we haven't sent ping to osd.6 yet, skipping
2019-12-07T19:33:40.579+0000 7fe2e2ca2700 25 osd.0 13 heartbeat_check we haven't sent ping to osd.7 yet, skipping
2019-12-07T19:33:40.579+0000 7fe2e2ca2700 20 osd.0 13 can_inc_scrubs == true 0 local + 0 remote < max 1
2019-12-07T19:33:40.580+0000 7fe2e2ca2700 20 osd.0 13 scrub_time_permit should run between 0 - 24 now 19 = yes
2019-12-07T19:33:40.580+0000 7fe2e2ca2700 20 osd.0 13 scrub_load_below_threshold loadavg per cpu 0.06875 < max 5 = yes
2019-12-07T19:33:40.580+0000 7fe2e2ca2700 20 osd.0 13 sched_scrub load_is_low=1
2019-12-07T19:33:40.580+0000 7fe2e2ca2700 20 osd.0 13 sched_scrub done
2019-12-07T19:33:40.580+0000 7fe2e2ca2700 10 osd.0 13 promote_throttle_recalibrate 0 attempts, promoted 0 objects and 0 B; target 25 obj/sec or 5 MiB/sec
2019-12-07T19:33:40.580+0000 7fe2e2ca2700 20 osd.0 13 promote_throttle_recalibrate new_prob 1000
2019-12-07T19:33:40.580+0000 7fe2e2ca2700 10 osd.0 13 promote_throttle_recalibrate actual 0, actual/prob ratio 1, adjusted new_prob 1000, prob 1000 -> 1000
2019-12-07T19:33:40.589+0000 7fe2e4535700 10 osd.0 13 tick
2019-12-07T19:33:40.589+0000 7fe2e4535700 10 osd.0 13 do_waiters -- start
2019-12-07T19:33:40.589+0000 7fe2e4535700 10 osd.0 13 do_waiters -- finish
2019-12-07T19:33:40.589+0000 7fe2e4535700 20 osd.0 13 tick last_purged_snaps_scrub
2019-12-07T19:33:37.558614+0000 next
2019-12-07T19:34:37.558614+0000
2019-12-07T19:33:40.604+0000 7fe2dc28f700 20 bluestore.MempoolThread(0x558e80f12a08) _resize_shards cache_size: 2845415832 kv_alloc: 1073741824 kv_used: 1760 meta_alloc: 1073741824 meta_used: 39716 data_alloc: 671088640 data_used: 0
2019-12-07T19:33:40.655+0000 7fe2dc28f700 20 bluestore.MempoolThread(0x558e80f12a08) _resize_shards cache_size: 2845415832 kv_alloc: 1073741824 kv_used: 1760 meta_alloc: 1073741824 meta_used: 39716 data_alloc: 671088640 data_used: 0
2019-12-07T19:33:40.705+0000 7fe2dc28f700 20 bluestore.MempoolThread(0x558e80f12a08) _resize_shards cache_size: 2845415832 kv_alloc: 1073741824 kv_used: 1760 meta_alloc: 1073741824 meta_used: 39716 data_alloc: 671088640 data_used: 0
2019-12-07T19:33:40.755+0000 7fe2dc28f700 20 bluestore.MempoolThread(0x558e80f12a08) _resize_shards cache_size: 2845415832 kv_alloc: 1073741824 kv_used: 1760 meta_alloc: 1073741824 meta_used: 39716 data_alloc: 671088640 data_used: 0
2019-12-07T19:33:40.805+0000 7fe2dc28f700 20 bluestore.MempoolThread(0x558e80f12a08) _resize_shards cache_size: 2845415832 kv_alloc: 1073741824 kv_used: 1760 meta_alloc: 1073741824 meta_used: 39716 data_alloc: 671088640 data_used: 0
2019-12-07T19:33:40.855+0000 7fe2dc28f700 20 bluestore.MempoolThread(0x558e80f12a08) _resize_shards cache_size: 2845415832 kv_alloc: 1073741824 kv_used: 1760 meta_alloc: 1073741824 meta_used: 39716 data_alloc: 671088640 data_used: 0
2019-12-07T19:33:40.905+0000 7fe2dc28f700 20 bluestore.MempoolThread(0x558e80f12a08) _resize_shards cache_size: 2845415832 kv_alloc: 1073741824 kv_used: 1760 meta_alloc: 1073741824 meta_used: 39716 data_alloc: 671088640 data_used: 0
2019-12-07T19:33:40.955+0000 7fe2dc28f700 20 bluestore.MempoolThread(0x558e80f12a08) _resize_shards cache_size: 2845415832 kv_alloc: 1073741824 kv_used: 1760 meta_alloc: 1073741824 meta_used: 39716 data_alloc: 671088640 data_used: 0
2019-12-07T19:33:41.005+0000 7fe2dc28f700 20 bluestore.MempoolThread(0x558e80f12a08) _resize_shards cache_size: 2845415832 kv_alloc: 1073741824 kv_used: 1760 meta_alloc: 1073741824 meta_used: 39716 data_alloc: 671088640 data_used: 0
2019-12-07T19:33:41.056+0000 7fe2dc28f700 20 bluestore.MempoolThread(0x558e80f12a08) _resize_shards cache_size: 2845415832 kv_alloc: 1073741824 kv_used: 1760 meta_alloc: 1073741824 meta_used: 39716 data_alloc: 671088640 data_used: 0
2019-12-07T19:33:41.106+0000 7fe2dc28f700 20 bluestore.MempoolThread(0x558e80f12a08) _resize_shards cache_size: 2845415832 kv_alloc: 1073741824 kv_used: 1760 meta_alloc: 1073741824 meta_used: 39716 data_alloc: 671088640 data_used: 0
2019-12-07T19:33:41.156+0000 7fe2dc28f700 20 bluestore.MempoolThread(0x558e80f12a08) _resize_shards cache_size: 2845415832 kv_alloc: 1073741824 kv_used: 1760 meta_alloc: 1073741824 meta_used: 39716 data_alloc: 671088640 data_used: 0
2019-12-07T19:33:41.206+0000 7fe2dc28f700 20 bluestore.MempoolThread(0x558e80f12a08) _resize_shards cache_size: 2845415832 kv_alloc: 1073741824 kv_used: 1760 meta_alloc: 1073741824 meta_used: 39716 data_alloc: 671088640 data_used: 0
2019-12-07T19:33:41.235+0000 7fe2e6d3a700 1 -- [v2:172.21.15.131:6830/37079,v1:172.21.15.131:6832/37079] <== osd.2 172.21.15.131:0/37077 1 ==== osd_ping(ping e14 up_from 13 ping_stamp
2019-12-07T19:33:41.235503+0000/4.707221878s send_stamp 4.707221878s) v5 ==== 2025+0+0 (crc 0 0 0) 0x558e818a8600 con 0x558e8182c000
2019-12-07T19:33:41.235+0000 7fe2e7d3c700 1 -- [v2:172.21.15.131:6826/37079,v1:172.21.15.131:6828/37079] <== osd.2 172.21.15.131:0/37077 1 ==== osd_ping(ping e14 up_from 13 ping_stamp
2019-12-07T19:33:41.235503+0000/4.707221878s send_stamp 4.707221878s) v5 ==== 2025+0+0 (crc 0 0 0) 0x558e8118ea00 con 0x558e8182d400
2019-12-07T19:33:41.235+0000 7fe2e6d3a700 20 osd.0 13 handle_osd_ping new stamps hbstamp(osd.2 up_from 13 peer_clock_delta [0.016685233s,])
2019-12-07T19:33:41.235+0000 7fe2e6d3a700 1 -- [v2:172.21.15.131:6830/37079,v1:172.21.15.131:6832/37079] --> 172.21.15.131:0/37077 -- osd_ping(ping_reply e13 up_from 13 ping_stamp
2019-12-07T19:33:41.235503+0000/4.707221878s send_stamp 4.690536645s delta_ub 18446744073.692866383s) v5 -- 0x558e818a8c00 con 0x558e8182c000
2019-12-07T19:33:41.235+0000 7fe2e6d3a700 1 --2- [v2:172.21.15.131:6822/37079,v1:172.21.15.131:6824/37079] >> [v2:172.21.15.131:6804/37077,v1:172.21.15.131:6805/37077] conn(0x558e818d6000 0x558e81845b80 unknown :-1 s=NONE pgs=0 cs=0 l=0 rx=0 tx=0).connect
2019-12-07T19:33:41.235+0000 7fe2e7d3c700 20 osd.0 13 handle_osd_ping new stamps hbstamp(osd.2 up_from 13 peer_clock_delta [0.016624923s,])
2019-12-07T19:33:41.235+0000 7fe2e7d3c700 1 -- [v2:172.21.15.131:6826/37079,v1:172.21.15.131:6828/37079] --> 172.21.15.131:0/37077 -- osd_ping(ping_reply e13 up_from 13 ping_stamp
2019-12-07T19:33:41.235503+0000/4.707221878s send_stamp 4.690596955s delta_ub 18446744073.692926693s) v5 -- 0x558e8118e800 con 0x558e8182d400
2019-12-07T19:33:41.235+0000 7fe2e7d3c700 1 --2- [v2:172.21.15.131:6822/37079,v1:172.21.15.131:6824/37079] >> [v2:172.21.15.131:6804/37077,v1:172.21.15.131:6805/37077] conn(0x558e818d6000 0x558e81845b80 unknown :-1 s=BANNER_CONNECTING pgs=0 cs=0 l=0 rx=0 tx=0)._handle_peer_banner_payload supported=0 required=0
2019-12-07T19:33:41.235+0000 7fe2e7d3c700 1 --2- [v2:172.21.15.131:6822/37079,v1:172.21.15.131:6824/37079] >> conn(0x558e818d6400 0x558e81846100 unknown :-1 s=NONE pgs=0 cs=0 l=0 rx=0 tx=0).accept
2019-12-07T19:33:41.235+0000 7fe2e753b700 1 --2- [v2:172.21.15.131:6822/37079,v1:172.21.15.131:6824/37079] >> conn(0x558e818d6400 0x558e81846100 unknown :-1 s=BANNER_ACCEPTING pgs=0 cs=0 l=0 rx=0 tx=0)._handle_peer_banner_payload supported=0 required=0
2019-12-07T19:33:41.236+0000 7fe2e7d3c700 1 --2- [v2:172.21.15.131:6822/37079,v1:172.21.15.131:6824/37079] >> [v2:172.21.15.131:6804/37077,v1:172.21.15.131:6805/37077] conn(0x558e818d6000 0x558e81845b80 crc :-1 s=START_CONNECT pgs=0 cs=0 l=0 rx=0 tx=0)._fault waiting 15.000000
2019-12-07T19:33:41.236+0000 7fe2e753b700 10 osd.0 13 ms_handle_authentication new session 0x558e81807d40 con 0x558e818d6400 entity osd.2 addr
2019-12-07T19:33:41.236+0000 7fe2e753b700 10 osd.0 13 ms_handle_authentication session 0x558e81807d40 osd.2 has caps osdcap[grant(*)] 'allow *'
2019-12-07T19:33:41.236+0000 7fe2e753b700 1 --2- [v2:172.21.15.131:6822/37079,v1:172.21.15.131:6824/37079] >> [v2:172.21.15.131:6804/37077,v1:172.21.15.131:6805/37077] conn(0x558e818d6400 0x558e81846100 crc :-1 s=SESSION_ACCEPTING pgs=3 cs=0 l=0 rx=0 tx=0).handle_existing_connection connection race detected, replacing existing=0x558e818d6000 socket by this connection's socket
2019-12-07T19:33:41.236+0000 7fe2e753b700 1 --2- [v2:172.21.15.131:6822/37079,v1:172.21.15.131:6824/37079] >> [v2:172.21.15.131:6804/37077,v1:172.21.15.131:6805/37077] conn(0x558e818d6400 0x558e81846100 crc :-1 s=SESSION_ACCEPTING pgs=3 cs=0 l=0 rx=0 tx=0).stop
2019-12-07T19:33:41.236+0000 7fe2d4a80700 2 osd.0 13 ms_handle_reset con 0x558e818d6400 session 0x558e81807d40
2019-12-07T19:33:41.236+0000 7fe2e753b700 10 osd.0 13 new session (incoming)0x558e818c2d00 con=0x558e818d6000 addr=v2:172.21.15.131:6804/37077 must have raced with connect
2019-12-07T19:33:41.236+0000 7fe2e753b700 1 --2- [v2:172.21.15.131:6822/37079,v1:172.21.15.131:6824/37079] >> [v2:172.21.15.131:6804/37077,v1:172.21.15.131:6805/37077] conn(0x558e818d6000 0x558e81845b80 unknown :-1 s=READY pgs=3 cs=0 l=0 rx=0 tx=0).ready entity=osd.2 client_cookie=8f213ff6e35a40c2 server_cookie=f8d0c8aac30d53ca in_seq=0 out_seq=0
2019-12-07T19:33:41.240+0000 7fe2e7d3c700 1 -- [v2:172.21.15.131:6830/37079,v1:172.21.15.131:6832/37079] <== osd.5 172.21.15.109:0/36936 1 ==== osd_ping(ping e13 up_from 13 ping_stamp
2019-12-07T19:33:41.240546+0000/4.706869389s send_stamp 4.706869389s) v5 ==== 2025+0+0 (crc 0 0 0) 0x558e8118fc00 con 0x558e8181b800
2019-12-07T19:33:41.240+0000 7fe2e7d3c700 20 osd.0 13 handle_osd_ping new stamps hbstamp(osd.5 up_from 13 peer_clock_delta [0.011383076s,])
2019-12-07T19:33:41.240+0000 7fe2e7d3c700 1 -- [v2:172.21.15.131:6830/37079,v1:172.21.15.131:6832/37079] --> 172.21.15.109:0/36936 -- osd_ping(ping_reply e13 up_from 13 ping_stamp
2019-12-07T19:33:41.240546+0000/4.706869389s send_stamp 4.695486313s delta_ub 18446744073.698168540s) v5 -- 0x558e8118fa00 con 0x558e8181b800
2019-12-07T19:33:41.240+0000 7fe2e7d3c700 1 --2- [v2:172.21.15.131:6822/37079,v1:172.21.15.131:6824/37079] >> [v2:172.21.15.109:6802/36936,v1:172.21.15.109:6803/36936] conn(0x558e818d6800 0x558e81846680 unknown :-1 s=NONE pgs=0 cs=0 l=0 rx=0 tx=0).connect
2019-12-07T19:33:41.240+0000 7fe2e7d3c700 1 -- [v2:172.21.15.131:6826/37079,v1:172.21.15.131:6828/37079] <== osd.5 172.21.15.109:0/36936 1 ==== osd_ping(ping e13 up_from 13 ping_stamp
2019-12-07T19:33:41.240546+0000/4.706869389s send_stamp 4.706869389s) v5 ==== 2025+0+0 (crc 0 0 0) 0x558e8118fc00 con 0x558e8182c800
2019-12-07T19:33:41.240+0000 7fe2e7d3c700 20 osd.0 13 handle_osd_ping new stamps hbstamp(osd.5 up_from 13 peer_clock_delta [0.011320768s,])
2019-12-07T19:33:41.240+0000 7fe2e7d3c700 1 -- [v2:172.21.15.131:6826/37079,v1:172.21.15.131:6828/37079] --> 172.21.15.109:0/36936 -- osd_ping(ping_reply e13 up_from 13 ping_stamp
2019-12-07T19:33:41.240546+0000/4.706869389s send_stamp 4.695548621s delta_ub 18446744073.698230848s) v5 -- 0x558e8118e800 con 0x558e8182c800
2019-12-07T19:33:41.240+0000 7fe2e7d3c700 1 --2- [v2:172.21.15.131:6822/37079,v1:172.21.15.131:6824/37079] >> [v2:172.21.15.109:6802/36936,v1:172.21.15.109:6803/36936] conn(0x558e818d6800 0x558e81846680 unknown :-1 s=BANNER_CONNECTING pgs=0 cs=0 l=0 rx=0 tx=0)._handle_peer_banner_payload supported=0 required=0
2019-12-07T19:33:41.240+0000 7fe2e7d3c700 1 --2- [v2:172.21.15.131:6822/37079,v1:172.21.15.131:6824/37079] >> conn(0x558e818d6c00 0x558e81846c00 unknown :-1 s=NONE pgs=0 cs=0 l=0 rx=0 tx=0).accept
2019-12-07T19:33:41.241+0000 7fe2e7d3c700 1 --2- [v2:172.21.15.131:6822/37079,v1:172.21.15.131:6824/37079] >> [v2:172.21.15.109:6802/36936,v1:172.21.15.109:6803/36936] conn(0x558e818d6800 0x558e81846680 crc :-1 s=START_CONNECT pgs=0 cs=0 l=0 rx=0 tx=0)._fault waiting 15.000000
2019-12-07T19:33:41.241+0000 7fe2e753b700 1 --2- [v2:172.21.15.131:6822/37079,v1:172.21.15.131:6824/37079] >> conn(0x558e818d6c00 0x558e81846c00 unknown :-1 s=BANNER_ACCEPTING pgs=0 cs=0 l=0 rx=0 tx=0)._handle_peer_banner_payload supported=0 required=0
2019-12-07T19:33:41.241+0000 7fe2e753b700 10 osd.0 13 ms_handle_authentication new session 0x558e818c2ea0 con 0x558e818d6c00 entity osd.5 addr
2019-12-07T19:33:41.241+0000 7fe2e753b700 10 osd.0 13 ms_handle_authentication session 0x558e818c2ea0 osd.5 has caps osdcap[grant(*)] 'allow *'
2019-12-07T19:33:41.241+0000 7fe2e753b700 1 --2- [v2:172.21.15.131:6822/37079,v1:172.21.15.131:6824/37079] >> [v2:172.21.15.109:6802/36936,v1:172.21.15.109:6803/36936] conn(0x558e818d6c00 0x558e81846c00 crc :-1 s=SESSION_ACCEPTING pgs=6 cs=0 l=0 rx=0 tx=0).handle_existing_connection connection race detected, replacing existing=0x558e818d6800 socket by this connection's socket
2019-12-07T19:33:41.241+0000 7fe2e753b700 1 --2- [v2:172.21.15.131:6822/37079,v1:172.21.15.131:6824/37079] >> [v2:172.21.15.109:6802/36936,v1:172.21.15.109:6803/36936] conn(0x558e818d6c00 0x558e81846c00 crc :-1 s=SESSION_ACCEPTING pgs=6 cs=0 l=0 rx=0 tx=0).stop
2019-12-07T19:33:41.241+0000 7fe2d4a80700 2 osd.0 13 ms_handle_reset con 0x558e818d6c00 session 0x558e818c2ea0
2019-12-07T19:33:41.241+0000 7fe2e753b700 10 osd.0 13 new session (incoming)0x558e818c3040 con=0x558e818d6800 addr=v2:172.21.15.109:6802/36936 must have raced with connect
2019-12-07T19:33:41.241+0000 7fe2e753b700 1 --2- [v2:172.21.15.131:6822/37079,v1:172.21.15.131:6824/37079] >> [v2:172.21.15.109:6802/36936,v1:172.21.15.109:6803/36936] conn(0x558e818d6800 0x558e81846680 unknown :-1 s=READY pgs=6 cs=0 l=0 rx=0 tx=0).ready entity=osd.5 client_cookie=faf79c1ac078c45f server_cookie=e9d4245ca5f19a39 in_seq=0 out_seq=0
2019-12-07T19:33:41.249+0000 7fe2e6d3a700 1 -- [v2:172.21.15.131:6826/37079,v1:172.21.15.131:6828/37079] <== osd.1 172.21.15.131:0/37078 1 ==== osd_ping(ping e14 up_from 13 ping_stamp
2019-12-07T19:33:41.250025+0000/4.706948734s send_stamp 4.706948734s) v5 ==== 2025+0+0 (crc 0 0 0) 0x558e818a8a00 con 0x558e8182dc00
2019-12-07T19:33:41.249+0000 7fe2e6d3a700 20 osd.0 13 handle_osd_ping new stamps hbstamp(osd.1 up_from 13 peer_clock_delta [0.002015933s,])
2019-12-07T19:33:41.249+0000 7fe2e6d3a700 1 -- [v2:172.21.15.131:6826/37079,v1:172.21.15.131:6828/37079] --> 172.21.15.131:0/37078 -- osd_ping(ping_reply e13 up_from 13 ping_stamp
2019-12-07T19:33:41.250025+0000/4.706948734s send_stamp 4.704932801s delta_ub 18446744073.707535683s) v5 -- 0x558e818a8c00 con 0x558e8182dc00
2019-12-07T19:33:41.249+0000 7fe2e6d3a700 1 --2- [v2:172.21.15.131:6822/37079,v1:172.21.15.131:6824/37079] >> [v2:172.21.15.131:6823/37078,v1:172.21.15.131:6825/37078] conn(0x558e818d7c00 0x558e818e4000 unknown :-1 s=NONE pgs=0 cs=0 l=0 rx=0 tx=0).connect
2019-12-07T19:33:41.249+0000 7fe2e7d3c700 1 -- [v2:172.21.15.131:6830/37079,v1:172.21.15.131:6832/37079] <== osd.1 172.21.15.131:0/37078 1 ==== osd_ping(ping e14 up_from 13 ping_stamp
2019-12-07T19:33:41.250025+0000/4.706948734s send_stamp 4.706948734s) v5 ==== 2025+0+0 (crc 0 0 0) 0x558e8118fc00 con 0x558e81749400
2019-12-07T19:33:41.249+0000 7fe2e7d3c700 20 osd.0 13 handle_osd_ping new stamps hbstamp(osd.1 up_from 13 peer_clock_delta [0.001961295s,])
2019-12-07T19:33:41.249+0000 7fe2e7d3c700 1 -- [v2:172.21.15.131:6830/37079,v1:172.21.15.131:6832/37079] --> 172.21.15.131:0/37078 -- osd_ping(ping_reply e13 up_from 13 ping_stamp
2019-12-07T19:33:41.250025+0000/4.706948734s send_stamp 4.704987439s delta_ub 18446744073.707590321s) v5 -- 0x558e818a9200 con 0x558e81749400
2019-12-07T19:33:41.249+0000 7fe2e7d3c700 1 -- [v2:172.21.15.131:6830/37079,v1:172.21.15.131:6832/37079] <== osd.3 172.21.15.131:0/37076 1 ==== osd_ping(ping e13 up_from 13 ping_stamp
2019-12-07T19:33:41.250025+0000/4.707537742s send_stamp 4.707537742s) v5 ==== 2025+0+0 (crc 0 0 0) 0x558e8118fc00 con 0x558e8182c400
2019-12-07T19:33:41.249+0000 7fe2e753b700 1 -- [v2:172.21.15.131:6826/37079,v1:172.21.15.131:6828/37079] <== osd.3 172.21.15.131:0/37076 1 ==== osd_ping(ping e13 up_from 13 ping_stamp
2019-12-07T19:33:41.250025+0000/4.707537742s send_stamp 4.707537742s) v5 ==== 2025+0+0 (crc 0 0 0) 0x558e818a9600 con 0x558e8182d800
2019-12-07T19:33:41.249+0000 7fe2e7d3c700 20 osd.0 13 handle_osd_ping new stamps hbstamp(osd.3 up_from 13 peer_clock_delta [0.002500751s,])
2019-12-07T19:33:41.249+0000 7fe2e7d3c700 1 -- [v2:172.21.15.131:6830/37079,v1:172.21.15.131:6832/37079] --> 172.21.15.131:0/37076 -- osd_ping(ping_reply e13 up_from 13 ping_stamp
2019-12-07T19:33:41.250025+0000/4.707537742s send_stamp 4.705036991s delta_ub 18446744073.707050865s) v5 -- 0x558e8118e800 con 0x558e8182c400
2019-12-07T19:33:41.249+0000 7fe2e7d3c700 1 --2- [v2:172.21.15.131:6822/37079,v1:172.21.15.131:6824/37079] >> [v2:172.21.15.131:6812/37076,v1:172.21.15.131:6813/37076] conn(0x558e818d7000 0x558e81847180 unknown :-1 s=NONE pgs=0 cs=0 l=0 rx=0 tx=0).connect
2019-12-07T19:33:41.249+0000 7fe2e753b700 20 osd.0 13 handle_osd_ping new stamps hbstamp(osd.3 up_from 13 peer_clock_delta [0.002453822s,])
2019-12-07T19:33:41.249+0000 7fe2e753b700 1 -- [v2:172.21.15.131:6826/37079,v1:172.21.15.131:6828/37079] --> 172.21.15.131:0/37076 -- osd_ping(ping_reply e13 up_from 13 ping_stamp
2019-12-07T19:33:41.250025+0000/4.707537742s send_stamp 4.705083920s delta_ub 18446744073.707097794s) v5 -- 0x558e818a9800 con 0x558e8182d800
2019-12-07T19:33:41.250+0000 7fe2e753b700 1 --2- [v2:172.21.15.131:6822/37079,v1:172.21.15.131:6824/37079] >> [v2:172.21.15.131:6812/37076,v1:172.21.15.131:6813/37076] conn(0x558e818d7000 0x558e81847180 unknown :-1 s=BANNER_CONNECTING pgs=0 cs=0 l=0 rx=0 tx=0)._handle_peer_banner_payload supported=0 required=0
2019-12-07T19:33:41.250+0000 7fe2e7d3c700 1 --2- [v2:172.21.15.131:6822/37079,v1:172.21.15.131:6824/37079] >> conn(0x558e818d7400 0x558e81847700 unknown :-1 s=NONE pgs=0 cs=0 l=0 rx=0 tx=0).accept
2019-12-07T19:33:41.250+0000 7fe2e7d3c700 1 --2- [v2:172.21.15.131:6822/37079,v1:172.21.15.131:6824/37079] >> [v2:172.21.15.131:6823/37078,v1:172.21.15.131:6825/37078] conn(0x558e818d7c00 0x558e818e4000 unknown :-1 s=BANNER_CONNECTING pgs=0 cs=0 l=0 rx=0 tx=0)._handle_peer_banner_payload supported=0 required=0
2019-12-07T19:33:41.250+0000 7fe2e6d3a700 1 --2- [v2:172.21.15.131:6822/37079,v1:172.21.15.131:6824/37079] >> conn(0x558e818d7400 0x558e81847700 unknown :-1 s=BANNER_ACCEPTING pgs=0 cs=0 l=0 rx=0 tx=0)._handle_peer_banner_payload supported=0 required=0
2019-12-07T19:33:41.250+0000 7fe2e7d3c700 1 --2- [v2:172.21.15.131:6822/37079,v1:172.21.15.131:6824/37079] >> conn(0x558e818d7800 0x558e818e4b00 unknown :-1 s=NONE pgs=0 cs=0 l=0 rx=0 tx=0).accept
2019-12-07T19:33:41.250+0000 7fe2e6d3a700 1 --2- [v2:172.21.15.131:6822/37079,v1:172.21.15.131:6824/37079] >> conn(0x558e818d7800 0x558e818e4b00 unknown :-1 s=BANNER_ACCEPTING pgs=0 cs=0 l=0 rx=0 tx=0)._handle_peer_banner_payload supported=0 required=0
2019-12-07T19:33:41.250+0000 7fe2e753b700 1 --2- [v2:172.21.15.131:6822/37079,v1:172.21.15.131:6824/37079] >> [v2:172.21.15.131:6812/37076,v1:172.21.15.131:6813/37076] conn(0x558e818d7000 0x558e81847180 crc :-1 s=START_CONNECT pgs=0 cs=0 l=0 rx=0 tx=0)._fault waiting 15.000000
2019-12-07T19:33:41.250+0000 7fe2e6d3a700 10 osd.0 13 ms_handle_authentication new session 0x558e818c2ea0 con 0x558e818d7400 entity osd.1 addr
2019-12-07T19:33:41.250+0000 7fe2e6d3a700 10 osd.0 13 ms_handle_authentication session 0x558e818c2ea0 osd.1 has caps osdcap[grant(*)] 'allow *'
2019-12-07T19:33:41.250+0000 7fe2e6d3a700 10 osd.0 13 ms_handle_authentication new session 0x558e818c3380 con 0x558e818d7800 entity osd.3 addr
2019-12-07T19:33:41.250+0000 7fe2e6d3a700 10 osd.0 13 ms_handle_authentication session 0x558e818c3380 osd.3 has caps osdcap[grant(*)] 'allow *'
2019-12-07T19:33:41.251+0000 7fe2e6d3a700 1 --2- [v2:172.21.15.131:6822/37079,v1:172.21.15.131:6824/37079] >> [v2:172.21.15.131:6823/37078,v1:172.21.15.131:6825/37078] conn(0x558e818d7400 0x558e81847700 crc :-1 s=SESSION_ACCEPTING pgs=6 cs=0 l=0 rx=0 tx=0).handle_existing_connection connection race detected, replacing existing=0x558e818d7c00 socket by this connection's socket
2019-12-07T19:33:41.251+0000 7fe2e6d3a700 1 --2- [v2:172.21.15.131:6822/37079,v1:172.21.15.131:6824/37079] >> [v2:172.21.15.131:6823/37078,v1:172.21.15.131:6825/37078] conn(0x558e818d7400 0x558e81847700 crc :-1 s=SESSION_ACCEPTING pgs=6 cs=0 l=0 rx=0 tx=0).stop
2019-12-07T19:33:41.251+0000 7fe2d4a80700 2 osd.0 13 ms_handle_reset con 0x558e818d7400 session 0x558e818c2ea0
