2019-12-07T19:33:56.618+0000 7fe2c5261700 10 osd.0 pg_epoch: 18 pg[1.ds5( empty local-lis/les=0/0 n=0 ec=18/18 lis/c=0/0 les/c/f=0/0/0 sis=18) [2,1,7,3,4,0]p2(0) r=5 lpr=18 crt=0'0 unknown mbc={}] activate_map
2019-12-07T19:33:56.618+0000 7fe2cb26d700 15 bluestore(/var/lib/ceph/osd/ceph-0) _omap_setkeys 1.1s1_head 1#1:80000000::::head#
2019-12-07T19:33:56.618+0000 7fe2c5261700 5 osd.0 pg_epoch: 18 pg[1.ds5( empty local-lis/les=0/0 n=0 ec=18/18 lis/c=0/0 les/c/f=0/0/0 sis=18) [2,1,7,3,4,0]p2(0) r=5 lpr=18 crt=0'0 unknown mbc={}] exit Reset
2019-12-07T19:33:56.619644+0000 1 0.000303
2019-12-07T19:33:56.618+0000 7fe2cb26d700 20 bluestore(/var/lib/ceph/osd/ceph-0) _omap_setkeys 0x000000000000042c'._biginfo' <- _biginfo
2019-12-07T19:33:56.618+0000 7fe2cb26d700 20 bluestore(/var/lib/ceph/osd/ceph-0) _omap_setkeys 0x000000000000042c'._epoch' <- _epoch
2019-12-07T19:33:56.618+0000 7fe2c5261700 5 osd.0 pg_epoch: 18 pg[1.ds5( empty local-lis/les=0/0 n=0 ec=18/18 lis/c=0/0 les/c/f=0/0/0 sis=18) [2,1,7,3,4,0]p2(0) r=5 lpr=18 crt=0'0 unknown mbc={}] enter Started
2019-12-07T19:33:56.618+0000 7fe2c5261700 5 osd.0 pg_epoch: 18 pg[1.ds5( empty local-lis/les=0/0 n=0 ec=18/18 lis/c=0/0 les/c/f=0/0/0 sis=18) [2,1,7,3,4,0]p2(0) r=5 lpr=18 crt=0'0 unknown mbc={}] enter Start
2019-12-07T19:33:56.618+0000 7fe2c5261700 1 osd.0 pg_epoch: 18 pg[1.ds5( empty local-lis/les=0/0 n=0 ec=18/18 lis/c=0/0 les/c/f=0/0/0 sis=18) [2,1,7,3,4,0]p2(0) r=5 lpr=18 crt=0'0 unknown mbc={}] state: transitioning to Stray
2019-12-07T19:33:56.618+0000 7fe2d7a86700 10 bluefs _flush 0x558e8107a280 ignoring, length 1366 < min_flush_size 524288
2019-12-07T19:33:56.618+0000 7fe2c5261700 5 osd.0 pg_epoch: 18 pg[1.ds5( empty local-lis/les=0/0 n=0 ec=18/18 lis/c=0/0 les/c/f=0/0/0 sis=18) [2,1,7,3,4,0]p2(0) r=5 lpr=18 crt=0'0 unknown mbc={}] exit Start
2019-12-07T19:33:56.619679+0000 0 0.000000
2019-12-07T19:33:56.619+0000 7fe2c8a68700 20 osd.0 op_wq(6) _process 1.es4 to_process <> waiting <> waiting_peering {}
2019-12-07T19:33:56.619+0000 7fe2c8a68700 20 osd.0 op_wq(6) _process OpSchedulerItem(1.es4 PGPeeringEvent(epoch_sent: 19 epoch_requested: 18 MLogRec from 1(0) log log((0'0,0'0], crt=0'0) pi ([0,0] all_participants= intervals=) pg_lease(ru 0s ub 36.074554249s int 16s) +create_info) prio 255 cost 10 e19) queued
2019-12-07T19:33:56.619+0000 7fe2c8a68700 20 osd.0 op_wq(6) _process 1.es4 to_process waiting <> waiting_peering {}
2019-12-07T19:33:56.619+0000 7fe2c8a68700 20 osd.0 op_wq(6) _process OpSchedulerItem(1.es4 PGPeeringEvent(epoch_sent: 19 epoch_requested: 18 MLogRec from 1(0) log log((0'0,0'0], crt=0'0) pi ([0,0] all_participants= intervals=) pg_lease(ru 0s ub 36.074554249s int 16s) +create_info) prio 255 cost 10 e19) pg 0
2019-12-07T19:33:56.619+0000 7fe2d7a86700 20 bluestore(/var/lib/ceph/osd/ceph-0) _txc_apply_kv onode 0x558e81a02000 had 1
2019-12-07T19:33:56.619+0000 7fe2d7a86700 10 bluefs _flush 0x558e8107a280 ignoring, length 1389 < min_flush_size 524288
2019-12-07T19:33:56.619+0000 7fe2d7a86700 10 bluefs _flush 0x558e8107a280 ignoring, length 1389 < min_flush_size 524288
2019-12-07T19:33:56.619+0000 7fe2c8a68700 20 osd.0 op_wq(6) _process 1.es4 no pg, should create on OpSchedulerItem(1.es4 PGPeeringEvent(epoch_sent: 19 epoch_requested: 18 MLogRec from 1(0) log log((0'0,0'0], crt=0'0) pi ([0,0] all_participants= intervals=) pg_lease(ru 0s ub 36.074554249s int 16s) +create_info) prio 255 cost 10 e19)
2019-12-07T19:33:56.619+0000 7fe2d7a86700 10 bluefs _fsync 0x558e8107a280 file(ino 16 size 0x20000 mtime
2019-12-07T19:33:55.616569+0000 allocated 20000 extents [1:0xacd120000~10000,1:0xacd0f0000~10000])
2019-12-07T19:33:56.619+0000 7fe2d7a86700 10 bluefs _flush 0x558e8107a280 0x134a0~56d to file(ino 16 size 0x20000 mtime
2019-12-07T19:33:55.616569+0000 allocated 20000 extents [1:0xacd120000~10000,1:0xacd0f0000~10000])
2019-12-07T19:33:56.619+0000 7fe2d7a86700 10 bluefs _flush_range 0x558e8107a280 pos 0x134a0 0x134a0~56d to file(ino 16 size 0x20000 mtime
2019-12-07T19:33:55.616569+0000 allocated 20000 extents [1:0xacd120000~10000,1:0xacd0f0000~10000])
2019-12-07T19:33:56.618+0000 7fe2c8267700 20 osd.0 op_wq(7) _process OpSchedulerItem(1.fs1 PGPeeringEvent(epoch_sent: 19 epoch_requested: 18 MLogRec from 3(0) log log((0'0,0'0], crt=0'0) pi ([0,0] all_participants= intervals=) pg_lease(ru 0s ub 36.074133487s int 16s) +create_info) prio 255 cost 10 e19) pg 0
2019-12-07T19:33:56.619+0000 7fe2d7a86700 20 bluefs _flush_range file now file(ino 16 size 0x20000 mtime
2019-12-07T19:33:55.616569+0000 allocated 20000 extents [1:0xacd120000~10000,1:0xacd0f0000~10000])
2019-12-07T19:33:56.619+0000 7fe2d7a86700 20 bluefs _flush_range in 1:0xacd0f0000~10000 x_off 0x34a0
2019-12-07T19:33:56.619+0000 7fe2d7a86700 20 bluefs _flush_range using partial tail 0x4a0
2019-12-07T19:33:56.619+0000 7fe2d7a86700 20 bluefs _flush_range waiting for previous aio to complete
2019-12-07T19:33:56.619+0000 7fe2d7a86700 20 bluefs _flush_range caching tail of 0xa0d and padding block with 0x5f3
2019-12-07T19:33:56.618+0000 7fe2cb26d700 20 bluestore(/var/lib/ceph/osd/ceph-0) _omap_setkeys 0x000000000000042c'._info' <- _info
2019-12-07T19:33:56.618+0000 7fe2c9a6a700 20 osd.0 op_wq(4) _process OpSchedulerItem(1.4s1 PGPeeringEvent(epoch_sent: 19 epoch_requested: 18 MLogRec from 7(0) log log((0'0,0'0], crt=0'0) pi ([0,0] all_participants= intervals=) pg_lease(ru 0s ub 36.052429711s int 16s) +create_info) prio 255 cost 10 e19) queued
2019-12-07T19:33:56.619+0000 7fe2c9a6a700 20 osd.0 op_wq(4) _process 1.4s1 to_process waiting <> waiting_peering {}
2019-12-07T19:33:56.619+0000 7fe2cb26d700 10 bluestore(/var/lib/ceph/osd/ceph-0) _omap_setkeys 1.1s1_head 1#1:80000000::::head# = 0
2019-12-07T19:33:56.619+0000 7fe2c9a6a700 20 osd.0 op_wq(4) _process OpSchedulerItem(1.4s1 PGPeeringEvent(epoch_sent: 19 epoch_requested: 18 MLogRec from 7(0) log log((0'0,0'0], crt=0'0) pi ([0,0] all_participants= intervals=) pg_lease(ru 0s ub 36.052429711s int 16s) +create_info) prio 255 cost 10 e19) pg 0
2019-12-07T19:33:56.619+0000 7fe2cb26d700 10 bluestore(/var/lib/ceph/osd/ceph-0) _txc_calc_cost 0x558e81a0a300 cost 5259 (1 ios * 4000 + 1259 bytes)
2019-12-07T19:33:56.619+0000 7fe2cb26d700 20 bluestore(/var/lib/ceph/osd/ceph-0) _txc_write_nodes txc 0x558e81a0a300 onodes shared_blobs
2019-12-07T19:33:56.619+0000 7fe2cb26d700 20 bluestore(/var/lib/ceph/osd/ceph-0) _txc_finalize_kv txc 0x558e81a0a300 allocated 0x[] released 0x[]
2019-12-07T19:33:56.619+0000 7fe2c8a68700 10 osd.0 19 _make_pg 1.es4
2019-12-07T19:33:56.618+0000 7fe2ca26b700 20 osd.0 op_wq(3) _process 1.bs3 to_process <> waiting <> waiting_peering {}
2019-12-07T19:33:56.619+0000 7fe2cb26d700 10 bluestore(/var/lib/ceph/osd/ceph-0) _txc_state_proc txc 0x558e81a0a300 prepare
2019-12-07T19:33:56.618+0000 7fe2c7265700 20 osd.0 op_wq(1) _process 1.9s3 (new) to_process <> waiting <> waiting_peering {}
2019-12-07T19:33:56.619+0000 7fe2cb26d700 20 bluestore(/var/lib/ceph/osd/ceph-0) _txc_finish_io 0x558e81a0a300
2019-12-07T19:33:56.619+0000 7fe2cb26d700 10 bluestore(/var/lib/ceph/osd/ceph-0) _txc_state_proc txc 0x558e81a0a300 io_done
2019-12-07T19:33:56.619+0000 7fe2ca26b700 20 osd.0 op_wq(3) _process OpSchedulerItem(1.bs3 PGPeeringEvent(epoch_sent: 19 epoch_requested: 18 MLogRec from 4(0) log log((0'0,0'0], crt=0'0) pi ([0,0] all_participants= intervals=) pg_lease(ru 0s ub 36.063561597s int 16s) +create_info) prio 255 cost 10 e19) queued
2019-12-07T19:33:56.619+0000 7fe2ca26b700 20 osd.0 op_wq(3) _process 1.bs3 to_process waiting <> waiting_peering {}
2019-12-07T19:33:56.619+0000 7fe2c8a68700 5 osd.0 pg_epoch: 18 pg[1.e(unlocked)] enter Initial
2019-12-07T19:33:56.619+0000 7fe2ca26b700 20 osd.0 op_wq(3) _process OpSchedulerItem(1.bs3 PGPeeringEvent(epoch_sent: 19 epoch_requested: 18 MLogRec from 4(0) log log((0'0,0'0], crt=0'0) pi ([0,0] all_participants= intervals=) pg_lease(ru 0s ub 36.063561597s int 16s) +create_info) prio 255 cost 10 e19) pg 0
2019-12-07T19:33:56.619+0000 7fe2c8267700 20 osd.0 op_wq(7) _process 1.fs1 no pg, should create on OpSchedulerItem(1.fs1 PGPeeringEvent(epoch_sent: 19 epoch_requested: 18 MLogRec from 3(0) log log((0'0,0'0], crt=0'0) pi ([0,0] all_participants= intervals=) pg_lease(ru 0s ub 36.074133487s int 16s) +create_info) prio 255 cost 10 e19)
2019-12-07T19:33:56.619+0000 7fe2ca26b700 20 osd.0 op_wq(3) _process 1.bs3 no pg, should create on OpSchedulerItem(1.bs3 PGPeeringEvent(epoch_sent: 19 epoch_requested: 18 MLogRec from 4(0) log log((0'0,0'0], crt=0'0) pi ([0,0] all_participants= intervals=) pg_lease(ru 0s ub 36.063561597s int 16s) +create_info) prio 255 cost 10 e19)
2019-12-07T19:33:56.619+0000 7fe2c8267700 10 osd.0 19 _make_pg 1.fs1
2019-12-07T19:33:56.619+0000 7fe2c7265700 20 osd.0 op_wq(1) _process OpSchedulerItem(1.9s3 PGPeeringEvent(epoch_sent: 19 epoch_requested: 18 MLogRec from 1(0) log log((0'0,0'0], crt=0'0) pi ([0,0] all_participants= intervals=) pg_lease(ru 0s ub 36.074537935s int 16s) +create_info) prio 255 cost 10 e19) queued
2019-12-07T19:33:56.619+0000 7fe2ca26b700 10 osd.0 19 _make_pg 1.bs3
2019-12-07T19:33:56.619+0000 7fe2c7265700 20 osd.0 op_wq(1) _process 1.9s3 to_process waiting <> waiting_peering {}
2019-12-07T19:33:56.619+0000 7fe2c7265700 20 osd.0 op_wq(1) _process OpSchedulerItem(1.9s3 PGPeeringEvent(epoch_sent: 19 epoch_requested: 18 MLogRec from 1(0) log log((0'0,0'0], crt=0'0) pi ([0,0] all_participants= intervals=) pg_lease(ru 0s ub 36.074537935s int 16s) +create_info) prio 255 cost 10 e19) pg 0
2019-12-07T19:33:56.619+0000 7fe2ca26b700 5 osd.0 pg_epoch: 18 pg[1.b(unlocked)] enter Initial
2019-12-07T19:33:56.619+0000 7fe2c7265700 20 osd.0 op_wq(1) _process 1.9s3 no pg, should create on OpSchedulerItem(1.9s3 PGPeeringEvent(epoch_sent: 19 epoch_requested: 18 MLogRec from 1(0) log log((0'0,0'0], crt=0'0) pi ([0,0] all_participants= intervals=) pg_lease(ru 0s ub 36.074537935s int 16s) +create_info) prio 255 cost 10 e19)
2019-12-07T19:33:56.619+0000 7fe2c8267700 5 osd.0 pg_epoch: 18 pg[1.f(unlocked)] enter Initial
2019-12-07T19:33:56.619+0000 7fe2c9a6a700 20 osd.0 op_wq(4) _process 1.4s1 no pg, should create on OpSchedulerItem(1.4s1 PGPeeringEvent(epoch_sent: 19 epoch_requested: 18 MLogRec from 7(0) log log((0'0,0'0], crt=0'0) pi ([0,0] all_participants= intervals=) pg_lease(ru 0s ub 36.052429711s int 16s) +create_info) prio 255 cost 10 e19)
2019-12-07T19:33:56.619+0000 7fe2c7265700 10 osd.0 19 _make_pg 1.9s3
2019-12-07T19:33:56.619+0000 7fe2c9a6a700 10 osd.0 19 _make_pg 1.4s1
2019-12-07T19:33:56.619+0000 7fe2c8267700 10 ErasureCodeClay: parse (q,t,nu)=(2,3,0)
2019-12-07T19:33:56.619+0000 7fe2c7265700 5 osd.0 pg_epoch: 18 pg[1.9(unlocked)] enter Initial
2019-12-07T19:33:56.619+0000 7fe2c9a6a700 5 osd.0 pg_epoch: 18 pg[1.4(unlocked)] enter Initial
2019-12-07T19:33:56.619+0000 7fe2c8267700 20 ErasureCodePluginJerasure: factory: {k=4,m=2,plugin=jerasure,technique=reed_sol_van,w=8}
2019-12-07T19:33:56.619+0000 7fe2c8267700 10 ErasureCodeJerasure: technique=reed_sol_van
2019-12-07T19:33:56.619+0000 7fe2c8267700 20 ErasureCodePluginJerasure: factory: {k=2,m=2,plugin=jerasure,technique=reed_sol_van,w=8}
2019-12-07T19:33:56.619+0000 7fe2c9a6a700 10 ErasureCodeClay: parse (q,t,nu)=(2,3,0)
2019-12-07T19:33:56.619+0000 7fe2c8267700 10 ErasureCodeJerasure: technique=reed_sol_van
2019-12-07T19:33:56.619+0000 7fe2c9a6a700 20 ErasureCodePluginJerasure: factory: {k=4,m=2,plugin=jerasure,technique=reed_sol_van,w=8}
2019-12-07T19:33:56.619+0000 7fe2c7265700 10 ErasureCodeClay: parse (q,t,nu)=(2,3,0)
2019-12-07T19:33:56.619+0000 7fe2c9a6a700 10 ErasureCodeJerasure: technique=reed_sol_van
2019-12-07T19:33:56.619+0000 7fe2c7265700 20 ErasureCodePluginJerasure: factory: {k=4,m=2,plugin=jerasure,technique=reed_sol_van,w=8}
2019-12-07T19:33:56.619+0000 7fe2c7265700 10 ErasureCodeJerasure: technique=reed_sol_van
2019-12-07T19:33:56.619+0000 7fe2ca26b700 10 ErasureCodeClay: parse (q,t,nu)=(2,3,0)
2019-12-07T19:33:56.619+0000 7fe2ca26b700 20 ErasureCodePluginJerasure: factory: {k=4,m=2,plugin=jerasure,technique=reed_sol_van,w=8}
2019-12-07T19:33:56.619+0000 7fe2ca26b700 10 ErasureCodeJerasure: technique=reed_sol_van
2019-12-07T19:33:56.619+0000 7fe2c7265700 20 ErasureCodePluginJerasure: factory: {k=2,m=2,plugin=jerasure,technique=reed_sol_van,w=8}
2019-12-07T19:33:56.619+0000 7fe2c7265700 10 ErasureCodeJerasure: technique=reed_sol_van
2019-12-07T19:33:56.619+0000 7fe2ca26b700 20 ErasureCodePluginJerasure: factory: {k=2,m=2,plugin=jerasure,technique=reed_sol_van,w=8}
2019-12-07T19:33:56.619+0000 7fe2ca26b700 10 ErasureCodeJerasure: technique=reed_sol_van
2019-12-07T19:33:56.619+0000 7fe2c7265700 20 osd.0 pg_epoch: 18 pg[1.9(unlocked)] enter NotTrimming
2019-12-07T19:33:56.619+0000 7fe2c7265700 10 bluestore(/var/lib/ceph/osd/ceph-0) _osr_attach 1.9s3_head fresh osr 0x558e811de640
2019-12-07T19:33:56.619+0000 7fe2ca26b700 20 osd.0 pg_epoch: 18 pg[1.b(unlocked)] enter NotTrimming
2019-12-07T19:33:56.619+0000 7fe2ca26b700 10 bluestore(/var/lib/ceph/osd/ceph-0) _osr_attach 1.bs3_head fresh osr 0x558e81795cc0
2019-12-07T19:33:56.619+0000 7fe2c7265700 10 osd.0 pg_epoch: 18 pg[1.9s3( DNE empty local-lis/les=0/0 n=0 ec=0/0 lis/c=0/0 les/c/f=0/0/0 sis=0) []p? r=-1 lpr=0 crt=0'0 unknown mbc={}] init role 3 up [1,4,5,0,7,6] acting [1,4,5,0,7,6] history ec=18/18 lis/c=0/0 les/c/f=0/0/0 sis=18 past_intervals ([0,0] all_participants= intervals=)
2019-12-07T19:33:56.619+0000 7fe2ca26b700 10 osd.0 pg_epoch: 18 pg[1.bs3( DNE empty local-lis/les=0/0 n=0 ec=0/0 lis/c=0/0 les/c/f=0/0/0 sis=0) []p? r=-1 lpr=0 crt=0'0 unknown mbc={}] init role 3 up [4,6,2,0,1,5] acting [4,6,2,0,1,5] history ec=18/18 lis/c=0/0 les/c/f=0/0/0 sis=18 past_intervals ([0,0] all_participants= intervals=)
2019-12-07T19:33:56.619+0000 7fe2c7265700 20 osd.0 pg_epoch: 18 pg[1.9s3( empty local-lis/les=0/0 n=0 ec=18/18 lis/c=0/0 les/c/f=0/0/0 sis=18) [1,4,5,0,7,6]p1(0) r=3 lpr=0 crt=0'0 unknown mbc={}] on_new_interval
2019-12-07T19:33:56.619+0000 7fe2c7265700 20 osd.0 pg_epoch: 18 pg[1.9s3( empty local-lis/les=0/0 n=0 ec=18/18 lis/c=0/0 les/c/f=0/0/0 sis=18) [1,4,5,0,7,6]p1(0) r=3 lpr=0 crt=0'0 unknown mbc={}] on_new_interval checking missing set deletes flag. missing = missing(0 may_include_deletes = 1)
2019-12-07T19:33:56.619+0000 7fe2ca26b700 20 osd.0 pg_epoch: 18 pg[1.bs3( empty local-lis/les=0/0 n=0 ec=18/18 lis/c=0/0 les/c/f=0/0/0 sis=18) [4,6,2,0,1,5]p4(0) r=3 lpr=0 crt=0'0 unknown mbc={}] on_new_interval
2019-12-07T19:33:56.619+0000 7fe2c7265700 10 osd.0 pg_epoch: 18 pg[1.9s3( empty local-lis/les=0/0 n=0 ec=18/18 lis/c=0/0 les/c/f=0/0/0 sis=18) [1,4,5,0,7,6]p1(0) r=3 lpr=0 crt=0'0 unknown mbc={}] init_hb_stamps now [0x558e811d01c0]
2019-12-07T19:33:56.619+0000 7fe2ca26b700 20 osd.0 pg_epoch: 18 pg[1.bs3( empty local-lis/les=0/0 n=0 ec=18/18 lis/c=0/0 les/c/f=0/0/0 sis=18) [4,6,2,0,1,5]p4(0) r=3 lpr=0 crt=0'0 unknown mbc={}] on_new_interval checking missing set deletes flag. missing = missing(0 may_include_deletes = 1)
2019-12-07T19:33:56.619+0000 7fe2c7265700 10 osd.0 pg_epoch: 18 pg[1.9s3( empty local-lis/les=0/0 n=0 ec=18/18 lis/c=0/0 les/c/f=0/0/0 sis=18) [1,4,5,0,7,6]p1(0) r=3 lpr=0 crt=0'0 unknown mbc={}] on_new_interval prior_readable_until_ub 0s (mnow 20.074677946s + 0s)
2019-12-07T19:33:56.619+0000 7fe2ca26b700 10 osd.0 pg_epoch: 18 pg[1.bs3( empty local-lis/les=0/0 n=0 ec=18/18 lis/c=0/0 les/c/f=0/0/0 sis=18) [4,6,2,0,1,5]p4(0) r=3 lpr=0 crt=0'0 unknown mbc={}] init_hb_stamps now [0x558e811d0af0]
2019-12-07T19:33:56.619+0000 7fe2c7265700 10 osd.0 pg_epoch: 18 pg[1.9s3( empty local-lis/les=0/0 n=0 ec=18/18 lis/c=0/0 les/c/f=0/0/0 sis=18) [1,4,5,0,7,6]p1(0) r=3 lpr=0 crt=0'0 unknown mbc={}] cancel_recovery
2019-12-07T19:33:56.619+0000 7fe2ca26b700 10 osd.0 pg_epoch: 18 pg[1.bs3( empty local-lis/les=0/0 n=0 ec=18/18 lis/c=0/0 les/c/f=0/0/0 sis=18) [4,6,2,0,1,5]p4(0) r=3 lpr=0 crt=0'0 unknown mbc={}] on_new_interval prior_readable_until_ub 0s (mnow 20.074685999s + 0s)
2019-12-07T19:33:56.619+0000 7fe2c7265700 10 osd.0 pg_epoch: 18 pg[1.9s3( empty local-lis/les=0/0 n=0 ec=18/18 lis/c=0/0 les/c/f=0/0/0 sis=18) [1,4,5,0,7,6]p1(0) r=3 lpr=0 crt=0'0 unknown mbc={}] clear_recovery_state
2019-12-07T19:33:56.619+0000 7fe2ca26b700 10 osd.0 pg_epoch: 18 pg[1.bs3( empty local-lis/les=0/0 n=0 ec=18/18 lis/c=0/0 les/c/f=0/0/0 sis=18) [4,6,2,0,1,5]p4(0) r=3 lpr=0 crt=0'0 unknown mbc={}] cancel_recovery
2019-12-07T19:33:56.619+0000 7fe2ca26b700 10 osd.0 pg_epoch: 18 pg[1.bs3( empty local-lis/les=0/0 n=0 ec=18/18 lis/c=0/0 les/c/f=0/0/0 sis=18) [4,6,2,0,1,5]p4(0) r=3 lpr=0 crt=0'0 unknown mbc={}] clear_recovery_state
2019-12-07T19:33:56.619+0000 7fe2c7265700 6 write_log_and_missing with: dirty_to: 0'0, dirty_from: 4294967295'18446744073709551615, writeout_from: 4294967295'18446744073709551615, trimmed: , trimmed_dups: , clear_divergent_priors: 0
2019-12-07T19:33:56.619+0000 7fe2ca26b700 6 write_log_and_missing with: dirty_to: 0'0, dirty_from: 4294967295'18446744073709551615, writeout_from: 4294967295'18446744073709551615, trimmed: , trimmed_dups: , clear_divergent_priors: 0
2019-12-07T19:33:56.619+0000 7fe2c7265700 15 bluestore(/var/lib/ceph/osd/ceph-0) set_collection_opts 1.9s3_head options
2019-12-07T19:33:56.619+0000 7fe2c7265700 10 osd.0 pg_epoch: 18 pg[1.9s3( empty local-lis/les=0/0 n=0 ec=18/18 lis/c=0/0 les/c/f=0/0/0 sis=18) [1,4,5,0,7,6]p1(0) r=3 lpr=0 crt=0'0 unknown mbc={}] handle_initialize
2019-12-07T19:33:56.619+0000 7fe2ca26b700 15 bluestore(/var/lib/ceph/osd/ceph-0) set_collection_opts 1.bs3_head options
2019-12-07T19:33:56.619+0000 7fe2ca26b700 10 osd.0 pg_epoch: 18 pg[1.bs3( empty local-lis/les=0/0 n=0 ec=18/18 lis/c=0/0 les/c/f=0/0/0 sis=18) [4,6,2,0,1,5]p4(0) r=3 lpr=0 crt=0'0 unknown mbc={}] handle_initialize
2019-12-07T19:33:56.619+0000 7fe2c7265700 5 osd.0 pg_epoch: 18 pg[1.9s3( empty local-lis/les=0/0 n=0 ec=18/18 lis/c=0/0 les/c/f=0/0/0 sis=18) [1,4,5,0,7,6]p1(0) r=3 lpr=0 crt=0'0 unknown mbc={}] exit Initial
2019-12-07T19:33:56.620030+0000 0 0.000000
2019-12-07T19:33:56.619+0000 7fe2c7265700 5 osd.0 pg_epoch: 18 pg[1.9s3( empty local-lis/les=0/0 n=0 ec=18/18 lis/c=0/0 les/c/f=0/0/0 sis=18) [1,4,5,0,7,6]p1(0) r=3 lpr=0 crt=0'0 unknown mbc={}] enter Reset
2019-12-07T19:33:56.619+0000 7fe2ca26b700 5 osd.0 pg_epoch: 18 pg[1.bs3( empty local-lis/les=0/0 n=0 ec=18/18 lis/c=0/0 les/c/f=0/0/0 sis=18) [4,6,2,0,1,5]p4(0) r=3 lpr=0 crt=0'0 unknown mbc={}] exit Initial
2019-12-07T19:33:56.620038+0000 0 0.000000
2019-12-07T19:33:56.619+0000 7fe2c7265700 20 osd.0 pg_epoch: 18 pg[1.9s3( empty local-lis/les=0/0 n=0 ec=18/18 lis/c=0/0 les/c/f=0/0/0 sis=18) [1,4,5,0,7,6]p1(0) r=3 lpr=0 crt=0'0 unknown mbc={}] set_last_peering_reset 18
2019-12-07T19:33:56.619+0000 7fe2ca26b700 5 osd.0 pg_epoch: 18 pg[1.bs3( empty local-lis/les=0/0 n=0 ec=18/18 lis/c=0/0 les/c/f=0/0/0 sis=18) [4,6,2,0,1,5]p4(0) r=3 lpr=0 crt=0'0 unknown mbc={}] enter Reset
2019-12-07T19:33:56.619+0000 7fe2c7265700 10 osd.0 pg_epoch: 18 pg[1.9s3( empty local-lis/les=0/0 n=0 ec=18/18 lis/c=0/0 les/c/f=0/0/0 sis=18) [1,4,5,0,7,6]p1(0) r=3 lpr=18 crt=0'0 unknown mbc={}] Clearing blocked outgoing recovery messages
2019-12-07T19:33:56.619+0000 7fe2ca26b700 20 osd.0 pg_epoch: 18 pg[1.bs3( empty local-lis/les=0/0 n=0 ec=18/18 lis/c=0/0 les/c/f=0/0/0 sis=18) [4,6,2,0,1,5]p4(0) r=3 lpr=0 crt=0'0 unknown mbc={}] set_last_peering_reset 18
2019-12-07T19:33:56.619+0000 7fe2ca26b700 10 osd.0 pg_epoch: 18 pg[1.bs3( empty local-lis/les=0/0 n=0 ec=18/18 lis/c=0/0 les/c/f=0/0/0 sis=18) [4,6,2,0,1,5]p4(0) r=3 lpr=18 crt=0'0 unknown mbc={}] Clearing blocked outgoing recovery messages
2019-12-07T19:33:56.619+0000 7fe2c7265700 10 osd.0 pg_epoch: 18 pg[1.9s3( empty local-lis/les=0/0 n=0 ec=18/18 lis/c=0/0 les/c/f=0/0/0 sis=18) [1,4,5,0,7,6]p1(0) r=3 lpr=18 crt=0'0 unknown mbc={}] Not blocking outgoing recovery messages
2019-12-07T19:33:56.619+0000 7fe2c7265700 10 osd.0 pg_epoch: 18 pg[1.9s3( empty local-lis/les=0/0 n=0 ec=18/18 lis/c=0/0 les/c/f=0/0/0 sis=18) [1,4,5,0,7,6]p1(0) r=3 lpr=18 crt=0'0 unknown mbc={}] handle_activate_map: 18
2019-12-07T19:33:56.619+0000 7fe2ca26b700 10 osd.0 pg_epoch: 18 pg[1.bs3( empty local-lis/les=0/0 n=0 ec=18/18 lis/c=0/0 les/c/f=0/0/0 sis=18) [4,6,2,0,1,5]p4(0) r=3 lpr=18 crt=0'0 unknown mbc={}] Not blocking outgoing recovery messages
2019-12-07T19:33:56.619+0000 7fe2c7265700 10 osd.0 pg_epoch: 18 pg[1.9s3( empty local-lis/les=0/0 n=0 ec=18/18 lis/c=0/0 les/c/f=0/0/0 sis=18) [1,4,5,0,7,6]p1(0) r=3 lpr=18 crt=0'0 unknown mbc={}] activate_map
2019-12-07T19:33:56.619+0000 7fe2ca26b700 10 osd.0 pg_epoch: 18 pg[1.bs3( empty local-lis/les=0/0 n=0 ec=18/18 lis/c=0/0 les/c/f=0/0/0 sis=18) [4,6,2,0,1,5]p4(0) r=3 lpr=18 crt=0'0 unknown mbc={}] handle_activate_map: 18
2019-12-07T19:33:56.619+0000 7fe2c7265700 5 osd.0 pg_epoch: 18 pg[1.9s3( empty local-lis/les=0/0 n=0 ec=18/18 lis/c=0/0 les/c/f=0/0/0 sis=18) [1,4,5,0,7,6]p1(0) r=3 lpr=18 crt=0'0 unknown mbc={}] exit Reset
2019-12-07T19:33:56.620074+0000 1 0.000035
2019-12-07T19:33:56.619+0000 7fe2ca26b700 10 osd.0 pg_epoch: 18 pg[1.bs3( empty local-lis/les=0/0 n=0 ec=18/18 lis/c=0/0 les/c/f=0/0/0 sis=18) [4,6,2,0,1,5]p4(0) r=3 lpr=18 crt=0'0 unknown mbc={}] activate_map
2019-12-07T19:33:56.619+0000 7fe2c7265700 5 osd.0 pg_epoch: 18 pg[1.9s3( empty local-lis/les=0/0 n=0 ec=18/18 lis/c=0/0 les/c/f=0/0/0 sis=18) [1,4,5,0,7,6]p1(0) r=3 lpr=18 crt=0'0 unknown mbc={}] enter Started
2019-12-07T19:33:56.619+0000 7fe2ca26b700 5 osd.0 pg_epoch: 18 pg[1.bs3( empty local-lis/les=0/0 n=0 ec=18/18 lis/c=0/0 les/c/f=0/0/0 sis=18) [4,6,2,0,1,5]p4(0) r=3 lpr=18 crt=0'0 unknown mbc={}] exit Reset
2019-12-07T19:33:56.620084+0000 1 0.000036
2019-12-07T19:33:56.619+0000 7fe2c7265700 5 osd.0 pg_epoch: 18 pg[1.9s3( empty local-lis/les=0/0 n=0 ec=18/18 lis/c=0/0 les/c/f=0/0/0 sis=18) [1,4,5,0,7,6]p1(0) r=3 lpr=18 crt=0'0 unknown mbc={}] enter Start
2019-12-07T19:33:56.619+0000 7fe2ca26b700 5 osd.0 pg_epoch: 18 pg[1.bs3( empty local-lis/les=0/0 n=0 ec=18/18 lis/c=0/0 les/c/f=0/0/0 sis=18) [4,6,2,0,1,5]p4(0) r=3 lpr=18 crt=0'0 unknown mbc={}] enter Started
2019-12-07T19:33:56.619+0000 7fe2c7265700 1 osd.0 pg_epoch: 18 pg[1.9s3( empty local-lis/les=0/0 n=0 ec=18/18 lis/c=0/0 les/c/f=0/0/0 sis=18) [1,4,5,0,7,6]p1(0) r=3 lpr=18 crt=0'0 unknown mbc={}] state: transitioning to Stray
2019-12-07T19:33:56.619+0000 7fe2ca26b700 5 osd.0 pg_epoch: 18 pg[1.bs3( empty local-lis/les=0/0 n=0 ec=18/18 lis/c=0/0 les/c/f=0/0/0 sis=18) [4,6,2,0,1,5]p4(0) r=3 lpr=18 crt=0'0 unknown mbc={}] enter Start
2019-12-07T19:33:56.619+0000 7fe2c7265700 5 osd.0 pg_epoch: 18 pg[1.9s3( empty local-lis/les=0/0 n=0 ec=18/18 lis/c=0/0 les/c/f=0/0/0 sis=18) [1,4,5,0,7,6]p1(0) r=3 lpr=18 crt=0'0 unknown mbc={}] exit Start
2019-12-07T19:33:56.620097+0000 0 0.000000
2019-12-07T19:33:56.619+0000 7fe2ca26b700 1 osd.0 pg_epoch: 18 pg[1.bs3( empty local-lis/les=0/0 n=0 ec=18/18 lis/c=0/0 les/c/f=0/0/0 sis=18) [4,6,2,0,1,5]p4(0) r=3 lpr=18 crt=0'0 unknown mbc={}] state: transitioning to Stray
2019-12-07T19:33:56.619+0000 7fe2c7265700 5 osd.0 pg_epoch: 18 pg[1.9s3( empty local-lis/les=0/0 n=0 ec=18/18 lis/c=0/0 les/c/f=0/0/0 sis=18) [1,4,5,0,7,6]p1(0) r=3 lpr=18 crt=0'0 unknown mbc={}] enter Started/Stray
2019-12-07T19:33:56.619+0000 7fe2ca26b700 5 osd.0 pg_epoch: 18 pg[1.bs3( empty local-lis/les=0/0 n=0 ec=18/18 lis/c=0/0 les/c/f=0/0/0 sis=18) [4,6,2,0,1,5]p4(0) r=3 lpr=18 crt=0'0 unknown mbc={}] exit Start
2019-12-07T19:33:56.620106+0000 0 0.000000
2019-12-07T19:33:56.619+0000 7fe2c7265700 20 osd.0 pg_epoch: 18 pg[1.9s3( empty local-lis/les=0/0 n=0 ec=18/18 lis/c=0/0 les/c/f=0/0/0 sis=18) [1,4,5,0,7,6]p1(0) r=3 lpr=18 crt=0'0 unknown mbc={}] activate_map: Not dirtying info: last_persisted is 18 while current is 18
2019-12-07T19:33:56.619+0000 7fe2c7265700 10 log is not dirty
2019-12-07T19:33:56.619+0000 7fe2ca26b700 5 osd.0 pg_epoch: 18 pg[1.bs3( empty local-lis/les=0/0 n=0 ec=18/18 lis/c=0/0 les/c/f=0/0/0 sis=18) [4,6,2,0,1,5]p4(0) r=3 lpr=18 crt=0'0 unknown mbc={}] enter Started/Stray
2019-12-07T19:33:56.619+0000 7fe2c7265700 10 bluestore(/var/lib/ceph/osd/ceph-0) queue_transactions ch 0x558e819b0b40 1.9s3_head
2019-12-07T19:33:56.619+0000 7fe2c7265700 20 bluestore(/var/lib/ceph/osd/ceph-0) _txc_create osr 0x558e811de640 = 0x558e81a0b500 seq 1
2019-12-07T19:33:56.619+0000 7fe2ca26b700 20 osd.0 pg_epoch: 18 pg[1.bs3( empty local-lis/les=0/0 n=0 ec=18/18 lis/c=0/0 les/c/f=0/0/0 sis=18) [4,6,2,0,1,5]p4(0) r=3 lpr=18 crt=0'0 unknown mbc={}] activate_map: Not dirtying info: last_persisted is 18 while current is 18
2019-12-07T19:33:56.619+0000 7fe2c7265700 15 bluestore(/var/lib/ceph/osd/ceph-0) _create_collection 1.9s3_head bits 4
2019-12-07T19:33:56.619+0000 7fe2ca26b700 10 log is not dirty
2019-12-07T19:33:56.619+0000 7fe2ca26b700 10 bluestore(/var/lib/ceph/osd/ceph-0) queue_transactions ch 0x558e819c41e0 1.bs3_head
2019-12-07T19:33:56.619+0000 7fe2ca26b700 20 bluestore(/var/lib/ceph/osd/ceph-0) _txc_create osr 0x558e81795cc0 = 0x558e81a0bb00 seq 1
2019-12-07T19:33:56.619+0000 7fe2c7265700 10 bluestore(/var/lib/ceph/osd/ceph-0) _create_collection 1.9s3_head bits 4 = 0
2019-12-07T19:33:56.619+0000 7fe2ca26b700 15 bluestore(/var/lib/ceph/osd/ceph-0) _create_collection 1.bs3_head bits 4
2019-12-07T19:33:56.619+0000 7fe2c7265700 10 bluestore(/var/lib/ceph/osd/ceph-0) _txc_add_transaction collection hint objects is a no-op, pg_num 16 num_objects 0
2019-12-07T19:33:56.619+0000 7fe2ca26b700 10 bluestore(/var/lib/ceph/osd/ceph-0) _create_collection 1.bs3_head bits 4 = 0
2019-12-07T19:33:56.619+0000 7fe2c7265700 20 bluestore(/var/lib/ceph/osd/ceph-0).collection(1.9s3_head 0x558e819b0b40) get_onode oid 3#1:90000000::::head# key 0x8380000000000000019000000021213dfffffffffffffffeffffffffffffffff'o'
2019-12-07T19:33:56.619+0000 7fe2ca26b700 10 bluestore(/var/lib/ceph/osd/ceph-0) _txc_add_transaction collection hint objects is a no-op, pg_num 16 num_objects 0
2019-12-07T19:33:56.619+0000 7fe2ca26b700 20 bluestore(/var/lib/ceph/osd/ceph-0).collection(1.bs3_head 0x558e819c41e0) get_onode oid 3#1:d0000000::::head# key 0x838000000000000001d000000021213dfffffffffffffffeffffffffffffffff'o'
2019-12-07T19:33:56.619+0000 7fe2c7265700 20 bluestore(/var/lib/ceph/osd/ceph-0).collection(1.9s3_head 0x558e819b0b40) r -2 v.len 0
2019-12-07T19:33:56.619+0000 7fe2c7265700 15 bluestore(/var/lib/ceph/osd/ceph-0) _touch 1.9s3_head 3#1:90000000::::head#
2019-12-07T19:33:56.619+0000 7fe2c7265700 20 bluestore(/var/lib/ceph/osd/ceph-0) _assign_nid 1069
2019-12-07T19:33:56.619+0000 7fe2ca26b700 20 bluestore(/var/lib/ceph/osd/ceph-0).collection(1.bs3_head 0x558e819c41e0) r -2 v.len 0
2019-12-07T19:33:56.619+0000 7fe2c7265700 10 bluestore(/var/lib/ceph/osd/ceph-0) _touch 1.9s3_head 3#1:90000000::::head# = 0
2019-12-07T19:33:56.619+0000 7fe2c7265700 15 bluestore(/var/lib/ceph/osd/ceph-0) _omap_setkeys 1.9s3_head 3#1:90000000::::head#
2019-12-07T19:33:56.619+0000 7fe2ca26b700 15 bluestore(/var/lib/ceph/osd/ceph-0) _touch 1.bs3_head 3#1:d0000000::::head#
2019-12-07T19:33:56.619+0000 7fe2ca26b700 20 bluestore(/var/lib/ceph/osd/ceph-0) _assign_nid 1070
2019-12-07T19:33:56.619+0000 7fe2c7265700 20 bluestore(/var/lib/ceph/osd/ceph-0) _omap_setkeys 0x000000000000042d'._infover' <- _infover
2019-12-07T19:33:56.619+0000 7fe2ca26b700 10 bluestore(/var/lib/ceph/osd/ceph-0) _touch 1.bs3_head 3#1:d0000000::::head# = 0
2019-12-07T19:33:56.619+0000 7fe2c7265700 10 bluestore(/var/lib/ceph/osd/ceph-0) _omap_setkeys 1.9s3_head 3#1:90000000::::head# = 0
2019-12-07T19:33:56.619+0000 7fe2ca26b700 15 bluestore(/var/lib/ceph/osd/ceph-0) _omap_setkeys 1.bs3_head 3#1:d0000000::::head#
2019-12-07T19:33:56.619+0000 7fe2c7265700 15 bluestore(/var/lib/ceph/osd/ceph-0) _touch 1.9s3_head 3#1:90000000::::head#
2019-12-07T19:33:56.619+0000 7fe2c7265700 10 bluestore(/var/lib/ceph/osd/ceph-0) _touch 1.9s3_head 3#1:90000000::::head# = 0
2019-12-07T19:33:56.619+0000 7fe2c7265700 15 bluestore(/var/lib/ceph/osd/ceph-0) _omap_setkeys 1.9s3_head 3#1:90000000::::head#
2019-12-07T19:33:56.619+0000 7fe2ca26b700 20 bluestore(/var/lib/ceph/osd/ceph-0) _omap_setkeys 0x000000000000042e'._infover' <- _infover
2019-12-07T19:33:56.619+0000 7fe2c7265700 20 bluestore(/var/lib/ceph/osd/ceph-0) _omap_setkeys 0x000000000000042d'._biginfo' <- _biginfo
2019-12-07T19:33:56.619+0000 7fe2ca26b700 10 bluestore(/var/lib/ceph/osd/ceph-0) _omap_setkeys 1.bs3_head 3#1:d0000000::::head# = 0
2019-12-07T19:33:56.619+0000 7fe2ca26b700 15 bluestore(/var/lib/ceph/osd/ceph-0) _touch 1.bs3_head 3#1:d0000000::::head#
2019-12-07T19:33:56.619+0000 7fe2c7265700 20 bluestore(/var/lib/ceph/osd/ceph-0) _omap_setkeys 0x000000000000042d'._epoch' <- _epoch
2019-12-07T19:33:56.619+0000 7fe2ca26b700 10 bluestore(/var/lib/ceph/osd/ceph-0) _touch 1.bs3_head 3#1:d0000000::::head# = 0
2019-12-07T19:33:56.619+0000 7fe2c7265700 20 bluestore(/var/lib/ceph/osd/ceph-0) _omap_setkeys 0x000000000000042d'._info' <- _info
2019-12-07T19:33:56.619+0000 7fe2ca26b700 15 bluestore(/var/lib/ceph/osd/ceph-0) _omap_setkeys 1.bs3_head 3#1:d0000000::::head#
2019-12-07T19:33:56.619+0000 7fe2ca26b700 20 bluestore(/var/lib/ceph/osd/ceph-0) _omap_setkeys 0x000000000000042e'._biginfo' <- _biginfo
2019-12-07T19:33:56.619+0000 7fe2c7265700 20 bluestore(/var/lib/ceph/osd/ceph-0) _omap_setkeys 0x000000000000042d'.can_rollback_to' <- can_rollback_to
2019-12-07T19:33:56.619+0000 7fe2ca26b700 20 bluestore(/var/lib/ceph/osd/ceph-0) _omap_setkeys 0x000000000000042e'._epoch' <- _epoch
2019-12-07T19:33:56.619+0000 7fe2c7265700 20 bluestore(/var/lib/ceph/osd/ceph-0) _omap_setkeys 0x000000000000042d'.may_include_deletes_in_missing' <- may_include_deletes_in_missing
2019-12-07T19:33:56.619+0000 7fe2ca26b700 20 bluestore(/var/lib/ceph/osd/ceph-0) _omap_setkeys 0x000000000000042e'._info' <- _info
2019-12-07T19:33:56.619+0000 7fe2c7265700 20 bluestore(/var/lib/ceph/osd/ceph-0) _omap_setkeys 0x000000000000042d'.rollback_info_trimmed_to' <- rollback_info_trimmed_to
2019-12-07T19:33:56.619+0000 7fe2ca26b700 20 bluestore(/var/lib/ceph/osd/ceph-0) _omap_setkeys 0x000000000000042e'.can_rollback_to' <- can_rollback_to
2019-12-07T19:33:56.619+0000 7fe2c7265700 10 bluestore(/var/lib/ceph/osd/ceph-0) _omap_setkeys 1.9s3_head 3#1:90000000::::head# = 0
2019-12-07T19:33:56.619+0000 7fe2c7265700 10 bluestore(/var/lib/ceph/osd/ceph-0) _txc_calc_cost 0x558e81a0b500 cost 5773 (1 ios * 4000 + 1773 bytes)
2019-12-07T19:33:56.619+0000 7fe2ca26b700 20 bluestore(/var/lib/ceph/osd/ceph-0) _omap_setkeys 0x000000000000042e'.may_include_deletes_in_missing' <- may_include_deletes_in_missing
2019-12-07T19:33:56.619+0000 7fe2c7265700 20 bluestore(/var/lib/ceph/osd/ceph-0) _txc_write_nodes txc 0x558e81a0b500 onodes 0x558e81a02280 shared_blobs
2019-12-07T19:33:56.619+0000 7fe2ca26b700 20 bluestore(/var/lib/ceph/osd/ceph-0) _omap_setkeys 0x000000000000042e'.rollback_info_trimmed_to' <- rollback_info_trimmed_to
2019-12-07T19:33:56.619+0000 7fe2c7265700 20 bluestore.extentmap(0x558e81a02388) update 3#1:90000000::::head#
2019-12-07T19:33:56.619+0000 7fe2ca26b700 10 bluestore(/var/lib/ceph/osd/ceph-0) _omap_setkeys 1.bs3_head 3#1:d0000000::::head# = 0
2019-12-07T19:33:56.619+0000 7fe2c7265700 20 bluestore.extentmap(0x558e81a02388) update inline shard 2 bytes from 0 extents
2019-12-07T19:33:56.619+0000 7fe2ca26b700 10 bluestore(/var/lib/ceph/osd/ceph-0) _txc_calc_cost 0x558e81a0bb00 cost 5773 (1 ios * 4000 + 1773 bytes)
2019-12-07T19:33:56.619+0000 7fe2c7265700 20 bluestore(/var/lib/ceph/osd/ceph-0) _record_onode onode 3#1:90000000::::head# is 29 (21 bytes onode + 2 bytes spanning blobs + 6 bytes inline extents)
2019-12-07T19:33:56.619+0000 7fe2ca26b700 20 bluestore(/var/lib/ceph/osd/ceph-0) _txc_write_nodes txc 0x558e81a0bb00 onodes 0x558e81a02500 shared_blobs
2019-12-07T19:33:56.619+0000 7fe2ca26b700 20 bluestore.extentmap(0x558e81a02608) update 3#1:d0000000::::head#
2019-12-07T19:33:56.619+0000 7fe2c7265700 20 bluestore(/var/lib/ceph/osd/ceph-0) _txc_finalize_kv txc 0x558e81a0b500 allocated 0x[] released 0x[]
2019-12-07T19:33:56.619+0000 7fe2ca26b700 20 bluestore.extentmap(0x558e81a02608) update inline shard 2 bytes from 0 extents
2019-12-07T19:33:56.619+0000 7fe2ca26b700 20 bluestore(/var/lib/ceph/osd/ceph-0) _record_onode onode 3#1:d0000000::::head# is 29 (21 bytes onode + 2 bytes spanning blobs + 6 bytes inline extents)
2019-12-07T19:33:56.619+0000 7fe2ca26b700 20 bluestore(/var/lib/ceph/osd/ceph-0) _txc_finalize_kv txc 0x558e81a0bb00 allocated 0x[] released 0x[]
2019-12-07T19:33:56.619+0000 7fe2c7265700 10 bluestore(/var/lib/ceph/osd/ceph-0) _txc_state_proc txc 0x558e81a0b500 prepare
2019-12-07T19:33:56.619+0000 7fe2c7265700 20 bluestore(/var/lib/ceph/osd/ceph-0) _txc_finish_io 0x558e81a0b500
2019-12-07T19:33:56.619+0000 7fe2c7265700 10 bluestore(/var/lib/ceph/osd/ceph-0) _txc_state_proc txc 0x558e81a0b500 io_done
2019-12-07T19:33:56.619+0000 7fe2ca26b700 10 bluestore(/var/lib/ceph/osd/ceph-0) _txc_state_proc txc 0x558e81a0bb00 prepare
2019-12-07T19:33:56.619+0000 7fe2ca26b700 20 bluestore(/var/lib/ceph/osd/ceph-0) _txc_finish_io 0x558e81a0bb00
2019-12-07T19:33:56.619+0000 7fe2ca26b700 10 bluestore(/var/lib/ceph/osd/ceph-0) _txc_state_proc txc 0x558e81a0bb00 io_done
2019-12-07T19:33:56.619+0000 7fe2c8a68700 10 ErasureCodeClay: parse (q,t,nu)=(2,3,0)
2019-12-07T19:33:56.619+0000 7fe2c7265700 10 osd.0 19 handle_pg_create_info new pg pg[1.9s3( empty local-lis/les=0/0 n=0 ec=18/18 lis/c=0/0 les/c/f=0/0/0 sis=18) [1,4,5,0,7,6]p1(0) r=3 lpr=18 crt=0'0 unknown mbc={}]
2019-12-07T19:33:56.619+0000 7fe2c7265700 10 osd.0:1._attach_pg 1.9s3 0x558e8192b000
2019-12-07T19:33:56.619+0000 7fe2c7265700 20 osd.0:1._wake_pg_slot _wake_pg_slot 1.9s3 to_process <> waiting <> waiting_peering {}
2019-12-07T19:33:56.619+0000 7fe2c8a68700 20 ErasureCodePluginJerasure: factory: {k=4,m=2,plugin=jerasure,technique=reed_sol_van,w=8}
2019-12-07T19:33:56.619+0000 7fe2c8a68700 10 ErasureCodeJerasure: technique=reed_sol_van
2019-12-07T19:33:56.619+0000 7fe2c7265700 20 osd.0 19 identify_splits_and_merges 1.9s3 e18 to e19 pg_nums {18=16}
2019-12-07T19:33:56.619+0000 7fe2c7265700 10 osd.0:1._prime_splits
2019-12-07T19:33:56.619+0000 7fe2ca26b700 10 osd.0 19 handle_pg_create_info new pg pg[1.bs3( empty local-lis/les=0/0 n=0 ec=18/18 lis/c=0/0 les/c/f=0/0/0 sis=18) [4,6,2,0,1,5]p4(0) r=3 lpr=18 crt=0'0 unknown mbc={}]
2019-12-07T19:33:56.619+0000 7fe2c8a68700 20 ErasureCodePluginJerasure: factory: {k=2,m=2,plugin=jerasure,technique=reed_sol_van,w=8}
2019-12-07T19:33:56.619+0000 7fe2c8a68700 10 ErasureCodeJerasure: technique=reed_sol_van
2019-12-07T19:33:56.619+0000 7fe2ca26b700 10 osd.0:3._attach_pg 1.bs3 0x558e81928000
2019-12-07T19:33:56.619+0000 7fe2ca26b700 20 osd.0:3._wake_pg_slot _wake_pg_slot 1.bs3 to_process <> waiting <> waiting_peering {}
2019-12-07T19:33:56.619+0000 7fe2ca26b700 20 osd.0 19 identify_splits_and_merges 1.bs3 e18 to e19 pg_nums {18=16}
2019-12-07T19:33:56.619+0000 7fe2ca26b700 10 osd.0:3._prime_splits
2019-12-07T19:33:56.619+0000 7fe2c7265700 10 osd.0 pg_epoch: 18 pg[1.9s3( empty local-lis/les=0/0 n=0 ec=18/18 lis/c=0/0 les/c/f=0/0/0 sis=18) [1,4,5,0,7,6]p1(0) r=3 lpr=18 crt=0'0 unknown mbc={}] handle_advance_map: 19
2019-12-07T19:33:56.619+0000 7fe2c7265700 20 osd.0:1.update_pg_epoch 1.9s3 18 -> 19
2019-12-07T19:33:56.619+0000 7fe2c8a68700 20 osd.0 pg_epoch: 18 pg[1.e(unlocked)] enter NotTrimming
2019-12-07T19:33:56.619+0000 7fe2c7265700 10 osd.0 pg_epoch: 18 pg[1.9s3( empty local-lis/les=0/0 n=0 ec=18/18 lis/c=0/0 les/c/f=0/0/0 sis=18) [1,4,5,0,7,6]p1(0) r=3 lpr=18 crt=0'0 unknown mbc={}] handle_advance_map [1,4,5,0,7,6]/[1,4,5,0,7,6] -- 1/1
2019-12-07T19:33:56.619+0000 7fe2c8a68700 10 bluestore(/var/lib/ceph/osd/ceph-0) _osr_attach 1.es4_head fresh osr 0x558e811df7c0
2019-12-07T19:33:56.619+0000 7fe2c7265700 10 osd.0 pg_epoch: 19 pg[1.9s3( empty local-lis/les=0/0 n=0 ec=18/18 lis/c=0/0 les/c/f=0/0/0 sis=18) [1,4,5,0,7,6]p1(0) r=3 lpr=18 crt=0'0 unknown mbc={}] state: Started advmap
2019-12-07T19:33:56.619+0000 7fe2ca26b700 10 osd.0 pg_epoch: 18 pg[1.bs3( empty local-lis/les=0/0 n=0 ec=18/18 lis/c=0/0 les/c/f=0/0/0 sis=18) [4,6,2,0,1,5]p4(0) r=3 lpr=18 crt=0'0 unknown mbc={}] handle_advance_map: 19
2019-12-07T19:33:56.619+0000 7fe2ca26b700 20 osd.0:3.update_pg_epoch 1.bs3 18 -> 19
2019-12-07T19:33:56.619+0000 7fe2c8a68700 10 osd.0 pg_epoch: 18 pg[1.es4( DNE empty local-lis/les=0/0 n=0 ec=0/0 lis/c=0/0 les/c/f=0/0/0 sis=0) []p? r=-1 lpr=0 crt=0'0 unknown mbc={}] init role 4 up [1,3,4,5,0,6] acting [1,3,4,5,0,6] history ec=18/18 lis/c=0/0 les/c/f=0/0/0 sis=18 past_intervals ([0,0] all_participants= intervals=)
2019-12-07T19:33:56.619+0000 7fe2c7265700 10 osd.0 pg_epoch: 19 pg[1.9s3( empty local-lis/les=0/0 n=0 ec=18/18 lis/c=0/0 les/c/f=0/0/0 sis=18) [1,4,5,0,7,6]p1(0) r=3 lpr=18 crt=0'0 unknown mbc={}] check_recovery_sources no source osds () went down
2019-12-07T19:33:56.619+0000 7fe2c7265700 15 bluestore(/var/lib/ceph/osd/ceph-0) set_collection_opts 1.9s3_head options
2019-12-07T19:33:56.619+0000 7fe2ca26b700 10 osd.0 pg_epoch: 18 pg[1.bs3( empty local-lis/les=0/0 n=0 ec=18/18 lis/c=0/0 les/c/f=0/0/0 sis=18) [4,6,2,0,1,5]p4(0) r=3 lpr=18 crt=0'0 unknown mbc={}] handle_advance_map [4,6,2,0,1,5]/[4,6,2,0,1,5] -- 4/4
2019-12-07T19:33:56.619+0000 7fe2c8a68700 20 osd.0 pg_epoch: 18 pg[1.es4( empty local-lis/les=0/0 n=0 ec=18/18 lis/c=0/0 les/c/f=0/0/0 sis=18) [1,3,4,5,0,6]p1(0) r=4 lpr=0 crt=0'0 unknown mbc={}] on_new_interval
2019-12-07T19:33:56.619+0000 7fe2c7265700 10 osd.0 pg_epoch: 19 pg[1.9s3( empty local-lis/les=0/0 n=0 ec=18/18 lis/c=0/0 les/c/f=0/0/0 sis=18) [1,4,5,0,7,6]p1(0) r=3 lpr=18 crt=0'0 unknown mbc={}] plpg_on_pool_change
2019-12-07T19:33:56.619+0000 7fe2c8a68700 20 osd.0 pg_epoch: 18 pg[1.es4( empty local-lis/les=0/0 n=0 ec=18/18 lis/c=0/0 les/c/f=0/0/0 sis=18) [1,3,4,5,0,6]p1(0) r=4 lpr=0 crt=0'0 unknown mbc={}] on_new_interval checking missing set deletes flag. missing = missing(0 may_include_deletes = 1)
2019-12-07T19:33:56.619+0000 7fe2c7265700 20 osd.0 pg_epoch: 19 pg[1.9s3( empty local-lis/les=0/0 n=0 ec=18/18 lis/c=0/0 les/c/f=0/0/0 sis=18) [1,4,5,0,7,6]p1(0) r=3 lpr=18 crt=0'0 unknown mbc={}] hit_set_clear
2019-12-07T19:33:56.619+0000 7fe2ca26b700 10 osd.0 pg_epoch: 19 pg[1.bs3( empty local-lis/les=0/0 n=0 ec=18/18 lis/c=0/0 les/c/f=0/0/0 sis=18) [4,6,2,0,1,5]p4(0) r=3 lpr=18 crt=0'0 unknown mbc={}] state: Started advmap
2019-12-07T19:33:56.619+0000 7fe2c7265700 20 osd.0 pg_epoch: 19 pg[1.9s3( empty local-lis/les=0/0 n=0 ec=18/18 lis/c=0/0 les/c/f=0/0/0 sis=18) [1,4,5,0,7,6]p1(0) r=3 lpr=18 crt=0'0 unknown mbc={}] agent_stop
2019-12-07T19:33:56.619+0000 7fe2c8a68700 10 osd.0 pg_epoch: 18 pg[1.es4( empty local-lis/les=0/0 n=0 ec=18/18 lis/c=0/0 les/c/f=0/0/0 sis=18) [1,3,4,5,0,6]p1(0) r=4 lpr=0 crt=0'0 unknown mbc={}] init_hb_stamps now [0x558e811d01c0]
2019-12-07T19:33:56.619+0000 7fe2c7265700 20 osd.0 19 advance_pg new pool opts old pool opts
2019-12-07T19:33:56.619+0000 7fe2ca26b700 10 osd.0 pg_epoch: 19 pg[1.bs3( empty local-lis/les=0/0 n=0 ec=18/18 lis/c=0/0 les/c/f=0/0/0 sis=18) [4,6,2,0,1,5]p4(0) r=3 lpr=18 crt=0'0 unknown mbc={}] check_recovery_sources no source osds () went down
2019-12-07T19:33:56.619+0000 7fe2ca26b700 15 bluestore(/var/lib/ceph/osd/ceph-0) set_collection_opts 1.bs3_head options
2019-12-07T19:33:56.619+0000 7fe2c8a68700 10 osd.0 pg_epoch: 18 pg[1.es4( empty local-lis/les=0/0 n=0 ec=18/18 lis/c=0/0 les/c/f=0/0/0 sis=18) [1,3,4,5,0,6]p1(0) r=4 lpr=0 crt=0'0 unknown mbc={}] on_new_interval prior_readable_until_ub 0s (mnow 20.074994052s + 0s)
2019-12-07T19:33:56.619+0000 7fe2c7265700 10 osd.0 pg_epoch: 19 pg[1.9s3( empty local-lis/les=0/0 n=0 ec=18/18 lis/c=0/0 les/c/f=0/0/0 sis=18) [1,4,5,0,7,6]p1(0) r=3 lpr=18 crt=0'0 unknown mbc={}] handle_activate_map: 19
2019-12-07T19:33:56.619+0000 7fe2c8a68700 10 osd.0 pg_epoch: 18 pg[1.es4( empty local-lis/les=0/0 n=0 ec=18/18 lis/c=0/0 les/c/f=0/0/0 sis=18) [1,3,4,5,0,6]p1(0) r=4 lpr=0 crt=0'0 unknown mbc={}] cancel_recovery
2019-12-07T19:33:56.619+0000 7fe2c7265700 10 osd.0 pg_epoch: 19 pg[1.9s3( empty local-lis/les=0/0 n=0 ec=18/18 lis/c=0/0 les/c/f=0/0/0 sis=18) [1,4,5,0,7,6]p1(0) r=3 lpr=18 crt=0'0 unknown mbc={}] activate_map
2019-12-07T19:33:56.619+0000 7fe2ca26b700 10 osd.0 pg_epoch: 19 pg[1.bs3( empty local-lis/les=0/0 n=0 ec=18/18 lis/c=0/0 les/c/f=0/0/0 sis=18) [4,6,2,0,1,5]p4(0) r=3 lpr=18 crt=0'0 unknown mbc={}] plpg_on_pool_change
2019-12-07T19:33:56.619+0000 7fe2c8a68700 10 osd.0 pg_epoch: 18 pg[1.es4( empty local-lis/les=0/0 n=0 ec=18/18 lis/c=0/0 les/c/f=0/0/0 sis=18) [1,3,4,5,0,6]p1(0) r=4 lpr=0 crt=0'0 unknown mbc={}] clear_recovery_state
2019-12-07T19:33:56.619+0000 7fe2c7265700 20 osd.0 pg_epoch: 19 pg[1.9s3( empty local-lis/les=0/0 n=0 ec=18/18 lis/c=0/0 les/c/f=0/0/0 sis=18) [1,4,5,0,7,6]p1(0) r=3 lpr=18 crt=0'0 unknown mbc={}] activate_map: Not dirtying info: last_persisted is 18 while current is 19
2019-12-07T19:33:56.619+0000 7fe2c7265700 10 log is not dirty
2019-12-07T19:33:56.619+0000 7fe2ca26b700 20 osd.0 pg_epoch: 19 pg[1.bs3( empty local-lis/les=0/0 n=0 ec=18/18 lis/c=0/0 les/c/f=0/0/0 sis=18) [4,6,2,0,1,5]p4(0) r=3 lpr=18 crt=0'0 unknown mbc={}] hit_set_clear
2019-12-07T19:33:56.619+0000 7fe2c7265700 10 osd.0 pg_epoch: 19 pg[1.9s3( empty local-lis/les=0/0 n=0 ec=18/18 lis/c=0/0 les/c/f=0/0/0 sis=18) [1,4,5,0,7,6]p1(0) r=3 lpr=18 crt=0'0 unknown mbc={}] do_peering_event: epoch_sent: 19 epoch_requested: 18 MLogRec from 1(0) log log((0'0,0'0], crt=0'0) pi ([0,0] all_participants= intervals=) pg_lease(ru 0s ub 36.074537935s int 16s) +create_info
2019-12-07T19:33:56.619+0000 7fe2ca26b700 20 osd.0 pg_epoch: 19 pg[1.bs3( empty local-lis/les=0/0 n=0 ec=18/18 lis/c=0/0 les/c/f=0/0/0 sis=18) [4,6,2,0,1,5]p4(0) r=3 lpr=18 crt=0'0 unknown mbc={}] agent_stop
2019-12-07T19:33:56.619+0000 7fe2ca26b700 20 osd.0 19 advance_pg new pool opts old pool opts
2019-12-07T19:33:56.619+0000 7fe2c8a68700 6 write_log_and_missing with: dirty_to: 0'0, dirty_from: 4294967295'18446744073709551615, writeout_from: 4294967295'18446744073709551615, trimmed: , trimmed_dups: , clear_divergent_priors: 0
2019-12-07T19:33:56.619+0000 7fe2c7265700 10 osd.0 pg_epoch: 19 pg[1.9s3( empty local-lis/les=0/0 n=0 ec=18/18 lis/c=0/0 les/c/f=0/0/0 sis=18) [1,4,5,0,7,6]p1(0) r=3 lpr=18 crt=0'0 unknown mbc={}] state: got info+log from osd.1(0) 1.9s0( empty local-lis/les=18/19 n=0 ec=18/18 lis/c=0/0 les/c/f=0/0/0 sis=18) log((0'0,0'0], crt=0'0)
2019-12-07T19:33:56.619+0000 7fe2ca26b700 10 osd.0 pg_epoch: 19 pg[1.bs3( empty local-lis/les=0/0 n=0 ec=18/18 lis/c=0/0 les/c/f=0/0/0 sis=18) [4,6,2,0,1,5]p4(0) r=3 lpr=18 crt=0'0 unknown mbc={}] handle_activate_map: 19
2019-12-07T19:33:56.619+0000 7fe2c7265700 10 merge_log log((0'0,0'0], crt=0'0) from osd.1(0) into log((0'0,0'0], crt=0'0)
2019-12-07T19:33:56.619+0000 7fe2c7265700 10 merge_log result log((0'0,0'0], crt=0'0) missing(0 may_include_deletes = 1) changed=0
2019-12-07T19:33:56.619+0000 7fe2c8a68700 15 bluestore(/var/lib/ceph/osd/ceph-0) set_collection_opts 1.es4_head options
2019-12-07T19:33:56.619+0000 7fe2ca26b700 10 osd.0 pg_epoch: 19 pg[1.bs3( empty local-lis/les=0/0 n=0 ec=18/18 lis/c=0/0 les/c/f=0/0/0 sis=18) [4,6,2,0,1,5]p4(0) r=3 lpr=18 crt=0'0 unknown mbc={}] activate_map
2019-12-07T19:33:56.619+0000 7fe2ca26b700 20 osd.0 pg_epoch: 19 pg[1.bs3( empty local-lis/les=0/0 n=0 ec=18/18 lis/c=0/0 les/c/f=0/0/0 sis=18) [4,6,2,0,1,5]p4(0) r=3 lpr=18 crt=0'0 unknown mbc={}] activate_map: Not dirtying info: last_persisted is 18 while current is 19
2019-12-07T19:33:56.619+0000 7fe2ca26b700 10 log is not dirty
2019-12-07T19:33:56.619+0000 7fe2c6263700 20 osd.0 op_wq(3) _process empty q, waiting
2019-12-07T19:33:56.619+0000 7fe2ca26b700 10 osd.0 pg_epoch: 19 pg[1.bs3( empty local-lis/les=0/0 n=0 ec=18/18 lis/c=0/0 les/c/f=0/0/0 sis=18) [4,6,2,0,1,5]p4(0) r=3 lpr=18 crt=0'0 unknown mbc={}] do_peering_event: epoch_sent: 19 epoch_requested: 18 MLogRec from 4(0) log log((0'0,0'0], crt=0'0) pi ([0,0] all_participants= intervals=) pg_lease(ru 0s ub 36.063561597s int 16s) +create_info
2019-12-07T19:33:56.619+0000 7fe2ca26b700 10 osd.0 pg_epoch: 19 pg[1.bs3( empty local-lis/les=0/0 n=0 ec=18/18 lis/c=0/0 les/c/f=0/0/0 sis=18) [4,6,2,0,1,5]p4(0) r=3 lpr=18 crt=0'0 unknown mbc={}] state: got info+log from osd.4(0) 1.bs0( empty local-lis/les=18/19 n=0 ec=18/18 lis/c=0/0 les/c/f=0/0/0 sis=18) log((0'0,0'0], crt=0'0)
2019-12-07T19:33:56.619+0000 7fe2ca26b700 10 merge_log log((0'0,0'0], crt=0'0) from osd.4(0) into log((0'0,0'0], crt=0'0)
2019-12-07T19:33:56.619+0000 7fe2ca26b700 10 merge_log result log((0'0,0'0], crt=0'0) missing(0 may_include_deletes = 1) changed=0
2019-12-07T19:33:56.619+0000 7fe2ca26b700 10 osd.0 pg_epoch: 19 pg[1.bs3( empty local-lis/les=0/0 n=0 ec=18/18 lis/c=0/0 les/c/f=0/0/0 sis=18) [4,6,2,0,1,5]p4(0) r=3 lpr=18 crt=0'0 unknown mbc={}] proc_lease pg_lease(ru 0s ub 36.063561597s int 16s)
2019-12-07T19:33:56.619+0000 7fe2ca26b700 20 osd.0 pg_epoch: 19 pg[1.bs3( empty local-lis/les=0/0 n=0 ec=18/18 lis/c=0/0 les/c/f=0/0/0 sis=18) [4,6,2,0,1,5]p4(0) r=3 lpr=18 crt=0'0 unknown mbc={}] peer_clock_delta_lb 18446744073.703827048s -> ruub 36.069286165s
2019-12-07T19:33:56.619+0000 7fe2ca26b700 20 osd.0 pg_epoch: 19 pg[1.bs3( empty local-lis/les=0/0 n=0 ec=18/18 lis/c=0/0 les/c/f=0/0/0 sis=18) [4,6,2,0,1,5]p4(0) r=3 lpr=18 crt=0'0 unknown mbc={}] proc_lease readable_until_ub now 36.069286165s
2019-12-07T19:33:56.619+0000 7fe2c8a68700 10 osd.0 pg_epoch: 18 pg[1.es4( empty local-lis/les=0/0 n=0 ec=18/18 lis/c=0/0 les/c/f=0/0/0 sis=18) [1,3,4,5,0,6]p1(0) r=4 lpr=0 crt=0'0 unknown mbc={}] handle_initialize
2019-12-07T19:33:56.619+0000 7fe2ca26b700 5 osd.0 pg_epoch: 19 pg[1.bs3( empty local-lis/les=0/0 n=0 ec=18/18 lis/c=0/0 les/c/f=0/0/0 sis=18) [4,6,2,0,1,5]p4(0) r=3 lpr=18 crt=0'0 unknown mbc={}] exit Started/Stray
2019-12-07T19:33:56.620396+0000 3 0.000049
2019-12-07T19:33:56.619+0000 7fe2ca26b700 5 osd.0 pg_epoch: 19 pg[1.bs3( empty local-lis/les=0/0 n=0 ec=18/18 lis/c=0/0 les/c/f=0/0/0 sis=18) [4,6,2,0,1,5]p4(0) r=3 lpr=18 crt=0'0 unknown mbc={}] enter Started/ReplicaActive
2019-12-07T19:33:56.619+0000 7fe2ca26b700 5 osd.0 pg_epoch: 19 pg[1.bs3( empty local-lis/les=0/0 n=0 ec=18/18 lis/c=0/0 les/c/f=0/0/0 sis=18) [4,6,2,0,1,5]p4(0) r=3 lpr=18 crt=0'0 unknown mbc={}] enter Started/ReplicaActive/RepNotRecovering
2019-12-07T19:33:56.619+0000 7fe2c8a68700 5 osd.0 pg_epoch: 18 pg[1.es4( empty local-lis/les=0/0 n=0 ec=18/18 lis/c=0/0 les/c/f=0/0/0 sis=18) [1,3,4,5,0,6]p1(0) r=4 lpr=0 crt=0'0 unknown mbc={}] exit Initial
2019-12-07T19:33:56.620405+0000 0 0.000000
2019-12-07T19:33:56.619+0000 7fe2ca26b700 10 osd.0 pg_epoch: 19 pg[1.bs3( empty local-lis/les=0/0 n=0 ec=18/18 lis/c=0/0 les/c/f=0/0/0 sis=18) [4,6,2,0,1,5]p4(0) r=3 lpr=18 crt=0'0 unknown mbc={}] state: In ReplicaActive, about to call activate
2019-12-07T19:33:56.619+0000 7fe2c8a68700 5 osd.0 pg_epoch: 18 pg[1.es4( empty local-lis/les=0/0 n=0 ec=18/18 lis/c=0/0 les/c/f=0/0/0 sis=18) [1,3,4,5,0,6]p1(0) r=4 lpr=0 crt=0'0 unknown mbc={}] enter Reset
2019-12-07T19:33:56.619+0000 7fe2ca26b700 10 osd.0 pg_epoch: 19 pg[1.bs3( empty local-lis/les=18/19 n=0 ec=18/18 lis/c=0/0 les/c/f=0/0/0 sis=18) [4,6,2,0,1,5]p4(0) r=3 lpr=18 crt=0'0 unknown mbc={}] activate - no missing, moving last_complete 0'0 -> 0'0
2019-12-07T19:33:56.619+0000 7fe2c8a68700 20 osd.0 pg_epoch: 18 pg[1.es4( empty local-lis/les=0/0 n=0 ec=18/18 lis/c=0/0 les/c/f=0/0/0 sis=18) [1,3,4,5,0,6]p1(0) r=4 lpr=0 crt=0'0 unknown mbc={}] set_last_peering_reset 18
2019-12-07T19:33:56.619+0000 7fe2ca26b700 10 osd.0 pg_epoch: 19 pg[1.bs3( empty local-lis/les=18/19 n=0 ec=18/18 lis/c=0/0 les/c/f=0/0/0 sis=18) [4,6,2,0,1,5]p4(0) r=3 lpr=18 crt=0'0 unknown mbc={}] state: Activate Finished
2019-12-07T19:33:56.619+0000 7fe2c8a68700 10 osd.0 pg_epoch: 18 pg[1.es4( empty local-lis/les=0/0 n=0 ec=18/18 lis/c=0/0 les/c/f=0/0/0 sis=18) [1,3,4,5,0,6]p1(0) r=4 lpr=18 crt=0'0 unknown mbc={}] Clearing blocked outgoing recovery messages
2019-12-07T19:33:56.619+0000 7fe2ca26b700 10 log is not dirty
2019-12-07T19:33:56.619+0000 7fe2c8a68700 10 osd.0 pg_epoch: 18 pg[1.es4( empty local-lis/les=0/0 n=0 ec=18/18 lis/c=0/0 les/c/f=0/0/0 sis=18) [1,3,4,5,0,6]p1(0) r=4 lpr=18 crt=0'0 unknown mbc={}] Not blocking outgoing recovery messages
2019-12-07T19:33:56.619+0000 7fe2c8a68700 10 osd.0 pg_epoch: 18 pg[1.es4( empty local-lis/les=0/0 n=0 ec=18/18 lis/c=0/0 les/c/f=0/0/0 sis=18) [1,3,4,5,0,6]p1(0) r=4 lpr=18 crt=0'0 unknown mbc={}] handle_activate_map: 18
2019-12-07T19:33:56.619+0000 7fe2ca26b700 10 bluestore(/var/lib/ceph/osd/ceph-0) queue_transactions ch 0x558e819c41e0 1.bs3_head
2019-12-07T19:33:56.619+0000 7fe2ca26b700 20 bluestore(/var/lib/ceph/osd/ceph-0) _txc_create osr 0x558e81795cc0 = 0x558e8195e300 seq 2
2019-12-07T19:33:56.619+0000 7fe2ca26b700 15 bluestore(/var/lib/ceph/osd/ceph-0) _omap_setkeys 1.bs3_head 3#1:d0000000::::head#
2019-12-07T19:33:56.619+0000 7fe2ca26b700 20 bluestore(/var/lib/ceph/osd/ceph-0) _omap_setkeys 0x000000000000042e'._biginfo' <- _biginfo
2019-12-07T19:33:56.619+0000 7fe2ca26b700 20 bluestore(/var/lib/ceph/osd/ceph-0) _omap_setkeys 0x000000000000042e'._epoch' <- _epoch
2019-12-07T19:33:56.619+0000 7fe2ca26b700 20 bluestore(/var/lib/ceph/osd/ceph-0) _omap_setkeys 0x000000000000042e'._info' <- _info
2019-12-07T19:33:56.619+0000 7fe2ca26b700 10 bluestore(/var/lib/ceph/osd/ceph-0) _omap_setkeys 1.bs3_head 3#1:d0000000::::head# = 0
2019-12-07T19:33:56.619+0000 7fe2ca26b700 10 bluestore(/var/lib/ceph/osd/ceph-0) _txc_calc_cost 0x558e8195e300 cost 5259 (1 ios * 4000 + 1259 bytes)
2019-12-07T19:33:56.619+0000 7fe2ca26b700 20 bluestore(/var/lib/ceph/osd/ceph-0) _txc_write_nodes txc 0x558e8195e300 onodes shared_blobs
2019-12-07T19:33:56.619+0000 7fe2ca26b700 20 bluestore(/var/lib/ceph/osd/ceph-0) _txc_finalize_kv txc 0x558e8195e300 allocated 0x[] released 0x[]
2019-12-07T19:33:56.619+0000 7fe2ca26b700 10 bluestore(/var/lib/ceph/osd/ceph-0) _txc_state_proc txc 0x558e8195e300 prepare
2019-12-07T19:33:56.619+0000 7fe2ca26b700 20 bluestore(/var/lib/ceph/osd/ceph-0) _txc_finish_io 0x558e8195e300
