2019-12-07T19:33:56.625+0000 7fe2caa6c700 20 osd.0 pg_epoch: 19 pg[1.2s0( empty local-lis/les=18/19 n=0 ec=18/18 lis/c=0/0 les/c/f=0/0/0 sis=18) [0,4,1,6,5,3]p0(0) r=0 lpr=18 crt=0'0 mlcod 0'0 creating+activating mbc={}] update_calc_stats shard 5(4) objects 0 missing 0
2019-12-07T19:33:56.625+0000 7fe2caa6c700 20 osd.0 pg_epoch: 19 pg[1.2s0( empty local-lis/les=18/19 n=0 ec=18/18 lis/c=0/0 les/c/f=0/0/0 sis=18) [0,4,1,6,5,3]p0(0) r=0 lpr=18 crt=0'0 mlcod 0'0 creating+activating mbc={}] update_calc_stats shard 6(3) objects 0 missing 0
2019-12-07T19:33:56.625+0000 7fe2caa6c700 20 osd.0 pg_epoch: 19 pg[1.2s0( empty local-lis/les=18/19 n=0 ec=18/18 lis/c=0/0 les/c/f=0/0/0 sis=18) [0,4,1,6,5,3]p0(0) r=0 lpr=18 crt=0'0 mlcod 0'0 creating+activating mbc={}] update_calc_stats object_location_counts {}
2019-12-07T19:33:56.625+0000 7fe2caa6c700 20 osd.0 pg_epoch: 19 pg[1.2s0( empty local-lis/les=18/19 n=0 ec=18/18 lis/c=0/0 les/c/f=0/0/0 sis=18) [0,4,1,6,5,3]p0(0) r=0 lpr=18 crt=0'0 mlcod 0'0 creating+activating mbc={}] update_calc_stats missing shard 0(0) missing= 0
2019-12-07T19:33:56.625+0000 7fe2caa6c700 20 osd.0 pg_epoch: 19 pg[1.2s0( empty local-lis/les=18/19 n=0 ec=18/18 lis/c=0/0 les/c/f=0/0/0 sis=18) [0,4,1,6,5,3]p0(0) r=0 lpr=18 crt=0'0 mlcod 0'0 creating+activating mbc={}] update_calc_stats missing shard 1(2) missing= 0
2019-12-07T19:33:56.625+0000 7fe2caa6c700 20 osd.0 pg_epoch: 19 pg[1.2s0( empty local-lis/les=18/19 n=0 ec=18/18 lis/c=0/0 les/c/f=0/0/0 sis=18) [0,4,1,6,5,3]p0(0) r=0 lpr=18 crt=0'0 mlcod 0'0 creating+activating mbc={}] update_calc_stats missing shard 3(5) missing= 0
2019-12-07T19:33:56.625+0000 7fe2caa6c700 20 osd.0 pg_epoch: 19 pg[1.2s0( empty local-lis/les=18/19 n=0 ec=18/18 lis/c=0/0 les/c/f=0/0/0 sis=18) [0,4,1,6,5,3]p0(0) r=0 lpr=18 crt=0'0 mlcod 0'0 creating+activating mbc={}] update_calc_stats missing shard 4(1) missing= 0
2019-12-07T19:33:56.625+0000 7fe2caa6c700 20 osd.0 pg_epoch: 19 pg[1.2s0( empty local-lis/les=18/19 n=0 ec=18/18 lis/c=0/0 les/c/f=0/0/0 sis=18) [0,4,1,6,5,3]p0(0) r=0 lpr=18 crt=0'0 mlcod 0'0 creating+activating mbc={}] update_calc_stats missing shard 5(4) missing= 0
2019-12-07T19:33:56.625+0000 7fe2caa6c700 20 osd.0 pg_epoch: 19 pg[1.2s0( empty local-lis/les=18/19 n=0 ec=18/18 lis/c=0/0 les/c/f=0/0/0 sis=18) [0,4,1,6,5,3]p0(0) r=0 lpr=18 crt=0'0 mlcod 0'0 creating+activating mbc={}] update_calc_stats missing shard 6(3) missing= 0
2019-12-07T19:33:56.625+0000 7fe2caa6c700 20 osd.0 pg_epoch: 19 pg[1.2s0( empty local-lis/les=18/19 n=0 ec=18/18 lis/c=0/0 les/c/f=0/0/0 sis=18) [0,4,1,6,5,3]p0(0) r=0 lpr=18 crt=0'0 mlcod 0'0 creating+activating mbc={}] update_calc_stats degraded 0
2019-12-07T19:33:56.625+0000 7fe2caa6c700 20 osd.0 pg_epoch: 19 pg[1.2s0( empty local-lis/les=18/19 n=0 ec=18/18 lis/c=0/0 les/c/f=0/0/0 sis=18) [0,4,1,6,5,3]p0(0) r=0 lpr=18 crt=0'0 mlcod 0'0 creating+activating mbc={}] update_calc_stats misplaced 0
2019-12-07T19:33:56.625+0000 7fe2caa6c700 20 osd.0 pg_epoch: 19 pg[1.2s0( empty local-lis/les=18/19 n=0 ec=18/18 lis/c=0/0 les/c/f=0/0/0 sis=18) [0,4,1,6,5,3]p0(0) r=0 lpr=18 crt=0'0 mlcod 0'0 creating+activating mbc={}] prepare_stats_for_publish reporting purged_snaps []
2019-12-07T19:33:56.625+0000 7fe2d7a86700 20 bluefs _flush_range h 0x558e8107a280 pos now 0x190e2
2019-12-07T19:33:56.625+0000 7fe2d7a86700 10 bluefs _claim_completed_aios got 0 aios
2019-12-07T19:33:56.625+0000 7fe2d7a86700 10 bluefs wait_for_aio 0x558e8107a280
2019-12-07T19:33:56.625+0000 7fe2caa6c700 15 osd.0 pg_epoch: 19 pg[1.2s0( empty local-lis/les=18/19 n=0 ec=18/18 lis/c=0/0 les/c/f=0/0/0 sis=18) [0,4,1,6,5,3]p0(0) r=0 lpr=18 crt=0'0 mlcod 0'0 creating+activating mbc={}] publish_stats_to_osd 19:3
2019-12-07T19:33:56.625+0000 7fe2d7a86700 10 bluefs wait_for_aio 0x558e8107a280 done in 0.000000
2019-12-07T19:33:56.625+0000 7fe2d7a86700 20 bluefs flush_bdev
2019-12-07T19:33:56.625+0000 7fe2caa6c700 10 log is not dirty
2019-12-07T19:33:56.625+0000 7fe2caa6c700 20 osd.0 op_wq(2) _process 1.2s0 to_process <> waiting <> waiting_peering {}
2019-12-07T19:33:56.625+0000 7fe2caa6c700 20 osd.0 op_wq(2) _process OpSchedulerItem(1.2s0 PGPeeringEvent(epoch_sent: 19 epoch_requested: 19 MInfoRec from 4(1) info: 1.2s1( empty local-lis/les=18/19 n=0 ec=18/18 lis/c=18/0 les/c/f=19/0/0 sis=18) pg_lease_ack(ruub 36.073596236s)) prio 255 cost 10 e19) queued
2019-12-07T19:33:56.625+0000 7fe2caa6c700 20 osd.0 op_wq(2) _process 1.2s0 to_process waiting <> waiting_peering {}
2019-12-07T19:33:56.625+0000 7fe2d7a86700 20 bluestore(/var/lib/ceph/osd/ceph-0) _kv_sync_thread committed 2 cleaned 0 in 0.000238932s (0.000000096s flush + 0.000238836s kv commit)
2019-12-07T19:33:56.625+0000 7fe2caa6c700 20 osd.0 op_wq(2) _process OpSchedulerItem(1.2s0 PGPeeringEvent(epoch_sent: 19 epoch_requested: 19 MInfoRec from 4(1) info: 1.2s1( empty local-lis/les=18/19 n=0 ec=18/18 lis/c=18/0 les/c/f=19/0/0 sis=18) pg_lease_ack(ruub 36.073596236s)) prio 255 cost 10 e19) pg 0x558e81075000
2019-12-07T19:33:56.625+0000 7fe2d7a86700 20 bluestore(/var/lib/ceph/osd/ceph-0) _kv_sync_thread sleep
2019-12-07T19:33:56.625+0000 7fe2dca90700 20 bluestore(/var/lib/ceph/osd/ceph-0) _kv_finalize_thread wake
2019-12-07T19:33:56.625+0000 7fe2dca90700 20 bluestore(/var/lib/ceph/osd/ceph-0) _kv_finalize_thread kv_committed <0x558e8195fb00,0x558e8195e300>
2019-12-07T19:33:56.625+0000 7fe2caa6c700 10 osd.0 pg_epoch: 19 pg[1.2s0( empty local-lis/les=18/19 n=0 ec=18/18 lis/c=0/0 les/c/f=0/0/0 sis=18) [0,4,1,6,5,3]p0(0) r=0 lpr=18 crt=0'0 mlcod 0'0 creating+activating mbc={}] do_peering_event: epoch_sent: 19 epoch_requested: 19 MInfoRec from 4(1) info: 1.2s1( empty local-lis/les=18/19 n=0 ec=18/18 lis/c=18/0 les/c/f=19/0/0 sis=18) pg_lease_ack(ruub 36.073596236s)
2019-12-07T19:33:56.625+0000 7fe2dca90700 20 bluestore(/var/lib/ceph/osd/ceph-0) _kv_finalize_thread deferred_stable <>
2019-12-07T19:33:56.625+0000 7fe2dca90700 10 bluestore(/var/lib/ceph/osd/ceph-0) _txc_state_proc txc 0x558e8195fb00 kv_submitted
2019-12-07T19:33:56.625+0000 7fe2dca90700 20 bluestore(/var/lib/ceph/osd/ceph-0) _txc_committed_kv txc 0x558e8195fb00
2019-12-07T19:33:56.625+0000 7fe2dca90700 10 bluestore(/var/lib/ceph/osd/ceph-0) _txc_state_proc txc 0x558e8195fb00 finishing
2019-12-07T19:33:56.625+0000 7fe2dca90700 20 bluestore(/var/lib/ceph/osd/ceph-0) _txc_finish 0x558e8195fb00 onodes 0x558e81a03400
2019-12-07T19:33:56.625+0000 7fe2caa6c700 20 osd.0 pg_epoch: 19 pg[1.2s0( empty local-lis/les=18/19 n=0 ec=18/18 lis/c=0/0 les/c/f=0/0/0 sis=18) [0,4,1,6,5,3]p0(0) r=0 lpr=18 crt=0'0 mlcod 0'0 creating+activating mbc={}] recalc_readable_until peer osd.4 ruub 36.073596236s
2019-12-07T19:33:56.625+0000 7fe2dca90700 20 bluestore(/var/lib/ceph/osd/ceph-0) _txc_finish txc 0x558e8195fb00 done
2019-12-07T19:33:56.625+0000 7fe2dca90700 20 bluestore(/var/lib/ceph/osd/ceph-0) _txc_finish txc 0x558e8195e300 kv_submitted
2019-12-07T19:33:56.625+0000 7fe2dca90700 10 bluestore(/var/lib/ceph/osd/ceph-0) _txc_release_alloc(sync) 0x558e8195fb00 []
2019-12-07T19:33:56.625+0000 7fe2dca90700 10 fbmap_alloc 0x558e80233300 release done
2019-12-07T19:33:56.625+0000 7fe2caa6c700 20 osd.0 pg_epoch: 19 pg[1.2s0( empty local-lis/les=18/19 n=0 ec=18/18 lis/c=0/0 les/c/f=0/0/0 sis=18) [0,4,1,6,5,3]p0(0) r=0 lpr=18 crt=0'0 mlcod 0'0 creating+activating mbc={}] recalc_readable_until peer osd.1 ruub 0s
2019-12-07T19:33:56.625+0000 7fe2dca90700 10 bluestore(/var/lib/ceph/osd/ceph-0) _txc_state_proc txc 0x558e8195e300 kv_submitted
2019-12-07T19:33:56.625+0000 7fe2dca90700 20 bluestore(/var/lib/ceph/osd/ceph-0) _txc_committed_kv txc 0x558e8195e300
2019-12-07T19:33:56.625+0000 7fe2dca90700 10 bluestore(/var/lib/ceph/osd/ceph-0) _txc_state_proc txc 0x558e8195e300 finishing
2019-12-07T19:33:56.625+0000 7fe2dca90700 20 bluestore(/var/lib/ceph/osd/ceph-0) _txc_finish 0x558e8195e300 onodes
2019-12-07T19:33:56.625+0000 7fe2dca90700 20 bluestore(/var/lib/ceph/osd/ceph-0) _txc_finish txc 0x558e8195e300 done
2019-12-07T19:33:56.625+0000 7fe2dca90700 20 bluestore(/var/lib/ceph/osd/ceph-0) _txc_finish osr 0x558e81966780 q now empty
2019-12-07T19:33:56.625+0000 7fe2caa6c700 20 osd.0 pg_epoch: 19 pg[1.2s0( empty local-lis/les=18/19 n=0 ec=18/18 lis/c=0/0 les/c/f=0/0/0 sis=18) [0,4,1,6,5,3]p0(0) r=0 lpr=18 crt=0'0 mlcod 0'0 creating+activating mbc={}] recalc_readable_until peer osd.6 ruub 36.073596236s
2019-12-07T19:33:56.625+0000 7fe2dca90700 10 bluestore(/var/lib/ceph/osd/ceph-0) _txc_release_alloc(sync) 0x558e8195e300 []
2019-12-07T19:33:56.625+0000 7fe2dca90700 10 fbmap_alloc 0x558e80233300 release done
2019-12-07T19:33:56.625+0000 7fe2dca90700 20 bluestore(/var/lib/ceph/osd/ceph-0) _kv_finalize_thread sleep
2019-12-07T19:33:56.625+0000 7fe2caa6c700 20 osd.0 pg_epoch: 19 pg[1.2s0( empty local-lis/les=18/19 n=0 ec=18/18 lis/c=0/0 les/c/f=0/0/0 sis=18) [0,4,1,6,5,3]p0(0) r=0 lpr=18 crt=0'0 mlcod 0'0 creating+activating mbc={}] recalc_readable_until peer osd.5 ruub 0s
2019-12-07T19:33:56.625+0000 7fe2caa6c700 20 osd.0 pg_epoch: 19 pg[1.2s0( empty local-lis/les=18/19 n=0 ec=18/18 lis/c=0/0 les/c/f=0/0/0 sis=18) [0,4,1,6,5,3]p0(0) r=0 lpr=18 crt=0'0 mlcod 0'0 creating+activating mbc={}] recalc_readable_until peer osd.3 ruub 36.073596236s
2019-12-07T19:33:56.625+0000 7fe2caa6c700 20 osd.0 pg_epoch: 19 pg[1.2s0( empty local-lis/les=18/19 n=0 ec=18/18 lis/c=0/0 les/c/f=0/0/0 sis=18) [0,4,1,6,5,3]p0(0) r=0 lpr=18 crt=0'0 mlcod 0'0 creating+activating mbc={}] recalc_readable_until readable_until[_ub] 0s (sent 36.073596236s)
2019-12-07T19:33:56.625+0000 7fe2caa6c700 10 osd.0 pg_epoch: 19 pg[1.2s0( empty local-lis/les=18/19 n=0 ec=18/18 lis/c=0/0 les/c/f=0/0/0 sis=18) [0,4,1,6,5,3]p0(0) r=0 lpr=18 crt=0'0 mlcod 0'0 creating+activating mbc={}] state: peer osd.4(1) activated and committed
2019-12-07T19:33:56.625+0000 7fe2caa6c700 20 osd.0 pg_epoch: 19 pg[1.2s0( empty local-lis/les=18/19 n=0 ec=18/18 lis/c=0/0 les/c/f=0/0/0 sis=18) [0,4,1,6,5,3]p0(0) r=0 lpr=18 crt=0'0 mlcod 0'0 creating+activating mbc={}] update_calc_stats actingset 0(0),1(2),3(5),4(1),5(4),6(3) upset 0(0),1(2),3(5),4(1),5(4),6(3) acting_recovery_backfill 0(0),1(2),3(5),4(1),5(4),6(3)
2019-12-07T19:33:56.625+0000 7fe2caa6c700 20 osd.0 pg_epoch: 19 pg[1.2s0( empty local-lis/les=18/19 n=0 ec=18/18 lis/c=0/0 les/c/f=0/0/0 sis=18) [0,4,1,6,5,3]p0(0) r=0 lpr=18 crt=0'0 mlcod 0'0 creating+activating mbc={}] update_calc_stats shard 0(0) primary objects 0 missing 0
2019-12-07T19:33:56.625+0000 7fe2caa6c700 20 osd.0 pg_epoch: 19 pg[1.2s0( empty local-lis/les=18/19 n=0 ec=18/18 lis/c=0/0 les/c/f=0/0/0 sis=18) [0,4,1,6,5,3]p0(0) r=0 lpr=18 crt=0'0 mlcod 0'0 creating+activating mbc={}] update_calc_stats shard 1(2) objects 0 missing 0
2019-12-07T19:33:56.625+0000 7fe2caa6c700 20 osd.0 pg_epoch: 19 pg[1.2s0( empty local-lis/les=18/19 n=0 ec=18/18 lis/c=0/0 les/c/f=0/0/0 sis=18) [0,4,1,6,5,3]p0(0) r=0 lpr=18 crt=0'0 mlcod 0'0 creating+activating mbc={}] update_calc_stats shard 3(5) objects 0 missing 0
2019-12-07T19:33:56.625+0000 7fe2caa6c700 20 osd.0 pg_epoch: 19 pg[1.2s0( empty local-lis/les=18/19 n=0 ec=18/18 lis/c=0/0 les/c/f=0/0/0 sis=18) [0,4,1,6,5,3]p0(0) r=0 lpr=18 crt=0'0 mlcod 0'0 creating+activating mbc={}] update_calc_stats shard 4(1) objects 0 missing 0
2019-12-07T19:33:56.625+0000 7fe2caa6c700 20 osd.0 pg_epoch: 19 pg[1.2s0( empty local-lis/les=18/19 n=0 ec=18/18 lis/c=0/0 les/c/f=0/0/0 sis=18) [0,4,1,6,5,3]p0(0) r=0 lpr=18 crt=0'0 mlcod 0'0 creating+activating mbc={}] update_calc_stats shard 5(4) objects 0 missing 0
2019-12-07T19:33:56.625+0000 7fe2caa6c700 20 osd.0 pg_epoch: 19 pg[1.2s0( empty local-lis/les=18/19 n=0 ec=18/18 lis/c=0/0 les/c/f=0/0/0 sis=18) [0,4,1,6,5,3]p0(0) r=0 lpr=18 crt=0'0 mlcod 0'0 creating+activating mbc={}] update_calc_stats shard 6(3) objects 0 missing 0
2019-12-07T19:33:56.625+0000 7fe2caa6c700 20 osd.0 pg_epoch: 19 pg[1.2s0( empty local-lis/les=18/19 n=0 ec=18/18 lis/c=0/0 les/c/f=0/0/0 sis=18) [0,4,1,6,5,3]p0(0) r=0 lpr=18 crt=0'0 mlcod 0'0 creating+activating mbc={}] update_calc_stats object_location_counts {}
2019-12-07T19:33:56.625+0000 7fe2caa6c700 20 osd.0 pg_epoch: 19 pg[1.2s0( empty local-lis/les=18/19 n=0 ec=18/18 lis/c=0/0 les/c/f=0/0/0 sis=18) [0,4,1,6,5,3]p0(0) r=0 lpr=18 crt=0'0 mlcod 0'0 creating+activating mbc={}] update_calc_stats missing shard 0(0) missing= 0
2019-12-07T19:33:56.625+0000 7fe2caa6c700 20 osd.0 pg_epoch: 19 pg[1.2s0( empty local-lis/les=18/19 n=0 ec=18/18 lis/c=0/0 les/c/f=0/0/0 sis=18) [0,4,1,6,5,3]p0(0) r=0 lpr=18 crt=0'0 mlcod 0'0 creating+activating mbc={}] update_calc_stats missing shard 1(2) missing= 0
2019-12-07T19:33:56.625+0000 7fe2caa6c700 20 osd.0 pg_epoch: 19 pg[1.2s0( empty local-lis/les=18/19 n=0 ec=18/18 lis/c=0/0 les/c/f=0/0/0 sis=18) [0,4,1,6,5,3]p0(0) r=0 lpr=18 crt=0'0 mlcod 0'0 creating+activating mbc={}] update_calc_stats missing shard 3(5) missing= 0
2019-12-07T19:33:56.625+0000 7fe2caa6c700 20 osd.0 pg_epoch: 19 pg[1.2s0( empty local-lis/les=18/19 n=0 ec=18/18 lis/c=0/0 les/c/f=0/0/0 sis=18) [0,4,1,6,5,3]p0(0) r=0 lpr=18 crt=0'0 mlcod 0'0 creating+activating mbc={}] update_calc_stats missing shard 4(1) missing= 0
2019-12-07T19:33:56.625+0000 7fe2caa6c700 20 osd.0 pg_epoch: 19 pg[1.2s0( empty local-lis/les=18/19 n=0 ec=18/18 lis/c=0/0 les/c/f=0/0/0 sis=18) [0,4,1,6,5,3]p0(0) r=0 lpr=18 crt=0'0 mlcod 0'0 creating+activating mbc={}] update_calc_stats missing shard 5(4) missing= 0
2019-12-07T19:33:56.625+0000 7fe2caa6c700 20 osd.0 pg_epoch: 19 pg[1.2s0( empty local-lis/les=18/19 n=0 ec=18/18 lis/c=0/0 les/c/f=0/0/0 sis=18) [0,4,1,6,5,3]p0(0) r=0 lpr=18 crt=0'0 mlcod 0'0 creating+activating mbc={}] update_calc_stats missing shard 6(3) missing= 0
2019-12-07T19:33:56.625+0000 7fe2caa6c700 20 osd.0 pg_epoch: 19 pg[1.2s0( empty local-lis/les=18/19 n=0 ec=18/18 lis/c=0/0 les/c/f=0/0/0 sis=18) [0,4,1,6,5,3]p0(0) r=0 lpr=18 crt=0'0 mlcod 0'0 creating+activating mbc={}] update_calc_stats degraded 0
2019-12-07T19:33:56.625+0000 7fe2caa6c700 20 osd.0 pg_epoch: 19 pg[1.2s0( empty local-lis/les=18/19 n=0 ec=18/18 lis/c=0/0 les/c/f=0/0/0 sis=18) [0,4,1,6,5,3]p0(0) r=0 lpr=18 crt=0'0 mlcod 0'0 creating+activating mbc={}] update_calc_stats misplaced 0
2019-12-07T19:33:56.625+0000 7fe2caa6c700 20 osd.0 pg_epoch: 19 pg[1.2s0( empty local-lis/les=18/19 n=0 ec=18/18 lis/c=0/0 les/c/f=0/0/0 sis=18) [0,4,1,6,5,3]p0(0) r=0 lpr=18 crt=0'0 mlcod 0'0 creating+activating mbc={}] prepare_stats_for_publish reporting purged_snaps []
2019-12-07T19:33:56.625+0000 7fe2caa6c700 15 osd.0 pg_epoch: 19 pg[1.2s0( empty local-lis/les=18/19 n=0 ec=18/18 lis/c=0/0 les/c/f=0/0/0 sis=18) [0,4,1,6,5,3]p0(0) r=0 lpr=18 crt=0'0 mlcod 0'0 creating+activating mbc={}] publish_stats_to_osd 19:4
2019-12-07T19:33:56.625+0000 7fe2caa6c700 10 log is not dirty
2019-12-07T19:33:56.625+0000 7fe2caa6c700 20 osd.0 op_wq(2) _process 1.2s0 to_process <> waiting <> waiting_peering {}
2019-12-07T19:33:56.625+0000 7fe2caa6c700 20 osd.0 op_wq(2) _process OpSchedulerItem(1.2s0 PGPeeringEvent(epoch_sent: 19 epoch_requested: 19 MInfoRec from 1(2) info: 1.2s2( empty local-lis/les=18/19 n=0 ec=18/18 lis/c=18/0 les/c/f=19/0/0 sis=18) pg_lease_ack(ruub 36.073596236s)) prio 255 cost 10 e19) queued
2019-12-07T19:33:56.625+0000 7fe2caa6c700 20 osd.0 op_wq(2) _process 1.2s0 to_process waiting <> waiting_peering {}
2019-12-07T19:33:56.625+0000 7fe2caa6c700 20 osd.0 op_wq(2) _process OpSchedulerItem(1.2s0 PGPeeringEvent(epoch_sent: 19 epoch_requested: 19 MInfoRec from 1(2) info: 1.2s2( empty local-lis/les=18/19 n=0 ec=18/18 lis/c=18/0 les/c/f=19/0/0 sis=18) pg_lease_ack(ruub 36.073596236s)) prio 255 cost 10 e19) pg 0x558e81075000
2019-12-07T19:33:56.625+0000 7fe2caa6c700 10 osd.0 pg_epoch: 19 pg[1.2s0( empty local-lis/les=18/19 n=0 ec=18/18 lis/c=0/0 les/c/f=0/0/0 sis=18) [0,4,1,6,5,3]p0(0) r=0 lpr=18 crt=0'0 mlcod 0'0 creating+activating mbc={}] do_peering_event: epoch_sent: 19 epoch_requested: 19 MInfoRec from 1(2) info: 1.2s2( empty local-lis/les=18/19 n=0 ec=18/18 lis/c=18/0 les/c/f=19/0/0 sis=18) pg_lease_ack(ruub 36.073596236s)
2019-12-07T19:33:56.625+0000 7fe2caa6c700 20 osd.0 pg_epoch: 19 pg[1.2s0( empty local-lis/les=18/19 n=0 ec=18/18 lis/c=0/0 les/c/f=0/0/0 sis=18) [0,4,1,6,5,3]p0(0) r=0 lpr=18 crt=0'0 mlcod 0'0 creating+activating mbc={}] recalc_readable_until peer osd.4 ruub 36.073596236s
2019-12-07T19:33:56.625+0000 7fe2caa6c700 20 osd.0 pg_epoch: 19 pg[1.2s0( empty local-lis/les=18/19 n=0 ec=18/18 lis/c=0/0 les/c/f=0/0/0 sis=18) [0,4,1,6,5,3]p0(0) r=0 lpr=18 crt=0'0 mlcod 0'0 creating+activating mbc={}] recalc_readable_until peer osd.1 ruub 36.073596236s
2019-12-07T19:33:56.625+0000 7fe2caa6c700 20 osd.0 pg_epoch: 19 pg[1.2s0( empty local-lis/les=18/19 n=0 ec=18/18 lis/c=0/0 les/c/f=0/0/0 sis=18) [0,4,1,6,5,3]p0(0) r=0 lpr=18 crt=0'0 mlcod 0'0 creating+activating mbc={}] recalc_readable_until peer osd.6 ruub 36.073596236s
2019-12-07T19:33:56.625+0000 7fe2caa6c700 20 osd.0 pg_epoch: 19 pg[1.2s0( empty local-lis/les=18/19 n=0 ec=18/18 lis/c=0/0 les/c/f=0/0/0 sis=18) [0,4,1,6,5,3]p0(0) r=0 lpr=18 crt=0'0 mlcod 0'0 creating+activating mbc={}] recalc_readable_until peer osd.5 ruub 0s
2019-12-07T19:33:56.625+0000 7fe2c425f700 20 osd.0 op_wq(7) _process empty q, waiting
2019-12-07T19:33:56.625+0000 7fe2caa6c700 20 osd.0 pg_epoch: 19 pg[1.2s0( empty local-lis/les=18/19 n=0 ec=18/18 lis/c=0/0 les/c/f=0/0/0 sis=18) [0,4,1,6,5,3]p0(0) r=0 lpr=18 crt=0'0 mlcod 0'0 creating+activating mbc={}] recalc_readable_until peer osd.3 ruub 36.073596236s
2019-12-07T19:33:56.625+0000 7fe2c8267700 15 osd.0 19 enqueue_peering_evt 1.fs1 epoch_sent: 19 epoch_requested: 19 ActivateCommitted from 19 processed at 19
2019-12-07T19:33:56.625+0000 7fe2c8267700 20 osd.0 op_wq(7) _enqueue OpSchedulerItem(1.fs1 PGPeeringEvent(epoch_sent: 19 epoch_requested: 19 ActivateCommitted from 19 processed at 19) prio 255 cost 10 e19)
2019-12-07T19:33:56.625+0000 7fe2caa6c700 20 osd.0 pg_epoch: 19 pg[1.2s0( empty local-lis/les=18/19 n=0 ec=18/18 lis/c=0/0 les/c/f=0/0/0 sis=18) [0,4,1,6,5,3]p0(0) r=0 lpr=18 crt=0'0 mlcod 0'0 creating+activating mbc={}] recalc_readable_until readable_until[_ub] 0s (sent 36.073596236s)
2019-12-07T19:33:56.625+0000 7fe2c8267700 15 osd.0 19 enqueue_peering_evt 1.7s3 epoch_sent: 19 epoch_requested: 19 ActivateCommitted from 19 processed at 19
2019-12-07T19:33:56.625+0000 7fe2c8267700 20 osd.0 op_wq(7) _enqueue OpSchedulerItem(1.7s3 PGPeeringEvent(epoch_sent: 19 epoch_requested: 19 ActivateCommitted from 19 processed at 19) prio 255 cost 10 e19)
2019-12-07T19:33:56.625+0000 7fe2caa6c700 10 osd.0 pg_epoch: 19 pg[1.2s0( empty local-lis/les=18/19 n=0 ec=18/18 lis/c=0/0 les/c/f=0/0/0 sis=18) [0,4,1,6,5,3]p0(0) r=0 lpr=18 crt=0'0 mlcod 0'0 creating+activating mbc={}] state: peer osd.1(2) activated and committed
2019-12-07T19:33:56.625+0000 7fe2c8267700 20 osd.0 op_wq(7) _process 1.fs1 to_process <> waiting <> waiting_peering {}
2019-12-07T19:33:56.625+0000 7fe2c8267700 20 osd.0 op_wq(7) _process OpSchedulerItem(1.fs1 PGPeeringEvent(epoch_sent: 19 epoch_requested: 19 ActivateCommitted from 19 processed at 19) prio 255 cost 10 e19) queued
2019-12-07T19:33:56.625+0000 7fe2c8267700 20 osd.0 op_wq(7) _process 1.fs1 to_process waiting <> waiting_peering {}
2019-12-07T19:33:56.625+0000 7fe2c8267700 20 osd.0 op_wq(7) _process OpSchedulerItem(1.fs1 PGPeeringEvent(epoch_sent: 19 epoch_requested: 19 ActivateCommitted from 19 processed at 19) prio 255 cost 10 e19) pg 0x558e81a9b000
2019-12-07T19:33:56.625+0000 7fe2caa6c700 20 osd.0 pg_epoch: 19 pg[1.2s0( empty local-lis/les=18/19 n=0 ec=18/18 lis/c=0/0 les/c/f=0/0/0 sis=18) [0,4,1,6,5,3]p0(0) r=0 lpr=18 crt=0'0 mlcod 0'0 creating+activating mbc={}] update_calc_stats actingset 0(0),1(2),3(5),4(1),5(4),6(3) upset 0(0),1(2),3(5),4(1),5(4),6(3) acting_recovery_backfill 0(0),1(2),3(5),4(1),5(4),6(3)
2019-12-07T19:33:56.625+0000 7fe2c8267700 10 osd.0 pg_epoch: 19 pg[1.fs1( empty local-lis/les=18/19 n=0 ec=18/18 lis/c=0/0 les/c/f=0/0/0 sis=18) [3,0,5,4,1,6]p3(0) r=1 lpr=18 crt=0'0 unknown mbc={}] do_peering_event: epoch_sent: 19 epoch_requested: 19 ActivateCommitted from 19 processed at 19
2019-12-07T19:33:56.625+0000 7fe2caa6c700 20 osd.0 pg_epoch: 19 pg[1.2s0( empty local-lis/les=18/19 n=0 ec=18/18 lis/c=0/0 les/c/f=0/0/0 sis=18) [0,4,1,6,5,3]p0(0) r=0 lpr=18 crt=0'0 mlcod 0'0 creating+activating mbc={}] update_calc_stats shard 0(0) primary objects 0 missing 0
2019-12-07T19:33:56.625+0000 7fe2c8267700 10 osd.0 pg_epoch: 19 pg[1.fs1( empty local-lis/les=18/19 n=0 ec=18/18 lis/c=0/0 les/c/f=0/0/0 sis=18) [3,0,5,4,1,6]p3(0) r=1 lpr=18 crt=0'0 unknown mbc={}] state: react 19 telling primary
2019-12-07T19:33:56.625+0000 7fe2caa6c700 20 osd.0 pg_epoch: 19 pg[1.2s0( empty local-lis/les=18/19 n=0 ec=18/18 lis/c=0/0 les/c/f=0/0/0 sis=18) [0,4,1,6,5,3]p0(0) r=0 lpr=18 crt=0'0 mlcod 0'0 creating+activating mbc={}] update_calc_stats shard 1(2) objects 0 missing 0
2019-12-07T19:33:56.625+0000 7fe2c8267700 10 log is not dirty
2019-12-07T19:33:56.625+0000 7fe2caa6c700 20 osd.0 pg_epoch: 19 pg[1.2s0( empty local-lis/les=18/19 n=0 ec=18/18 lis/c=0/0 les/c/f=0/0/0 sis=18) [0,4,1,6,5,3]p0(0) r=0 lpr=18 crt=0'0 mlcod 0'0 creating+activating mbc={}] update_calc_stats shard 3(5) objects 0 missing 0
2019-12-07T19:33:56.625+0000 7fe2caa6c700 20 osd.0 pg_epoch: 19 pg[1.2s0( empty local-lis/les=18/19 n=0 ec=18/18 lis/c=0/0 les/c/f=0/0/0 sis=18) [0,4,1,6,5,3]p0(0) r=0 lpr=18 crt=0'0 mlcod 0'0 creating+activating mbc={}] update_calc_stats shard 4(1) objects 0 missing 0
2019-12-07T19:33:56.625+0000 7fe2c425f700 20 osd.0 op_wq(7) _process 1.7s3 to_process <> waiting <> waiting_peering {}
2019-12-07T19:33:56.625+0000 7fe2c425f700 20 osd.0 op_wq(7) _process OpSchedulerItem(1.7s3 PGPeeringEvent(epoch_sent: 19 epoch_requested: 19 ActivateCommitted from 19 processed at 19) prio 255 cost 10 e19) queued
2019-12-07T19:33:56.625+0000 7fe2c425f700 20 osd.0 op_wq(7) _process 1.7s3 to_process waiting <> waiting_peering {}
2019-12-07T19:33:56.625+0000 7fe2c425f700 20 osd.0 op_wq(7) _process OpSchedulerItem(1.7s3 PGPeeringEvent(epoch_sent: 19 epoch_requested: 19 ActivateCommitted from 19 processed at 19) prio 255 cost 10 e19) pg 0x558e8122e000
2019-12-07T19:33:56.625+0000 7fe2caa6c700 20 osd.0 pg_epoch: 19 pg[1.2s0( empty local-lis/les=18/19 n=0 ec=18/18 lis/c=0/0 les/c/f=0/0/0 sis=18) [0,4,1,6,5,3]p0(0) r=0 lpr=18 crt=0'0 mlcod 0'0 creating+activating mbc={}] update_calc_stats shard 5(4) objects 0 missing 0
2019-12-07T19:33:56.625+0000 7fe2c425f700 10 osd.0 pg_epoch: 19 pg[1.7s3( empty local-lis/les=18/19 n=0 ec=18/18 lis/c=0/0 les/c/f=0/0/0 sis=18) [1,6,4,0,7,2]p1(0) r=3 lpr=18 crt=0'0 unknown mbc={}] do_peering_event: epoch_sent: 19 epoch_requested: 19 ActivateCommitted from 19 processed at 19
2019-12-07T19:33:56.625+0000 7fe2caa6c700 20 osd.0 pg_epoch: 19 pg[1.2s0( empty local-lis/les=18/19 n=0 ec=18/18 lis/c=0/0 les/c/f=0/0/0 sis=18) [0,4,1,6,5,3]p0(0) r=0 lpr=18 crt=0'0 mlcod 0'0 creating+activating mbc={}] update_calc_stats shard 6(3) objects 0 missing 0
2019-12-07T19:33:56.625+0000 7fe2c425f700 10 osd.0 pg_epoch: 19 pg[1.7s3( empty local-lis/les=18/19 n=0 ec=18/18 lis/c=0/0 les/c/f=0/0/0 sis=18) [1,6,4,0,7,2]p1(0) r=3 lpr=18 crt=0'0 unknown mbc={}] state: react 19 telling primary
2019-12-07T19:33:56.625+0000 7fe2caa6c700 20 osd.0 pg_epoch: 19 pg[1.2s0( empty local-lis/les=18/19 n=0 ec=18/18 lis/c=0/0 les/c/f=0/0/0 sis=18) [0,4,1,6,5,3]p0(0) r=0 lpr=18 crt=0'0 mlcod 0'0 creating+activating mbc={}] update_calc_stats object_location_counts {}
2019-12-07T19:33:56.625+0000 7fe2c425f700 10 log is not dirty
2019-12-07T19:33:56.625+0000 7fe2caa6c700 20 osd.0 pg_epoch: 19 pg[1.2s0( empty local-lis/les=18/19 n=0 ec=18/18 lis/c=0/0 les/c/f=0/0/0 sis=18) [0,4,1,6,5,3]p0(0) r=0 lpr=18 crt=0'0 mlcod 0'0 creating+activating mbc={}] update_calc_stats missing shard 0(0) missing= 0
2019-12-07T19:33:56.625+0000 7fe2caa6c700 20 osd.0 pg_epoch: 19 pg[1.2s0( empty local-lis/les=18/19 n=0 ec=18/18 lis/c=0/0 les/c/f=0/0/0 sis=18) [0,4,1,6,5,3]p0(0) r=0 lpr=18 crt=0'0 mlcod 0'0 creating+activating mbc={}] update_calc_stats missing shard 1(2) missing= 0
2019-12-07T19:33:56.625+0000 7fe2c425f700 1 -- [v2:172.21.15.131:6822/37079,v1:172.21.15.131:6824/37079] --> [v2:172.21.15.131:6823/37078,v1:172.21.15.131:6825/37078] -- pg_info2(1.7s0 1.7s0 1.7s3( empty local-lis/les=18/19 n=0 ec=18/18 lis/c=18/0 les/c/f=19/0/0 sis=18) e19/19) v1 -- 0x558e80ff3800 con 0x558e818d7c00
2019-12-07T19:33:56.625+0000 7fe2caa6c700 20 osd.0 pg_epoch: 19 pg[1.2s0( empty local-lis/les=18/19 n=0 ec=18/18 lis/c=0/0 les/c/f=0/0/0 sis=18) [0,4,1,6,5,3]p0(0) r=0 lpr=18 crt=0'0 mlcod 0'0 creating+activating mbc={}] update_calc_stats missing shard 3(5) missing= 0
2019-12-07T19:33:56.625+0000 7fe2caa6c700 20 osd.0 pg_epoch: 19 pg[1.2s0( empty local-lis/les=18/19 n=0 ec=18/18 lis/c=0/0 les/c/f=0/0/0 sis=18) [0,4,1,6,5,3]p0(0) r=0 lpr=18 crt=0'0 mlcod 0'0 creating+activating mbc={}] update_calc_stats missing shard 4(1) missing= 0
2019-12-07T19:33:56.625+0000 7fe2caa6c700 20 osd.0 pg_epoch: 19 pg[1.2s0( empty local-lis/les=18/19 n=0 ec=18/18 lis/c=0/0 les/c/f=0/0/0 sis=18) [0,4,1,6,5,3]p0(0) r=0 lpr=18 crt=0'0 mlcod 0'0 creating+activating mbc={}] update_calc_stats missing shard 5(4) missing= 0
2019-12-07T19:33:56.625+0000 7fe2c425f700 20 osd.0 op_wq(7) _process empty q, waiting
2019-12-07T19:33:56.625+0000 7fe2caa6c700 20 osd.0 pg_epoch: 19 pg[1.2s0( empty local-lis/les=18/19 n=0 ec=18/18 lis/c=0/0 les/c/f=0/0/0 sis=18) [0,4,1,6,5,3]p0(0) r=0 lpr=18 crt=0'0 mlcod 0'0 creating+activating mbc={}] update_calc_stats missing shard 6(3) missing= 0
2019-12-07T19:33:56.625+0000 7fe2caa6c700 20 osd.0 pg_epoch: 19 pg[1.2s0( empty local-lis/les=18/19 n=0 ec=18/18 lis/c=0/0 les/c/f=0/0/0 sis=18) [0,4,1,6,5,3]p0(0) r=0 lpr=18 crt=0'0 mlcod 0'0 creating+activating mbc={}] update_calc_stats degraded 0
2019-12-07T19:33:56.625+0000 7fe2caa6c700 20 osd.0 pg_epoch: 19 pg[1.2s0( empty local-lis/les=18/19 n=0 ec=18/18 lis/c=0/0 les/c/f=0/0/0 sis=18) [0,4,1,6,5,3]p0(0) r=0 lpr=18 crt=0'0 mlcod 0'0 creating+activating mbc={}] update_calc_stats misplaced 0
2019-12-07T19:33:56.625+0000 7fe2caa6c700 20 osd.0 pg_epoch: 19 pg[1.2s0( empty local-lis/les=18/19 n=0 ec=18/18 lis/c=0/0 les/c/f=0/0/0 sis=18) [0,4,1,6,5,3]p0(0) r=0 lpr=18 crt=0'0 mlcod 0'0 creating+activating mbc={}] prepare_stats_for_publish reporting purged_snaps []
2019-12-07T19:33:56.625+0000 7fe2caa6c700 15 osd.0 pg_epoch: 19 pg[1.2s0( empty local-lis/les=18/19 n=0 ec=18/18 lis/c=0/0 les/c/f=0/0/0 sis=18) [0,4,1,6,5,3]p0(0) r=0 lpr=18 crt=0'0 mlcod 0'0 creating+activating mbc={}] publish_stats_to_osd 19:5
2019-12-07T19:33:56.625+0000 7fe2caa6c700 10 log is not dirty
2019-12-07T19:33:56.625+0000 7fe2caa6c700 20 osd.0 op_wq(2) _process empty q, waiting
2019-12-07T19:33:56.625+0000 7fe2c8267700 1 -- [v2:172.21.15.131:6822/37079,v1:172.21.15.131:6824/37079] --> [v2:172.21.15.131:6812/37076,v1:172.21.15.131:6813/37076] -- pg_info2(1.fs0 1.fs0 1.fs1( empty local-lis/les=18/19 n=0 ec=18/18 lis/c=18/0 les/c/f=19/0/0 sis=18) e19/19) v1 -- 0x558e80ff3100 con 0x558e818d7000
2019-12-07T19:33:56.625+0000 7fe2c8267700 20 osd.0 op_wq(7) _process empty q, waiting
2019-12-07T19:33:56.627+0000 7fe2e753b700 1 -- [v2:172.21.15.131:6822/37079,v1:172.21.15.131:6824/37079] <== osd.2 v2:172.21.15.131:6804/37077 6 ==== pg_info2(1.ds5 1.ds5 1.ds0( empty local-lis/les=18/19 n=0 ec=18/18 lis/c=18/0 les/c/f=19/0/0 sis=18) e19/19) v1 ==== 1110+0+0 (unknown 0 0 0) 0x558e81229500 con 0x558e818d6000
2019-12-07T19:33:56.627+0000 7fe2e753b700 15 osd.0 19 enqueue_peering_evt 1.ds5 epoch_sent: 19 epoch_requested: 19 MInfoRec from 2(0) info: 1.ds0( empty local-lis/les=18/19 n=0 ec=18/18 lis/c=18/0 les/c/f=19/0/0 sis=18) pg_lease(ru 36.088857038s ub 36.088857038s int 16s)
2019-12-07T19:33:56.627+0000 7fe2e753b700 20 osd.0 op_wq(5) _enqueue OpSchedulerItem(1.ds5 PGPeeringEvent(epoch_sent: 19 epoch_requested: 19 MInfoRec from 2(0) info: 1.ds0( empty local-lis/les=18/19 n=0 ec=18/18 lis/c=18/0 les/c/f=19/0/0 sis=18) pg_lease(ru 36.088857038s ub 36.088857038s int 16s)) prio 255 cost 10 e19)
2019-12-07T19:33:56.627+0000 7fe2c9269700 20 osd.0 op_wq(5) _process 1.ds5 to_process <> waiting <> waiting_peering {}
2019-12-07T19:33:56.627+0000 7fe2c9269700 20 osd.0 op_wq(5) _process OpSchedulerItem(1.ds5 PGPeeringEvent(epoch_sent: 19 epoch_requested: 19 MInfoRec from 2(0) info: 1.ds0( empty local-lis/les=18/19 n=0 ec=18/18 lis/c=18/0 les/c/f=19/0/0 sis=18) pg_lease(ru 36.088857038s ub 36.088857038s int 16s)) prio 255 cost 10 e19) queued
2019-12-07T19:33:56.627+0000 7fe2e753b700 1 -- [v2:172.21.15.131:6822/37079,v1:172.21.15.131:6824/37079] <== osd.2 v2:172.21.15.131:6804/37077 7 ==== pg_info2(1.ds5 1.ds5 1.ds0( empty local-lis/les=18/19 n=0 ec=18/18 lis/c=18/18 les/c/f=19/19/0 sis=18) e19/19) v1 ==== 1110+0+0 (unknown 0 0 0) 0x558e81229500 con 0x558e818d6000
2019-12-07T19:33:56.627+0000 7fe2c9269700 20 osd.0 op_wq(5) _process 1.ds5 to_process waiting <> waiting_peering {}
2019-12-07T19:33:56.627+0000 7fe2c9269700 20 osd.0 op_wq(5) _process OpSchedulerItem(1.ds5 PGPeeringEvent(epoch_sent: 19 epoch_requested: 19 MInfoRec from 2(0) info: 1.ds0( empty local-lis/les=18/19 n=0 ec=18/18 lis/c=18/0 les/c/f=19/0/0 sis=18) pg_lease(ru 36.088857038s ub 36.088857038s int 16s)) prio 255 cost 10 e19) pg 0x558e819e7000
2019-12-07T19:33:56.627+0000 7fe2c9269700 10 osd.0 pg_epoch: 19 pg[1.ds5( empty local-lis/les=18/19 n=0 ec=18/18 lis/c=0/0 les/c/f=0/0/0 sis=18) [2,1,7,3,4,0]p2(0) r=5 lpr=18 crt=0'0 active mbc={}] do_peering_event: epoch_sent: 19 epoch_requested: 19 MInfoRec from 2(0) info: 1.ds0( empty local-lis/les=18/19 n=0 ec=18/18 lis/c=18/0 les/c/f=19/0/0 sis=18) pg_lease(ru 36.088857038s ub 36.088857038s int 16s)
2019-12-07T19:33:56.627+0000 7fe2e753b700 15 osd.0 19 enqueue_peering_evt 1.ds5 epoch_sent: 19 epoch_requested: 19 MInfoRec from 2(0) info: 1.ds0( empty local-lis/les=18/19 n=0 ec=18/18 lis/c=18/18 les/c/f=19/19/0 sis=18) pg_lease(ru 36.088857038s ub 36.088857038s int 16s)
2019-12-07T19:33:56.627+0000 7fe2e753b700 20 osd.0 op_wq(5) _enqueue OpSchedulerItem(1.ds5 PGPeeringEvent(epoch_sent: 19 epoch_requested: 19 MInfoRec from 2(0) info: 1.ds0( empty local-lis/les=18/19 n=0 ec=18/18 lis/c=18/18 les/c/f=19/19/0 sis=18) pg_lease(ru 36.088857038s ub 36.088857038s int 16s)) prio 255 cost 10 e19)
2019-12-07T19:33:56.627+0000 7fe2c9269700 20 osd.0 pg_epoch: 19 pg[1.ds5( empty local-lis/les=18/19 n=0 ec=18/18 lis/c=18/0 les/c/f=19/0/0 sis=18) [2,1,7,3,4,0]p2(0) r=5 lpr=18 crt=0'0 active mbc={}] update_history advanced history from ec=18/18 lis/c=18/0 les/c/f=19/0/0 sis=18
2019-12-07T19:33:56.627+0000 7fe2c5261700 20 osd.0 op_wq(5) _process 1.ds5 to_process <> waiting <> waiting_peering {}
2019-12-07T19:33:56.627+0000 7fe2c5261700 20 osd.0 op_wq(5) _process OpSchedulerItem(1.ds5 PGPeeringEvent(epoch_sent: 19 epoch_requested: 19 MInfoRec from 2(0) info: 1.ds0( empty local-lis/les=18/19 n=0 ec=18/18 lis/c=18/18 les/c/f=19/19/0 sis=18) pg_lease(ru 36.088857038s ub 36.088857038s int 16s)) prio 255 cost 10 e19) queued
2019-12-07T19:33:56.627+0000 7fe2c9269700 10 log is not dirty
2019-12-07T19:33:56.627+0000 7fe2c9269700 10 bluestore(/var/lib/ceph/osd/ceph-0) queue_transactions ch 0x558e817b5860 1.ds5_head
2019-12-07T19:33:56.627+0000 7fe2c9269700 20 bluestore(/var/lib/ceph/osd/ceph-0) _txc_create osr 0x558e817952c0 = 0x558e819a1200 seq 3
2019-12-07T19:33:56.627+0000 7fe2c9269700 15 bluestore(/var/lib/ceph/osd/ceph-0) _omap_setkeys 1.ds5_head 5#1:b0000000::::head#
2019-12-07T19:33:56.627+0000 7fe2c9269700 20 bluestore(/var/lib/ceph/osd/ceph-0) _omap_setkeys 0x000000000000042f'._info' <- _info
2019-12-07T19:33:56.627+0000 7fe2c9269700 10 bluestore(/var/lib/ceph/osd/ceph-0) _omap_setkeys 1.ds5_head 5#1:b0000000::::head# = 0
2019-12-07T19:33:56.627+0000 7fe2c9269700 10 bluestore(/var/lib/ceph/osd/ceph-0) _txc_calc_cost 0x558e819a1200 cost 5192 (1 ios * 4000 + 1192 bytes)
2019-12-07T19:33:56.627+0000 7fe2c9269700 20 bluestore(/var/lib/ceph/osd/ceph-0) _txc_write_nodes txc 0x558e819a1200 onodes shared_blobs
2019-12-07T19:33:56.627+0000 7fe2c9269700 20 bluestore(/var/lib/ceph/osd/ceph-0) _txc_finalize_kv txc 0x558e819a1200 allocated 0x[] released 0x[]
2019-12-07T19:33:56.627+0000 7fe2c9269700 10 bluestore(/var/lib/ceph/osd/ceph-0) _txc_state_proc txc 0x558e819a1200 prepare
2019-12-07T19:33:56.627+0000 7fe2c9269700 20 bluestore(/var/lib/ceph/osd/ceph-0) _txc_finish_io 0x558e819a1200
2019-12-07T19:33:56.627+0000 7fe2c9269700 10 bluestore(/var/lib/ceph/osd/ceph-0) _txc_state_proc txc 0x558e819a1200 io_done
2019-12-07T19:33:56.627+0000 7fe2d7a86700 20 bluestore(/var/lib/ceph/osd/ceph-0) _kv_sync_thread wake
2019-12-07T19:33:56.627+0000 7fe2d7a86700 20 bluestore(/var/lib/ceph/osd/ceph-0) _kv_sync_thread committing 1 submitting 1 deferred done 0 stable 0
2019-12-07T19:33:56.627+0000 7fe2c9269700 20 osd.0 op_wq(5) _process empty q, waiting
2019-12-07T19:33:56.627+0000 7fe2d7a86700 10 bluefs _flush 0x558e8107a280 ignoring, length 1023 < min_flush_size 524288
2019-12-07T19:33:56.627+0000 7fe2c5261700 20 osd.0 op_wq(5) _process 1.ds5 to_process waiting <> waiting_peering {}
2019-12-07T19:33:56.627+0000 7fe2c5261700 20 osd.0 op_wq(5) _process OpSchedulerItem(1.ds5 PGPeeringEvent(epoch_sent: 19 epoch_requested: 19 MInfoRec from 2(0) info: 1.ds0( empty local-lis/les=18/19 n=0 ec=18/18 lis/c=18/18 les/c/f=19/19/0 sis=18) pg_lease(ru 36.088857038s ub 36.088857038s int 16s)) prio 255 cost 10 e19) pg 0x558e819e7000
2019-12-07T19:33:56.627+0000 7fe2d7a86700 20 bluestore(/var/lib/ceph/osd/ceph-0) _txc_apply_kv onode 0x558e81a02780 had 1
2019-12-07T19:33:56.627+0000 7fe2d7a86700 10 bluefs _flush 0x558e8107a280 ignoring, length 1046 < min_flush_size 524288
2019-12-07T19:33:56.627+0000 7fe2d7a86700 10 bluefs _flush 0x558e8107a280 ignoring, length 1046 < min_flush_size 524288
2019-12-07T19:33:56.627+0000 7fe2d7a86700 10 bluefs _fsync 0x558e8107a280 file(ino 16 size 0x20000 mtime
2019-12-07T19:33:55.616569+0000 allocated 20000 extents [1:0xacd120000~10000,1:0xacd0f0000~10000])
2019-12-07T19:33:56.627+0000 7fe2c5261700 10 osd.0 pg_epoch: 19 pg[1.ds5( empty local-lis/les=18/19 n=0 ec=18/18 lis/c=18/0 les/c/f=19/0/0 sis=18) [2,1,7,3,4,0]p2(0) r=5 lpr=18 crt=0'0 active mbc={}] do_peering_event: epoch_sent: 19 epoch_requested: 19 MInfoRec from 2(0) info: 1.ds0( empty local-lis/les=18/19 n=0 ec=18/18 lis/c=18/18 les/c/f=19/19/0 sis=18) pg_lease(ru 36.088857038s ub 36.088857038s int 16s)
2019-12-07T19:33:56.627+0000 7fe2d7a86700 10 bluefs _flush 0x558e8107a280 0x190e2~416 to file(ino 16 size 0x20000 mtime
2019-12-07T19:33:55.616569+0000 allocated 20000 extents [1:0xacd120000~10000,1:0xacd0f0000~10000])
2019-12-07T19:33:56.627+0000 7fe2d7a86700 10 bluefs _flush_range 0x558e8107a280 pos 0x190e2 0x190e2~416 to file(ino 16 size 0x20000 mtime
2019-12-07T19:33:55.616569+0000 allocated 20000 extents [1:0xacd120000~10000,1:0xacd0f0000~10000])
2019-12-07T19:33:56.627+0000 7fe2d7a86700 20 bluefs _flush_range file now file(ino 16 size 0x20000 mtime
2019-12-07T19:33:55.616569+0000 allocated 20000 extents [1:0xacd120000~10000,1:0xacd0f0000~10000])
2019-12-07T19:33:56.627+0000 7fe2c5261700 20 osd.0 pg_epoch: 19 pg[1.ds5( empty local-lis/les=18/19 n=0 ec=18/18 lis/c=18/18 les/c/f=19/19/0 sis=18) [2,1,7,3,4,0]p2(0) r=5 lpr=18 crt=0'0 active mbc={}] update_history advanced history from ec=18/18 lis/c=18/18 les/c/f=19/19/0 sis=18
2019-12-07T19:33:56.627+0000 7fe2d7a86700 20 bluefs _flush_range in 1:0xacd0f0000~10000 x_off 0x90e2
2019-12-07T19:33:56.627+0000 7fe2d7a86700 20 bluefs _flush_range using partial tail 0xe2
2019-12-07T19:33:56.627+0000 7fe2d7a86700 20 bluefs _flush_range waiting for previous aio to complete
2019-12-07T19:33:56.627+0000 7fe2d7a86700 20 bluefs _flush_range caching tail of 0x4f8 and padding block with 0xb08
2019-12-07T19:33:56.627+0000 7fe2c5261700 20 osd.0 pg_epoch: 19 pg[1.ds5( empty local-lis/les=18/19 n=0 ec=18/18 lis/c=18/18 les/c/f=19/19/0 sis=18) [2,1,7,3,4,0]p2(0) r=5 lpr=18 crt=0'0 active mbc={}] update_history clearing past_intervals
2019-12-07T19:33:56.627+0000 7fe2c5261700 10 log is not dirty
2019-12-07T19:33:56.627+0000 7fe2c5261700 10 bluestore(/var/lib/ceph/osd/ceph-0) queue_transactions ch 0x558e817b5860 1.ds5_head
2019-12-07T19:33:56.627+0000 7fe2c5261700 20 bluestore(/var/lib/ceph/osd/ceph-0) _txc_create osr 0x558e817952c0 = 0x558e81a0bb00 seq 4
2019-12-07T19:33:56.627+0000 7fe2c5261700 15 bluestore(/var/lib/ceph/osd/ceph-0) _omap_setkeys 1.ds5_head 5#1:b0000000::::head#
2019-12-07T19:33:56.627+0000 7fe2c5261700 20 bluestore(/var/lib/ceph/osd/ceph-0) _omap_setkeys 0x000000000000042f'._biginfo' <- _biginfo
2019-12-07T19:33:56.627+0000 7fe2c5261700 20 bluestore(/var/lib/ceph/osd/ceph-0) _omap_setkeys 0x000000000000042f'._info' <- _info
2019-12-07T19:33:56.627+0000 7fe2c5261700 10 bluestore(/var/lib/ceph/osd/ceph-0) _omap_setkeys 1.ds5_head 5#1:b0000000::::head# = 0
2019-12-07T19:33:56.627+0000 7fe2c5261700 10 bluestore(/var/lib/ceph/osd/ceph-0) _txc_calc_cost 0x558e81a0bb00 cost 5241 (1 ios * 4000 + 1241 bytes)
2019-12-07T19:33:56.627+0000 7fe2c5261700 20 bluestore(/var/lib/ceph/osd/ceph-0) _txc_write_nodes txc 0x558e81a0bb00 onodes shared_blobs
2019-12-07T19:33:56.627+0000 7fe2c5261700 20 bluestore(/var/lib/ceph/osd/ceph-0) _txc_finalize_kv txc 0x558e81a0bb00 allocated 0x[] released 0x[]
2019-12-07T19:33:56.627+0000 7fe2c5261700 10 bluestore(/var/lib/ceph/osd/ceph-0) _txc_state_proc txc 0x558e81a0bb00 prepare
2019-12-07T19:33:56.627+0000 7fe2c5261700 20 bluestore(/var/lib/ceph/osd/ceph-0) _txc_finish_io 0x558e81a0bb00
2019-12-07T19:33:56.627+0000 7fe2c5261700 10 bluestore(/var/lib/ceph/osd/ceph-0) _txc_state_proc txc 0x558e81a0bb00 io_done
2019-12-07T19:33:56.627+0000 7fe2d7a86700 20 bluefs _flush_range h 0x558e8107a280 pos now 0x194f8
2019-12-07T19:33:56.627+0000 7fe2d7a86700 10 bluefs _claim_completed_aios got 0 aios
2019-12-07T19:33:56.627+0000 7fe2c5261700 20 osd.0 op_wq(5) _process empty q, waiting
2019-12-07T19:33:56.627+0000 7fe2d7a86700 10 bluefs wait_for_aio 0x558e8107a280
2019-12-07T19:33:56.627+0000 7fe2d7a86700 10 bluefs wait_for_aio 0x558e8107a280 done in 0.000000
2019-12-07T19:33:56.627+0000 7fe2d7a86700 20 bluefs flush_bdev
2019-12-07T19:33:56.627+0000 7fe2d7a86700 20 bluestore(/var/lib/ceph/osd/ceph-0) _kv_sync_thread committed 1 cleaned 0 in 0.000106110s (0.000000101s flush + 0.000106009s kv commit)
2019-12-07T19:33:56.627+0000 7fe2dca90700 20 bluestore(/var/lib/ceph/osd/ceph-0) _kv_finalize_thread wake
2019-12-07T19:33:56.627+0000 7fe2dca90700 20 bluestore(/var/lib/ceph/osd/ceph-0) _kv_finalize_thread kv_committed <0x558e819a1200>
2019-12-07T19:33:56.627+0000 7fe2d7a86700 20 bluestore(/var/lib/ceph/osd/ceph-0) _kv_sync_thread committing 1 submitting 1 deferred done 0 stable 0
2019-12-07T19:33:56.627+0000 7fe2dca90700 20 bluestore(/var/lib/ceph/osd/ceph-0) _kv_finalize_thread deferred_stable <>
2019-12-07T19:33:56.627+0000 7fe2dca90700 10 bluestore(/var/lib/ceph/osd/ceph-0) _txc_state_proc txc 0x558e819a1200 kv_submitted
2019-12-07T19:33:56.627+0000 7fe2dca90700 20 bluestore(/var/lib/ceph/osd/ceph-0) _txc_committed_kv txc 0x558e819a1200
2019-12-07T19:33:56.627+0000 7fe2d7a86700 10 bluefs _flush 0x558e8107a280 ignoring, length 1078 < min_flush_size 524288
2019-12-07T19:33:56.627+0000 7fe2dca90700 10 bluestore(/var/lib/ceph/osd/ceph-0) _txc_state_proc txc 0x558e819a1200 finishing
2019-12-07T19:33:56.627+0000 7fe2dca90700 20 bluestore(/var/lib/ceph/osd/ceph-0) _txc_finish 0x558e819a1200 onodes
2019-12-07T19:33:56.627+0000 7fe2dca90700 20 bluestore(/var/lib/ceph/osd/ceph-0) _txc_finish txc 0x558e819a1200 done
2019-12-07T19:33:56.627+0000 7fe2dca90700 20 bluestore(/var/lib/ceph/osd/ceph-0) _txc_finish txc 0x558e81a0bb00 kv_queued
2019-12-07T19:33:56.627+0000 7fe2dca90700 10 bluestore(/var/lib/ceph/osd/ceph-0) _txc_release_alloc(sync) 0x558e819a1200 []
2019-12-07T19:33:56.627+0000 7fe2dca90700 10 fbmap_alloc 0x558e80233300 release done
2019-12-07T19:33:56.627+0000 7fe2d7a86700 20 bluestore(/var/lib/ceph/osd/ceph-0) _txc_apply_kv onode 0x558e81a02780 had 1
2019-12-07T19:33:56.627+0000 7fe2dca90700 20 bluestore(/var/lib/ceph/osd/ceph-0) _kv_finalize_thread sleep
2019-12-07T19:33:56.627+0000 7fe2d7a86700 10 bluefs _flush 0x558e8107a280 ignoring, length 1101 < min_flush_size 524288
2019-12-07T19:33:56.627+0000 7fe2d7a86700 10 bluefs _flush 0x558e8107a280 ignoring, length 1101 < min_flush_size 524288
2019-12-07T19:33:56.627+0000 7fe2d7a86700 10 bluefs _fsync 0x558e8107a280 file(ino 16 size 0x20000 mtime
2019-12-07T19:33:55.616569+0000 allocated 20000 extents [1:0xacd120000~10000,1:0xacd0f0000~10000])
2019-12-07T19:33:56.627+0000 7fe2d7a86700 10 bluefs _flush 0x558e8107a280 0x194f8~44d to file(ino 16 size 0x20000 mtime
2019-12-07T19:33:55.616569+0000 allocated 20000 extents [1:0xacd120000~10000,1:0xacd0f0000~10000])
2019-12-07T19:33:56.627+0000 7fe2d7a86700 10 bluefs _flush_range 0x558e8107a280 pos 0x194f8 0x194f8~44d to file(ino 16 size 0x20000 mtime
2019-12-07T19:33:55.616569+0000 allocated 20000 extents [1:0xacd120000~10000,1:0xacd0f0000~10000])
2019-12-07T19:33:56.627+0000 7fe2d7a86700 20 bluefs _flush_range file now file(ino 16 size 0x20000 mtime
2019-12-07T19:33:55.616569+0000 allocated 20000 extents [1:0xacd120000~10000,1:0xacd0f0000~10000])
2019-12-07T19:33:56.627+0000 7fe2d7a86700 20 bluefs _flush_range in 1:0xacd0f0000~10000 x_off 0x94f8
2019-12-07T19:33:56.627+0000 7fe2d7a86700 20 bluefs _flush_range using partial tail 0x4f8
2019-12-07T19:33:56.627+0000 7fe2d7a86700 20 bluefs _flush_range waiting for previous aio to complete
2019-12-07T19:33:56.627+0000 7fe2d7a86700 20 bluefs _flush_range caching tail of 0x945 and padding block with 0x6bb
2019-12-07T19:33:56.627+0000 7fe2c9269700 20 osd.0 op_wq(5) _process empty q, waiting
2019-12-07T19:33:56.627+0000 7fe2c5261700 20 osd.0 op_wq(5) _process empty q, waiting
2019-12-07T19:33:56.627+0000 7fe2d7a86700 20 bluefs _flush_range h 0x558e8107a280 pos now 0x19945
2019-12-07T19:33:56.627+0000 7fe2d7a86700 10 bluefs _claim_completed_aios got 0 aios
2019-12-07T19:33:56.627+0000 7fe2d7a86700 10 bluefs wait_for_aio 0x558e8107a280
2019-12-07T19:33:56.627+0000 7fe2d7a86700 10 bluefs wait_for_aio 0x558e8107a280 done in 0.000000
2019-12-07T19:33:56.627+0000 7fe2d7a86700 20 bluefs flush_bdev
2019-12-07T19:33:56.627+0000 7fe2d7a86700 20 bluestore(/var/lib/ceph/osd/ceph-0) _kv_sync_thread committed 1 cleaned 0 in 0.000110119s (0.000000105s flush + 0.000110014s kv commit)
2019-12-07T19:33:56.627+0000 7fe2dca90700 20 bluestore(/var/lib/ceph/osd/ceph-0) _kv_finalize_thread wake
2019-12-07T19:33:56.627+0000 7fe2d7a86700 20 bluestore(/var/lib/ceph/osd/ceph-0) _kv_sync_thread sleep
2019-12-07T19:33:56.627+0000 7fe2dca90700 20 bluestore(/var/lib/ceph/osd/ceph-0) _kv_finalize_thread kv_committed <0x558e81a0bb00>
2019-12-07T19:33:56.627+0000 7fe2dca90700 20 bluestore(/var/lib/ceph/osd/ceph-0) _kv_finalize_thread deferred_stable <>
2019-12-07T19:33:56.627+0000 7fe2dca90700 10 bluestore(/var/lib/ceph/osd/ceph-0) _txc_state_proc txc 0x558e81a0bb00 kv_submitted
2019-12-07T19:33:56.627+0000 7fe2dca90700 20 bluestore(/var/lib/ceph/osd/ceph-0) _txc_committed_kv txc 0x558e81a0bb00
2019-12-07T19:33:56.627+0000 7fe2dca90700 10 bluestore(/var/lib/ceph/osd/ceph-0) _txc_state_proc txc 0x558e81a0bb00 finishing
2019-12-07T19:33:56.627+0000 7fe2dca90700 20 bluestore(/var/lib/ceph/osd/ceph-0) _txc_finish 0x558e81a0bb00 onodes
2019-12-07T19:33:56.627+0000 7fe2dca90700 20 bluestore(/var/lib/ceph/osd/ceph-0) _txc_finish txc 0x558e81a0bb00 done
2019-12-07T19:33:56.627+0000 7fe2dca90700 20 bluestore(/var/lib/ceph/osd/ceph-0) _txc_finish osr 0x558e817952c0 q now empty
2019-12-07T19:33:56.627+0000 7fe2dca90700 10 bluestore(/var/lib/ceph/osd/ceph-0) _txc_release_alloc(sync) 0x558e81a0bb00 []
2019-12-07T19:33:56.627+0000 7fe2dca90700 10 fbmap_alloc 0x558e80233300 release done
2019-12-07T19:33:56.627+0000 7fe2dca90700 20 bluestore(/var/lib/ceph/osd/ceph-0) _kv_finalize_thread sleep
2019-12-07T19:33:56.627+0000 7fe2c9269700 20 osd.0 op_wq(5) _process empty q, waiting
2019-12-07T19:33:56.627+0000 7fe2c5261700 20 osd.0 op_wq(5) _process empty q, waiting
2019-12-07T19:33:56.628+0000 7fe2e2ca2700 10 osd.0 19 tick_without_osd_lock
2019-12-07T19:33:56.628+0000 7fe2e2ca2700 20 bluestore(/var/lib/ceph/osd/ceph-0) statfs store_statfs(0x163ffcf000/0x40000000/0x1680000000, data 0xf0f6/0x2f000, compress 0x0/0x0/0x0, omap 0x0, meta 0x40000000)
2019-12-07T19:33:56.628+0000 7fe2e2ca2700 25 osd.0 19 heartbeat_check osd.1 first_tx
2019-12-07T19:33:41.252061+0000 last_tx
2019-12-07T19:33:56.453331+0000 last_rx_back
2019-12-07T19:33:56.453695+0000 last_rx_front
2019-12-07T19:33:56.453704+0000
2019-12-07T19:33:56.628+0000 7fe2e2ca2700 25 osd.0 19 heartbeat_check osd.2 first_tx
2019-12-07T19:33:41.252061+0000 last_tx
2019-12-07T19:33:56.453331+0000 last_rx_back
2019-12-07T19:33:56.453559+0000 last_rx_front
2019-12-07T19:33:56.453627+0000
2019-12-07T19:33:56.628+0000 7fe2e2ca2700 25 osd.0 19 heartbeat_check osd.3 first_tx
2019-12-07T19:33:41.252061+0000 last_tx
2019-12-07T19:33:56.453331+0000 last_rx_back
2019-12-07T19:33:56.453575+0000 last_rx_front
2019-12-07T19:33:56.453596+0000
2019-12-07T19:33:56.628+0000 7fe2e2ca2700 25 osd.0 19 heartbeat_check osd.4 first_tx
2019-12-07T19:33:41.252061+0000 last_tx
2019-12-07T19:33:56.453331+0000 last_rx_back
2019-12-07T19:33:56.453839+0000 last_rx_front
2019-12-07T19:33:56.453807+0000
2019-12-07T19:33:56.628+0000 7fe2e2ca2700 25 osd.0 19 heartbeat_check osd.5 first_tx
2019-12-07T19:33:41.252061+0000 last_tx
2019-12-07T19:33:56.453331+0000 last_rx_back
2019-12-07T19:33:56.453763+0000 last_rx_front
2019-12-07T19:33:56.453773+0000
2019-12-07T19:33:56.628+0000 7fe2e2ca2700 25 osd.0 19 heartbeat_check osd.6 first_tx
2019-12-07T19:33:41.252061+0000 last_tx
2019-12-07T19:33:56.453331+0000 last_rx_back
2019-12-07T19:33:56.453751+0000 last_rx_front
2019-12-07T19:33:56.453819+0000
2019-12-07T19:33:56.628+0000 7fe2e2ca2700 25 osd.0 19 heartbeat_check osd.7 first_tx
2019-12-07T19:33:41.252061+0000 last_tx
2019-12-07T19:33:56.453331+0000 last_rx_back
2019-12-07T19:33:56.453789+0000 last_rx_front
2019-12-07T19:33:56.453733+0000
2019-12-07T19:33:56.628+0000 7fe2e2ca2700 20 osd.0 19 scrub_random_backoff lost coin flip, randomly backing off
2019-12-07T19:33:56.628+0000 7fe2e2ca2700 10 osd.0 19 promote_throttle_recalibrate 0 attempts, promoted 0 objects and 0 B; target 25 obj/sec or 5 MiB/sec
2019-12-07T19:33:56.628+0000 7fe2e2ca2700 20 osd.0 19 promote_throttle_recalibrate new_prob 1000
2019-12-07T19:33:56.628+0000 7fe2e2ca2700 10 osd.0 19 promote_throttle_recalibrate actual 0, actual/prob ratio 1, adjusted new_prob 1000, prob 1000 -> 1000
2019-12-07T19:33:56.628+0000 7fe2e6d3a700 1 -- [v2:172.21.15.131:6822/37079,v1:172.21.15.131:6824/37079] <== osd.1 v2:172.21.15.131:6823/37078 15 ==== pg_info2(1.7s3 1.7s3 1.7s0( empty local-lis/les=18/19 n=0 ec=18/18 lis/c=18/0 les/c/f=19/0/0 sis=18) e19/19) v1 ==== 1110+0+0 (unknown 0 0 0) 0x558e80ff3800 con 0x558e818d7c00
2019-12-07T19:33:56.628+0000 7fe2e6d3a700 15 osd.0 19 enqueue_peering_evt 1.7s3 epoch_sent: 19 epoch_requested: 19 MInfoRec from 1(0) info: 1.7s0( empty local-lis/les=18/19 n=0 ec=18/18 lis/c=18/0 les/c/f=19/0/0 sis=18) pg_lease(ru 36.075985074s ub 36.075985074s int 16s)
2019-12-07T19:33:56.628+0000 7fe2e6d3a700 20 osd.0 op_wq(7) _enqueue OpSchedulerItem(1.7s3 PGPeeringEvent(epoch_sent: 19 epoch_requested: 19 MInfoRec from 1(0) info: 1.7s0( empty local-lis/les=18/19 n=0 ec=18/18 lis/c=18/0 les/c/f=19/0/0 sis=18) pg_lease(ru 36.075985074s ub 36.075985074s int 16s)) prio 255 cost 10 e19)
2019-12-07T19:33:56.628+0000 7fe2c425f700 20 osd.0 op_wq(7) _process 1.7s3 to_process <> waiting <> waiting_peering {}
2019-12-07T19:33:56.628+0000 7fe2c425f700 20 osd.0 op_wq(7) _process OpSchedulerItem(1.7s3 PGPeeringEvent(epoch_sent: 19 epoch_requested: 19 MInfoRec from 1(0) info: 1.7s0( empty local-lis/les=18/19 n=0 ec=18/18 lis/c=18/0 les/c/f=19/0/0 sis=18) pg_lease(ru 36.075985074s ub 36.075985074s int 16s)) prio 255 cost 10 e19) queued
2019-12-07T19:33:56.628+0000 7fe2c425f700 20 osd.0 op_wq(7) _process 1.7s3 to_process waiting <> waiting_peering {}
2019-12-07T19:33:56.628+0000 7fe2c425f700 20 osd.0 op_wq(7) _process OpSchedulerItem(1.7s3 PGPeeringEvent(epoch_sent: 19 epoch_requested: 19 MInfoRec from 1(0) info: 1.7s0( empty local-lis/les=18/19 n=0 ec=18/18 lis/c=18/0 les/c/f=19/0/0 sis=18) pg_lease(ru 36.075985074s ub 36.075985074s int 16s)) prio 255 cost 10 e19) pg 0x558e8122e000
2019-12-07T19:33:56.628+0000 7fe2c425f700 10 osd.0 pg_epoch: 19 pg[1.7s3( empty local-lis/les=18/19 n=0 ec=18/18 lis/c=0/0 les/c/f=0/0/0 sis=18) [1,6,4,0,7,2]p1(0) r=3 lpr=18 crt=0'0 active mbc={}] do_peering_event: epoch_sent: 19 epoch_requested: 19 MInfoRec from 1(0) info: 1.7s0( empty local-lis/les=18/19 n=0 ec=18/18 lis/c=18/0 les/c/f=19/0/0 sis=18) pg_lease(ru 36.075985074s ub 36.075985074s int 16s)
2019-12-07T19:33:56.628+0000 7fe2c425f700 20 osd.0 pg_epoch: 19 pg[1.7s3( empty local-lis/les=18/19 n=0 ec=18/18 lis/c=18/0 les/c/f=19/0/0 sis=18) [1,6,4,0,7,2]p1(0) r=3 lpr=18 crt=0'0 active mbc={}] update_history advanced history from ec=18/18 lis/c=18/0 les/c/f=19/0/0 sis=18
2019-12-07T19:33:56.628+0000 7fe2c425f700 10 log is not dirty
2019-12-07T19:33:56.628+0000 7fe2c425f700 10 bluestore(/var/lib/ceph/osd/ceph-0) queue_transactions ch 0x558e8122c5a0 1.7s3_head
2019-12-07T19:33:56.628+0000 7fe2c425f700 20 bluestore(/var/lib/ceph/osd/ceph-0) _txc_create osr 0x558e81966780 = 0x558e81a0b800 seq 3
2019-12-07T19:33:56.628+0000 7fe2c425f700 15 bluestore(/var/lib/ceph/osd/ceph-0) _omap_setkeys 1.7s3_head 3#1:e0000000::::head#
2019-12-07T19:33:56.628+0000 7fe2c425f700 20 bluestore(/var/lib/ceph/osd/ceph-0) _omap_setkeys 0x0000000000000434'._info' <- _info
2019-12-07T19:33:56.628+0000 7fe2c425f700 10 bluestore(/var/lib/ceph/osd/ceph-0) _omap_setkeys 1.7s3_head 3#1:e0000000::::head# = 0
2019-12-07T19:33:56.628+0000 7fe2c425f700 10 bluestore(/var/lib/ceph/osd/ceph-0) _txc_calc_cost 0x558e81a0b800 cost 5192 (1 ios * 4000 + 1192 bytes)
