2019-12-07T19:33:45.953545+0000 last_rx_back
2019-12-07T19:33:45.953973+0000 last_rx_front
2019-12-07T19:33:45.953915+0000
2019-12-07T19:33:51.627+0000 7f2b9171a700 25 osd.6 15 heartbeat_check osd.2 first_tx
2019-12-07T19:33:41.253160+0000 last_tx
2019-12-07T19:33:45.953545+0000 last_rx_back
2019-12-07T19:33:45.953897+0000 last_rx_front
2019-12-07T19:33:45.953881+0000
2019-12-07T19:33:51.627+0000 7f2b9171a700 25 osd.6 15 heartbeat_check osd.3 first_tx
2019-12-07T19:33:41.253160+0000 last_tx
2019-12-07T19:33:45.953545+0000 last_rx_back
2019-12-07T19:33:45.953866+0000 last_rx_front
2019-12-07T19:33:45.953925+0000
2019-12-07T19:33:51.627+0000 7f2b9171a700 25 osd.6 15 heartbeat_check osd.4 first_tx
2019-12-07T19:33:41.253160+0000 last_tx
2019-12-07T19:33:45.953545+0000 last_rx_back
2019-12-07T19:33:45.953801+0000 last_rx_front
2019-12-07T19:33:45.953943+0000
2019-12-07T19:33:51.627+0000 7f2b9171a700 25 osd.6 15 heartbeat_check osd.5 first_tx
2019-12-07T19:33:41.253160+0000 last_tx
2019-12-07T19:33:45.953545+0000 last_rx_back
2019-12-07T19:33:45.954030+0000 last_rx_front
2019-12-07T19:33:45.953842+0000
2019-12-07T19:33:51.627+0000 7f2b9171a700 25 osd.6 15 heartbeat_check osd.7 first_tx
2019-12-07T19:33:41.253160+0000 last_tx
2019-12-07T19:33:45.953545+0000 last_rx_back
2019-12-07T19:33:45.953989+0000 last_rx_front
2019-12-07T19:33:45.953963+0000
2019-12-07T19:33:51.627+0000 7f2b9171a700 20 osd.6 15 scrub_random_backoff lost coin flip, randomly backing off
2019-12-07T19:33:51.627+0000 7f2b9171a700 10 osd.6 15 promote_throttle_recalibrate 0 attempts, promoted 0 objects and 0 B; target 25 obj/sec or 5 MiB/sec
2019-12-07T19:33:51.627+0000 7f2b9171a700 20 osd.6 15 promote_throttle_recalibrate new_prob 1000
2019-12-07T19:33:51.627+0000 7f2b9171a700 10 osd.6 15 promote_throttle_recalibrate actual 0, actual/prob ratio 1, adjusted new_prob 1000, prob 1000 -> 1000
2019-12-07T19:33:51.629+0000 7f2b8ad07700 20 bluestore.MempoolThread(0x5557e6312a08) _resize_shards cache_size: 2845415832 kv_alloc: 1073741824 kv_used: 1760 meta_alloc: 1073741824 meta_used: 41140 data_alloc: 671088640 data_used: 0
2019-12-07T19:33:51.679+0000 7f2b8ad07700 20 bluestore.MempoolThread(0x5557e6312a08) _resize_shards cache_size: 2845415832 kv_alloc: 1073741824 kv_used: 1760 meta_alloc: 1073741824 meta_used: 41140 data_alloc: 671088640 data_used: 0
2019-12-07T19:33:51.729+0000 7f2b8ad07700 20 bluestore.MempoolThread(0x5557e6312a08) _resize_shards cache_size: 2845415832 kv_alloc: 1073741824 kv_used: 1760 meta_alloc: 1073741824 meta_used: 41140 data_alloc: 671088640 data_used: 0
2019-12-07T19:33:51.778+0000 7f2b8ad07700 20 bluestore.MempoolThread(0x5557e6312a08) _resize_shards cache_size: 2845415832 kv_alloc: 1073741824 kv_used: 1760 meta_alloc: 1073741824 meta_used: 41140 data_alloc: 671088640 data_used: 0
2019-12-07T19:33:51.828+0000 7f2b8ad07700 20 bluestore.MempoolThread(0x5557e6312a08) _resize_shards cache_size: 2845415832 kv_alloc: 1073741824 kv_used: 1760 meta_alloc: 1073741824 meta_used: 41140 data_alloc: 671088640 data_used: 0
2019-12-07T19:33:51.852+0000 7f2b724d6700 5 osd.6 15 heartbeat osd_stat(store_statfs(0x163ffdb000/0x40000000/0x1680000000, data 0x9886/0x23000, compress 0x0/0x0/0x0, omap 0x0, meta 0x40000000), peers [0,1,2,3,4,5,7] op hist [])
2019-12-07T19:33:51.852+0000 7f2b724d6700 20 osd.6 15 check_full_status cur ratio 1.56826e-06, physical ratio 1.56826e-06, new state none
2019-12-07T19:33:51.852+0000 7f2b724d6700 1 -- 172.21.15.109:0/36937 --> [v2:172.21.15.131:6830/37079,v1:172.21.15.131:6832/37079] -- osd_ping(ping e15 up_from 13 ping_stamp
2019-12-07T19:33:51.853882+0000/15.308388276s send_stamp 15.308388276s delta_ub 0.000308074s) v5 -- 0x5557e74f1c00 con 0x5557e7a49000
2019-12-07T19:33:51.852+0000 7f2b724d6700 1 -- 172.21.15.109:0/36937 --> [v2:172.21.15.131:6826/37079,v1:172.21.15.131:6828/37079] -- osd_ping(ping e15 up_from 13 ping_stamp
2019-12-07T19:33:51.853882+0000/15.308388276s send_stamp 15.308388276s delta_ub 0.000308074s) v5 -- 0x5557e74f1800 con 0x5557e7a49400
2019-12-07T19:33:51.852+0000 7f2b724d6700 1 -- 172.21.15.109:0/36937 --> [v2:172.21.15.131:6831/37078,v1:172.21.15.131:6833/37078] -- osd_ping(ping e15 up_from 13 ping_stamp
2019-12-07T19:33:51.853882+0000/15.308388276s send_stamp 15.308388276s delta_ub 18446744073.707593914s) v5 -- 0x5557e74f1a00 con 0x5557e7af0800
2019-12-07T19:33:51.852+0000 7f2b724d6700 1 -- 172.21.15.109:0/36937 --> [v2:172.21.15.131:6827/37078,v1:172.21.15.131:6829/37078] -- osd_ping(ping e15 up_from 13 ping_stamp
2019-12-07T19:33:51.853882+0000/15.308388276s send_stamp 15.308388276s delta_ub 18446744073.707593914s) v5 -- 0x5557e758de00 con 0x5557e7af0c00
2019-12-07T19:33:51.852+0000 7f2b724d6700 1 -- 172.21.15.109:0/36937 --> [v2:172.21.15.131:6808/37077,v1:172.21.15.131:6809/37077] -- osd_ping(ping e15 up_from 13 ping_stamp
2019-12-07T19:33:51.853882+0000/15.308388276s send_stamp 15.308388276s delta_ub 18446744073.692514750s) v5 -- 0x5557e75a0000 con 0x5557e7af1000
2019-12-07T19:33:51.852+0000 7f2b724d6700 1 -- 172.21.15.109:0/36937 --> [v2:172.21.15.131:6806/37077,v1:172.21.15.131:6807/37077] -- osd_ping(ping e15 up_from 13 ping_stamp
2019-12-07T19:33:51.853882+0000/15.308388276s send_stamp 15.308388276s delta_ub 18446744073.692514750s) v5 -- 0x5557e75a0200 con 0x5557e7af1400
2019-12-07T19:33:51.852+0000 7f2b724d6700 1 -- 172.21.15.109:0/36937 --> [v2:172.21.15.131:6816/37076,v1:172.21.15.131:6817/37076] -- osd_ping(ping e15 up_from 13 ping_stamp
2019-12-07T19:33:51.853882+0000/15.308388276s send_stamp 15.308388276s delta_ub 18446744073.706864486s) v5 -- 0x5557e75a0400 con 0x5557e7af1800
2019-12-07T19:33:51.852+0000 7f2b724d6700 1 -- 172.21.15.109:0/36937 --> [v2:172.21.15.131:6814/37076,v1:172.21.15.131:6815/37076] -- osd_ping(ping e15 up_from 13 ping_stamp
2019-12-07T19:33:51.853882+0000/15.308388276s send_stamp 15.308388276s delta_ub 18446744073.706864486s) v5 -- 0x5557e75a0600 con 0x5557e7af1c00
2019-12-07T19:33:51.852+0000 7f2b724d6700 1 -- 172.21.15.109:0/36937 --> [v2:172.21.15.109:6814/36938,v1:172.21.15.109:6815/36938] -- osd_ping(ping e15 up_from 13 ping_stamp
2019-12-07T19:33:51.853882+0000/15.308388276s send_stamp 15.308388276s delta_ub 0.005517570s) v5 -- 0x5557e75a0800 con 0x5557e748e000
2019-12-07T19:33:51.852+0000 7f2b724d6700 1 -- 172.21.15.109:0/36937 --> [v2:172.21.15.109:6812/36938,v1:172.21.15.109:6813/36938] -- osd_ping(ping e15 up_from 13 ping_stamp
2019-12-07T19:33:51.853882+0000/15.308388276s send_stamp 15.308388276s delta_ub 0.005517570s) v5 -- 0x5557e75a0a00 con 0x5557e748e400
2019-12-07T19:33:51.852+0000 7f2b724d6700 1 -- 172.21.15.109:0/36937 --> [v2:172.21.15.109:6806/36936,v1:172.21.15.109:6807/36936] -- osd_ping(ping e15 up_from 13 ping_stamp
2019-12-07T19:33:51.853882+0000/15.308388276s send_stamp 15.308388276s delta_ub 18446744073.697996725s) v5 -- 0x5557e75a0c00 con 0x5557e7a49800
2019-12-07T19:33:51.852+0000 7f2b724d6700 1 -- 172.21.15.109:0/36937 --> [v2:172.21.15.109:6804/36936,v1:172.21.15.109:6805/36936] -- osd_ping(ping e15 up_from 13 ping_stamp
2019-12-07T19:33:51.853882+0000/15.308388276s send_stamp 15.308388276s delta_ub 18446744073.697996725s) v5 -- 0x5557e75a0e00 con 0x5557e7a49c00
2019-12-07T19:33:51.852+0000 7f2b724d6700 1 -- 172.21.15.109:0/36937 --> [v2:172.21.15.109:6830/36939,v1:172.21.15.109:6831/36939] -- osd_ping(ping e15 up_from 13 ping_stamp
2019-12-07T19:33:51.853882+0000/15.308388276s send_stamp 15.308388276s delta_ub 0.019412398s) v5 -- 0x5557e75a1000 con 0x5557e7af0000
2019-12-07T19:33:51.852+0000 7f2b724d6700 1 -- 172.21.15.109:0/36937 --> [v2:172.21.15.109:6828/36939,v1:172.21.15.109:6829/36939] -- osd_ping(ping e15 up_from 13 ping_stamp
2019-12-07T19:33:51.853882+0000/15.308388276s send_stamp 15.308388276s delta_ub 0.019412398s) v5 -- 0x5557e75a1200 con 0x5557e7af0400
2019-12-07T19:33:51.852+0000 7f2b957b2700 0 -- 172.21.15.109:0/36937 >> [v2:172.21.15.109:6814/36938,v1:172.21.15.109:6815/36938] conn(0x5557e748e000 msgr2=0x5557e7480100 crc :-1 s=STATE_CONNECTION_ESTABLISHED l=1).read_until injecting socket failure
2019-12-07T19:33:51.852+0000 7f2b957b2700 1 -- 172.21.15.109:0/36937 <== osd.4 v2:172.21.15.109:6814/36938 3 ==== osd_ping(ping_reply e15 up_from 13 ping_stamp
2019-12-07T19:33:51.853882+0000/15.308388276s send_stamp 15.303296475s delta_ub 18446744073.704459815s) v5 ==== 2033+0+0 (crc 0 0 0) 0x5557e74f1a00 con 0x5557e748e000
2019-12-07T19:33:51.852+0000 7f2b957b2700 25 osd.6 15 handle_osd_ping got reply from osd.4 first_tx
2019-12-07T19:33:41.253160+0000 last_tx
2019-12-07T19:33:51.853882+0000 last_rx_back
2019-12-07T19:33:45.953801+0000 ->
2019-12-07T19:33:51.854155+0000 last_rx_front
2019-12-07T19:33:45.953943+0000
2019-12-07T19:33:51.852+0000 7f2b967b4700 1 -- 172.21.15.109:0/36937 <== osd.7 v2:172.21.15.109:6830/36939 3 ==== osd_ping(ping_reply e15 up_from 13 ping_stamp
2019-12-07T19:33:51.853882+0000/15.308388276s send_stamp 15.289554355s delta_ub 18446744073.690717695s) v5 ==== 2033+0+0 (crc 0 0 0) 0x5557e758c200 con 0x5557e7af0000
2019-12-07T19:33:51.852+0000 7f2b957b2700 20 osd.6 15 handle_osd_ping new stamps hbstamp(osd.4 up_from 13 peer_clock_delta [18446744073.704186696s,18446744073.704459815s])
2019-12-07T19:33:51.852+0000 7f2b95fb3700 1 -- 172.21.15.109:0/36937 <== osd.5 v2:172.21.15.109:6806/36936 3 ==== osd_ping(ping_reply e15 up_from 13 ping_stamp
2019-12-07T19:33:51.853882+0000/15.308388276s send_stamp 15.320426262s delta_ub 0.012037986s) v5 ==== 2033+0+0 (crc 0 0 0) 0x5557e75a0200 con 0x5557e7a49800
2019-12-07T19:33:51.853+0000 7f2b957b2700 1 -- 172.21.15.109:0/36937 >> [v2:172.21.15.109:6814/36938,v1:172.21.15.109:6815/36938] conn(0x5557e748e000 msgr2=0x5557e7480100 crc :-1 s=STATE_CONNECTION_ESTABLISHED l=1).read_bulk peer close file descriptor 71
2019-12-07T19:33:51.853+0000 7f2b95fb3700 25 osd.6 15 handle_osd_ping got reply from osd.5 first_tx
2019-12-07T19:33:41.253160+0000 last_tx
2019-12-07T19:33:51.853882+0000 last_rx_back
2019-12-07T19:33:45.954030+0000 ->
2019-12-07T19:33:51.854213+0000 last_rx_front
2019-12-07T19:33:45.953842+0000
2019-12-07T19:33:51.853+0000 7f2b957b2700 1 -- 172.21.15.109:0/36937 >> [v2:172.21.15.109:6814/36938,v1:172.21.15.109:6815/36938] conn(0x5557e748e000 msgr2=0x5557e7480100 crc :-1 s=STATE_CONNECTION_ESTABLISHED l=1).read_until read failed
2019-12-07T19:33:51.853+0000 7f2b95fb3700 20 osd.6 15 handle_osd_ping new stamps hbstamp(osd.5 up_from 13 peer_clock_delta [0.011706873s,0.012037986s])
2019-12-07T19:33:51.853+0000 7f2b957b2700 1 --2- 172.21.15.109:0/36937 >> [v2:172.21.15.109:6814/36938,v1:172.21.15.109:6815/36938] conn(0x5557e748e000 0x5557e7480100 crc :-1 s=READY pgs=3 cs=0 l=1 rx=0 tx=0).handle_read_frame_preamble_main read frame length and tag failed r=-1 ((1) Operation not permitted)
2019-12-07T19:33:51.853+0000 7f2b957b2700 1 --2- 172.21.15.109:0/36937 >> [v2:172.21.15.109:6814/36938,v1:172.21.15.109:6815/36938] conn(0x5557e748e000 0x5557e7480100 crc :-1 s=READY pgs=3 cs=0 l=1 rx=0 tx=0).stop
2019-12-07T19:33:51.853+0000 7f2b967b4700 25 osd.6 15 handle_osd_ping got reply from osd.7 first_tx
2019-12-07T19:33:41.253160+0000 last_tx
2019-12-07T19:33:51.853882+0000 last_rx_back
2019-12-07T19:33:45.953989+0000 ->
2019-12-07T19:33:51.854236+0000 last_rx_front
2019-12-07T19:33:45.953963+0000
2019-12-07T19:33:51.853+0000 7f2b967b4700 20 osd.6 15 handle_osd_ping new stamps hbstamp(osd.7 up_from 13 peer_clock_delta [18446744073.690363833s,18446744073.690717695s])
2019-12-07T19:33:51.853+0000 7f2b814f4700 20 osd.6 15 heartbeat_reset con 0x5557e748e000 s 0x5557e7aef040
2019-12-07T19:33:51.853+0000 7f2b95fb3700 1 -- 172.21.15.109:0/36937 <== osd.2 v2:172.21.15.131:6808/37077 3 ==== osd_ping(ping_reply e15 up_from 13 ping_stamp
2019-12-07T19:33:51.853882+0000/15.308388276s send_stamp 15.325883057s delta_ub 0.017494781s) v5 ==== 2033+0+0 (crc 0 0 0) 0x5557e75a0200 con 0x5557e7af1000
2019-12-07T19:33:51.853+0000 7f2b814f4700 10 osd.6 15 heartbeat_reset failed hb con 0x5557e748e000 for osd.4, reopening
2019-12-07T19:33:51.853+0000 7f2b967b4700 1 -- 172.21.15.109:0/36937 <== osd.1 v2:172.21.15.131:6827/37078 3 ==== osd_ping(ping_reply e15 up_from 13 ping_stamp
2019-12-07T19:33:51.853882+0000/15.308388276s send_stamp 15.311094171s delta_ub 0.002705895s) v5 ==== 2033+0+0 (crc 0 0 0) 0x5557e758c200 con 0x5557e7af0c00
2019-12-07T19:33:51.853+0000 7f2b957b2700 1 -- 172.21.15.109:0/36937 <== osd.5 v2:172.21.15.109:6804/36936 3 ==== osd_ping(ping_reply e15 up_from 13 ping_stamp
2019-12-07T19:33:51.853882+0000/15.308388276s send_stamp 15.320440200s delta_ub 0.012051924s) v5 ==== 2033+0+0 (crc 0 0 0) 0x5557e7a9b600 con 0x5557e7a49c00
2019-12-07T19:33:51.853+0000 7f2b814f4700 1 -- 172.21.15.109:0/36937 >> [v2:172.21.15.109:6812/36938,v1:172.21.15.109:6813/36938] conn(0x5557e748e400 msgr2=0x5557e7480680 crc :-1 s=STATE_CONNECTION_ESTABLISHED l=1).mark_down
2019-12-07T19:33:51.853+0000 7f2b814f4700 1 --2- 172.21.15.109:0/36937 >> [v2:172.21.15.109:6812/36938,v1:172.21.15.109:6813/36938] conn(0x5557e748e400 0x5557e7480680 crc :-1 s=READY pgs=3 cs=0 l=1 rx=0 tx=0).stop
2019-12-07T19:33:51.853+0000 7f2b814f4700 1 --2- 172.21.15.109:0/36937 >> [v2:172.21.15.109:6814/36938,v1:172.21.15.109:6815/36938] conn(0x5557e75aa000 0x5557e75b0000 unknown :-1 s=NONE pgs=0 cs=0 l=1 rx=0 tx=0).connect
2019-12-07T19:33:51.853+0000 7f2b814f4700 1 --2- 172.21.15.109:0/36937 >> [v2:172.21.15.109:6812/36938,v1:172.21.15.109:6813/36938] conn(0x5557e75aa400 0x5557e75b0580 unknown :-1 s=NONE pgs=0 cs=0 l=1 rx=0 tx=0).connect
2019-12-07T19:33:51.853+0000 7f2b95fb3700 25 osd.6 15 handle_osd_ping got reply from osd.2 first_tx
2019-12-07T19:33:41.253160+0000 last_tx
2019-12-07T19:33:51.853882+0000 last_rx_back
2019-12-07T19:33:45.953897+0000 ->
2019-12-07T19:33:51.854321+0000 last_rx_front
2019-12-07T19:33:45.953881+0000
2019-12-07T19:33:51.853+0000 7f2b95fb3700 20 osd.6 15 handle_osd_ping new stamps hbstamp(osd.2 up_from 13 peer_clock_delta [0.017055775s,0.017494781s])
2019-12-07T19:33:51.853+0000 7f2b967b4700 25 osd.6 15 handle_osd_ping got reply from osd.1 first_tx
2019-12-07T19:33:41.253160+0000 last_tx
2019-12-07T19:33:51.853882+0000 last_rx_back
2019-12-07T19:33:45.953973+0000 last_rx_front
2019-12-07T19:33:45.953915+0000 ->
2019-12-07T19:33:51.854333+0000
2019-12-07T19:33:51.853+0000 7f2b967b4700 20 osd.6 15 handle_osd_ping new stamps hbstamp(osd.1 up_from 13 peer_clock_delta [0.002255526s,0.002705895s])
2019-12-07T19:33:51.853+0000 7f2b95fb3700 1 -- 172.21.15.109:0/36937 <== osd.3 v2:172.21.15.131:6814/37076 3 ==== osd_ping(ping_reply e15 up_from 13 ping_stamp
2019-12-07T19:33:51.853882+0000/15.308388276s send_stamp 15.311695198s delta_ub 0.003306922s) v5 ==== 2033+0+0 (crc 0 0 0) 0x5557e75a0200 con 0x5557e7af1c00
2019-12-07T19:33:51.853+0000 7f2b957b2700 25 osd.6 15 handle_osd_ping got reply from osd.5 first_tx
2019-12-07T19:33:41.253160+0000 last_tx
2019-12-07T19:33:51.853882+0000 last_rx_back
2019-12-07T19:33:51.854213+0000 last_rx_front
2019-12-07T19:33:45.953842+0000 ->
2019-12-07T19:33:51.854344+0000
2019-12-07T19:33:51.853+0000 7f2b957b2700 25 osd.6 15 handle_osd_ping got all replies from osd.5 , erase pending ping(sent at
2019-12-07T19:33:51.853882+0000) and older pending ping(s)
2019-12-07T19:33:51.853+0000 7f2b967b4700 1 -- 172.21.15.109:0/36937 <== osd.3 v2:172.21.15.131:6816/37076 3 ==== osd_ping(ping_reply e15 up_from 13 ping_stamp
2019-12-07T19:33:51.853882+0000/15.308388276s send_stamp 15.311725502s delta_ub 0.003337226s) v5 ==== 2033+0+0 (crc 0 0 0) 0x5557e758c200 con 0x5557e7af1800
2019-12-07T19:33:51.853+0000 7f2b957b2700 20 osd.6 15 handle_osd_ping new stamps hbstamp(osd.5 up_from 13 peer_clock_delta [0.011590145s,0.012051924s])
2019-12-07T19:33:51.853+0000 7f2b95fb3700 25 osd.6 15 handle_osd_ping got reply from osd.3 first_tx
2019-12-07T19:33:41.253160+0000 last_tx
2019-12-07T19:33:51.853882+0000 last_rx_back
2019-12-07T19:33:45.953866+0000 last_rx_front
2019-12-07T19:33:45.953925+0000 ->
2019-12-07T19:33:51.854362+0000
2019-12-07T19:33:51.853+0000 7f2b95fb3700 20 osd.6 15 handle_osd_ping new stamps hbstamp(osd.3 up_from 13 peer_clock_delta [0.002827406s,0.003306922s])
2019-12-07T19:33:51.853+0000 7f2b957b2700 1 -- 172.21.15.109:0/36937 <== osd.2 v2:172.21.15.131:6806/37077 3 ==== osd_ping(ping_reply e15 up_from 13 ping_stamp
2019-12-07T19:33:51.853882+0000/15.308388276s send_stamp 15.325907057s delta_ub 0.017518781s) v5 ==== 2033+0+0 (crc 0 0 0) 0x5557e7a9b600 con 0x5557e7af1400
2019-12-07T19:33:51.853+0000 7f2b967b4700 25 osd.6 15 handle_osd_ping got reply from osd.3 first_tx
2019-12-07T19:33:41.253160+0000 last_tx
2019-12-07T19:33:51.853882+0000 last_rx_back
2019-12-07T19:33:45.953866+0000 ->
2019-12-07T19:33:51.854372+0000 last_rx_front
2019-12-07T19:33:51.854362+0000
2019-12-07T19:33:51.853+0000 7f2b967b4700 25 osd.6 15 handle_osd_ping got all replies from osd.3 , erase pending ping(sent at
2019-12-07T19:33:51.853882+0000) and older pending ping(s)
2019-12-07T19:33:51.853+0000 7f2b95fb3700 1 -- 172.21.15.109:0/36937 <== osd.7 v2:172.21.15.109:6828/36939 3 ==== osd_ping(ping_reply e15 up_from 13 ping_stamp
2019-12-07T19:33:51.853882+0000/15.308388276s send_stamp 15.289592851s delta_ub 18446744073.690756191s) v5 ==== 2033+0+0 (crc 0 0 0) 0x5557e75a0200 con 0x5557e7af0400
2019-12-07T19:33:51.853+0000 7f2b967b4700 20 osd.6 15 handle_osd_ping new stamps hbstamp(osd.3 up_from 13 peer_clock_delta [0.002847979s,0.003337226s])
2019-12-07T19:33:51.853+0000 7f2b957b2700 25 osd.6 15 handle_osd_ping got reply from osd.2 first_tx
2019-12-07T19:33:41.253160+0000 last_tx
2019-12-07T19:33:51.853882+0000 last_rx_back
2019-12-07T19:33:51.854321+0000 last_rx_front
2019-12-07T19:33:45.953881+0000 ->
2019-12-07T19:33:51.854384+0000
2019-12-07T19:33:51.853+0000 7f2b957b2700 25 osd.6 15 handle_osd_ping got all replies from osd.2 , erase pending ping(sent at
2019-12-07T19:33:51.853882+0000) and older pending ping(s)
2019-12-07T19:33:51.853+0000 7f2b957b2700 20 osd.6 15 handle_osd_ping new stamps hbstamp(osd.2 up_from 13 peer_clock_delta [0.017016793s,0.017518781s])
2019-12-07T19:33:51.853+0000 7f2b95fb3700 25 osd.6 15 handle_osd_ping got reply from osd.7 first_tx
2019-12-07T19:33:41.253160+0000 last_tx
2019-12-07T19:33:51.853882+0000 last_rx_back
2019-12-07T19:33:51.854236+0000 last_rx_front
2019-12-07T19:33:45.953963+0000 ->
2019-12-07T19:33:51.854399+0000
2019-12-07T19:33:51.853+0000 7f2b95fb3700 25 osd.6 15 handle_osd_ping got all replies from osd.7 , erase pending ping(sent at
2019-12-07T19:33:51.853882+0000) and older pending ping(s)
2019-12-07T19:33:51.853+0000 7f2b957b2700 1 -- 172.21.15.109:0/36937 <== osd.0 v2:172.21.15.131:6826/37079 3 ==== osd_ping(ping_reply e15 up_from 13 ping_stamp
2019-12-07T19:33:51.853882+0000/15.308388276s send_stamp 15.308854641s delta_ub 0.000466365s) v5 ==== 2033+0+0 (crc 0 0 0) 0x5557e7a9b600 con 0x5557e7a49400
2019-12-07T19:33:51.853+0000 7f2b95fb3700 20 osd.6 15 handle_osd_ping new stamps hbstamp(osd.7 up_from 13 peer_clock_delta [18446744073.690240092s,18446744073.690756191s])
2019-12-07T19:33:51.853+0000 7f2b957b2700 25 osd.6 15 handle_osd_ping got reply from osd.0 first_tx
2019-12-07T19:33:41.253160+0000 last_tx
2019-12-07T19:33:51.853882+0000 last_rx_back
2019-12-07T19:33:45.954007+0000 last_rx_front
2019-12-07T19:33:45.953936+0000 ->
2019-12-07T19:33:51.854420+0000
2019-12-07T19:33:51.853+0000 7f2b957b2700 20 osd.6 15 handle_osd_ping new stamps hbstamp(osd.0 up_from 13 peer_clock_delta [18446744073.709480501s,0.000466365s])
2019-12-07T19:33:51.853+0000 7f2b95fb3700 1 -- 172.21.15.109:0/36937 <== osd.0 v2:172.21.15.131:6830/37079 3 ==== osd_ping(ping_reply e15 up_from 13 ping_stamp
2019-12-07T19:33:51.853882+0000/15.308388276s send_stamp 15.308899540s delta_ub 0.000511264s) v5 ==== 2033+0+0 (crc 0 0 0) 0x5557e75a0200 con 0x5557e7a49000
2019-12-07T19:33:51.853+0000 7f2b957b2700 1 -- 172.21.15.109:0/36937 <== osd.1 v2:172.21.15.131:6831/37078 3 ==== osd_ping(ping_reply e15 up_from 13 ping_stamp
2019-12-07T19:33:51.853882+0000/15.308388276s send_stamp 15.311144812s delta_ub 0.002756536s) v5 ==== 2033+0+0 (crc 0 0 0) 0x5557e7a9b600 con 0x5557e7af0800
2019-12-07T19:33:51.853+0000 7f2b95fb3700 25 osd.6 15 handle_osd_ping got reply from osd.0 first_tx
2019-12-07T19:33:41.253160+0000 last_tx
2019-12-07T19:33:51.853882+0000 last_rx_back
2019-12-07T19:33:45.954007+0000 ->
2019-12-07T19:33:51.854436+0000 last_rx_front
2019-12-07T19:33:51.854420+0000
2019-12-07T19:33:51.853+0000 7f2b95fb3700 25 osd.6 15 handle_osd_ping got all replies from osd.0 , erase pending ping(sent at
2019-12-07T19:33:51.853882+0000) and older pending ping(s)
2019-12-07T19:33:51.853+0000 7f2b95fb3700 20 osd.6 15 handle_osd_ping new stamps hbstamp(osd.0 up_from 13 peer_clock_delta [18446744073.709508823s,0.000511264s])
2019-12-07T19:33:51.853+0000 7f2b957b2700 25 osd.6 15 handle_osd_ping got reply from osd.1 first_tx
2019-12-07T19:33:41.253160+0000 last_tx
2019-12-07T19:33:51.853882+0000 last_rx_back
2019-12-07T19:33:45.953973+0000 ->
2019-12-07T19:33:51.854454+0000 last_rx_front
2019-12-07T19:33:51.854333+0000
2019-12-07T19:33:51.853+0000 7f2b957b2700 25 osd.6 15 handle_osd_ping got all replies from osd.1 , erase pending ping(sent at
2019-12-07T19:33:51.853882+0000) and older pending ping(s)
2019-12-07T19:33:51.853+0000 7f2b957b2700 20 osd.6 15 handle_osd_ping new stamps hbstamp(osd.1 up_from 13 peer_clock_delta [0.002184935s,0.002756536s])
2019-12-07T19:33:51.853+0000 7f2b967b4700 1 --2- 172.21.15.109:0/36937 >> [v2:172.21.15.109:6812/36938,v1:172.21.15.109:6813/36938] conn(0x5557e75aa400 0x5557e75b0580 unknown :-1 s=BANNER_CONNECTING pgs=0 cs=0 l=1 rx=0 tx=0)._handle_peer_banner_payload supported=0 required=0
2019-12-07T19:33:51.853+0000 7f2b957b2700 1 --2- 172.21.15.109:0/36937 >> [v2:172.21.15.109:6814/36938,v1:172.21.15.109:6815/36938] conn(0x5557e75aa000 0x5557e75b0000 unknown :-1 s=BANNER_CONNECTING pgs=0 cs=0 l=1 rx=0 tx=0)._handle_peer_banner_payload supported=0 required=0
2019-12-07T19:33:51.853+0000 7f2b957b2700 1 --2- 172.21.15.109:0/36937 >> [v2:172.21.15.109:6814/36938,v1:172.21.15.109:6815/36938] conn(0x5557e75aa000 0x5557e75b0000 crc :-1 s=READY pgs=8 cs=0 l=1 rx=0 tx=0).ready entity=osd.4 client_cookie=0 server_cookie=0 in_seq=0 out_seq=0
2019-12-07T19:33:51.853+0000 7f2b967b4700 1 --2- 172.21.15.109:0/36937 >> [v2:172.21.15.109:6812/36938,v1:172.21.15.109:6813/36938] conn(0x5557e75aa400 0x5557e75b0580 crc :-1 s=READY pgs=8 cs=0 l=1 rx=0 tx=0).ready entity=osd.4 client_cookie=0 server_cookie=0 in_seq=0 out_seq=0
2019-12-07T19:33:51.878+0000 7f2b8ad07700 20 bluestore.MempoolThread(0x5557e6312a08) _resize_shards cache_size: 2845415832 kv_alloc: 1073741824 kv_used: 1760 meta_alloc: 1073741824 meta_used: 41140 data_alloc: 671088640 data_used: 0
2019-12-07T19:33:51.929+0000 7f2b8ad07700 20 bluestore.MempoolThread(0x5557e6312a08) _resize_shards cache_size: 2845415832 kv_alloc: 1073741824 kv_used: 1760 meta_alloc: 1073741824 meta_used: 41140 data_alloc: 671088640 data_used: 0
2019-12-07T19:33:51.979+0000 7f2b8ad07700 20 bluestore.MempoolThread(0x5557e6312a08) _resize_shards cache_size: 2845415832 kv_alloc: 1073741824 kv_used: 1760 meta_alloc: 1073741824 meta_used: 41140 data_alloc: 671088640 data_used: 0
2019-12-07T19:33:52.029+0000 7f2b8ad07700 20 bluestore.MempoolThread(0x5557e6312a08) _resize_shards cache_size: 2845415832 kv_alloc: 1073741824 kv_used: 1760 meta_alloc: 1073741824 meta_used: 41140 data_alloc: 671088640 data_used: 0
2019-12-07T19:33:52.079+0000 7f2b8ad07700 20 bluestore.MempoolThread(0x5557e6312a08) _resize_shards cache_size: 2845415832 kv_alloc: 1073741824 kv_used: 1760 meta_alloc: 1073741824 meta_used: 41140 data_alloc: 671088640 data_used: 0
2019-12-07T19:33:52.129+0000 7f2b8ad07700 20 bluestore.MempoolThread(0x5557e6312a08) _resize_shards cache_size: 2845415832 kv_alloc: 1073741824 kv_used: 1760 meta_alloc: 1073741824 meta_used: 41140 data_alloc: 671088640 data_used: 0
2019-12-07T19:33:52.179+0000 7f2b8ad07700 20 bluestore.MempoolThread(0x5557e6312a08) _resize_shards cache_size: 2845415832 kv_alloc: 1073741824 kv_used: 1760 meta_alloc: 1073741824 meta_used: 41140 data_alloc: 671088640 data_used: 0
2019-12-07T19:33:52.229+0000 7f2b8ad07700 20 bluestore.MempoolThread(0x5557e6312a08) _resize_shards cache_size: 2845415832 kv_alloc: 1073741824 kv_used: 1760 meta_alloc: 1073741824 meta_used: 41140 data_alloc: 671088640 data_used: 0
2019-12-07T19:33:52.279+0000 7f2b8ad07700 20 bluestore.MempoolThread(0x5557e6312a08) _resize_shards cache_size: 2845415832 kv_alloc: 1073741824 kv_used: 1760 meta_alloc: 1073741824 meta_used: 41140 data_alloc: 671088640 data_used: 0
2019-12-07T19:33:52.329+0000 7f2b8ad07700 20 bluestore.MempoolThread(0x5557e6312a08) _resize_shards cache_size: 2845415832 kv_alloc: 1073741824 kv_used: 1760 meta_alloc: 1073741824 meta_used: 41140 data_alloc: 671088640 data_used: 0
2019-12-07T19:33:52.335+0000 7f2b967b4700 1 -- [v2:172.21.15.109:6820/36937,v1:172.21.15.109:6821/36937] <== osd.2 172.21.15.131:0/37077 4 ==== osd_ping(ping e15 up_from 13 ping_stamp
2019-12-07T19:33:52.336720+0000/15.808438677s send_stamp 15.808438677s delta_ub 0.017518781s) v5 ==== 2033+0+0 (crc 0 0 0) 0x5557e75a0400 con 0x5557e74cd400
2019-12-07T19:33:52.335+0000 7f2b957b2700 1 -- [v2:172.21.15.109:6822/36937,v1:172.21.15.109:6823/36937] <== osd.2 172.21.15.131:0/37077 4 ==== osd_ping(ping e15 up_from 13 ping_stamp
2019-12-07T19:33:52.336720+0000/15.808438677s send_stamp 15.808438677s delta_ub 0.017518781s) v5 ==== 2033+0+0 (crc 0 0 0) 0x5557e74f1a00 con 0x5557e74ccc00
2019-12-07T19:33:52.335+0000 7f2b967b4700 20 osd.6 15 handle_osd_ping new stamps hbstamp(osd.2 up_from 13 peer_clock_delta [0.016999748s,0.017518781s])
2019-12-07T19:33:52.335+0000 7f2b967b4700 1 -- [v2:172.21.15.109:6820/36937,v1:172.21.15.109:6821/36937] --> 172.21.15.131:0/37077 -- osd_ping(ping_reply e15 up_from 13 ping_stamp
2019-12-07T19:33:52.336720+0000/15.808438677s send_stamp 15.791438929s delta_ub 18446744073.692551868s) v5 -- 0x5557e75a1000 con 0x5557e74cd400
2019-12-07T19:33:52.335+0000 7f2b957b2700 20 osd.6 15 handle_osd_ping new stamps hbstamp(osd.2 up_from 13 peer_clock_delta [0.016979026s,0.017518781s])
2019-12-07T19:33:52.335+0000 7f2b957b2700 1 -- [v2:172.21.15.109:6822/36937,v1:172.21.15.109:6823/36937] --> 172.21.15.131:0/37077 -- osd_ping(ping_reply e15 up_from 13 ping_stamp
2019-12-07T19:33:52.336720+0000/15.808438677s send_stamp 15.791459651s delta_ub 18446744073.692572590s) v5 -- 0x5557e74f1800 con 0x5557e74ccc00
2019-12-07T19:33:52.380+0000 7f2b8ad07700 20 bluestore.MempoolThread(0x5557e6312a08) _resize_shards cache_size: 2845415832 kv_alloc: 1073741824 kv_used: 1760 meta_alloc: 1073741824 meta_used: 41140 data_alloc: 671088640 data_used: 0
2019-12-07T19:33:52.430+0000 7f2b8ad07700 20 bluestore.MempoolThread(0x5557e6312a08) _resize_shards cache_size: 2845415832 kv_alloc: 1073741824 kv_used: 1760 meta_alloc: 1073741824 meta_used: 41140 data_alloc: 671088640 data_used: 0
2019-12-07T19:33:52.480+0000 7f2b8ad07700 20 bluestore.MempoolThread(0x5557e6312a08) _resize_shards cache_size: 2845415832 kv_alloc: 1073741824 kv_used: 1760 meta_alloc: 1073741824 meta_used: 41140 data_alloc: 671088640 data_used: 0
2019-12-07T19:33:52.507+0000 7f2b92fad700 10 osd.6 15 tick
2019-12-07T19:33:52.507+0000 7f2b92fad700 10 osd.6 15 do_waiters -- start
2019-12-07T19:33:52.507+0000 7f2b92fad700 10 osd.6 15 do_waiters -- finish
2019-12-07T19:33:52.507+0000 7f2b92fad700 20 osd.6 15 tick last_purged_snaps_scrub
2019-12-07T19:33:37.564652+0000 next
2019-12-07T19:34:37.564652+0000
2019-12-07T19:33:52.530+0000 7f2b8ad07700 20 bluestore.MempoolThread(0x5557e6312a08) _resize_shards cache_size: 2845415832 kv_alloc: 1073741824 kv_used: 1760 meta_alloc: 1073741824 meta_used: 41140 data_alloc: 671088640 data_used: 0
2019-12-07T19:33:52.580+0000 7f2b8ad07700 20 bluestore.MempoolThread(0x5557e6312a08) _resize_shards cache_size: 2845415832 kv_alloc: 1073741824 kv_used: 1760 meta_alloc: 1073741824 meta_used: 41140 data_alloc: 671088640 data_used: 0
2019-12-07T19:33:52.630+0000 7f2b8ad07700 20 bluestore.MempoolThread(0x5557e6312a08) _resize_shards cache_size: 2845415832 kv_alloc: 1073741824 kv_used: 1760 meta_alloc: 1073741824 meta_used: 41140 data_alloc: 671088640 data_used: 0
2019-12-07T19:33:52.659+0000 7f2b9171a700 10 osd.6 15 tick_without_osd_lock
2019-12-07T19:33:52.659+0000 7f2b9171a700 20 bluestore(/var/lib/ceph/osd/ceph-6) statfs store_statfs(0x163ffdb000/0x40000000/0x1680000000, data 0x9886/0x23000, compress 0x0/0x0/0x0, omap 0x0, meta 0x40000000)
2019-12-07T19:33:52.659+0000 7f2b9171a700 25 osd.6 15 heartbeat_check osd.0 first_tx
2019-12-07T19:33:41.253160+0000 last_tx
2019-12-07T19:33:51.853882+0000 last_rx_back
2019-12-07T19:33:51.854436+0000 last_rx_front
2019-12-07T19:33:51.854420+0000
2019-12-07T19:33:52.659+0000 7f2b9171a700 25 osd.6 15 heartbeat_check osd.1 first_tx
2019-12-07T19:33:41.253160+0000 last_tx
2019-12-07T19:33:51.853882+0000 last_rx_back
2019-12-07T19:33:51.854454+0000 last_rx_front
2019-12-07T19:33:51.854333+0000
2019-12-07T19:33:52.659+0000 7f2b9171a700 25 osd.6 15 heartbeat_check osd.2 first_tx
2019-12-07T19:33:41.253160+0000 last_tx
2019-12-07T19:33:51.853882+0000 last_rx_back
2019-12-07T19:33:51.854321+0000 last_rx_front
2019-12-07T19:33:51.854384+0000
2019-12-07T19:33:52.659+0000 7f2b9171a700 25 osd.6 15 heartbeat_check osd.3 first_tx
2019-12-07T19:33:41.253160+0000 last_tx
2019-12-07T19:33:51.853882+0000 last_rx_back
2019-12-07T19:33:51.854372+0000 last_rx_front
2019-12-07T19:33:51.854362+0000
2019-12-07T19:33:52.659+0000 7f2b9171a700 25 osd.6 15 heartbeat_check osd.4 first_tx
2019-12-07T19:33:41.253160+0000 last_tx
2019-12-07T19:33:51.853882+0000 last_rx_back
2019-12-07T19:33:51.854155+0000 last_rx_front
2019-12-07T19:33:45.953943+0000
2019-12-07T19:33:52.659+0000 7f2b9171a700 25 osd.6 15 heartbeat_check osd.5 first_tx
2019-12-07T19:33:41.253160+0000 last_tx
2019-12-07T19:33:51.853882+0000 last_rx_back
2019-12-07T19:33:51.854213+0000 last_rx_front
2019-12-07T19:33:51.854344+0000
2019-12-07T19:33:52.659+0000 7f2b9171a700 25 osd.6 15 heartbeat_check osd.7 first_tx
2019-12-07T19:33:41.253160+0000 last_tx
2019-12-07T19:33:51.853882+0000 last_rx_back
2019-12-07T19:33:51.854236+0000 last_rx_front
2019-12-07T19:33:51.854399+0000
2019-12-07T19:33:52.659+0000 7f2b9171a700 20 osd.6 15 scrub_random_backoff lost coin flip, randomly backing off
2019-12-07T19:33:52.659+0000 7f2b9171a700 10 osd.6 15 promote_throttle_recalibrate 0 attempts, promoted 0 objects and 0 B; target 25 obj/sec or 5 MiB/sec
2019-12-07T19:33:52.659+0000 7f2b9171a700 20 osd.6 15 promote_throttle_recalibrate new_prob 1000
2019-12-07T19:33:52.659+0000 7f2b9171a700 10 osd.6 15 promote_throttle_recalibrate actual 0, actual/prob ratio 1, adjusted new_prob 1000, prob 1000 -> 1000
2019-12-07T19:33:52.680+0000 7f2b8ad07700 20 bluestore.MempoolThread(0x5557e6312a08) _resize_shards cache_size: 2845415832 kv_alloc: 1073741824 kv_used: 1760 meta_alloc: 1073741824 meta_used: 41140 data_alloc: 671088640 data_used: 0
2019-12-07T19:33:52.730+0000 7f2b8ad07700 20 bluestore.MempoolThread(0x5557e6312a08) _resize_shards cache_size: 2845415832 kv_alloc: 1073741824 kv_used: 1760 meta_alloc: 1073741824 meta_used: 41140 data_alloc: 671088640 data_used: 0
2019-12-07T19:33:52.750+0000 7f2b967b4700 1 -- [v2:172.21.15.109:6822/36937,v1:172.21.15.109:6823/36937] <== osd.3 172.21.15.131:0/37076 2 ==== osd_ping(ping e15 up_from 13 ping_stamp
2019-12-07T19:33:52.751844+0000/16.209356665s send_stamp 16.209356665s delta_ub 0.003337226s) v5 ==== 2033+0+0 (crc 0 0 0) 0x5557e758c200 con 0x5557e79f4800
2019-12-07T19:33:52.750+0000 7f2b957b2700 1 -- [v2:172.21.15.109:6820/36937,v1:172.21.15.109:6821/36937] <== osd.3 172.21.15.131:0/37076 2 ==== osd_ping(ping e15 up_from 13 ping_stamp
2019-12-07T19:33:52.751844+0000/16.209356665s send_stamp 16.209356665s delta_ub 0.003337226s) v5 ==== 2033+0+0 (crc 0 0 0) 0x5557e7a9b600 con 0x5557e79f4c00
2019-12-07T19:33:52.750+0000 7f2b967b4700 20 osd.6 15 handle_osd_ping new stamps hbstamp(osd.3 up_from 13 peer_clock_delta [0.002796136s,0.003337226s])
2019-12-07T19:33:52.750+0000 7f2b967b4700 1 -- [v2:172.21.15.109:6822/36937,v1:172.21.15.109:6823/36937] --> 172.21.15.131:0/37076 -- osd_ping(ping_reply e15 up_from 13 ping_stamp
2019-12-07T19:33:52.751844+0000/16.209356665s send_stamp 16.206560529s delta_ub 18446744073.706755480s) v5 -- 0x5557e75a1000 con 0x5557e79f4800
2019-12-07T19:33:52.750+0000 7f2b957b2700 20 osd.6 15 handle_osd_ping new stamps hbstamp(osd.3 up_from 13 peer_clock_delta [0.002767547s,0.003337226s])
2019-12-07T19:33:52.750+0000 7f2b957b2700 1 -- [v2:172.21.15.109:6820/36937,v1:172.21.15.109:6821/36937] --> 172.21.15.131:0/37076 -- osd_ping(ping_reply e15 up_from 13 ping_stamp
2019-12-07T19:33:52.751844+0000/16.209356665s send_stamp 16.206589118s delta_ub 18446744073.706784069s) v5 -- 0x5557e74f1800 con 0x5557e79f4c00
2019-12-07T19:33:52.781+0000 7f2b8ad07700 20 bluestore.MempoolThread(0x5557e6312a08) _resize_shards cache_size: 2845415832 kv_alloc: 1073741824 kv_used: 1760 meta_alloc: 1073741824 meta_used: 41140 data_alloc: 671088640 data_used: 0
2019-12-07T19:33:52.831+0000 7f2b8ad07700 20 bluestore.MempoolThread(0x5557e6312a08) _resize_shards cache_size: 2845415832 kv_alloc: 1073741824 kv_used: 1760 meta_alloc: 1073741824 meta_used: 41140 data_alloc: 671088640 data_used: 0
2019-12-07T19:33:52.841+0000 7f2b95fb3700 1 -- [v2:172.21.15.109:6822/36937,v1:172.21.15.109:6823/36937] <== osd.5 172.21.15.109:0/36936 5 ==== osd_ping(ping e15 up_from 13 ping_stamp
2019-12-07T19:33:52.842324+0000/16.308647276s send_stamp 16.308647276s delta_ub 0.012051924s) v5 ==== 2033+0+0 (crc 0 0 0) 0x5557e75a0200 con 0x5557e62f4c00
2019-12-07T19:33:52.841+0000 7f2b95fb3700 20 osd.6 15 handle_osd_ping new stamps hbstamp(osd.5 up_from 13 peer_clock_delta [0.011570864s,0.012051924s])
2019-12-07T19:33:52.841+0000 7f2b95fb3700 1 -- [v2:172.21.15.109:6822/36937,v1:172.21.15.109:6823/36937] --> 172.21.15.109:0/36936 -- osd_ping(ping_reply e15 up_from 13 ping_stamp
2019-12-07T19:33:52.842324+0000/16.308647276s send_stamp 16.297076412s delta_ub 18446744073.697980752s) v5 -- 0x5557e75a0600 con 0x5557e62f4c00
2019-12-07T19:33:52.841+0000 7f2b967b4700 1 -- [v2:172.21.15.109:6820/36937,v1:172.21.15.109:6821/36937] <== osd.5 172.21.15.109:0/36936 5 ==== osd_ping(ping e15 up_from 13 ping_stamp
2019-12-07T19:33:52.842324+0000/16.308647276s send_stamp 16.308647276s delta_ub 0.012051924s) v5 ==== 2033+0+0 (crc 0 0 0) 0x5557e75a0400 con 0x5557e7518c00
2019-12-07T19:33:52.841+0000 7f2b967b4700 20 osd.6 15 handle_osd_ping new stamps hbstamp(osd.5 up_from 13 peer_clock_delta [0.011503775s,0.012051924s])
2019-12-07T19:33:52.841+0000 7f2b967b4700 1 -- [v2:172.21.15.109:6820/36937,v1:172.21.15.109:6821/36937] --> 172.21.15.109:0/36936 -- osd_ping(ping_reply e15 up_from 13 ping_stamp
2019-12-07T19:33:52.842324+0000/16.308647276s send_stamp 16.297143501s delta_ub 18446744073.698047841s) v5 -- 0x5557e75a1000 con 0x5557e7518c00
2019-12-07T19:33:52.878+0000 7f2b937ae700 -1 received signal: Hangup from /usr/bin/python /bin/daemon-helper kill ceph-osd -f --cluster ceph -i 6 (PID: 36932) UID: 0
2019-12-07T19:33:52.881+0000 7f2b8ad07700 20 bluestore.MempoolThread(0x5557e6312a08) _resize_shards cache_size: 2845415832 kv_alloc: 1073741824 kv_used: 1760 meta_alloc: 1073741824 meta_used: 41140 data_alloc: 671088640 data_used: 0
2019-12-07T19:33:52.931+0000 7f2b8ad07700 20 bluestore.MempoolThread(0x5557e6312a08) _resize_shards cache_size: 2845415832 kv_alloc: 1073741824 kv_used: 1760 meta_alloc: 1073741824 meta_used: 41140 data_alloc: 671088640 data_used: 0
2019-12-07T19:33:52.981+0000 7f2b8ad07700 20 bluestore.MempoolThread(0x5557e6312a08) _resize_shards cache_size: 2845415832 kv_alloc: 1073741824 kv_used: 1760 meta_alloc: 1073741824 meta_used: 41140 data_alloc: 671088640 data_used: 0
2019-12-07T19:33:53.031+0000 7f2b8ad07700 20 bluestore.MempoolThread(0x5557e6312a08) _resize_shards cache_size: 2845415832 kv_alloc: 1073741824 kv_used: 1760 meta_alloc: 1073741824 meta_used: 41140 data_alloc: 671088640 data_used: 0
2019-12-07T19:33:53.080+0000 7f2b937ae700 -1 received signal: Hangup from /usr/bin/python /bin/daemon-helper kill ceph-osd -f --cluster ceph -i 6 (PID: 36932) UID: 0
2019-12-07T19:33:53.081+0000 7f2b8ad07700 20 bluestore.MempoolThread(0x5557e6312a08) _resize_shards cache_size: 2845415832 kv_alloc: 1073741824 kv_used: 1760 meta_alloc: 1073741824 meta_used: 41140 data_alloc: 671088640 data_used: 0
2019-12-07T19:33:53.131+0000 7f2b8ad07700 20 bluestore.MempoolThread(0x5557e6312a08) _resize_shards cache_size: 2845415832 kv_alloc: 1073741824 kv_used: 1760 meta_alloc: 1073741824 meta_used: 41140 data_alloc: 671088640 data_used: 0
2019-12-07T19:33:53.182+0000 7f2b8ad07700 20 bluestore.MempoolThread(0x5557e6312a08) _resize_shards cache_size: 2845415832 kv_alloc: 1073741824 kv_used: 1760 meta_alloc: 1073741824 meta_used: 41140 data_alloc: 671088640 data_used: 0
2019-12-07T19:33:53.232+0000 7f2b8ad07700 20 bluestore.MempoolThread(0x5557e6312a08) _resize_shards cache_size: 2845415832 kv_alloc: 1073741824 kv_used: 1760 meta_alloc: 1073741824 meta_used: 41140 data_alloc: 671088640 data_used: 0
2019-12-07T19:33:53.282+0000 7f2b8ad07700 20 bluestore.MempoolThread(0x5557e6312a08) _resize_shards cache_size: 2845415832 kv_alloc: 1073741824 kv_used: 1760 meta_alloc: 1073741824 meta_used: 41140 data_alloc: 671088640 data_used: 0
2019-12-07T19:33:53.332+0000 7f2b8ad07700 20 bluestore.MempoolThread(0x5557e6312a08) _resize_shards cache_size: 2845415832 kv_alloc: 1073741824 kv_used: 1760 meta_alloc: 1073741824 meta_used: 41140 data_alloc: 671088640 data_used: 0
2019-12-07T19:33:53.358+0000 7f2b967b4700 1 --2- [v2:172.21.15.109:6816/36937,v1:172.21.15.109:6817/36937] >> conn(0x5557e748e400 0x5557e7480680 unknown :-1 s=NONE pgs=0 cs=0 l=0 rx=0 tx=0).accept
2019-12-07T19:33:53.358+0000 7f2b957b2700 1 --2- [v2:172.21.15.109:6816/36937,v1:172.21.15.109:6817/36937] >> conn(0x5557e748e400 0x5557e7480680 unknown :-1 s=BANNER_ACCEPTING pgs=0 cs=0 l=0 rx=0 tx=0)._handle_peer_banner_payload supported=0 required=0
2019-12-07T19:33:53.358+0000 7f2b957b2700 10 osd.6 15 ms_handle_authentication new session 0x5557e7aefba0 con 0x5557e748e400 entity client.admin addr
2019-12-07T19:33:53.358+0000 7f2b957b2700 10 osd.6 15 ms_handle_authentication session 0x5557e7aefba0 client.admin has caps osdcap[grant(*)] 'allow *'
2019-12-07T19:33:53.358+0000 7f2b957b2700 1 --2- [v2:172.21.15.109:6816/36937,v1:172.21.15.109:6817/36937] >> 172.21.15.131:0/481722811 conn(0x5557e748e400 0x5557e7480680 crc :-1 s=READY pgs=13 cs=0 l=1 rx=0 tx=0).ready entity=client.4295 client_cookie=0 server_cookie=0 in_seq=0 out_seq=0
2019-12-07T19:33:53.358+0000 7f2b88017700 1 -- [v2:172.21.15.109:6816/36937,v1:172.21.15.109:6817/36937] <== client.4295 172.21.15.131:0/481722811 1 ==== command(tid 13: {"prefix": "get_command_descriptions"}) v1 ==== 62+0+0 (crc 0 0 0) 0x5557e75b4000 con 0x5557e748e400
2019-12-07T19:33:53.358+0000 7f2b88017700 20 osd.6 15 OSD::ms_dispatch: command(tid 13: {"prefix": "get_command_descriptions"}) v1
2019-12-07T19:33:53.358+0000 7f2b88017700 10 osd.6 15 do_waiters -- start
2019-12-07T19:33:53.358+0000 7f2b88017700 10 osd.6 15 do_waiters -- finish
2019-12-07T19:33:53.358+0000 7f2b88017700 20 osd.6 15 _dispatch 0x5557e75b4000 command(tid 13: {"prefix": "get_command_descriptions"}) v1
2019-12-07T19:33:53.358+0000 7f2b947b0700 1 -- [v2:172.21.15.109:6816/36937,v1:172.21.15.109:6817/36937] --> 172.21.15.131:0/481722811 -- command_reply(tid 13: 0 ) v1 -- 0x5557e627ee00 con 0x5557e748e400
2019-12-07T19:33:53.381+0000 7f2b88017700 1 -- [v2:172.21.15.109:6816/36937,v1:172.21.15.109:6817/36937] <== client.4295 172.21.15.131:0/481722811 2 ==== command(tid 14: {"injected_args": ["--osd_enable_op_tracker=false"], "prefix": "injectargs"}) v1 ==== 100+0+0 (crc 0 0 0) 0x5557e75b41e0 con 0x5557e748e400
2019-12-07T19:33:53.381+0000 7f2b88017700 20 osd.6 15 OSD::ms_dispatch: command(tid 14: {"injected_args": ["--osd_enable_op_tracker=false"], "prefix": "injectargs"}) v1
2019-12-07T19:33:53.381+0000 7f2b88017700 10 osd.6 15 do_waiters -- start
2019-12-07T19:33:53.381+0000 7f2b88017700 10 osd.6 15 do_waiters -- finish
2019-12-07T19:33:53.381+0000 7f2b88017700 20 osd.6 15 _dispatch 0x5557e75b41e0 command(tid 14: {"injected_args": ["--osd_enable_op_tracker=false"], "prefix": "injectargs"}) v1
2019-12-07T19:33:53.382+0000 7f2b8ad07700 20 bluestore.MempoolThread(0x5557e6312a08) _resize_shards cache_size: 2845415832 kv_alloc: 1073741824 kv_used: 1760 meta_alloc: 1073741824 meta_used: 41140 data_alloc: 671088640 data_used: 0
2019-12-07T19:33:53.383+0000 7f2b947b0700 1 -- [v2:172.21.15.109:6816/36937,v1:172.21.15.109:6817/36937] --> 172.21.15.131:0/481722811 -- command_reply(tid 14: 0 osd_enable_op_tracker = 'false' ) v1 -- 0x5557e627e380 con 0x5557e748e400
2019-12-07T19:33:53.413+0000 7f2b957b2700 1 -- [v2:172.21.15.109:6816/36937,v1:172.21.15.109:6817/36937] >> 172.21.15.131:0/481722811 conn(0x5557e748e400 msgr2=0x5557e7480680 crc :-1 s=STATE_CONNECTION_ESTABLISHED l=1).read_bulk peer close file descriptor 95
2019-12-07T19:33:53.413+0000 7f2b957b2700 1 -- [v2:172.21.15.109:6816/36937,v1:172.21.15.109:6817/36937] >> 172.21.15.131:0/481722811 conn(0x5557e748e400 msgr2=0x5557e7480680 crc :-1 s=STATE_CONNECTION_ESTABLISHED l=1).read_until read failed
2019-12-07T19:33:53.413+0000 7f2b957b2700 1 --2- [v2:172.21.15.109:6816/36937,v1:172.21.15.109:6817/36937] >> 172.21.15.131:0/481722811 conn(0x5557e748e400 0x5557e7480680 crc :-1 s=READY pgs=13 cs=0 l=1 rx=0 tx=0).handle_read_frame_preamble_main read frame length and tag failed r=-1 ((1) Operation not permitted)
2019-12-07T19:33:53.413+0000 7f2b957b2700 1 --2- [v2:172.21.15.109:6816/36937,v1:172.21.15.109:6817/36937] >> 172.21.15.131:0/481722811 conn(0x5557e748e400 0x5557e7480680 crc :-1 s=READY pgs=13 cs=0 l=1 rx=0 tx=0).stop
2019-12-07T19:33:53.413+0000 7f2b88017700 2 osd.6 15 ms_handle_reset con 0x5557e748e400 session 0x5557e7aefba0
2019-12-07T19:33:53.432+0000 7f2b8ad07700 20 bluestore.MempoolThread(0x5557e6312a08) _resize_shards cache_size: 2845415832 kv_alloc: 1073741824 kv_used: 1760 meta_alloc: 1073741824 meta_used: 41140 data_alloc: 671088640 data_used: 0
2019-12-07T19:33:53.482+0000 7f2b8ad07700 20 bluestore.MempoolThread(0x5557e6312a08) _resize_shards cache_size: 2845415832 kv_alloc: 1073741824 kv_used: 1760 meta_alloc: 1073741824 meta_used: 41140 data_alloc: 671088640 data_used: 0
2019-12-07T19:33:53.532+0000 7f2b8ad07700 20 bluestore.MempoolThread(0x5557e6312a08) _resize_shards cache_size: 2845415832 kv_alloc: 1073741824 kv_used: 1760 meta_alloc: 1073741824 meta_used: 41140 data_alloc: 671088640 data_used: 0
2019-12-07T19:33:53.548+0000 7f2b92fad700 10 osd.6 15 tick
2019-12-07T19:33:53.548+0000 7f2b92fad700 10 osd.6 15 do_waiters -- start
2019-12-07T19:33:53.548+0000 7f2b92fad700 10 osd.6 15 do_waiters -- finish
2019-12-07T19:33:53.548+0000 7f2b92fad700 20 osd.6 15 tick last_purged_snaps_scrub
2019-12-07T19:33:37.564652+0000 next
2019-12-07T19:34:37.564652+0000
2019-12-07T19:33:53.582+0000 7f2b8ad07700 20 bluestore.MempoolThread(0x5557e6312a08) _resize_shards cache_size: 2845415832 kv_alloc: 1073741824 kv_used: 1760 meta_alloc: 1073741824 meta_used: 41140 data_alloc: 671088640 data_used: 0
2019-12-07T19:33:53.629+0000 7f2b9171a700 10 osd.6 15 tick_without_osd_lock
2019-12-07T19:33:53.629+0000 7f2b9171a700 20 bluestore(/var/lib/ceph/osd/ceph-6) statfs store_statfs(0x163ffdb000/0x40000000/0x1680000000, data 0x9886/0x23000, compress 0x0/0x0/0x0, omap 0x0, meta 0x40000000)
2019-12-07T19:33:53.629+0000 7f2b9171a700 25 osd.6 15 heartbeat_check osd.0 first_tx
2019-12-07T19:33:41.253160+0000 last_tx
2019-12-07T19:33:51.853882+0000 last_rx_back
2019-12-07T19:33:51.854436+0000 last_rx_front
2019-12-07T19:33:51.854420+0000
2019-12-07T19:33:53.629+0000 7f2b9171a700 25 osd.6 15 heartbeat_check osd.1 first_tx
2019-12-07T19:33:41.253160+0000 last_tx
2019-12-07T19:33:51.853882+0000 last_rx_back
2019-12-07T19:33:51.854454+0000 last_rx_front
2019-12-07T19:33:51.854333+0000
2019-12-07T19:33:53.629+0000 7f2b9171a700 25 osd.6 15 heartbeat_check osd.2 first_tx
2019-12-07T19:33:41.253160+0000 last_tx
2019-12-07T19:33:51.853882+0000 last_rx_back
2019-12-07T19:33:51.854321+0000 last_rx_front
2019-12-07T19:33:51.854384+0000
2019-12-07T19:33:53.629+0000 7f2b9171a700 25 osd.6 15 heartbeat_check osd.3 first_tx
2019-12-07T19:33:41.253160+0000 last_tx
2019-12-07T19:33:51.853882+0000 last_rx_back
2019-12-07T19:33:51.854372+0000 last_rx_front
2019-12-07T19:33:51.854362+0000
2019-12-07T19:33:53.629+0000 7f2b9171a700 25 osd.6 15 heartbeat_check osd.4 first_tx
2019-12-07T19:33:41.253160+0000 last_tx
2019-12-07T19:33:51.853882+0000 last_rx_back
2019-12-07T19:33:51.854155+0000 last_rx_front
2019-12-07T19:33:45.953943+0000
2019-12-07T19:33:53.629+0000 7f2b9171a700 25 osd.6 15 heartbeat_check osd.5 first_tx
2019-12-07T19:33:41.253160+0000 last_tx
2019-12-07T19:33:51.853882+0000 last_rx_back
2019-12-07T19:33:51.854213+0000 last_rx_front
2019-12-07T19:33:51.854344+0000
2019-12-07T19:33:53.629+0000 7f2b9171a700 25 osd.6 15 heartbeat_check osd.7 first_tx
2019-12-07T19:33:41.253160+0000 last_tx
2019-12-07T19:33:51.853882+0000 last_rx_back
2019-12-07T19:33:51.854236+0000 last_rx_front
2019-12-07T19:33:51.854399+0000
2019-12-07T19:33:53.629+0000 7f2b9171a700 20 osd.6 15 scrub_random_backoff lost coin flip, randomly backing off
2019-12-07T19:33:53.629+0000 7f2b9171a700 10 osd.6 15 promote_throttle_recalibrate 0 attempts, promoted 0 objects and 0 B; target 25 obj/sec or 5 MiB/sec
2019-12-07T19:33:53.629+0000 7f2b9171a700 20 osd.6 15 promote_throttle_recalibrate new_prob 1000
2019-12-07T19:33:53.629+0000 7f2b9171a700 10 osd.6 15 promote_throttle_recalibrate actual 0, actual/prob ratio 1, adjusted new_prob 1000, prob 1000 -> 1000
2019-12-07T19:33:53.633+0000 7f2b8ad07700 20 bluestore.MempoolThread(0x5557e6312a08) _resize_shards cache_size: 2845415832 kv_alloc: 1073741824 kv_used: 1760 meta_alloc: 1073741824 meta_used: 41140 data_alloc: 671088640 data_used: 0
2019-12-07T19:33:53.683+0000 7f2b8ad07700 20 bluestore.MempoolThread(0x5557e6312a08) _resize_shards cache_size: 2845415832 kv_alloc: 1073741824 kv_used: 1760 meta_alloc: 1073741824 meta_used: 41140 data_alloc: 671088640 data_used: 0
2019-12-07T19:33:53.733+0000 7f2b8ad07700 20 bluestore.MempoolThread(0x5557e6312a08) _resize_shards cache_size: 2845415832 kv_alloc: 1073741824 kv_used: 1760 meta_alloc: 1073741824 meta_used: 41140 data_alloc: 671088640 data_used: 0
2019-12-07T19:33:53.783+0000 7f2b8ad07700 20 bluestore.MempoolThread(0x5557e6312a08) _resize_shards cache_size: 2845415832 kv_alloc: 1073741824 kv_used: 1760 meta_alloc: 1073741824 meta_used: 41140 data_alloc: 671088640 data_used: 0
2019-12-07T19:33:53.833+0000 7f2b8ad07700 20 bluestore.MempoolThread(0x5557e6312a08) _resize_shards cache_size: 2845415832 kv_alloc: 1073741824 kv_used: 1760 meta_alloc: 1073741824 meta_used: 41140 data_alloc: 671088640 data_used: 0
2019-12-07T19:33:53.883+0000 7f2b8ad07700 20 bluestore.MempoolThread(0x5557e6312a08) _resize_shards cache_size: 2845415832 kv_alloc: 1073741824 kv_used: 1760 meta_alloc: 1073741824 meta_used: 41140 data_alloc: 671088640 data_used: 0
2019-12-07T19:33:53.933+0000 7f2b8ad07700 20 bluestore.MempoolThread(0x5557e6312a08) _resize_shards cache_size: 2845415832 kv_alloc: 1073741824 kv_used: 1760 meta_alloc: 1073741824 meta_used: 41140 data_alloc: 671088640 data_used: 0
2019-12-07T19:33:53.983+0000 7f2b8ad07700 20 bluestore.MempoolThread(0x5557e6312a08) _resize_shards cache_size: 2845415832 kv_alloc: 1073741824 kv_used: 1760 meta_alloc: 1073741824 meta_used: 41140 data_alloc: 671088640 data_used: 0
2019-12-07T19:33:54.034+0000 7f2b8ad07700 20 bluestore.MempoolThread(0x5557e6312a08) _resize_shards cache_size: 2845415832 kv_alloc: 1073741824 kv_used: 1760 meta_alloc: 1073741824 meta_used: 41140 data_alloc: 671088640 data_used: 0
2019-12-07T19:33:54.084+0000 7f2b8ad07700 20 bluestore.MempoolThread(0x5557e6312a08) _resize_shards cache_size: 2845415832 kv_alloc: 1073741824 kv_used: 1760 meta_alloc: 1073741824 meta_used: 41140 data_alloc: 671088640 data_used: 0
2019-12-07T19:33:54.134+0000 7f2b8ad07700 20 bluestore.MempoolThread(0x5557e6312a08) _resize_shards cache_size: 2845415832 kv_alloc: 1073741824 kv_used: 1760 meta_alloc: 1073741824 meta_used: 41140 data_alloc: 671088640 data_used: 0
2019-12-07T19:33:54.184+0000 7f2b8ad07700 20 bluestore.MempoolThread(0x5557e6312a08) _resize_shards cache_size: 2845415832 kv_alloc: 1073741824 kv_used: 1760 meta_alloc: 1073741824 meta_used: 41140 data_alloc: 671088640 data_used: 0
2019-12-07T19:33:54.234+0000 7f2b8ad07700 20 bluestore.MempoolThread(0x5557e6312a08) _resize_shards cache_size: 2845415832 kv_alloc: 1073741824 kv_used: 1760 meta_alloc: 1073741824 meta_used: 41140 data_alloc: 671088640 data_used: 0
2019-12-07T19:33:54.284+0000 7f2b8ad07700 20 bluestore.MempoolThread(0x5557e6312a08) _resize_shards cache_size: 2845415832 kv_alloc: 1073741824 kv_used: 1760 meta_alloc: 1073741824 meta_used: 41140 data_alloc: 671088640 data_used: 0
2019-12-07T19:33:54.334+0000 7f2b8ad07700 20 bluestore.MempoolThread(0x5557e6312a08) _resize_shards cache_size: 2845415832 kv_alloc: 1073741824 kv_used: 1760 meta_alloc: 1073741824 meta_used: 41140 data_alloc: 671088640 data_used: 0
2019-12-07T19:33:54.384+0000 7f2b8ad07700 20 bluestore.MempoolThread(0x5557e6312a08) _resize_shards cache_size: 2845415832 kv_alloc: 1073741824 kv_used: 1760 meta_alloc: 1073741824 meta_used: 41140 data_alloc: 671088640 data_used: 0
2019-12-07T19:33:54.434+0000 7f2b8ad07700 20 bluestore.MempoolThread(0x5557e6312a08) _resize_shards cache_size: 2845415832 kv_alloc: 1073741824 kv_used: 1760 meta_alloc: 1073741824 meta_used: 41140 data_alloc: 671088640 data_used: 0
2019-12-07T19:33:54.485+0000 7f2b8ad07700 20 bluestore.MempoolThread(0x5557e6312a08) _resize_shards cache_size: 2845415832 kv_alloc: 1073741824 kv_used: 1760 meta_alloc: 1073741824 meta_used: 41140 data_alloc: 671088640 data_used: 0
