2019-12-07T19:33:45.371556+0000/8.806995260s send_stamp 8.806995260s delta_ub 18446744073.690683952s) v5 ==== 2033+0+0 (crc 0 0 0) 0x5557e7a9b600 con 0x5557e748f800
2019-12-07T19:33:45.371+0000 7f2b957b2700 20 osd.6 15 handle_osd_ping new stamps hbstamp(osd.7 up_from 13 peer_clock_delta [18446744073.690295955s,18446744073.690683952s])
2019-12-07T19:33:45.371+0000 7f2b957b2700 1 -- [v2:172.21.15.109:6822/36937,v1:172.21.15.109:6823/36937] --> 172.21.15.109:0/36939 -- osd_ping(ping_reply e15 up_from 13 ping_stamp
2019-12-07T19:33:45.371556+0000/8.806995260s send_stamp 8.826250921s delta_ub 0.019255661s) v5 -- 0x5557e74f0000 con 0x5557e748f800
2019-12-07T19:33:45.371+0000 7f2b957b2700 10 osd.6 15 maybe_share_map con 0x5557e79f4000 v2:172.21.15.109:6826/36939 map epoch 14 -> 15 (as per caller)
2019-12-07T19:33:45.371+0000 7f2b957b2700 1 -- [v2:172.21.15.109:6820/36937,v1:172.21.15.109:6821/36937] <== osd.7 172.21.15.109:0/36939 2 ==== osd_ping(ping e15 up_from 13 ping_stamp
2019-12-07T19:33:45.371556+0000/8.806995260s send_stamp 8.806995260s delta_ub 18446744073.690683952s) v5 ==== 2033+0+0 (crc 0 0 0) 0x5557e7a9b200 con 0x5557e74cc800
2019-12-07T19:33:45.371+0000 7f2b957b2700 20 osd.6 15 handle_osd_ping new stamps hbstamp(osd.7 up_from 13 peer_clock_delta [18446744073.690218059s,18446744073.690683952s])
2019-12-07T19:33:45.371+0000 7f2b957b2700 1 -- [v2:172.21.15.109:6820/36937,v1:172.21.15.109:6821/36937] --> 172.21.15.109:0/36939 -- osd_ping(ping_reply e15 up_from 13 ping_stamp
2019-12-07T19:33:45.371556+0000/8.806995260s send_stamp 8.826328817s delta_ub 0.019333557s) v5 -- 0x5557e74f0000 con 0x5557e74cc800
2019-12-07T19:33:45.416+0000 7f2b8ad07700 20 bluestore.MempoolThread(0x5557e6312a08) _resize_shards cache_size: 2845415832 kv_alloc: 1073741824 kv_used: 1760 meta_alloc: 1073741824 meta_used: 41140 data_alloc: 671088640 data_used: 0
2019-12-07T19:33:45.466+0000 7f2b8ad07700 20 bluestore.MempoolThread(0x5557e6312a08) _resize_shards cache_size: 2845415832 kv_alloc: 1073741824 kv_used: 1760 meta_alloc: 1073741824 meta_used: 41140 data_alloc: 671088640 data_used: 0
2019-12-07T19:33:45.483+0000 7f2b92fad700 10 osd.6 15 tick
2019-12-07T19:33:45.483+0000 7f2b92fad700 10 osd.6 15 do_waiters -- start
2019-12-07T19:33:45.483+0000 7f2b92fad700 10 osd.6 15 do_waiters -- finish
2019-12-07T19:33:45.483+0000 7f2b92fad700 20 osd.6 15 tick last_purged_snaps_scrub
2019-12-07T19:33:37.564652+0000 next
2019-12-07T19:34:37.564652+0000
2019-12-07T19:33:45.516+0000 7f2b8ad07700 20 bluestore.MempoolThread(0x5557e6312a08) _resize_shards cache_size: 2845415832 kv_alloc: 1073741824 kv_used: 1760 meta_alloc: 1073741824 meta_used: 41140 data_alloc: 671088640 data_used: 0
2019-12-07T19:33:45.520+0000 7f2b83cf9700 20 osd.6 15 reports for 0 queries
2019-12-07T19:33:45.520+0000 7f2b83cf9700 1 -- [v2:172.21.15.109:6816/36937,v1:172.21.15.109:6817/36937] --> [v2:172.21.15.131:6800/36137,v1:172.21.15.131:6801/36137] -- mgrreport(unknown.6 +0-0 packed 1198 daemon_metrics=2) v8 -- 0x5557e79c4380 con 0x5557e7a48000
2019-12-07T19:33:45.520+0000 7f2b83cf9700 1 -- [v2:172.21.15.109:6816/36937,v1:172.21.15.109:6817/36937] --> [v2:172.21.15.131:6800/36137,v1:172.21.15.131:6801/36137] -- pg_stats(0 pgs tid 0 v 0) v2 -- 0x5557e79c4700 con 0x5557e7a48000
2019-12-07T19:33:45.566+0000 7f2b8ad07700 20 bluestore(/var/lib/ceph/osd/ceph-6) deferred_try_submit 0 osrs, 0 txcs
2019-12-07T19:33:45.566+0000 7f2b8ad07700 20 bluestore.MempoolThread(0x5557e6312a08) _resize_shards cache_size: 2845415832 kv_alloc: 1073741824 kv_used: 1760 meta_alloc: 1073741824 meta_used: 41140 data_alloc: 671088640 data_used: 0
2019-12-07T19:33:45.616+0000 7f2b8ad07700 20 bluestore.MempoolThread(0x5557e6312a08) _resize_shards cache_size: 2845415832 kv_alloc: 1073741824 kv_used: 1760 meta_alloc: 1073741824 meta_used: 41140 data_alloc: 671088640 data_used: 0
2019-12-07T19:33:45.642+0000 7f2b9171a700 10 osd.6 15 tick_without_osd_lock
2019-12-07T19:33:45.642+0000 7f2b9171a700 20 bluestore(/var/lib/ceph/osd/ceph-6) statfs store_statfs(0x163ffdb000/0x40000000/0x1680000000, data 0x9886/0x23000, compress 0x0/0x0/0x0, omap 0x0, meta 0x40000000)
2019-12-07T19:33:45.642+0000 7f2b9171a700 25 osd.6 15 heartbeat_check osd.0 first_tx
2019-12-07T19:33:41.253160+0000 last_tx
2019-12-07T19:33:41.253160+0000 last_rx_back
2019-12-07T19:33:41.253538+0000 last_rx_front
2019-12-07T19:33:41.253681+0000
2019-12-07T19:33:45.642+0000 7f2b9171a700 25 osd.6 15 heartbeat_check osd.1 first_tx
2019-12-07T19:33:41.253160+0000 last_tx
2019-12-07T19:33:41.253160+0000 last_rx_back
2019-12-07T19:33:41.253456+0000 last_rx_front
2019-12-07T19:33:41.253658+0000
2019-12-07T19:33:45.642+0000 7f2b9171a700 25 osd.6 15 heartbeat_check osd.2 first_tx
2019-12-07T19:33:41.253160+0000 last_tx
2019-12-07T19:33:41.253160+0000 last_rx_back
2019-12-07T19:33:41.253703+0000 last_rx_front
2019-12-07T19:33:41.253500+0000
2019-12-07T19:33:45.642+0000 7f2b9171a700 25 osd.6 15 heartbeat_check osd.3 first_tx
2019-12-07T19:33:41.253160+0000 last_tx
2019-12-07T19:33:41.253160+0000 last_rx_back
2019-12-07T19:33:41.253895+0000 last_rx_front
2019-12-07T19:33:41.253876+0000
2019-12-07T19:33:45.642+0000 7f2b9171a700 25 osd.6 15 heartbeat_check osd.4 first_tx
2019-12-07T19:33:41.253160+0000 last_tx
2019-12-07T19:33:41.253160+0000 last_rx_back
2019-12-07T19:33:41.253617+0000 last_rx_front
2019-12-07T19:33:41.253852+0000
2019-12-07T19:33:45.642+0000 7f2b9171a700 25 osd.6 15 heartbeat_check osd.5 first_tx
2019-12-07T19:33:41.253160+0000 last_tx
2019-12-07T19:33:41.253160+0000 last_rx_back
2019-12-07T19:33:41.253810+0000 last_rx_front
2019-12-07T19:33:41.253828+0000
2019-12-07T19:33:45.642+0000 7f2b9171a700 25 osd.6 15 heartbeat_check osd.7 first_tx
2019-12-07T19:33:41.253160+0000 last_tx
2019-12-07T19:33:41.253160+0000 last_rx_back
2019-12-07T19:33:41.253773+0000 last_rx_front
2019-12-07T19:33:41.253967+0000
2019-12-07T19:33:45.642+0000 7f2b9171a700 20 osd.6 15 can_inc_scrubs == true 0 local + 0 remote < max 1
2019-12-07T19:33:45.642+0000 7f2b9171a700 20 osd.6 15 scrub_time_permit should run between 0 - 24 now 19 = yes
2019-12-07T19:33:45.642+0000 7f2b9171a700 20 osd.6 15 scrub_load_below_threshold loadavg per cpu 0.06625 < max 5 = yes
2019-12-07T19:33:45.642+0000 7f2b9171a700 20 osd.6 15 sched_scrub load_is_low=1
2019-12-07T19:33:45.642+0000 7f2b9171a700 20 osd.6 15 sched_scrub done
2019-12-07T19:33:45.642+0000 7f2b9171a700 10 osd.6 15 promote_throttle_recalibrate 0 attempts, promoted 0 objects and 0 B; target 25 obj/sec or 5 MiB/sec
2019-12-07T19:33:45.642+0000 7f2b9171a700 20 osd.6 15 promote_throttle_recalibrate new_prob 1000
2019-12-07T19:33:45.642+0000 7f2b9171a700 10 osd.6 15 promote_throttle_recalibrate actual 0, actual/prob ratio 1, adjusted new_prob 1000, prob 1000 -> 1000
2019-12-07T19:33:45.662+0000 7f2b967b4700 1 --2- [v2:172.21.15.109:6816/36937,v1:172.21.15.109:6817/36937] >> conn(0x5557e79f4400 0x5557e7a98100 unknown :-1 s=NONE pgs=0 cs=0 l=0 rx=0 tx=0).accept
2019-12-07T19:33:45.662+0000 7f2b957b2700 1 --2- [v2:172.21.15.109:6816/36937,v1:172.21.15.109:6817/36937] >> conn(0x5557e79f4400 0x5557e7a98100 unknown :-1 s=BANNER_ACCEPTING pgs=0 cs=0 l=0 rx=0 tx=0)._handle_peer_banner_payload supported=0 required=0
2019-12-07T19:33:45.662+0000 7f2b957b2700 10 osd.6 15 ms_handle_authentication new session 0x5557e7517ba0 con 0x5557e79f4400 entity client.admin addr
2019-12-07T19:33:45.662+0000 7f2b957b2700 10 osd.6 15 ms_handle_authentication session 0x5557e7517ba0 client.admin has caps osdcap[grant(*)] 'allow *'
2019-12-07T19:33:45.662+0000 7f2b957b2700 1 --2- [v2:172.21.15.109:6816/36937,v1:172.21.15.109:6817/36937] >> 172.21.15.131:0/1689863392 conn(0x5557e79f4400 0x5557e7a98100 crc :-1 s=READY pgs=5 cs=0 l=1 rx=0 tx=0).ready entity=client.4321 client_cookie=0 server_cookie=0 in_seq=0 out_seq=0
2019-12-07T19:33:45.662+0000 7f2b88017700 1 -- [v2:172.21.15.109:6816/36937,v1:172.21.15.109:6817/36937] <== client.4321 172.21.15.131:0/1689863392 1 ==== command(tid 1: {"prefix": "get_command_descriptions"}) v1 ==== 62+0+0 (crc 0 0 0) 0x5557e6281a40 con 0x5557e79f4400
2019-12-07T19:33:45.662+0000 7f2b88017700 20 osd.6 15 OSD::ms_dispatch: command(tid 1: {"prefix": "get_command_descriptions"}) v1
2019-12-07T19:33:45.662+0000 7f2b88017700 10 osd.6 15 do_waiters -- start
2019-12-07T19:33:45.662+0000 7f2b88017700 10 osd.6 15 do_waiters -- finish
2019-12-07T19:33:45.662+0000 7f2b88017700 20 osd.6 15 _dispatch 0x5557e6281a40 command(tid 1: {"prefix": "get_command_descriptions"}) v1
2019-12-07T19:33:45.662+0000 7f2b947b0700 1 -- [v2:172.21.15.109:6816/36937,v1:172.21.15.109:6817/36937] --> 172.21.15.131:0/1689863392 -- command_reply(tid 1: 0 ) v1 -- 0x5557e627e380 con 0x5557e79f4400
2019-12-07T19:33:45.666+0000 7f2b8ad07700 20 bluestore.MempoolThread(0x5557e6312a08) _resize_shards cache_size: 2845415832 kv_alloc: 1073741824 kv_used: 1760 meta_alloc: 1073741824 meta_used: 41140 data_alloc: 671088640 data_used: 0
2019-12-07T19:33:45.683+0000 7f2b88017700 1 -- [v2:172.21.15.109:6816/36937,v1:172.21.15.109:6817/36937] <== client.4321 172.21.15.131:0/1689863392 2 ==== command(tid 2: {"prefix": "flush_pg_stats"}) v1 ==== 52+0+0 (crc 0 0 0) 0x5557e6281e00 con 0x5557e79f4400
2019-12-07T19:33:45.683+0000 7f2b88017700 20 osd.6 15 OSD::ms_dispatch: command(tid 2: {"prefix": "flush_pg_stats"}) v1
2019-12-07T19:33:45.683+0000 7f2b88017700 10 osd.6 15 do_waiters -- start
2019-12-07T19:33:45.683+0000 7f2b88017700 10 osd.6 15 do_waiters -- finish
2019-12-07T19:33:45.683+0000 7f2b88017700 20 osd.6 15 _dispatch 0x5557e6281e00 command(tid 2: {"prefix": "flush_pg_stats"}) v1
2019-12-07T19:33:45.683+0000 7f2b947b0700 1 -- [v2:172.21.15.109:6816/36937,v1:172.21.15.109:6817/36937] --> [v2:172.21.15.131:6800/36137,v1:172.21.15.131:6801/36137] -- pg_stats(0 pgs tid 0 v 0) v2 -- 0x5557e79c5180 con 0x5557e7a48000
2019-12-07T19:33:45.683+0000 7f2b947b0700 1 -- [v2:172.21.15.109:6816/36937,v1:172.21.15.109:6817/36937] --> 172.21.15.131:0/1689863392 -- command_reply(tid 2: 0 ) v1 -- 0x5557e627f340 con 0x5557e79f4400
2019-12-07T19:33:45.685+0000 7f2b957b2700 1 -- [v2:172.21.15.109:6816/36937,v1:172.21.15.109:6817/36937] >> 172.21.15.131:0/1689863392 conn(0x5557e79f4400 msgr2=0x5557e7a98100 crc :-1 s=STATE_CONNECTION_ESTABLISHED l=1).read_bulk peer close file descriptor 95
2019-12-07T19:33:45.685+0000 7f2b957b2700 1 -- [v2:172.21.15.109:6816/36937,v1:172.21.15.109:6817/36937] >> 172.21.15.131:0/1689863392 conn(0x5557e79f4400 msgr2=0x5557e7a98100 crc :-1 s=STATE_CONNECTION_ESTABLISHED l=1).read_until read failed
2019-12-07T19:33:45.685+0000 7f2b957b2700 1 --2- [v2:172.21.15.109:6816/36937,v1:172.21.15.109:6817/36937] >> 172.21.15.131:0/1689863392 conn(0x5557e79f4400 0x5557e7a98100 crc :-1 s=READY pgs=5 cs=0 l=1 rx=0 tx=0).handle_read_frame_preamble_main read frame length and tag failed r=-1 ((1) Operation not permitted)
2019-12-07T19:33:45.685+0000 7f2b957b2700 1 --2- [v2:172.21.15.109:6816/36937,v1:172.21.15.109:6817/36937] >> 172.21.15.131:0/1689863392 conn(0x5557e79f4400 0x5557e7a98100 crc :-1 s=READY pgs=5 cs=0 l=1 rx=0 tx=0).stop
2019-12-07T19:33:45.685+0000 7f2b88017700 2 osd.6 15 ms_handle_reset con 0x5557e79f4400 session 0x5557e7517ba0
2019-12-07T19:33:45.716+0000 7f2b8ad07700 20 bluestore.MempoolThread(0x5557e6312a08) _resize_shards cache_size: 2845415832 kv_alloc: 1073741824 kv_used: 1760 meta_alloc: 1073741824 meta_used: 41140 data_alloc: 671088640 data_used: 0
2019-12-07T19:33:45.766+0000 7f2b8ad07700 20 bluestore.MempoolThread(0x5557e6312a08) _resize_shards cache_size: 2845415832 kv_alloc: 1073741824 kv_used: 1760 meta_alloc: 1073741824 meta_used: 41140 data_alloc: 671088640 data_used: 0
2019-12-07T19:33:45.817+0000 7f2b8ad07700 20 bluestore.MempoolThread(0x5557e6312a08) _resize_shards cache_size: 2845415832 kv_alloc: 1073741824 kv_used: 1760 meta_alloc: 1073741824 meta_used: 41140 data_alloc: 671088640 data_used: 0
2019-12-07T19:33:45.867+0000 7f2b8ad07700 20 bluestore.MempoolThread(0x5557e6312a08) _resize_shards cache_size: 2845415832 kv_alloc: 1073741824 kv_used: 1760 meta_alloc: 1073741824 meta_used: 41140 data_alloc: 671088640 data_used: 0
2019-12-07T19:33:45.917+0000 7f2b8ad07700 20 bluestore.MempoolThread(0x5557e6312a08) _resize_shards cache_size: 2845415832 kv_alloc: 1073741824 kv_used: 1760 meta_alloc: 1073741824 meta_used: 41140 data_alloc: 671088640 data_used: 0
2019-12-07T19:33:45.953+0000 7f2b724d6700 5 osd.6 15 heartbeat osd_stat(store_statfs(0x163ffdb000/0x40000000/0x1680000000, data 0x9886/0x23000, compress 0x0/0x0/0x0, omap 0x0, meta 0x40000000), peers [0,1,2,3,4,5,7] op hist [])
2019-12-07T19:33:45.953+0000 7f2b724d6700 20 osd.6 15 check_full_status cur ratio 1.56826e-06, physical ratio 1.56826e-06, new state none
2019-12-07T19:33:45.953+0000 7f2b724d6700 1 -- 172.21.15.109:0/36937 --> [v2:172.21.15.131:6830/37079,v1:172.21.15.131:6832/37079] -- osd_ping(ping e15 up_from 13 ping_stamp
2019-12-07T19:33:45.953545+0000/9.408050497s send_stamp 9.408050497s delta_ub 0.000172296s) v5 -- 0x5557e7a9bc00 con 0x5557e7a49000
2019-12-07T19:33:45.953+0000 7f2b724d6700 1 -- 172.21.15.109:0/36937 --> [v2:172.21.15.131:6826/37079,v1:172.21.15.131:6828/37079] -- osd_ping(ping e15 up_from 13 ping_stamp
2019-12-07T19:33:45.953545+0000/9.408050497s send_stamp 9.408050497s delta_ub 0.000172296s) v5 -- 0x5557e7a9be00 con 0x5557e7a49400
2019-12-07T19:33:45.953+0000 7f2b724d6700 1 -- 172.21.15.109:0/36937 --> [v2:172.21.15.131:6831/37078,v1:172.21.15.131:6833/37078] -- osd_ping(ping e15 up_from 13 ping_stamp
2019-12-07T19:33:45.953545+0000/9.408050497s send_stamp 9.408050497s delta_ub 18446744073.707564135s) v5 -- 0x5557e758c000 con 0x5557e7af0800
2019-12-07T19:33:45.953+0000 7f2b724d6700 1 -- 172.21.15.109:0/36937 --> [v2:172.21.15.131:6827/37078,v1:172.21.15.131:6829/37078] -- osd_ping(ping e15 up_from 13 ping_stamp
2019-12-07T19:33:45.953545+0000/9.408050497s send_stamp 9.408050497s delta_ub 18446744073.707564135s) v5 -- 0x5557e758c200 con 0x5557e7af0c00
2019-12-07T19:33:45.953+0000 7f2b724d6700 1 -- 172.21.15.109:0/36937 --> [v2:172.21.15.131:6808/37077,v1:172.21.15.131:6809/37077] -- osd_ping(ping e15 up_from 13 ping_stamp
2019-12-07T19:33:45.953545+0000/9.408050497s send_stamp 9.408050497s delta_ub 18446744073.692627271s) v5 -- 0x5557e758c400 con 0x5557e7af1000
2019-12-07T19:33:45.953+0000 7f2b724d6700 1 -- 172.21.15.109:0/36937 --> [v2:172.21.15.131:6806/37077,v1:172.21.15.131:6807/37077] -- osd_ping(ping e15 up_from 13 ping_stamp
2019-12-07T19:33:45.953545+0000/9.408050497s send_stamp 9.408050497s delta_ub 18446744073.692627271s) v5 -- 0x5557e758c600 con 0x5557e7af1400
2019-12-07T19:33:45.953+0000 7f2b724d6700 1 -- 172.21.15.109:0/36937 --> [v2:172.21.15.131:6816/37076,v1:172.21.15.131:6817/37076] -- osd_ping(ping e15 up_from 13 ping_stamp
2019-12-07T19:33:45.953545+0000/9.408050497s send_stamp 9.408050497s delta_ub 18446744073.706928414s) v5 -- 0x5557e758c800 con 0x5557e7af1800
2019-12-07T19:33:45.953+0000 7f2b724d6700 1 -- 172.21.15.109:0/36937 --> [v2:172.21.15.131:6814/37076,v1:172.21.15.131:6815/37076] -- osd_ping(ping e15 up_from 13 ping_stamp
2019-12-07T19:33:45.953545+0000/9.408050497s send_stamp 9.408050497s delta_ub 18446744073.706928414s) v5 -- 0x5557e758ca00 con 0x5557e7af1c00
2019-12-07T19:33:45.953+0000 7f2b724d6700 1 -- 172.21.15.109:0/36937 --> [v2:172.21.15.109:6814/36938,v1:172.21.15.109:6815/36938] -- osd_ping(ping e15 up_from 13 ping_stamp
2019-12-07T19:33:45.953545+0000/9.408050497s send_stamp 9.408050497s delta_ub 0.005479075s) v5 -- 0x5557e758cc00 con 0x5557e748e000
2019-12-07T19:33:45.953+0000 7f2b724d6700 1 -- 172.21.15.109:0/36937 --> [v2:172.21.15.109:6812/36938,v1:172.21.15.109:6813/36938] -- osd_ping(ping e15 up_from 13 ping_stamp
2019-12-07T19:33:45.953545+0000/9.408050497s send_stamp 9.408050497s delta_ub 0.005479075s) v5 -- 0x5557e7a9b800 con 0x5557e748e400
2019-12-07T19:33:45.953+0000 7f2b724d6700 1 -- 172.21.15.109:0/36937 --> [v2:172.21.15.109:6806/36936,v1:172.21.15.109:6807/36936] -- osd_ping(ping e15 up_from 13 ping_stamp
2019-12-07T19:33:45.953545+0000/9.408050497s send_stamp 9.408050497s delta_ub 18446744073.697961698s) v5 -- 0x5557e7a9a600 con 0x5557e7a49800
2019-12-07T19:33:45.953+0000 7f2b724d6700 1 -- 172.21.15.109:0/36937 --> [v2:172.21.15.109:6804/36936,v1:172.21.15.109:6805/36936] -- osd_ping(ping e15 up_from 13 ping_stamp
2019-12-07T19:33:45.953545+0000/9.408050497s send_stamp 9.408050497s delta_ub 18446744073.697961698s) v5 -- 0x5557e7a9a200 con 0x5557e7a49c00
2019-12-07T19:33:45.953+0000 7f2b724d6700 1 -- 172.21.15.109:0/36937 --> [v2:172.21.15.109:6830/36939,v1:172.21.15.109:6831/36939] -- osd_ping(ping e15 up_from 13 ping_stamp
2019-12-07T19:33:45.953545+0000/9.408050497s send_stamp 9.408050497s delta_ub 0.019333557s) v5 -- 0x5557e7a9be00 con 0x5557e7af0000
2019-12-07T19:33:45.953+0000 7f2b724d6700 1 -- 172.21.15.109:0/36937 --> [v2:172.21.15.109:6828/36939,v1:172.21.15.109:6829/36939] -- osd_ping(ping e15 up_from 13 ping_stamp
2019-12-07T19:33:45.953545+0000/9.408050497s send_stamp 9.408050497s delta_ub 0.019333557s) v5 -- 0x5557e7a9b200 con 0x5557e7af0400
2019-12-07T19:33:45.953+0000 7f2b957b2700 1 -- 172.21.15.109:0/36937 <== osd.4 v2:172.21.15.109:6814/36938 2 ==== osd_ping(ping_reply e15 up_from 13 ping_stamp
2019-12-07T19:33:45.953545+0000/9.408050497s send_stamp 9.402967776s delta_ub 18446744073.704468895s) v5 ==== 2033+0+0 (crc 0 0 0) 0x5557e758ca00 con 0x5557e748e000
2019-12-07T19:33:45.953+0000 7f2b957b2700 25 osd.6 15 handle_osd_ping got reply from osd.4 first_tx
2019-12-07T19:33:41.253160+0000 last_tx
2019-12-07T19:33:45.953545+0000 last_rx_back
2019-12-07T19:33:41.253617+0000 ->
2019-12-07T19:33:45.953801+0000 last_rx_front
2019-12-07T19:33:41.253852+0000
2019-12-07T19:33:45.953+0000 7f2b957b2700 20 osd.6 15 handle_osd_ping new stamps hbstamp(osd.4 up_from 13 peer_clock_delta [18446744073.704212163s,18446744073.704468895s])
2019-12-07T19:33:45.953+0000 7f2b957b2700 1 -- 172.21.15.109:0/36937 <== osd.5 v2:172.21.15.109:6804/36936 2 ==== osd_ping(ping_reply e15 up_from 13 ping_stamp
2019-12-07T19:33:45.953545+0000/9.408050497s send_stamp 9.420098701s delta_ub 0.012048204s) v5 ==== 2033+0+0 (crc 0 0 0) 0x5557e758ca00 con 0x5557e7a49c00
2019-12-07T19:33:45.953+0000 7f2b957b2700 25 osd.6 15 handle_osd_ping got reply from osd.5 first_tx
2019-12-07T19:33:41.253160+0000 last_tx
2019-12-07T19:33:45.953545+0000 last_rx_back
2019-12-07T19:33:41.253810+0000 last_rx_front
2019-12-07T19:33:41.253828+0000 ->
2019-12-07T19:33:45.953842+0000
2019-12-07T19:33:45.953+0000 7f2b957b2700 20 osd.6 15 handle_osd_ping new stamps hbstamp(osd.5 up_from 13 peer_clock_delta [0.011750643s,0.012048204s])
2019-12-07T19:33:45.953+0000 7f2b967b4700 1 -- 172.21.15.109:0/36937 <== osd.3 v2:172.21.15.131:6816/37076 2 ==== osd_ping(ping_reply e15 up_from 13 ping_stamp
2019-12-07T19:33:45.953545+0000/9.408050497s send_stamp 9.411338430s delta_ub 0.003287933s) v5 ==== 2033+0+0 (crc 0 0 0) 0x5557e758dc00 con 0x5557e7af1800
2019-12-07T19:33:45.953+0000 7f2b957b2700 1 -- 172.21.15.109:0/36937 <== osd.2 v2:172.21.15.131:6806/37077 2 ==== osd_ping(ping_reply e15 up_from 13 ping_stamp
2019-12-07T19:33:45.953545+0000/9.408050497s send_stamp 9.425539963s delta_ub 0.017489466s) v5 ==== 2033+0+0 (crc 0 0 0) 0x5557e758ca00 con 0x5557e7af1400
2019-12-07T19:33:45.953+0000 7f2b967b4700 25 osd.6 15 handle_osd_ping got reply from osd.3 first_tx
2019-12-07T19:33:41.253160+0000 last_tx
2019-12-07T19:33:45.953545+0000 last_rx_back
2019-12-07T19:33:41.253895+0000 ->
2019-12-07T19:33:45.953866+0000 last_rx_front
2019-12-07T19:33:41.253876+0000
2019-12-07T19:33:45.953+0000 7f2b967b4700 20 osd.6 15 handle_osd_ping new stamps hbstamp(osd.3 up_from 13 peer_clock_delta [0.002966616s,0.003287933s])
2019-12-07T19:33:45.953+0000 7f2b957b2700 25 osd.6 15 handle_osd_ping got reply from osd.2 first_tx
2019-12-07T19:33:41.253160+0000 last_tx
2019-12-07T19:33:45.953545+0000 last_rx_back
2019-12-07T19:33:41.253703+0000 last_rx_front
2019-12-07T19:33:41.253500+0000 ->
2019-12-07T19:33:45.953881+0000
2019-12-07T19:33:45.953+0000 7f2b957b2700 10 osd.6 15 maybe_share_map con 0x5557e7519800 v2:172.21.15.131:6804/37077 map epoch 14 -> 15 (as per caller)
2019-12-07T19:33:45.953+0000 7f2b957b2700 20 osd.6 15 handle_osd_ping new stamps hbstamp(osd.2 up_from 13 peer_clock_delta [0.017152977s,0.017489466s])
2019-12-07T19:33:45.953+0000 7f2b95fb3700 1 -- 172.21.15.109:0/36937 <== osd.2 v2:172.21.15.131:6808/37077 2 ==== osd_ping(ping_reply e15 up_from 13 ping_stamp
2019-12-07T19:33:45.953545+0000/9.408050497s send_stamp 9.425574575s delta_ub 0.017524078s) v5 ==== 2033+0+0 (crc 0 0 0) 0x5557e7a9a800 con 0x5557e7af1000
2019-12-07T19:33:45.953+0000 7f2b967b4700 1 -- 172.21.15.109:0/36937 <== osd.1 v2:172.21.15.131:6827/37078 2 ==== osd_ping(ping_reply e15 up_from 13 ping_stamp
2019-12-07T19:33:45.953545+0000/9.408050497s send_stamp 9.410757862s delta_ub 0.002707365s) v5 ==== 2033+0+0 (crc 0 0 0) 0x5557e758dc00 con 0x5557e7af0c00
2019-12-07T19:33:45.953+0000 7f2b95fb3700 25 osd.6 15 handle_osd_ping got reply from osd.2 first_tx
2019-12-07T19:33:41.253160+0000 last_tx
2019-12-07T19:33:45.953545+0000 last_rx_back
2019-12-07T19:33:41.253703+0000 ->
2019-12-07T19:33:45.953897+0000 last_rx_front
2019-12-07T19:33:45.953881+0000
2019-12-07T19:33:45.953+0000 7f2b95fb3700 25 osd.6 15 handle_osd_ping got all replies from osd.2 , erase pending ping(sent at
2019-12-07T19:33:45.953545+0000) and older pending ping(s)
2019-12-07T19:33:45.953+0000 7f2b957b2700 1 -- 172.21.15.109:0/36937 <== osd.0 v2:172.21.15.131:6826/37079 2 ==== osd_ping(ping_reply e15 up_from 13 ping_stamp
2019-12-07T19:33:45.953545+0000/9.408050497s send_stamp 9.408511831s delta_ub 0.000461334s) v5 ==== 2033+0+0 (crc 0 0 0) 0x5557e758ca00 con 0x5557e7a49400
2019-12-07T19:33:45.953+0000 7f2b95fb3700 20 osd.6 15 handle_osd_ping new stamps hbstamp(osd.2 up_from 13 peer_clock_delta [0.017171753s,0.017524078s])
2019-12-07T19:33:45.953+0000 7f2b967b4700 25 osd.6 15 handle_osd_ping got reply from osd.1 first_tx
2019-12-07T19:33:41.253160+0000 last_tx
2019-12-07T19:33:45.953545+0000 last_rx_back
2019-12-07T19:33:41.253456+0000 last_rx_front
2019-12-07T19:33:41.253658+0000 ->
2019-12-07T19:33:45.953915+0000
2019-12-07T19:33:45.953+0000 7f2b967b4700 20 osd.6 15 handle_osd_ping new stamps hbstamp(osd.1 up_from 13 peer_clock_delta [0.002337307s,0.002707365s])
2019-12-07T19:33:45.953+0000 7f2b95fb3700 1 -- 172.21.15.109:0/36937 <== osd.3 v2:172.21.15.131:6814/37076 2 ==== osd_ping(ping_reply e15 up_from 13 ping_stamp
2019-12-07T19:33:45.953545+0000/9.408050497s send_stamp 9.411358634s delta_ub 0.003308137s) v5 ==== 2033+0+0 (crc 0 0 0) 0x5557e7a9a800 con 0x5557e7af1c00
2019-12-07T19:33:45.953+0000 7f2b95fb3700 25 osd.6 15 handle_osd_ping got reply from osd.3 first_tx
2019-12-07T19:33:41.253160+0000 last_tx
2019-12-07T19:33:45.953545+0000 last_rx_back
2019-12-07T19:33:45.953866+0000 last_rx_front
2019-12-07T19:33:41.253876+0000 ->
2019-12-07T19:33:45.953925+0000
2019-12-07T19:33:45.953+0000 7f2b95fb3700 25 osd.6 15 handle_osd_ping got all replies from osd.3 , erase pending ping(sent at
2019-12-07T19:33:45.953545+0000) and older pending ping(s)
2019-12-07T19:33:45.953+0000 7f2b95fb3700 20 osd.6 15 handle_osd_ping new stamps hbstamp(osd.3 up_from 13 peer_clock_delta [0.002927844s,0.003308137s])
2019-12-07T19:33:45.953+0000 7f2b957b2700 25 osd.6 15 handle_osd_ping got reply from osd.0 first_tx
2019-12-07T19:33:41.253160+0000 last_tx
2019-12-07T19:33:45.953545+0000 last_rx_back
2019-12-07T19:33:41.253538+0000 last_rx_front
2019-12-07T19:33:41.253681+0000 ->
2019-12-07T19:33:45.953936+0000
2019-12-07T19:33:45.953+0000 7f2b957b2700 20 osd.6 15 handle_osd_ping new stamps hbstamp(osd.0 up_from 13 peer_clock_delta [0.000070424s,0.000461334s])
2019-12-07T19:33:45.953+0000 7f2b967b4700 1 -- 172.21.15.109:0/36937 <== osd.4 v2:172.21.15.109:6812/36938 2 ==== osd_ping(ping_reply e15 up_from 13 ping_stamp
2019-12-07T19:33:45.953545+0000/9.408050497s send_stamp 9.403028583s delta_ub 18446744073.704529702s) v5 ==== 2033+0+0 (crc 0 0 0) 0x5557e758dc00 con 0x5557e748e400
2019-12-07T19:33:45.953+0000 7f2b95fb3700 1 -- 172.21.15.109:0/36937 <== osd.7 v2:172.21.15.109:6828/36939 2 ==== osd_ping(ping_reply e15 up_from 13 ping_stamp
2019-12-07T19:33:45.953545+0000/9.408050497s send_stamp 9.389243407s delta_ub 18446744073.690744526s) v5 ==== 2033+0+0 (crc 0 0 0) 0x5557e7a9a800 con 0x5557e7af0400
2019-12-07T19:33:45.953+0000 7f2b967b4700 25 osd.6 15 handle_osd_ping got reply from osd.4 first_tx
2019-12-07T19:33:41.253160+0000 last_tx
2019-12-07T19:33:45.953545+0000 last_rx_back
2019-12-07T19:33:45.953801+0000 last_rx_front
2019-12-07T19:33:41.253852+0000 ->
2019-12-07T19:33:45.953943+0000
2019-12-07T19:33:45.953+0000 7f2b967b4700 25 osd.6 15 handle_osd_ping got all replies from osd.4 , erase pending ping(sent at
2019-12-07T19:33:45.953545+0000) and older pending ping(s)
2019-12-07T19:33:45.953+0000 7f2b957b2700 1 -- 172.21.15.109:0/36937 <== osd.1 v2:172.21.15.131:6831/37078 2 ==== osd_ping(ping_reply e15 up_from 13 ping_stamp
2019-12-07T19:33:45.953545+0000/9.408050497s send_stamp 9.410823918s delta_ub 0.002773421s) v5 ==== 2033+0+0 (crc 0 0 0) 0x5557e758ca00 con 0x5557e7af0800
2019-12-07T19:33:45.953+0000 7f2b967b4700 20 osd.6 15 handle_osd_ping new stamps hbstamp(osd.4 up_from 13 peer_clock_delta [18446744073.704131118s,18446744073.704529702s])
2019-12-07T19:33:45.953+0000 7f2b95fb3700 25 osd.6 15 handle_osd_ping got reply from osd.7 first_tx
2019-12-07T19:33:41.253160+0000 last_tx
2019-12-07T19:33:45.953545+0000 last_rx_back
2019-12-07T19:33:41.253773+0000 last_rx_front
2019-12-07T19:33:41.253967+0000 ->
2019-12-07T19:33:45.953963+0000
2019-12-07T19:33:45.953+0000 7f2b95fb3700 20 osd.6 15 handle_osd_ping new stamps hbstamp(osd.7 up_from 13 peer_clock_delta [18446744073.690325787s,18446744073.690744526s])
2019-12-07T19:33:45.953+0000 7f2b957b2700 25 osd.6 15 handle_osd_ping got reply from osd.1 first_tx
2019-12-07T19:33:41.253160+0000 last_tx
2019-12-07T19:33:45.953545+0000 last_rx_back
2019-12-07T19:33:41.253456+0000 ->
2019-12-07T19:33:45.953973+0000 last_rx_front
2019-12-07T19:33:45.953915+0000
2019-12-07T19:33:45.953+0000 7f2b967b4700 1 -- 172.21.15.109:0/36937 <== osd.7 v2:172.21.15.109:6830/36939 2 ==== osd_ping(ping_reply e15 up_from 13 ping_stamp
2019-12-07T19:33:45.953545+0000/9.408050497s send_stamp 9.389274329s delta_ub 18446744073.690775448s) v5 ==== 2033+0+0 (crc 0 0 0) 0x5557e758dc00 con 0x5557e7af0000
2019-12-07T19:33:45.953+0000 7f2b957b2700 25 osd.6 15 handle_osd_ping got all replies from osd.1 , erase pending ping(sent at
2019-12-07T19:33:45.953545+0000) and older pending ping(s)
2019-12-07T19:33:45.953+0000 7f2b95fb3700 1 -- 172.21.15.109:0/36937 <== osd.0 v2:172.21.15.131:6830/37079 2 ==== osd_ping(ping_reply e15 up_from 13 ping_stamp
2019-12-07T19:33:45.953545+0000/9.408050497s send_stamp 9.408558652s delta_ub 0.000508155s) v5 ==== 2033+0+0 (crc 0 0 0) 0x5557e7a9a800 con 0x5557e7a49000
2019-12-07T19:33:45.953+0000 7f2b957b2700 20 osd.6 15 handle_osd_ping new stamps hbstamp(osd.1 up_from 13 peer_clock_delta [0.002345083s,0.002773421s])
2019-12-07T19:33:45.953+0000 7f2b967b4700 25 osd.6 15 handle_osd_ping got reply from osd.7 first_tx
2019-12-07T19:33:41.253160+0000 last_tx
2019-12-07T19:33:45.953545+0000 last_rx_back
2019-12-07T19:33:41.253773+0000 ->
2019-12-07T19:33:45.953989+0000 last_rx_front
2019-12-07T19:33:45.953963+0000
2019-12-07T19:33:45.953+0000 7f2b967b4700 25 osd.6 15 handle_osd_ping got all replies from osd.7 , erase pending ping(sent at
2019-12-07T19:33:45.953545+0000) and older pending ping(s)
2019-12-07T19:33:45.953+0000 7f2b967b4700 20 osd.6 15 handle_osd_ping new stamps hbstamp(osd.7 up_from 13 peer_clock_delta [18446744073.690331201s,18446744073.690775448s])
2019-12-07T19:33:45.953+0000 7f2b95fb3700 25 osd.6 15 handle_osd_ping got reply from osd.0 first_tx
2019-12-07T19:33:41.253160+0000 last_tx
2019-12-07T19:33:45.953545+0000 last_rx_back
2019-12-07T19:33:41.253538+0000 ->
2019-12-07T19:33:45.954007+0000 last_rx_front
2019-12-07T19:33:45.953936+0000
2019-12-07T19:33:45.953+0000 7f2b95fb3700 25 osd.6 15 handle_osd_ping got all replies from osd.0 , erase pending ping(sent at
2019-12-07T19:33:45.953545+0000) and older pending ping(s)
2019-12-07T19:33:45.953+0000 7f2b95fb3700 20 osd.6 15 handle_osd_ping new stamps hbstamp(osd.0 up_from 13 peer_clock_delta [0.000045973s,0.000508155s])
2019-12-07T19:33:45.953+0000 7f2b95fb3700 1 -- 172.21.15.109:0/36937 <== osd.5 v2:172.21.15.109:6806/36936 2 ==== osd_ping(ping_reply e15 up_from 13 ping_stamp
2019-12-07T19:33:45.953545+0000/9.408050497s send_stamp 9.420132451s delta_ub 0.012081954s) v5 ==== 2033+0+0 (crc 0 0 0) 0x5557e7a9a800 con 0x5557e7a49800
2019-12-07T19:33:45.953+0000 7f2b95fb3700 25 osd.6 15 handle_osd_ping got reply from osd.5 first_tx
2019-12-07T19:33:41.253160+0000 last_tx
2019-12-07T19:33:45.953545+0000 last_rx_back
2019-12-07T19:33:41.253810+0000 ->
2019-12-07T19:33:45.954030+0000 last_rx_front
2019-12-07T19:33:45.953842+0000
2019-12-07T19:33:45.953+0000 7f2b95fb3700 25 osd.6 15 handle_osd_ping got all replies from osd.5 , erase pending ping(sent at
2019-12-07T19:33:45.953545+0000) and older pending ping(s)
2019-12-07T19:33:45.953+0000 7f2b95fb3700 20 osd.6 15 handle_osd_ping new stamps hbstamp(osd.5 up_from 13 peer_clock_delta [0.011596682s,0.012081954s])
2019-12-07T19:33:45.967+0000 7f2b8ad07700 20 bluestore.MempoolThread(0x5557e6312a08) _resize_shards cache_size: 2845415832 kv_alloc: 1073741824 kv_used: 1760 meta_alloc: 1073741824 meta_used: 41140 data_alloc: 671088640 data_used: 0
2019-12-07T19:33:46.017+0000 7f2b8ad07700 20 bluestore.MempoolThread(0x5557e6312a08) _resize_shards cache_size: 2845415832 kv_alloc: 1073741824 kv_used: 1760 meta_alloc: 1073741824 meta_used: 41140 data_alloc: 671088640 data_used: 0
2019-12-07T19:33:46.067+0000 7f2b8ad07700 20 bluestore.MempoolThread(0x5557e6312a08) _resize_shards cache_size: 2845415832 kv_alloc: 1073741824 kv_used: 1760 meta_alloc: 1073741824 meta_used: 41140 data_alloc: 671088640 data_used: 0
2019-12-07T19:33:46.117+0000 7f2b8ad07700 20 bluestore.MempoolThread(0x5557e6312a08) _resize_shards cache_size: 2845415832 kv_alloc: 1073741824 kv_used: 1760 meta_alloc: 1073741824 meta_used: 41140 data_alloc: 671088640 data_used: 0
2019-12-07T19:33:46.167+0000 7f2b8ad07700 20 bluestore.MempoolThread(0x5557e6312a08) _resize_shards cache_size: 2845415832 kv_alloc: 1073741824 kv_used: 1760 meta_alloc: 1073741824 meta_used: 41140 data_alloc: 671088640 data_used: 0
2019-12-07T19:33:46.217+0000 7f2b8ad07700 20 bluestore.MempoolThread(0x5557e6312a08) _resize_shards cache_size: 2845415832 kv_alloc: 1073741824 kv_used: 1760 meta_alloc: 1073741824 meta_used: 41140 data_alloc: 671088640 data_used: 0
2019-12-07T19:33:46.268+0000 7f2b8ad07700 20 bluestore.MempoolThread(0x5557e6312a08) _resize_shards cache_size: 2845415832 kv_alloc: 1073741824 kv_used: 1760 meta_alloc: 1073741824 meta_used: 41140 data_alloc: 671088640 data_used: 0
2019-12-07T19:33:46.318+0000 7f2b8ad07700 20 bluestore.MempoolThread(0x5557e6312a08) _resize_shards cache_size: 2845415832 kv_alloc: 1073741824 kv_used: 1760 meta_alloc: 1073741824 meta_used: 41140 data_alloc: 671088640 data_used: 0
2019-12-07T19:33:46.358+0000 7f2b967b4700 1 -- [v2:172.21.15.109:6822/36937,v1:172.21.15.109:6823/36937] <== osd.4 172.21.15.109:0/36938 4 ==== osd_ping(ping e15 up_from 13 ping_stamp
2019-12-07T19:33:46.358819+0000/9.808045243s send_stamp 9.808045243s delta_ub 18446744073.704529702s) v5 ==== 2033+0+0 (crc 0 0 0) 0x5557e758dc00 con 0x5557e7519000
2019-12-07T19:33:46.358+0000 7f2b967b4700 20 osd.6 15 handle_osd_ping new stamps hbstamp(osd.4 up_from 13 peer_clock_delta [18446744073.704065952s,18446744073.704529702s])
2019-12-07T19:33:46.358+0000 7f2b95fb3700 1 -- [v2:172.21.15.109:6820/36937,v1:172.21.15.109:6821/36937] <== osd.4 172.21.15.109:0/36938 4 ==== osd_ping(ping e15 up_from 13 ping_stamp
2019-12-07T19:33:46.358819+0000/9.808045243s send_stamp 9.808045243s delta_ub 18446744073.704529702s) v5 ==== 2033+0+0 (crc 0 0 0) 0x5557e7a9a800 con 0x5557e74cc400
2019-12-07T19:33:46.358+0000 7f2b967b4700 1 -- [v2:172.21.15.109:6822/36937,v1:172.21.15.109:6823/36937] --> 172.21.15.109:0/36938 -- osd_ping(ping_reply e15 up_from 13 ping_stamp
2019-12-07T19:33:46.358819+0000/9.808045243s send_stamp 9.813530907s delta_ub 0.005485664s) v5 -- 0x5557e758da00 con 0x5557e7519000
2019-12-07T19:33:46.358+0000 7f2b95fb3700 20 osd.6 15 handle_osd_ping new stamps hbstamp(osd.4 up_from 13 peer_clock_delta [18446744073.704043273s,18446744073.704529702s])
2019-12-07T19:33:46.358+0000 7f2b95fb3700 1 -- [v2:172.21.15.109:6820/36937,v1:172.21.15.109:6821/36937] --> 172.21.15.109:0/36938 -- osd_ping(ping_reply e15 up_from 13 ping_stamp
2019-12-07T19:33:46.358819+0000/9.808045243s send_stamp 9.813553586s delta_ub 0.005508343s) v5 -- 0x5557e7a9b200 con 0x5557e74cc400
2019-12-07T19:33:46.368+0000 7f2b8ad07700 20 bluestore.MempoolThread(0x5557e6312a08) _resize_shards cache_size: 2845415832 kv_alloc: 1073741824 kv_used: 1760 meta_alloc: 1073741824 meta_used: 41140 data_alloc: 671088640 data_used: 0
2019-12-07T19:33:46.418+0000 7f2b8ad07700 20 bluestore.MempoolThread(0x5557e6312a08) _resize_shards cache_size: 2845415832 kv_alloc: 1073741824 kv_used: 1760 meta_alloc: 1073741824 meta_used: 41140 data_alloc: 671088640 data_used: 0
2019-12-07T19:33:46.447+0000 7f2b92fad700 10 osd.6 15 tick
2019-12-07T19:33:46.447+0000 7f2b92fad700 10 osd.6 15 do_waiters -- start
2019-12-07T19:33:46.447+0000 7f2b92fad700 10 osd.6 15 do_waiters -- finish
2019-12-07T19:33:46.447+0000 7f2b92fad700 20 osd.6 15 tick last_purged_snaps_scrub
2019-12-07T19:33:37.564652+0000 next
2019-12-07T19:34:37.564652+0000
2019-12-07T19:33:46.450+0000 7f2b967b4700 1 -- [v2:172.21.15.109:6822/36937,v1:172.21.15.109:6823/36937] <== osd.3 172.21.15.131:0/37076 3 ==== osd_ping(ping e15 up_from 13 ping_stamp
2019-12-07T19:33:46.450807+0000/9.908320123s send_stamp 9.908320123s delta_ub 0.003308137s) v5 ==== 2033+0+0 (crc 0 0 0) 0x5557e74f0800 con 0x5557e7519400
2019-12-07T19:33:46.450+0000 7f2b967b4700 20 osd.6 15 handle_osd_ping new stamps hbstamp(osd.3 up_from 13 peer_clock_delta [0.002809912s,0.003308137s])
2019-12-07T19:33:46.450+0000 7f2b967b4700 1 -- [v2:172.21.15.109:6822/36937,v1:172.21.15.109:6823/36937] --> 172.21.15.131:0/37076 -- osd_ping(ping_reply e15 up_from 13 ping_stamp
2019-12-07T19:33:46.450807+0000/9.908320123s send_stamp 9.905510211s delta_ub 18446744073.706741704s) v5 -- 0x5557e758da00 con 0x5557e7519400
2019-12-07T19:33:46.450+0000 7f2b967b4700 1 -- [v2:172.21.15.109:6820/36937,v1:172.21.15.109:6821/36937] <== osd.3 172.21.15.131:0/37076 3 ==== osd_ping(ping e15 up_from 13 ping_stamp
2019-12-07T19:33:46.450807+0000/9.908320123s send_stamp 9.908320123s delta_ub 0.003308137s) v5 ==== 2033+0+0 (crc 0 0 0) 0x5557e758dc00 con 0x5557e74cd800
2019-12-07T19:33:46.450+0000 7f2b967b4700 20 osd.6 15 handle_osd_ping new stamps hbstamp(osd.3 up_from 13 peer_clock_delta [0.002757955s,0.003308137s])
2019-12-07T19:33:46.450+0000 7f2b967b4700 1 -- [v2:172.21.15.109:6820/36937,v1:172.21.15.109:6821/36937] --> 172.21.15.131:0/37076 -- osd_ping(ping_reply e15 up_from 13 ping_stamp
2019-12-07T19:33:46.450807+0000/9.908320123s send_stamp 9.905562168s delta_ub 18446744073.706793661s) v5 -- 0x5557e758da00 con 0x5557e74cd800
2019-12-07T19:33:46.468+0000 7f2b8ad07700 20 bluestore.MempoolThread(0x5557e6312a08) _resize_shards cache_size: 2845415832 kv_alloc: 1073741824 kv_used: 1760 meta_alloc: 1073741824 meta_used: 41140 data_alloc: 671088640 data_used: 0
2019-12-07T19:33:46.518+0000 7f2b8ad07700 20 bluestore.MempoolThread(0x5557e6312a08) _resize_shards cache_size: 2845415832 kv_alloc: 1073741824 kv_used: 1760 meta_alloc: 1073741824 meta_used: 41140 data_alloc: 671088640 data_used: 0
2019-12-07T19:33:46.536+0000 7f2b967b4700 1 -- [v2:172.21.15.109:6820/36937,v1:172.21.15.109:6821/36937] <== osd.2 172.21.15.131:0/37077 2 ==== osd_ping(ping e15 up_from 13 ping_stamp
2019-12-07T19:33:46.536070+0000/10.007789311s send_stamp 10.007789311s delta_ub 0.017524078s) v5 ==== 2033+0+0 (crc 0 0 0) 0x5557e74f0800 con 0x5557e74cd400
2019-12-07T19:33:46.536+0000 7f2b957b2700 1 -- [v2:172.21.15.109:6822/36937,v1:172.21.15.109:6823/36937] <== osd.2 172.21.15.131:0/37077 2 ==== osd_ping(ping e15 up_from 13 ping_stamp
2019-12-07T19:33:46.536070+0000/10.007789311s send_stamp 10.007789311s delta_ub 0.017524078s) v5 ==== 2033+0+0 (crc 0 0 0) 0x5557e758ca00 con 0x5557e74ccc00
2019-12-07T19:33:46.536+0000 7f2b967b4700 20 osd.6 15 handle_osd_ping new stamps hbstamp(osd.2 up_from 13 peer_clock_delta [0.016995451s,0.017524078s])
2019-12-07T19:33:46.536+0000 7f2b967b4700 1 -- [v2:172.21.15.109:6820/36937,v1:172.21.15.109:6821/36937] --> 172.21.15.131:0/37077 -- osd_ping(ping_reply e15 up_from 13 ping_stamp
2019-12-07T19:33:46.536070+0000/10.007789311s send_stamp 9.990793860s delta_ub 18446744073.692556165s) v5 -- 0x5557e758da00 con 0x5557e74cd400
2019-12-07T19:33:46.536+0000 7f2b957b2700 20 osd.6 15 handle_osd_ping new stamps hbstamp(osd.2 up_from 13 peer_clock_delta [0.016928995s,0.017524078s])
2019-12-07T19:33:46.536+0000 7f2b957b2700 1 -- [v2:172.21.15.109:6822/36937,v1:172.21.15.109:6823/36937] --> 172.21.15.131:0/37077 -- osd_ping(ping_reply e15 up_from 13 ping_stamp
2019-12-07T19:33:46.536070+0000/10.007789311s send_stamp 9.990860316s delta_ub 18446744073.692622621s) v5 -- 0x5557e758cc00 con 0x5557e74ccc00
2019-12-07T19:33:46.552+0000 7f2b87015700 1 -- [v2:172.21.15.109:6816/36937,v1:172.21.15.109:6817/36937] --> [v2:172.21.15.109:3300/0,v1:172.21.15.109:6789/0] -- log(2 entries from seq 1 at
2019-12-07T19:33:37.564613+0000) v1 -- 0x5557e74ca240 con 0x5557e6f87000
2019-12-07T19:33:46.568+0000 7f2b8ad07700 10 rocksdb: request_cache_bytes Priority: 0 Request: 832
2019-12-07T19:33:46.568+0000 7f2b8ad07700 10 rocksdb: request_cache_bytes Priority: 1 Request: 928
2019-12-07T19:33:46.568+0000 7f2b8ad07700 10 rocksdb: request_cache_bytes Priority: 2 Request: 0
2019-12-07T19:33:46.568+0000 7f2b8ad07700 10 rocksdb: request_cache_bytes Priority: 3 Request: 0
2019-12-07T19:33:46.568+0000 7f2b8ad07700 10 rocksdb: request_cache_bytes Priority: 4 Request: 0
2019-12-07T19:33:46.568+0000 7f2b8ad07700 10 rocksdb: request_cache_bytes Priority: 5 Request: 0
2019-12-07T19:33:46.568+0000 7f2b8ad07700 10 rocksdb: request_cache_bytes Priority: 6 Request: 0
2019-12-07T19:33:46.568+0000 7f2b8ad07700 10 rocksdb: request_cache_bytes Priority: 7 Request: 0
2019-12-07T19:33:46.568+0000 7f2b8ad07700 10 rocksdb: request_cache_bytes Priority: 8 Request: 0
2019-12-07T19:33:46.568+0000 7f2b8ad07700 10 rocksdb: request_cache_bytes Priority: 9 Request: 0
2019-12-07T19:33:46.568+0000 7f2b8ad07700 10 rocksdb: request_cache_bytes Priority: 10 Request: 0
2019-12-07T19:33:46.568+0000 7f2b8ad07700 10 rocksdb: request_cache_bytes Priority: 11 Request: 0
2019-12-07T19:33:46.568+0000 7f2b8ad07700 10 rocksdb: commit_cache_size old: 1073741824 new: 1073741824
2019-12-07T19:33:46.568+0000 7f2b8ad07700 10 rocksdb: commit_cache_size High Pri Pool Ratio set to 0.0258772
2019-12-07T19:33:46.568+0000 7f2b8ad07700 5 bluestore.MempoolThread(0x5557e6312a08) _resize_shards cache_size: 2845415832 kv_alloc: 1073741824 kv_used: 1760 meta_alloc: 1073741824 meta_used: 41140 data_alloc: 671088640 data_used: 0
2019-12-07T19:33:46.618+0000 7f2b8ad07700 20 bluestore.MempoolThread(0x5557e6312a08) _resize_shards cache_size: 2845415832 kv_alloc: 1073741824 kv_used: 1760 meta_alloc: 1073741824 meta_used: 41140 data_alloc: 671088640 data_used: 0
2019-12-07T19:33:46.655+0000 7f2b9171a700 10 osd.6 15 tick_without_osd_lock
2019-12-07T19:33:46.655+0000 7f2b9171a700 20 bluestore(/var/lib/ceph/osd/ceph-6) statfs store_statfs(0x163ffdb000/0x40000000/0x1680000000, data 0x9886/0x23000, compress 0x0/0x0/0x0, omap 0x0, meta 0x40000000)
2019-12-07T19:33:46.655+0000 7f2b9171a700 25 osd.6 15 heartbeat_check osd.0 first_tx
2019-12-07T19:33:41.253160+0000 last_tx
2019-12-07T19:33:45.953545+0000 last_rx_back
2019-12-07T19:33:45.954007+0000 last_rx_front
2019-12-07T19:33:45.953936+0000
2019-12-07T19:33:46.655+0000 7f2b9171a700 25 osd.6 15 heartbeat_check osd.1 first_tx
2019-12-07T19:33:41.253160+0000 last_tx
2019-12-07T19:33:45.953545+0000 last_rx_back
2019-12-07T19:33:45.953973+0000 last_rx_front
2019-12-07T19:33:45.953915+0000
2019-12-07T19:33:46.655+0000 7f2b9171a700 25 osd.6 15 heartbeat_check osd.2 first_tx
2019-12-07T19:33:41.253160+0000 last_tx
2019-12-07T19:33:45.953545+0000 last_rx_back
2019-12-07T19:33:45.953897+0000 last_rx_front
2019-12-07T19:33:45.953881+0000
2019-12-07T19:33:46.655+0000 7f2b9171a700 25 osd.6 15 heartbeat_check osd.3 first_tx
2019-12-07T19:33:41.253160+0000 last_tx
2019-12-07T19:33:45.953545+0000 last_rx_back
2019-12-07T19:33:45.953866+0000 last_rx_front
2019-12-07T19:33:45.953925+0000
2019-12-07T19:33:46.655+0000 7f2b9171a700 25 osd.6 15 heartbeat_check osd.4 first_tx
2019-12-07T19:33:41.253160+0000 last_tx
2019-12-07T19:33:45.953545+0000 last_rx_back
2019-12-07T19:33:45.953801+0000 last_rx_front
2019-12-07T19:33:45.953943+0000
2019-12-07T19:33:46.655+0000 7f2b9171a700 25 osd.6 15 heartbeat_check osd.5 first_tx
2019-12-07T19:33:41.253160+0000 last_tx
2019-12-07T19:33:45.953545+0000 last_rx_back
2019-12-07T19:33:45.954030+0000 last_rx_front
2019-12-07T19:33:45.953842+0000
2019-12-07T19:33:46.655+0000 7f2b9171a700 25 osd.6 15 heartbeat_check osd.7 first_tx
2019-12-07T19:33:41.253160+0000 last_tx
2019-12-07T19:33:45.953545+0000 last_rx_back
2019-12-07T19:33:45.953989+0000 last_rx_front
2019-12-07T19:33:45.953963+0000
2019-12-07T19:33:46.655+0000 7f2b9171a700 20 osd.6 15 scrub_random_backoff lost coin flip, randomly backing off
2019-12-07T19:33:46.655+0000 7f2b9171a700 10 osd.6 15 promote_throttle_recalibrate 0 attempts, promoted 0 objects and 0 B; target 25 obj/sec or 5 MiB/sec
2019-12-07T19:33:46.655+0000 7f2b9171a700 20 osd.6 15 promote_throttle_recalibrate new_prob 1000
2019-12-07T19:33:46.655+0000 7f2b9171a700 10 osd.6 15 promote_throttle_recalibrate actual 0, actual/prob ratio 1, adjusted new_prob 1000, prob 1000 -> 1000
2019-12-07T19:33:46.669+0000 7f2b8ad07700 20 bluestore.MempoolThread(0x5557e6312a08) _resize_shards cache_size: 2845415832 kv_alloc: 1073741824 kv_used: 1760 meta_alloc: 1073741824 meta_used: 41140 data_alloc: 671088640 data_used: 0
2019-12-07T19:33:46.719+0000 7f2b8ad07700 20 bluestore.MempoolThread(0x5557e6312a08) _resize_shards cache_size: 2845415832 kv_alloc: 1073741824 kv_used: 1760 meta_alloc: 1073741824 meta_used: 41140 data_alloc: 671088640 data_used: 0
2019-12-07T19:33:46.769+0000 7f2b8ad07700 20 bluestore.MempoolThread(0x5557e6312a08) _resize_shards cache_size: 2845415832 kv_alloc: 1073741824 kv_used: 1760 meta_alloc: 1073741824 meta_used: 41140 data_alloc: 671088640 data_used: 0
2019-12-07T19:33:46.819+0000 7f2b8ad07700 20 bluestore.MempoolThread(0x5557e6312a08) _resize_shards cache_size: 2845415832 kv_alloc: 1073741824 kv_used: 1760 meta_alloc: 1073741824 meta_used: 41140 data_alloc: 671088640 data_used: 0
2019-12-07T19:33:46.869+0000 7f2b8ad07700 20 bluestore.MempoolThread(0x5557e6312a08) _resize_shards cache_size: 2845415832 kv_alloc: 1073741824 kv_used: 1760 meta_alloc: 1073741824 meta_used: 41140 data_alloc: 671088640 data_used: 0
2019-12-07T19:33:46.919+0000 7f2b8ad07700 20 bluestore.MempoolThread(0x5557e6312a08) _resize_shards cache_size: 2845415832 kv_alloc: 1073741824 kv_used: 1760 meta_alloc: 1073741824 meta_used: 41140 data_alloc: 671088640 data_used: 0
2019-12-07T19:33:46.969+0000 7f2b8ad07700 20 bluestore.MempoolThread(0x5557e6312a08) _resize_shards cache_size: 2845415832 kv_alloc: 1073741824 kv_used: 1760 meta_alloc: 1073741824 meta_used: 41140 data_alloc: 671088640 data_used: 0
2019-12-07T19:33:47.019+0000 7f2b8ad07700 20 bluestore.MempoolThread(0x5557e6312a08) _resize_shards cache_size: 2845415832 kv_alloc: 1073741824 kv_used: 1760 meta_alloc: 1073741824 meta_used: 41140 data_alloc: 671088640 data_used: 0
2019-12-07T19:33:47.070+0000 7f2b8ad07700 20 bluestore.MempoolThread(0x5557e6312a08) _resize_shards cache_size: 2845415832 kv_alloc: 1073741824 kv_used: 1760 meta_alloc: 1073741824 meta_used: 41140 data_alloc: 671088640 data_used: 0
2019-12-07T19:33:47.120+0000 7f2b8ad07700 20 bluestore.MempoolThread(0x5557e6312a08) _resize_shards cache_size: 2845415832 kv_alloc: 1073741824 kv_used: 1760 meta_alloc: 1073741824 meta_used: 41140 data_alloc: 671088640 data_used: 0
2019-12-07T19:33:47.170+0000 7f2b8ad07700 20 bluestore.MempoolThread(0x5557e6312a08) _resize_shards cache_size: 2845415832 kv_alloc: 1073741824 kv_used: 1760 meta_alloc: 1073741824 meta_used: 41140 data_alloc: 671088640 data_used: 0
2019-12-07T19:33:47.218+0000 7f2b88017700 1 -- [v2:172.21.15.109:6816/36937,v1:172.21.15.109:6817/36937] <== mon.0 v2:172.21.15.109:3300/0 15 ==== log(last 2) v1 ==== 28+0+0 (crc 0 0 0) 0x5557e6281a40 con 0x5557e6f87000
2019-12-07T19:33:47.220+0000 7f2b8ad07700 20 bluestore.MempoolThread(0x5557e6312a08) _resize_shards cache_size: 2845415832 kv_alloc: 1073741824 kv_used: 1760 meta_alloc: 1073741824 meta_used: 41140 data_alloc: 671088640 data_used: 0
2019-12-07T19:33:47.270+0000 7f2b8ad07700 20 bluestore.MempoolThread(0x5557e6312a08) _resize_shards cache_size: 2845415832 kv_alloc: 1073741824 kv_used: 1760 meta_alloc: 1073741824 meta_used: 41140 data_alloc: 671088640 data_used: 0
2019-12-07T19:33:47.320+0000 7f2b8ad07700 20 bluestore.MempoolThread(0x5557e6312a08) _resize_shards cache_size: 2845415832 kv_alloc: 1073741824 kv_used: 1760 meta_alloc: 1073741824 meta_used: 41140 data_alloc: 671088640 data_used: 0
2019-12-07T19:33:47.370+0000 7f2b8ad07700 20 bluestore.MempoolThread(0x5557e6312a08) _resize_shards cache_size: 2845415832 kv_alloc: 1073741824 kv_used: 1760 meta_alloc: 1073741824 meta_used: 41140 data_alloc: 671088640 data_used: 0
2019-12-07T19:33:47.420+0000 7f2b8ad07700 20 bluestore.MempoolThread(0x5557e6312a08) _resize_shards cache_size: 2845415832 kv_alloc: 1073741824 kv_used: 1760 meta_alloc: 1073741824 meta_used: 41140 data_alloc: 671088640 data_used: 0
2019-12-07T19:33:47.470+0000 7f2b8ad07700 20 bluestore.MempoolThread(0x5557e6312a08) _resize_shards cache_size: 2845415832 kv_alloc: 1073741824 kv_used: 1760 meta_alloc: 1073741824 meta_used: 41140 data_alloc: 671088640 data_used: 0
2019-12-07T19:33:47.477+0000 7f2b92fad700 10 osd.6 15 tick
2019-12-07T19:33:47.477+0000 7f2b92fad700 10 osd.6 15 do_waiters -- start
2019-12-07T19:33:47.477+0000 7f2b92fad700 10 osd.6 15 do_waiters -- finish
2019-12-07T19:33:47.477+0000 7f2b92fad700 20 osd.6 15 tick last_purged_snaps_scrub
2019-12-07T19:33:37.564652+0000 next
2019-12-07T19:34:37.564652+0000
2019-12-07T19:33:47.520+0000 7f2b8ad07700 20 bluestore.MempoolThread(0x5557e6312a08) _resize_shards cache_size: 2845415832 kv_alloc: 1073741824 kv_used: 1760 meta_alloc: 1073741824 meta_used: 41140 data_alloc: 671088640 data_used: 0
2019-12-07T19:33:47.571+0000 7f2b8ad07700 20 bluestore.MempoolThread(0x5557e6312a08) _resize_shards cache_size: 2845415832 kv_alloc: 1073741824 kv_used: 1760 meta_alloc: 1073741824 meta_used: 41140 data_alloc: 671088640 data_used: 0
2019-12-07T19:33:47.621+0000 7f2b8ad07700 20 bluestore.MempoolThread(0x5557e6312a08) _resize_shards cache_size: 2845415832 kv_alloc: 1073741824 kv_used: 1760 meta_alloc: 1073741824 meta_used: 41140 data_alloc: 671088640 data_used: 0
2019-12-07T19:33:47.624+0000 7f2b9171a700 10 osd.6 15 tick_without_osd_lock
2019-12-07T19:33:47.624+0000 7f2b9171a700 20 bluestore(/var/lib/ceph/osd/ceph-6) statfs store_statfs(0x163ffdb000/0x40000000/0x1680000000, data 0x9886/0x23000, compress 0x0/0x0/0x0, omap 0x0, meta 0x40000000)
2019-12-07T19:33:47.624+0000 7f2b9171a700 25 osd.6 15 heartbeat_check osd.0 first_tx
2019-12-07T19:33:41.253160+0000 last_tx
2019-12-07T19:33:45.953545+0000 last_rx_back
2019-12-07T19:33:45.954007+0000 last_rx_front
2019-12-07T19:33:45.953936+0000
2019-12-07T19:33:47.624+0000 7f2b9171a700 25 osd.6 15 heartbeat_check osd.1 first_tx
2019-12-07T19:33:41.253160+0000 last_tx
2019-12-07T19:33:45.953545+0000 last_rx_back
2019-12-07T19:33:45.953973+0000 last_rx_front
2019-12-07T19:33:45.953915+0000
2019-12-07T19:33:47.624+0000 7f2b9171a700 25 osd.6 15 heartbeat_check osd.2 first_tx
2019-12-07T19:33:41.253160+0000 last_tx
2019-12-07T19:33:45.953545+0000 last_rx_back
2019-12-07T19:33:45.953897+0000 last_rx_front
2019-12-07T19:33:45.953881+0000
2019-12-07T19:33:47.624+0000 7f2b9171a700 25 osd.6 15 heartbeat_check osd.3 first_tx
2019-12-07T19:33:41.253160+0000 last_tx
2019-12-07T19:33:45.953545+0000 last_rx_back
2019-12-07T19:33:45.953866+0000 last_rx_front
2019-12-07T19:33:45.953925+0000
2019-12-07T19:33:47.624+0000 7f2b9171a700 25 osd.6 15 heartbeat_check osd.4 first_tx
2019-12-07T19:33:41.253160+0000 last_tx
2019-12-07T19:33:45.953545+0000 last_rx_back
2019-12-07T19:33:45.953801+0000 last_rx_front
2019-12-07T19:33:45.953943+0000
2019-12-07T19:33:47.624+0000 7f2b9171a700 25 osd.6 15 heartbeat_check osd.5 first_tx
2019-12-07T19:33:41.253160+0000 last_tx
2019-12-07T19:33:45.953545+0000 last_rx_back
2019-12-07T19:33:45.954030+0000 last_rx_front
2019-12-07T19:33:45.953842+0000
2019-12-07T19:33:47.624+0000 7f2b9171a700 25 osd.6 15 heartbeat_check osd.7 first_tx
2019-12-07T19:33:41.253160+0000 last_tx
2019-12-07T19:33:45.953545+0000 last_rx_back
2019-12-07T19:33:45.953989+0000 last_rx_front
2019-12-07T19:33:45.953963+0000
2019-12-07T19:33:47.624+0000 7f2b9171a700 20 osd.6 15 scrub_random_backoff lost coin flip, randomly backing off
2019-12-07T19:33:47.624+0000 7f2b9171a700 10 osd.6 15 promote_throttle_recalibrate 0 attempts, promoted 0 objects and 0 B; target 25 obj/sec or 5 MiB/sec
2019-12-07T19:33:47.624+0000 7f2b9171a700 20 osd.6 15 promote_throttle_recalibrate new_prob 1000
2019-12-07T19:33:47.624+0000 7f2b9171a700 10 osd.6 15 promote_throttle_recalibrate actual 0, actual/prob ratio 1, adjusted new_prob 1000, prob 1000 -> 1000
