2019-12-07T19:33:56.702+0000 7f8f06986700 15 osd.7 pg_epoch: 19 pg[1.4s0( empty local-lis/les=18/19 n=0 ec=18/18 lis/c=0/0 les/c/f=0/0/0 sis=18) [7,0,1,5,2,4]p7(0) r=0 lpr=18 crt=0'0 mlcod 0'0 creating+activating mbc={}] publish_stats_to_osd 19:6
2019-12-07T19:33:56.702+0000 7f8f06986700 10 osd.7 pg_epoch: 19 pg[1.4s0( empty local-lis/les=18/19 n=0 ec=18/18 lis/c=0/0 les/c/f=0/0/0 sis=18) [7,0,1,5,2,4]p7(0) r=0 lpr=18 crt=0'0 mlcod 0'0 creating+activating mbc={}] state: all_activated_and_committed
2019-12-07T19:33:56.702+0000 7f8f06986700 20 osd.7 pg_epoch: 19 pg[1.4s0( empty local-lis/les=18/19 n=0 ec=18/18 lis/c=0/0 les/c/f=0/0/0 sis=18) [7,0,1,5,2,4]p7(0) r=0 lpr=18 crt=0'0 mlcod 0'0 creating+activating mbc={}] update_calc_stats actingset 0(1),1(2),2(4),4(5),5(3),7(0) upset 0(1),1(2),2(4),4(5),5(3),7(0) acting_recovery_backfill 0(1),1(2),2(4),4(5),5(3),7(0)
2019-12-07T19:33:56.702+0000 7f8f06986700 20 osd.7 pg_epoch: 19 pg[1.4s0( empty local-lis/les=18/19 n=0 ec=18/18 lis/c=0/0 les/c/f=0/0/0 sis=18) [7,0,1,5,2,4]p7(0) r=0 lpr=18 crt=0'0 mlcod 0'0 creating+activating mbc={}] update_calc_stats shard 7(0) primary objects 0 missing 0
2019-12-07T19:33:56.702+0000 7f8f06986700 20 osd.7 pg_epoch: 19 pg[1.4s0( empty local-lis/les=18/19 n=0 ec=18/18 lis/c=0/0 les/c/f=0/0/0 sis=18) [7,0,1,5,2,4]p7(0) r=0 lpr=18 crt=0'0 mlcod 0'0 creating+activating mbc={}] update_calc_stats shard 0(1) objects 0 missing 0
2019-12-07T19:33:56.702+0000 7f8f06986700 20 osd.7 pg_epoch: 19 pg[1.4s0( empty local-lis/les=18/19 n=0 ec=18/18 lis/c=0/0 les/c/f=0/0/0 sis=18) [7,0,1,5,2,4]p7(0) r=0 lpr=18 crt=0'0 mlcod 0'0 creating+activating mbc={}] update_calc_stats shard 1(2) objects 0 missing 0
2019-12-07T19:33:56.702+0000 7f8f06986700 20 osd.7 pg_epoch: 19 pg[1.4s0( empty local-lis/les=18/19 n=0 ec=18/18 lis/c=0/0 les/c/f=0/0/0 sis=18) [7,0,1,5,2,4]p7(0) r=0 lpr=18 crt=0'0 mlcod 0'0 creating+activating mbc={}] update_calc_stats shard 2(4) objects 0 missing 0
2019-12-07T19:33:56.702+0000 7f8f06986700 20 osd.7 pg_epoch: 19 pg[1.4s0( empty local-lis/les=18/19 n=0 ec=18/18 lis/c=0/0 les/c/f=0/0/0 sis=18) [7,0,1,5,2,4]p7(0) r=0 lpr=18 crt=0'0 mlcod 0'0 creating+activating mbc={}] update_calc_stats shard 4(5) objects 0 missing 0
2019-12-07T19:33:56.702+0000 7f8f06986700 20 osd.7 pg_epoch: 19 pg[1.4s0( empty local-lis/les=18/19 n=0 ec=18/18 lis/c=0/0 les/c/f=0/0/0 sis=18) [7,0,1,5,2,4]p7(0) r=0 lpr=18 crt=0'0 mlcod 0'0 creating+activating mbc={}] update_calc_stats shard 5(3) objects 0 missing 0
2019-12-07T19:33:56.702+0000 7f8f06986700 20 osd.7 pg_epoch: 19 pg[1.4s0( empty local-lis/les=18/19 n=0 ec=18/18 lis/c=0/0 les/c/f=0/0/0 sis=18) [7,0,1,5,2,4]p7(0) r=0 lpr=18 crt=0'0 mlcod 0'0 creating+activating mbc={}] update_calc_stats object_location_counts {}
2019-12-07T19:33:56.702+0000 7f8f06986700 20 osd.7 pg_epoch: 19 pg[1.4s0( empty local-lis/les=18/19 n=0 ec=18/18 lis/c=0/0 les/c/f=0/0/0 sis=18) [7,0,1,5,2,4]p7(0) r=0 lpr=18 crt=0'0 mlcod 0'0 creating+activating mbc={}] update_calc_stats missing shard 0(1) missing= 0
2019-12-07T19:33:56.702+0000 7f8f06986700 20 osd.7 pg_epoch: 19 pg[1.4s0( empty local-lis/les=18/19 n=0 ec=18/18 lis/c=0/0 les/c/f=0/0/0 sis=18) [7,0,1,5,2,4]p7(0) r=0 lpr=18 crt=0'0 mlcod 0'0 creating+activating mbc={}] update_calc_stats missing shard 1(2) missing= 0
2019-12-07T19:33:56.702+0000 7f8f06986700 20 osd.7 pg_epoch: 19 pg[1.4s0( empty local-lis/les=18/19 n=0 ec=18/18 lis/c=0/0 les/c/f=0/0/0 sis=18) [7,0,1,5,2,4]p7(0) r=0 lpr=18 crt=0'0 mlcod 0'0 creating+activating mbc={}] update_calc_stats missing shard 2(4) missing= 0
2019-12-07T19:33:56.702+0000 7f8f06986700 20 osd.7 pg_epoch: 19 pg[1.4s0( empty local-lis/les=18/19 n=0 ec=18/18 lis/c=0/0 les/c/f=0/0/0 sis=18) [7,0,1,5,2,4]p7(0) r=0 lpr=18 crt=0'0 mlcod 0'0 creating+activating mbc={}] update_calc_stats missing shard 4(5) missing= 0
2019-12-07T19:33:56.702+0000 7f8f06986700 20 osd.7 pg_epoch: 19 pg[1.4s0( empty local-lis/les=18/19 n=0 ec=18/18 lis/c=0/0 les/c/f=0/0/0 sis=18) [7,0,1,5,2,4]p7(0) r=0 lpr=18 crt=0'0 mlcod 0'0 creating+activating mbc={}] update_calc_stats missing shard 5(3) missing= 0
2019-12-07T19:33:56.702+0000 7f8f06986700 20 osd.7 pg_epoch: 19 pg[1.4s0( empty local-lis/les=18/19 n=0 ec=18/18 lis/c=0/0 les/c/f=0/0/0 sis=18) [7,0,1,5,2,4]p7(0) r=0 lpr=18 crt=0'0 mlcod 0'0 creating+activating mbc={}] update_calc_stats missing shard 7(0) missing= 0
2019-12-07T19:33:56.702+0000 7f8f06986700 20 osd.7 pg_epoch: 19 pg[1.4s0( empty local-lis/les=18/19 n=0 ec=18/18 lis/c=0/0 les/c/f=0/0/0 sis=18) [7,0,1,5,2,4]p7(0) r=0 lpr=18 crt=0'0 mlcod 0'0 creating+activating mbc={}] update_calc_stats degraded 0
2019-12-07T19:33:56.702+0000 7f8f06986700 20 osd.7 pg_epoch: 19 pg[1.4s0( empty local-lis/les=18/19 n=0 ec=18/18 lis/c=0/0 les/c/f=0/0/0 sis=18) [7,0,1,5,2,4]p7(0) r=0 lpr=18 crt=0'0 mlcod 0'0 creating+activating mbc={}] update_calc_stats misplaced 0
2019-12-07T19:33:56.702+0000 7f8f06986700 10 osd.7 pg_epoch: 19 pg[1.4s0( empty local-lis/les=18/19 n=0 ec=18/18 lis/c=0/0 les/c/f=0/0/0 sis=18) [7,0,1,5,2,4]p7(0) r=0 lpr=18 crt=0'0 mlcod 0'0 active mbc={}] state: mnow 20.139343933s >= prior_readable_until_ub 0s
2019-12-07T19:33:56.702+0000 7f8f06986700 20 osd.7 19 send_pg_created
2019-12-07T19:33:56.702+0000 7f8f06986700 1 -- [v2:172.21.15.109:6824/36939,v1:172.21.15.109:6825/36939] --> [v2:172.21.15.109:3300/0,v1:172.21.15.109:6789/0] -- osd_pg_created(1.4) v1 -- 0x558c54d39e00 con 0x558c5476d000
2019-12-07T19:33:56.702+0000 7f8f06986700 10 osd.7 pg_epoch: 19 pg[1.4s0( empty local-lis/les=18/19 n=0 ec=18/18 lis/c=18/0 les/c/f=19/0/0 sis=18) [7,0,1,5,2,4]p7(0) r=0 lpr=18 crt=0'0 mlcod 0'0 active mbc={}] share_pg_info
2019-12-07T19:33:56.702+0000 7f8f06986700 1 -- [v2:172.21.15.109:6826/36939,v1:172.21.15.109:6827/36939] --> [v2:172.21.15.131:6822/37079,v1:172.21.15.131:6824/37079] -- pg_info2(1.4s1 1.4s1 1.4s0( empty local-lis/les=18/19 n=0 ec=18/18 lis/c=18/0 les/c/f=19/0/0 sis=18) e19/19) v1 -- 0x558c548a3800 con 0x558c54c64400
2019-12-07T19:33:56.702+0000 7f8f06986700 1 -- [v2:172.21.15.109:6826/36939,v1:172.21.15.109:6827/36939] --> [v2:172.21.15.131:6823/37078,v1:172.21.15.131:6825/37078] -- pg_info2(1.4s2 1.4s2 1.4s0( empty local-lis/les=18/19 n=0 ec=18/18 lis/c=18/0 les/c/f=19/0/0 sis=18) e19/19) v1 -- 0x558c54e98000 con 0x558c54c64000
2019-12-07T19:33:56.702+0000 7f8f06986700 1 -- [v2:172.21.15.109:6826/36939,v1:172.21.15.109:6827/36939] --> [v2:172.21.15.131:6804/37077,v1:172.21.15.131:6805/37077] -- pg_info2(1.4s4 1.4s4 1.4s0( empty local-lis/les=18/19 n=0 ec=18/18 lis/c=18/0 les/c/f=19/0/0 sis=18) e19/19) v1 -- 0x558c54e98700 con 0x558c54c19800
2019-12-07T19:33:56.702+0000 7f8f06986700 1 -- [v2:172.21.15.109:6826/36939,v1:172.21.15.109:6827/36939] --> [v2:172.21.15.109:6810/36938,v1:172.21.15.109:6811/36938] -- pg_info2(1.4s5 1.4s5 1.4s0( empty local-lis/les=18/19 n=0 ec=18/18 lis/c=18/0 les/c/f=19/0/0 sis=18) e19/19) v1 -- 0x558c54e98e00 con 0x558c54c5b400
2019-12-07T19:33:56.702+0000 7f8f06986700 1 -- [v2:172.21.15.109:6826/36939,v1:172.21.15.109:6827/36939] --> [v2:172.21.15.109:6802/36936,v1:172.21.15.109:6803/36936] -- pg_info2(1.4s3 1.4s3 1.4s0( empty local-lis/les=18/19 n=0 ec=18/18 lis/c=18/0 les/c/f=19/0/0 sis=18) e19/19) v1 -- 0x558c54e99500 con 0x558c54c19c00
2019-12-07T19:33:56.702+0000 7f8f06986700 20 osd.7 pg_epoch: 19 pg[1.4s0( empty local-lis/les=18/19 n=0 ec=18/18 lis/c=18/0 les/c/f=19/0/0 sis=18) [7,0,1,5,2,4]p7(0) r=0 lpr=18 crt=0'0 mlcod 0'0 active mbc={}] update_calc_stats actingset 0(1),1(2),2(4),4(5),5(3),7(0) upset 0(1),1(2),2(4),4(5),5(3),7(0) acting_recovery_backfill 0(1),1(2),2(4),4(5),5(3),7(0)
2019-12-07T19:33:56.702+0000 7f8f06986700 20 osd.7 pg_epoch: 19 pg[1.4s0( empty local-lis/les=18/19 n=0 ec=18/18 lis/c=18/0 les/c/f=19/0/0 sis=18) [7,0,1,5,2,4]p7(0) r=0 lpr=18 crt=0'0 mlcod 0'0 active mbc={}] update_calc_stats shard 7(0) primary objects 0 missing 0
2019-12-07T19:33:56.702+0000 7f8f06986700 20 osd.7 pg_epoch: 19 pg[1.4s0( empty local-lis/les=18/19 n=0 ec=18/18 lis/c=18/0 les/c/f=19/0/0 sis=18) [7,0,1,5,2,4]p7(0) r=0 lpr=18 crt=0'0 mlcod 0'0 active mbc={}] update_calc_stats shard 0(1) objects 0 missing 0
2019-12-07T19:33:56.702+0000 7f8f06986700 20 osd.7 pg_epoch: 19 pg[1.4s0( empty local-lis/les=18/19 n=0 ec=18/18 lis/c=18/0 les/c/f=19/0/0 sis=18) [7,0,1,5,2,4]p7(0) r=0 lpr=18 crt=0'0 mlcod 0'0 active mbc={}] update_calc_stats shard 1(2) objects 0 missing 0
2019-12-07T19:33:56.702+0000 7f8f06986700 20 osd.7 pg_epoch: 19 pg[1.4s0( empty local-lis/les=18/19 n=0 ec=18/18 lis/c=18/0 les/c/f=19/0/0 sis=18) [7,0,1,5,2,4]p7(0) r=0 lpr=18 crt=0'0 mlcod 0'0 active mbc={}] update_calc_stats shard 2(4) objects 0 missing 0
2019-12-07T19:33:56.702+0000 7f8f06986700 20 osd.7 pg_epoch: 19 pg[1.4s0( empty local-lis/les=18/19 n=0 ec=18/18 lis/c=18/0 les/c/f=19/0/0 sis=18) [7,0,1,5,2,4]p7(0) r=0 lpr=18 crt=0'0 mlcod 0'0 active mbc={}] update_calc_stats shard 4(5) objects 0 missing 0
2019-12-07T19:33:56.702+0000 7f8f06986700 20 osd.7 pg_epoch: 19 pg[1.4s0( empty local-lis/les=18/19 n=0 ec=18/18 lis/c=18/0 les/c/f=19/0/0 sis=18) [7,0,1,5,2,4]p7(0) r=0 lpr=18 crt=0'0 mlcod 0'0 active mbc={}] update_calc_stats shard 5(3) objects 0 missing 0
2019-12-07T19:33:56.702+0000 7f8f06986700 20 osd.7 pg_epoch: 19 pg[1.4s0( empty local-lis/les=18/19 n=0 ec=18/18 lis/c=18/0 les/c/f=19/0/0 sis=18) [7,0,1,5,2,4]p7(0) r=0 lpr=18 crt=0'0 mlcod 0'0 active mbc={}] update_calc_stats object_location_counts {}
2019-12-07T19:33:56.702+0000 7f8f06986700 20 osd.7 pg_epoch: 19 pg[1.4s0( empty local-lis/les=18/19 n=0 ec=18/18 lis/c=18/0 les/c/f=19/0/0 sis=18) [7,0,1,5,2,4]p7(0) r=0 lpr=18 crt=0'0 mlcod 0'0 active mbc={}] update_calc_stats missing shard 0(1) missing= 0
2019-12-07T19:33:56.702+0000 7f8f06986700 20 osd.7 pg_epoch: 19 pg[1.4s0( empty local-lis/les=18/19 n=0 ec=18/18 lis/c=18/0 les/c/f=19/0/0 sis=18) [7,0,1,5,2,4]p7(0) r=0 lpr=18 crt=0'0 mlcod 0'0 active mbc={}] update_calc_stats missing shard 1(2) missing= 0
2019-12-07T19:33:56.702+0000 7f8f06986700 20 osd.7 pg_epoch: 19 pg[1.4s0( empty local-lis/les=18/19 n=0 ec=18/18 lis/c=18/0 les/c/f=19/0/0 sis=18) [7,0,1,5,2,4]p7(0) r=0 lpr=18 crt=0'0 mlcod 0'0 active mbc={}] update_calc_stats missing shard 2(4) missing= 0
2019-12-07T19:33:56.702+0000 7f8f06986700 20 osd.7 pg_epoch: 19 pg[1.4s0( empty local-lis/les=18/19 n=0 ec=18/18 lis/c=18/0 les/c/f=19/0/0 sis=18) [7,0,1,5,2,4]p7(0) r=0 lpr=18 crt=0'0 mlcod 0'0 active mbc={}] update_calc_stats missing shard 4(5) missing= 0
2019-12-07T19:33:56.702+0000 7f8f06986700 20 osd.7 pg_epoch: 19 pg[1.4s0( empty local-lis/les=18/19 n=0 ec=18/18 lis/c=18/0 les/c/f=19/0/0 sis=18) [7,0,1,5,2,4]p7(0) r=0 lpr=18 crt=0'0 mlcod 0'0 active mbc={}] update_calc_stats missing shard 5(3) missing= 0
2019-12-07T19:33:56.702+0000 7f8f06986700 20 osd.7 pg_epoch: 19 pg[1.4s0( empty local-lis/les=18/19 n=0 ec=18/18 lis/c=18/0 les/c/f=19/0/0 sis=18) [7,0,1,5,2,4]p7(0) r=0 lpr=18 crt=0'0 mlcod 0'0 active mbc={}] update_calc_stats missing shard 7(0) missing= 0
2019-12-07T19:33:56.702+0000 7f8f06986700 20 osd.7 pg_epoch: 19 pg[1.4s0( empty local-lis/les=18/19 n=0 ec=18/18 lis/c=18/0 les/c/f=19/0/0 sis=18) [7,0,1,5,2,4]p7(0) r=0 lpr=18 crt=0'0 mlcod 0'0 active mbc={}] update_calc_stats degraded 0
2019-12-07T19:33:56.702+0000 7f8f06986700 20 osd.7 pg_epoch: 19 pg[1.4s0( empty local-lis/les=18/19 n=0 ec=18/18 lis/c=18/0 les/c/f=19/0/0 sis=18) [7,0,1,5,2,4]p7(0) r=0 lpr=18 crt=0'0 mlcod 0'0 active mbc={}] update_calc_stats misplaced 0
2019-12-07T19:33:56.702+0000 7f8f06986700 20 osd.7 pg_epoch: 19 pg[1.4s0( empty local-lis/les=18/19 n=0 ec=18/18 lis/c=18/0 les/c/f=19/0/0 sis=18) [7,0,1,5,2,4]p7(0) r=0 lpr=18 crt=0'0 mlcod 0'0 active mbc={}] prepare_stats_for_publish reporting purged_snaps []
2019-12-07T19:33:56.702+0000 7f8f06986700 15 osd.7 pg_epoch: 19 pg[1.4s0( empty local-lis/les=18/19 n=0 ec=18/18 lis/c=18/0 les/c/f=19/0/0 sis=18) [7,0,1,5,2,4]p7(0) r=0 lpr=18 crt=0'0 mlcod 0'0 active mbc={}] publish_stats_to_osd 19:7
2019-12-07T19:33:56.702+0000 7f8f06986700 10 osd.7 pg_epoch: 19 pg[1.4s0( empty local-lis/les=18/19 n=0 ec=18/18 lis/c=18/0 les/c/f=19/0/0 sis=18) [7,0,1,5,2,4]p7(0) r=0 lpr=18 crt=0'0 mlcod 0'0 active mbc={}] check_local
2019-12-07T19:33:56.702+0000 7f8f06986700 10 osd.7 pg_epoch: 19 pg[1.4s0( empty local-lis/les=18/19 n=0 ec=18/18 lis/c=18/0 les/c/f=19/0/0 sis=18) [7,0,1,5,2,4]p7(0) r=0 lpr=18 crt=0'0 mlcod 0'0 active mbc={}] needs_recovery is recovered
2019-12-07T19:33:56.702+0000 7f8f06986700 10 osd.7 pg_epoch: 19 pg[1.4s0( empty local-lis/les=18/19 n=0 ec=18/18 lis/c=18/0 les/c/f=19/0/0 sis=18) [7,0,1,5,2,4]p7(0) r=0 lpr=18 crt=0'0 mlcod 0'0 active mbc={}] needs_backfill does not need backfill
2019-12-07T19:33:56.702+0000 7f8f06986700 10 osd.7 pg_epoch: 19 pg[1.4s0( empty local-lis/les=18/19 n=0 ec=18/18 lis/c=18/0 les/c/f=19/0/0 sis=18) [7,0,1,5,2,4]p7(0) r=0 lpr=18 crt=0'0 mlcod 0'0 active mbc={}] activate all replicas clean, no recovery
2019-12-07T19:33:56.702+0000 7f8f06986700 15 osd.7 19 enqueue_peering_evt 1.4s0 epoch_sent: 19 epoch_requested: 19 AllReplicasRecovered
2019-12-07T19:33:56.702+0000 7f8f06986700 20 osd.7 op_wq(4) _enqueue OpSchedulerItem(1.4s0 PGPeeringEvent(epoch_sent: 19 epoch_requested: 19 AllReplicasRecovered) prio 255 cost 10 e19)
2019-12-07T19:33:56.702+0000 7f8f0297e700 20 osd.7 op_wq(4) _process 1.4s0 to_process <> waiting <> waiting_peering {}
2019-12-07T19:33:56.702+0000 7f8f06986700 20 osd.7 pg_epoch: 19 pg[1.4s0( empty local-lis/les=18/19 n=0 ec=18/18 lis/c=18/0 les/c/f=19/0/0 sis=18) [7,0,1,5,2,4]p7(0) r=0 lpr=18 crt=0'0 mlcod 0'0 active mbc={}] update_calc_stats actingset 0(1),1(2),2(4),4(5),5(3),7(0) upset 0(1),1(2),2(4),4(5),5(3),7(0) acting_recovery_backfill 0(1),1(2),2(4),4(5),5(3),7(0)
2019-12-07T19:33:56.702+0000 7f8f0297e700 20 osd.7 op_wq(4) _process OpSchedulerItem(1.4s0 PGPeeringEvent(epoch_sent: 19 epoch_requested: 19 AllReplicasRecovered) prio 255 cost 10 e19) queued
2019-12-07T19:33:56.702+0000 7f8f06986700 20 osd.7 pg_epoch: 19 pg[1.4s0( empty local-lis/les=18/19 n=0 ec=18/18 lis/c=18/0 les/c/f=19/0/0 sis=18) [7,0,1,5,2,4]p7(0) r=0 lpr=18 crt=0'0 mlcod 0'0 active mbc={}] update_calc_stats shard 7(0) primary objects 0 missing 0
2019-12-07T19:33:56.702+0000 7f8f06986700 20 osd.7 pg_epoch: 19 pg[1.4s0( empty local-lis/les=18/19 n=0 ec=18/18 lis/c=18/0 les/c/f=19/0/0 sis=18) [7,0,1,5,2,4]p7(0) r=0 lpr=18 crt=0'0 mlcod 0'0 active mbc={}] update_calc_stats shard 0(1) objects 0 missing 0
2019-12-07T19:33:56.702+0000 7f8f06986700 20 osd.7 pg_epoch: 19 pg[1.4s0( empty local-lis/les=18/19 n=0 ec=18/18 lis/c=18/0 les/c/f=19/0/0 sis=18) [7,0,1,5,2,4]p7(0) r=0 lpr=18 crt=0'0 mlcod 0'0 active mbc={}] update_calc_stats shard 1(2) objects 0 missing 0
2019-12-07T19:33:56.702+0000 7f8f06986700 20 osd.7 pg_epoch: 19 pg[1.4s0( empty local-lis/les=18/19 n=0 ec=18/18 lis/c=18/0 les/c/f=19/0/0 sis=18) [7,0,1,5,2,4]p7(0) r=0 lpr=18 crt=0'0 mlcod 0'0 active mbc={}] update_calc_stats shard 2(4) objects 0 missing 0
2019-12-07T19:33:56.702+0000 7f8f06986700 20 osd.7 pg_epoch: 19 pg[1.4s0( empty local-lis/les=18/19 n=0 ec=18/18 lis/c=18/0 les/c/f=19/0/0 sis=18) [7,0,1,5,2,4]p7(0) r=0 lpr=18 crt=0'0 mlcod 0'0 active mbc={}] update_calc_stats shard 4(5) objects 0 missing 0
2019-12-07T19:33:56.702+0000 7f8f06986700 20 osd.7 pg_epoch: 19 pg[1.4s0( empty local-lis/les=18/19 n=0 ec=18/18 lis/c=18/0 les/c/f=19/0/0 sis=18) [7,0,1,5,2,4]p7(0) r=0 lpr=18 crt=0'0 mlcod 0'0 active mbc={}] update_calc_stats shard 5(3) objects 0 missing 0
2019-12-07T19:33:56.702+0000 7f8f06986700 20 osd.7 pg_epoch: 19 pg[1.4s0( empty local-lis/les=18/19 n=0 ec=18/18 lis/c=18/0 les/c/f=19/0/0 sis=18) [7,0,1,5,2,4]p7(0) r=0 lpr=18 crt=0'0 mlcod 0'0 active mbc={}] update_calc_stats object_location_counts {}
2019-12-07T19:33:56.702+0000 7f8f06986700 20 osd.7 pg_epoch: 19 pg[1.4s0( empty local-lis/les=18/19 n=0 ec=18/18 lis/c=18/0 les/c/f=19/0/0 sis=18) [7,0,1,5,2,4]p7(0) r=0 lpr=18 crt=0'0 mlcod 0'0 active mbc={}] update_calc_stats missing shard 0(1) missing= 0
2019-12-07T19:33:56.702+0000 7f8f06986700 20 osd.7 pg_epoch: 19 pg[1.4s0( empty local-lis/les=18/19 n=0 ec=18/18 lis/c=18/0 les/c/f=19/0/0 sis=18) [7,0,1,5,2,4]p7(0) r=0 lpr=18 crt=0'0 mlcod 0'0 active mbc={}] update_calc_stats missing shard 1(2) missing= 0
2019-12-07T19:33:56.702+0000 7f8f06986700 20 osd.7 pg_epoch: 19 pg[1.4s0( empty local-lis/les=18/19 n=0 ec=18/18 lis/c=18/0 les/c/f=19/0/0 sis=18) [7,0,1,5,2,4]p7(0) r=0 lpr=18 crt=0'0 mlcod 0'0 active mbc={}] update_calc_stats missing shard 2(4) missing= 0
2019-12-07T19:33:56.702+0000 7f8f06986700 20 osd.7 pg_epoch: 19 pg[1.4s0( empty local-lis/les=18/19 n=0 ec=18/18 lis/c=18/0 les/c/f=19/0/0 sis=18) [7,0,1,5,2,4]p7(0) r=0 lpr=18 crt=0'0 mlcod 0'0 active mbc={}] update_calc_stats missing shard 4(5) missing= 0
2019-12-07T19:33:56.702+0000 7f8f06986700 20 osd.7 pg_epoch: 19 pg[1.4s0( empty local-lis/les=18/19 n=0 ec=18/18 lis/c=18/0 les/c/f=19/0/0 sis=18) [7,0,1,5,2,4]p7(0) r=0 lpr=18 crt=0'0 mlcod 0'0 active mbc={}] update_calc_stats missing shard 5(3) missing= 0
2019-12-07T19:33:56.702+0000 7f8f06986700 20 osd.7 pg_epoch: 19 pg[1.4s0( empty local-lis/les=18/19 n=0 ec=18/18 lis/c=18/0 les/c/f=19/0/0 sis=18) [7,0,1,5,2,4]p7(0) r=0 lpr=18 crt=0'0 mlcod 0'0 active mbc={}] update_calc_stats missing shard 7(0) missing= 0
2019-12-07T19:33:56.702+0000 7f8f06986700 20 osd.7 pg_epoch: 19 pg[1.4s0( empty local-lis/les=18/19 n=0 ec=18/18 lis/c=18/0 les/c/f=19/0/0 sis=18) [7,0,1,5,2,4]p7(0) r=0 lpr=18 crt=0'0 mlcod 0'0 active mbc={}] update_calc_stats degraded 0
2019-12-07T19:33:56.702+0000 7f8f06986700 20 osd.7 pg_epoch: 19 pg[1.4s0( empty local-lis/les=18/19 n=0 ec=18/18 lis/c=18/0 les/c/f=19/0/0 sis=18) [7,0,1,5,2,4]p7(0) r=0 lpr=18 crt=0'0 mlcod 0'0 active mbc={}] update_calc_stats misplaced 0
2019-12-07T19:33:56.702+0000 7f8f06986700 20 osd.7 pg_epoch: 19 pg[1.4s0( empty local-lis/les=18/19 n=0 ec=18/18 lis/c=18/0 les/c/f=19/0/0 sis=18) [7,0,1,5,2,4]p7(0) r=0 lpr=18 crt=0'0 mlcod 0'0 active mbc={}] prepare_stats_for_publish reporting purged_snaps []
2019-12-07T19:33:56.702+0000 7f8f06986700 15 osd.7 pg_epoch: 19 pg[1.4s0( empty local-lis/les=18/19 n=0 ec=18/18 lis/c=18/0 les/c/f=19/0/0 sis=18) [7,0,1,5,2,4]p7(0) r=0 lpr=18 crt=0'0 mlcod 0'0 active mbc={}] publish_stats_to_osd 19:8
2019-12-07T19:33:56.702+0000 7f8f06986700 20 osd.7 pg_epoch: 19 pg[1.4s0( empty local-lis/les=18/19 n=0 ec=18/18 lis/c=18/0 les/c/f=19/0/0 sis=18) [7,0,1,5,2,4]p7(0) r=0 lpr=18 crt=0'0 mlcod 0'0 active mbc={}] hit_set_clear
2019-12-07T19:33:56.703+0000 7f8f06986700 20 osd.7 pg_epoch: 19 pg[1.4s0( empty local-lis/les=18/19 n=0 ec=18/18 lis/c=18/0 les/c/f=19/0/0 sis=18) [7,0,1,5,2,4]p7(0) r=0 lpr=18 crt=0'0 mlcod 0'0 active mbc={}] agent_stop
2019-12-07T19:33:56.703+0000 7f8f06986700 10 log is not dirty
2019-12-07T19:33:56.703+0000 7f8f06986700 10 bluestore(/var/lib/ceph/osd/ceph-7) queue_transactions ch 0x558c54d0f0e0 1.4s0_head
2019-12-07T19:33:56.703+0000 7f8f06986700 20 bluestore(/var/lib/ceph/osd/ceph-7) _txc_create osr 0x558c5525f540 = 0x558c54d21b00 seq 4
2019-12-07T19:33:56.703+0000 7f8f06986700 15 bluestore(/var/lib/ceph/osd/ceph-7) _omap_setkeys 1.4s0_head 0#1:20000000::::head#
2019-12-07T19:33:56.703+0000 7f8f06986700 20 bluestore(/var/lib/ceph/osd/ceph-7) _omap_setkeys 0x0000000000000429'._info' <- _info
2019-12-07T19:33:56.703+0000 7f8f06986700 10 bluestore(/var/lib/ceph/osd/ceph-7) _omap_setkeys 1.4s0_head 0#1:20000000::::head# = 0
2019-12-07T19:33:56.703+0000 7f8f06986700 10 bluestore(/var/lib/ceph/osd/ceph-7) _txc_calc_cost 0x558c54d21b00 cost 5258 (1 ios * 4000 + 1258 bytes)
2019-12-07T19:33:56.703+0000 7f8f06986700 20 bluestore(/var/lib/ceph/osd/ceph-7) _txc_write_nodes txc 0x558c54d21b00 onodes shared_blobs
2019-12-07T19:33:56.703+0000 7f8f06986700 20 bluestore(/var/lib/ceph/osd/ceph-7) _txc_finalize_kv txc 0x558c54d21b00 allocated 0x[] released 0x[]
2019-12-07T19:33:56.703+0000 7f8f06986700 10 bluestore(/var/lib/ceph/osd/ceph-7) _txc_state_proc txc 0x558c54d21b00 prepare
2019-12-07T19:33:56.703+0000 7f8f06986700 20 bluestore(/var/lib/ceph/osd/ceph-7) _txc_finish_io 0x558c54d21b00
2019-12-07T19:33:56.703+0000 7f8f06986700 10 bluestore(/var/lib/ceph/osd/ceph-7) _txc_state_proc txc 0x558c54d21b00 io_done
2019-12-07T19:33:56.703+0000 7f8f06986700 20 osd.7 op_wq(4) _process empty q, waiting
2019-12-07T19:33:56.703+0000 7f8f0297e700 20 osd.7 op_wq(4) _process 1.4s0 to_process waiting <> waiting_peering {}
2019-12-07T19:33:56.703+0000 7f8f0297e700 20 osd.7 op_wq(4) _process OpSchedulerItem(1.4s0 PGPeeringEvent(epoch_sent: 19 epoch_requested: 19 AllReplicasRecovered) prio 255 cost 10 e19) pg 0x558c548ab000
2019-12-07T19:33:56.703+0000 7f8f149a2700 20 bluestore(/var/lib/ceph/osd/ceph-7) _kv_sync_thread wake
2019-12-07T19:33:56.703+0000 7f8f149a2700 20 bluestore(/var/lib/ceph/osd/ceph-7) _kv_sync_thread committing 1 submitting 1 deferred done 0 stable 0
2019-12-07T19:33:56.703+0000 7f8f0297e700 10 osd.7 pg_epoch: 19 pg[1.4s0( empty local-lis/les=18/19 n=0 ec=18/18 lis/c=18/0 les/c/f=19/0/0 sis=18) [7,0,1,5,2,4]p7(0) r=0 lpr=18 crt=0'0 mlcod 0'0 active mbc={}] do_peering_event: epoch_sent: 19 epoch_requested: 19 AllReplicasRecovered
2019-12-07T19:33:56.703+0000 7f8f149a2700 10 bluefs _flush 0x558c54ea43c0 ignoring, length 1089 < min_flush_size 524288
2019-12-07T19:33:56.703+0000 7f8f0297e700 5 osd.7 pg_epoch: 19 pg[1.4s0( empty local-lis/les=18/19 n=0 ec=18/18 lis/c=18/0 les/c/f=19/0/0 sis=18) [7,0,1,5,2,4]p7(0) r=0 lpr=18 crt=0'0 mlcod 0'0 active mbc={}] exit Started/Primary/Active/Activating
2019-12-07T19:33:56.704299+0000 8 0.001459
2019-12-07T19:33:56.703+0000 7f8f149a2700 20 bluestore(/var/lib/ceph/osd/ceph-7) _txc_apply_kv onode 0x558c54d2cc80 had 1
2019-12-07T19:33:56.703+0000 7f8f149a2700 10 bluefs _flush 0x558c54ea43c0 ignoring, length 1112 < min_flush_size 524288
2019-12-07T19:33:56.703+0000 7f8f0297e700 5 osd.7 pg_epoch: 19 pg[1.4s0( empty local-lis/les=18/19 n=0 ec=18/18 lis/c=18/0 les/c/f=19/0/0 sis=18) [7,0,1,5,2,4]p7(0) r=0 lpr=18 crt=0'0 mlcod 0'0 active mbc={}] enter Started/Primary/Active/Recovered
2019-12-07T19:33:56.703+0000 7f8f149a2700 10 bluefs _flush 0x558c54ea43c0 ignoring, length 1112 < min_flush_size 524288
2019-12-07T19:33:56.703+0000 7f8f149a2700 10 bluefs _fsync 0x558c54ea43c0 file(ino 16 size 0x20000 mtime
2019-12-07T19:33:56.615738+0000 allocated 20000 extents [1:0xacd120000~10000,1:0xacd0f0000~10000])
2019-12-07T19:33:56.703+0000 7f8f0297e700 10 osd.7 pg_epoch: 19 pg[1.4s0( empty local-lis/les=18/19 n=0 ec=18/18 lis/c=18/0 les/c/f=19/0/0 sis=18) [7,0,1,5,2,4]p7(0) r=0 lpr=18 crt=0'0 mlcod 0'0 active mbc={}] needs_recovery is recovered
2019-12-07T19:33:56.703+0000 7f8f149a2700 10 bluefs _flush 0x558c54ea43c0 0x16333~458 to file(ino 16 size 0x20000 mtime
2019-12-07T19:33:56.615738+0000 allocated 20000 extents [1:0xacd120000~10000,1:0xacd0f0000~10000])
2019-12-07T19:33:56.703+0000 7f8f149a2700 10 bluefs _flush_range 0x558c54ea43c0 pos 0x16333 0x16333~458 to file(ino 16 size 0x20000 mtime
2019-12-07T19:33:56.615738+0000 allocated 20000 extents [1:0xacd120000~10000,1:0xacd0f0000~10000])
2019-12-07T19:33:56.703+0000 7f8f149a2700 20 bluefs _flush_range file now file(ino 16 size 0x20000 mtime
2019-12-07T19:33:56.615738+0000 allocated 20000 extents [1:0xacd120000~10000,1:0xacd0f0000~10000])
2019-12-07T19:33:56.703+0000 7f8f149a2700 20 bluefs _flush_range in 1:0xacd0f0000~10000 x_off 0x6333
2019-12-07T19:33:56.703+0000 7f8f149a2700 20 bluefs _flush_range using partial tail 0x333
2019-12-07T19:33:56.703+0000 7f8f149a2700 20 bluefs _flush_range waiting for previous aio to complete
2019-12-07T19:33:56.703+0000 7f8f0297e700 20 osd.7 pg_epoch: 19 pg[1.4s0( empty local-lis/les=18/19 n=0 ec=18/18 lis/c=18/0 les/c/f=19/0/0 sis=18) [7,0,1,5,2,4]p7(0) r=0 lpr=18 crt=0'0 mlcod 0'0 active mbc={}] update_calc_stats actingset 0(1),1(2),2(4),4(5),5(3),7(0) upset 0(1),1(2),2(4),4(5),5(3),7(0) acting_recovery_backfill 0(1),1(2),2(4),4(5),5(3),7(0)
2019-12-07T19:33:56.703+0000 7f8f149a2700 20 bluefs _flush_range caching tail of 0x78b and padding block with 0x875
2019-12-07T19:33:56.703+0000 7f8f0297e700 20 osd.7 pg_epoch: 19 pg[1.4s0( empty local-lis/les=18/19 n=0 ec=18/18 lis/c=18/0 les/c/f=19/0/0 sis=18) [7,0,1,5,2,4]p7(0) r=0 lpr=18 crt=0'0 mlcod 0'0 active mbc={}] update_calc_stats shard 7(0) primary objects 0 missing 0
2019-12-07T19:33:56.703+0000 7f8f0297e700 20 osd.7 pg_epoch: 19 pg[1.4s0( empty local-lis/les=18/19 n=0 ec=18/18 lis/c=18/0 les/c/f=19/0/0 sis=18) [7,0,1,5,2,4]p7(0) r=0 lpr=18 crt=0'0 mlcod 0'0 active mbc={}] update_calc_stats shard 0(1) objects 0 missing 0
2019-12-07T19:33:56.703+0000 7f8f0297e700 20 osd.7 pg_epoch: 19 pg[1.4s0( empty local-lis/les=18/19 n=0 ec=18/18 lis/c=18/0 les/c/f=19/0/0 sis=18) [7,0,1,5,2,4]p7(0) r=0 lpr=18 crt=0'0 mlcod 0'0 active mbc={}] update_calc_stats shard 1(2) objects 0 missing 0
2019-12-07T19:33:56.703+0000 7f8f0297e700 20 osd.7 pg_epoch: 19 pg[1.4s0( empty local-lis/les=18/19 n=0 ec=18/18 lis/c=18/0 les/c/f=19/0/0 sis=18) [7,0,1,5,2,4]p7(0) r=0 lpr=18 crt=0'0 mlcod 0'0 active mbc={}] update_calc_stats shard 2(4) objects 0 missing 0
2019-12-07T19:33:56.703+0000 7f8f0297e700 20 osd.7 pg_epoch: 19 pg[1.4s0( empty local-lis/les=18/19 n=0 ec=18/18 lis/c=18/0 les/c/f=19/0/0 sis=18) [7,0,1,5,2,4]p7(0) r=0 lpr=18 crt=0'0 mlcod 0'0 active mbc={}] update_calc_stats shard 4(5) objects 0 missing 0
2019-12-07T19:33:56.703+0000 7f8f0297e700 20 osd.7 pg_epoch: 19 pg[1.4s0( empty local-lis/les=18/19 n=0 ec=18/18 lis/c=18/0 les/c/f=19/0/0 sis=18) [7,0,1,5,2,4]p7(0) r=0 lpr=18 crt=0'0 mlcod 0'0 active mbc={}] update_calc_stats shard 5(3) objects 0 missing 0
2019-12-07T19:33:56.703+0000 7f8f0297e700 20 osd.7 pg_epoch: 19 pg[1.4s0( empty local-lis/les=18/19 n=0 ec=18/18 lis/c=18/0 les/c/f=19/0/0 sis=18) [7,0,1,5,2,4]p7(0) r=0 lpr=18 crt=0'0 mlcod 0'0 active mbc={}] update_calc_stats object_location_counts {}
2019-12-07T19:33:56.703+0000 7f8f0297e700 20 osd.7 pg_epoch: 19 pg[1.4s0( empty local-lis/les=18/19 n=0 ec=18/18 lis/c=18/0 les/c/f=19/0/0 sis=18) [7,0,1,5,2,4]p7(0) r=0 lpr=18 crt=0'0 mlcod 0'0 active mbc={}] update_calc_stats missing shard 0(1) missing= 0
2019-12-07T19:33:56.703+0000 7f8f0297e700 20 osd.7 pg_epoch: 19 pg[1.4s0( empty local-lis/les=18/19 n=0 ec=18/18 lis/c=18/0 les/c/f=19/0/0 sis=18) [7,0,1,5,2,4]p7(0) r=0 lpr=18 crt=0'0 mlcod 0'0 active mbc={}] update_calc_stats missing shard 1(2) missing= 0
2019-12-07T19:33:56.703+0000 7f8f0297e700 20 osd.7 pg_epoch: 19 pg[1.4s0( empty local-lis/les=18/19 n=0 ec=18/18 lis/c=18/0 les/c/f=19/0/0 sis=18) [7,0,1,5,2,4]p7(0) r=0 lpr=18 crt=0'0 mlcod 0'0 active mbc={}] update_calc_stats missing shard 2(4) missing= 0
2019-12-07T19:33:56.703+0000 7f8f149a2700 20 bluefs _flush_range h 0x558c54ea43c0 pos now 0x1678b
2019-12-07T19:33:56.703+0000 7f8f149a2700 10 bluefs _claim_completed_aios got 0 aios
2019-12-07T19:33:56.703+0000 7f8f0297e700 20 osd.7 pg_epoch: 19 pg[1.4s0( empty local-lis/les=18/19 n=0 ec=18/18 lis/c=18/0 les/c/f=19/0/0 sis=18) [7,0,1,5,2,4]p7(0) r=0 lpr=18 crt=0'0 mlcod 0'0 active mbc={}] update_calc_stats missing shard 4(5) missing= 0
2019-12-07T19:33:56.703+0000 7f8f149a2700 10 bluefs wait_for_aio 0x558c54ea43c0
2019-12-07T19:33:56.703+0000 7f8f149a2700 10 bluefs wait_for_aio 0x558c54ea43c0 done in 0.000000
2019-12-07T19:33:56.703+0000 7f8f149a2700 20 bluefs flush_bdev
2019-12-07T19:33:56.703+0000 7f8f0297e700 20 osd.7 pg_epoch: 19 pg[1.4s0( empty local-lis/les=18/19 n=0 ec=18/18 lis/c=18/0 les/c/f=19/0/0 sis=18) [7,0,1,5,2,4]p7(0) r=0 lpr=18 crt=0'0 mlcod 0'0 active mbc={}] update_calc_stats missing shard 5(3) missing= 0
2019-12-07T19:33:56.703+0000 7f8f0297e700 20 osd.7 pg_epoch: 19 pg[1.4s0( empty local-lis/les=18/19 n=0 ec=18/18 lis/c=18/0 les/c/f=19/0/0 sis=18) [7,0,1,5,2,4]p7(0) r=0 lpr=18 crt=0'0 mlcod 0'0 active mbc={}] update_calc_stats missing shard 7(0) missing= 0
2019-12-07T19:33:56.703+0000 7f8f149a2700 20 bluestore(/var/lib/ceph/osd/ceph-7) _kv_sync_thread committed 1 cleaned 0 in 0.000118079s (0.000000172s flush + 0.000117907s kv commit)
2019-12-07T19:33:56.703+0000 7f8f0297e700 20 osd.7 pg_epoch: 19 pg[1.4s0( empty local-lis/les=18/19 n=0 ec=18/18 lis/c=18/0 les/c/f=19/0/0 sis=18) [7,0,1,5,2,4]p7(0) r=0 lpr=18 crt=0'0 mlcod 0'0 active mbc={}] update_calc_stats degraded 0
2019-12-07T19:33:56.703+0000 7f8f149a2700 20 bluestore(/var/lib/ceph/osd/ceph-7) _kv_sync_thread sleep
2019-12-07T19:33:56.703+0000 7f8f0297e700 20 osd.7 pg_epoch: 19 pg[1.4s0( empty local-lis/les=18/19 n=0 ec=18/18 lis/c=18/0 les/c/f=19/0/0 sis=18) [7,0,1,5,2,4]p7(0) r=0 lpr=18 crt=0'0 mlcod 0'0 active mbc={}] update_calc_stats misplaced 0
2019-12-07T19:33:56.703+0000 7f8f199ac700 20 bluestore(/var/lib/ceph/osd/ceph-7) _kv_finalize_thread wake
2019-12-07T19:33:56.703+0000 7f8f199ac700 20 bluestore(/var/lib/ceph/osd/ceph-7) _kv_finalize_thread kv_committed <0x558c54d21b00>
2019-12-07T19:33:56.703+0000 7f8f199ac700 20 bluestore(/var/lib/ceph/osd/ceph-7) _kv_finalize_thread deferred_stable <>
2019-12-07T19:33:56.703+0000 7f8f199ac700 10 bluestore(/var/lib/ceph/osd/ceph-7) _txc_state_proc txc 0x558c54d21b00 kv_submitted
2019-12-07T19:33:56.703+0000 7f8f199ac700 20 bluestore(/var/lib/ceph/osd/ceph-7) _txc_committed_kv txc 0x558c54d21b00
2019-12-07T19:33:56.703+0000 7f8f0297e700 20 osd.7 pg_epoch: 19 pg[1.4s0( empty local-lis/les=18/19 n=0 ec=18/18 lis/c=18/0 les/c/f=19/0/0 sis=18) [7,0,1,5,2,4]p7(0) r=0 lpr=18 crt=0'0 mlcod 0'0 active mbc={}] prepare_stats_for_publish reporting purged_snaps []
2019-12-07T19:33:56.703+0000 7f8f199ac700 10 bluestore(/var/lib/ceph/osd/ceph-7) _txc_state_proc txc 0x558c54d21b00 finishing
2019-12-07T19:33:56.703+0000 7f8f199ac700 20 bluestore(/var/lib/ceph/osd/ceph-7) _txc_finish 0x558c54d21b00 onodes
2019-12-07T19:33:56.703+0000 7f8f199ac700 20 bluestore(/var/lib/ceph/osd/ceph-7) _txc_finish txc 0x558c54d21b00 done
2019-12-07T19:33:56.703+0000 7f8f199ac700 20 bluestore(/var/lib/ceph/osd/ceph-7) _txc_finish osr 0x558c5525f540 q now empty
2019-12-07T19:33:56.703+0000 7f8f0297e700 15 osd.7 pg_epoch: 19 pg[1.4s0( empty local-lis/les=18/19 n=0 ec=18/18 lis/c=18/0 les/c/f=19/0/0 sis=18) [7,0,1,5,2,4]p7(0) r=0 lpr=18 crt=0'0 mlcod 0'0 active mbc={}] publish_stats_to_osd 19:9
2019-12-07T19:33:56.703+0000 7f8f199ac700 10 bluestore(/var/lib/ceph/osd/ceph-7) _txc_release_alloc(sync) 0x558c54d21b00 []
2019-12-07T19:33:56.703+0000 7f8f199ac700 10 fbmap_alloc 0x558c53a72e00 release done
2019-12-07T19:33:56.703+0000 7f8f199ac700 20 bluestore(/var/lib/ceph/osd/ceph-7) _kv_finalize_thread sleep
2019-12-07T19:33:56.703+0000 7f8f0297e700 5 osd.7 pg_epoch: 19 pg[1.4s0( empty local-lis/les=18/19 n=0 ec=18/18 lis/c=18/0 les/c/f=19/0/0 sis=18) [7,0,1,5,2,4]p7(0) r=0 lpr=18 crt=0'0 mlcod 0'0 active mbc={}] exit Started/Primary/Active/Recovered
2019-12-07T19:33:56.704435+0000 0 0.000000
2019-12-07T19:33:56.703+0000 7f8f0297e700 5 osd.7 pg_epoch: 19 pg[1.4s0( empty local-lis/les=18/19 n=0 ec=18/18 lis/c=18/0 les/c/f=19/0/0 sis=18) [7,0,1,5,2,4]p7(0) r=0 lpr=18 crt=0'0 mlcod 0'0 active mbc={}] enter Started/Primary/Active/Clean
2019-12-07T19:33:56.703+0000 7f8f0297e700 10 osd.7 pg_epoch: 19 pg[1.4s0( empty local-lis/les=18/19 n=0 ec=18/18 lis/c=18/18 les/c/f=19/19/0 sis=18) [7,0,1,5,2,4]p7(0) r=0 lpr=18 crt=0'0 mlcod 0'0 active+clean] share_pg_info
2019-12-07T19:33:56.703+0000 7f8f0297e700 1 -- [v2:172.21.15.109:6826/36939,v1:172.21.15.109:6827/36939] --> [v2:172.21.15.131:6822/37079,v1:172.21.15.131:6824/37079] -- pg_info2(1.4s1 1.4s1 1.4s0( empty local-lis/les=18/19 n=0 ec=18/18 lis/c=18/18 les/c/f=19/19/0 sis=18) e19/19) v1 -- 0x558c548a2a00 con 0x558c54c64400
2019-12-07T19:33:56.703+0000 7f8f0297e700 1 -- [v2:172.21.15.109:6826/36939,v1:172.21.15.109:6827/36939] --> [v2:172.21.15.131:6823/37078,v1:172.21.15.131:6825/37078] -- pg_info2(1.4s2 1.4s2 1.4s0( empty local-lis/les=18/19 n=0 ec=18/18 lis/c=18/18 les/c/f=19/19/0 sis=18) e19/19) v1 -- 0x558c548a0000 con 0x558c54c64000
2019-12-07T19:33:56.703+0000 7f8f0297e700 1 -- [v2:172.21.15.109:6826/36939,v1:172.21.15.109:6827/36939] --> [v2:172.21.15.131:6804/37077,v1:172.21.15.131:6805/37077] -- pg_info2(1.4s4 1.4s4 1.4s0( empty local-lis/les=18/19 n=0 ec=18/18 lis/c=18/18 les/c/f=19/19/0 sis=18) e19/19) v1 -- 0x558c548a3100 con 0x558c54c19800
2019-12-07T19:33:56.703+0000 7f8f0297e700 1 -- [v2:172.21.15.109:6826/36939,v1:172.21.15.109:6827/36939] --> [v2:172.21.15.109:6810/36938,v1:172.21.15.109:6811/36938] -- pg_info2(1.4s5 1.4s5 1.4s0( empty local-lis/les=18/19 n=0 ec=18/18 lis/c=18/18 les/c/f=19/19/0 sis=18) e19/19) v1 -- 0x558c54e98700 con 0x558c54c5b400
2019-12-07T19:33:56.703+0000 7f8f0297e700 1 -- [v2:172.21.15.109:6826/36939,v1:172.21.15.109:6827/36939] --> [v2:172.21.15.109:6802/36936,v1:172.21.15.109:6803/36936] -- pg_info2(1.4s3 1.4s3 1.4s0( empty local-lis/les=18/19 n=0 ec=18/18 lis/c=18/18 les/c/f=19/19/0 sis=18) e19/19) v1 -- 0x558c54e98000 con 0x558c54c19c00
2019-12-07T19:33:56.703+0000 7f8f0297e700 20 osd.7 pg_epoch: 19 pg[1.4s0( empty local-lis/les=18/19 n=0 ec=18/18 lis/c=18/18 les/c/f=19/19/0 sis=18) [7,0,1,5,2,4]p7(0) r=0 lpr=18 crt=0'0 mlcod 0'0 active+clean] prepare_stats_for_publish reporting purged_snaps []
2019-12-07T19:33:56.703+0000 7f8f0297e700 15 osd.7 pg_epoch: 19 pg[1.4s0( empty local-lis/les=18/19 n=0 ec=18/18 lis/c=18/18 les/c/f=19/19/0 sis=18) [7,0,1,5,2,4]p7(0) r=0 lpr=18 crt=0'0 mlcod 0'0 active+clean] publish_stats_to_osd 19:10
2019-12-07T19:33:56.703+0000 7f8f0297e700 10 osd.7 pg_epoch: 19 pg[1.4s0( empty local-lis/les=18/19 n=0 ec=18/18 lis/c=18/18 les/c/f=19/19/0 sis=18) [7,0,1,5,2,4]p7(0) r=0 lpr=18 crt=0'0 mlcod 0'0 active+clean] finish_recovery
2019-12-07T19:33:56.703+0000 7f8f0297e700 10 osd.7 pg_epoch: 19 pg[1.4s0( empty local-lis/les=18/19 n=0 ec=18/18 lis/c=18/18 les/c/f=19/19/0 sis=18) [7,0,1,5,2,4]p7(0) r=0 lpr=18 crt=0'0 mlcod 0'0 active+clean] clear_recovery_state
2019-12-07T19:33:56.703+0000 7f8f0297e700 10 log is not dirty
2019-12-07T19:33:56.703+0000 7f8f0297e700 10 bluestore(/var/lib/ceph/osd/ceph-7) queue_transactions ch 0x558c54d0f0e0 1.4s0_head
2019-12-07T19:33:56.703+0000 7f8f0297e700 20 bluestore(/var/lib/ceph/osd/ceph-7) _txc_create osr 0x558c5525f540 = 0x558c54d58c00 seq 5
2019-12-07T19:33:56.703+0000 7f8f0297e700 15 bluestore(/var/lib/ceph/osd/ceph-7) _omap_setkeys 1.4s0_head 0#1:20000000::::head#
2019-12-07T19:33:56.703+0000 7f8f0297e700 20 bluestore(/var/lib/ceph/osd/ceph-7) _omap_setkeys 0x0000000000000429'._biginfo' <- _biginfo
2019-12-07T19:33:56.703+0000 7f8f0297e700 20 bluestore(/var/lib/ceph/osd/ceph-7) _omap_setkeys 0x0000000000000429'._info' <- _info
2019-12-07T19:33:56.703+0000 7f8f0297e700 10 bluestore(/var/lib/ceph/osd/ceph-7) _omap_setkeys 1.4s0_head 0#1:20000000::::head# = 0
2019-12-07T19:33:56.703+0000 7f8f0297e700 10 bluestore(/var/lib/ceph/osd/ceph-7) _txc_calc_cost 0x558c54d58c00 cost 5241 (1 ios * 4000 + 1241 bytes)
2019-12-07T19:33:56.703+0000 7f8f0297e700 20 bluestore(/var/lib/ceph/osd/ceph-7) _txc_write_nodes txc 0x558c54d58c00 onodes shared_blobs
2019-12-07T19:33:56.703+0000 7f8f0297e700 20 bluestore(/var/lib/ceph/osd/ceph-7) _txc_finalize_kv txc 0x558c54d58c00 allocated 0x[] released 0x[]
2019-12-07T19:33:56.703+0000 7f8f0297e700 10 bluestore(/var/lib/ceph/osd/ceph-7) _txc_state_proc txc 0x558c54d58c00 prepare
2019-12-07T19:33:56.703+0000 7f8f0297e700 20 bluestore(/var/lib/ceph/osd/ceph-7) _txc_finish_io 0x558c54d58c00
2019-12-07T19:33:56.703+0000 7f8f0297e700 10 bluestore(/var/lib/ceph/osd/ceph-7) _txc_state_proc txc 0x558c54d58c00 io_done
2019-12-07T19:33:56.703+0000 7f8f149a2700 20 bluestore(/var/lib/ceph/osd/ceph-7) _kv_sync_thread wake
2019-12-07T19:33:56.703+0000 7f8f0297e700 20 osd.7 op_wq(4) _process empty q, waiting
2019-12-07T19:33:56.703+0000 7f8f149a2700 20 bluestore(/var/lib/ceph/osd/ceph-7) _kv_sync_thread committing 1 submitting 1 deferred done 0 stable 0
2019-12-07T19:33:56.703+0000 7f8f06986700 20 osd.7 op_wq(4) _process empty q, waiting
2019-12-07T19:33:56.703+0000 7f8f149a2700 10 bluefs _flush 0x558c54ea43c0 ignoring, length 1078 < min_flush_size 524288
2019-12-07T19:33:56.703+0000 7f8f149a2700 20 bluestore(/var/lib/ceph/osd/ceph-7) _txc_apply_kv onode 0x558c54d2cc80 had 1
2019-12-07T19:33:56.703+0000 7f8f149a2700 10 bluefs _flush 0x558c54ea43c0 ignoring, length 1101 < min_flush_size 524288
2019-12-07T19:33:56.703+0000 7f8f149a2700 10 bluefs _flush 0x558c54ea43c0 ignoring, length 1101 < min_flush_size 524288
2019-12-07T19:33:56.703+0000 7f8f149a2700 10 bluefs _fsync 0x558c54ea43c0 file(ino 16 size 0x20000 mtime
2019-12-07T19:33:56.615738+0000 allocated 20000 extents [1:0xacd120000~10000,1:0xacd0f0000~10000])
2019-12-07T19:33:56.703+0000 7f8f149a2700 10 bluefs _flush 0x558c54ea43c0 0x1678b~44d to file(ino 16 size 0x20000 mtime
2019-12-07T19:33:56.615738+0000 allocated 20000 extents [1:0xacd120000~10000,1:0xacd0f0000~10000])
2019-12-07T19:33:56.703+0000 7f8f149a2700 10 bluefs _flush_range 0x558c54ea43c0 pos 0x1678b 0x1678b~44d to file(ino 16 size 0x20000 mtime
2019-12-07T19:33:56.615738+0000 allocated 20000 extents [1:0xacd120000~10000,1:0xacd0f0000~10000])
2019-12-07T19:33:56.703+0000 7f8f149a2700 20 bluefs _flush_range file now file(ino 16 size 0x20000 mtime
2019-12-07T19:33:56.615738+0000 allocated 20000 extents [1:0xacd120000~10000,1:0xacd0f0000~10000])
2019-12-07T19:33:56.703+0000 7f8f149a2700 20 bluefs _flush_range in 1:0xacd0f0000~10000 x_off 0x678b
2019-12-07T19:33:56.703+0000 7f8f149a2700 20 bluefs _flush_range using partial tail 0x78b
2019-12-07T19:33:56.703+0000 7f8f149a2700 20 bluefs _flush_range waiting for previous aio to complete
2019-12-07T19:33:56.703+0000 7f8f149a2700 20 bluefs _flush_range caching tail of 0xbd8 and padding block with 0x428
2019-12-07T19:33:56.703+0000 7f8f149a2700 20 bluefs _flush_range h 0x558c54ea43c0 pos now 0x16bd8
2019-12-07T19:33:56.703+0000 7f8f149a2700 10 bluefs _claim_completed_aios got 0 aios
2019-12-07T19:33:56.703+0000 7f8f149a2700 10 bluefs wait_for_aio 0x558c54ea43c0
2019-12-07T19:33:56.703+0000 7f8f149a2700 10 bluefs wait_for_aio 0x558c54ea43c0 done in 0.000000
2019-12-07T19:33:56.703+0000 7f8f149a2700 20 bluefs flush_bdev
2019-12-07T19:33:56.703+0000 7f8f149a2700 20 bluestore(/var/lib/ceph/osd/ceph-7) _kv_sync_thread committed 1 cleaned 0 in 0.000068176s (0.000000078s flush + 0.000068098s kv commit)
2019-12-07T19:33:56.703+0000 7f8f149a2700 20 bluestore(/var/lib/ceph/osd/ceph-7) _kv_sync_thread sleep
2019-12-07T19:33:56.703+0000 7f8f199ac700 20 bluestore(/var/lib/ceph/osd/ceph-7) _kv_finalize_thread wake
2019-12-07T19:33:56.703+0000 7f8f199ac700 20 bluestore(/var/lib/ceph/osd/ceph-7) _kv_finalize_thread kv_committed <0x558c54d58c00>
2019-12-07T19:33:56.703+0000 7f8f199ac700 20 bluestore(/var/lib/ceph/osd/ceph-7) _kv_finalize_thread deferred_stable <>
2019-12-07T19:33:56.703+0000 7f8f199ac700 10 bluestore(/var/lib/ceph/osd/ceph-7) _txc_state_proc txc 0x558c54d58c00 kv_submitted
2019-12-07T19:33:56.703+0000 7f8f199ac700 20 bluestore(/var/lib/ceph/osd/ceph-7) _txc_committed_kv txc 0x558c54d58c00
2019-12-07T19:33:56.703+0000 7f8f199ac700 10 bluestore(/var/lib/ceph/osd/ceph-7) _txc_state_proc txc 0x558c54d58c00 finishing
2019-12-07T19:33:56.703+0000 7f8f199ac700 20 bluestore(/var/lib/ceph/osd/ceph-7) _txc_finish 0x558c54d58c00 onodes
2019-12-07T19:33:56.703+0000 7f8f199ac700 20 bluestore(/var/lib/ceph/osd/ceph-7) _txc_finish txc 0x558c54d58c00 done
2019-12-07T19:33:56.703+0000 7f8f199ac700 20 bluestore(/var/lib/ceph/osd/ceph-7) _txc_finish osr 0x558c5525f540 q now empty
2019-12-07T19:33:56.703+0000 7f8f0297e700 20 osd.7 op_wq(4) _process empty q, waiting
2019-12-07T19:33:56.703+0000 7f8f199ac700 10 bluestore(/var/lib/ceph/osd/ceph-7) _txc_release_alloc(sync) 0x558c54d58c00 []
2019-12-07T19:33:56.703+0000 7f8f199ac700 10 fbmap_alloc 0x558c53a72e00 release done
2019-12-07T19:33:56.703+0000 7f8f199ac700 20 bluestore(/var/lib/ceph/osd/ceph-7) _kv_finalize_thread sleep
2019-12-07T19:33:56.703+0000 7f8f06986700 10 osd.7 pg_epoch: 19 pg[1.4s0( empty local-lis/les=18/19 n=0 ec=18/18 lis/c=18/18 les/c/f=19/19/0 sis=18) [7,0,1,5,2,4]p7(0) r=0 lpr=18 crt=0'0 mlcod 0'0 active+clean] _finish_recovery
2019-12-07T19:33:56.703+0000 7f8f06986700 10 osd.7 pg_epoch: 19 pg[1.4s0( empty local-lis/les=18/19 n=0 ec=18/18 lis/c=18/18 les/c/f=19/19/0 sis=18) [7,0,1,5,2,4]p7(0) r=0 lpr=18 crt=0'0 mlcod 0'0 active+clean] purge_strays
2019-12-07T19:33:56.703+0000 7f8f06986700 20 osd.7 pg_epoch: 19 pg[1.4s0( empty local-lis/les=18/19 n=0 ec=18/18 lis/c=18/18 les/c/f=19/19/0 sis=18) [7,0,1,5,2,4]p7(0) r=0 lpr=18 crt=0'0 mlcod 0'0 active+clean] prepare_stats_for_publish reporting purged_snaps []
2019-12-07T19:33:56.703+0000 7f8f06986700 15 osd.7 pg_epoch: 19 pg[1.4s0( empty local-lis/les=18/19 n=0 ec=18/18 lis/c=18/18 les/c/f=19/19/0 sis=18) [7,0,1,5,2,4]p7(0) r=0 lpr=18 crt=0'0 mlcod 0'0 active+clean] publish_stats_to_osd 19:11
2019-12-07T19:33:56.703+0000 7f8f06986700 20 osd.7 op_wq(4) _process empty q, waiting
2019-12-07T19:33:56.708+0000 7f8f24457700 1 -- [v2:172.21.15.109:6826/36939,v1:172.21.15.109:6827/36939] <== osd.3 v2:172.21.15.131:6812/37076 5 ==== pg_info2(1.6s2 1.6s2 1.6s0( empty local-lis/les=18/19 n=0 ec=18/18 lis/c=18/0 les/c/f=19/0/0 sis=18) e19/19) v1 ==== 1110+0+0 (crc 0 0 0) 0x558c54e99500 con 0x558c54c5bc00
2019-12-07T19:33:56.708+0000 7f8f24457700 15 osd.7 19 enqueue_peering_evt 1.6s2 epoch_sent: 19 epoch_requested: 19 MInfoRec from 3(0) info: 1.6s0( empty local-lis/les=18/19 n=0 ec=18/18 lis/c=18/0 les/c/f=19/0/0 sis=18) pg_lease(ru 36.075844307s ub 36.075844307s int 16s)
2019-12-07T19:33:56.708+0000 7f8f24457700 20 osd.7 op_wq(6) _enqueue OpSchedulerItem(1.6s2 PGPeeringEvent(epoch_sent: 19 epoch_requested: 19 MInfoRec from 3(0) info: 1.6s0( empty local-lis/les=18/19 n=0 ec=18/18 lis/c=18/0 les/c/f=19/0/0 sis=18) pg_lease(ru 36.075844307s ub 36.075844307s int 16s)) prio 255 cost 10 e19)
2019-12-07T19:33:56.708+0000 7f8f0197c700 20 osd.7 op_wq(6) _process 1.6s2 to_process <> waiting <> waiting_peering {}
2019-12-07T19:33:56.708+0000 7f8f0197c700 20 osd.7 op_wq(6) _process OpSchedulerItem(1.6s2 PGPeeringEvent(epoch_sent: 19 epoch_requested: 19 MInfoRec from 3(0) info: 1.6s0( empty local-lis/les=18/19 n=0 ec=18/18 lis/c=18/0 les/c/f=19/0/0 sis=18) pg_lease(ru 36.075844307s ub 36.075844307s int 16s)) prio 255 cost 10 e19) queued
2019-12-07T19:33:56.708+0000 7f8f0197c700 20 osd.7 op_wq(6) _process 1.6s2 to_process waiting <> waiting_peering {}
2019-12-07T19:33:56.708+0000 7f8f0197c700 20 osd.7 op_wq(6) _process OpSchedulerItem(1.6s2 PGPeeringEvent(epoch_sent: 19 epoch_requested: 19 MInfoRec from 3(0) info: 1.6s0( empty local-lis/les=18/19 n=0 ec=18/18 lis/c=18/0 les/c/f=19/0/0 sis=18) pg_lease(ru 36.075844307s ub 36.075844307s int 16s)) prio 255 cost 10 e19) pg 0x558c54d5c000
2019-12-07T19:33:56.708+0000 7f8f24457700 1 -- [v2:172.21.15.109:6826/36939,v1:172.21.15.109:6827/36939] <== osd.3 v2:172.21.15.131:6812/37076 6 ==== pg_info2(1.6s2 1.6s2 1.6s0( empty local-lis/les=18/19 n=0 ec=18/18 lis/c=18/18 les/c/f=19/19/0 sis=18) e19/19) v1 ==== 1110+0+0 (crc 0 0 0) 0x558c54e99500 con 0x558c54c5bc00
2019-12-07T19:33:56.708+0000 7f8f24457700 15 osd.7 19 enqueue_peering_evt 1.6s2 epoch_sent: 19 epoch_requested: 19 MInfoRec from 3(0) info: 1.6s0( empty local-lis/les=18/19 n=0 ec=18/18 lis/c=18/18 les/c/f=19/19/0 sis=18) pg_lease(ru 36.075844307s ub 36.075844307s int 16s)
2019-12-07T19:33:56.708+0000 7f8f24457700 20 osd.7 op_wq(6) _enqueue OpSchedulerItem(1.6s2 PGPeeringEvent(epoch_sent: 19 epoch_requested: 19 MInfoRec from 3(0) info: 1.6s0( empty local-lis/les=18/19 n=0 ec=18/18 lis/c=18/18 les/c/f=19/19/0 sis=18) pg_lease(ru 36.075844307s ub 36.075844307s int 16s)) prio 255 cost 10 e19)
2019-12-07T19:33:56.708+0000 7f8f0197c700 10 osd.7 pg_epoch: 19 pg[1.6s2( empty local-lis/les=18/19 n=0 ec=18/18 lis/c=0/0 les/c/f=0/0/0 sis=18) [3,6,7,1,2,5]p3(0) r=2 lpr=18 crt=0'0 active mbc={}] do_peering_event: epoch_sent: 19 epoch_requested: 19 MInfoRec from 3(0) info: 1.6s0( empty local-lis/les=18/19 n=0 ec=18/18 lis/c=18/0 les/c/f=19/0/0 sis=18) pg_lease(ru 36.075844307s ub 36.075844307s int 16s)
2019-12-07T19:33:56.708+0000 7f8f0197c700 20 osd.7 pg_epoch: 19 pg[1.6s2( empty local-lis/les=18/19 n=0 ec=18/18 lis/c=18/0 les/c/f=19/0/0 sis=18) [3,6,7,1,2,5]p3(0) r=2 lpr=18 crt=0'0 active mbc={}] update_history advanced history from ec=18/18 lis/c=18/0 les/c/f=19/0/0 sis=18
2019-12-07T19:33:56.708+0000 7f8f0197c700 10 log is not dirty
2019-12-07T19:33:56.708+0000 7f8f0197c700 10 bluestore(/var/lib/ceph/osd/ceph-7) queue_transactions ch 0x558c54d38b40 1.6s2_head
2019-12-07T19:33:56.708+0000 7f8f0197c700 20 bluestore(/var/lib/ceph/osd/ceph-7) _txc_create osr 0x558c54cf77c0 = 0x558c54d58000 seq 3
2019-12-07T19:33:56.708+0000 7f8f24457700 1 -- [v2:172.21.15.109:6826/36939,v1:172.21.15.109:6827/36939] <== osd.1 v2:172.21.15.131:6823/37078 14 ==== pg_info2(1.9s4 1.9s4 1.9s0( empty local-lis/les=18/19 n=0 ec=18/18 lis/c=18/0 les/c/f=19/0/0 sis=18) e19/19) v1 ==== 1110+0+0 (crc 0 0 0) 0x558c54e99500 con 0x558c54c64000
2019-12-07T19:33:56.708+0000 7f8f0197c700 15 bluestore(/var/lib/ceph/osd/ceph-7) _omap_setkeys 1.6s2_head 2#1:60000000::::head#
2019-12-07T19:33:56.708+0000 7f8f0197c700 20 bluestore(/var/lib/ceph/osd/ceph-7) _omap_setkeys 0x0000000000000430'._info' <- _info
2019-12-07T19:33:56.708+0000 7f8f24457700 15 osd.7 19 enqueue_peering_evt 1.9s4 epoch_sent: 19 epoch_requested: 19 MInfoRec from 1(0) info: 1.9s0( empty local-lis/les=18/19 n=0 ec=18/18 lis/c=18/0 les/c/f=19/0/0 sis=18) pg_lease(ru 36.074537935s ub 36.074537935s int 16s)
2019-12-07T19:33:56.708+0000 7f8f24457700 20 osd.7 op_wq(1) _enqueue OpSchedulerItem(1.9s4 PGPeeringEvent(epoch_sent: 19 epoch_requested: 19 MInfoRec from 1(0) info: 1.9s0( empty local-lis/les=18/19 n=0 ec=18/18 lis/c=18/0 les/c/f=19/0/0 sis=18) pg_lease(ru 36.074537935s ub 36.074537935s int 16s)) prio 255 cost 10 e19)
2019-12-07T19:33:56.708+0000 7f8f0197c700 10 bluestore(/var/lib/ceph/osd/ceph-7) _omap_setkeys 1.6s2_head 2#1:60000000::::head# = 0
2019-12-07T19:33:56.708+0000 7f8f0197c700 10 bluestore(/var/lib/ceph/osd/ceph-7) _txc_calc_cost 0x558c54d58000 cost 5192 (1 ios * 4000 + 1192 bytes)
2019-12-07T19:33:56.708+0000 7f8f0197c700 20 bluestore(/var/lib/ceph/osd/ceph-7) _txc_write_nodes txc 0x558c54d58000 onodes shared_blobs
2019-12-07T19:33:56.708+0000 7f8f0197c700 20 bluestore(/var/lib/ceph/osd/ceph-7) _txc_finalize_kv txc 0x558c54d58000 allocated 0x[] released 0x[]
2019-12-07T19:33:56.708+0000 7f8f08189700 20 osd.7 op_wq(1) _process 1.9s4 to_process <> waiting <> waiting_peering {}
2019-12-07T19:33:56.708+0000 7f8f0197c700 10 bluestore(/var/lib/ceph/osd/ceph-7) _txc_state_proc txc 0x558c54d58000 prepare
2019-12-07T19:33:56.708+0000 7f8f08189700 20 osd.7 op_wq(1) _process OpSchedulerItem(1.9s4 PGPeeringEvent(epoch_sent: 19 epoch_requested: 19 MInfoRec from 1(0) info: 1.9s0( empty local-lis/les=18/19 n=0 ec=18/18 lis/c=18/0 les/c/f=19/0/0 sis=18) pg_lease(ru 36.074537935s ub 36.074537935s int 16s)) prio 255 cost 10 e19) queued
2019-12-07T19:33:56.708+0000 7f8f0197c700 20 bluestore(/var/lib/ceph/osd/ceph-7) _txc_finish_io 0x558c54d58000
2019-12-07T19:33:56.708+0000 7f8f24457700 1 -- [v2:172.21.15.109:6826/36939,v1:172.21.15.109:6827/36939] <== osd.1 v2:172.21.15.131:6823/37078 15 ==== pg_info2(1.0s3 1.0s3 1.0s0( empty local-lis/les=18/19 n=0 ec=18/18 lis/c=18/0 les/c/f=19/0/0 sis=18) e19/19) v1 ==== 1110+0+0 (crc 0 0 0) 0x558c54e99500 con 0x558c54c64000
2019-12-07T19:33:56.708+0000 7f8f0197c700 10 bluestore(/var/lib/ceph/osd/ceph-7) _txc_state_proc txc 0x558c54d58000 io_done
2019-12-07T19:33:56.708+0000 7f8f08189700 20 osd.7 op_wq(1) _process 1.9s4 to_process waiting <> waiting_peering {}
2019-12-07T19:33:56.708+0000 7f8f08189700 20 osd.7 op_wq(1) _process OpSchedulerItem(1.9s4 PGPeeringEvent(epoch_sent: 19 epoch_requested: 19 MInfoRec from 1(0) info: 1.9s0( empty local-lis/les=18/19 n=0 ec=18/18 lis/c=18/0 les/c/f=19/0/0 sis=18) pg_lease(ru 36.074537935s ub 36.074537935s int 16s)) prio 255 cost 10 e19) pg 0x558c5500a000
2019-12-07T19:33:56.708+0000 7f8f24457700 15 osd.7 19 enqueue_peering_evt 1.0s3 epoch_sent: 19 epoch_requested: 19 MInfoRec from 1(0) info: 1.0s0( empty local-lis/les=18/19 n=0 ec=18/18 lis/c=18/0 les/c/f=19/0/0 sis=18) pg_lease(ru 36.074625527s ub 36.074625527s int 16s)
2019-12-07T19:33:56.708+0000 7f8f149a2700 20 bluestore(/var/lib/ceph/osd/ceph-7) _kv_sync_thread wake
2019-12-07T19:33:56.708+0000 7f8f24457700 20 osd.7 op_wq(0) _enqueue OpSchedulerItem(1.0s3 PGPeeringEvent(epoch_sent: 19 epoch_requested: 19 MInfoRec from 1(0) info: 1.0s0( empty local-lis/les=18/19 n=0 ec=18/18 lis/c=18/0 les/c/f=19/0/0 sis=18) pg_lease(ru 36.074625527s ub 36.074625527s int 16s)) prio 255 cost 10 e19)
2019-12-07T19:33:56.708+0000 7f8f149a2700 20 bluestore(/var/lib/ceph/osd/ceph-7) _kv_sync_thread committing 1 submitting 1 deferred done 0 stable 0
2019-12-07T19:33:56.708+0000 7f8f0197c700 20 osd.7 op_wq(6) _process 1.6s2 to_process <> waiting <> waiting_peering {}
2019-12-07T19:33:56.708+0000 7f8f0197c700 20 osd.7 op_wq(6) _process OpSchedulerItem(1.6s2 PGPeeringEvent(epoch_sent: 19 epoch_requested: 19 MInfoRec from 3(0) info: 1.6s0( empty local-lis/les=18/19 n=0 ec=18/18 lis/c=18/18 les/c/f=19/19/0 sis=18) pg_lease(ru 36.075844307s ub 36.075844307s int 16s)) prio 255 cost 10 e19) queued
2019-12-07T19:33:56.708+0000 7f8f08189700 10 osd.7 pg_epoch: 19 pg[1.9s4( empty local-lis/les=18/19 n=0 ec=18/18 lis/c=0/0 les/c/f=0/0/0 sis=18) [1,4,5,0,7,6]p1(0) r=4 lpr=18 crt=0'0 active mbc={}] do_peering_event: epoch_sent: 19 epoch_requested: 19 MInfoRec from 1(0) info: 1.9s0( empty local-lis/les=18/19 n=0 ec=18/18 lis/c=18/0 les/c/f=19/0/0 sis=18) pg_lease(ru 36.074537935s ub 36.074537935s int 16s)
2019-12-07T19:33:56.708+0000 7f8f0197c700 20 osd.7 op_wq(6) _process 1.6s2 to_process waiting <> waiting_peering {}
