2019-12-07T19:33:55.614+0000 7f8f1199c700 20 bluestore(/var/lib/ceph/osd/ceph-7) _do_write extending size to 0x13ff
2019-12-07T19:33:55.614+0000 7f8f1199c700 20 bluestore(/var/lib/ceph/osd/ceph-7) _do_write perform garbage collection for compressed extents, expected benefit = 0 AUs
2019-12-07T19:33:55.614+0000 7f8f1199c700 20 bluestore.extentmap(0x558c54ce7288) dirty_range mark inline shard dirty
2019-12-07T19:33:55.614+0000 7f8f1199c700 10 bluestore(/var/lib/ceph/osd/ceph-7) _write meta #-1:39c0e826:::osdmap.18:0# 0x0~13ff = 0
2019-12-07T19:33:55.614+0000 7f8f1199c700 15 bluestore(/var/lib/ceph/osd/ceph-7) _write meta #-1:46e858f0:::pg_num_history:head# 0x0~26
2019-12-07T19:33:55.614+0000 7f8f1199c700 20 bluestore(/var/lib/ceph/osd/ceph-7) _do_write #-1:46e858f0:::pg_num_history:head# 0x0~26 - have 0x12 (18) bytes fadvise_flags 0x0
2019-12-07T19:33:55.614+0000 7f8f1199c700 20 bluestore(/var/lib/ceph/osd/ceph-7) _choose_write_options prefer csum_order 12 target_blob_size 0x2000 compress=1 buffered=0
2019-12-07T19:33:55.614+0000 7f8f1199c700 10 bluestore(/var/lib/ceph/osd/ceph-7) _do_write_small 0x0~26
2019-12-07T19:33:55.614+0000 7f8f1199c700 20 bluestore(/var/lib/ceph/osd/ceph-7) _do_write_small considering Blob(0x558c552784d0 blob([0x1b000~1000] csum crc32c/0x1000) use_tracker(0x1000 0x12) SharedBlob(0x558c55278540 sbid 0x0)) bstart 0x0
2019-12-07T19:33:55.614+0000 7f8f1199c700 20 bluestore(/var/lib/ceph/osd/ceph-7) _apply_padding can pad head 0x0 tail 0xfda
2019-12-07T19:33:55.614+0000 7f8f1199c700 20 bluestore(/var/lib/ceph/osd/ceph-7) _do_write_small reading head 0x0 and tail 0x0
2019-12-07T19:33:55.614+0000 7f8f1199c700 20 bluestore.BufferSpace(0x558c55278558 in 0x558c53a59340) _discard 0x0~1000
2019-12-07T19:33:55.614+0000 7f8f1199c700 20 bluestore(/var/lib/ceph/osd/ceph-7) _do_write_small deferred write 0x0~1000 of mutable Blob(0x558c552784d0 blob([0x1b000~1000] csum crc32c/0x1000) use_tracker(0x1000 0x12) SharedBlob(0x558c55278540 sbid 0x0)) at [0x1b000~1000]
2019-12-07T19:33:55.614+0000 7f8f1199c700 20 bluestore.blob(0x558c552784d0) get_ref 0x0~26 Blob(0x558c552784d0 blob([0x1b000~1000] csum crc32c/0x1000) use_tracker(0x1000 0x12) SharedBlob(0x558c55278540 sbid 0x0))
2019-12-07T19:33:55.614+0000 7f8f1199c700 20 bluestore.blob(0x558c552784d0) put_ref 0x0~12 Blob(0x558c552784d0 blob([0x1b000~1000] csum crc32c/0x1000) use_tracker(0x1000 0x38) SharedBlob(0x558c55278540 sbid 0x0))
2019-12-07T19:33:55.614+0000 7f8f1199c700 20 bluestore(/var/lib/ceph/osd/ceph-7) _do_write_small lex 0x0~26: 0x0~26 Blob(0x558c552784d0 blob([0x1b000~1000] csum crc32c/0x1000) use_tracker(0x1000 0x26) SharedBlob(0x558c55278540 sbid 0x0))
2019-12-07T19:33:55.614+0000 7f8f1199c700 20 bluestore(/var/lib/ceph/osd/ceph-7) _do_alloc_write txc 0x558c548f6c00 0 blobs
2019-12-07T19:33:55.614+0000 7f8f1199c700 20 bluestore(/var/lib/ceph/osd/ceph-7) _wctx_finish lex_old 0x0~12: 0x0~12 Blob(0x558c552784d0 blob([0x1b000~1000] csum crc32c/0x1000) use_tracker(0x1000 0x26) SharedBlob(0x558c55278540 sbid 0x0))
2019-12-07T19:33:55.614+0000 7f8f1199c700 20 bluestore(/var/lib/ceph/osd/ceph-7) _do_write extending size to 0x26
2019-12-07T19:33:55.614+0000 7f8f1199c700 20 bluestore(/var/lib/ceph/osd/ceph-7) _do_write perform garbage collection for compressed extents, expected benefit = 0 AUs
2019-12-07T19:33:55.614+0000 7f8f1199c700 20 bluestore.extentmap(0x558c55276d88) dirty_range mark inline shard dirty
2019-12-07T19:33:55.614+0000 7f8f1199c700 10 bluestore(/var/lib/ceph/osd/ceph-7) _write meta #-1:46e858f0:::pg_num_history:head# 0x0~26 = 0
2019-12-07T19:33:55.614+0000 7f8f1199c700 15 bluestore(/var/lib/ceph/osd/ceph-7) _omap_rmkeys meta #-1:c1a3fc6e:::purged_snaps:0#
2019-12-07T19:33:55.614+0000 7f8f1199c700 10 bluestore(/var/lib/ceph/osd/ceph-7) _omap_rmkeys meta #-1:c1a3fc6e:::purged_snaps:0# = 0
2019-12-07T19:33:55.614+0000 7f8f1199c700 15 bluestore(/var/lib/ceph/osd/ceph-7) _omap_setkeys meta #-1:c1a3fc6e:::purged_snaps:0#
2019-12-07T19:33:55.614+0000 7f8f1199c700 10 bluestore(/var/lib/ceph/osd/ceph-7) _omap_setkeys meta #-1:c1a3fc6e:::purged_snaps:0# = 0
2019-12-07T19:33:55.614+0000 7f8f1199c700 15 bluestore(/var/lib/ceph/osd/ceph-7) _write meta #-1:7b3f43c4:::osd_superblock:0# 0x0~24e
2019-12-07T19:33:55.614+0000 7f8f1199c700 20 bluestore(/var/lib/ceph/osd/ceph-7) _do_write #-1:7b3f43c4:::osd_superblock:0# 0x0~24e - have 0x24e (590) bytes fadvise_flags 0x0
2019-12-07T19:33:55.614+0000 7f8f1199c700 20 bluestore(/var/lib/ceph/osd/ceph-7) _choose_write_options prefer csum_order 12 target_blob_size 0x2000 compress=1 buffered=0
2019-12-07T19:33:55.614+0000 7f8f1199c700 10 bluestore(/var/lib/ceph/osd/ceph-7) _do_write_small 0x0~24e
2019-12-07T19:33:55.614+0000 7f8f1199c700 20 bluestore(/var/lib/ceph/osd/ceph-7) _do_write_small considering Blob(0x558c54ea2700 blob([0x2000~1000] csum crc32c/0x1000) use_tracker(0x1000 0x24e) SharedBlob(0x558c54ea25b0 sbid 0x0)) bstart 0x0
2019-12-07T19:33:55.614+0000 7f8f1199c700 20 bluestore(/var/lib/ceph/osd/ceph-7) _apply_padding can pad head 0x0 tail 0xdb2
2019-12-07T19:33:55.614+0000 7f8f1199c700 20 bluestore(/var/lib/ceph/osd/ceph-7) _do_write_small reading head 0x0 and tail 0x0
2019-12-07T19:33:55.614+0000 7f8f1199c700 20 bluestore.BufferSpace(0x558c54ea25c8 in 0x558c53a59340) _discard 0x0~1000
2019-12-07T19:33:55.614+0000 7f8f1199c700 20 bluestore(/var/lib/ceph/osd/ceph-7) _do_write_small deferred write 0x0~1000 of mutable Blob(0x558c54ea2700 blob([0x2000~1000] csum crc32c/0x1000) use_tracker(0x1000 0x24e) SharedBlob(0x558c54ea25b0 sbid 0x0)) at [0x2000~1000]
2019-12-07T19:33:55.614+0000 7f8f1199c700 20 bluestore.blob(0x558c54ea2700) get_ref 0x0~24e Blob(0x558c54ea2700 blob([0x2000~1000] csum crc32c/0x1000) use_tracker(0x1000 0x24e) SharedBlob(0x558c54ea25b0 sbid 0x0))
2019-12-07T19:33:55.614+0000 7f8f1199c700 20 bluestore.blob(0x558c54ea2700) put_ref 0x0~24e Blob(0x558c54ea2700 blob([0x2000~1000] csum crc32c/0x1000) use_tracker(0x1000 0x49c) SharedBlob(0x558c54ea25b0 sbid 0x0))
2019-12-07T19:33:55.614+0000 7f8f1199c700 20 bluestore(/var/lib/ceph/osd/ceph-7) _do_write_small lex 0x0~24e: 0x0~24e Blob(0x558c54ea2700 blob([0x2000~1000] csum crc32c/0x1000) use_tracker(0x1000 0x24e) SharedBlob(0x558c54ea25b0 sbid 0x0))
2019-12-07T19:33:55.614+0000 7f8f1199c700 20 bluestore(/var/lib/ceph/osd/ceph-7) _do_alloc_write txc 0x558c548f6c00 0 blobs
2019-12-07T19:33:55.614+0000 7f8f1199c700 20 bluestore(/var/lib/ceph/osd/ceph-7) _wctx_finish lex_old 0x0~24e: 0x0~24e Blob(0x558c54ea2700 blob([0x2000~1000] csum crc32c/0x1000) use_tracker(0x1000 0x24e) SharedBlob(0x558c54ea25b0 sbid 0x0))
2019-12-07T19:33:55.614+0000 7f8f1199c700 20 bluestore(/var/lib/ceph/osd/ceph-7) _do_write perform garbage collection for compressed extents, expected benefit = 0 AUs
2019-12-07T19:33:55.614+0000 7f8f1199c700 20 bluestore.extentmap(0x558c53a91a08) dirty_range mark inline shard dirty
2019-12-07T19:33:55.614+0000 7f8f1199c700 10 bluestore(/var/lib/ceph/osd/ceph-7) _write meta #-1:7b3f43c4:::osd_superblock:0# 0x0~24e = 0
2019-12-07T19:33:55.614+0000 7f8f1199c700 10 bluestore(/var/lib/ceph/osd/ceph-7) _txc_calc_cost 0x558c548f6c00 cost 23201 (4 ios * 4000 + 7201 bytes)
2019-12-07T19:33:55.614+0000 7f8f1199c700 20 bluestore(/var/lib/ceph/osd/ceph-7) _txc_write_nodes txc 0x558c548f6c00 onodes 0x558c53a91900,0x558c54ce6f00,0x558c54ce7180,0x558c55276c80 shared_blobs
2019-12-07T19:33:55.614+0000 7f8f1199c700 20 bluestore.extentmap(0x558c53a91a08) update #-1:7b3f43c4:::osd_superblock:0#
2019-12-07T19:33:55.614+0000 7f8f1199c700 20 bluestore.extentmap(0x558c53a91a08) update inline shard 19 bytes from 1 extents
2019-12-07T19:33:55.614+0000 7f8f1199c700 20 bluestore(/var/lib/ceph/osd/ceph-7) _record_onode onode #-1:7b3f43c4:::osd_superblock:0# is 46 (21 bytes onode + 2 bytes spanning blobs + 23 bytes inline extents)
2019-12-07T19:33:55.614+0000 7f8f1199c700 20 bluestore.extentmap(0x558c54ce7008) update #-1:c15b972f:::inc_osdmap.18:0#
2019-12-07T19:33:55.614+0000 7f8f1199c700 20 bluestore.extentmap(0x558c54ce7008) update inline shard 19 bytes from 1 extents
2019-12-07T19:33:55.614+0000 7f8f1199c700 20 bluestore(/var/lib/ceph/osd/ceph-7) _record_onode onode #-1:c15b972f:::inc_osdmap.18:0# is 47 (22 bytes onode + 2 bytes spanning blobs + 23 bytes inline extents)
2019-12-07T19:33:55.614+0000 7f8f1199c700 20 bluestore.extentmap(0x558c54ce7288) update #-1:39c0e826:::osdmap.18:0#
2019-12-07T19:33:55.614+0000 7f8f1199c700 20 bluestore.extentmap(0x558c54ce7288) update inline shard 53 bytes from 2 extents
2019-12-07T19:33:55.614+0000 7f8f1199c700 20 bluestore(/var/lib/ceph/osd/ceph-7) _record_onode onode #-1:39c0e826:::osdmap.18:0# is 81 (22 bytes onode + 2 bytes spanning blobs + 57 bytes inline extents)
2019-12-07T19:33:55.614+0000 7f8f1199c700 20 bluestore.extentmap(0x558c55276d88) update #-1:46e858f0:::pg_num_history:head#
2019-12-07T19:33:55.614+0000 7f8f1199c700 20 bluestore.extentmap(0x558c55276d88) update inline shard 19 bytes from 1 extents
2019-12-07T19:33:55.614+0000 7f8f1199c700 20 bluestore(/var/lib/ceph/osd/ceph-7) _record_onode onode #-1:46e858f0:::pg_num_history:head# is 46 (21 bytes onode + 2 bytes spanning blobs + 23 bytes inline extents)
2019-12-07T19:33:55.614+0000 7f8f1199c700 20 bluestore(/var/lib/ceph/osd/ceph-7) _txc_finalize_kv txc 0x558c548f6c00 allocated 0x[2b000~3000] released 0x[]
2019-12-07T19:33:55.614+0000 7f8f1199c700 10 freelist allocate 0x2b000~3000
2019-12-07T19:33:55.614+0000 7f8f1199c700 20 freelist _xor first_key 0x0 last_key 0x0
2019-12-07T19:33:55.614+0000 7f8f1199c700 10 bluestore(/var/lib/ceph/osd/ceph-7) _txc_state_proc txc 0x558c548f6c00 prepare
2019-12-07T19:33:55.614+0000 7f8f1199c700 10 bluestore(/var/lib/ceph/osd/ceph-7) _txc_aio_submit txc 0x558c548f6c00
2019-12-07T19:33:55.614+0000 7f8f24457700 1 -- [v2:172.21.15.109:6826/36939,v1:172.21.15.109:6827/36939] <== osd.3 v2:172.21.15.131:6812/37076 2 ==== pg_query2(1.6s2 1.6s2 query(info 0'0 epoch_sent 18) e18/18) v1 ==== 158+0+0 (crc 0 0 0) 0x558c54ce7b80 con 0x558c54c5bc00
2019-12-07T19:33:55.614+0000 7f8f24457700 15 osd.7 17 enqueue_peering_evt 1.6s2 epoch_sent: 18 epoch_requested: 18 MQuery 1.6s2 from 3(0) query_epoch 18 query: query(info 0'0 epoch_sent 18)
2019-12-07T19:33:55.614+0000 7f8f24457700 20 osd.7 op_wq(6) _enqueue OpSchedulerItem(1.6s2 PGPeeringEvent(epoch_sent: 18 epoch_requested: 18 MQuery 1.6s2 from 3(0) query_epoch 18 query: query(info 0'0 epoch_sent 18)) prio 255 cost 10 e18)
2019-12-07T19:33:55.614+0000 7f8f1d3b9700 10 bluestore(/var/lib/ceph/osd/ceph-7) _txc_state_proc txc 0x558c548f6c00 aio_wait
2019-12-07T19:33:55.614+0000 7f8f1d3b9700 20 bluestore(/var/lib/ceph/osd/ceph-7) _txc_finish_io 0x558c548f6c00
2019-12-07T19:33:55.614+0000 7f8f1d3b9700 10 bluestore(/var/lib/ceph/osd/ceph-7) _txc_state_proc txc 0x558c548f6c00 io_done
2019-12-07T19:33:55.615+0000 7f8f149a2700 20 bluestore(/var/lib/ceph/osd/ceph-7) _kv_sync_thread wake
2019-12-07T19:33:55.615+0000 7f8f149a2700 20 bluestore(/var/lib/ceph/osd/ceph-7) _kv_sync_thread committing 1 submitting 1 deferred done 0 stable 0
2019-12-07T19:33:55.615+0000 7f8f149a2700 20 bluestore(/var/lib/ceph/osd/ceph-7) _kv_sync_thread num_aios=1 force_flush=1, flushing, deferred done->stable
2019-12-07T19:33:55.615+0000 7f8f05984700 20 osd.7 op_wq(6) _process 1.6s2 (new) to_process <> waiting <> waiting_peering {}
2019-12-07T19:33:55.615+0000 7f8f05984700 20 osd.7 op_wq(6) _process OpSchedulerItem(1.6s2 PGPeeringEvent(epoch_sent: 18 epoch_requested: 18 MQuery 1.6s2 from 3(0) query_epoch 18 query: query(info 0'0 epoch_sent 18)) prio 255 cost 10 e18) queued
2019-12-07T19:33:55.615+0000 7f8f05984700 20 osd.7 op_wq(6) _process 1.6s2 to_process waiting <> waiting_peering {}
2019-12-07T19:33:55.615+0000 7f8f05984700 20 osd.7 op_wq(6) _process OpSchedulerItem(1.6s2 PGPeeringEvent(epoch_sent: 18 epoch_requested: 18 MQuery 1.6s2 from 3(0) query_epoch 18 query: query(info 0'0 epoch_sent 18)) prio 255 cost 10 e18) pg 0
2019-12-07T19:33:55.615+0000 7f8f05984700 20 osd.7 op_wq(6) _process 1.6s2 map 18 > 17
2019-12-07T19:33:55.615+0000 7f8f05984700 20 osd.7 op_wq _add_slot_waiter 1.6s2 peering, item epoch is 18, will wait on OpSchedulerItem(1.6s2 PGPeeringEvent(epoch_sent: 18 epoch_requested: 18 MQuery 1.6s2 from 3(0) query_epoch 18 query: query(info 0'0 epoch_sent 18)) prio 255 cost 10 e18)
2019-12-07T19:33:55.615+0000 7f8f05984700 20 osd.7 op_wq(6) _process empty q, waiting
2019-12-07T19:33:55.615+0000 7f8f149a2700 10 bluefs _flush 0x558c54ea43c0 ignoring, length 8789 < min_flush_size 524288
2019-12-07T19:33:55.615+0000 7f8f149a2700 20 bluestore(/var/lib/ceph/osd/ceph-7) _txc_apply_kv onode 0x558c53a91900 had 1
2019-12-07T19:33:55.615+0000 7f8f149a2700 20 bluestore(/var/lib/ceph/osd/ceph-7) _txc_apply_kv onode 0x558c54ce6f00 had 1
2019-12-07T19:33:55.615+0000 7f8f149a2700 20 bluestore(/var/lib/ceph/osd/ceph-7) _txc_apply_kv onode 0x558c54ce7180 had 1
2019-12-07T19:33:55.615+0000 7f8f149a2700 20 bluestore(/var/lib/ceph/osd/ceph-7) _txc_apply_kv onode 0x558c55276c80 had 1
2019-12-07T19:33:55.615+0000 7f8f149a2700 20 bluestore(/var/lib/ceph/osd/ceph-7) _txc_apply_kv onode 0x558c548f2500 had 1
2019-12-07T19:33:55.615+0000 7f8f149a2700 10 bluefs _flush 0x558c54ea43c0 ignoring, length 8812 < min_flush_size 524288
2019-12-07T19:33:55.615+0000 7f8f149a2700 10 bluefs _flush 0x558c54ea43c0 ignoring, length 8812 < min_flush_size 524288
2019-12-07T19:33:55.615+0000 7f8f149a2700 10 bluefs _fsync 0x558c54ea43c0 file(ino 16 size 0x10000 mtime
2019-12-07T19:33:36.564757+0000 allocated 10000 extents [1:0xacd120000~10000])
2019-12-07T19:33:55.615+0000 7f8f149a2700 10 bluefs _flush 0x558c54ea43c0 0xc88d~226c to file(ino 16 size 0x10000 mtime
2019-12-07T19:33:36.564757+0000 allocated 10000 extents [1:0xacd120000~10000])
2019-12-07T19:33:55.615+0000 7f8f149a2700 10 bluefs _flush_range 0x558c54ea43c0 pos 0xc88d 0xc88d~226c to file(ino 16 size 0x10000 mtime
2019-12-07T19:33:36.564757+0000 allocated 10000 extents [1:0xacd120000~10000])
2019-12-07T19:33:55.615+0000 7f8f149a2700 20 bluefs _flush_range file now file(ino 16 size 0x10000 mtime
2019-12-07T19:33:36.564757+0000 allocated 10000 extents [1:0xacd120000~10000])
2019-12-07T19:33:55.615+0000 7f8f149a2700 20 bluefs _flush_range in 1:0xacd120000~10000 x_off 0xc88d
2019-12-07T19:33:55.615+0000 7f8f149a2700 20 bluefs _flush_range using partial tail 0x88d
2019-12-07T19:33:55.615+0000 7f8f149a2700 20 bluefs _flush_range waiting for previous aio to complete
2019-12-07T19:33:55.615+0000 7f8f149a2700 20 bluefs _flush_range caching tail of 0xaf9 and padding block with 0x507
2019-12-07T19:33:55.615+0000 7f8f1199c700 1 -- [v2:172.21.15.109:6826/36939,v1:172.21.15.109:6827/36939] <== osd.3 v2:172.21.15.131:6812/37076 3 ==== osd_map(18..18 src has 1..18) v4 ==== 645+0+0 (crc 0 0 0) 0x558c53a78fc0 con 0x558c54c5bc00
2019-12-07T19:33:55.615+0000 7f8f1199c700 20 osd.7 17 OSD::ms_dispatch: osd_map(18..18 src has 1..18) v4
2019-12-07T19:33:55.615+0000 7f8f1199c700 10 osd.7 17 do_waiters -- start
2019-12-07T19:33:55.615+0000 7f8f1199c700 10 osd.7 17 do_waiters -- finish
2019-12-07T19:33:55.615+0000 7f8f1199c700 20 osd.7 17 _dispatch 0x558c53a78fc0 osd_map(18..18 src has 1..18) v4
2019-12-07T19:33:55.615+0000 7f8f1199c700 3 osd.7 17 handle_osd_map epochs [18,18], i have 18, src has [1,18]
2019-12-07T19:33:55.615+0000 7f8f1199c700 10 osd.7 17 no new maps here, dropping
2019-12-07T19:33:55.615+0000 7f8f149a2700 20 bluefs _flush_range h 0x558c54ea43c0 pos now 0xeaf9
2019-12-07T19:33:55.615+0000 7f8f149a2700 10 bluefs _claim_completed_aios got 0 aios
2019-12-07T19:33:55.615+0000 7f8f149a2700 10 bluefs wait_for_aio 0x558c54ea43c0
2019-12-07T19:33:55.615+0000 7f8f149a2700 10 bluefs wait_for_aio 0x558c54ea43c0 done in 0.000000
2019-12-07T19:33:55.615+0000 7f8f149a2700 20 bluefs flush_bdev
2019-12-07T19:33:55.615+0000 7f8f149a2700 20 bluestore(/var/lib/ceph/osd/ceph-7) _kv_sync_thread committed 1 cleaned 0 in 0.000176168s (0.000042620s flush + 0.000133548s kv commit)
2019-12-07T19:33:55.615+0000 7f8f149a2700 20 bluestore(/var/lib/ceph/osd/ceph-7) _kv_sync_thread sleep
2019-12-07T19:33:55.615+0000 7f8f199ac700 20 bluestore(/var/lib/ceph/osd/ceph-7) _kv_finalize_thread wake
2019-12-07T19:33:55.615+0000 7f8f199ac700 20 bluestore(/var/lib/ceph/osd/ceph-7) _kv_finalize_thread kv_committed <0x558c548f6c00>
2019-12-07T19:33:55.615+0000 7f8f199ac700 20 bluestore(/var/lib/ceph/osd/ceph-7) _kv_finalize_thread deferred_stable <>
2019-12-07T19:33:55.615+0000 7f8f199ac700 10 bluestore(/var/lib/ceph/osd/ceph-7) _txc_state_proc txc 0x558c548f6c00 kv_submitted
2019-12-07T19:33:55.615+0000 7f8f199ac700 20 bluestore(/var/lib/ceph/osd/ceph-7) _txc_committed_kv txc 0x558c548f6c00
2019-12-07T19:33:55.615+0000 7f8f199ac700 20 bluestore(/var/lib/ceph/osd/ceph-7) _deferred_queue txc 0x558c548f6c00 osr 0x558c54ea4b40
2019-12-07T19:33:55.615+0000 7f8f199ac700 20 bluestore.DeferredBatch(0x558c5525f680) _discard drop 7 0x1b000~1000
2019-12-07T19:33:55.615+0000 7f8f199ac700 20 bluestore.DeferredBatch(0x558c5525f680) prepare_write seq 8 0x1b000~1000 crc 45ebe265
2019-12-07T19:33:55.615+0000 7f8f199ac700 20 bluestore.DeferredBatch(0x558c5525f680) _discard drop 7 0x2000~1000
2019-12-07T19:33:55.615+0000 7f8f199ac700 20 bluestore.DeferredBatch(0x558c5525f680) prepare_write seq 8 0x2000~1000 crc 9e06976e
2019-12-07T19:33:55.615+0000 7f8f199ac700 20 bluestore(/var/lib/ceph/osd/ceph-7) _kv_finalize_thread sleep
2019-12-07T19:33:55.615+0000 7f8f141a1700 10 osd.7 17 _committed_osd_maps 18..18
2019-12-07T19:33:55.615+0000 7f8f141a1700 10 osd.7 17 advance to epoch 18 (<= last 18 <= newest_map 18)
2019-12-07T19:33:55.615+0000 7f8f141a1700 0 osd.7 18 crush map has features 288514119978713088, adjusting msgr requires for clients
2019-12-07T19:33:55.615+0000 7f8f141a1700 0 osd.7 18 crush map has features 288514119978713088 was 288514050185503233, adjusting msgr requires for mons
2019-12-07T19:33:55.615+0000 7f8f141a1700 0 osd.7 18 crush map has features 3314933069571702784, adjusting msgr requires for osds
2019-12-07T19:33:55.615+0000 7f8f141a1700 7 osd.7 18 consume_map version 18
2019-12-07T19:33:55.615+0000 7f8f141a1700 20 osd.7:4.identify_splits_and_merges identify_splits_and_merges slot 1.4s0 has no pg and waiting_for_split
2019-12-07T19:33:55.615+0000 7f8f141a1700 20 osd.7:5.identify_splits_and_merges identify_splits_and_merges slot 1.ds2 has no pg and waiting_for_split
2019-12-07T19:33:55.615+0000 7f8f141a1700 20 osd.7:6.identify_splits_and_merges identify_splits_and_merges slot 1.6s2 has no pg and waiting_for_split
2019-12-07T19:33:55.615+0000 7f8f141a1700 20 osd.7 18 prune_pg_created
2019-12-07T19:33:55.615+0000 7f8f141a1700 10 osd.7:0.consume_map 18 (was 17)
2019-12-07T19:33:55.615+0000 7f8f141a1700 10 osd.7:1.consume_map 18 (was 17)
2019-12-07T19:33:55.615+0000 7f8f141a1700 10 osd.7:2.consume_map 18 (was 17)
2019-12-07T19:33:55.615+0000 7f8f141a1700 10 osd.7:3.consume_map 18 (was 17)
2019-12-07T19:33:55.615+0000 7f8f141a1700 10 osd.7:4.consume_map 18 (was 17)
2019-12-07T19:33:55.615+0000 7f8f141a1700 20 osd.7:4.consume_map consume_map 1.4s0
2019-12-07T19:33:55.615+0000 7f8f141a1700 20 osd.7:4.consume_map consume_map 1.4s0 pending_peering first epoch 18 <= 18, requeueing
2019-12-07T19:33:55.615+0000 7f8f141a1700 20 osd.7:4._wake_pg_slot _wake_pg_slot 1.4s0 to_process <> waiting <> waiting_peering {18=}
2019-12-07T19:33:55.615+0000 7f8f141a1700 10 osd.7:5.consume_map 18 (was 17)
2019-12-07T19:33:55.615+0000 7f8f141a1700 20 osd.7:5.consume_map consume_map 1.ds2
2019-12-07T19:33:55.615+0000 7f8f141a1700 20 osd.7:5.consume_map consume_map 1.ds2 pending_peering first epoch 18 <= 18, requeueing
2019-12-07T19:33:55.615+0000 7f8f141a1700 20 osd.7:5._wake_pg_slot _wake_pg_slot 1.ds2 to_process <> waiting <> waiting_peering {18=}
2019-12-07T19:33:55.615+0000 7f8f141a1700 10 osd.7:6.consume_map 18 (was 17)
2019-12-07T19:33:55.615+0000 7f8f0297e700 20 osd.7 op_wq(4) _process 1.4s0 to_process <> waiting <> waiting_peering {}
2019-12-07T19:33:55.615+0000 7f8f141a1700 20 osd.7:6.consume_map consume_map 1.6s2
2019-12-07T19:33:55.615+0000 7f8f141a1700 20 osd.7:6.consume_map consume_map 1.6s2 pending_peering first epoch 18 <= 18, requeueing
2019-12-07T19:33:55.615+0000 7f8f0297e700 20 osd.7 op_wq(4) _process OpSchedulerItem(1.4s0 PGPeeringEvent(epoch_sent: 18 epoch_requested: 18 NullEvt +create_info) prio 255 cost 10 e18) queued
2019-12-07T19:33:55.615+0000 7f8f141a1700 20 osd.7:6._wake_pg_slot _wake_pg_slot 1.6s2 to_process <> waiting <> waiting_peering {18=}
2019-12-07T19:33:55.615+0000 7f8f0297e700 20 osd.7 op_wq(4) _process 1.4s0 to_process waiting <> waiting_peering {}
2019-12-07T19:33:55.615+0000 7f8f0297e700 20 osd.7 op_wq(4) _process OpSchedulerItem(1.4s0 PGPeeringEvent(epoch_sent: 18 epoch_requested: 18 NullEvt +create_info) prio 255 cost 10 e18) pg 0
2019-12-07T19:33:55.615+0000 7f8f141a1700 10 osd.7:7.consume_map 18 (was 17)
2019-12-07T19:33:55.615+0000 7f8f0217d700 20 osd.7 op_wq(5) _process 1.ds2 to_process <> waiting <> waiting_peering {}
2019-12-07T19:33:55.615+0000 7f8f0217d700 20 osd.7 op_wq(5) _process OpSchedulerItem(1.ds2 PGPeeringEvent(epoch_sent: 18 epoch_requested: 18 MQuery 1.ds2 from 2(0) query_epoch 18 query: query(info 0'0 epoch_sent 18)) prio 255 cost 10 e18) queued
2019-12-07T19:33:55.615+0000 7f8f0217d700 20 osd.7 op_wq(5) _process 1.ds2 to_process waiting <> waiting_peering {}
2019-12-07T19:33:55.615+0000 7f8f0197c700 20 osd.7 op_wq(6) _process 1.6s2 to_process <> waiting <> waiting_peering {}
2019-12-07T19:33:55.615+0000 7f8f0217d700 20 osd.7 op_wq(5) _process OpSchedulerItem(1.ds2 PGPeeringEvent(epoch_sent: 18 epoch_requested: 18 MQuery 1.ds2 from 2(0) query_epoch 18 query: query(info 0'0 epoch_sent 18)) prio 255 cost 10 e18) pg 0
2019-12-07T19:33:55.615+0000 7f8f0197c700 20 osd.7 op_wq(6) _process OpSchedulerItem(1.6s2 PGPeeringEvent(epoch_sent: 18 epoch_requested: 18 MQuery 1.6s2 from 3(0) query_epoch 18 query: query(info 0'0 epoch_sent 18)) prio 255 cost 10 e18) queued
2019-12-07T19:33:55.615+0000 7f8f0197c700 20 osd.7 op_wq(6) _process 1.6s2 to_process waiting <> waiting_peering {}
2019-12-07T19:33:55.615+0000 7f8f0197c700 20 osd.7 op_wq(6) _process OpSchedulerItem(1.6s2 PGPeeringEvent(epoch_sent: 18 epoch_requested: 18 MQuery 1.6s2 from 3(0) query_epoch 18 query: query(info 0'0 epoch_sent 18)) prio 255 cost 10 e18) pg 0
2019-12-07T19:33:55.615+0000 7f8f0217d700 10 osd.7 18 handle_pg_query_nopg 1.ds2
2019-12-07T19:33:55.615+0000 7f8f0217d700 10 osd.7 18 pg 1.ds2 dne
2019-12-07T19:33:55.615+0000 7f8f0197c700 10 osd.7 18 handle_pg_query_nopg 1.6s2
2019-12-07T19:33:55.615+0000 7f8f0197c700 10 osd.7 18 pg 1.6s2 dne
2019-12-07T19:33:55.615+0000 7f8f0217d700 10 osd.7 18 send_incremental_map 17 -> 18 to 0x558c54c19800 v2:172.21.15.131:6804/37077
2019-12-07T19:33:55.615+0000 7f8f0297e700 20 osd.7 op_wq(4) _process 1.4s0 no pg, should create on OpSchedulerItem(1.4s0 PGPeeringEvent(epoch_sent: 18 epoch_requested: 18 NullEvt +create_info) prio 255 cost 10 e18)
2019-12-07T19:33:55.615+0000 7f8f0197c700 10 osd.7 18 send_incremental_map 17 -> 18 to 0x558c54c5bc00 v2:172.21.15.131:6812/37076
2019-12-07T19:33:55.615+0000 7f8f0217d700 15 bluestore(/var/lib/ceph/osd/ceph-7) read meta #-1:c15b972f:::inc_osdmap.18:0# 0x0~0
2019-12-07T19:33:55.615+0000 7f8f0217d700 20 bluestore(/var/lib/ceph/osd/ceph-7) _do_read 0x0~259 size 0x259 (601)
2019-12-07T19:33:55.615+0000 7f8f0217d700 20 bluestore(/var/lib/ceph/osd/ceph-7) _do_read will do buffered read
2019-12-07T19:33:55.615+0000 7f8f0217d700 20 bluestore(/var/lib/ceph/osd/ceph-7) _read_cache blob Blob(0x558c55265650 blob([0x2b000~1000] csum crc32c/0x1000) use_tracker(0x1000 0x259) SharedBlob(0x558c552655e0 sbid 0x0)) need 0x0~259 cache has 0x[0~259]
2019-12-07T19:33:55.615+0000 7f8f0217d700 10 bluestore(/var/lib/ceph/osd/ceph-7) read meta #-1:c15b972f:::inc_osdmap.18:0# 0x0~259 = 601
2019-12-07T19:33:55.615+0000 7f8f0217d700 10 osd.7 18 add_map_inc_bl 18 601 bytes
2019-12-07T19:33:55.615+0000 7f8f0217d700 1 -- [v2:172.21.15.109:6826/36939,v1:172.21.15.109:6827/36939] --> [v2:172.21.15.131:6804/37077,v1:172.21.15.131:6805/37077] -- osd_map(18..18 src has 1..18) v4 -- 0x558c5524cfc0 con 0x558c54c19800
2019-12-07T19:33:55.615+0000 7f8f0217d700 10 osd.7 18 maybe_share_map con 0x558c54c19800 v2:172.21.15.131:6804/37077 map epoch 17 -> 18 (shared)
2019-12-07T19:33:55.615+0000 7f8f0217d700 1 -- [v2:172.21.15.109:6826/36939,v1:172.21.15.109:6827/36939] --> [v2:172.21.15.131:6804/37077,v1:172.21.15.131:6805/37077] -- pg_notify((query:18 sent:18 1.ds2( DNE empty local-lis/les=0/0 n=0 ec=0/0 lis/c=0/0 les/c/f=0/0/0 sis=0) 2->0 ([0,0] all_participants= intervals=)) epoch 18) v7 -- 0x558c53a71a40 con 0x558c54c19800
2019-12-07T19:33:55.615+0000 7f8f0217d700 20 osd.7 op_wq(5) _process empty q, waiting
2019-12-07T19:33:55.615+0000 7f8f0197c700 1 -- [v2:172.21.15.109:6826/36939,v1:172.21.15.109:6827/36939] --> [v2:172.21.15.131:6812/37076,v1:172.21.15.131:6813/37076] -- osd_map(18..18 src has 1..18) v4 -- 0x558c5524d440 con 0x558c54c5bc00
2019-12-07T19:33:55.615+0000 7f8f0197c700 10 osd.7 18 maybe_share_map con 0x558c54c5bc00 v2:172.21.15.131:6812/37076 map epoch 17 -> 18 (shared)
2019-12-07T19:33:55.615+0000 7f8f0297e700 10 osd.7 18 _make_pg 1.4s0
2019-12-07T19:33:55.615+0000 7f8f0197c700 1 -- [v2:172.21.15.109:6826/36939,v1:172.21.15.109:6827/36939] --> [v2:172.21.15.131:6812/37076,v1:172.21.15.131:6813/37076] -- pg_notify((query:18 sent:18 1.6s2( DNE empty local-lis/les=0/0 n=0 ec=0/0 lis/c=0/0 les/c/f=0/0/0 sis=0) 2->0 ([0,0] all_participants= intervals=)) epoch 18) v7 -- 0x558c54d0e3c0 con 0x558c54c5bc00
2019-12-07T19:33:55.615+0000 7f8f0197c700 20 osd.7 op_wq(6) _process empty q, waiting
2019-12-07T19:33:55.615+0000 7f8f0297e700 5 osd.7 pg_epoch: 18 pg[1.4(unlocked)] enter Initial
2019-12-07T19:33:55.616+0000 7f8f0297e700 10 ErasureCodeClay: parse (q,t,nu)=(2,3,0)
2019-12-07T19:33:55.616+0000 7f8f0297e700 20 ErasureCodePluginJerasure: factory: {k=4,m=2,plugin=jerasure,technique=reed_sol_van,w=8}
2019-12-07T19:33:55.616+0000 7f8f0297e700 10 ErasureCodeJerasure: technique=reed_sol_van
2019-12-07T19:33:55.616+0000 7f8f0297e700 20 ErasureCodePluginJerasure: factory: {k=2,m=2,plugin=jerasure,technique=reed_sol_van,w=8}
2019-12-07T19:33:55.616+0000 7f8f0297e700 10 ErasureCodeJerasure: technique=reed_sol_van
2019-12-07T19:33:55.616+0000 7f8f0297e700 20 osd.7 pg_epoch: 18 pg[1.4(unlocked)] enter NotTrimming
2019-12-07T19:33:55.616+0000 7f8f0297e700 10 bluestore(/var/lib/ceph/osd/ceph-7) _osr_attach 1.4s0_head fresh osr 0x558c5525f540
2019-12-07T19:33:55.616+0000 7f8f24457700 1 -- [v2:172.21.15.109:6826/36939,v1:172.21.15.109:6827/36939] <== osd.1 v2:172.21.15.131:6823/37078 3 ==== pg_query2(1.9s4 1.9s4 query(info 0'0 epoch_sent 18) e18/18) v1 ==== 158+0+0 (crc 0 0 0) 0x558c54ce7b80 con 0x558c54c64000
2019-12-07T19:33:55.616+0000 7f8f0297e700 10 osd.7 pg_epoch: 18 pg[1.4s0( DNE empty local-lis/les=0/0 n=0 ec=0/0 lis/c=0/0 les/c/f=0/0/0 sis=0) []p? r=-1 lpr=0 crt=0'0 unknown mbc={}] init role 0 up [7,0,1,5,2,4] acting [7,0,1,5,2,4] history ec=18/18 lis/c=0/0 les/c/f=0/0/0 sis=18 past_intervals ([0,0] all_participants= intervals=)
2019-12-07T19:33:55.616+0000 7f8f24457700 15 osd.7 18 enqueue_peering_evt 1.9s4 epoch_sent: 18 epoch_requested: 18 MQuery 1.9s4 from 1(0) query_epoch 18 query: query(info 0'0 epoch_sent 18)
2019-12-07T19:33:55.616+0000 7f8f24457700 20 osd.7 op_wq(1) _enqueue OpSchedulerItem(1.9s4 PGPeeringEvent(epoch_sent: 18 epoch_requested: 18 MQuery 1.9s4 from 1(0) query_epoch 18 query: query(info 0'0 epoch_sent 18)) prio 255 cost 10 e18)
2019-12-07T19:33:55.616+0000 7f8f0297e700 20 osd.7 pg_epoch: 18 pg[1.4s0( empty local-lis/les=0/0 n=0 ec=18/18 lis/c=0/0 les/c/f=0/0/0 sis=18) [7,0,1,5,2,4]p7(0) r=0 lpr=0 crt=0'0 mlcod 0'0 unknown mbc={}] on_new_interval
2019-12-07T19:33:55.616+0000 7f8f0297e700 20 osd.7 pg_epoch: 18 pg[1.4s0( empty local-lis/les=0/0 n=0 ec=18/18 lis/c=0/0 les/c/f=0/0/0 sis=18) [7,0,1,5,2,4]p7(0) r=0 lpr=0 crt=0'0 mlcod 0'0 unknown mbc={}] on_new_interval checking missing set deletes flag. missing = missing(0 may_include_deletes = 1)
2019-12-07T19:33:55.616+0000 7f8f0297e700 10 osd.7 pg_epoch: 18 pg[1.4s0( empty local-lis/les=0/0 n=0 ec=18/18 lis/c=0/0 les/c/f=0/0/0 sis=18) [7,0,1,5,2,4]p7(0) r=0 lpr=0 crt=0'0 mlcod 0'0 unknown mbc={}] init_hb_stamps now [0x558c54676310,0x558c5523a230,0x558c54677f10,0x558c5523a150,0x558c5523a3f0]
2019-12-07T19:33:55.616+0000 7f8f1199c700 1 -- [v2:172.21.15.109:6826/36939,v1:172.21.15.109:6827/36939] <== osd.1 v2:172.21.15.131:6823/37078 2 ==== osd_map(18..18 src has 1..18) v4 ==== 645+0+0 (crc 0 0 0) 0x558c5524d440 con 0x558c54c64000
2019-12-07T19:33:55.616+0000 7f8f1199c700 20 osd.7 18 OSD::ms_dispatch: osd_map(18..18 src has 1..18) v4
2019-12-07T19:33:55.616+0000 7f8f0297e700 10 osd.7 pg_epoch: 18 pg[1.4s0( empty local-lis/les=0/0 n=0 ec=18/18 lis/c=0/0 les/c/f=0/0/0 sis=18) [7,0,1,5,2,4]p7(0) r=0 lpr=0 crt=0'0 mlcod 0'0 unknown mbc={}] on_new_interval prior_readable_until_ub 0s (mnow 19.053193879s + 0s)
2019-12-07T19:33:55.616+0000 7f8f08189700 20 osd.7 op_wq(1) _process 1.9s4 (new) to_process <> waiting <> waiting_peering {}
2019-12-07T19:33:55.616+0000 7f8f08189700 20 osd.7 op_wq(1) _process OpSchedulerItem(1.9s4 PGPeeringEvent(epoch_sent: 18 epoch_requested: 18 MQuery 1.9s4 from 1(0) query_epoch 18 query: query(info 0'0 epoch_sent 18)) prio 255 cost 10 e18) queued
2019-12-07T19:33:55.616+0000 7f8f08189700 20 osd.7 op_wq(1) _process 1.9s4 to_process waiting <> waiting_peering {}
2019-12-07T19:33:55.616+0000 7f8f08189700 20 osd.7 op_wq(1) _process OpSchedulerItem(1.9s4 PGPeeringEvent(epoch_sent: 18 epoch_requested: 18 MQuery 1.9s4 from 1(0) query_epoch 18 query: query(info 0'0 epoch_sent 18)) prio 255 cost 10 e18) pg 0
2019-12-07T19:33:55.616+0000 7f8f0297e700 10 osd.7 pg_epoch: 18 pg[1.4s0( empty local-lis/les=0/0 n=0 ec=18/18 lis/c=0/0 les/c/f=0/0/0 sis=18) [7,0,1,5,2,4]p7(0) r=0 lpr=0 crt=0'0 mlcod 0'0 unknown mbc={}] cancel_recovery
2019-12-07T19:33:55.616+0000 7f8f08189700 10 osd.7 18 handle_pg_query_nopg 1.9s4
2019-12-07T19:33:55.616+0000 7f8f08189700 10 osd.7 18 pg 1.9s4 dne
2019-12-07T19:33:55.616+0000 7f8f0297e700 10 osd.7 pg_epoch: 18 pg[1.4s0( empty local-lis/les=0/0 n=0 ec=18/18 lis/c=0/0 les/c/f=0/0/0 sis=18) [7,0,1,5,2,4]p7(0) r=0 lpr=0 crt=0'0 mlcod 0'0 unknown mbc={}] clear_recovery_state
2019-12-07T19:33:55.616+0000 7f8f08189700 10 osd.7 18 send_incremental_map 17 -> 18 to 0x558c54c64000 v2:172.21.15.131:6823/37078
2019-12-07T19:33:55.616+0000 7f8f08189700 1 -- [v2:172.21.15.109:6826/36939,v1:172.21.15.109:6827/36939] --> [v2:172.21.15.131:6823/37078,v1:172.21.15.131:6825/37078] -- osd_map(18..18 src has 1..18) v4 -- 0x558c5524dd40 con 0x558c54c64000
2019-12-07T19:33:55.616+0000 7f8f08189700 10 osd.7 18 maybe_share_map con 0x558c54c64000 v2:172.21.15.131:6823/37078 map epoch 17 -> 18 (shared)
2019-12-07T19:33:55.616+0000 7f8f0297e700 6 write_log_and_missing with: dirty_to: 0'0, dirty_from: 4294967295'18446744073709551615, writeout_from: 4294967295'18446744073709551615, trimmed: , trimmed_dups: , clear_divergent_priors: 0
2019-12-07T19:33:55.616+0000 7f8f08189700 1 -- [v2:172.21.15.109:6826/36939,v1:172.21.15.109:6827/36939] --> [v2:172.21.15.131:6823/37078,v1:172.21.15.131:6825/37078] -- pg_notify((query:18 sent:18 1.9s4( DNE empty local-lis/les=0/0 n=0 ec=0/0 lis/c=0/0 les/c/f=0/0/0 sis=0) 4->0 ([0,0] all_participants= intervals=)) epoch 18) v7 -- 0x558c54d0f680 con 0x558c54c64000
2019-12-07T19:33:55.616+0000 7f8f0297e700 15 bluestore(/var/lib/ceph/osd/ceph-7) set_collection_opts 1.4s0_head options
2019-12-07T19:33:55.616+0000 7f8f08189700 20 osd.7 op_wq(1) _process empty q, waiting
2019-12-07T19:33:55.616+0000 7f8f0297e700 10 osd.7 pg_epoch: 18 pg[1.4s0( empty local-lis/les=0/0 n=0 ec=18/18 lis/c=0/0 les/c/f=0/0/0 sis=18) [7,0,1,5,2,4]p7(0) r=0 lpr=0 crt=0'0 mlcod 0'0 unknown mbc={}] handle_initialize
2019-12-07T19:33:55.616+0000 7f8f0297e700 5 osd.7 pg_epoch: 18 pg[1.4s0( empty local-lis/les=0/0 n=0 ec=18/18 lis/c=0/0 les/c/f=0/0/0 sis=18) [7,0,1,5,2,4]p7(0) r=0 lpr=0 crt=0'0 mlcod 0'0 unknown mbc={}] exit Initial
2019-12-07T19:33:55.617841+0000 0 0.000000
2019-12-07T19:33:55.616+0000 7f8f24457700 1 -- [v2:172.21.15.109:6826/36939,v1:172.21.15.109:6827/36939] <== osd.1 v2:172.21.15.131:6823/37078 4 ==== pg_query2(1.0s3 1.0s3 query(info 0'0 epoch_sent 18) e18/18) v1 ==== 158+0+0 (crc 0 0 0) 0x558c54ce7b80 con 0x558c54c64000
2019-12-07T19:33:55.616+0000 7f8f0297e700 5 osd.7 pg_epoch: 18 pg[1.4s0( empty local-lis/les=0/0 n=0 ec=18/18 lis/c=0/0 les/c/f=0/0/0 sis=18) [7,0,1,5,2,4]p7(0) r=0 lpr=0 crt=0'0 mlcod 0'0 unknown mbc={}] enter Reset
2019-12-07T19:33:55.616+0000 7f8f24457700 15 osd.7 18 enqueue_peering_evt 1.0s3 epoch_sent: 18 epoch_requested: 18 MQuery 1.0s3 from 1(0) query_epoch 18 query: query(info 0'0 epoch_sent 18)
2019-12-07T19:33:55.616+0000 7f8f24457700 20 osd.7 op_wq(0) _enqueue OpSchedulerItem(1.0s3 PGPeeringEvent(epoch_sent: 18 epoch_requested: 18 MQuery 1.0s3 from 1(0) query_epoch 18 query: query(info 0'0 epoch_sent 18)) prio 255 cost 10 e18)
2019-12-07T19:33:55.616+0000 7f8f0297e700 20 osd.7 pg_epoch: 18 pg[1.4s0( empty local-lis/les=0/0 n=0 ec=18/18 lis/c=0/0 les/c/f=0/0/0 sis=18) [7,0,1,5,2,4]p7(0) r=0 lpr=0 crt=0'0 mlcod 0'0 unknown mbc={}] set_last_peering_reset 18
2019-12-07T19:33:55.616+0000 7f8f0297e700 10 osd.7 pg_epoch: 18 pg[1.4s0( empty local-lis/les=0/0 n=0 ec=18/18 lis/c=0/0 les/c/f=0/0/0 sis=18) [7,0,1,5,2,4]p7(0) r=0 lpr=18 crt=0'0 mlcod 0'0 unknown mbc={}] Clearing blocked outgoing recovery messages
2019-12-07T19:33:55.616+0000 7f8f0297e700 10 osd.7 pg_epoch: 18 pg[1.4s0( empty local-lis/les=0/0 n=0 ec=18/18 lis/c=0/0 les/c/f=0/0/0 sis=18) [7,0,1,5,2,4]p7(0) r=0 lpr=18 crt=0'0 mlcod 0'0 unknown mbc={}] Not blocking outgoing recovery messages
2019-12-07T19:33:55.616+0000 7f8f0297e700 10 osd.7 pg_epoch: 18 pg[1.4s0( empty local-lis/les=0/0 n=0 ec=18/18 lis/c=0/0 les/c/f=0/0/0 sis=18) [7,0,1,5,2,4]p7(0) r=0 lpr=18 crt=0'0 mlcod 0'0 unknown mbc={}] handle_activate_map: 18
2019-12-07T19:33:55.616+0000 7f8f0297e700 10 osd.7 pg_epoch: 18 pg[1.4s0( empty local-lis/les=0/0 n=0 ec=18/18 lis/c=0/0 les/c/f=0/0/0 sis=18) [7,0,1,5,2,4]p7(0) r=0 lpr=18 crt=0'0 mlcod 0'0 unknown mbc={}] activate_map
2019-12-07T19:33:55.616+0000 7f8f0297e700 10 osd.7 pg_epoch: 18 pg[1.4s0( empty local-lis/les=0/0 n=0 ec=18/18 lis/c=0/0 les/c/f=0/0/0 sis=18) [7,0,1,5,2,4]p7(0) r=0 lpr=18 crt=0'0 mlcod 0'0 unknown mbc={}] update_heartbeat_peers -> 0,1,2,4,5,7
2019-12-07T19:33:55.616+0000 7f8f0297e700 20 osd.7 18 need_heartbeat_peer_update
2019-12-07T19:33:55.616+0000 7f8f0297e700 5 osd.7 pg_epoch: 18 pg[1.4s0( empty local-lis/les=0/0 n=0 ec=18/18 lis/c=0/0 les/c/f=0/0/0 sis=18) [7,0,1,5,2,4]p7(0) r=0 lpr=18 crt=0'0 mlcod 0'0 unknown mbc={}] exit Reset
2019-12-07T19:33:55.617879+0000 1 0.000031
2019-12-07T19:33:55.616+0000 7f8f0297e700 5 osd.7 pg_epoch: 18 pg[1.4s0( empty local-lis/les=0/0 n=0 ec=18/18 lis/c=0/0 les/c/f=0/0/0 sis=18) [7,0,1,5,2,4]p7(0) r=0 lpr=18 crt=0'0 mlcod 0'0 unknown mbc={}] enter Started
2019-12-07T19:33:55.616+0000 7f8f0297e700 5 osd.7 pg_epoch: 18 pg[1.4s0( empty local-lis/les=0/0 n=0 ec=18/18 lis/c=0/0 les/c/f=0/0/0 sis=18) [7,0,1,5,2,4]p7(0) r=0 lpr=18 crt=0'0 mlcod 0'0 unknown mbc={}] enter Start
2019-12-07T19:33:55.616+0000 7f8f0297e700 1 osd.7 pg_epoch: 18 pg[1.4s0( empty local-lis/les=0/0 n=0 ec=18/18 lis/c=0/0 les/c/f=0/0/0 sis=18) [7,0,1,5,2,4]p7(0) r=0 lpr=18 crt=0'0 mlcod 0'0 unknown mbc={}] state: transitioning to Primary
2019-12-07T19:33:55.616+0000 7f8f0297e700 5 osd.7 pg_epoch: 18 pg[1.4s0( empty local-lis/les=0/0 n=0 ec=18/18 lis/c=0/0 les/c/f=0/0/0 sis=18) [7,0,1,5,2,4]p7(0) r=0 lpr=18 crt=0'0 mlcod 0'0 unknown mbc={}] exit Start
2019-12-07T19:33:55.617893+0000 0 0.000000
2019-12-07T19:33:55.616+0000 7f8f0297e700 5 osd.7 pg_epoch: 18 pg[1.4s0( empty local-lis/les=0/0 n=0 ec=18/18 lis/c=0/0 les/c/f=0/0/0 sis=18) [7,0,1,5,2,4]p7(0) r=0 lpr=18 crt=0'0 mlcod 0'0 unknown mbc={}] enter Started/Primary
2019-12-07T19:33:55.616+0000 7f8f0898a700 20 osd.7 op_wq(0) _process 1.0s3 (new) to_process <> waiting <> waiting_peering {}
2019-12-07T19:33:55.616+0000 7f8f0297e700 5 osd.7 pg_epoch: 18 pg[1.4s0( empty local-lis/les=0/0 n=0 ec=18/18 lis/c=0/0 les/c/f=0/0/0 sis=18) [7,0,1,5,2,4]p7(0) r=0 lpr=18 crt=0'0 mlcod 0'0 creating mbc={}] enter Started/Primary/Peering
2019-12-07T19:33:55.616+0000 7f8f0898a700 20 osd.7 op_wq(0) _process OpSchedulerItem(1.0s3 PGPeeringEvent(epoch_sent: 18 epoch_requested: 18 MQuery 1.0s3 from 1(0) query_epoch 18 query: query(info 0'0 epoch_sent 18)) prio 255 cost 10 e18) queued
2019-12-07T19:33:55.616+0000 7f8f0898a700 20 osd.7 op_wq(0) _process 1.0s3 to_process waiting <> waiting_peering {}
2019-12-07T19:33:55.616+0000 7f8f0297e700 5 osd.7 pg_epoch: 18 pg[1.4s0( empty local-lis/les=0/0 n=0 ec=18/18 lis/c=0/0 les/c/f=0/0/0 sis=18) [7,0,1,5,2,4]p7(0) r=0 lpr=18 crt=0'0 mlcod 0'0 creating+peering mbc={}] enter Started/Primary/Peering/GetInfo
2019-12-07T19:33:55.616+0000 7f8f0898a700 20 osd.7 op_wq(0) _process OpSchedulerItem(1.0s3 PGPeeringEvent(epoch_sent: 18 epoch_requested: 18 MQuery 1.0s3 from 1(0) query_epoch 18 query: query(info 0'0 epoch_sent 18)) prio 255 cost 10 e18) pg 0
2019-12-07T19:33:55.616+0000 7f8f0898a700 10 osd.7 18 handle_pg_query_nopg 1.0s3
2019-12-07T19:33:55.616+0000 7f8f0898a700 10 osd.7 18 pg 1.0s3 dne
2019-12-07T19:33:55.616+0000 7f8f0297e700 10 osd.7 pg_epoch: 18 pg[1.4s0( empty local-lis/les=0/0 n=0 ec=18/18 lis/c=0/0 les/c/f=0/0/0 sis=18) [7,0,1,5,2,4]p7(0) r=0 lpr=18 crt=0'0 mlcod 0'0 creating+peering mbc={}] build_prior all_probe
2019-12-07T19:33:55.616+0000 7f8f0297e700 10 osd.7 pg_epoch: 18 pg[1.4s0( empty local-lis/les=0/0 n=0 ec=18/18 lis/c=0/0 les/c/f=0/0/0 sis=18) [7,0,1,5,2,4]p7(0) r=0 lpr=18 crt=0'0 mlcod 0'0 creating+peering mbc={}] build_prior final: probe 0(1),1(2),2(4),4(5),5(3),7(0) down blocked_by {}
2019-12-07T19:33:55.616+0000 7f8f0297e700 10 osd.7 pg_epoch: 18 pg[1.4s0( empty local-lis/les=0/0 n=0 ec=18/18 lis/c=0/0 les/c/f=0/0/0 sis=18) [7,0,1,5,2,4]p7(0) r=0 lpr=18 crt=0'0 mlcod 0'0 creating+peering mbc={}] up_thru 0 < same_since 18, must notify monitor
2019-12-07T19:33:55.616+0000 7f8f0297e700 10 osd.7 pg_epoch: 18 pg[1.4s0( empty local-lis/les=0/0 n=0 ec=18/18 lis/c=0/0 les/c/f=0/0/0 sis=18) [7,0,1,5,2,4]p7(0) r=0 lpr=18 crt=0'0 mlcod 0'0 creating+peering mbc={}] state: no prior_set down osds, clearing prior_readable_until_ub
2019-12-07T19:33:55.616+0000 7f8f0898a700 1 -- [v2:172.21.15.109:6826/36939,v1:172.21.15.109:6827/36939] --> [v2:172.21.15.131:6823/37078,v1:172.21.15.131:6825/37078] -- pg_notify((query:18 sent:18 1.0s3( DNE empty local-lis/les=0/0 n=0 ec=0/0 lis/c=0/0 les/c/f=0/0/0 sis=0) 3->0 ([0,0] all_participants= intervals=)) epoch 18) v7 -- 0x558c54d0fc20 con 0x558c54c64000
2019-12-07T19:33:55.616+0000 7f8f0297e700 10 osd.7 pg_epoch: 18 pg[1.4s0( empty local-lis/les=0/0 n=0 ec=18/18 lis/c=0/0 les/c/f=0/0/0 sis=18) [7,0,1,5,2,4]p7(0) r=0 lpr=18 crt=0'0 mlcod 0'0 creating+peering mbc={}] state: querying info from osd.0(1)
2019-12-07T19:33:55.616+0000 7f8f0898a700 20 osd.7 op_wq(0) _process empty q, waiting
2019-12-07T19:33:55.616+0000 7f8f0297e700 10 osd.7 pg_epoch: 18 pg[1.4s0( empty local-lis/les=0/0 n=0 ec=18/18 lis/c=0/0 les/c/f=0/0/0 sis=18) [7,0,1,5,2,4]p7(0) r=0 lpr=18 crt=0'0 mlcod 0'0 creating+peering mbc={}] state: querying info from osd.1(2)
2019-12-07T19:33:55.616+0000 7f8f0297e700 10 osd.7 pg_epoch: 18 pg[1.4s0( empty local-lis/les=0/0 n=0 ec=18/18 lis/c=0/0 les/c/f=0/0/0 sis=18) [7,0,1,5,2,4]p7(0) r=0 lpr=18 crt=0'0 mlcod 0'0 creating+peering mbc={}] state: querying info from osd.2(4)
2019-12-07T19:33:55.616+0000 7f8f0297e700 10 osd.7 pg_epoch: 18 pg[1.4s0( empty local-lis/les=0/0 n=0 ec=18/18 lis/c=0/0 les/c/f=0/0/0 sis=18) [7,0,1,5,2,4]p7(0) r=0 lpr=18 crt=0'0 mlcod 0'0 creating+peering mbc={}] state: querying info from osd.4(5)
2019-12-07T19:33:55.616+0000 7f8f0297e700 10 osd.7 pg_epoch: 18 pg[1.4s0( empty local-lis/les=0/0 n=0 ec=18/18 lis/c=0/0 les/c/f=0/0/0 sis=18) [7,0,1,5,2,4]p7(0) r=0 lpr=18 crt=0'0 mlcod 0'0 creating+peering mbc={}] state: querying info from osd.5(3)
2019-12-07T19:33:55.616+0000 7f8f0297e700 20 osd.7 pg_epoch: 18 pg[1.4s0( empty local-lis/les=0/0 n=0 ec=18/18 lis/c=0/0 les/c/f=0/0/0 sis=18) [7,0,1,5,2,4]p7(0) r=0 lpr=18 crt=0'0 mlcod 0'0 creating+peering mbc={}] prepare_stats_for_publish reporting purged_snaps []
2019-12-07T19:33:55.616+0000 7f8f0297e700 15 osd.7 pg_epoch: 18 pg[1.4s0( empty local-lis/les=0/0 n=0 ec=18/18 lis/c=0/0 les/c/f=0/0/0 sis=18) [7,0,1,5,2,4]p7(0) r=0 lpr=18 crt=0'0 mlcod 0'0 creating+peering mbc={}] publish_stats_to_osd 0:0
2019-12-07T19:33:55.616+0000 7f8f0297e700 20 osd.7 pg_epoch: 18 pg[1.4s0( empty local-lis/les=0/0 n=0 ec=18/18 lis/c=0/0 les/c/f=0/0/0 sis=18) [7,0,1,5,2,4]p7(0) r=0 lpr=18 crt=0'0 mlcod 0'0 creating+peering mbc={}] activate_map: Not dirtying info: last_persisted is 18 while current is 18
2019-12-07T19:33:55.616+0000 7f8f0297e700 10 log is not dirty
2019-12-07T19:33:55.616+0000 7f8f0297e700 10 osd.7 18 send_incremental_map 17 -> 18 to 0x558c54c64400 v2:172.21.15.131:6822/37079
2019-12-07T19:33:55.616+0000 7f8f0297e700 1 -- [v2:172.21.15.109:6826/36939,v1:172.21.15.109:6827/36939] --> [v2:172.21.15.131:6822/37079,v1:172.21.15.131:6824/37079] -- osd_map(18..18 src has 1..18) v4 -- 0x558c5524db00 con 0x558c54c64400
2019-12-07T19:33:55.616+0000 7f8f0297e700 10 osd.7 18 maybe_share_map con 0x558c54c64400 v2:172.21.15.131:6822/37079 map epoch 17 -> 18 (shared)
2019-12-07T19:33:55.616+0000 7f8f0297e700 1 -- [v2:172.21.15.109:6826/36939,v1:172.21.15.109:6827/36939] --> [v2:172.21.15.131:6822/37079,v1:172.21.15.131:6824/37079] -- pg_query2(1.4s1 1.4s1 query(info 0'0 epoch_sent 18) e18/18) v1 -- 0x558c54d2c000 con 0x558c54c64400
2019-12-07T19:33:55.616+0000 7f8f0297e700 1 -- [v2:172.21.15.109:6826/36939,v1:172.21.15.109:6827/36939] --> [v2:172.21.15.131:6823/37078,v1:172.21.15.131:6825/37078] -- pg_query2(1.4s2 1.4s2 query(info 0'0 epoch_sent 18) e18/18) v1 -- 0x558c54d2c280 con 0x558c54c64000
2019-12-07T19:33:55.616+0000 7f8f0297e700 1 -- [v2:172.21.15.109:6826/36939,v1:172.21.15.109:6827/36939] --> [v2:172.21.15.131:6804/37077,v1:172.21.15.131:6805/37077] -- pg_query2(1.4s4 1.4s4 query(info 0'0 epoch_sent 18) e18/18) v1 -- 0x558c54d2c500 con 0x558c54c19800
2019-12-07T19:33:55.616+0000 7f8f0297e700 10 osd.7 18 send_incremental_map 17 -> 18 to 0x558c54c5b400 v2:172.21.15.109:6810/36938
2019-12-07T19:33:55.616+0000 7f8f0297e700 1 -- [v2:172.21.15.109:6826/36939,v1:172.21.15.109:6827/36939] --> [v2:172.21.15.109:6810/36938,v1:172.21.15.109:6811/36938] -- osd_map(18..18 src has 1..18) v4 -- 0x558c54d2e000 con 0x558c54c5b400
2019-12-07T19:33:55.616+0000 7f8f0297e700 10 osd.7 18 maybe_share_map con 0x558c54c5b400 v2:172.21.15.109:6810/36938 map epoch 17 -> 18 (shared)
2019-12-07T19:33:55.616+0000 7f8f0297e700 1 -- [v2:172.21.15.109:6826/36939,v1:172.21.15.109:6827/36939] --> [v2:172.21.15.109:6810/36938,v1:172.21.15.109:6811/36938] -- pg_query2(1.4s5 1.4s5 query(info 0'0 epoch_sent 18) e18/18) v1 -- 0x558c54d2c780 con 0x558c54c5b400
2019-12-07T19:33:55.616+0000 7f8f0297e700 10 osd.7 18 send_incremental_map 17 -> 18 to 0x558c54c19c00 v2:172.21.15.109:6802/36936
2019-12-07T19:33:55.616+0000 7f8f0297e700 1 -- [v2:172.21.15.109:6826/36939,v1:172.21.15.109:6827/36939] --> [v2:172.21.15.109:6802/36936,v1:172.21.15.109:6803/36936] -- osd_map(18..18 src has 1..18) v4 -- 0x558c54d2e240 con 0x558c54c19c00
2019-12-07T19:33:55.616+0000 7f8f0297e700 10 osd.7 18 maybe_share_map con 0x558c54c19c00 v2:172.21.15.109:6802/36936 map epoch 17 -> 18 (shared)
2019-12-07T19:33:55.616+0000 7f8f0297e700 1 -- [v2:172.21.15.109:6826/36939,v1:172.21.15.109:6827/36939] --> [v2:172.21.15.109:6802/36936,v1:172.21.15.109:6803/36936] -- pg_query2(1.4s3 1.4s3 query(info 0'0 epoch_sent 18) e18/18) v1 -- 0x558c54d2ca00 con 0x558c54c19c00
2019-12-07T19:33:55.616+0000 7f8f0297e700 10 bluestore(/var/lib/ceph/osd/ceph-7) queue_transactions ch 0x558c54d0f0e0 1.4s0_head
2019-12-07T19:33:55.616+0000 7f8f0297e700 20 bluestore(/var/lib/ceph/osd/ceph-7) _txc_create osr 0x558c5525f540 = 0x558c54d20c00 seq 1
2019-12-07T19:33:55.616+0000 7f8f0297e700 15 bluestore(/var/lib/ceph/osd/ceph-7) _create_collection 1.4s0_head bits 4
2019-12-07T19:33:55.616+0000 7f8f0297e700 10 bluestore(/var/lib/ceph/osd/ceph-7) _create_collection 1.4s0_head bits 4 = 0
2019-12-07T19:33:55.616+0000 7f8f0297e700 10 bluestore(/var/lib/ceph/osd/ceph-7) _txc_add_transaction collection hint objects is a no-op, pg_num 16 num_objects 0
2019-12-07T19:33:55.616+0000 7f8f0297e700 20 bluestore(/var/lib/ceph/osd/ceph-7).collection(1.4s0_head 0x558c54d0f0e0) get_onode oid 0#1:20000000::::head# key 0x8080000000000000012000000021213dfffffffffffffffeffffffffffffffff'o'
2019-12-07T19:33:55.616+0000 7f8f0297e700 20 bluestore(/var/lib/ceph/osd/ceph-7).collection(1.4s0_head 0x558c54d0f0e0) r -2 v.len 0
2019-12-07T19:33:55.616+0000 7f8f0297e700 15 bluestore(/var/lib/ceph/osd/ceph-7) _touch 1.4s0_head 0#1:20000000::::head#
2019-12-07T19:33:55.616+0000 7f8f0297e700 20 bluestore(/var/lib/ceph/osd/ceph-7) _assign_nid 1065
2019-12-07T19:33:55.616+0000 7f8f0297e700 10 bluestore(/var/lib/ceph/osd/ceph-7) _touch 1.4s0_head 0#1:20000000::::head# = 0
2019-12-07T19:33:55.616+0000 7f8f0297e700 15 bluestore(/var/lib/ceph/osd/ceph-7) _omap_setkeys 1.4s0_head 0#1:20000000::::head#
2019-12-07T19:33:55.616+0000 7f8f0297e700 20 bluestore(/var/lib/ceph/osd/ceph-7) _omap_setkeys 0x0000000000000429'._infover' <- _infover
2019-12-07T19:33:55.616+0000 7f8f0297e700 10 bluestore(/var/lib/ceph/osd/ceph-7) _omap_setkeys 1.4s0_head 0#1:20000000::::head# = 0
2019-12-07T19:33:55.616+0000 7f8f0297e700 15 bluestore(/var/lib/ceph/osd/ceph-7) _touch 1.4s0_head 0#1:20000000::::head#
2019-12-07T19:33:55.616+0000 7f8f0297e700 10 bluestore(/var/lib/ceph/osd/ceph-7) _touch 1.4s0_head 0#1:20000000::::head# = 0
2019-12-07T19:33:55.616+0000 7f8f0297e700 15 bluestore(/var/lib/ceph/osd/ceph-7) _omap_setkeys 1.4s0_head 0#1:20000000::::head#
2019-12-07T19:33:55.616+0000 7f8f0297e700 20 bluestore(/var/lib/ceph/osd/ceph-7) _omap_setkeys 0x0000000000000429'._biginfo' <- _biginfo
2019-12-07T19:33:55.616+0000 7f8f0297e700 20 bluestore(/var/lib/ceph/osd/ceph-7) _omap_setkeys 0x0000000000000429'._epoch' <- _epoch
2019-12-07T19:33:55.616+0000 7f8f0297e700 20 bluestore(/var/lib/ceph/osd/ceph-7) _omap_setkeys 0x0000000000000429'._info' <- _info
2019-12-07T19:33:55.616+0000 7f8f0297e700 20 bluestore(/var/lib/ceph/osd/ceph-7) _omap_setkeys 0x0000000000000429'.can_rollback_to' <- can_rollback_to
2019-12-07T19:33:55.616+0000 7f8f0297e700 20 bluestore(/var/lib/ceph/osd/ceph-7) _omap_setkeys 0x0000000000000429'.may_include_deletes_in_missing' <- may_include_deletes_in_missing
2019-12-07T19:33:55.616+0000 7f8f0297e700 20 bluestore(/var/lib/ceph/osd/ceph-7) _omap_setkeys 0x0000000000000429'.rollback_info_trimmed_to' <- rollback_info_trimmed_to
2019-12-07T19:33:55.616+0000 7f8f0297e700 10 bluestore(/var/lib/ceph/osd/ceph-7) _omap_setkeys 1.4s0_head 0#1:20000000::::head# = 0
2019-12-07T19:33:55.616+0000 7f8f0297e700 10 bluestore(/var/lib/ceph/osd/ceph-7) _txc_calc_cost 0x558c54d20c00 cost 5773 (1 ios * 4000 + 1773 bytes)
2019-12-07T19:33:55.616+0000 7f8f0297e700 20 bluestore(/var/lib/ceph/osd/ceph-7) _txc_write_nodes txc 0x558c54d20c00 onodes 0x558c54d2cc80 shared_blobs
2019-12-07T19:33:55.616+0000 7f8f0297e700 20 bluestore.extentmap(0x558c54d2cd88) update 0#1:20000000::::head#
2019-12-07T19:33:55.616+0000 7f8f0297e700 20 bluestore.extentmap(0x558c54d2cd88) update inline shard 2 bytes from 0 extents
2019-12-07T19:33:55.616+0000 7f8f0297e700 20 bluestore(/var/lib/ceph/osd/ceph-7) _record_onode onode 0#1:20000000::::head# is 29 (21 bytes onode + 2 bytes spanning blobs + 6 bytes inline extents)
2019-12-07T19:33:55.616+0000 7f8f0297e700 20 bluestore(/var/lib/ceph/osd/ceph-7) _txc_finalize_kv txc 0x558c54d20c00 allocated 0x[] released 0x[]
2019-12-07T19:33:55.616+0000 7f8f0297e700 10 bluestore(/var/lib/ceph/osd/ceph-7) _txc_state_proc txc 0x558c54d20c00 prepare
2019-12-07T19:33:55.616+0000 7f8f0297e700 20 bluestore(/var/lib/ceph/osd/ceph-7) _txc_finish_io 0x558c54d20c00
2019-12-07T19:33:55.616+0000 7f8f0297e700 10 bluestore(/var/lib/ceph/osd/ceph-7) _txc_state_proc txc 0x558c54d20c00 io_done
2019-12-07T19:33:55.616+0000 7f8f149a2700 20 bluestore(/var/lib/ceph/osd/ceph-7) _kv_sync_thread wake
2019-12-07T19:33:55.616+0000 7f8f149a2700 20 bluestore(/var/lib/ceph/osd/ceph-7) _kv_sync_thread committing 1 submitting 1 deferred done 0 stable 0
2019-12-07T19:33:55.616+0000 7f8f0297e700 10 osd.7 18 handle_pg_create_info new pg pg[1.4s0( empty local-lis/les=0/0 n=0 ec=18/18 lis/c=0/0 les/c/f=0/0/0 sis=18) [7,0,1,5,2,4]p7(0) r=0 lpr=18 crt=0'0 mlcod 0'0 creating+peering mbc={}]
2019-12-07T19:33:55.616+0000 7f8f0297e700 10 osd.7:4._attach_pg 1.4s0 0x558c548ab000
2019-12-07T19:33:55.616+0000 7f8f0297e700 20 osd.7:4._wake_pg_slot _wake_pg_slot 1.4s0 to_process <> waiting <> waiting_peering {}
2019-12-07T19:33:55.616+0000 7f8f0297e700 20 osd.7 18 identify_splits_and_merges 1.4s0 e18 to e18 pg_nums {18=16}
2019-12-07T19:33:55.616+0000 7f8f149a2700 10 bluefs _flush 0x558c54ea43c0 ignoring, length 1366 < min_flush_size 524288
2019-12-07T19:33:55.616+0000 7f8f0297e700 10 osd.7:4._prime_splits
2019-12-07T19:33:55.616+0000 7f8f149a2700 20 bluestore(/var/lib/ceph/osd/ceph-7) _txc_apply_kv onode 0x558c54d2cc80 had 1
2019-12-07T19:33:55.616+0000 7f8f0297e700 10 osd.7 pg_epoch: 18 pg[1.4s0( empty local-lis/les=0/0 n=0 ec=18/18 lis/c=0/0 les/c/f=0/0/0 sis=18) [7,0,1,5,2,4]p7(0) r=0 lpr=18 crt=0'0 mlcod 0'0 creating+peering mbc={}] do_peering_event: epoch_sent: 18 epoch_requested: 18 NullEvt +create_info
2019-12-07T19:33:55.616+0000 7f8f149a2700 10 bluefs _flush 0x558c54ea43c0 ignoring, length 1389 < min_flush_size 524288
2019-12-07T19:33:55.616+0000 7f8f149a2700 10 bluefs _flush 0x558c54ea43c0 ignoring, length 1389 < min_flush_size 524288
