2020-03-28T16:17:03.758+0000 7f950c545700 1 --2- >> [v2:172.21.15.172:3300/0,v1:172.21.15.172:6789/0] conn(0x7f9504063e40 0x7f9504064260 unknown :-1 s=NONE pgs=0 cs=0 l=0 rx=0 tx=0).connect
2020-03-28T16:17:03.764 INFO:teuthology.orchestra.run.smithi172.stderr:DEBUG:cephadm:/usr/bin/ceph:stderr
2020-03-28T16:17:03.758+0000 7f950c545700 1 -- --> [v2:172.21.15.172:3300/0,v1:172.21.15.172:6789/0] -- mon_getmap magic: 0 v1 -- 0x7f9504064750 con 0x7f9504063e40
2020-03-28T16:17:03.764 INFO:teuthology.orchestra.run.smithi172.stderr:DEBUG:cephadm:/usr/bin/ceph:stderr
2020-03-28T16:17:03.758+0000 7f950aae2700 1 --2- >> [v2:172.21.15.172:3300/0,v1:172.21.15.172:6789/0] conn(0x7f9504063e40 0x7f9504064260 unknown :-1 s=BANNER_CONNECTING pgs=0 cs=0 l=0 rx=0 tx=0)._handle_peer_banner_payload supported=0 required=0
2020-03-28T16:17:03.765 INFO:teuthology.orchestra.run.smithi172.stderr:DEBUG:cephadm:/usr/bin/ceph:stderr
2020-03-28T16:17:03.758+0000 7f950aae2700 1 --2- >> [v2:172.21.15.172:3300/0,v1:172.21.15.172:6789/0] conn(0x7f9504063e40 0x7f9504064260 unknown :-1 s=HELLO_CONNECTING pgs=0 cs=0 l=0 rx=0 tx=0).handle_hello peer v2:172.21.15.172:3300/0 says I am v2:172.21.15.172:39314/0 (socket says 172.21.15.172:39314)
2020-03-28T16:17:03.765 INFO:teuthology.orchestra.run.smithi172.stderr:DEBUG:cephadm:/usr/bin/ceph:stderr
2020-03-28T16:17:03.758+0000 7f950aae2700 1 -- 172.21.15.172:0/4255865753 learned_addr learned my addr 172.21.15.172:0/4255865753 (peer_addr_for_me v2:172.21.15.172:0/0)
2020-03-28T16:17:03.765 INFO:teuthology.orchestra.run.smithi172.stderr:DEBUG:cephadm:/usr/bin/ceph:stderr
2020-03-28T16:17:03.758+0000 7f950aae2700 1 -- 172.21.15.172:0/4255865753 --> [v2:172.21.15.172:3300/0,v1:172.21.15.172:6789/0] -- mon_subscribe({config=0+,monmap=0+}) v3 -- 0x7f9504064f70 con 0x7f9504063e40
2020-03-28T16:17:03.765 INFO:teuthology.orchestra.run.smithi172.stderr:DEBUG:cephadm:/usr/bin/ceph:stderr
2020-03-28T16:17:03.758+0000 7f950aae2700 1 --2- 172.21.15.172:0/4255865753 >> [v2:172.21.15.172:3300/0,v1:172.21.15.172:6789/0] conn(0x7f9504063e40 0x7f9504064260 secure :-1 s=AUTH_CONNECTING_SIGN pgs=0 cs=0 l=0 rx=0x7f94f40032b0 tx=0x7f94f4007dc0).handle_read_frame_epilogue_main read frame epilogue bytes=32
2020-03-28T16:17:03.767 INFO:teuthology.orchestra.run.smithi172.stderr:DEBUG:cephadm:/usr/bin/ceph:stderr
2020-03-28T16:17:03.758+0000 7f950aae2700 1 --2- 172.21.15.172:0/4255865753 >> [v2:172.21.15.172:3300/0,v1:172.21.15.172:6789/0] conn(0x7f9504063e40 0x7f9504064260 secure :-1 s=SESSION_CONNECTING pgs=0 cs=0 l=0 rx=0x7f94f40032b0 tx=0x7f94f4007dc0).handle_read_frame_epilogue_main read frame epilogue bytes=32
2020-03-28T16:17:03.767 INFO:teuthology.orchestra.run.smithi172.stderr:DEBUG:cephadm:/usr/bin/ceph:stderr
2020-03-28T16:17:03.758+0000 7f950aae2700 1 --2- 172.21.15.172:0/4255865753 >> [v2:172.21.15.172:3300/0,v1:172.21.15.172:6789/0] conn(0x7f9504063e40 0x7f9504064260 secure :-1 s=READY pgs=3 cs=0 l=1 rx=0x7f94f40032b0 tx=0x7f94f4007dc0).ready entity=mon.0 client_cookie=6e9460cfe47025cc server_cookie=0 in_seq=0 out_seq=0
2020-03-28T16:17:03.767 INFO:teuthology.orchestra.run.smithi172.stderr:DEBUG:cephadm:/usr/bin/ceph:stderr
2020-03-28T16:17:03.758+0000 7f950aae2700 1 --2- 172.21.15.172:0/4255865753 >> [v2:172.21.15.172:3300/0,v1:172.21.15.172:6789/0] conn(0x7f9504063e40 0x7f9504064260 secure :-1 s=THROTTLE_DONE pgs=3 cs=0 l=1 rx=0x7f94f40032b0 tx=0x7f94f4007dc0).handle_read_frame_epilogue_main read frame epilogue bytes=32
2020-03-28T16:17:03.767 INFO:teuthology.orchestra.run.smithi172.stderr:DEBUG:cephadm:/usr/bin/ceph:stderr
2020-03-28T16:17:03.758+0000 7f950aae2700 1 --2- 172.21.15.172:0/4255865753 >> [v2:172.21.15.172:3300/0,v1:172.21.15.172:6789/0] conn(0x7f9504063e40 0x7f9504064260 secure :-1 s=THROTTLE_DONE pgs=3 cs=0 l=1 rx=0x7f94f40032b0 tx=0x7f94f4007dc0).handle_read_frame_epilogue_main read frame epilogue bytes=32
2020-03-28T16:17:03.767 INFO:teuthology.orchestra.run.smithi172.stderr:DEBUG:cephadm:/usr/bin/ceph:stderr
2020-03-28T16:17:03.758+0000 7f950aae2700 1 --2- 172.21.15.172:0/4255865753 >> [v2:172.21.15.172:3300/0,v1:172.21.15.172:6789/0] conn(0x7f9504063e40 0x7f9504064260 secure :-1 s=THROTTLE_DONE pgs=3 cs=0 l=1 rx=0x7f94f40032b0 tx=0x7f94f4007dc0).handle_read_frame_epilogue_main read frame epilogue bytes=32
2020-03-28T16:17:03.768 INFO:teuthology.orchestra.run.smithi172.stderr:DEBUG:cephadm:/usr/bin/ceph:stderr
2020-03-28T16:17:03.758+0000 7f9509ae0700 1 -- 172.21.15.172:0/4255865753 <== mon.0 v2:172.21.15.172:3300/0 1 ==== mon_map magic: 0 v1 ==== 183+0+0 (secure 0 0 0) 0x7f94f4011e00 con 0x7f9504063e40
2020-03-28T16:17:03.768 INFO:teuthology.orchestra.run.smithi172.stderr:DEBUG:cephadm:/usr/bin/ceph:stderr
2020-03-28T16:17:03.758+0000 7f9509ae0700 1 -- 172.21.15.172:0/4255865753 <== mon.0 v2:172.21.15.172:3300/0 2 ==== config(0 keys) v1 ==== 4+0+0 (secure 0 0 0) 0x7f94f400a160 con 0x7f9504063e40
2020-03-28T16:17:03.768 INFO:teuthology.orchestra.run.smithi172.stderr:DEBUG:cephadm:/usr/bin/ceph:stderr
2020-03-28T16:17:03.758+0000 7f9509ae0700 1 -- 172.21.15.172:0/4255865753 <== mon.0 v2:172.21.15.172:3300/0 3 ==== mon_map magic: 0 v1 ==== 183+0+0 (secure 0 0 0) 0x7f94f400a480 con 0x7f9504063e40
2020-03-28T16:17:03.768 INFO:teuthology.orchestra.run.smithi172.stderr:DEBUG:cephadm:/usr/bin/ceph:stderr
2020-03-28T16:17:03.758+0000 7f950c545700 1 -- 172.21.15.172:0/4255865753 >> [v2:172.21.15.172:3300/0,v1:172.21.15.172:6789/0] conn(0x7f9504063e40 msgr2=0x7f9504064260 secure :-1 s=STATE_CONNECTION_ESTABLISHED l=1).mark_down
2020-03-28T16:17:03.768 INFO:teuthology.orchestra.run.smithi172.stderr:DEBUG:cephadm:/usr/bin/ceph:stderr
2020-03-28T16:17:03.758+0000 7f950c545700 1 --2- 172.21.15.172:0/4255865753 >> [v2:172.21.15.172:3300/0,v1:172.21.15.172:6789/0] conn(0x7f9504063e40 0x7f9504064260 secure :-1 s=READY pgs=3 cs=0 l=1 rx=0x7f94f40032b0 tx=0x7f94f4007dc0).stop
2020-03-28T16:17:03.768 INFO:teuthology.orchestra.run.smithi172.stderr:DEBUG:cephadm:/usr/bin/ceph:stderr
2020-03-28T16:17:03.758+0000 7f950c545700 1 -- 172.21.15.172:0/4255865753 shutdown_connections
2020-03-28T16:17:03.769 INFO:teuthology.orchestra.run.smithi172.stderr:DEBUG:cephadm:/usr/bin/ceph:stderr
2020-03-28T16:17:03.758+0000 7f950c545700 1 --2- 172.21.15.172:0/4255865753 >> [v2:172.21.15.172:3300/0,v1:172.21.15.172:6789/0] conn(0x7f9504063e40 0x7f9504064260 unknown :-1 s=CLOSED pgs=3 cs=0 l=1 rx=0 tx=0).stop
2020-03-28T16:17:03.769 INFO:teuthology.orchestra.run.smithi172.stderr:DEBUG:cephadm:/usr/bin/ceph:stderr
2020-03-28T16:17:03.758+0000 7f950c545700 1 -- 172.21.15.172:0/4255865753 >> 172.21.15.172:0/4255865753 conn(0x7f950405f5a0 msgr2=0x7f95040619c0 unknown :-1 s=STATE_NONE l=0).mark_down
2020-03-28T16:17:03.769 INFO:teuthology.orchestra.run.smithi172.stderr:DEBUG:cephadm:/usr/bin/ceph:stderr
2020-03-28T16:17:03.758+0000 7f950c545700 1 -- 172.21.15.172:0/4255865753 shutdown_connections
2020-03-28T16:17:03.769 INFO:teuthology.orchestra.run.smithi172.stderr:DEBUG:cephadm:/usr/bin/ceph:stderr
2020-03-28T16:17:03.758+0000 7f950c545700 1 -- 172.21.15.172:0/4255865753 wait complete.
2020-03-28T16:17:03.769 INFO:teuthology.orchestra.run.smithi172.stderr:DEBUG:cephadm:/usr/bin/ceph:stderr
2020-03-28T16:17:03.762+0000 7f950c545700 1 Processor -- start
2020-03-28T16:17:03.769 INFO:teuthology.orchestra.run.smithi172.stderr:DEBUG:cephadm:/usr/bin/ceph:stderr
2020-03-28T16:17:03.762+0000 7f950c545700 1 -- start start
2020-03-28T16:17:03.769 INFO:teuthology.orchestra.run.smithi172.stderr:DEBUG:cephadm:/usr/bin/ceph:stderr
2020-03-28T16:17:03.762+0000 7f950c545700 1 --2- >> [v2:172.21.15.172:3300/0,v1:172.21.15.172:6789/0] conn(0x7f9504063e40 0x7f95040791f0 unknown :-1 s=NONE pgs=0 cs=0 l=1 rx=0 tx=0).connect
2020-03-28T16:17:03.769 INFO:teuthology.orchestra.run.smithi172.stderr:DEBUG:cephadm:/usr/bin/ceph:stderr
2020-03-28T16:17:03.762+0000 7f950c545700 1 -- --> [v2:172.21.15.172:3300/0,v1:172.21.15.172:6789/0] -- mon_getmap magic: 0 v1 -- 0x7f95040796e0 con 0x7f9504063e40
2020-03-28T16:17:03.770 INFO:teuthology.orchestra.run.smithi172.stderr:DEBUG:cephadm:/usr/bin/ceph:stderr
2020-03-28T16:17:03.762+0000 7f950aae2700 1 --2- >> [v2:172.21.15.172:3300/0,v1:172.21.15.172:6789/0] conn(0x7f9504063e40 0x7f95040791f0 unknown :-1 s=BANNER_CONNECTING pgs=0 cs=0 l=1 rx=0 tx=0)._handle_peer_banner_payload supported=0 required=0
2020-03-28T16:17:03.770 INFO:teuthology.orchestra.run.smithi172.stderr:DEBUG:cephadm:/usr/bin/ceph:stderr
2020-03-28T16:17:03.762+0000 7f950aae2700 1 --2- >> [v2:172.21.15.172:3300/0,v1:172.21.15.172:6789/0] conn(0x7f9504063e40 0x7f95040791f0 unknown :-1 s=HELLO_CONNECTING pgs=0 cs=0 l=1 rx=0 tx=0).handle_hello peer v2:172.21.15.172:3300/0 says I am v2:172.21.15.172:39316/0 (socket says 172.21.15.172:39316)
2020-03-28T16:17:03.770 INFO:teuthology.orchestra.run.smithi172.stderr:DEBUG:cephadm:/usr/bin/ceph:stderr
2020-03-28T16:17:03.762+0000 7f950aae2700 1 -- 172.21.15.172:0/2630958333 learned_addr learned my addr 172.21.15.172:0/2630958333 (peer_addr_for_me v2:172.21.15.172:0/0)
2020-03-28T16:17:03.770 INFO:teuthology.orchestra.run.smithi172.stderr:DEBUG:cephadm:/usr/bin/ceph:stderr
2020-03-28T16:17:03.762+0000 7f950aae2700 1 -- 172.21.15.172:0/2630958333 --> [v2:172.21.15.172:3300/0,v1:172.21.15.172:6789/0] -- mon_subscribe({config=0+,monmap=0+}) v3 -- 0x7f9504079820 con 0x7f9504063e40
2020-03-28T16:17:03.770 INFO:teuthology.orchestra.run.smithi172.stderr:DEBUG:cephadm:/usr/bin/ceph:stderr
2020-03-28T16:17:03.762+0000 7f950aae2700 1 --2- 172.21.15.172:0/2630958333 >> [v2:172.21.15.172:3300/0,v1:172.21.15.172:6789/0] conn(0x7f9504063e40 0x7f95040791f0 secure :-1 s=AUTH_CONNECTING_SIGN pgs=0 cs=0 l=1 rx=0x7f94f40032b0 tx=0x7f94f4007dc0).handle_read_frame_epilogue_main read frame epilogue bytes=32
2020-03-28T16:17:03.770 INFO:teuthology.orchestra.run.smithi172.stderr:DEBUG:cephadm:/usr/bin/ceph:stderr
2020-03-28T16:17:03.762+0000 7f950aae2700 1 --2- 172.21.15.172:0/2630958333 >> [v2:172.21.15.172:3300/0,v1:172.21.15.172:6789/0] conn(0x7f9504063e40 0x7f95040791f0 secure :-1 s=SESSION_CONNECTING pgs=0 cs=0 l=1 rx=0x7f94f40032b0 tx=0x7f94f4007dc0).handle_read_frame_epilogue_main read frame epilogue bytes=32
2020-03-28T16:17:03.770 INFO:teuthology.orchestra.run.smithi172.stderr:DEBUG:cephadm:/usr/bin/ceph:stderr
2020-03-28T16:17:03.762+0000 7f950aae2700 1 --2- 172.21.15.172:0/2630958333 >> [v2:172.21.15.172:3300/0,v1:172.21.15.172:6789/0] conn(0x7f9504063e40 0x7f95040791f0 secure :-1 s=READY pgs=4 cs=0 l=1 rx=0x7f94f40032b0 tx=0x7f94f4007dc0).ready entity=mon.0 client_cookie=0 server_cookie=0 in_seq=0 out_seq=0
2020-03-28T16:17:03.771 INFO:teuthology.orchestra.run.smithi172.stderr:DEBUG:cephadm:/usr/bin/ceph:stderr
2020-03-28T16:17:03.762+0000 7f950aae2700 1 --2- 172.21.15.172:0/2630958333 >> [v2:172.21.15.172:3300/0,v1:172.21.15.172:6789/0] conn(0x7f9504063e40 0x7f95040791f0 secure :-1 s=THROTTLE_DONE pgs=4 cs=0 l=1 rx=0x7f94f40032b0 tx=0x7f94f4007dc0).handle_read_frame_epilogue_main read frame epilogue bytes=32
2020-03-28T16:17:03.771 INFO:teuthology.orchestra.run.smithi172.stderr:DEBUG:cephadm:/usr/bin/ceph:stderr
2020-03-28T16:17:03.762+0000 7f950aae2700 1 --2- 172.21.15.172:0/2630958333 >> [v2:172.21.15.172:3300/0,v1:172.21.15.172:6789/0] conn(0x7f9504063e40 0x7f95040791f0 secure :-1 s=THROTTLE_DONE pgs=4 cs=0 l=1 rx=0x7f94f40032b0 tx=0x7f94f4007dc0).handle_read_frame_epilogue_main read frame epilogue bytes=32
2020-03-28T16:17:03.771 INFO:teuthology.orchestra.run.smithi172.stderr:DEBUG:cephadm:/usr/bin/ceph:stderr
2020-03-28T16:17:03.762+0000 7f9503fff700 1 -- 172.21.15.172:0/2630958333 <== mon.0 v2:172.21.15.172:3300/0 1 ==== mon_map magic: 0 v1 ==== 183+0+0 (secure 0 0 0) 0x7f94f4005b70 con 0x7f9504063e40
2020-03-28T16:17:03.771 INFO:teuthology.orchestra.run.smithi172.stderr:DEBUG:cephadm:/usr/bin/ceph:stderr
2020-03-28T16:17:03.762+0000 7f950aae2700 1 --2- 172.21.15.172:0/2630958333 >> [v2:172.21.15.172:3300/0,v1:172.21.15.172:6789/0] conn(0x7f9504063e40 0x7f95040791f0 secure :-1 s=THROTTLE_DONE pgs=4 cs=0 l=1 rx=0x7f94f40032b0 tx=0x7f94f4007dc0).handle_read_frame_epilogue_main read frame epilogue bytes=32
2020-03-28T16:17:03.771 INFO:teuthology.orchestra.run.smithi172.stderr:DEBUG:cephadm:/usr/bin/ceph:stderr
2020-03-28T16:17:03.762+0000 7f9503fff700 1 -- 172.21.15.172:0/2630958333 <== mon.0 v2:172.21.15.172:3300/0 2 ==== config(0 keys) v1 ==== 4+0+0 (secure 0 0 0) 0x7f94f4005cd0 con 0x7f9504063e40
2020-03-28T16:17:03.771 INFO:teuthology.orchestra.run.smithi172.stderr:DEBUG:cephadm:/usr/bin/ceph:stderr
2020-03-28T16:17:03.762+0000 7f950c545700 1 -- 172.21.15.172:0/2630958333 --> [v2:172.21.15.172:3300/0,v1:172.21.15.172:6789/0] -- mon_subscribe({mgrmap=0+}) v3 -- 0x7f9504079ad0 con 0x7f9504063e40
2020-03-28T16:17:03.771 INFO:teuthology.orchestra.run.smithi172.stderr:DEBUG:cephadm:/usr/bin/ceph:stderr
2020-03-28T16:17:03.762+0000 7f9503fff700 1 -- 172.21.15.172:0/2630958333 <== mon.0 v2:172.21.15.172:3300/0 3 ==== mon_map magic: 0 v1 ==== 183+0+0 (secure 0 0 0) 0x7f94f400f570 con 0x7f9504063e40
2020-03-28T16:17:03.772 INFO:teuthology.orchestra.run.smithi172.stderr:DEBUG:cephadm:/usr/bin/ceph:stderr
2020-03-28T16:17:03.762+0000 7f950c545700 1 -- 172.21.15.172:0/2630958333 --> [v2:172.21.15.172:3300/0,v1:172.21.15.172:6789/0] -- mon_subscribe({osdmap=0}) v3 -- 0x7f950407c850 con 0x7f9504063e40
2020-03-28T16:17:03.772 INFO:teuthology.orchestra.run.smithi172.stderr:DEBUG:cephadm:/usr/bin/ceph:stderr
2020-03-28T16:17:03.762+0000 7f950aae2700 1 --2- 172.21.15.172:0/2630958333 >> [v2:172.21.15.172:3300/0,v1:172.21.15.172:6789/0] conn(0x7f9504063e40 0x7f95040791f0 secure :-1 s=THROTTLE_DONE pgs=4 cs=0 l=1 rx=0x7f94f40032b0 tx=0x7f94f4007dc0).handle_read_frame_epilogue_main read frame epilogue bytes=32
2020-03-28T16:17:03.772 INFO:teuthology.orchestra.run.smithi172.stderr:DEBUG:cephadm:/usr/bin/ceph:stderr
2020-03-28T16:17:03.762+0000 7f9503fff700 1 -- 172.21.15.172:0/2630958333 <== mon.0 v2:172.21.15.172:3300/0 4 ==== mgrmap(e 1) v1 ==== 360+0+0 (secure 0 0 0) 0x7f94f400fa90 con 0x7f9504063e40
2020-03-28T16:17:03.772 INFO:teuthology.orchestra.run.smithi172.stderr:DEBUG:cephadm:/usr/bin/ceph:stderr
2020-03-28T16:17:03.762+0000 7f950aae2700 1 --2- 172.21.15.172:0/2630958333 >> [v2:172.21.15.172:3300/0,v1:172.21.15.172:6789/0] conn(0x7f9504063e40 0x7f95040791f0 secure :-1 s=THROTTLE_DONE pgs=4 cs=0 l=1 rx=0x7f94f40032b0 tx=0x7f94f4007dc0).handle_read_frame_epilogue_main read frame epilogue bytes=32
2020-03-28T16:17:03.772 INFO:teuthology.orchestra.run.smithi172.stderr:DEBUG:cephadm:/usr/bin/ceph:stderr
2020-03-28T16:17:03.762+0000 7f9503fff700 1 -- 172.21.15.172:0/2630958333 <== mon.0 v2:172.21.15.172:3300/0 5 ==== osd_map(1..1 src has 1..1) v4 ==== 754+0+0 (secure 0 0 0) 0x7f94f4007870 con 0x7f9504063e40
2020-03-28T16:17:03.772 INFO:teuthology.orchestra.run.smithi172.stderr:DEBUG:cephadm:/usr/bin/ceph:stderr
2020-03-28T16:17:03.766+0000 7f950c545700 1 -- 172.21.15.172:0/2630958333 --> [v2:172.21.15.172:3300/0,v1:172.21.15.172:6789/0] -- mon_command({"prefix": "get_command_descriptions"} v 0) v1 -- 0x7f9504056cb0 con 0x7f9504063e40
2020-03-28T16:17:03.773 INFO:teuthology.orchestra.run.smithi172.stderr:DEBUG:cephadm:/usr/bin/ceph:stderr
2020-03-28T16:17:03.770+0000 7f950aae2700 1 --2- 172.21.15.172:0/2630958333 >> [v2:172.21.15.172:3300/0,v1:172.21.15.172:6789/0] conn(0x7f9504063e40 0x7f95040791f0 secure :-1 s=THROTTLE_DONE pgs=4 cs=0 l=1 rx=0x7f94f40032b0 tx=0x7f94f4007dc0).handle_read_frame_epilogue_main read frame epilogue bytes=32
2020-03-28T16:17:03.773 INFO:teuthology.orchestra.run.smithi172.stderr:DEBUG:cephadm:/usr/bin/ceph:stderr
2020-03-28T16:17:03.770+0000 7f9503fff700 1 -- 172.21.15.172:0/2630958333 <== mon.0 v2:172.21.15.172:3300/0 6 ==== mon_command_ack([{"prefix": "get_command_descriptions"}]=0 v0) v1 ==== 72+0+67700 (secure 0 0 0) 0x7f94f400c680 con 0x7f9504063e40
2020-03-28T16:17:03.899 INFO:teuthology.orchestra.run.smithi172.stderr:DEBUG:cephadm:/usr/bin/ceph:stderr
2020-03-28T16:17:03.898+0000 7f950c545700 1 -- 172.21.15.172:0/2630958333 --> [v2:172.21.15.172:3300/0,v1:172.21.15.172:6789/0] -- mon_command({"prefix": "config assimilate-conf"} v 0) v1 -- 0x7f9504079c60 con 0x7f9504063e40
2020-03-28T16:17:03.904 INFO:teuthology.orchestra.run.smithi172.stderr:DEBUG:cephadm:/usr/bin/ceph:stderr
2020-03-28T16:17:03.902+0000 7f950aae2700 1 --2- 172.21.15.172:0/2630958333 >> [v2:172.21.15.172:3300/0,v1:172.21.15.172:6789/0] conn(0x7f9504063e40 0x7f95040791f0 secure :-1 s=THROTTLE_DONE pgs=4 cs=0 l=1 rx=0x7f94f40032b0 tx=0x7f94f4007dc0).handle_read_frame_epilogue_main read frame epilogue bytes=32
2020-03-28T16:17:03.904 INFO:teuthology.orchestra.run.smithi172.stderr:DEBUG:cephadm:/usr/bin/ceph:stderr
2020-03-28T16:17:03.902+0000 7f9503fff700 1 -- 172.21.15.172:0/2630958333 <== mon.0 v2:172.21.15.172:3300/0 7 ==== config(23 keys) v1 ==== 958+0+0 (secure 0 0 0) 0x7f94f400e900 con 0x7f9504063e40
2020-03-28T16:17:03.905 INFO:teuthology.orchestra.run.smithi172.stderr:DEBUG:cephadm:/usr/bin/ceph:stderr
2020-03-28T16:17:03.902+0000 7f950aae2700 1 --2- 172.21.15.172:0/2630958333 >> [v2:172.21.15.172:3300/0,v1:172.21.15.172:6789/0] conn(0x7f9504063e40 0x7f95040791f0 secure :-1 s=THROTTLE_DONE pgs=4 cs=0 l=1 rx=0x7f94f40032b0 tx=0x7f94f4007dc0).handle_read_frame_epilogue_main read frame epilogue bytes=32
2020-03-28T16:17:03.905 INFO:teuthology.orchestra.run.smithi172.stderr:DEBUG:cephadm:/usr/bin/ceph:stderr
2020-03-28T16:17:03.902+0000 7f9503fff700 1 -- 172.21.15.172:0/2630958333 <== mon.0 v2:172.21.15.172:3300/0 8 ==== mon_command_ack([{"prefix": "config assimilate-conf"}]=0 v2) v1 ==== 70+0+340 (secure 0 0 0) 0x7f94f400cd20 con 0x7f9504063e40
2020-03-28T16:17:03.906 INFO:teuthology.orchestra.run.smithi172.stderr:DEBUG:cephadm:/usr/bin/ceph:stdout
2020-03-28T16:17:03.907 INFO:teuthology.orchestra.run.smithi172.stderr:DEBUG:cephadm:/usr/bin/ceph:stdout [global]
2020-03-28T16:17:03.907 INFO:teuthology.orchestra.run.smithi172.stderr:DEBUG:cephadm:/usr/bin/ceph:stdout fsid = 7762a3b6-710f-11ea-924b-001a4aab830c
2020-03-28T16:17:03.907 INFO:teuthology.orchestra.run.smithi172.stderr:DEBUG:cephadm:/usr/bin/ceph:stdout mon_host = [v2:172.21.15.172:3300,v1:172.21.15.172:6789]
2020-03-28T16:17:03.907 INFO:teuthology.orchestra.run.smithi172.stderr:DEBUG:cephadm:/usr/bin/ceph:stdout mon_osd_allow_pg_remap = true
2020-03-28T16:17:03.907 INFO:teuthology.orchestra.run.smithi172.stderr:DEBUG:cephadm:/usr/bin/ceph:stdout mon_osd_allow_primary_affinity = true
2020-03-28T16:17:03.907 INFO:teuthology.orchestra.run.smithi172.stderr:DEBUG:cephadm:/usr/bin/ceph:stdout mon_warn_on_no_sortbitwise = false
2020-03-28T16:17:03.908 INFO:teuthology.orchestra.run.smithi172.stderr:DEBUG:cephadm:/usr/bin/ceph:stdout osd_crush_chooseleaf_type = 0
2020-03-28T16:17:03.908 INFO:teuthology.orchestra.run.smithi172.stderr:DEBUG:cephadm:/usr/bin/ceph:stdout
2020-03-28T16:17:03.908 INFO:teuthology.orchestra.run.smithi172.stderr:DEBUG:cephadm:/usr/bin/ceph:stdout [mgr]
2020-03-28T16:17:03.908 INFO:teuthology.orchestra.run.smithi172.stderr:DEBUG:cephadm:/usr/bin/ceph:stdout mgr/telemetry/nag = false
2020-03-28T16:17:03.908 INFO:teuthology.orchestra.run.smithi172.stderr:DEBUG:cephadm:/usr/bin/ceph:stdout
2020-03-28T16:17:03.908 INFO:teuthology.orchestra.run.smithi172.stderr:DEBUG:cephadm:/usr/bin/ceph:stdout [osd]
2020-03-28T16:17:03.908 INFO:teuthology.orchestra.run.smithi172.stderr:DEBUG:cephadm:/usr/bin/ceph:stdout osd_map_max_advance = 10
2020-03-28T16:17:03.909 INFO:teuthology.orchestra.run.smithi172.stderr:DEBUG:cephadm:/usr/bin/ceph:stdout osd_sloppy_crc = true
2020-03-28T16:17:03.909 INFO:teuthology.orchestra.run.smithi172.stderr:DEBUG:cephadm:/usr/bin/ceph:stderr
2020-03-28T16:17:03.906+0000 7f950c545700 1 -- 172.21.15.172:0/2630958333 >> [v2:172.21.15.172:3300/0,v1:172.21.15.172:6789/0] conn(0x7f9504063e40 msgr2=0x7f95040791f0 secure :-1 s=STATE_CONNECTION_ESTABLISHED l=1).mark_down
2020-03-28T16:17:03.910 INFO:teuthology.orchestra.run.smithi172.stderr:DEBUG:cephadm:/usr/bin/ceph:stderr
2020-03-28T16:17:03.906+0000 7f950c545700 1 --2- 172.21.15.172:0/2630958333 >> [v2:172.21.15.172:3300/0,v1:172.21.15.172:6789/0] conn(0x7f9504063e40 0x7f95040791f0 secure :-1 s=READY pgs=4 cs=0 l=1 rx=0x7f94f40032b0 tx=0x7f94f4007dc0).stop
2020-03-28T16:17:03.910 INFO:teuthology.orchestra.run.smithi172.stderr:DEBUG:cephadm:/usr/bin/ceph:stderr
2020-03-28T16:17:03.906+0000 7f950c545700 1 -- 172.21.15.172:0/2630958333 shutdown_connections
2020-03-28T16:17:03.910 INFO:teuthology.orchestra.run.smithi172.stderr:DEBUG:cephadm:/usr/bin/ceph:stderr
2020-03-28T16:17:03.906+0000 7f950c545700 1 --2- 172.21.15.172:0/2630958333 >> [v2:172.21.15.172:3300/0,v1:172.21.15.172:6789/0] conn(0x7f9504063e40 0x7f95040791f0 unknown :-1 s=CLOSED pgs=4 cs=0 l=1 rx=0 tx=0).stop
2020-03-28T16:17:03.910 INFO:teuthology.orchestra.run.smithi172.stderr:DEBUG:cephadm:/usr/bin/ceph:stderr
2020-03-28T16:17:03.906+0000 7f950c545700 1 -- 172.21.15.172:0/2630958333 >> 172.21.15.172:0/2630958333 conn(0x7f950405f5a0 msgr2=0x7f9504062930 unknown :-1 s=STATE_NONE l=0).mark_down
2020-03-28T16:17:03.910 INFO:teuthology.orchestra.run.smithi172.stderr:DEBUG:cephadm:/usr/bin/ceph:stderr
2020-03-28T16:17:03.906+0000 7f950c545700 1 -- 172.21.15.172:0/2630958333 shutdown_connections
2020-03-28T16:17:03.910 INFO:teuthology.orchestra.run.smithi172.stderr:DEBUG:cephadm:/usr/bin/ceph:stderr
2020-03-28T16:17:03.906+0000 7f950c545700 1 -- 172.21.15.172:0/2630958333 wait complete.
2020-03-28T16:17:04.380 INFO:ceph.mon.a.smithi172.stdout:Mar 28 16:17:03 smithi172 bash[13328]: audit
2020-03-28T16:17:03.900691+0000 mon.a (mon.0) 8 : audit [INF] from='client.? 172.21.15.172:0/2630958333' entity='client.admin' cmd=[{"prefix": "config assimilate-conf"}]: dispatch
2020-03-28T16:17:04.380 INFO:ceph.mon.a.smithi172.stdout:Mar 28 16:17:03 smithi172 bash[13328]: audit
2020-03-28T16:17:03.905029+0000 mon.a (mon.0) 9 : audit [INF] from='client.? 172.21.15.172:0/2630958333' entity='client.admin' cmd='[{"prefix": "config assimilate-conf"}]': finished
2020-03-28T16:17:04.472 INFO:teuthology.orchestra.run.smithi172.stderr:INFO:cephadm:Generating new minimal ceph.conf...
2020-03-28T16:17:04.472 INFO:teuthology.orchestra.run.smithi172.stderr:DEBUG:cephadm:['/usr/bin/docker', 'run', '--rm', '--net=host', '-e', 'CONTAINER_IMAGE=quay.io/ceph-ci/ceph:202834d8ba82240c3c27a1437803b8cdec4bb56a', '-e', 'NODE_NAME=smithi172', '-v', '/var/log/ceph/7762a3b6-710f-11ea-924b-001a4aab830c:/var/log/ceph:z', '-v', '/tmp/ceph-tmp74nhi9zp:/etc/ceph/ceph.client.admin.keyring:z', '-v', '/tmp/ceph-tmptj4f86a9:/etc/ceph/ceph.conf:z', '-v', '/var/lib/ceph/7762a3b6-710f-11ea-924b-001a4aab830c/mon.a:/var/lib/ceph/mon/ceph-a:z', '--entrypoint', '/usr/bin/ceph', 'quay.io/ceph-ci/ceph:202834d8ba82240c3c27a1437803b8cdec4bb56a', 'config', 'generate-minimal-conf', '-o', '/var/lib/ceph/mon/ceph-a/config']
2020-03-28T16:17:04.472 INFO:teuthology.orchestra.run.smithi172.stderr:DEBUG:cephadm:Running command: /usr/bin/docker run --rm --net=host -e CONTAINER_IMAGE=quay.io/ceph-ci/ceph:202834d8ba82240c3c27a1437803b8cdec4bb56a -e NODE_NAME=smithi172 -v /var/log/ceph/7762a3b6-710f-11ea-924b-001a4aab830c:/var/log/ceph:z -v /tmp/ceph-tmp74nhi9zp:/etc/ceph/ceph.client.admin.keyring:z -v /tmp/ceph-tmptj4f86a9:/etc/ceph/ceph.conf:z -v /var/lib/ceph/7762a3b6-710f-11ea-924b-001a4aab830c/mon.a:/var/lib/ceph/mon/ceph-a:z --entrypoint /usr/bin/ceph quay.io/ceph-ci/ceph:202834d8ba82240c3c27a1437803b8cdec4bb56a config generate-minimal-conf -o /var/lib/ceph/mon/ceph-a/config
2020-03-28T16:17:05.536 INFO:teuthology.orchestra.run.smithi172.stderr:DEBUG:cephadm:/usr/bin/ceph:stderr
2020-03-28T16:17:05.526+0000 7f7f14a77700 1 Processor -- start
2020-03-28T16:17:05.537 INFO:teuthology.orchestra.run.smithi172.stderr:DEBUG:cephadm:/usr/bin/ceph:stderr
2020-03-28T16:17:05.526+0000 7f7f14a77700 1 -- start start
2020-03-28T16:17:05.537 INFO:teuthology.orchestra.run.smithi172.stderr:DEBUG:cephadm:/usr/bin/ceph:stderr
2020-03-28T16:17:05.530+0000 7f7f14a77700 1 --2- >> [v2:172.21.15.172:3300/0,v1:172.21.15.172:6789/0] conn(0x7f7f10063d90 0x7f7f100641b0 unknown :-1 s=NONE pgs=0 cs=0 l=0 rx=0 tx=0).connect
2020-03-28T16:17:05.537 INFO:teuthology.orchestra.run.smithi172.stderr:DEBUG:cephadm:/usr/bin/ceph:stderr
2020-03-28T16:17:05.530+0000 7f7f14a77700 1 -- --> [v2:172.21.15.172:3300/0,v1:172.21.15.172:6789/0] -- mon_getmap magic: 0 v1 -- 0x7f7f100646a0 con 0x7f7f10063d90
2020-03-28T16:17:05.537 INFO:teuthology.orchestra.run.smithi172.stderr:DEBUG:cephadm:/usr/bin/ceph:stderr
2020-03-28T16:17:05.530+0000 7f7f0ffff700 1 --2- >> [v2:172.21.15.172:3300/0,v1:172.21.15.172:6789/0] conn(0x7f7f10063d90 0x7f7f100641b0 unknown :-1 s=BANNER_CONNECTING pgs=0 cs=0 l=0 rx=0 tx=0)._handle_peer_banner_payload supported=0 required=0
2020-03-28T16:17:05.537 INFO:teuthology.orchestra.run.smithi172.stderr:DEBUG:cephadm:/usr/bin/ceph:stderr
2020-03-28T16:17:05.530+0000 7f7f0ffff700 1 --2- >> [v2:172.21.15.172:3300/0,v1:172.21.15.172:6789/0] conn(0x7f7f10063d90 0x7f7f100641b0 unknown :-1 s=HELLO_CONNECTING pgs=0 cs=0 l=0 rx=0 tx=0).handle_hello peer v2:172.21.15.172:3300/0 says I am v2:172.21.15.172:39318/0 (socket says 172.21.15.172:39318)
2020-03-28T16:17:05.537 INFO:teuthology.orchestra.run.smithi172.stderr:DEBUG:cephadm:/usr/bin/ceph:stderr
2020-03-28T16:17:05.530+0000 7f7f0ffff700 1 -- 172.21.15.172:0/4284227676 learned_addr learned my addr 172.21.15.172:0/4284227676 (peer_addr_for_me v2:172.21.15.172:0/0)
2020-03-28T16:17:05.538 INFO:teuthology.orchestra.run.smithi172.stderr:DEBUG:cephadm:/usr/bin/ceph:stderr
2020-03-28T16:17:05.530+0000 7f7f0ffff700 1 -- 172.21.15.172:0/4284227676 --> [v2:172.21.15.172:3300/0,v1:172.21.15.172:6789/0] -- mon_subscribe({config=0+,monmap=0+}) v3 -- 0x7f7f10064dd0 con 0x7f7f10063d90
2020-03-28T16:17:05.538 INFO:teuthology.orchestra.run.smithi172.stderr:DEBUG:cephadm:/usr/bin/ceph:stderr
2020-03-28T16:17:05.530+0000 7f7f0ffff700 1 --2- 172.21.15.172:0/4284227676 >> [v2:172.21.15.172:3300/0,v1:172.21.15.172:6789/0] conn(0x7f7f10063d90 0x7f7f100641b0 secure :-1 s=AUTH_CONNECTING_SIGN pgs=0 cs=0 l=0 rx=0x7f7f000032b0 tx=0x7f7f00007dc0).handle_read_frame_epilogue_main read frame epilogue bytes=32
2020-03-28T16:17:05.538 INFO:teuthology.orchestra.run.smithi172.stderr:DEBUG:cephadm:/usr/bin/ceph:stderr
2020-03-28T16:17:05.530+0000 7f7f0ffff700 1 --2- 172.21.15.172:0/4284227676 >> [v2:172.21.15.172:3300/0,v1:172.21.15.172:6789/0] conn(0x7f7f10063d90 0x7f7f100641b0 secure :-1 s=SESSION_CONNECTING pgs=0 cs=0 l=0 rx=0x7f7f000032b0 tx=0x7f7f00007dc0).handle_read_frame_epilogue_main read frame epilogue bytes=32
2020-03-28T16:17:05.538 INFO:teuthology.orchestra.run.smithi172.stderr:DEBUG:cephadm:/usr/bin/ceph:stderr
2020-03-28T16:17:05.530+0000 7f7f0ffff700 1 --2- 172.21.15.172:0/4284227676 >> [v2:172.21.15.172:3300/0,v1:172.21.15.172:6789/0] conn(0x7f7f10063d90 0x7f7f100641b0 secure :-1 s=READY pgs=5 cs=0 l=1 rx=0x7f7f000032b0 tx=0x7f7f00007dc0).ready entity=mon.0 client_cookie=dfa9a91e7898f43a server_cookie=0 in_seq=0 out_seq=0
2020-03-28T16:17:05.546 INFO:teuthology.orchestra.run.smithi172.stderr:DEBUG:cephadm:/usr/bin/ceph:stderr
2020-03-28T16:17:05.530+0000 7f7f0ffff700 1 --2- 172.21.15.172:0/4284227676 >> [v2:172.21.15.172:3300/0,v1:172.21.15.172:6789/0] conn(0x7f7f10063d90 0x7f7f100641b0 secure :-1 s=THROTTLE_DONE pgs=5 cs=0 l=1 rx=0x7f7f000032b0 tx=0x7f7f00007dc0).handle_read_frame_epilogue_main read frame epilogue bytes=32
2020-03-28T16:17:05.546 INFO:teuthology.orchestra.run.smithi172.stderr:DEBUG:cephadm:/usr/bin/ceph:stderr
2020-03-28T16:17:05.530+0000 7f7f0effd700 1 -- 172.21.15.172:0/4284227676 <== mon.0 v2:172.21.15.172:3300/0 1 ==== mon_map magic: 0 v1 ==== 183+0+0 (secure 0 0 0) 0x7f7f00011e00 con 0x7f7f10063d90
2020-03-28T16:17:05.546 INFO:teuthology.orchestra.run.smithi172.stderr:DEBUG:cephadm:/usr/bin/ceph:stderr
2020-03-28T16:17:05.530+0000 7f7f0ffff700 1 --2- 172.21.15.172:0/4284227676 >> [v2:172.21.15.172:3300/0,v1:172.21.15.172:6789/0] conn(0x7f7f10063d90 0x7f7f100641b0 secure :-1 s=THROTTLE_DONE pgs=5 cs=0 l=1 rx=0x7f7f000032b0 tx=0x7f7f00007dc0).handle_read_frame_epilogue_main read frame epilogue bytes=32
2020-03-28T16:17:05.546 INFO:teuthology.orchestra.run.smithi172.stderr:DEBUG:cephadm:/usr/bin/ceph:stderr
2020-03-28T16:17:05.530+0000 7f7f0ffff700 1 --2- 172.21.15.172:0/4284227676 >> [v2:172.21.15.172:3300/0,v1:172.21.15.172:6789/0] conn(0x7f7f10063d90 0x7f7f100641b0 secure :-1 s=THROTTLE_DONE pgs=5 cs=0 l=1 rx=0x7f7f000032b0 tx=0x7f7f00007dc0).handle_read_frame_epilogue_main read frame epilogue bytes=32
2020-03-28T16:17:05.547 INFO:teuthology.orchestra.run.smithi172.stderr:DEBUG:cephadm:/usr/bin/ceph:stderr
2020-03-28T16:17:05.530+0000 7f7f0effd700 1 -- 172.21.15.172:0/4284227676 <== mon.0 v2:172.21.15.172:3300/0 2 ==== config(23 keys) v1 ==== 958+0+0 (secure 0 0 0) 0x7f7f0000a160 con 0x7f7f10063d90
2020-03-28T16:17:05.547 INFO:teuthology.orchestra.run.smithi172.stderr:DEBUG:cephadm:/usr/bin/ceph:stderr
2020-03-28T16:17:05.530+0000 7f7f0effd700 1 -- 172.21.15.172:0/4284227676 <== mon.0 v2:172.21.15.172:3300/0 3 ==== mon_map magic: 0 v1 ==== 183+0+0 (secure 0 0 0) 0x7f7f00009410 con 0x7f7f10063d90
2020-03-28T16:17:05.547 INFO:teuthology.orchestra.run.smithi172.stderr:DEBUG:cephadm:/usr/bin/ceph:stderr
2020-03-28T16:17:05.530+0000 7f7f14a77700 1 -- 172.21.15.172:0/4284227676 >> [v2:172.21.15.172:3300/0,v1:172.21.15.172:6789/0] conn(0x7f7f10063d90 msgr2=0x7f7f100641b0 secure :-1 s=STATE_CONNECTION_ESTABLISHED l=1).mark_down
2020-03-28T16:17:05.555 INFO:teuthology.orchestra.run.smithi172.stderr:DEBUG:cephadm:/usr/bin/ceph:stderr
2020-03-28T16:17:05.530+0000 7f7f14a77700 1 --2- 172.21.15.172:0/4284227676 >> [v2:172.21.15.172:3300/0,v1:172.21.15.172:6789/0] conn(0x7f7f10063d90 0x7f7f100641b0 secure :-1 s=READY pgs=5 cs=0 l=1 rx=0x7f7f000032b0 tx=0x7f7f00007dc0).stop
2020-03-28T16:17:05.555 INFO:teuthology.orchestra.run.smithi172.stderr:DEBUG:cephadm:/usr/bin/ceph:stderr
2020-03-28T16:17:05.530+0000 7f7f14a77700 1 -- 172.21.15.172:0/4284227676 shutdown_connections
2020-03-28T16:17:05.555 INFO:teuthology.orchestra.run.smithi172.stderr:DEBUG:cephadm:/usr/bin/ceph:stderr
2020-03-28T16:17:05.530+0000 7f7f14a77700 1 --2- 172.21.15.172:0/4284227676 >> [v2:172.21.15.172:3300/0,v1:172.21.15.172:6789/0] conn(0x7f7f10063d90 0x7f7f100641b0 unknown :-1 s=CLOSED pgs=5 cs=0 l=1 rx=0 tx=0).stop
2020-03-28T16:17:05.555 INFO:teuthology.orchestra.run.smithi172.stderr:DEBUG:cephadm:/usr/bin/ceph:stderr
2020-03-28T16:17:05.530+0000 7f7f14a77700 1 -- 172.21.15.172:0/4284227676 >> 172.21.15.172:0/4284227676 conn(0x7f7f10024f10 msgr2=0x7f7f10025320 unknown :-1 s=STATE_NONE l=0).mark_down
2020-03-28T16:17:05.556 INFO:teuthology.orchestra.run.smithi172.stderr:DEBUG:cephadm:/usr/bin/ceph:stderr
2020-03-28T16:17:05.530+0000 7f7f14a77700 1 -- 172.21.15.172:0/4284227676 shutdown_connections
2020-03-28T16:17:05.556 INFO:teuthology.orchestra.run.smithi172.stderr:DEBUG:cephadm:/usr/bin/ceph:stderr
2020-03-28T16:17:05.530+0000 7f7f14a77700 1 -- 172.21.15.172:0/4284227676 wait complete.
2020-03-28T16:17:05.556 INFO:teuthology.orchestra.run.smithi172.stderr:DEBUG:cephadm:/usr/bin/ceph:stderr
2020-03-28T16:17:05.530+0000 7f7f14a77700 1 Processor -- start
2020-03-28T16:17:05.556 INFO:teuthology.orchestra.run.smithi172.stderr:DEBUG:cephadm:/usr/bin/ceph:stderr
2020-03-28T16:17:05.534+0000 7f7f14a77700 1 -- start start
2020-03-28T16:17:05.556 INFO:teuthology.orchestra.run.smithi172.stderr:DEBUG:cephadm:/usr/bin/ceph:stderr
2020-03-28T16:17:05.534+0000 7f7f14a77700 1 --2- >> [v2:172.21.15.172:3300/0,v1:172.21.15.172:6789/0] conn(0x7f7f10063d90 0x7f7f10078ff0 unknown :-1 s=NONE pgs=0 cs=0 l=1 rx=0 tx=0).connect
2020-03-28T16:17:05.556 INFO:teuthology.orchestra.run.smithi172.stderr:DEBUG:cephadm:/usr/bin/ceph:stderr
2020-03-28T16:17:05.534+0000 7f7f14a77700 1 -- --> [v2:172.21.15.172:3300/0,v1:172.21.15.172:6789/0] -- mon_getmap magic: 0 v1 -- 0x7f7f100794e0 con 0x7f7f10063d90
2020-03-28T16:17:05.556 INFO:teuthology.orchestra.run.smithi172.stderr:DEBUG:cephadm:/usr/bin/ceph:stderr
2020-03-28T16:17:05.534+0000 7f7f0ffff700 1 --2- >> [v2:172.21.15.172:3300/0,v1:172.21.15.172:6789/0] conn(0x7f7f10063d90 0x7f7f10078ff0 unknown :-1 s=BANNER_CONNECTING pgs=0 cs=0 l=1 rx=0 tx=0)._handle_peer_banner_payload supported=0 required=0
2020-03-28T16:17:05.557 INFO:teuthology.orchestra.run.smithi172.stderr:DEBUG:cephadm:/usr/bin/ceph:stderr
2020-03-28T16:17:05.534+0000 7f7f0ffff700 1 --2- >> [v2:172.21.15.172:3300/0,v1:172.21.15.172:6789/0] conn(0x7f7f10063d90 0x7f7f10078ff0 unknown :-1 s=HELLO_CONNECTING pgs=0 cs=0 l=1 rx=0 tx=0).handle_hello peer v2:172.21.15.172:3300/0 says I am v2:172.21.15.172:39320/0 (socket says 172.21.15.172:39320)
2020-03-28T16:17:05.557 INFO:teuthology.orchestra.run.smithi172.stderr:DEBUG:cephadm:/usr/bin/ceph:stderr
2020-03-28T16:17:05.534+0000 7f7f0ffff700 1 -- 172.21.15.172:0/3131969908 learned_addr learned my addr 172.21.15.172:0/3131969908 (peer_addr_for_me v2:172.21.15.172:0/0)
2020-03-28T16:17:05.557 INFO:teuthology.orchestra.run.smithi172.stderr:DEBUG:cephadm:/usr/bin/ceph:stderr
2020-03-28T16:17:05.534+0000 7f7f0ffff700 1 -- 172.21.15.172:0/3131969908 --> [v2:172.21.15.172:3300/0,v1:172.21.15.172:6789/0] -- mon_subscribe({config=0+,monmap=0+}) v3 -- 0x7f7f10079620 con 0x7f7f10063d90
2020-03-28T16:17:05.557 INFO:teuthology.orchestra.run.smithi172.stderr:DEBUG:cephadm:/usr/bin/ceph:stderr
2020-03-28T16:17:05.534+0000 7f7f0ffff700 1 --2- 172.21.15.172:0/3131969908 >> [v2:172.21.15.172:3300/0,v1:172.21.15.172:6789/0] conn(0x7f7f10063d90 0x7f7f10078ff0 secure :-1 s=AUTH_CONNECTING_SIGN pgs=0 cs=0 l=1 rx=0x7f7f000032b0 tx=0x7f7f00007dc0).handle_read_frame_epilogue_main read frame epilogue bytes=32
2020-03-28T16:17:05.557 INFO:teuthology.orchestra.run.smithi172.stderr:DEBUG:cephadm:/usr/bin/ceph:stderr
2020-03-28T16:17:05.534+0000 7f7f0ffff700 1 --2- 172.21.15.172:0/3131969908 >> [v2:172.21.15.172:3300/0,v1:172.21.15.172:6789/0] conn(0x7f7f10063d90 0x7f7f10078ff0 secure :-1 s=SESSION_CONNECTING pgs=0 cs=0 l=1 rx=0x7f7f000032b0 tx=0x7f7f00007dc0).handle_read_frame_epilogue_main read frame epilogue bytes=32
2020-03-28T16:17:05.557 INFO:teuthology.orchestra.run.smithi172.stderr:DEBUG:cephadm:/usr/bin/ceph:stderr
2020-03-28T16:17:05.534+0000 7f7f0ffff700 1 --2- 172.21.15.172:0/3131969908 >> [v2:172.21.15.172:3300/0,v1:172.21.15.172:6789/0] conn(0x7f7f10063d90 0x7f7f10078ff0 secure :-1 s=READY pgs=6 cs=0 l=1 rx=0x7f7f000032b0 tx=0x7f7f00007dc0).ready entity=mon.0 client_cookie=0 server_cookie=0 in_seq=0 out_seq=0
2020-03-28T16:17:05.557 INFO:teuthology.orchestra.run.smithi172.stderr:DEBUG:cephadm:/usr/bin/ceph:stderr
2020-03-28T16:17:05.534+0000 7f7f0ffff700 1 --2- 172.21.15.172:0/3131969908 >> [v2:172.21.15.172:3300/0,v1:172.21.15.172:6789/0] conn(0x7f7f10063d90 0x7f7f10078ff0 secure :-1 s=THROTTLE_DONE pgs=6 cs=0 l=1 rx=0x7f7f000032b0 tx=0x7f7f00007dc0).handle_read_frame_epilogue_main read frame epilogue bytes=32
2020-03-28T16:17:05.558 INFO:teuthology.orchestra.run.smithi172.stderr:DEBUG:cephadm:/usr/bin/ceph:stderr
2020-03-28T16:17:05.534+0000 7f7f0d7fa700 1 -- 172.21.15.172:0/3131969908 <== mon.0 v2:172.21.15.172:3300/0 1 ==== mon_map magic: 0 v1 ==== 183+0+0 (secure 0 0 0) 0x7f7f00005a40 con 0x7f7f10063d90
2020-03-28T16:17:05.558 INFO:teuthology.orchestra.run.smithi172.stderr:DEBUG:cephadm:/usr/bin/ceph:stderr
2020-03-28T16:17:05.534+0000 7f7f0ffff700 1 --2- 172.21.15.172:0/3131969908 >> [v2:172.21.15.172:3300/0,v1:172.21.15.172:6789/0] conn(0x7f7f10063d90 0x7f7f10078ff0 secure :-1 s=THROTTLE_DONE pgs=6 cs=0 l=1 rx=0x7f7f000032b0 tx=0x7f7f00007dc0).handle_read_frame_epilogue_main read frame epilogue bytes=32
2020-03-28T16:17:05.558 INFO:teuthology.orchestra.run.smithi172.stderr:DEBUG:cephadm:/usr/bin/ceph:stderr
2020-03-28T16:17:05.534+0000 7f7f14a77700 1 -- 172.21.15.172:0/3131969908 --> [v2:172.21.15.172:3300/0,v1:172.21.15.172:6789/0] -- mon_subscribe({mgrmap=0+}) v3 -- 0x7f7f100798d0 con 0x7f7f10063d90
2020-03-28T16:17:05.558 INFO:teuthology.orchestra.run.smithi172.stderr:DEBUG:cephadm:/usr/bin/ceph:stderr
2020-03-28T16:17:05.534+0000 7f7f0ffff700 1 --2- 172.21.15.172:0/3131969908 >> [v2:172.21.15.172:3300/0,v1:172.21.15.172:6789/0] conn(0x7f7f10063d90 0x7f7f10078ff0 secure :-1 s=THROTTLE_DONE pgs=6 cs=0 l=1 rx=0x7f7f000032b0 tx=0x7f7f00007dc0).handle_read_frame_epilogue_main read frame epilogue bytes=32
2020-03-28T16:17:05.558 INFO:teuthology.orchestra.run.smithi172.stderr:DEBUG:cephadm:/usr/bin/ceph:stderr
2020-03-28T16:17:05.534+0000 7f7f0d7fa700 1 -- 172.21.15.172:0/3131969908 <== mon.0 v2:172.21.15.172:3300/0 2 ==== config(23 keys) v1 ==== 958+0+0 (secure 0 0 0) 0x7f7f00005ba0 con 0x7f7f10063d90
2020-03-28T16:17:05.558 INFO:teuthology.orchestra.run.smithi172.stderr:DEBUG:cephadm:/usr/bin/ceph:stderr
2020-03-28T16:17:05.534+0000 7f7f0d7fa700 1 -- 172.21.15.172:0/3131969908 <== mon.0 v2:172.21.15.172:3300/0 3 ==== mon_map magic: 0 v1 ==== 183+0+0 (secure 0 0 0) 0x7f7f0000f610 con 0x7f7f10063d90
2020-03-28T16:17:05.558 INFO:teuthology.orchestra.run.smithi172.stderr:DEBUG:cephadm:/usr/bin/ceph:stderr
2020-03-28T16:17:05.534+0000 7f7f14a77700 1 -- 172.21.15.172:0/3131969908 --> [v2:172.21.15.172:3300/0,v1:172.21.15.172:6789/0] -- mon_subscribe({osdmap=0}) v3 -- 0x7f7f1007c600 con 0x7f7f10063d90
2020-03-28T16:17:05.561 INFO:teuthology.orchestra.run.smithi172.stderr:DEBUG:cephadm:/usr/bin/ceph:stderr
2020-03-28T16:17:05.534+0000 7f7f0ffff700 1 --2- 172.21.15.172:0/3131969908 >> [v2:172.21.15.172:3300/0,v1:172.21.15.172:6789/0] conn(0x7f7f10063d90 0x7f7f10078ff0 secure :-1 s=THROTTLE_DONE pgs=6 cs=0 l=1 rx=0x7f7f000032b0 tx=0x7f7f00007dc0).handle_read_frame_epilogue_main read frame epilogue bytes=32
2020-03-28T16:17:05.561 INFO:teuthology.orchestra.run.smithi172.stderr:DEBUG:cephadm:/usr/bin/ceph:stderr
2020-03-28T16:17:05.534+0000 7f7f0d7fa700 1 -- 172.21.15.172:0/3131969908 <== mon.0 v2:172.21.15.172:3300/0 4 ==== mgrmap(e 1) v1 ==== 360+0+0 (secure 0 0 0) 0x7f7f0000a430 con 0x7f7f10063d90
2020-03-28T16:17:05.562 INFO:teuthology.orchestra.run.smithi172.stderr:DEBUG:cephadm:/usr/bin/ceph:stderr
2020-03-28T16:17:05.534+0000 7f7f0ffff700 1 --2- 172.21.15.172:0/3131969908 >> [v2:172.21.15.172:3300/0,v1:172.21.15.172:6789/0] conn(0x7f7f10063d90 0x7f7f10078ff0 secure :-1 s=THROTTLE_DONE pgs=6 cs=0 l=1 rx=0x7f7f000032b0 tx=0x7f7f00007dc0).handle_read_frame_epilogue_main read frame epilogue bytes=32
2020-03-28T16:17:05.562 INFO:teuthology.orchestra.run.smithi172.stderr:DEBUG:cephadm:/usr/bin/ceph:stderr
2020-03-28T16:17:05.534+0000 7f7f0d7fa700 1 -- 172.21.15.172:0/3131969908 <== mon.0 v2:172.21.15.172:3300/0 5 ==== osd_map(1..1 src has 1..1) v4 ==== 754+0+0 (secure 0 0 0) 0x7f7f0000ad30 con 0x7f7f10063d90
2020-03-28T16:17:05.562 INFO:teuthology.orchestra.run.smithi172.stderr:DEBUG:cephadm:/usr/bin/ceph:stderr
2020-03-28T16:17:05.534+0000 7f7f14a77700 1 -- 172.21.15.172:0/3131969908 --> [v2:172.21.15.172:3300/0,v1:172.21.15.172:6789/0] -- mon_command({"prefix": "get_command_descriptions"} v 0) v1 -- 0x7f7f10056cb0 con 0x7f7f10063d90
2020-03-28T16:17:05.562 INFO:teuthology.orchestra.run.smithi172.stderr:DEBUG:cephadm:/usr/bin/ceph:stderr
2020-03-28T16:17:05.538+0000 7f7f0ffff700 1 --2- 172.21.15.172:0/3131969908 >> [v2:172.21.15.172:3300/0,v1:172.21.15.172:6789/0] conn(0x7f7f10063d90 0x7f7f10078ff0 secure :-1 s=THROTTLE_DONE pgs=6 cs=0 l=1 rx=0x7f7f000032b0 tx=0x7f7f00007dc0).handle_read_frame_epilogue_main read frame epilogue bytes=32
2020-03-28T16:17:05.562 INFO:teuthology.orchestra.run.smithi172.stderr:DEBUG:cephadm:/usr/bin/ceph:stderr
2020-03-28T16:17:05.538+0000 7f7f0d7fa700 1 -- 172.21.15.172:0/3131969908 <== mon.0 v2:172.21.15.172:3300/0 6 ==== mon_command_ack([{"prefix": "get_command_descriptions"}]=0 v0) v1 ==== 72+0+67700 (secure 0 0 0) 0x7f7f00007630 con 0x7f7f10063d90
2020-03-28T16:17:05.674 INFO:teuthology.orchestra.run.smithi172.stderr:DEBUG:cephadm:/usr/bin/ceph:stderr
2020-03-28T16:17:05.666+0000 7f7f14a77700 1 -- 172.21.15.172:0/3131969908 --> [v2:172.21.15.172:3300/0,v1:172.21.15.172:6789/0] -- mon_command({"prefix": "config generate-minimal-conf"} v 0) v1 -- 0x7f7f1007a120 con 0x7f7f10063d90
2020-03-28T16:17:05.674 INFO:teuthology.orchestra.run.smithi172.stderr:DEBUG:cephadm:/usr/bin/ceph:stderr
2020-03-28T16:17:05.666+0000 7f7f0ffff700 1 --2- 172.21.15.172:0/3131969908 >> [v2:172.21.15.172:3300/0,v1:172.21.15.172:6789/0] conn(0x7f7f10063d90 0x7f7f10078ff0 secure :-1 s=THROTTLE_DONE pgs=6 cs=0 l=1 rx=0x7f7f000032b0 tx=0x7f7f00007dc0).handle_read_frame_epilogue_main read frame epilogue bytes=32
2020-03-28T16:17:05.674 INFO:teuthology.orchestra.run.smithi172.stderr:DEBUG:cephadm:/usr/bin/ceph:stderr
2020-03-28T16:17:05.666+0000 7f7f0d7fa700 1 -- 172.21.15.172:0/3131969908 <== mon.0 v2:172.21.15.172:3300/0 7 ==== mon_command_ack([{"prefix": "config generate-minimal-conf"}]=0 v2) v1 ==== 76+0+177 (secure 0 0 0) 0x7f7f00005d10 con 0x7f7f10063d90
2020-03-28T16:17:05.674 INFO:teuthology.orchestra.run.smithi172.stderr:DEBUG:cephadm:/usr/bin/ceph:stderr
2020-03-28T16:17:05.666+0000 7f7f14a77700 1 -- 172.21.15.172:0/3131969908 >> [v2:172.21.15.172:3300/0,v1:172.21.15.172:6789/0] conn(0x7f7f10063d90 msgr2=0x7f7f10078ff0 secure :-1 s=STATE_CONNECTION_ESTABLISHED l=1).mark_down
2020-03-28T16:17:05.674 INFO:teuthology.orchestra.run.smithi172.stderr:DEBUG:cephadm:/usr/bin/ceph:stderr
2020-03-28T16:17:05.666+0000 7f7f14a77700 1 --2- 172.21.15.172:0/3131969908 >> [v2:172.21.15.172:3300/0,v1:172.21.15.172:6789/0] conn(0x7f7f10063d90 0x7f7f10078ff0 secure :-1 s=READY pgs=6 cs=0 l=1 rx=0x7f7f000032b0 tx=0x7f7f00007dc0).stop
2020-03-28T16:17:05.674 INFO:teuthology.orchestra.run.smithi172.stderr:DEBUG:cephadm:/usr/bin/ceph:stderr
2020-03-28T16:17:05.666+0000 7f7f14a77700 1 -- 172.21.15.172:0/3131969908 shutdown_connections
2020-03-28T16:17:05.675 INFO:teuthology.orchestra.run.smithi172.stderr:DEBUG:cephadm:/usr/bin/ceph:stderr
2020-03-28T16:17:05.666+0000 7f7f14a77700 1 --2- 172.21.15.172:0/3131969908 >> [v2:172.21.15.172:3300/0,v1:172.21.15.172:6789/0] conn(0x7f7f10063d90 0x7f7f10078ff0 unknown :-1 s=CLOSED pgs=6 cs=0 l=1 rx=0 tx=0).stop
2020-03-28T16:17:05.675 INFO:teuthology.orchestra.run.smithi172.stderr:DEBUG:cephadm:/usr/bin/ceph:stderr
2020-03-28T16:17:05.666+0000 7f7f14a77700 1 -- 172.21.15.172:0/3131969908 >> 172.21.15.172:0/3131969908 conn(0x7f7f10024f10 msgr2=0x7f7f10067480 unknown :-1 s=STATE_NONE l=0).mark_down
2020-03-28T16:17:05.675 INFO:teuthology.orchestra.run.smithi172.stderr:DEBUG:cephadm:/usr/bin/ceph:stderr
2020-03-28T16:17:05.666+0000 7f7f14a77700 1 -- 172.21.15.172:0/3131969908 shutdown_connections
2020-03-28T16:17:05.675 INFO:teuthology.orchestra.run.smithi172.stderr:DEBUG:cephadm:/usr/bin/ceph:stderr
2020-03-28T16:17:05.666+0000 7f7f14a77700 1 -- 172.21.15.172:0/3131969908 wait complete.
2020-03-28T16:17:06.129 INFO:ceph.mon.a.smithi172.stdout:Mar 28 16:17:05 smithi172 bash[13328]: audit
2020-03-28T16:17:05.668342+0000 mon.a (mon.0) 10 : audit [DBG] from='client.? 172.21.15.172:0/3131969908' entity='client.admin' cmd=[{"prefix": "config generate-minimal-conf"}]: dispatch
2020-03-28T16:17:06.235 INFO:teuthology.orchestra.run.smithi172.stderr:INFO:cephadm:Restarting the monitor...
2020-03-28T16:17:06.235 INFO:teuthology.orchestra.run.smithi172.stderr:DEBUG:cephadm:Running command: systemctl restart ceph-7762a3b6-710f-11ea-924b-001a4aab830c@mon.a
2020-03-28T16:17:06.629 INFO:ceph.mon.a.smithi172.stdout:Mar 28 16:17:06 smithi172 systemd[1]: Stopping Ceph mon.a for 7762a3b6-710f-11ea-924b-001a4aab830c...
2020-03-28T16:17:06.629 INFO:ceph.mon.a.smithi172.stdout:Mar 28 16:17:06 smithi172 bash[13328]: debug
2020-03-28T16:17:06.342+0000 7f19097fb700 -1 received signal: Terminated from Kernel ( Could be generated by pthread_kill(), raise(), abort(), alarm() ) UID: 0
2020-03-28T16:17:06.629 INFO:ceph.mon.a.smithi172.stdout:Mar 28 16:17:06 smithi172 bash[13328]: debug
2020-03-28T16:17:06.342+0000 7f19097fb700 -1 mon.a@0(leader) e1 *** Got Signal Terminated ***
2020-03-28T16:17:06.929 INFO:teuthology.orchestra.run.smithi172.stderr:INFO:cephadm:Setting mon public_network...
2020-03-28T16:17:06.929 INFO:teuthology.orchestra.run.smithi172.stderr:DEBUG:cephadm:['/usr/bin/docker', 'run', '--rm', '--net=host', '-e', 'CONTAINER_IMAGE=quay.io/ceph-ci/ceph:202834d8ba82240c3c27a1437803b8cdec4bb56a', '-e', 'NODE_NAME=smithi172', '-v', '/var/log/ceph/7762a3b6-710f-11ea-924b-001a4aab830c:/var/log/ceph:z', '-v', '/tmp/ceph-tmp74nhi9zp:/etc/ceph/ceph.client.admin.keyring:z', '-v', '/tmp/ceph-tmptj4f86a9:/etc/ceph/ceph.conf:z', '--entrypoint', '/usr/bin/ceph', 'quay.io/ceph-ci/ceph:202834d8ba82240c3c27a1437803b8cdec4bb56a', 'config', 'set', 'mon', 'public_network', '172.21.0.0/20']
2020-03-28T16:17:06.929 INFO:teuthology.orchestra.run.smithi172.stderr:DEBUG:cephadm:Running command: /usr/bin/docker run --rm --net=host -e CONTAINER_IMAGE=quay.io/ceph-ci/ceph:202834d8ba82240c3c27a1437803b8cdec4bb56a -e NODE_NAME=smithi172 -v /var/log/ceph/7762a3b6-710f-11ea-924b-001a4aab830c:/var/log/ceph:z -v /tmp/ceph-tmp74nhi9zp:/etc/ceph/ceph.client.admin.keyring:z -v /tmp/ceph-tmptj4f86a9:/etc/ceph/ceph.conf:z --entrypoint /usr/bin/ceph quay.io/ceph-ci/ceph:202834d8ba82240c3c27a1437803b8cdec4bb56a config set mon public_network 172.21.0.0/20
2020-03-28T16:17:07.129 INFO:ceph.mon.a.smithi172.stdout:Mar 28 16:17:06 smithi172 docker[13746]: ceph-7762a3b6-710f-11ea-924b-001a4aab830c-mon.a
2020-03-28T16:17:07.129 INFO:ceph.mon.a.smithi172.stdout:Mar 28 16:17:06 smithi172 systemd[1]: Stopped Ceph mon.a for 7762a3b6-710f-11ea-924b-001a4aab830c.
2020-03-28T16:17:07.129 INFO:ceph.mon.a.smithi172.stdout:Mar 28 16:17:06 smithi172 systemd[1]: Starting Ceph mon.a for 7762a3b6-710f-11ea-924b-001a4aab830c...
2020-03-28T16:17:07.129 INFO:ceph.mon.a.smithi172.stdout:Mar 28 16:17:06 smithi172 docker[13794]: Error: No such container: ceph-7762a3b6-710f-11ea-924b-001a4aab830c-mon.a
2020-03-28T16:17:07.129 INFO:ceph.mon.a.smithi172.stdout:Mar 28 16:17:06 smithi172 systemd[1]: Started Ceph mon.a for 7762a3b6-710f-11ea-924b-001a4aab830c.
2020-03-28T16:17:08.379 INFO:ceph.mon.a.smithi172.stdout:Mar 28 16:17:08 smithi172 bash[13807]: debug
2020-03-28T16:17:08.166+0000 7f08d5f626c0 0 set uid:gid to 167:167 (ceph:ceph)
2020-03-28T16:17:08.380 INFO:ceph.mon.a.smithi172.stdout:Mar 28 16:17:08 smithi172 bash[13807]: debug
2020-03-28T16:17:08.166+0000 7f08d5f626c0 0 ceph version 15.2.0-417-g202834d (202834d8ba82240c3c27a1437803b8cdec4bb56a) octopus (rc), process ceph-mon, pid 1
2020-03-28T16:17:08.380 INFO:ceph.mon.a.smithi172.stdout:Mar 28 16:17:08 smithi172 bash[13807]: debug
2020-03-28T16:17:08.166+0000 7f08d5f626c0 0 pidfile_write: ignore empty --pid-file
2020-03-28T16:17:08.380 INFO:ceph.mon.a.smithi172.stdout:Mar 28 16:17:08 smithi172 bash[13807]: debug
2020-03-28T16:17:08.170+0000 7f08d5f626c0 0 load: jerasure load: lrc load: isa
2020-03-28T16:17:08.380 INFO:ceph.mon.a.smithi172.stdout:Mar 28 16:17:08 smithi172 bash[13807]: debug
2020-03-28T16:17:08.170+0000 7f08d5f626c0 0 set rocksdb option compression = kNoCompression
2020-03-28T16:17:08.380 INFO:ceph.mon.a.smithi172.stdout:Mar 28 16:17:08 smithi172 bash[13807]: debug
2020-03-28T16:17:08.170+0000 7f08d5f626c0 0 set rocksdb option level_compaction_dynamic_level_bytes = true
2020-03-28T16:17:08.380 INFO:ceph.mon.a.smithi172.stdout:Mar 28 16:17:08 smithi172 bash[13807]: debug
2020-03-28T16:17:08.170+0000 7f08d5f626c0 0 set rocksdb option write_buffer_size = 33554432
2020-03-28T16:17:08.381 INFO:ceph.mon.a.smithi172.stdout:Mar 28 16:17:08 smithi172 bash[13807]: debug
2020-03-28T16:17:08.170+0000 7f08d5f626c0 0 set rocksdb option compression = kNoCompression
2020-03-28T16:17:08.381 INFO:ceph.mon.a.smithi172.stdout:Mar 28 16:17:08 smithi172 bash[13807]: debug
2020-03-28T16:17:08.170+0000 7f08d5f626c0 0 set rocksdb option level_compaction_dynamic_level_bytes = true
2020-03-28T16:17:08.381 INFO:ceph.mon.a.smithi172.stdout:Mar 28 16:17:08 smithi172 bash[13807]: debug
2020-03-28T16:17:08.170+0000 7f08d5f626c0 0 set rocksdb option write_buffer_size = 33554432
2020-03-28T16:17:08.381 INFO:ceph.mon.a.smithi172.stdout:Mar 28 16:17:08 smithi172 bash[13807]: debug
2020-03-28T16:17:08.170+0000 7f08d5f626c0 1 rocksdb: do_open column families: [default]
2020-03-28T16:17:08.381 INFO:ceph.mon.a.smithi172.stdout:Mar 28 16:17:08 smithi172 bash[13807]: debug
2020-03-28T16:17:08.170+0000 7f08d5f626c0 4 rocksdb: RocksDB version: 6.1.2
2020-03-28T16:17:08.381 INFO:ceph.mon.a.smithi172.stdout:Mar 28 16:17:08 smithi172 bash[13807]: debug
2020-03-28T16:17:08.170+0000 7f08d5f626c0 4 rocksdb: Git sha rocksdb_build_git_sha:@0@
2020-03-28T16:17:08.382 INFO:ceph.mon.a.smithi172.stdout:Mar 28 16:17:08 smithi172 bash[13807]: debug
2020-03-28T16:17:08.170+0000 7f08d5f626c0 4 rocksdb: Compile date Mar 28 2020
2020-03-28T16:17:08.382 INFO:ceph.mon.a.smithi172.stdout:Mar 28 16:17:08 smithi172 bash[13807]: debug
2020-03-28T16:17:08.170+0000 7f08d5f626c0 4 rocksdb: DB SUMMARY
2020-03-28T16:17:08.382 INFO:ceph.mon.a.smithi172.stdout:Mar 28 16:17:08 smithi172 bash[13807]: debug
2020-03-28T16:17:08.170+0000 7f08d5f626c0 4 rocksdb: CURRENT file: CURRENT
2020-03-28T16:17:08.382 INFO:ceph.mon.a.smithi172.stdout:Mar 28 16:17:08 smithi172 bash[13807]: debug
2020-03-28T16:17:08.170+0000 7f08d5f626c0 4 rocksdb: IDENTITY file: IDENTITY
2020-03-28T16:17:08.382 INFO:ceph.mon.a.smithi172.stdout:Mar 28 16:17:08 smithi172 bash[13807]: debug
2020-03-28T16:17:08.170+0000 7f08d5f626c0 4 rocksdb: MANIFEST file: MANIFEST-000005 size: 109 Bytes
2020-03-28T16:17:08.382 INFO:ceph.mon.a.smithi172.stdout:Mar 28 16:17:08 smithi172 bash[13807]: debug
2020-03-28T16:17:08.170+0000 7f08d5f626c0 4 rocksdb: SST files in /var/lib/ceph/mon/ceph-a/store.db dir, Total Num: 1, files: 000004.sst
2020-03-28T16:17:08.383 INFO:ceph.mon.a.smithi172.stdout:Mar 28 16:17:08 smithi172 bash[13807]: debug
