2020-03-28T16:27:14.638227+0000 mon.a (mon.0) 23 : audit [INF] from='mgr.14100 172.21.15.117:0/1225963714' entity='mgr.y' cmd=[{"prefix": "osd pool application enable", "format": "json", "pool": "device_health_metrics", "app": "mgr_devicehealth"}]: dispatch
2020-03-28T16:27:15.578 INFO:ceph.mon.a.smithi117.stdout:Mar 28 16:27:15 smithi117 bash[30162]: audit
2020-03-28T16:27:14.638443+0000 mon.a (mon.0) 24 : audit [INF] from='mgr.14100 172.21.15.117:0/1225963714' entity='mgr.y' cmd=[{"prefix":"config-key set","key":"mgr/telemetry/salt","val":"d2a1c470-d38b-44fc-b4d0-2931ed1674a1"}]: dispatch
2020-03-28T16:27:15.578 INFO:ceph.mon.a.smithi117.stdout:Mar 28 16:27:15 smithi117 bash[30162]: audit
2020-03-28T16:27:14.643422+0000 mon.a (mon.0) 25 : audit [INF] from='mgr.14100 172.21.15.117:0/1225963714' entity='mgr.y' cmd='[{"prefix":"config-key set","key":"mgr/telemetry/salt","val":"d2a1c470-d38b-44fc-b4d0-2931ed1674a1"}]': finished
2020-03-28T16:27:15.765 INFO:teuthology.orchestra.run.smithi117.stderr:DEBUG:cephadm:/usr/bin/ceph:stderr
2020-03-28T16:27:15.758+0000 7f009c987700 1 -- 172.21.15.117:0/1531650294 --> [v2:172.21.15.117:3300/0,v1:172.21.15.117:6789/0] -- mon_command({"prefix": "status", "format": "json-pretty"} v 0) v1 -- 0x7f0098061570 con 0x7f0098063f40
2020-03-28T16:27:16.145 INFO:teuthology.orchestra.run.smithi117.stderr:DEBUG:cephadm:/usr/bin/ceph:stdout
2020-03-28T16:27:16.145 INFO:teuthology.orchestra.run.smithi117.stderr:DEBUG:cephadm:/usr/bin/ceph:stdout {
2020-03-28T16:27:16.145 INFO:teuthology.orchestra.run.smithi117.stderr:DEBUG:cephadm:/usr/bin/ceph:stdout "fsid": "dfa8ccd8-7110-11ea-924b-001a4aab830c",
2020-03-28T16:27:16.145 INFO:teuthology.orchestra.run.smithi117.stderr:DEBUG:cephadm:/usr/bin/ceph:stdout "health": {
2020-03-28T16:27:16.146 INFO:teuthology.orchestra.run.smithi117.stderr:DEBUG:cephadm:/usr/bin/ceph:stdout "status": "HEALTH_OK",
2020-03-28T16:27:16.146 INFO:teuthology.orchestra.run.smithi117.stderr:DEBUG:cephadm:/usr/bin/ceph:stdout "checks": {},
2020-03-28T16:27:16.146 INFO:teuthology.orchestra.run.smithi117.stderr:DEBUG:cephadm:/usr/bin/ceph:stdout "mutes": []
2020-03-28T16:27:16.146 INFO:teuthology.orchestra.run.smithi117.stderr:DEBUG:cephadm:/usr/bin/ceph:stdout },
2020-03-28T16:27:16.146 INFO:teuthology.orchestra.run.smithi117.stderr:DEBUG:cephadm:/usr/bin/ceph:stdout "election_epoch": 5,
2020-03-28T16:27:16.146 INFO:teuthology.orchestra.run.smithi117.stderr:DEBUG:cephadm:/usr/bin/ceph:stdout "quorum": [
2020-03-28T16:27:16.146 INFO:teuthology.orchestra.run.smithi117.stderr:DEBUG:cephadm:/usr/bin/ceph:stdout 0
2020-03-28T16:27:16.147 INFO:teuthology.orchestra.run.smithi117.stderr:DEBUG:cephadm:/usr/bin/ceph:stdout ],
2020-03-28T16:27:16.147 INFO:teuthology.orchestra.run.smithi117.stderr:DEBUG:cephadm:/usr/bin/ceph:stdout "quorum_names": [
2020-03-28T16:27:16.147 INFO:teuthology.orchestra.run.smithi117.stderr:DEBUG:cephadm:/usr/bin/ceph:stdout "a"
2020-03-28T16:27:16.147 INFO:teuthology.orchestra.run.smithi117.stderr:DEBUG:cephadm:/usr/bin/ceph:stdout ],
2020-03-28T16:27:16.147 INFO:teuthology.orchestra.run.smithi117.stderr:DEBUG:cephadm:/usr/bin/ceph:stdout "quorum_age": 6,
2020-03-28T16:27:16.147 INFO:teuthology.orchestra.run.smithi117.stderr:DEBUG:cephadm:/usr/bin/ceph:stdout "monmap": {
2020-03-28T16:27:16.147 INFO:teuthology.orchestra.run.smithi117.stderr:DEBUG:cephadm:/usr/bin/ceph:stdout "epoch": 1,
2020-03-28T16:27:16.147 INFO:teuthology.orchestra.run.smithi117.stderr:DEBUG:cephadm:/usr/bin/ceph:stdout "min_mon_release_name": "octopus",
2020-03-28T16:27:16.148 INFO:teuthology.orchestra.run.smithi117.stderr:DEBUG:cephadm:/usr/bin/ceph:stdout "num_mons": 1
2020-03-28T16:27:16.148 INFO:teuthology.orchestra.run.smithi117.stderr:DEBUG:cephadm:/usr/bin/ceph:stdout },
2020-03-28T16:27:16.148 INFO:teuthology.orchestra.run.smithi117.stderr:DEBUG:cephadm:/usr/bin/ceph:stdout "osdmap": {
2020-03-28T16:27:16.148 INFO:teuthology.orchestra.run.smithi117.stderr:DEBUG:cephadm:/usr/bin/ceph:stdout "epoch": 3,
2020-03-28T16:27:16.148 INFO:teuthology.orchestra.run.smithi117.stderr:DEBUG:cephadm:/usr/bin/ceph:stdout "num_osds": 0,
2020-03-28T16:27:16.148 INFO:teuthology.orchestra.run.smithi117.stderr:DEBUG:cephadm:/usr/bin/ceph:stdout "num_up_osds": 0,
2020-03-28T16:27:16.148 INFO:teuthology.orchestra.run.smithi117.stderr:DEBUG:cephadm:/usr/bin/ceph:stdout "osd_up_since": 0,
2020-03-28T16:27:16.153 INFO:teuthology.orchestra.run.smithi117.stderr:DEBUG:cephadm:/usr/bin/ceph:stdout "num_in_osds": 0,
2020-03-28T16:27:16.153 INFO:teuthology.orchestra.run.smithi117.stderr:DEBUG:cephadm:/usr/bin/ceph:stdout "osd_in_since": 0,
2020-03-28T16:27:16.153 INFO:teuthology.orchestra.run.smithi117.stderr:DEBUG:cephadm:/usr/bin/ceph:stdout "num_remapped_pgs": 0
2020-03-28T16:27:16.153 INFO:teuthology.orchestra.run.smithi117.stderr:DEBUG:cephadm:/usr/bin/ceph:stdout },
2020-03-28T16:27:16.154 INFO:teuthology.orchestra.run.smithi117.stderr:DEBUG:cephadm:/usr/bin/ceph:stdout "pgmap": {
2020-03-28T16:27:16.154 INFO:teuthology.orchestra.run.smithi117.stderr:DEBUG:cephadm:/usr/bin/ceph:stdout "pgs_by_state": [],
2020-03-28T16:27:16.154 INFO:teuthology.orchestra.run.smithi117.stderr:DEBUG:cephadm:/usr/bin/ceph:stdout "num_pgs": 0,
2020-03-28T16:27:16.154 INFO:teuthology.orchestra.run.smithi117.stderr:DEBUG:cephadm:/usr/bin/ceph:stdout "num_pools": 0,
2020-03-28T16:27:16.154 INFO:teuthology.orchestra.run.smithi117.stderr:DEBUG:cephadm:/usr/bin/ceph:stdout "num_objects": 0,
2020-03-28T16:27:16.154 INFO:teuthology.orchestra.run.smithi117.stderr:DEBUG:cephadm:/usr/bin/ceph:stdout "data_bytes": 0,
2020-03-28T16:27:16.154 INFO:teuthology.orchestra.run.smithi117.stderr:DEBUG:cephadm:/usr/bin/ceph:stdout "bytes_used": 0,
2020-03-28T16:27:16.155 INFO:teuthology.orchestra.run.smithi117.stderr:DEBUG:cephadm:/usr/bin/ceph:stdout "bytes_avail": 0,
2020-03-28T16:27:16.155 INFO:teuthology.orchestra.run.smithi117.stderr:DEBUG:cephadm:/usr/bin/ceph:stdout "bytes_total": 0
2020-03-28T16:27:16.155 INFO:teuthology.orchestra.run.smithi117.stderr:DEBUG:cephadm:/usr/bin/ceph:stdout },
2020-03-28T16:27:16.155 INFO:teuthology.orchestra.run.smithi117.stderr:DEBUG:cephadm:/usr/bin/ceph:stdout "fsmap": {
2020-03-28T16:27:16.155 INFO:teuthology.orchestra.run.smithi117.stderr:DEBUG:cephadm:/usr/bin/ceph:stdout "epoch": 1,
2020-03-28T16:27:16.155 INFO:teuthology.orchestra.run.smithi117.stderr:DEBUG:cephadm:/usr/bin/ceph:stdout "by_rank": [],
2020-03-28T16:27:16.155 INFO:teuthology.orchestra.run.smithi117.stderr:DEBUG:cephadm:/usr/bin/ceph:stdout "up:standby": 0
2020-03-28T16:27:16.156 INFO:teuthology.orchestra.run.smithi117.stderr:DEBUG:cephadm:/usr/bin/ceph:stdout },
2020-03-28T16:27:16.156 INFO:teuthology.orchestra.run.smithi117.stderr:DEBUG:cephadm:/usr/bin/ceph:stdout "mgrmap": {
2020-03-28T16:27:16.156 INFO:teuthology.orchestra.run.smithi117.stderr:DEBUG:cephadm:/usr/bin/ceph:stdout "available": true,
2020-03-28T16:27:16.156 INFO:teuthology.orchestra.run.smithi117.stderr:DEBUG:cephadm:/usr/bin/ceph:stdout "num_standbys": 0,
2020-03-28T16:27:16.156 INFO:teuthology.orchestra.run.smithi117.stderr:DEBUG:cephadm:/usr/bin/ceph:stdout "modules": [
2020-03-28T16:27:16.157 INFO:teuthology.orchestra.run.smithi117.stderr:DEBUG:cephadm:/usr/bin/ceph:stdout "iostat",
2020-03-28T16:27:16.157 INFO:teuthology.orchestra.run.smithi117.stderr:DEBUG:cephadm:/usr/bin/ceph:stderr
2020-03-28T16:27:16.139+0000 7f0096d9d700 1 --2- 172.21.15.117:0/1531650294 >> [v2:172.21.15.117:3300/0,v1:172.21.15.117:6789/0] conn(0x7f0098063f40 0x7f0098079930 secure :-1 s=THROTTLE_DONE pgs=17 cs=0 l=1 rx=0x7f00900032b0 tx=0x7f0090007dc0).handle_read_frame_epilogue_main read frame epilogue bytes=32
2020-03-28T16:27:16.157 INFO:teuthology.orchestra.run.smithi117.stderr:DEBUG:cephadm:/usr/bin/ceph:stderr
2020-03-28T16:27:16.139+0000 7f008ffff700 1 -- 172.21.15.117:0/1531650294 <== mon.0 v2:172.21.15.117:3300/0 7 ==== mon_command_ack([{"prefix": "status", "format": "json-pretty"}]=0 v0) v1 ==== 79+0+1221 (secure 0 0 0) 0x7f0090002240 con 0x7f0098063f40
2020-03-28T16:27:16.157 INFO:teuthology.orchestra.run.smithi117.stderr:DEBUG:cephadm:/usr/bin/ceph:stdout "restful"
2020-03-28T16:27:16.157 INFO:teuthology.orchestra.run.smithi117.stderr:DEBUG:cephadm:/usr/bin/ceph:stdout ],
2020-03-28T16:27:16.157 INFO:teuthology.orchestra.run.smithi117.stderr:DEBUG:cephadm:/usr/bin/ceph:stdout "services": {}
2020-03-28T16:27:16.157 INFO:teuthology.orchestra.run.smithi117.stderr:DEBUG:cephadm:/usr/bin/ceph:stdout },
2020-03-28T16:27:16.157 INFO:teuthology.orchestra.run.smithi117.stderr:DEBUG:cephadm:/usr/bin/ceph:stdout "servicemap": {
2020-03-28T16:27:16.158 INFO:teuthology.orchestra.run.smithi117.stderr:DEBUG:cephadm:/usr/bin/ceph:stdout "epoch": 1,
2020-03-28T16:27:16.158 INFO:teuthology.orchestra.run.smithi117.stderr:DEBUG:cephadm:/usr/bin/ceph:stdout "modified": "2020-03-28T16:27:04.584035+0000",
2020-03-28T16:27:16.158 INFO:teuthology.orchestra.run.smithi117.stderr:DEBUG:cephadm:/usr/bin/ceph:stdout "services": {}
2020-03-28T16:27:16.158 INFO:teuthology.orchestra.run.smithi117.stderr:DEBUG:cephadm:/usr/bin/ceph:stdout },
2020-03-28T16:27:16.158 INFO:teuthology.orchestra.run.smithi117.stderr:DEBUG:cephadm:/usr/bin/ceph:stdout "progress_events": {}
2020-03-28T16:27:16.158 INFO:teuthology.orchestra.run.smithi117.stderr:DEBUG:cephadm:/usr/bin/ceph:stdout }
2020-03-28T16:27:16.158 INFO:teuthology.orchestra.run.smithi117.stderr:DEBUG:cephadm:/usr/bin/ceph:stderr
2020-03-28T16:27:16.142+0000 7f009c987700 1 -- 172.21.15.117:0/1531650294 >> [v2:172.21.15.117:6800/116724507,v1:172.21.15.117:6801/116724507] conn(0x7f007c029d90 msgr2=0x7f007c02c250 secure :-1 s=STATE_CONNECTION_ESTABLISHED l=1).mark_down
2020-03-28T16:27:16.159 INFO:teuthology.orchestra.run.smithi117.stderr:DEBUG:cephadm:/usr/bin/ceph:stderr
2020-03-28T16:27:16.142+0000 7f009c987700 1 --2- 172.21.15.117:0/1531650294 >> [v2:172.21.15.117:6800/116724507,v1:172.21.15.117:6801/116724507] conn(0x7f007c029d90 0x7f007c02c250 secure :-1 s=READY pgs=6 cs=0 l=1 rx=0x7f0080002f30 tx=0x7f0080007c50).stop
2020-03-28T16:27:16.159 INFO:teuthology.orchestra.run.smithi117.stderr:DEBUG:cephadm:/usr/bin/ceph:stderr
2020-03-28T16:27:16.142+0000 7f009c987700 1 -- 172.21.15.117:0/1531650294 >> [v2:172.21.15.117:3300/0,v1:172.21.15.117:6789/0] conn(0x7f0098063f40 msgr2=0x7f0098079930 secure :-1 s=STATE_CONNECTION_ESTABLISHED l=1).mark_down
2020-03-28T16:27:16.159 INFO:teuthology.orchestra.run.smithi117.stderr:DEBUG:cephadm:/usr/bin/ceph:stderr
2020-03-28T16:27:16.142+0000 7f009c987700 1 --2- 172.21.15.117:0/1531650294 >> [v2:172.21.15.117:3300/0,v1:172.21.15.117:6789/0] conn(0x7f0098063f40 0x7f0098079930 secure :-1 s=READY pgs=17 cs=0 l=1 rx=0x7f00900032b0 tx=0x7f0090007dc0).stop
2020-03-28T16:27:16.159 INFO:teuthology.orchestra.run.smithi117.stderr:DEBUG:cephadm:/usr/bin/ceph:stderr
2020-03-28T16:27:16.142+0000 7f009c987700 1 -- 172.21.15.117:0/1531650294 shutdown_connections
2020-03-28T16:27:16.159 INFO:teuthology.orchestra.run.smithi117.stderr:DEBUG:cephadm:/usr/bin/ceph:stderr
2020-03-28T16:27:16.142+0000 7f009c987700 1 --2- 172.21.15.117:0/1531650294 >> [v2:172.21.15.117:6800/116724507,v1:172.21.15.117:6801/116724507] conn(0x7f007c029d90 0x7f007c02c250 unknown :-1 s=CLOSED pgs=6 cs=0 l=1 rx=0 tx=0).stop
2020-03-28T16:27:16.160 INFO:teuthology.orchestra.run.smithi117.stderr:DEBUG:cephadm:/usr/bin/ceph:stderr
2020-03-28T16:27:16.142+0000 7f009c987700 1 --2- 172.21.15.117:0/1531650294 >> [v2:172.21.15.117:3300/0,v1:172.21.15.117:6789/0] conn(0x7f0098063f40 0x7f0098079930 unknown :-1 s=CLOSED pgs=17 cs=0 l=1 rx=0 tx=0).stop
2020-03-28T16:27:16.160 INFO:teuthology.orchestra.run.smithi117.stderr:DEBUG:cephadm:/usr/bin/ceph:stderr
2020-03-28T16:27:16.142+0000 7f009c987700 1 -- 172.21.15.117:0/1531650294 >> 172.21.15.117:0/1531650294 conn(0x7f009805f5a0 msgr2=0x7f009805fb50 unknown :-1 s=STATE_NONE l=0).mark_down
2020-03-28T16:27:16.160 INFO:teuthology.orchestra.run.smithi117.stderr:DEBUG:cephadm:/usr/bin/ceph:stderr
2020-03-28T16:27:16.142+0000 7f009c987700 1 -- 172.21.15.117:0/1531650294 shutdown_connections
2020-03-28T16:27:16.160 INFO:teuthology.orchestra.run.smithi117.stderr:DEBUG:cephadm:/usr/bin/ceph:stderr
2020-03-28T16:27:16.142+0000 7f009c987700 1 -- 172.21.15.117:0/1531650294 wait complete.
2020-03-28T16:27:16.576 INFO:ceph.mon.a.smithi117.stdout:Mar 28 16:27:16 smithi117 bash[30162]: cluster
2020-03-28T16:27:15.387937+0000 mon.a (mon.0) 26 : cluster [DBG] mgrmap e3: y(active, since 1.00989s)
2020-03-28T16:27:16.576 INFO:ceph.mon.a.smithi117.stdout:Mar 28 16:27:16 smithi117 bash[30162]: audit
2020-03-28T16:27:15.642157+0000 mon.a (mon.0) 27 : audit [INF] from='mgr.14100 172.21.15.117:0/1225963714' entity='mgr.y' cmd='[{"prefix": "osd pool application enable", "format": "json", "pool": "device_health_metrics", "app": "mgr_devicehealth"}]': finished
2020-03-28T16:27:16.576 INFO:ceph.mon.a.smithi117.stdout:Mar 28 16:27:16 smithi117 bash[30162]: cluster
2020-03-28T16:27:15.642237+0000 mon.a (mon.0) 28 : cluster [DBG] osdmap e3: 0 total, 0 up, 0 in
2020-03-28T16:27:16.577 INFO:ceph.mon.a.smithi117.stdout:Mar 28 16:27:16 smithi117 bash[30162]: audit
2020-03-28T16:27:15.643834+0000 mon.a (mon.0) 29 : audit [INF] from='admin socket' entity='admin socket' cmd='smart' args=[json]: dispatch
2020-03-28T16:27:16.577 INFO:ceph.mon.a.smithi117.stdout:Mar 28 16:27:16 smithi117 bash[30162]: audit
2020-03-28T16:27:16.139582+0000 mon.a (mon.0) 30 : audit [INF] from='admin socket' entity='admin socket' cmd=smart args=[json]: finished
2020-03-28T16:27:16.577 INFO:ceph.mon.a.smithi117.stdout:Mar 28 16:27:16 smithi117 bash[30162]: audit
2020-03-28T16:27:16.139808+0000 mon.a (mon.0) 31 : audit [DBG] from='client.? 172.21.15.117:0/1531650294' entity='client.admin' cmd=[{"prefix": "status", "format": "json-pretty"}]: dispatch
2020-03-28T16:27:16.611 INFO:teuthology.orchestra.run.smithi117.stderr:INFO:cephadm:Enabling cephadm module...
2020-03-28T16:27:16.612 INFO:teuthology.orchestra.run.smithi117.stderr:DEBUG:cephadm:['/bin/podman', 'run', '--rm', '--net=host', '-e', 'CONTAINER_IMAGE=quay.io/ceph-ci/ceph:202834d8ba82240c3c27a1437803b8cdec4bb56a', '-e', 'NODE_NAME=smithi117', '-v', '/var/log/ceph/dfa8ccd8-7110-11ea-924b-001a4aab830c:/var/log/ceph:z', '-v', '/tmp/ceph-tmp3cv4uc6v:/etc/ceph/ceph.client.admin.keyring:z', '-v', '/tmp/ceph-tmpceq6rxz4:/etc/ceph/ceph.conf:z', '--entrypoint', '/usr/bin/ceph', 'quay.io/ceph-ci/ceph:202834d8ba82240c3c27a1437803b8cdec4bb56a', 'mgr', 'module', 'enable', 'cephadm']
2020-03-28T16:27:16.612 INFO:teuthology.orchestra.run.smithi117.stderr:DEBUG:cephadm:Running command: /bin/podman run --rm --net=host -e CONTAINER_IMAGE=quay.io/ceph-ci/ceph:202834d8ba82240c3c27a1437803b8cdec4bb56a -e NODE_NAME=smithi117 -v /var/log/ceph/dfa8ccd8-7110-11ea-924b-001a4aab830c:/var/log/ceph:z -v /tmp/ceph-tmp3cv4uc6v:/etc/ceph/ceph.client.admin.keyring:z -v /tmp/ceph-tmpceq6rxz4:/etc/ceph/ceph.conf:z --entrypoint /usr/bin/ceph quay.io/ceph-ci/ceph:202834d8ba82240c3c27a1437803b8cdec4bb56a mgr module enable cephadm
2020-03-28T16:27:17.161 INFO:teuthology.orchestra.run.smithi117.stderr:DEBUG:cephadm:/usr/bin/ceph:stderr
2020-03-28T16:27:17.149+0000 7fbe03768700 1 Processor -- start
2020-03-28T16:27:17.161 INFO:teuthology.orchestra.run.smithi117.stderr:DEBUG:cephadm:/usr/bin/ceph:stderr
2020-03-28T16:27:17.150+0000 7fbe03768700 1 -- start start
2020-03-28T16:27:17.161 INFO:teuthology.orchestra.run.smithi117.stderr:DEBUG:cephadm:/usr/bin/ceph:stderr
2020-03-28T16:27:17.150+0000 7fbe03768700 1 --2- >> [v2:172.21.15.117:3300/0,v1:172.21.15.117:6789/0] conn(0x7fbdfc063ec0 0x7fbdfc0642e0 unknown :-1 s=NONE pgs=0 cs=0 l=0 rx=0 tx=0).connect
2020-03-28T16:27:17.161 INFO:teuthology.orchestra.run.smithi117.stderr:DEBUG:cephadm:/usr/bin/ceph:stderr
2020-03-28T16:27:17.150+0000 7fbe03768700 1 -- --> [v2:172.21.15.117:3300/0,v1:172.21.15.117:6789/0] -- mon_getmap magic: 0 v1 -- 0x7fbdfc0647d0 con 0x7fbdfc063ec0
2020-03-28T16:27:17.161 INFO:teuthology.orchestra.run.smithi117.stderr:DEBUG:cephadm:/usr/bin/ceph:stderr
2020-03-28T16:27:17.150+0000 7fbe01d05700 1 --2- >> [v2:172.21.15.117:3300/0,v1:172.21.15.117:6789/0] conn(0x7fbdfc063ec0 0x7fbdfc0642e0 unknown :-1 s=BANNER_CONNECTING pgs=0 cs=0 l=0 rx=0 tx=0)._handle_peer_banner_payload supported=0 required=0
2020-03-28T16:27:17.161 INFO:teuthology.orchestra.run.smithi117.stderr:DEBUG:cephadm:/usr/bin/ceph:stderr
2020-03-28T16:27:17.150+0000 7fbe01d05700 1 --2- >> [v2:172.21.15.117:3300/0,v1:172.21.15.117:6789/0] conn(0x7fbdfc063ec0 0x7fbdfc0642e0 unknown :-1 s=HELLO_CONNECTING pgs=0 cs=0 l=0 rx=0 tx=0).handle_hello peer v2:172.21.15.117:3300/0 says I am v2:172.21.15.117:52086/0 (socket says 172.21.15.117:52086)
2020-03-28T16:27:17.162 INFO:teuthology.orchestra.run.smithi117.stderr:DEBUG:cephadm:/usr/bin/ceph:stderr
2020-03-28T16:27:17.150+0000 7fbe01d05700 1 -- 172.21.15.117:0/2068154656 learned_addr learned my addr 172.21.15.117:0/2068154656 (peer_addr_for_me v2:172.21.15.117:0/0)
2020-03-28T16:27:17.162 INFO:teuthology.orchestra.run.smithi117.stderr:DEBUG:cephadm:/usr/bin/ceph:stderr
2020-03-28T16:27:17.150+0000 7fbe01d05700 1 -- 172.21.15.117:0/2068154656 --> [v2:172.21.15.117:3300/0,v1:172.21.15.117:6789/0] -- mon_subscribe({config=0+,monmap=0+}) v3 -- 0x7fbdfc064f00 con 0x7fbdfc063ec0
2020-03-28T16:27:17.162 INFO:teuthology.orchestra.run.smithi117.stderr:DEBUG:cephadm:/usr/bin/ceph:stderr
2020-03-28T16:27:17.150+0000 7fbe01d05700 1 --2- 172.21.15.117:0/2068154656 >> [v2:172.21.15.117:3300/0,v1:172.21.15.117:6789/0] conn(0x7fbdfc063ec0 0x7fbdfc0642e0 secure :-1 s=AUTH_CONNECTING_SIGN pgs=0 cs=0 l=0 rx=0x7fbdf0002f30 tx=0x7fbdf0007a40).handle_read_frame_epilogue_main read frame epilogue bytes=32
2020-03-28T16:27:17.162 INFO:teuthology.orchestra.run.smithi117.stderr:DEBUG:cephadm:/usr/bin/ceph:stderr
2020-03-28T16:27:17.151+0000 7fbe01d05700 1 --2- 172.21.15.117:0/2068154656 >> [v2:172.21.15.117:3300/0,v1:172.21.15.117:6789/0] conn(0x7fbdfc063ec0 0x7fbdfc0642e0 secure :-1 s=SESSION_CONNECTING pgs=0 cs=0 l=0 rx=0x7fbdf0002f30 tx=0x7fbdf0007a40).handle_read_frame_epilogue_main read frame epilogue bytes=32
2020-03-28T16:27:17.162 INFO:teuthology.orchestra.run.smithi117.stderr:DEBUG:cephadm:/usr/bin/ceph:stderr
2020-03-28T16:27:17.151+0000 7fbe01d05700 1 --2- 172.21.15.117:0/2068154656 >> [v2:172.21.15.117:3300/0,v1:172.21.15.117:6789/0] conn(0x7fbdfc063ec0 0x7fbdfc0642e0 secure :-1 s=READY pgs=19 cs=0 l=1 rx=0x7fbdf0002f30 tx=0x7fbdf0007a40).ready entity=mon.0 client_cookie=2594e6718ef75b28 server_cookie=0 in_seq=0 out_seq=0
2020-03-28T16:27:17.162 INFO:teuthology.orchestra.run.smithi117.stderr:DEBUG:cephadm:/usr/bin/ceph:stderr
2020-03-28T16:27:17.151+0000 7fbe01d05700 1 --2- 172.21.15.117:0/2068154656 >> [v2:172.21.15.117:3300/0,v1:172.21.15.117:6789/0] conn(0x7fbdfc063ec0 0x7fbdfc0642e0 secure :-1 s=THROTTLE_DONE pgs=19 cs=0 l=1 rx=0x7fbdf0002f30 tx=0x7fbdf0007a40).handle_read_frame_epilogue_main read frame epilogue bytes=32
2020-03-28T16:27:17.162 INFO:teuthology.orchestra.run.smithi117.stderr:DEBUG:cephadm:/usr/bin/ceph:stderr
2020-03-28T16:27:17.151+0000 7fbe00d03700 1 -- 172.21.15.117:0/2068154656 <== mon.0 v2:172.21.15.117:3300/0 1 ==== mon_map magic: 0 v1 ==== 183+0+0 (secure 0 0 0) 0x7fbdf0011560 con 0x7fbdfc063ec0
2020-03-28T16:27:17.163 INFO:teuthology.orchestra.run.smithi117.stderr:DEBUG:cephadm:/usr/bin/ceph:stderr
2020-03-28T16:27:17.151+0000 7fbe01d05700 1 --2- 172.21.15.117:0/2068154656 >> [v2:172.21.15.117:3300/0,v1:172.21.15.117:6789/0] conn(0x7fbdfc063ec0 0x7fbdfc0642e0 secure :-1 s=THROTTLE_DONE pgs=19 cs=0 l=1 rx=0x7fbdf0002f30 tx=0x7fbdf0007a40).handle_read_frame_epilogue_main read frame epilogue bytes=32
2020-03-28T16:27:17.163 INFO:teuthology.orchestra.run.smithi117.stderr:DEBUG:cephadm:/usr/bin/ceph:stderr
2020-03-28T16:27:17.151+0000 7fbe01d05700 1 --2- 172.21.15.117:0/2068154656 >> [v2:172.21.15.117:3300/0,v1:172.21.15.117:6789/0] conn(0x7fbdfc063ec0 0x7fbdfc0642e0 secure :-1 s=THROTTLE_DONE pgs=19 cs=0 l=1 rx=0x7fbdf0002f30 tx=0x7fbdf0007a40).handle_read_frame_epilogue_main read frame epilogue bytes=32
2020-03-28T16:27:17.163 INFO:teuthology.orchestra.run.smithi117.stderr:DEBUG:cephadm:/usr/bin/ceph:stderr
2020-03-28T16:27:17.151+0000 7fbe00d03700 1 -- 172.21.15.117:0/2068154656 <== mon.0 v2:172.21.15.117:3300/0 2 ==== config(21 keys) v1 ==== 907+0+0 (secure 0 0 0) 0x7fbdf000a160 con 0x7fbdfc063ec0
2020-03-28T16:27:17.163 INFO:teuthology.orchestra.run.smithi117.stderr:DEBUG:cephadm:/usr/bin/ceph:stderr
2020-03-28T16:27:17.151+0000 7fbe00d03700 1 -- 172.21.15.117:0/2068154656 <== mon.0 v2:172.21.15.117:3300/0 3 ==== mon_map magic: 0 v1 ==== 183+0+0 (secure 0 0 0) 0x7fbdf00090c0 con 0x7fbdfc063ec0
2020-03-28T16:27:17.163 INFO:teuthology.orchestra.run.smithi117.stderr:DEBUG:cephadm:/usr/bin/ceph:stderr
2020-03-28T16:27:17.151+0000 7fbe03768700 1 -- 172.21.15.117:0/2068154656 >> [v2:172.21.15.117:3300/0,v1:172.21.15.117:6789/0] conn(0x7fbdfc063ec0 msgr2=0x7fbdfc0642e0 secure :-1 s=STATE_CONNECTION_ESTABLISHED l=1).mark_down
2020-03-28T16:27:17.163 INFO:teuthology.orchestra.run.smithi117.stderr:DEBUG:cephadm:/usr/bin/ceph:stderr
2020-03-28T16:27:17.151+0000 7fbe03768700 1 --2- 172.21.15.117:0/2068154656 >> [v2:172.21.15.117:3300/0,v1:172.21.15.117:6789/0] conn(0x7fbdfc063ec0 0x7fbdfc0642e0 secure :-1 s=READY pgs=19 cs=0 l=1 rx=0x7fbdf0002f30 tx=0x7fbdf0007a40).stop
2020-03-28T16:27:17.163 INFO:teuthology.orchestra.run.smithi117.stderr:DEBUG:cephadm:/usr/bin/ceph:stderr
2020-03-28T16:27:17.151+0000 7fbe03768700 1 -- 172.21.15.117:0/2068154656 shutdown_connections
2020-03-28T16:27:17.163 INFO:teuthology.orchestra.run.smithi117.stderr:DEBUG:cephadm:/usr/bin/ceph:stderr
2020-03-28T16:27:17.151+0000 7fbe03768700 1 --2- 172.21.15.117:0/2068154656 >> [v2:172.21.15.117:3300/0,v1:172.21.15.117:6789/0] conn(0x7fbdfc063ec0 0x7fbdfc0642e0 unknown :-1 s=CLOSED pgs=19 cs=0 l=1 rx=0 tx=0).stop
2020-03-28T16:27:17.164 INFO:teuthology.orchestra.run.smithi117.stderr:DEBUG:cephadm:/usr/bin/ceph:stderr
2020-03-28T16:27:17.151+0000 7fbe03768700 1 -- 172.21.15.117:0/2068154656 >> 172.21.15.117:0/2068154656 conn(0x7fbdfc05f5a0 msgr2=0x7fbdfc0619c0 unknown :-1 s=STATE_NONE l=0).mark_down
2020-03-28T16:27:17.164 INFO:teuthology.orchestra.run.smithi117.stderr:DEBUG:cephadm:/usr/bin/ceph:stderr
2020-03-28T16:27:17.151+0000 7fbe03768700 1 -- 172.21.15.117:0/2068154656 shutdown_connections
2020-03-28T16:27:17.164 INFO:teuthology.orchestra.run.smithi117.stderr:DEBUG:cephadm:/usr/bin/ceph:stderr
2020-03-28T16:27:17.151+0000 7fbe03768700 1 -- 172.21.15.117:0/2068154656 wait complete.
2020-03-28T16:27:17.164 INFO:teuthology.orchestra.run.smithi117.stderr:DEBUG:cephadm:/usr/bin/ceph:stderr
2020-03-28T16:27:17.152+0000 7fbe03768700 1 Processor -- start
2020-03-28T16:27:17.164 INFO:teuthology.orchestra.run.smithi117.stderr:DEBUG:cephadm:/usr/bin/ceph:stderr
2020-03-28T16:27:17.152+0000 7fbe03768700 1 -- start start
2020-03-28T16:27:17.164 INFO:teuthology.orchestra.run.smithi117.stderr:DEBUG:cephadm:/usr/bin/ceph:stderr
2020-03-28T16:27:17.152+0000 7fbe03768700 1 --2- >> [v2:172.21.15.117:3300/0,v1:172.21.15.117:6789/0] conn(0x7fbdfc063ec0 0x7fbdfc075c30 unknown :-1 s=NONE pgs=0 cs=0 l=1 rx=0 tx=0).connect
2020-03-28T16:27:17.164 INFO:teuthology.orchestra.run.smithi117.stderr:DEBUG:cephadm:/usr/bin/ceph:stderr
2020-03-28T16:27:17.152+0000 7fbe03768700 1 -- --> [v2:172.21.15.117:3300/0,v1:172.21.15.117:6789/0] -- mon_getmap magic: 0 v1 -- 0x7fbdfc076120 con 0x7fbdfc063ec0
2020-03-28T16:27:17.165 INFO:teuthology.orchestra.run.smithi117.stderr:DEBUG:cephadm:/usr/bin/ceph:stderr
2020-03-28T16:27:17.152+0000 7fbe01d05700 1 --2- >> [v2:172.21.15.117:3300/0,v1:172.21.15.117:6789/0] conn(0x7fbdfc063ec0 0x7fbdfc075c30 unknown :-1 s=BANNER_CONNECTING pgs=0 cs=0 l=1 rx=0 tx=0)._handle_peer_banner_payload supported=0 required=0
2020-03-28T16:27:17.165 INFO:teuthology.orchestra.run.smithi117.stderr:DEBUG:cephadm:/usr/bin/ceph:stderr
2020-03-28T16:27:17.152+0000 7fbe01d05700 1 --2- >> [v2:172.21.15.117:3300/0,v1:172.21.15.117:6789/0] conn(0x7fbdfc063ec0 0x7fbdfc075c30 unknown :-1 s=HELLO_CONNECTING pgs=0 cs=0 l=1 rx=0 tx=0).handle_hello peer v2:172.21.15.117:3300/0 says I am v2:172.21.15.117:52088/0 (socket says 172.21.15.117:52088)
2020-03-28T16:27:17.165 INFO:teuthology.orchestra.run.smithi117.stderr:DEBUG:cephadm:/usr/bin/ceph:stderr
2020-03-28T16:27:17.152+0000 7fbe01d05700 1 -- 172.21.15.117:0/3521840738 learned_addr learned my addr 172.21.15.117:0/3521840738 (peer_addr_for_me v2:172.21.15.117:0/0)
2020-03-28T16:27:17.165 INFO:teuthology.orchestra.run.smithi117.stderr:DEBUG:cephadm:/usr/bin/ceph:stderr
2020-03-28T16:27:17.152+0000 7fbe01d05700 1 -- 172.21.15.117:0/3521840738 --> [v2:172.21.15.117:3300/0,v1:172.21.15.117:6789/0] -- mon_subscribe({config=0+,monmap=0+}) v3 -- 0x7fbdfc076260 con 0x7fbdfc063ec0
2020-03-28T16:27:17.165 INFO:teuthology.orchestra.run.smithi117.stderr:DEBUG:cephadm:/usr/bin/ceph:stderr
2020-03-28T16:27:17.152+0000 7fbe01d05700 1 --2- 172.21.15.117:0/3521840738 >> [v2:172.21.15.117:3300/0,v1:172.21.15.117:6789/0] conn(0x7fbdfc063ec0 0x7fbdfc075c30 secure :-1 s=AUTH_CONNECTING_SIGN pgs=0 cs=0 l=1 rx=0x7fbdf0002f30 tx=0x7fbdf0007a40).handle_read_frame_epilogue_main read frame epilogue bytes=32
2020-03-28T16:27:17.165 INFO:teuthology.orchestra.run.smithi117.stderr:DEBUG:cephadm:/usr/bin/ceph:stderr
2020-03-28T16:27:17.152+0000 7fbe01d05700 1 --2- 172.21.15.117:0/3521840738 >> [v2:172.21.15.117:3300/0,v1:172.21.15.117:6789/0] conn(0x7fbdfc063ec0 0x7fbdfc075c30 secure :-1 s=SESSION_CONNECTING pgs=0 cs=0 l=1 rx=0x7fbdf0002f30 tx=0x7fbdf0007a40).handle_read_frame_epilogue_main read frame epilogue bytes=32
2020-03-28T16:27:17.165 INFO:teuthology.orchestra.run.smithi117.stderr:DEBUG:cephadm:/usr/bin/ceph:stderr
2020-03-28T16:27:17.152+0000 7fbe01d05700 1 --2- 172.21.15.117:0/3521840738 >> [v2:172.21.15.117:3300/0,v1:172.21.15.117:6789/0] conn(0x7fbdfc063ec0 0x7fbdfc075c30 secure :-1 s=READY pgs=20 cs=0 l=1 rx=0x7fbdf0002f30 tx=0x7fbdf0007a40).ready entity=mon.0 client_cookie=0 server_cookie=0 in_seq=0 out_seq=0
2020-03-28T16:27:17.166 INFO:teuthology.orchestra.run.smithi117.stderr:DEBUG:cephadm:/usr/bin/ceph:stderr
2020-03-28T16:27:17.153+0000 7fbe01d05700 1 --2- 172.21.15.117:0/3521840738 >> [v2:172.21.15.117:3300/0,v1:172.21.15.117:6789/0] conn(0x7fbdfc063ec0 0x7fbdfc075c30 secure :-1 s=THROTTLE_DONE pgs=20 cs=0 l=1 rx=0x7fbdf0002f30 tx=0x7fbdf0007a40).handle_read_frame_epilogue_main read frame epilogue bytes=32
2020-03-28T16:27:17.166 INFO:teuthology.orchestra.run.smithi117.stderr:DEBUG:cephadm:/usr/bin/ceph:stderr
2020-03-28T16:27:17.153+0000 7fbdfaffd700 1 -- 172.21.15.117:0/3521840738 <== mon.0 v2:172.21.15.117:3300/0 1 ==== mon_map magic: 0 v1 ==== 183+0+0 (secure 0 0 0) 0x7fbdf0007280 con 0x7fbdfc063ec0
2020-03-28T16:27:17.166 INFO:teuthology.orchestra.run.smithi117.stderr:DEBUG:cephadm:/usr/bin/ceph:stderr
2020-03-28T16:27:17.153+0000 7fbe01d05700 1 --2- 172.21.15.117:0/3521840738 >> [v2:172.21.15.117:3300/0,v1:172.21.15.117:6789/0] conn(0x7fbdfc063ec0 0x7fbdfc075c30 secure :-1 s=THROTTLE_DONE pgs=20 cs=0 l=1 rx=0x7fbdf0002f30 tx=0x7fbdf0007a40).handle_read_frame_epilogue_main read frame epilogue bytes=32
2020-03-28T16:27:17.166 INFO:teuthology.orchestra.run.smithi117.stderr:DEBUG:cephadm:/usr/bin/ceph:stderr
2020-03-28T16:27:17.153+0000 7fbe03768700 1 -- 172.21.15.117:0/3521840738 --> [v2:172.21.15.117:3300/0,v1:172.21.15.117:6789/0] -- mon_subscribe({mgrmap=0+}) v3 -- 0x7fbdfc076510 con 0x7fbdfc063ec0
2020-03-28T16:27:17.166 INFO:teuthology.orchestra.run.smithi117.stderr:DEBUG:cephadm:/usr/bin/ceph:stderr
2020-03-28T16:27:17.153+0000 7fbdfaffd700 1 -- 172.21.15.117:0/3521840738 <== mon.0 v2:172.21.15.117:3300/0 2 ==== config(21 keys) v1 ==== 907+0+0 (secure 0 0 0) 0x7fbdf00073e0 con 0x7fbdfc063ec0
2020-03-28T16:27:17.166 INFO:teuthology.orchestra.run.smithi117.stderr:DEBUG:cephadm:/usr/bin/ceph:stderr
2020-03-28T16:27:17.153+0000 7fbe01d05700 1 --2- 172.21.15.117:0/3521840738 >> [v2:172.21.15.117:3300/0,v1:172.21.15.117:6789/0] conn(0x7fbdfc063ec0 0x7fbdfc075c30 secure :-1 s=THROTTLE_DONE pgs=20 cs=0 l=1 rx=0x7fbdf0002f30 tx=0x7fbdf0007a40).handle_read_frame_epilogue_main read frame epilogue bytes=32
2020-03-28T16:27:17.166 INFO:teuthology.orchestra.run.smithi117.stderr:DEBUG:cephadm:/usr/bin/ceph:stderr
2020-03-28T16:27:17.153+0000 7fbdfaffd700 1 -- 172.21.15.117:0/3521840738 <== mon.0 v2:172.21.15.117:3300/0 3 ==== mon_map magic: 0 v1 ==== 183+0+0 (secure 0 0 0) 0x7fbdf00097e0 con 0x7fbdfc063ec0
2020-03-28T16:27:17.167 INFO:teuthology.orchestra.run.smithi117.stderr:DEBUG:cephadm:/usr/bin/ceph:stderr
2020-03-28T16:27:17.153+0000 7fbe03768700 1 -- 172.21.15.117:0/3521840738 --> [v2:172.21.15.117:3300/0,v1:172.21.15.117:6789/0] -- mon_subscribe({osdmap=0}) v3 -- 0x7fbdfc0608d0 con 0x7fbdfc063ec0
2020-03-28T16:27:17.167 INFO:teuthology.orchestra.run.smithi117.stderr:DEBUG:cephadm:/usr/bin/ceph:stderr
2020-03-28T16:27:17.153+0000 7fbe01d05700 1 --2- 172.21.15.117:0/3521840738 >> [v2:172.21.15.117:3300/0,v1:172.21.15.117:6789/0] conn(0x7fbdfc063ec0 0x7fbdfc075c30 secure :-1 s=THROTTLE_DONE pgs=20 cs=0 l=1 rx=0x7fbdf0002f30 tx=0x7fbdf0007a40).handle_read_frame_epilogue_main read frame epilogue bytes=32
2020-03-28T16:27:17.167 INFO:teuthology.orchestra.run.smithi117.stderr:DEBUG:cephadm:/usr/bin/ceph:stderr
2020-03-28T16:27:17.153+0000 7fbdfaffd700 1 -- 172.21.15.117:0/3521840738 <== mon.0 v2:172.21.15.117:3300/0 4 ==== mgrmap(e 4) v1 ==== 30617+0+0 (secure 0 0 0) 0x7fbdf0009cb0 con 0x7fbdfc063ec0
2020-03-28T16:27:17.167 INFO:teuthology.orchestra.run.smithi117.stderr:DEBUG:cephadm:/usr/bin/ceph:stderr
2020-03-28T16:27:17.153+0000 7fbe01d05700 1 --2- 172.21.15.117:0/3521840738 >> [v2:172.21.15.117:3300/0,v1:172.21.15.117:6789/0] conn(0x7fbdfc063ec0 0x7fbdfc075c30 secure :-1 s=THROTTLE_DONE pgs=20 cs=0 l=1 rx=0x7fbdf0002f30 tx=0x7fbdf0007a40).handle_read_frame_epilogue_main read frame epilogue bytes=32
2020-03-28T16:27:17.167 INFO:teuthology.orchestra.run.smithi117.stderr:DEBUG:cephadm:/usr/bin/ceph:stderr
2020-03-28T16:27:17.154+0000 7fbdfaffd700 1 --2- 172.21.15.117:0/3521840738 >> [v2:172.21.15.117:6800/116724507,v1:172.21.15.117:6801/116724507] conn(0x7fbde802e2a0 0x7fbde8030760 unknown :-1 s=NONE pgs=0 cs=0 l=1 rx=0 tx=0).connect
2020-03-28T16:27:17.167 INFO:teuthology.orchestra.run.smithi117.stderr:DEBUG:cephadm:/usr/bin/ceph:stderr
2020-03-28T16:27:17.154+0000 7fbdfaffd700 1 -- 172.21.15.117:0/3521840738 <== mon.0 v2:172.21.15.117:3300/0 5 ==== osd_map(3..3 src has 1..3) v4 ==== 1154+0+0 (secure 0 0 0) 0x7fbdf0036e90 con 0x7fbdfc063ec0
2020-03-28T16:27:17.168 INFO:teuthology.orchestra.run.smithi117.stderr:DEBUG:cephadm:/usr/bin/ceph:stderr
2020-03-28T16:27:17.154+0000 7fbe01504700 1 --2- 172.21.15.117:0/3521840738 >> [v2:172.21.15.117:6800/116724507,v1:172.21.15.117:6801/116724507] conn(0x7fbde802e2a0 0x7fbde8030760 unknown :-1 s=BANNER_CONNECTING pgs=0 cs=0 l=1 rx=0 tx=0)._handle_peer_banner_payload supported=0 required=0
2020-03-28T16:27:17.168 INFO:teuthology.orchestra.run.smithi117.stderr:DEBUG:cephadm:/usr/bin/ceph:stderr
2020-03-28T16:27:17.154+0000 7fbe01504700 1 --2- 172.21.15.117:0/3521840738 >> [v2:172.21.15.117:6800/116724507,v1:172.21.15.117:6801/116724507] conn(0x7fbde802e2a0 0x7fbde8030760 secure :-1 s=AUTH_CONNECTING_SIGN pgs=0 cs=0 l=1 rx=0x7fbdec0032b0 tx=0x7fbdec007fd0).handle_read_frame_epilogue_main read frame epilogue bytes=32
2020-03-28T16:27:17.168 INFO:teuthology.orchestra.run.smithi117.stderr:DEBUG:cephadm:/usr/bin/ceph:stderr
2020-03-28T16:27:17.154+0000 7fbe01504700 1 --2- 172.21.15.117:0/3521840738 >> [v2:172.21.15.117:6800/116724507,v1:172.21.15.117:6801/116724507] conn(0x7fbde802e2a0 0x7fbde8030760 secure :-1 s=SESSION_CONNECTING pgs=0 cs=0 l=1 rx=0x7fbdec0032b0 tx=0x7fbdec007fd0).handle_read_frame_epilogue_main read frame epilogue bytes=32
2020-03-28T16:27:17.168 INFO:teuthology.orchestra.run.smithi117.stderr:DEBUG:cephadm:/usr/bin/ceph:stderr
2020-03-28T16:27:17.154+0000 7fbe03768700 1 -- 172.21.15.117:0/3521840738 --> [v2:172.21.15.117:3300/0,v1:172.21.15.117:6789/0] -- mon_command({"prefix": "get_command_descriptions"} v 0) v1 -- 0x7fbdfc056cb0 con 0x7fbdfc063ec0
2020-03-28T16:27:17.168 INFO:teuthology.orchestra.run.smithi117.stderr:DEBUG:cephadm:/usr/bin/ceph:stderr
2020-03-28T16:27:17.154+0000 7fbe01504700 1 --2- 172.21.15.117:0/3521840738 >> [v2:172.21.15.117:6800/116724507,v1:172.21.15.117:6801/116724507] conn(0x7fbde802e2a0 0x7fbde8030760 secure :-1 s=READY pgs=7 cs=0 l=1 rx=0x7fbdec0032b0 tx=0x7fbdec007fd0).ready entity=mgr.14100 client_cookie=0 server_cookie=0 in_seq=0 out_seq=0
2020-03-28T16:27:17.169 INFO:teuthology.orchestra.run.smithi117.stderr:DEBUG:cephadm:/usr/bin/ceph:stderr
2020-03-28T16:27:17.158+0000 7fbe01d05700 1 --2- 172.21.15.117:0/3521840738 >> [v2:172.21.15.117:3300/0,v1:172.21.15.117:6789/0] conn(0x7fbdfc063ec0 0x7fbdfc075c30 secure :-1 s=THROTTLE_DONE pgs=20 cs=0 l=1 rx=0x7fbdf0002f30 tx=0x7fbdf0007a40).handle_read_frame_epilogue_main read frame epilogue bytes=32
2020-03-28T16:27:17.169 INFO:teuthology.orchestra.run.smithi117.stderr:DEBUG:cephadm:/usr/bin/ceph:stderr
2020-03-28T16:27:17.158+0000 7fbdfaffd700 1 -- 172.21.15.117:0/3521840738 <== mon.0 v2:172.21.15.117:3300/0 6 ==== mon_command_ack([{"prefix": "get_command_descriptions"}]=0 v0) v1 ==== 72+0+127458 (secure 0 0 0) 0x7fbdf0006d70 con 0x7fbdfc063ec0
2020-03-28T16:27:17.338 INFO:teuthology.orchestra.run.smithi117.stderr:DEBUG:cephadm:/usr/bin/ceph:stderr
2020-03-28T16:27:17.335+0000 7fbe03768700 1 -- 172.21.15.117:0/3521840738 --> [v2:172.21.15.117:3300/0,v1:172.21.15.117:6789/0] -- mon_command({"prefix": "mgr module enable", "module": "cephadm"} v 0) v1 -- 0x7fbdfc076db0 con 0x7fbdfc063ec0
2020-03-28T16:27:17.648 INFO:teuthology.orchestra.run.smithi117.stderr:DEBUG:cephadm:/usr/bin/ceph:stderr
2020-03-28T16:27:17.643+0000 7fbe01d05700 1 --2- 172.21.15.117:0/3521840738 >> [v2:172.21.15.117:3300/0,v1:172.21.15.117:6789/0] conn(0x7fbdfc063ec0 0x7fbdfc075c30 secure :-1 s=THROTTLE_DONE pgs=20 cs=0 l=1 rx=0x7fbdf0002f30 tx=0x7fbdf0007a40).handle_read_frame_epilogue_main read frame epilogue bytes=32
2020-03-28T16:27:17.648 INFO:teuthology.orchestra.run.smithi117.stderr:DEBUG:cephadm:/usr/bin/ceph:stderr
2020-03-28T16:27:17.644+0000 7fbdfaffd700 1 -- 172.21.15.117:0/3521840738 <== mon.0 v2:172.21.15.117:3300/0 7 ==== mgrmap(e 5) v1 ==== 30628+0+0 (secure 0 0 0) 0x7fbdf0005ac0 con 0x7fbdfc063ec0
2020-03-28T16:27:17.648 INFO:teuthology.orchestra.run.smithi117.stderr:DEBUG:cephadm:/usr/bin/ceph:stderr
2020-03-28T16:27:17.645+0000 7fbe01d05700 1 --2- 172.21.15.117:0/3521840738 >> [v2:172.21.15.117:3300/0,v1:172.21.15.117:6789/0] conn(0x7fbdfc063ec0 0x7fbdfc075c30 secure :-1 s=THROTTLE_DONE pgs=20 cs=0 l=1 rx=0x7fbdf0002f30 tx=0x7fbdf0007a40).handle_read_frame_epilogue_main read frame epilogue bytes=32
2020-03-28T16:27:17.649 INFO:teuthology.orchestra.run.smithi117.stderr:DEBUG:cephadm:/usr/bin/ceph:stderr
2020-03-28T16:27:17.645+0000 7fbdfaffd700 1 -- 172.21.15.117:0/3521840738 <== mon.0 v2:172.21.15.117:3300/0 8 ==== mon_command_ack([{"prefix": "mgr module enable", "module": "cephadm"}]=0 v5) v1 ==== 86+0+0 (secure 0 0 0) 0x7fbdf0006d70 con 0x7fbdfc063ec0
2020-03-28T16:27:17.651 INFO:teuthology.orchestra.run.smithi117.stderr:DEBUG:cephadm:/usr/bin/ceph:stderr
2020-03-28T16:27:17.647+0000 7fbe03768700 1 -- 172.21.15.117:0/3521840738 >> [v2:172.21.15.117:6800/116724507,v1:172.21.15.117:6801/116724507] conn(0x7fbde802e2a0 msgr2=0x7fbde8030760 secure :-1 s=STATE_CONNECTION_ESTABLISHED l=1).mark_down
2020-03-28T16:27:17.651 INFO:teuthology.orchestra.run.smithi117.stderr:DEBUG:cephadm:/usr/bin/ceph:stderr
2020-03-28T16:27:17.647+0000 7fbe03768700 1 --2- 172.21.15.117:0/3521840738 >> [v2:172.21.15.117:6800/116724507,v1:172.21.15.117:6801/116724507] conn(0x7fbde802e2a0 0x7fbde8030760 secure :-1 s=READY pgs=7 cs=0 l=1 rx=0x7fbdec0032b0 tx=0x7fbdec007fd0).stop
2020-03-28T16:27:17.651 INFO:teuthology.orchestra.run.smithi117.stderr:DEBUG:cephadm:/usr/bin/ceph:stderr
2020-03-28T16:27:17.647+0000 7fbe03768700 1 -- 172.21.15.117:0/3521840738 >> [v2:172.21.15.117:3300/0,v1:172.21.15.117:6789/0] conn(0x7fbdfc063ec0 msgr2=0x7fbdfc075c30 secure :-1 s=STATE_CONNECTION_ESTABLISHED l=1).mark_down
2020-03-28T16:27:17.652 INFO:teuthology.orchestra.run.smithi117.stderr:DEBUG:cephadm:/usr/bin/ceph:stderr
2020-03-28T16:27:17.647+0000 7fbe03768700 1 --2- 172.21.15.117:0/3521840738 >> [v2:172.21.15.117:3300/0,v1:172.21.15.117:6789/0] conn(0x7fbdfc063ec0 0x7fbdfc075c30 secure :-1 s=READY pgs=20 cs=0 l=1 rx=0x7fbdf0002f30 tx=0x7fbdf0007a40).stop
2020-03-28T16:27:17.652 INFO:teuthology.orchestra.run.smithi117.stderr:DEBUG:cephadm:/usr/bin/ceph:stderr
2020-03-28T16:27:17.647+0000 7fbe03768700 1 -- 172.21.15.117:0/3521840738 shutdown_connections
2020-03-28T16:27:17.652 INFO:teuthology.orchestra.run.smithi117.stderr:DEBUG:cephadm:/usr/bin/ceph:stderr
2020-03-28T16:27:17.647+0000 7fbe03768700 1 --2- 172.21.15.117:0/3521840738 >> [v2:172.21.15.117:6800/116724507,v1:172.21.15.117:6801/116724507] conn(0x7fbde802e2a0 0x7fbde8030760 unknown :-1 s=CLOSED pgs=7 cs=0 l=1 rx=0 tx=0).stop
2020-03-28T16:27:17.653 INFO:teuthology.orchestra.run.smithi117.stderr:DEBUG:cephadm:/usr/bin/ceph:stderr
2020-03-28T16:27:17.647+0000 7fbe03768700 1 --2- 172.21.15.117:0/3521840738 >> [v2:172.21.15.117:3300/0,v1:172.21.15.117:6789/0] conn(0x7fbdfc063ec0 0x7fbdfc075c30 unknown :-1 s=CLOSED pgs=20 cs=0 l=1 rx=0 tx=0).stop
2020-03-28T16:27:17.653 INFO:teuthology.orchestra.run.smithi117.stderr:DEBUG:cephadm:/usr/bin/ceph:stderr
2020-03-28T16:27:17.647+0000 7fbe03768700 1 -- 172.21.15.117:0/3521840738 >> 172.21.15.117:0/3521840738 conn(0x7fbdfc05f5a0 msgr2=0x7fbdfc05f9b0 unknown :-1 s=STATE_NONE l=0).mark_down
2020-03-28T16:27:17.653 INFO:teuthology.orchestra.run.smithi117.stderr:DEBUG:cephadm:/usr/bin/ceph:stderr
2020-03-28T16:27:17.647+0000 7fbe03768700 1 -- 172.21.15.117:0/3521840738 shutdown_connections
2020-03-28T16:27:17.653 INFO:teuthology.orchestra.run.smithi117.stderr:DEBUG:cephadm:/usr/bin/ceph:stderr
2020-03-28T16:27:17.647+0000 7fbe03768700 1 -- 172.21.15.117:0/3521840738 wait complete.
2020-03-28T16:27:18.076 INFO:ceph.mon.a.smithi117.stdout:Mar 28 16:27:17 smithi117 bash[30162]: cluster
2020-03-28T16:27:16.642651+0000 mon.a (mon.0) 32 : cluster [DBG] mgrmap e4: y(active, since 2s)
2020-03-28T16:27:18.076 INFO:ceph.mon.a.smithi117.stdout:Mar 28 16:27:17 smithi117 bash[30162]: audit
2020-03-28T16:27:17.335947+0000 mon.a (mon.0) 33 : audit [INF] from='client.? 172.21.15.117:0/3521840738' entity='client.admin' cmd=[{"prefix": "mgr module enable", "module": "cephadm"}]: dispatch
2020-03-28T16:27:18.077 INFO:ceph.mgr.y.smithi117.stdout:Mar 28 16:27:17 smithi117 bash[30384]: ignoring --setuser ceph since I am not root
2020-03-28T16:27:18.077 INFO:ceph.mgr.y.smithi117.stdout:Mar 28 16:27:17 smithi117 bash[30384]: ignoring --setgroup ceph since I am not root
2020-03-28T16:27:18.142 INFO:teuthology.orchestra.run.smithi117.stderr:DEBUG:cephadm:['/bin/podman', 'run', '--rm', '--net=host', '-e', 'CONTAINER_IMAGE=quay.io/ceph-ci/ceph:202834d8ba82240c3c27a1437803b8cdec4bb56a', '-e', 'NODE_NAME=smithi117', '-v', '/var/log/ceph/dfa8ccd8-7110-11ea-924b-001a4aab830c:/var/log/ceph:z', '-v', '/tmp/ceph-tmp3cv4uc6v:/etc/ceph/ceph.client.admin.keyring:z', '-v', '/tmp/ceph-tmpceq6rxz4:/etc/ceph/ceph.conf:z', '--entrypoint', '/usr/bin/ceph', 'quay.io/ceph-ci/ceph:202834d8ba82240c3c27a1437803b8cdec4bb56a', 'mgr', 'dump']
2020-03-28T16:27:18.143 INFO:teuthology.orchestra.run.smithi117.stderr:DEBUG:cephadm:Running command: /bin/podman run --rm --net=host -e CONTAINER_IMAGE=quay.io/ceph-ci/ceph:202834d8ba82240c3c27a1437803b8cdec4bb56a -e NODE_NAME=smithi117 -v /var/log/ceph/dfa8ccd8-7110-11ea-924b-001a4aab830c:/var/log/ceph:z -v /tmp/ceph-tmp3cv4uc6v:/etc/ceph/ceph.client.admin.keyring:z -v /tmp/ceph-tmpceq6rxz4:/etc/ceph/ceph.conf:z --entrypoint /usr/bin/ceph quay.io/ceph-ci/ceph:202834d8ba82240c3c27a1437803b8cdec4bb56a mgr dump
2020-03-28T16:27:18.681 INFO:teuthology.orchestra.run.smithi117.stderr:DEBUG:cephadm:/usr/bin/ceph:stderr
2020-03-28T16:27:18.670+0000 7ff5c6159700 1 Processor -- start
2020-03-28T16:27:18.682 INFO:teuthology.orchestra.run.smithi117.stderr:DEBUG:cephadm:/usr/bin/ceph:stderr
2020-03-28T16:27:18.670+0000 7ff5c6159700 1 -- start start
2020-03-28T16:27:18.682 INFO:teuthology.orchestra.run.smithi117.stderr:DEBUG:cephadm:/usr/bin/ceph:stderr
2020-03-28T16:27:18.671+0000 7ff5c6159700 1 --2- >> [v2:172.21.15.117:3300/0,v1:172.21.15.117:6789/0] conn(0x7ff5c0063f40 0x7ff5c0064360 unknown :-1 s=NONE pgs=0 cs=0 l=0 rx=0 tx=0).connect
2020-03-28T16:27:18.682 INFO:teuthology.orchestra.run.smithi117.stderr:DEBUG:cephadm:/usr/bin/ceph:stderr
2020-03-28T16:27:18.671+0000 7ff5c6159700 1 -- --> [v2:172.21.15.117:3300/0,v1:172.21.15.117:6789/0] -- mon_getmap magic: 0 v1 -- 0x7ff5c0064850 con 0x7ff5c0063f40
2020-03-28T16:27:18.682 INFO:teuthology.orchestra.run.smithi117.stderr:DEBUG:cephadm:/usr/bin/ceph:stderr
2020-03-28T16:27:18.671+0000 7ff5bffff700 1 --2- >> [v2:172.21.15.117:3300/0,v1:172.21.15.117:6789/0] conn(0x7ff5c0063f40 0x7ff5c0064360 unknown :-1 s=BANNER_CONNECTING pgs=0 cs=0 l=0 rx=0 tx=0)._handle_peer_banner_payload supported=0 required=0
2020-03-28T16:27:18.682 INFO:teuthology.orchestra.run.smithi117.stderr:DEBUG:cephadm:/usr/bin/ceph:stderr
2020-03-28T16:27:18.671+0000 7ff5bffff700 1 --2- >> [v2:172.21.15.117:3300/0,v1:172.21.15.117:6789/0] conn(0x7ff5c0063f40 0x7ff5c0064360 unknown :-1 s=HELLO_CONNECTING pgs=0 cs=0 l=0 rx=0 tx=0).handle_hello peer v2:172.21.15.117:3300/0 says I am v2:172.21.15.117:52102/0 (socket says 172.21.15.117:52102)
2020-03-28T16:27:18.683 INFO:teuthology.orchestra.run.smithi117.stderr:DEBUG:cephadm:/usr/bin/ceph:stderr
2020-03-28T16:27:18.671+0000 7ff5bffff700 1 -- 172.21.15.117:0/3031719175 learned_addr learned my addr 172.21.15.117:0/3031719175 (peer_addr_for_me v2:172.21.15.117:0/0)
2020-03-28T16:27:18.683 INFO:teuthology.orchestra.run.smithi117.stderr:DEBUG:cephadm:/usr/bin/ceph:stderr
2020-03-28T16:27:18.671+0000 7ff5bffff700 1 -- 172.21.15.117:0/3031719175 --> [v2:172.21.15.117:3300/0,v1:172.21.15.117:6789/0] -- mon_subscribe({config=0+,monmap=0+}) v3 -- 0x7ff5c0064f10 con 0x7ff5c0063f40
2020-03-28T16:27:18.683 INFO:teuthology.orchestra.run.smithi117.stderr:DEBUG:cephadm:/usr/bin/ceph:stderr
2020-03-28T16:27:18.671+0000 7ff5bffff700 1 --2- 172.21.15.117:0/3031719175 >> [v2:172.21.15.117:3300/0,v1:172.21.15.117:6789/0] conn(0x7ff5c0063f40 0x7ff5c0064360 secure :-1 s=AUTH_CONNECTING_SIGN pgs=0 cs=0 l=0 rx=0x7ff5b0002f30 tx=0x7ff5b0007a40).handle_read_frame_epilogue_main read frame epilogue bytes=32
2020-03-28T16:27:18.683 INFO:teuthology.orchestra.run.smithi117.stderr:DEBUG:cephadm:/usr/bin/ceph:stderr
2020-03-28T16:27:18.672+0000 7ff5bffff700 1 --2- 172.21.15.117:0/3031719175 >> [v2:172.21.15.117:3300/0,v1:172.21.15.117:6789/0] conn(0x7ff5c0063f40 0x7ff5c0064360 secure :-1 s=SESSION_CONNECTING pgs=0 cs=0 l=0 rx=0x7ff5b0002f30 tx=0x7ff5b0007a40).handle_read_frame_epilogue_main read frame epilogue bytes=32
2020-03-28T16:27:18.684 INFO:teuthology.orchestra.run.smithi117.stderr:DEBUG:cephadm:/usr/bin/ceph:stderr
2020-03-28T16:27:18.672+0000 7ff5bffff700 1 --2- 172.21.15.117:0/3031719175 >> [v2:172.21.15.117:3300/0,v1:172.21.15.117:6789/0] conn(0x7ff5c0063f40 0x7ff5c0064360 secure :-1 s=READY pgs=23 cs=0 l=1 rx=0x7ff5b0002f30 tx=0x7ff5b0007a40).ready entity=mon.0 client_cookie=91f4d5e07a3a15a7 server_cookie=0 in_seq=0 out_seq=0
2020-03-28T16:27:18.684 INFO:teuthology.orchestra.run.smithi117.stderr:DEBUG:cephadm:/usr/bin/ceph:stderr
2020-03-28T16:27:18.672+0000 7ff5bffff700 1 --2- 172.21.15.117:0/3031719175 >> [v2:172.21.15.117:3300/0,v1:172.21.15.117:6789/0] conn(0x7ff5c0063f40 0x7ff5c0064360 secure :-1 s=THROTTLE_DONE pgs=23 cs=0 l=1 rx=0x7ff5b0002f30 tx=0x7ff5b0007a40).handle_read_frame_epilogue_main read frame epilogue bytes=32
2020-03-28T16:27:18.684 INFO:teuthology.orchestra.run.smithi117.stderr:DEBUG:cephadm:/usr/bin/ceph:stderr
2020-03-28T16:27:18.672+0000 7ff5bf7fe700 1 -- 172.21.15.117:0/3031719175 <== mon.0 v2:172.21.15.117:3300/0 1 ==== mon_map magic: 0 v1 ==== 183+0+0 (secure 0 0 0) 0x7ff5b0011560 con 0x7ff5c0063f40
2020-03-28T16:27:18.684 INFO:teuthology.orchestra.run.smithi117.stderr:DEBUG:cephadm:/usr/bin/ceph:stderr
2020-03-28T16:27:18.672+0000 7ff5bffff700 1 --2- 172.21.15.117:0/3031719175 >> [v2:172.21.15.117:3300/0,v1:172.21.15.117:6789/0] conn(0x7ff5c0063f40 0x7ff5c0064360 secure :-1 s=THROTTLE_DONE pgs=23 cs=0 l=1 rx=0x7ff5b0002f30 tx=0x7ff5b0007a40).handle_read_frame_epilogue_main read frame epilogue bytes=32
2020-03-28T16:27:18.685 INFO:teuthology.orchestra.run.smithi117.stderr:DEBUG:cephadm:/usr/bin/ceph:stderr
2020-03-28T16:27:18.672+0000 7ff5bf7fe700 1 -- 172.21.15.117:0/3031719175 <== mon.0 v2:172.21.15.117:3300/0 2 ==== config(21 keys) v1 ==== 907+0+0 (secure 0 0 0) 0x7ff5b000a160 con 0x7ff5c0063f40
2020-03-28T16:27:18.685 INFO:teuthology.orchestra.run.smithi117.stderr:DEBUG:cephadm:/usr/bin/ceph:stderr
2020-03-28T16:27:18.672+0000 7ff5bffff700 1 --2- 172.21.15.117:0/3031719175 >> [v2:172.21.15.117:3300/0,v1:172.21.15.117:6789/0] conn(0x7ff5c0063f40 0x7ff5c0064360 secure :-1 s=THROTTLE_DONE pgs=23 cs=0 l=1 rx=0x7ff5b0002f30 tx=0x7ff5b0007a40).handle_read_frame_epilogue_main read frame epilogue bytes=32
2020-03-28T16:27:18.685 INFO:teuthology.orchestra.run.smithi117.stderr:DEBUG:cephadm:/usr/bin/ceph:stderr
2020-03-28T16:27:18.672+0000 7ff5bf7fe700 1 -- 172.21.15.117:0/3031719175 <== mon.0 v2:172.21.15.117:3300/0 3 ==== mon_map magic: 0 v1 ==== 183+0+0 (secure 0 0 0) 0x7ff5b00090c0 con 0x7ff5c0063f40
2020-03-28T16:27:18.686 INFO:teuthology.orchestra.run.smithi117.stderr:DEBUG:cephadm:/usr/bin/ceph:stderr
2020-03-28T16:27:18.672+0000 7ff5c6159700 1 -- 172.21.15.117:0/3031719175 >> [v2:172.21.15.117:3300/0,v1:172.21.15.117:6789/0] conn(0x7ff5c0063f40 msgr2=0x7ff5c0064360 secure :-1 s=STATE_CONNECTION_ESTABLISHED l=1).mark_down
2020-03-28T16:27:18.686 INFO:teuthology.orchestra.run.smithi117.stderr:DEBUG:cephadm:/usr/bin/ceph:stderr
2020-03-28T16:27:18.672+0000 7ff5c6159700 1 --2- 172.21.15.117:0/3031719175 >> [v2:172.21.15.117:3300/0,v1:172.21.15.117:6789/0] conn(0x7ff5c0063f40 0x7ff5c0064360 secure :-1 s=READY pgs=23 cs=0 l=1 rx=0x7ff5b0002f30 tx=0x7ff5b0007a40).stop
2020-03-28T16:27:18.686 INFO:teuthology.orchestra.run.smithi117.stderr:DEBUG:cephadm:/usr/bin/ceph:stderr
2020-03-28T16:27:18.672+0000 7ff5c6159700 1 -- 172.21.15.117:0/3031719175 shutdown_connections
2020-03-28T16:27:18.687 INFO:teuthology.orchestra.run.smithi117.stderr:DEBUG:cephadm:/usr/bin/ceph:stderr
2020-03-28T16:27:18.672+0000 7ff5c6159700 1 --2- 172.21.15.117:0/3031719175 >> [v2:172.21.15.117:3300/0,v1:172.21.15.117:6789/0] conn(0x7ff5c0063f40 0x7ff5c0064360 unknown :-1 s=CLOSED pgs=23 cs=0 l=1 rx=0 tx=0).stop
2020-03-28T16:27:18.687 INFO:teuthology.orchestra.run.smithi117.stderr:DEBUG:cephadm:/usr/bin/ceph:stderr
2020-03-28T16:27:18.672+0000 7ff5c6159700 1 -- 172.21.15.117:0/3031719175 >> 172.21.15.117:0/3031719175 conn(0x7ff5c005f5a0 msgr2=0x7ff5c00619c0 unknown :-1 s=STATE_NONE l=0).mark_down
2020-03-28T16:27:18.687 INFO:teuthology.orchestra.run.smithi117.stderr:DEBUG:cephadm:/usr/bin/ceph:stderr
2020-03-28T16:27:18.673+0000 7ff5c6159700 1 -- 172.21.15.117:0/3031719175 shutdown_connections
2020-03-28T16:27:18.687 INFO:teuthology.orchestra.run.smithi117.stderr:DEBUG:cephadm:/usr/bin/ceph:stderr
2020-03-28T16:27:18.673+0000 7ff5c6159700 1 -- 172.21.15.117:0/3031719175 wait complete.
2020-03-28T16:27:18.687 INFO:teuthology.orchestra.run.smithi117.stderr:DEBUG:cephadm:/usr/bin/ceph:stderr
2020-03-28T16:27:18.673+0000 7ff5c6159700 1 Processor -- start
2020-03-28T16:27:18.687 INFO:teuthology.orchestra.run.smithi117.stderr:DEBUG:cephadm:/usr/bin/ceph:stderr
2020-03-28T16:27:18.673+0000 7ff5c6159700 1 -- start start
2020-03-28T16:27:18.687 INFO:teuthology.orchestra.run.smithi117.stderr:DEBUG:cephadm:/usr/bin/ceph:stderr
2020-03-28T16:27:18.673+0000 7ff5c6159700 1 --2- >> [v2:172.21.15.117:3300/0,v1:172.21.15.117:6789/0] conn(0x7ff5c0063f40 0x7ff5c0075c70 unknown :-1 s=NONE pgs=0 cs=0 l=1 rx=0 tx=0).connect
2020-03-28T16:27:18.687 INFO:teuthology.orchestra.run.smithi117.stderr:DEBUG:cephadm:/usr/bin/ceph:stderr
2020-03-28T16:27:18.673+0000 7ff5c6159700 1 -- --> [v2:172.21.15.117:3300/0,v1:172.21.15.117:6789/0] -- mon_getmap magic: 0 v1 -- 0x7ff5c0076160 con 0x7ff5c0063f40
2020-03-28T16:27:18.688 INFO:teuthology.orchestra.run.smithi117.stderr:DEBUG:cephadm:/usr/bin/ceph:stderr
2020-03-28T16:27:18.673+0000 7ff5bffff700 1 --2- >> [v2:172.21.15.117:3300/0,v1:172.21.15.117:6789/0] conn(0x7ff5c0063f40 0x7ff5c0075c70 unknown :-1 s=BANNER_CONNECTING pgs=0 cs=0 l=1 rx=0 tx=0)._handle_peer_banner_payload supported=0 required=0
2020-03-28T16:27:18.688 INFO:teuthology.orchestra.run.smithi117.stderr:DEBUG:cephadm:/usr/bin/ceph:stderr
2020-03-28T16:27:18.673+0000 7ff5bffff700 1 --2- >> [v2:172.21.15.117:3300/0,v1:172.21.15.117:6789/0] conn(0x7ff5c0063f40 0x7ff5c0075c70 unknown :-1 s=HELLO_CONNECTING pgs=0 cs=0 l=1 rx=0 tx=0).handle_hello peer v2:172.21.15.117:3300/0 says I am v2:172.21.15.117:52104/0 (socket says 172.21.15.117:52104)
2020-03-28T16:27:18.688 INFO:teuthology.orchestra.run.smithi117.stderr:DEBUG:cephadm:/usr/bin/ceph:stderr
2020-03-28T16:27:18.673+0000 7ff5bffff700 1 -- 172.21.15.117:0/2321524231 learned_addr learned my addr 172.21.15.117:0/2321524231 (peer_addr_for_me v2:172.21.15.117:0/0)
2020-03-28T16:27:18.688 INFO:teuthology.orchestra.run.smithi117.stderr:DEBUG:cephadm:/usr/bin/ceph:stderr
2020-03-28T16:27:18.674+0000 7ff5bffff700 1 -- 172.21.15.117:0/2321524231 --> [v2:172.21.15.117:3300/0,v1:172.21.15.117:6789/0] -- mon_subscribe({config=0+,monmap=0+}) v3 -- 0x7ff5c00762a0 con 0x7ff5c0063f40
2020-03-28T16:27:18.688 INFO:teuthology.orchestra.run.smithi117.stderr:DEBUG:cephadm:/usr/bin/ceph:stderr
