2020-03-28T16:27:13.020+0000 7f7c3fcc06c0 4 rocksdb: [db/version_set.cc:3757] Recovered from manifest file:/var/lib/ceph/mon/ceph-a/store.db/MANIFEST-000005 succeeded,manifest_file_number is 5, next_file_number is 7, last_sequence is 5, log_number is 4,prev_log_number is 0,max_column_family is 0,min_log_number_to_keep is 0
2020-03-28T16:27:13.133 INFO:ceph.mon.a.smithi114.stdout:Mar 28 16:27:13 smithi114 bash[18253]: debug
2020-03-28T16:27:13.020+0000 7f7c3fcc06c0 4 rocksdb: [db/version_set.cc:3766] Column family [default] (ID 0), log number is 4
2020-03-28T16:27:13.133 INFO:ceph.mon.a.smithi114.stdout:Mar 28 16:27:13 smithi114 bash[18253]: debug
2020-03-28T16:27:13.020+0000 7f7c3fcc06c0 4 rocksdb: EVENT_LOG_v1 {"time_micros": 1585412833024748, "job": 1, "event": "recovery_started", "log_files": [6]}
2020-03-28T16:27:13.133 INFO:ceph.mon.a.smithi114.stdout:Mar 28 16:27:13 smithi114 bash[18253]: debug
2020-03-28T16:27:13.020+0000 7f7c3fcc06c0 4 rocksdb: [db/db_impl_open.cc:583] Recovering log #6 mode 2
2020-03-28T16:27:13.133 INFO:ceph.mon.a.smithi114.stdout:Mar 28 16:27:13 smithi114 bash[18253]: debug
2020-03-28T16:27:13.024+0000 7f7c3fcc06c0 4 rocksdb: EVENT_LOG_v1 {"time_micros": 1585412833026126, "cf_name": "default", "job": 1, "event": "table_file_creation", "file_number": 7, "file_size": 67023, "table_properties": {"data_size": 65326, "index_size": 302, "filter_size": 581, "raw_key_size": 8927, "raw_average_key_size": 46, "raw_value_size": 60234, "raw_average_value_size": 315, "num_data_blocks": 10, "num_entries": 191, "filter_policy_name": "rocksdb.BuiltinBloomFilter"}}
2020-03-28T16:27:13.134 INFO:ceph.mon.a.smithi114.stdout:Mar 28 16:27:13 smithi114 bash[18253]: debug
2020-03-28T16:27:13.024+0000 7f7c3fcc06c0 4 rocksdb: [db/version_set.cc:3036] Creating manifest 8
2020-03-28T16:27:13.134 INFO:ceph.mon.a.smithi114.stdout:Mar 28 16:27:13 smithi114 bash[18253]: debug
2020-03-28T16:27:13.024+0000 7f7c3fcc06c0 4 rocksdb: EVENT_LOG_v1 {"time_micros": 1585412833026877, "job": 1, "event": "recovery_finished"}
2020-03-28T16:27:13.134 INFO:ceph.mon.a.smithi114.stdout:Mar 28 16:27:13 smithi114 bash[18253]: debug
2020-03-28T16:27:13.028+0000 7f7c3fcc06c0 4 rocksdb: DB pointer 0x55a271821200
2020-03-28T16:27:13.134 INFO:ceph.mon.a.smithi114.stdout:Mar 28 16:27:13 smithi114 bash[18253]: debug
2020-03-28T16:27:13.028+0000 7f7c26e08700 4 rocksdb: [db/db_impl.cc:777] ------- DUMPING STATS -------
2020-03-28T16:27:13.134 INFO:ceph.mon.a.smithi114.stdout:Mar 28 16:27:13 smithi114 bash[18253]: debug
2020-03-28T16:27:13.028+0000 7f7c26e08700 4 rocksdb: [db/db_impl.cc:778]
2020-03-28T16:27:13.134 INFO:ceph.mon.a.smithi114.stdout:Mar 28 16:27:13 smithi114 bash[18253]: ** DB Stats **
2020-03-28T16:27:13.134 INFO:ceph.mon.a.smithi114.stdout:Mar 28 16:27:13 smithi114 bash[18253]: Uptime(secs): 0.0 total, 0.0 interval
2020-03-28T16:27:13.135 INFO:ceph.mon.a.smithi114.stdout:Mar 28 16:27:13 smithi114 bash[18253]: Cumulative writes: 0 writes, 0 keys, 0 commit groups, 0.0 writes per commit group, ingest: 0.00 GB, 0.00 MB/s
2020-03-28T16:27:13.135 INFO:ceph.mon.a.smithi114.stdout:Mar 28 16:27:13 smithi114 bash[18253]: Cumulative WAL: 0 writes, 0 syncs, 0.00 writes per sync, written: 0.00 GB, 0.00 MB/s
2020-03-28T16:27:13.135 INFO:ceph.mon.a.smithi114.stdout:Mar 28 16:27:13 smithi114 bash[18253]: Cumulative stall: 00:00:0.000 H:M:S, 0.0 percent
2020-03-28T16:27:13.135 INFO:ceph.mon.a.smithi114.stdout:Mar 28 16:27:13 smithi114 bash[18253]: Interval writes: 0 writes, 0 keys, 0 commit groups, 0.0 writes per commit group, ingest: 0.00 MB, 0.00 MB/s
2020-03-28T16:27:13.135 INFO:ceph.mon.a.smithi114.stdout:Mar 28 16:27:13 smithi114 bash[18253]: Interval WAL: 0 writes, 0 syncs, 0.00 writes per sync, written: 0.00 MB, 0.00 MB/s
2020-03-28T16:27:13.135 INFO:ceph.mon.a.smithi114.stdout:Mar 28 16:27:13 smithi114 bash[18253]: Interval stall: 00:00:0.000 H:M:S, 0.0 percent
2020-03-28T16:27:13.135 INFO:ceph.mon.a.smithi114.stdout:Mar 28 16:27:13 smithi114 bash[18253]: ** Compaction Stats [default] **
2020-03-28T16:27:13.136 INFO:ceph.mon.a.smithi114.stdout:Mar 28 16:27:13 smithi114 bash[18253]: Level Files Size Score Read(GB) Rn(GB) Rnp1(GB) Write(GB) Wnew(GB) Moved(GB) W-Amp Rd(MB/s) Wr(MB/s) Comp(sec) CompMergeCPU(sec) Comp(cnt) Avg(sec) KeyIn KeyDrop
2020-03-28T16:27:13.136 INFO:ceph.mon.a.smithi114.stdout:Mar 28 16:27:13 smithi114 bash[18253]: ----------------------------------------------------------------------------------------------------------------------------------------------------------------------------
2020-03-28T16:27:13.136 INFO:ceph.mon.a.smithi114.stdout:Mar 28 16:27:13 smithi114 bash[18253]: L0 2/0 67.07 KB 0.5 0.0 0.0 0.0 0.0 0.0 0.0 1.0 0.0 63.4 0.00 0.00 1 0.001 0 0
2020-03-28T16:27:13.136 INFO:ceph.mon.a.smithi114.stdout:Mar 28 16:27:13 smithi114 bash[18253]: Sum 2/0 67.07 KB 0.0 0.0 0.0 0.0 0.0 0.0 0.0 1.0 0.0 63.4 0.00 0.00 1 0.001 0 0
2020-03-28T16:27:13.136 INFO:ceph.mon.a.smithi114.stdout:Mar 28 16:27:13 smithi114 bash[18253]: Int 0/0 0.00 KB 0.0 0.0 0.0 0.0 0.0 0.0 0.0 1.0 0.0 63.4 0.00 0.00 1 0.001 0 0
2020-03-28T16:27:13.136 INFO:ceph.mon.a.smithi114.stdout:Mar 28 16:27:13 smithi114 bash[18253]: ** Compaction Stats [default] **
2020-03-28T16:27:13.136 INFO:ceph.mon.a.smithi114.stdout:Mar 28 16:27:13 smithi114 bash[18253]: Priority Files Size Score Read(GB) Rn(GB) Rnp1(GB) Write(GB) Wnew(GB) Moved(GB) W-Amp Rd(MB/s) Wr(MB/s) Comp(sec) CompMergeCPU(sec) Comp(cnt) Avg(sec) KeyIn KeyDrop
2020-03-28T16:27:13.136 INFO:ceph.mon.a.smithi114.stdout:Mar 28 16:27:13 smithi114 bash[18253]: -------------------------------------------------------------------------------------------------------------------------------------------------------------------------------
2020-03-28T16:27:13.137 INFO:ceph.mon.a.smithi114.stdout:Mar 28 16:27:13 smithi114 bash[18253]: User 0/0 0.00 KB 0.0 0.0 0.0 0.0 0.0 0.0 0.0 0.0 0.0 63.4 0.00 0.00 1 0.001 0 0
2020-03-28T16:27:13.137 INFO:ceph.mon.a.smithi114.stdout:Mar 28 16:27:13 smithi114 bash[18253]: Uptime(secs): 0.0 total, 0.0 interval
2020-03-28T16:27:13.137 INFO:ceph.mon.a.smithi114.stdout:Mar 28 16:27:13 smithi114 bash[18253]: Flush(GB): cumulative 0.000, interval 0.000
2020-03-28T16:27:13.137 INFO:ceph.mon.a.smithi114.stdout:Mar 28 16:27:13 smithi114 bash[18253]: AddFile(GB): cumulative 0.000, interval 0.000
2020-03-28T16:27:13.137 INFO:ceph.mon.a.smithi114.stdout:Mar 28 16:27:13 smithi114 bash[18253]: AddFile(Total Files): cumulative 0, interval 0
2020-03-28T16:27:13.137 INFO:ceph.mon.a.smithi114.stdout:Mar 28 16:27:13 smithi114 bash[18253]: AddFile(L0 Files): cumulative 0, interval 0
2020-03-28T16:27:13.137 INFO:ceph.mon.a.smithi114.stdout:Mar 28 16:27:13 smithi114 bash[18253]: AddFile(Keys): cumulative 0, interval 0
2020-03-28T16:27:13.138 INFO:ceph.mon.a.smithi114.stdout:Mar 28 16:27:13 smithi114 bash[18253]: Cumulative compaction: 0.00 GB write, 8.53 MB/s write, 0.00 GB read, 0.00 MB/s read, 0.0 seconds
2020-03-28T16:27:13.138 INFO:ceph.mon.a.smithi114.stdout:Mar 28 16:27:13 smithi114 bash[18253]: Interval compaction: 0.00 GB write, 8.53 MB/s write, 0.00 GB read, 0.00 MB/s read, 0.0 seconds
2020-03-28T16:27:13.138 INFO:ceph.mon.a.smithi114.stdout:Mar 28 16:27:13 smithi114 bash[18253]: Stalls(count): 0 level0_slowdown, 0 level0_slowdown_with_compaction, 0 level0_numfiles, 0 level0_numfiles_with_compaction, 0 stop for pending_compaction_bytes, 0 slowdown for pending_compaction_bytes, 0 memtable_compaction, 0 memtable_slowdown, interval 0 total count
2020-03-28T16:27:13.138 INFO:ceph.mon.a.smithi114.stdout:Mar 28 16:27:13 smithi114 bash[18253]: ** File Read Latency Histogram By Level [default] **
2020-03-28T16:27:13.138 INFO:ceph.mon.a.smithi114.stdout:Mar 28 16:27:13 smithi114 bash[18253]: ** Compaction Stats [default] **
2020-03-28T16:27:13.138 INFO:ceph.mon.a.smithi114.stdout:Mar 28 16:27:13 smithi114 bash[18253]: Level Files Size Score Read(GB) Rn(GB) Rnp1(GB) Write(GB) Wnew(GB) Moved(GB) W-Amp Rd(MB/s) Wr(MB/s) Comp(sec) CompMergeCPU(sec) Comp(cnt) Avg(sec) KeyIn KeyDrop
2020-03-28T16:27:13.138 INFO:ceph.mon.a.smithi114.stdout:Mar 28 16:27:13 smithi114 bash[18253]: ----------------------------------------------------------------------------------------------------------------------------------------------------------------------------
2020-03-28T16:27:13.139 INFO:ceph.mon.a.smithi114.stdout:Mar 28 16:27:13 smithi114 bash[18253]: L0 2/0 67.07 KB 0.5 0.0 0.0 0.0 0.0 0.0 0.0 1.0 0.0 63.4 0.00 0.00 1 0.001 0 0
2020-03-28T16:27:13.139 INFO:ceph.mon.a.smithi114.stdout:Mar 28 16:27:13 smithi114 bash[18253]: Sum 2/0 67.07 KB 0.0 0.0 0.0 0.0 0.0 0.0 0.0 1.0 0.0 63.4 0.00 0.00 1 0.001 0 0
2020-03-28T16:27:13.139 INFO:ceph.mon.a.smithi114.stdout:Mar 28 16:27:13 smithi114 bash[18253]: Int 0/0 0.00 KB 0.0 0.0 0.0 0.0 0.0 0.0 0.0 0.0 0.0 0.0 0.00 0.00 0 0.000 0 0
2020-03-28T16:27:13.139 INFO:ceph.mon.a.smithi114.stdout:Mar 28 16:27:13 smithi114 bash[18253]: ** Compaction Stats [default] **
2020-03-28T16:27:13.139 INFO:ceph.mon.a.smithi114.stdout:Mar 28 16:27:13 smithi114 bash[18253]: Priority Files Size Score Read(GB) Rn(GB) Rnp1(GB) Write(GB) Wnew(GB) Moved(GB) W-Amp Rd(MB/s) Wr(MB/s) Comp(sec) CompMergeCPU(sec) Comp(cnt) Avg(sec) KeyIn KeyDrop
2020-03-28T16:27:13.139 INFO:ceph.mon.a.smithi114.stdout:Mar 28 16:27:13 smithi114 bash[18253]: -------------------------------------------------------------------------------------------------------------------------------------------------------------------------------
2020-03-28T16:27:13.139 INFO:ceph.mon.a.smithi114.stdout:Mar 28 16:27:13 smithi114 bash[18253]: User 0/0 0.00 KB 0.0 0.0 0.0 0.0 0.0 0.0 0.0 0.0 0.0 63.4 0.00 0.00 1 0.001 0 0
2020-03-28T16:27:13.139 INFO:ceph.mon.a.smithi114.stdout:Mar 28 16:27:13 smithi114 bash[18253]: Uptime(secs): 0.0 total, 0.0 interval
2020-03-28T16:27:13.140 INFO:ceph.mon.a.smithi114.stdout:Mar 28 16:27:13 smithi114 bash[18253]: Flush(GB): cumulative 0.000, interval 0.000
2020-03-28T16:27:13.140 INFO:ceph.mon.a.smithi114.stdout:Mar 28 16:27:13 smithi114 bash[18253]: AddFile(GB): cumulative 0.000, interval 0.000
2020-03-28T16:27:13.140 INFO:ceph.mon.a.smithi114.stdout:Mar 28 16:27:13 smithi114 bash[18253]: AddFile(Total Files): cumulative 0, interval 0
2020-03-28T16:27:13.140 INFO:ceph.mon.a.smithi114.stdout:Mar 28 16:27:13 smithi114 bash[18253]: AddFile(L0 Files): cumulative 0, interval 0
2020-03-28T16:27:13.140 INFO:ceph.mon.a.smithi114.stdout:Mar 28 16:27:13 smithi114 bash[18253]: AddFile(Keys): cumulative 0, interval 0
2020-03-28T16:27:13.140 INFO:ceph.mon.a.smithi114.stdout:Mar 28 16:27:13 smithi114 bash[18253]: Cumulative compaction: 0.00 GB write, 8.43 MB/s write, 0.00 GB read, 0.00 MB/s read, 0.0 seconds
2020-03-28T16:27:13.141 INFO:ceph.mon.a.smithi114.stdout:Mar 28 16:27:13 smithi114 bash[18253]: Interval compaction: 0.00 GB write, 0.00 MB/s write, 0.00 GB read, 0.00 MB/s read, 0.0 seconds
2020-03-28T16:27:13.141 INFO:ceph.mon.a.smithi114.stdout:Mar 28 16:27:13 smithi114 bash[18253]: Stalls(count): 0 level0_slowdown, 0 level0_slowdown_with_compaction, 0 level0_numfiles, 0 level0_numfiles_with_compaction, 0 stop for pending_compaction_bytes, 0 slowdown for pending_compaction_bytes, 0 memtable_compaction, 0 memtable_slowdown, interval 0 total count
2020-03-28T16:27:13.141 INFO:ceph.mon.a.smithi114.stdout:Mar 28 16:27:13 smithi114 bash[18253]: ** File Read Latency Histogram By Level [default] **
2020-03-28T16:27:13.141 INFO:ceph.mon.a.smithi114.stdout:Mar 28 16:27:13 smithi114 bash[18253]: debug
2020-03-28T16:27:13.028+0000 7f7c3fcc06c0 0 starting mon.a rank 0 at public addrs [v2:172.21.15.114:3300/0,v1:172.21.15.114:6789/0] at bind addrs [v2:172.21.15.114:3300/0,v1:172.21.15.114:6789/0] mon_data /var/lib/ceph/mon/ceph-a fsid ddcf1926-7110-11ea-924b-001a4aab830c
2020-03-28T16:27:13.141 INFO:ceph.mon.a.smithi114.stdout:Mar 28 16:27:13 smithi114 bash[18253]: debug
2020-03-28T16:27:13.028+0000 7f7c3fcc06c0 1 mon.a@-1(???) e1 preinit fsid ddcf1926-7110-11ea-924b-001a4aab830c
2020-03-28T16:27:13.141 INFO:ceph.mon.a.smithi114.stdout:Mar 28 16:27:13 smithi114 bash[18253]: debug
2020-03-28T16:27:13.028+0000 7f7c3fcc06c0 0 mon.a@-1(???).mds e1 new map
2020-03-28T16:27:13.142 INFO:ceph.mon.a.smithi114.stdout:Mar 28 16:27:13 smithi114 bash[18253]: debug
2020-03-28T16:27:13.028+0000 7f7c3fcc06c0 0 mon.a@-1(???).mds e1 print_map
2020-03-28T16:27:13.142 INFO:ceph.mon.a.smithi114.stdout:Mar 28 16:27:13 smithi114 bash[18253]: e1
2020-03-28T16:27:13.142 INFO:ceph.mon.a.smithi114.stdout:Mar 28 16:27:13 smithi114 bash[18253]: enable_multiple, ever_enabled_multiple: 0,0
2020-03-28T16:27:13.143 INFO:ceph.mon.a.smithi114.stdout:Mar 28 16:27:13 smithi114 bash[18253]: compat: compat={},rocompat={},incompat={1=base v0.20,2=client writeable ranges,3=default file layouts on dirs,4=dir inode in separate object,5=mds uses versioned encoding,6=dirfrag is stored in omap,8=no anchor table,9=file layout v2,10=snaprealm v2}
2020-03-28T16:27:13.143 INFO:ceph.mon.a.smithi114.stdout:Mar 28 16:27:13 smithi114 bash[18253]: legacy client fscid: -1
2020-03-28T16:27:13.143 INFO:ceph.mon.a.smithi114.stdout:Mar 28 16:27:13 smithi114 bash[18253]:
2020-03-28T16:27:13.143 INFO:ceph.mon.a.smithi114.stdout:Mar 28 16:27:13 smithi114 bash[18253]: No filesystems configured
2020-03-28T16:27:13.143 INFO:ceph.mon.a.smithi114.stdout:Mar 28 16:27:13 smithi114 bash[18253]: debug
2020-03-28T16:27:13.032+0000 7f7c3fcc06c0 0 mon.a@-1(???).osd e1 crush map has features 288514050185494528, adjusting msgr requires
2020-03-28T16:27:13.143 INFO:ceph.mon.a.smithi114.stdout:Mar 28 16:27:13 smithi114 bash[18253]: debug
2020-03-28T16:27:13.032+0000 7f7c3fcc06c0 0 mon.a@-1(???).osd e1 crush map has features 3314932999778484224, adjusting msgr requires
2020-03-28T16:27:13.143 INFO:ceph.mon.a.smithi114.stdout:Mar 28 16:27:13 smithi114 bash[18253]: debug
2020-03-28T16:27:13.032+0000 7f7c3fcc06c0 0 mon.a@-1(???).osd e1 crush map has features 288514050185494528, adjusting msgr requires
2020-03-28T16:27:13.144 INFO:ceph.mon.a.smithi114.stdout:Mar 28 16:27:13 smithi114 bash[18253]: audit
2020-03-28T16:27:10.878876+0000 mon.a (mon.0) 10 : audit [DBG] from='client.? 172.21.15.114:0/1403424897' entity='client.admin' cmd=[{"prefix": "config generate-minimal-conf"}]: dispatch
2020-03-28T16:27:13.144 INFO:ceph.mon.a.smithi114.stdout:Mar 28 16:27:13 smithi114 bash[18253]: debug
2020-03-28T16:27:13.032+0000 7f7c3fcc06c0 1 mon.a@-1(???).paxosservice(auth 1..2) refresh upgraded, format 0 -> 3
2020-03-28T16:27:13.144 INFO:ceph.mon.a.smithi114.stdout:Mar 28 16:27:13 smithi114 bash[18253]: debug
2020-03-28T16:27:13.032+0000 7f7c3fcc06c0 20 expand_channel_meta expand map: {default=false}
2020-03-28T16:27:13.144 INFO:ceph.mon.a.smithi114.stdout:Mar 28 16:27:13 smithi114 bash[18253]: debug
2020-03-28T16:27:13.032+0000 7f7c3fcc06c0 20 expand_channel_meta from 'false' to 'false'
2020-03-28T16:27:13.144 INFO:ceph.mon.a.smithi114.stdout:Mar 28 16:27:13 smithi114 bash[18253]: debug
2020-03-28T16:27:13.032+0000 7f7c3fcc06c0 20 expand_channel_meta expanded map: {default=false}
2020-03-28T16:27:13.144 INFO:ceph.mon.a.smithi114.stdout:Mar 28 16:27:13 smithi114 bash[18253]: debug
2020-03-28T16:27:13.032+0000 7f7c3fcc06c0 20 expand_channel_meta expand map: {default=info}
2020-03-28T16:27:13.144 INFO:ceph.mon.a.smithi114.stdout:Mar 28 16:27:13 smithi114 bash[18253]: debug
2020-03-28T16:27:13.032+0000 7f7c3fcc06c0 20 expand_channel_meta from 'info' to 'info'
2020-03-28T16:27:13.145 INFO:ceph.mon.a.smithi114.stdout:Mar 28 16:27:13 smithi114 bash[18253]: debug
2020-03-28T16:27:13.032+0000 7f7c3fcc06c0 20 expand_channel_meta expanded map: {default=info}
2020-03-28T16:27:13.145 INFO:ceph.mon.a.smithi114.stdout:Mar 28 16:27:13 smithi114 bash[18253]: debug
2020-03-28T16:27:13.032+0000 7f7c3fcc06c0 20 expand_channel_meta expand map: {default=daemon}
2020-03-28T16:27:13.145 INFO:ceph.mon.a.smithi114.stdout:Mar 28 16:27:13 smithi114 bash[18253]: debug
2020-03-28T16:27:13.032+0000 7f7c3fcc06c0 20 expand_channel_meta from 'daemon' to 'daemon'
2020-03-28T16:27:13.145 INFO:ceph.mon.a.smithi114.stdout:Mar 28 16:27:13 smithi114 bash[18253]: debug
2020-03-28T16:27:13.032+0000 7f7c3fcc06c0 20 expand_channel_meta expanded map: {default=daemon}
2020-03-28T16:27:13.145 INFO:ceph.mon.a.smithi114.stdout:Mar 28 16:27:13 smithi114 bash[18253]: debug
2020-03-28T16:27:13.032+0000 7f7c3fcc06c0 20 expand_channel_meta expand map: {default=debug}
2020-03-28T16:27:13.145 INFO:ceph.mon.a.smithi114.stdout:Mar 28 16:27:13 smithi114 bash[18253]: debug
2020-03-28T16:27:13.032+0000 7f7c3fcc06c0 20 expand_channel_meta from 'debug' to 'debug'
2020-03-28T16:27:13.145 INFO:ceph.mon.a.smithi114.stdout:Mar 28 16:27:13 smithi114 bash[18253]: debug
2020-03-28T16:27:13.032+0000 7f7c3fcc06c0 20 expand_channel_meta expanded map: {default=debug}
2020-03-28T16:27:13.146 INFO:ceph.mon.a.smithi114.stdout:Mar 28 16:27:13 smithi114 bash[18253]: cluster
2020-03-28T16:27:13.039303+0000 mon.a (mon.0) 1 : cluster [INF] mon.a is new leader, mons a in quorum (ranks 0)
2020-03-28T16:27:13.146 INFO:ceph.mon.a.smithi114.stdout:Mar 28 16:27:13 smithi114 bash[18253]: cluster
2020-03-28T16:27:13.039406+0000 mon.a (mon.0) 2 : cluster [DBG] monmap e1: 1 mons at {a=[v2:172.21.15.114:3300/0,v1:172.21.15.114:6789/0]}
2020-03-28T16:27:13.146 INFO:ceph.mon.a.smithi114.stdout:Mar 28 16:27:13 smithi114 bash[18253]: cluster
2020-03-28T16:27:13.039497+0000 mon.a (mon.0) 3 : cluster [DBG] fsmap
2020-03-28T16:27:13.146 INFO:ceph.mon.a.smithi114.stdout:Mar 28 16:27:13 smithi114 bash[18253]: cluster
2020-03-28T16:27:13.039551+0000 mon.a (mon.0) 4 : cluster [DBG] osdmap e1: 0 total, 0 up, 0 in
2020-03-28T16:27:13.146 INFO:ceph.mon.a.smithi114.stdout:Mar 28 16:27:13 smithi114 bash[18253]: cluster
2020-03-28T16:27:13.040095+0000 mon.a (mon.0) 5 : cluster [DBG] mgrmap e1: no daemons active
2020-03-28T16:27:13.418 INFO:teuthology.orchestra.run.smithi114.stderr:DEBUG:cephadm:/usr/bin/ceph:stderr
2020-03-28T16:27:13.408+0000 7f0072c43700 1 Processor -- start
2020-03-28T16:27:13.419 INFO:teuthology.orchestra.run.smithi114.stderr:DEBUG:cephadm:/usr/bin/ceph:stderr
2020-03-28T16:27:13.408+0000 7f0072c43700 1 -- start start
2020-03-28T16:27:13.419 INFO:teuthology.orchestra.run.smithi114.stderr:DEBUG:cephadm:/usr/bin/ceph:stderr
2020-03-28T16:27:13.408+0000 7f0072c43700 1 --2- >> [v2:172.21.15.114:3300/0,v1:172.21.15.114:6789/0] conn(0x7f006c063d00 0x7f006c064120 unknown :-1 s=NONE pgs=0 cs=0 l=0 rx=0 tx=0).connect
2020-03-28T16:27:13.419 INFO:teuthology.orchestra.run.smithi114.stderr:DEBUG:cephadm:/usr/bin/ceph:stderr
2020-03-28T16:27:13.408+0000 7f0072c43700 1 -- --> [v2:172.21.15.114:3300/0,v1:172.21.15.114:6789/0] -- mon_getmap magic: 0 v1 -- 0x7f006c064610 con 0x7f006c063d00
2020-03-28T16:27:13.419 INFO:teuthology.orchestra.run.smithi114.stderr:DEBUG:cephadm:/usr/bin/ceph:stderr
2020-03-28T16:27:13.408+0000 7f0072442700 1 --2- >> [v2:172.21.15.114:3300/0,v1:172.21.15.114:6789/0] conn(0x7f006c063d00 0x7f006c064120 unknown :-1 s=BANNER_CONNECTING pgs=0 cs=0 l=0 rx=0 tx=0)._handle_peer_banner_payload supported=0 required=0
2020-03-28T16:27:13.419 INFO:teuthology.orchestra.run.smithi114.stderr:DEBUG:cephadm:/usr/bin/ceph:stderr
2020-03-28T16:27:13.408+0000 7f0072442700 1 --2- >> [v2:172.21.15.114:3300/0,v1:172.21.15.114:6789/0] conn(0x7f006c063d00 0x7f006c064120 unknown :-1 s=HELLO_CONNECTING pgs=0 cs=0 l=0 rx=0 tx=0).handle_hello peer v2:172.21.15.114:3300/0 says I am v2:172.21.15.114:41590/0 (socket says 172.21.15.114:41590)
2020-03-28T16:27:13.419 INFO:teuthology.orchestra.run.smithi114.stderr:DEBUG:cephadm:/usr/bin/ceph:stderr
2020-03-28T16:27:13.408+0000 7f0072442700 1 -- 172.21.15.114:0/4209961948 learned_addr learned my addr 172.21.15.114:0/4209961948 (peer_addr_for_me v2:172.21.15.114:0/0)
2020-03-28T16:27:13.419 INFO:teuthology.orchestra.run.smithi114.stderr:DEBUG:cephadm:/usr/bin/ceph:stderr
2020-03-28T16:27:13.408+0000 7f0072442700 1 -- 172.21.15.114:0/4209961948 --> [v2:172.21.15.114:3300/0,v1:172.21.15.114:6789/0] -- mon_subscribe({config=0+,monmap=0+}) v3 -- 0x7f006c064d40 con 0x7f006c063d00
2020-03-28T16:27:13.420 INFO:teuthology.orchestra.run.smithi114.stderr:DEBUG:cephadm:/usr/bin/ceph:stderr
2020-03-28T16:27:13.408+0000 7f0072442700 1 --2- 172.21.15.114:0/4209961948 >> [v2:172.21.15.114:3300/0,v1:172.21.15.114:6789/0] conn(0x7f006c063d00 0x7f006c064120 secure :-1 s=AUTH_CONNECTING_SIGN pgs=0 cs=0 l=0 rx=0x7f0060002f30 tx=0x7f0060007a40).handle_read_frame_epilogue_main read frame epilogue bytes=32
2020-03-28T16:27:13.420 INFO:teuthology.orchestra.run.smithi114.stderr:DEBUG:cephadm:/usr/bin/ceph:stderr
2020-03-28T16:27:13.408+0000 7f0072442700 1 --2- 172.21.15.114:0/4209961948 >> [v2:172.21.15.114:3300/0,v1:172.21.15.114:6789/0] conn(0x7f006c063d00 0x7f006c064120 secure :-1 s=SESSION_CONNECTING pgs=0 cs=0 l=0 rx=0x7f0060002f30 tx=0x7f0060007a40).handle_read_frame_epilogue_main read frame epilogue bytes=32
2020-03-28T16:27:13.420 INFO:teuthology.orchestra.run.smithi114.stderr:DEBUG:cephadm:/usr/bin/ceph:stderr
2020-03-28T16:27:13.408+0000 7f0072442700 1 --2- 172.21.15.114:0/4209961948 >> [v2:172.21.15.114:3300/0,v1:172.21.15.114:6789/0] conn(0x7f006c063d00 0x7f006c064120 secure :-1 s=READY pgs=1 cs=0 l=1 rx=0x7f0060002f30 tx=0x7f0060007a40).ready entity=mon.0 client_cookie=6f822a12d7299d1e server_cookie=0 in_seq=0 out_seq=0
2020-03-28T16:27:13.420 INFO:teuthology.orchestra.run.smithi114.stderr:DEBUG:cephadm:/usr/bin/ceph:stderr
2020-03-28T16:27:13.408+0000 7f0072442700 1 --2- 172.21.15.114:0/4209961948 >> [v2:172.21.15.114:3300/0,v1:172.21.15.114:6789/0] conn(0x7f006c063d00 0x7f006c064120 secure :-1 s=THROTTLE_DONE pgs=1 cs=0 l=1 rx=0x7f0060002f30 tx=0x7f0060007a40).handle_read_frame_epilogue_main read frame epilogue bytes=32
2020-03-28T16:27:13.420 INFO:teuthology.orchestra.run.smithi114.stderr:DEBUG:cephadm:/usr/bin/ceph:stderr
2020-03-28T16:27:13.408+0000 7f0071440700 1 -- 172.21.15.114:0/4209961948 <== mon.0 v2:172.21.15.114:3300/0 1 ==== mon_map magic: 0 v1 ==== 183+0+0 (secure 0 0 0) 0x7f0060011560 con 0x7f006c063d00
2020-03-28T16:27:13.420 INFO:teuthology.orchestra.run.smithi114.stderr:DEBUG:cephadm:/usr/bin/ceph:stderr
2020-03-28T16:27:13.408+0000 7f0072442700 1 --2- 172.21.15.114:0/4209961948 >> [v2:172.21.15.114:3300/0,v1:172.21.15.114:6789/0] conn(0x7f006c063d00 0x7f006c064120 secure :-1 s=THROTTLE_DONE pgs=1 cs=0 l=1 rx=0x7f0060002f30 tx=0x7f0060007a40).handle_read_frame_epilogue_main read frame epilogue bytes=32
2020-03-28T16:27:13.420 INFO:teuthology.orchestra.run.smithi114.stderr:DEBUG:cephadm:/usr/bin/ceph:stderr
2020-03-28T16:27:13.408+0000 7f0071440700 1 -- 172.21.15.114:0/4209961948 <== mon.0 v2:172.21.15.114:3300/0 2 ==== config(21 keys) v1 ==== 907+0+0 (secure 0 0 0) 0x7f006000a160 con 0x7f006c063d00
2020-03-28T16:27:13.421 INFO:teuthology.orchestra.run.smithi114.stderr:DEBUG:cephadm:/usr/bin/ceph:stderr
2020-03-28T16:27:13.408+0000 7f0072442700 1 --2- 172.21.15.114:0/4209961948 >> [v2:172.21.15.114:3300/0,v1:172.21.15.114:6789/0] conn(0x7f006c063d00 0x7f006c064120 secure :-1 s=THROTTLE_DONE pgs=1 cs=0 l=1 rx=0x7f0060002f30 tx=0x7f0060007a40).handle_read_frame_epilogue_main read frame epilogue bytes=32
2020-03-28T16:27:13.421 INFO:teuthology.orchestra.run.smithi114.stderr:DEBUG:cephadm:/usr/bin/ceph:stderr
2020-03-28T16:27:13.408+0000 7f0071440700 1 -- 172.21.15.114:0/4209961948 <== mon.0 v2:172.21.15.114:3300/0 3 ==== mon_map magic: 0 v1 ==== 183+0+0 (secure 0 0 0) 0x7f00600090c0 con 0x7f006c063d00
2020-03-28T16:27:13.422 INFO:teuthology.orchestra.run.smithi114.stderr:DEBUG:cephadm:/usr/bin/ceph:stderr
2020-03-28T16:27:13.408+0000 7f0072c43700 1 -- 172.21.15.114:0/4209961948 >> [v2:172.21.15.114:3300/0,v1:172.21.15.114:6789/0] conn(0x7f006c063d00 msgr2=0x7f006c064120 secure :-1 s=STATE_CONNECTION_ESTABLISHED l=1).mark_down
2020-03-28T16:27:13.422 INFO:teuthology.orchestra.run.smithi114.stderr:DEBUG:cephadm:/usr/bin/ceph:stderr
2020-03-28T16:27:13.408+0000 7f0072c43700 1 --2- 172.21.15.114:0/4209961948 >> [v2:172.21.15.114:3300/0,v1:172.21.15.114:6789/0] conn(0x7f006c063d00 0x7f006c064120 secure :-1 s=READY pgs=1 cs=0 l=1 rx=0x7f0060002f30 tx=0x7f0060007a40).stop
2020-03-28T16:27:13.422 INFO:teuthology.orchestra.run.smithi114.stderr:DEBUG:cephadm:/usr/bin/ceph:stderr
2020-03-28T16:27:13.412+0000 7f0072c43700 1 -- 172.21.15.114:0/4209961948 shutdown_connections
2020-03-28T16:27:13.422 INFO:teuthology.orchestra.run.smithi114.stderr:DEBUG:cephadm:/usr/bin/ceph:stderr
2020-03-28T16:27:13.412+0000 7f0072c43700 1 --2- 172.21.15.114:0/4209961948 >> [v2:172.21.15.114:3300/0,v1:172.21.15.114:6789/0] conn(0x7f006c063d00 0x7f006c064120 unknown :-1 s=CLOSED pgs=1 cs=0 l=1 rx=0 tx=0).stop
2020-03-28T16:27:13.422 INFO:teuthology.orchestra.run.smithi114.stderr:DEBUG:cephadm:/usr/bin/ceph:stderr
2020-03-28T16:27:13.412+0000 7f0072c43700 1 -- 172.21.15.114:0/4209961948 >> 172.21.15.114:0/4209961948 conn(0x7f006c024f10 msgr2=0x7f006c025320 unknown :-1 s=STATE_NONE l=0).mark_down
2020-03-28T16:27:13.422 INFO:teuthology.orchestra.run.smithi114.stderr:DEBUG:cephadm:/usr/bin/ceph:stderr
2020-03-28T16:27:13.412+0000 7f0072c43700 1 -- 172.21.15.114:0/4209961948 shutdown_connections
2020-03-28T16:27:13.424 INFO:teuthology.orchestra.run.smithi114.stderr:DEBUG:cephadm:/usr/bin/ceph:stderr
2020-03-28T16:27:13.412+0000 7f0072c43700 1 -- 172.21.15.114:0/4209961948 wait complete.
2020-03-28T16:27:13.424 INFO:teuthology.orchestra.run.smithi114.stderr:DEBUG:cephadm:/usr/bin/ceph:stderr
2020-03-28T16:27:13.412+0000 7f0072c43700 1 Processor -- start
2020-03-28T16:27:13.424 INFO:teuthology.orchestra.run.smithi114.stderr:DEBUG:cephadm:/usr/bin/ceph:stderr
2020-03-28T16:27:13.412+0000 7f0072c43700 1 -- start start
2020-03-28T16:27:13.424 INFO:teuthology.orchestra.run.smithi114.stderr:DEBUG:cephadm:/usr/bin/ceph:stderr
2020-03-28T16:27:13.412+0000 7f0072c43700 1 --2- >> [v2:172.21.15.114:3300/0,v1:172.21.15.114:6789/0] conn(0x7f006c063d00 0x7f006c06e740 unknown :-1 s=NONE pgs=0 cs=0 l=1 rx=0 tx=0).connect
2020-03-28T16:27:13.425 INFO:teuthology.orchestra.run.smithi114.stderr:DEBUG:cephadm:/usr/bin/ceph:stderr
2020-03-28T16:27:13.412+0000 7f0072c43700 1 -- --> [v2:172.21.15.114:3300/0,v1:172.21.15.114:6789/0] -- mon_getmap magic: 0 v1 -- 0x7f006c07ca90 con 0x7f006c063d00
2020-03-28T16:27:13.425 INFO:teuthology.orchestra.run.smithi114.stderr:DEBUG:cephadm:/usr/bin/ceph:stderr
2020-03-28T16:27:13.412+0000 7f0072442700 1 --2- >> [v2:172.21.15.114:3300/0,v1:172.21.15.114:6789/0] conn(0x7f006c063d00 0x7f006c06e740 unknown :-1 s=BANNER_CONNECTING pgs=0 cs=0 l=1 rx=0 tx=0)._handle_peer_banner_payload supported=0 required=0
2020-03-28T16:27:13.425 INFO:teuthology.orchestra.run.smithi114.stderr:DEBUG:cephadm:/usr/bin/ceph:stderr
2020-03-28T16:27:13.412+0000 7f0072442700 1 --2- >> [v2:172.21.15.114:3300/0,v1:172.21.15.114:6789/0] conn(0x7f006c063d00 0x7f006c06e740 unknown :-1 s=HELLO_CONNECTING pgs=0 cs=0 l=1 rx=0 tx=0).handle_hello peer v2:172.21.15.114:3300/0 says I am v2:172.21.15.114:41592/0 (socket says 172.21.15.114:41592)
2020-03-28T16:27:13.425 INFO:teuthology.orchestra.run.smithi114.stderr:DEBUG:cephadm:/usr/bin/ceph:stderr
2020-03-28T16:27:13.412+0000 7f0072442700 1 -- 172.21.15.114:0/220175374 learned_addr learned my addr 172.21.15.114:0/220175374 (peer_addr_for_me v2:172.21.15.114:0/0)
2020-03-28T16:27:13.425 INFO:teuthology.orchestra.run.smithi114.stderr:DEBUG:cephadm:/usr/bin/ceph:stderr
2020-03-28T16:27:13.412+0000 7f0072442700 1 -- 172.21.15.114:0/220175374 --> [v2:172.21.15.114:3300/0,v1:172.21.15.114:6789/0] -- mon_subscribe({config=0+,monmap=0+}) v3 -- 0x7f006c07cbd0 con 0x7f006c063d00
2020-03-28T16:27:13.425 INFO:teuthology.orchestra.run.smithi114.stderr:DEBUG:cephadm:/usr/bin/ceph:stderr
2020-03-28T16:27:13.412+0000 7f0072442700 1 --2- 172.21.15.114:0/220175374 >> [v2:172.21.15.114:3300/0,v1:172.21.15.114:6789/0] conn(0x7f006c063d00 0x7f006c06e740 secure :-1 s=AUTH_CONNECTING_SIGN pgs=0 cs=0 l=1 rx=0x7f0060002f30 tx=0x7f0060007a40).handle_read_frame_epilogue_main read frame epilogue bytes=32
2020-03-28T16:27:13.426 INFO:teuthology.orchestra.run.smithi114.stderr:DEBUG:cephadm:/usr/bin/ceph:stderr
2020-03-28T16:27:13.412+0000 7f0072442700 1 --2- 172.21.15.114:0/220175374 >> [v2:172.21.15.114:3300/0,v1:172.21.15.114:6789/0] conn(0x7f006c063d00 0x7f006c06e740 secure :-1 s=SESSION_CONNECTING pgs=0 cs=0 l=1 rx=0x7f0060002f30 tx=0x7f0060007a40).handle_read_frame_epilogue_main read frame epilogue bytes=32
2020-03-28T16:27:13.426 INFO:teuthology.orchestra.run.smithi114.stderr:DEBUG:cephadm:/usr/bin/ceph:stderr
2020-03-28T16:27:13.412+0000 7f0072442700 1 --2- 172.21.15.114:0/220175374 >> [v2:172.21.15.114:3300/0,v1:172.21.15.114:6789/0] conn(0x7f006c063d00 0x7f006c06e740 secure :-1 s=READY pgs=2 cs=0 l=1 rx=0x7f0060002f30 tx=0x7f0060007a40).ready entity=mon.0 client_cookie=0 server_cookie=0 in_seq=0 out_seq=0
2020-03-28T16:27:13.426 INFO:teuthology.orchestra.run.smithi114.stderr:DEBUG:cephadm:/usr/bin/ceph:stderr
2020-03-28T16:27:13.412+0000 7f0072442700 1 --2- 172.21.15.114:0/220175374 >> [v2:172.21.15.114:3300/0,v1:172.21.15.114:6789/0] conn(0x7f006c063d00 0x7f006c06e740 secure :-1 s=THROTTLE_DONE pgs=2 cs=0 l=1 rx=0x7f0060002f30 tx=0x7f0060007a40).handle_read_frame_epilogue_main read frame epilogue bytes=32
2020-03-28T16:27:13.426 INFO:teuthology.orchestra.run.smithi114.stderr:DEBUG:cephadm:/usr/bin/ceph:stderr
2020-03-28T16:27:13.412+0000 7f005f7fe700 1 -- 172.21.15.114:0/220175374 <== mon.0 v2:172.21.15.114:3300/0 1 ==== mon_map magic: 0 v1 ==== 183+0+0 (secure 0 0 0) 0x7f0060007280 con 0x7f006c063d00
2020-03-28T16:27:13.426 INFO:teuthology.orchestra.run.smithi114.stderr:DEBUG:cephadm:/usr/bin/ceph:stderr
2020-03-28T16:27:13.412+0000 7f0072442700 1 --2- 172.21.15.114:0/220175374 >> [v2:172.21.15.114:3300/0,v1:172.21.15.114:6789/0] conn(0x7f006c063d00 0x7f006c06e740 secure :-1 s=THROTTLE_DONE pgs=2 cs=0 l=1 rx=0x7f0060002f30 tx=0x7f0060007a40).handle_read_frame_epilogue_main read frame epilogue bytes=32
2020-03-28T16:27:13.426 INFO:teuthology.orchestra.run.smithi114.stderr:DEBUG:cephadm:/usr/bin/ceph:stderr
2020-03-28T16:27:13.412+0000 7f0072c43700 1 -- 172.21.15.114:0/220175374 --> [v2:172.21.15.114:3300/0,v1:172.21.15.114:6789/0] -- mon_subscribe({mgrmap=0+}) v3 -- 0x7f006c07ce80 con 0x7f006c063d00
2020-03-28T16:27:13.427 INFO:teuthology.orchestra.run.smithi114.stderr:DEBUG:cephadm:/usr/bin/ceph:stderr
2020-03-28T16:27:13.412+0000 7f005f7fe700 1 -- 172.21.15.114:0/220175374 <== mon.0 v2:172.21.15.114:3300/0 2 ==== config(21 keys) v1 ==== 907+0+0 (secure 0 0 0) 0x7f00600073e0 con 0x7f006c063d00
2020-03-28T16:27:13.427 INFO:teuthology.orchestra.run.smithi114.stderr:DEBUG:cephadm:/usr/bin/ceph:stderr
2020-03-28T16:27:13.412+0000 7f0072442700 1 --2- 172.21.15.114:0/220175374 >> [v2:172.21.15.114:3300/0,v1:172.21.15.114:6789/0] conn(0x7f006c063d00 0x7f006c06e740 secure :-1 s=THROTTLE_DONE pgs=2 cs=0 l=1 rx=0x7f0060002f30 tx=0x7f0060007a40).handle_read_frame_epilogue_main read frame epilogue bytes=32
2020-03-28T16:27:13.427 INFO:teuthology.orchestra.run.smithi114.stderr:DEBUG:cephadm:/usr/bin/ceph:stderr
2020-03-28T16:27:13.412+0000 7f005f7fe700 1 -- 172.21.15.114:0/220175374 <== mon.0 v2:172.21.15.114:3300/0 3 ==== mon_map magic: 0 v1 ==== 183+0+0 (secure 0 0 0) 0x7f00600097e0 con 0x7f006c063d00
2020-03-28T16:27:13.427 INFO:teuthology.orchestra.run.smithi114.stderr:DEBUG:cephadm:/usr/bin/ceph:stderr
2020-03-28T16:27:13.412+0000 7f0072c43700 1 -- 172.21.15.114:0/220175374 --> [v2:172.21.15.114:3300/0,v1:172.21.15.114:6789/0] -- mon_subscribe({osdmap=0}) v3 -- 0x7f006c07d370 con 0x7f006c063d00
2020-03-28T16:27:13.427 INFO:teuthology.orchestra.run.smithi114.stderr:DEBUG:cephadm:/usr/bin/ceph:stderr
2020-03-28T16:27:13.412+0000 7f0072442700 1 --2- 172.21.15.114:0/220175374 >> [v2:172.21.15.114:3300/0,v1:172.21.15.114:6789/0] conn(0x7f006c063d00 0x7f006c06e740 secure :-1 s=THROTTLE_DONE pgs=2 cs=0 l=1 rx=0x7f0060002f30 tx=0x7f0060007a40).handle_read_frame_epilogue_main read frame epilogue bytes=32
2020-03-28T16:27:13.427 INFO:teuthology.orchestra.run.smithi114.stderr:DEBUG:cephadm:/usr/bin/ceph:stderr
2020-03-28T16:27:13.412+0000 7f005f7fe700 1 -- 172.21.15.114:0/220175374 <== mon.0 v2:172.21.15.114:3300/0 4 ==== mgrmap(e 1) v1 ==== 360+0+0 (secure 0 0 0) 0x7f006000d400 con 0x7f006c063d00
2020-03-28T16:27:13.427 INFO:teuthology.orchestra.run.smithi114.stderr:DEBUG:cephadm:/usr/bin/ceph:stderr
2020-03-28T16:27:13.412+0000 7f0072442700 1 --2- 172.21.15.114:0/220175374 >> [v2:172.21.15.114:3300/0,v1:172.21.15.114:6789/0] conn(0x7f006c063d00 0x7f006c06e740 secure :-1 s=THROTTLE_DONE pgs=2 cs=0 l=1 rx=0x7f0060002f30 tx=0x7f0060007a40).handle_read_frame_epilogue_main read frame epilogue bytes=32
2020-03-28T16:27:13.427 INFO:teuthology.orchestra.run.smithi114.stderr:DEBUG:cephadm:/usr/bin/ceph:stderr
2020-03-28T16:27:13.416+0000 7f005f7fe700 1 -- 172.21.15.114:0/220175374 <== mon.0 v2:172.21.15.114:3300/0 5 ==== osd_map(1..1 src has 1..1) v4 ==== 754+0+0 (secure 0 0 0) 0x7f0060009e60 con 0x7f006c063d00
2020-03-28T16:27:13.428 INFO:teuthology.orchestra.run.smithi114.stderr:DEBUG:cephadm:/usr/bin/ceph:stderr
2020-03-28T16:27:13.416+0000 7f0072c43700 1 -- 172.21.15.114:0/220175374 --> [v2:172.21.15.114:3300/0,v1:172.21.15.114:6789/0] -- mon_command({"prefix": "get_command_descriptions"} v 0) v1 -- 0x7f004c003340 con 0x7f006c063d00
2020-03-28T16:27:13.428 INFO:teuthology.orchestra.run.smithi114.stderr:DEBUG:cephadm:/usr/bin/ceph:stderr
2020-03-28T16:27:13.420+0000 7f0072442700 1 --2- 172.21.15.114:0/220175374 >> [v2:172.21.15.114:3300/0,v1:172.21.15.114:6789/0] conn(0x7f006c063d00 0x7f006c06e740 secure :-1 s=THROTTLE_DONE pgs=2 cs=0 l=1 rx=0x7f0060002f30 tx=0x7f0060007a40).handle_read_frame_epilogue_main read frame epilogue bytes=32
2020-03-28T16:27:13.428 INFO:teuthology.orchestra.run.smithi114.stderr:DEBUG:cephadm:/usr/bin/ceph:stderr
2020-03-28T16:27:13.420+0000 7f005f7fe700 1 -- 172.21.15.114:0/220175374 <== mon.0 v2:172.21.15.114:3300/0 6 ==== mon_command_ack([{"prefix": "get_command_descriptions"}]=0 v0) v1 ==== 72+0+67700 (secure 0 0 0) 0x7f0060005ac0 con 0x7f006c063d00
2020-03-28T16:27:13.557 INFO:teuthology.orchestra.run.smithi114.stderr:DEBUG:cephadm:/usr/bin/ceph:stderr
2020-03-28T16:27:13.552+0000 7f0072c43700 1 -- 172.21.15.114:0/220175374 --> [v2:172.21.15.114:3300/0,v1:172.21.15.114:6789/0] -- mon_command({"prefix": "config set", "who": "mon", "name": "public_network", "value": "172.21.0.0/20"} v 0) v1 -- 0x7f004c002220 con 0x7f006c063d00
2020-03-28T16:27:13.562 INFO:teuthology.orchestra.run.smithi114.stderr:DEBUG:cephadm:/usr/bin/ceph:stderr
2020-03-28T16:27:13.560+0000 7f0072442700 1 --2- 172.21.15.114:0/220175374 >> [v2:172.21.15.114:3300/0,v1:172.21.15.114:6789/0] conn(0x7f006c063d00 0x7f006c06e740 secure :-1 s=THROTTLE_DONE pgs=2 cs=0 l=1 rx=0x7f0060002f30 tx=0x7f0060007a40).handle_read_frame_epilogue_main read frame epilogue bytes=32
2020-03-28T16:27:13.563 INFO:teuthology.orchestra.run.smithi114.stderr:DEBUG:cephadm:/usr/bin/ceph:stderr
2020-03-28T16:27:13.560+0000 7f005f7fe700 1 -- 172.21.15.114:0/220175374 <== mon.0 v2:172.21.15.114:3300/0 7 ==== mon_command_ack([{"prefix": "config set", "who": "mon", "name": "public_network", "value": "172.21.0.0/20"}]=0 v3) v1 ==== 124+0+0 (secure 0 0 0) 0x7f006000d690 con 0x7f006c063d00
2020-03-28T16:27:13.565 INFO:teuthology.orchestra.run.smithi114.stderr:DEBUG:cephadm:/usr/bin/ceph:stderr
2020-03-28T16:27:13.560+0000 7f0072c43700 1 -- 172.21.15.114:0/220175374 >> [v2:172.21.15.114:3300/0,v1:172.21.15.114:6789/0] conn(0x7f006c063d00 msgr2=0x7f006c06e740 secure :-1 s=STATE_CONNECTION_ESTABLISHED l=1).mark_down
2020-03-28T16:27:13.565 INFO:teuthology.orchestra.run.smithi114.stderr:DEBUG:cephadm:/usr/bin/ceph:stderr
2020-03-28T16:27:13.560+0000 7f0072c43700 1 --2- 172.21.15.114:0/220175374 >> [v2:172.21.15.114:3300/0,v1:172.21.15.114:6789/0] conn(0x7f006c063d00 0x7f006c06e740 secure :-1 s=READY pgs=2 cs=0 l=1 rx=0x7f0060002f30 tx=0x7f0060007a40).stop
2020-03-28T16:27:13.565 INFO:teuthology.orchestra.run.smithi114.stderr:DEBUG:cephadm:/usr/bin/ceph:stderr
2020-03-28T16:27:13.560+0000 7f0072c43700 1 -- 172.21.15.114:0/220175374 shutdown_connections
2020-03-28T16:27:13.565 INFO:teuthology.orchestra.run.smithi114.stderr:DEBUG:cephadm:/usr/bin/ceph:stderr
2020-03-28T16:27:13.560+0000 7f0072c43700 1 --2- 172.21.15.114:0/220175374 >> [v2:172.21.15.114:3300/0,v1:172.21.15.114:6789/0] conn(0x7f006c063d00 0x7f006c06e740 unknown :-1 s=CLOSED pgs=2 cs=0 l=1 rx=0 tx=0).stop
2020-03-28T16:27:13.566 INFO:teuthology.orchestra.run.smithi114.stderr:DEBUG:cephadm:/usr/bin/ceph:stderr
2020-03-28T16:27:13.560+0000 7f0072c43700 1 -- 172.21.15.114:0/220175374 >> 172.21.15.114:0/220175374 conn(0x7f006c024f10 msgr2=0x7f006c0674f0 unknown :-1 s=STATE_NONE l=0).mark_down
2020-03-28T16:27:13.566 INFO:teuthology.orchestra.run.smithi114.stderr:DEBUG:cephadm:/usr/bin/ceph:stderr
2020-03-28T16:27:13.560+0000 7f0072c43700 1 -- 172.21.15.114:0/220175374 shutdown_connections
2020-03-28T16:27:13.566 INFO:teuthology.orchestra.run.smithi114.stderr:DEBUG:cephadm:/usr/bin/ceph:stderr
2020-03-28T16:27:13.560+0000 7f0072c43700 1 -- 172.21.15.114:0/220175374 wait complete.
2020-03-28T16:27:14.192 INFO:teuthology.orchestra.run.smithi114.stderr:INFO:cephadm:Creating mgr...
2020-03-28T16:27:14.199 INFO:teuthology.orchestra.run.smithi114.stderr:DEBUG:cephadm:Running command: systemctl daemon-reload
2020-03-28T16:27:14.317 INFO:teuthology.orchestra.run.smithi114.stderr:DEBUG:cephadm:Running command: systemctl stop ceph-ddcf1926-7110-11ea-924b-001a4aab830c@mgr.y
2020-03-28T16:27:14.326 INFO:teuthology.orchestra.run.smithi114.stderr:DEBUG:cephadm:Running command: systemctl reset-failed ceph-ddcf1926-7110-11ea-924b-001a4aab830c@mgr.y
2020-03-28T16:27:14.331 INFO:teuthology.orchestra.run.smithi114.stderr:DEBUG:cephadm:systemctl:stderr Failed to reset failed state of unit ceph-ddcf1926-7110-11ea-924b-001a4aab830c@mgr.y.service: Unit ceph-ddcf1926-7110-11ea-924b-001a4aab830c@mgr.y.service is not loaded.
2020-03-28T16:27:14.331 INFO:teuthology.orchestra.run.smithi114.stderr:DEBUG:cephadm:Running command: systemctl enable ceph-ddcf1926-7110-11ea-924b-001a4aab830c@mgr.y
2020-03-28T16:27:14.338 INFO:teuthology.orchestra.run.smithi114.stderr:DEBUG:cephadm:systemctl:stderr Created symlink /etc/systemd/system/ceph-ddcf1926-7110-11ea-924b-001a4aab830c.target.wants/ceph-ddcf1926-7110-11ea-924b-001a4aab830c@mgr.y.service -> /etc/systemd/system/ceph-ddcf1926-7110-11ea-924b-001a4aab830c@.service.
2020-03-28T16:27:14.428 INFO:teuthology.orchestra.run.smithi114.stderr:DEBUG:cephadm:Running command: systemctl start ceph-ddcf1926-7110-11ea-924b-001a4aab830c@mgr.y
2020-03-28T16:27:14.435 INFO:ceph.mon.a.smithi114.stdout:Mar 28 16:27:14 smithi114 bash[18253]: audit
2020-03-28T16:27:13.555823+0000 mon.a (mon.0) 6 : audit [INF] from='client.? 172.21.15.114:0/220175374' entity='client.admin' cmd=[{"prefix": "config set", "who": "mon", "name": "public_network", "value": "172.21.0.0/20"}]: dispatch
2020-03-28T16:27:14.435 INFO:ceph.mon.a.smithi114.stdout:Mar 28 16:27:14 smithi114 bash[18253]: audit
2020-03-28T16:27:13.561248+0000 mon.a (mon.0) 7 : audit [INF] from='client.? 172.21.15.114:0/220175374' entity='client.admin' cmd='[{"prefix": "config set", "who": "mon", "name": "public_network", "value": "172.21.0.0/20"}]': finished
2020-03-28T16:27:14.491 INFO:teuthology.orchestra.run.smithi114.stderr:DEBUG:cephadm:firewalld does not appear to be present
2020-03-28T16:27:14.491 INFO:teuthology.orchestra.run.smithi114.stderr:INFO:cephadm:Wrote keyring to /etc/ceph/ceph.client.admin.keyring
2020-03-28T16:27:14.491 INFO:teuthology.orchestra.run.smithi114.stderr:INFO:cephadm:Wrote config to /etc/ceph/ceph.conf
2020-03-28T16:27:14.491 INFO:teuthology.orchestra.run.smithi114.stderr:INFO:cephadm:Waiting for mgr to start...
2020-03-28T16:27:14.491 INFO:teuthology.orchestra.run.smithi114.stderr:INFO:cephadm:Waiting for mgr...
2020-03-28T16:27:14.491 INFO:teuthology.orchestra.run.smithi114.stderr:DEBUG:cephadm:['/usr/bin/podman', 'run', '--rm', '--net=host', '-e', 'CONTAINER_IMAGE=quay.io/ceph-ci/ceph:202834d8ba82240c3c27a1437803b8cdec4bb56a', '-e', 'NODE_NAME=smithi114', '-v', '/var/log/ceph/ddcf1926-7110-11ea-924b-001a4aab830c:/var/log/ceph:z', '-v', '/tmp/ceph-tmpfzjdxhp6:/etc/ceph/ceph.client.admin.keyring:z', '-v', '/tmp/ceph-tmpl5ihr18j:/etc/ceph/ceph.conf:z', '--entrypoint', '/usr/bin/ceph', 'quay.io/ceph-ci/ceph:202834d8ba82240c3c27a1437803b8cdec4bb56a', 'status', '-f', 'json-pretty']
2020-03-28T16:27:14.492 INFO:teuthology.orchestra.run.smithi114.stderr:DEBUG:cephadm:Running command: /usr/bin/podman run --rm --net=host -e CONTAINER_IMAGE=quay.io/ceph-ci/ceph:202834d8ba82240c3c27a1437803b8cdec4bb56a -e NODE_NAME=smithi114 -v /var/log/ceph/ddcf1926-7110-11ea-924b-001a4aab830c:/var/log/ceph:z -v /tmp/ceph-tmpfzjdxhp6:/etc/ceph/ceph.client.admin.keyring:z -v /tmp/ceph-tmpl5ihr18j:/etc/ceph/ceph.conf:z --entrypoint /usr/bin/ceph quay.io/ceph-ci/ceph:202834d8ba82240c3c27a1437803b8cdec4bb56a status -f json-pretty
2020-03-28T16:27:14.720 INFO:ceph.mgr.y.smithi114.stdout:Mar 28 16:27:14 smithi114 podman[18555]: Error: no container with name or ID ceph-ddcf1926-7110-11ea-924b-001a4aab830c-mgr.y found: no such container
2020-03-28T16:27:14.720 INFO:ceph.mgr.y.smithi114.stdout:Mar 28 16:27:14 smithi114 systemd[1]: Started Ceph mgr.y for ddcf1926-7110-11ea-924b-001a4aab830c.
2020-03-28T16:27:15.009 INFO:ceph.mgr.y.smithi114.stdout:Mar 28 16:27:14 smithi114 podman[18571]:
2020-03-28 16:27:14.718921093 +0000 UTC m=+0.226177517 container create 3da21efd5019b63a03e1a5e0c8a5721208cf9242888355542d331404e3872a4c (image=quay.io/ceph-ci/ceph:202834d8ba82240c3c27a1437803b8cdec4bb56a, name=ceph-ddcf1926-7110-11ea-924b-001a4aab830c-mgr.y)
2020-03-28T16:27:15.377 INFO:teuthology.orchestra.run.smithi114.stderr:DEBUG:cephadm:/usr/bin/ceph:stderr
2020-03-28T16:27:15.368+0000 7f9be89ad700 1 Processor -- start
2020-03-28T16:27:15.377 INFO:teuthology.orchestra.run.smithi114.stderr:DEBUG:cephadm:/usr/bin/ceph:stderr
2020-03-28T16:27:15.368+0000 7f9be89ad700 1 -- start start
2020-03-28T16:27:15.378 INFO:teuthology.orchestra.run.smithi114.stderr:DEBUG:cephadm:/usr/bin/ceph:stderr
2020-03-28T16:27:15.368+0000 7f9be89ad700 1 --2- >> [v2:172.21.15.114:3300/0,v1:172.21.15.114:6789/0] conn(0x7f9be4063f40 0x7f9be4064360 unknown :-1 s=NONE pgs=0 cs=0 l=0 rx=0 tx=0).connect
2020-03-28T16:27:15.378 INFO:teuthology.orchestra.run.smithi114.stderr:DEBUG:cephadm:/usr/bin/ceph:stderr
2020-03-28T16:27:15.368+0000 7f9be89ad700 1 -- --> [v2:172.21.15.114:3300/0,v1:172.21.15.114:6789/0] -- mon_getmap magic: 0 v1 -- 0x7f9be4064850 con 0x7f9be4063f40
2020-03-28T16:27:15.378 INFO:teuthology.orchestra.run.smithi114.stderr:DEBUG:cephadm:/usr/bin/ceph:stderr
2020-03-28T16:27:15.368+0000 7f9be2d9d700 1 --2- >> [v2:172.21.15.114:3300/0,v1:172.21.15.114:6789/0] conn(0x7f9be4063f40 0x7f9be4064360 unknown :-1 s=BANNER_CONNECTING pgs=0 cs=0 l=0 rx=0 tx=0)._handle_peer_banner_payload supported=0 required=0
2020-03-28T16:27:15.378 INFO:teuthology.orchestra.run.smithi114.stderr:DEBUG:cephadm:/usr/bin/ceph:stderr
2020-03-28T16:27:15.368+0000 7f9be2d9d700 1 --2- >> [v2:172.21.15.114:3300/0,v1:172.21.15.114:6789/0] conn(0x7f9be4063f40 0x7f9be4064360 unknown :-1 s=HELLO_CONNECTING pgs=0 cs=0 l=0 rx=0 tx=0).handle_hello peer v2:172.21.15.114:3300/0 says I am v2:172.21.15.114:41598/0 (socket says 172.21.15.114:41598)
2020-03-28T16:27:15.378 INFO:teuthology.orchestra.run.smithi114.stderr:DEBUG:cephadm:/usr/bin/ceph:stderr
2020-03-28T16:27:15.368+0000 7f9be2d9d700 1 -- 172.21.15.114:0/1543403765 learned_addr learned my addr 172.21.15.114:0/1543403765 (peer_addr_for_me v2:172.21.15.114:0/0)
2020-03-28T16:27:15.378 INFO:teuthology.orchestra.run.smithi114.stderr:DEBUG:cephadm:/usr/bin/ceph:stderr
2020-03-28T16:27:15.368+0000 7f9be2d9d700 1 -- 172.21.15.114:0/1543403765 --> [v2:172.21.15.114:3300/0,v1:172.21.15.114:6789/0] -- mon_subscribe({config=0+,monmap=0+}) v3 -- 0x7f9be4064f10 con 0x7f9be4063f40
2020-03-28T16:27:15.378 INFO:teuthology.orchestra.run.smithi114.stderr:DEBUG:cephadm:/usr/bin/ceph:stderr
2020-03-28T16:27:15.368+0000 7f9be2d9d700 1 --2- 172.21.15.114:0/1543403765 >> [v2:172.21.15.114:3300/0,v1:172.21.15.114:6789/0] conn(0x7f9be4063f40 0x7f9be4064360 secure :-1 s=AUTH_CONNECTING_SIGN pgs=0 cs=0 l=0 rx=0x7f9bcc0032b0 tx=0x7f9bcc007dc0).handle_read_frame_epilogue_main read frame epilogue bytes=32
2020-03-28T16:27:15.379 INFO:teuthology.orchestra.run.smithi114.stderr:DEBUG:cephadm:/usr/bin/ceph:stderr
2020-03-28T16:27:15.368+0000 7f9be2d9d700 1 --2- 172.21.15.114:0/1543403765 >> [v2:172.21.15.114:3300/0,v1:172.21.15.114:6789/0] conn(0x7f9be4063f40 0x7f9be4064360 secure :-1 s=SESSION_CONNECTING pgs=0 cs=0 l=0 rx=0x7f9bcc0032b0 tx=0x7f9bcc007dc0).handle_read_frame_epilogue_main read frame epilogue bytes=32
2020-03-28T16:27:15.379 INFO:teuthology.orchestra.run.smithi114.stderr:DEBUG:cephadm:/usr/bin/ceph:stderr
2020-03-28T16:27:15.368+0000 7f9be2d9d700 1 --2- 172.21.15.114:0/1543403765 >> [v2:172.21.15.114:3300/0,v1:172.21.15.114:6789/0] conn(0x7f9be4063f40 0x7f9be4064360 secure :-1 s=READY pgs=5 cs=0 l=1 rx=0x7f9bcc0032b0 tx=0x7f9bcc007dc0).ready entity=mon.0 client_cookie=26eb57ddadfe69bf server_cookie=0 in_seq=0 out_seq=0
2020-03-28T16:27:15.379 INFO:teuthology.orchestra.run.smithi114.stderr:DEBUG:cephadm:/usr/bin/ceph:stderr
2020-03-28T16:27:15.368+0000 7f9be2d9d700 1 --2- 172.21.15.114:0/1543403765 >> [v2:172.21.15.114:3300/0,v1:172.21.15.114:6789/0] conn(0x7f9be4063f40 0x7f9be4064360 secure :-1 s=THROTTLE_DONE pgs=5 cs=0 l=1 rx=0x7f9bcc0032b0 tx=0x7f9bcc007dc0).handle_read_frame_epilogue_main read frame epilogue bytes=32
2020-03-28T16:27:15.379 INFO:teuthology.orchestra.run.smithi114.stderr:DEBUG:cephadm:/usr/bin/ceph:stderr
2020-03-28T16:27:15.368+0000 7f9be1d9b700 1 -- 172.21.15.114:0/1543403765 <== mon.0 v2:172.21.15.114:3300/0 1 ==== mon_map magic: 0 v1 ==== 183+0+0 (secure 0 0 0) 0x7f9bcc011e00 con 0x7f9be4063f40
2020-03-28T16:27:15.379 INFO:teuthology.orchestra.run.smithi114.stderr:DEBUG:cephadm:/usr/bin/ceph:stderr
2020-03-28T16:27:15.368+0000 7f9be2d9d700 1 --2- 172.21.15.114:0/1543403765 >> [v2:172.21.15.114:3300/0,v1:172.21.15.114:6789/0] conn(0x7f9be4063f40 0x7f9be4064360 secure :-1 s=THROTTLE_DONE pgs=5 cs=0 l=1 rx=0x7f9bcc0032b0 tx=0x7f9bcc007dc0).handle_read_frame_epilogue_main read frame epilogue bytes=32
2020-03-28T16:27:15.379 INFO:teuthology.orchestra.run.smithi114.stderr:DEBUG:cephadm:/usr/bin/ceph:stderr
2020-03-28T16:27:15.368+0000 7f9be1d9b700 1 -- 172.21.15.114:0/1543403765 <== mon.0 v2:172.21.15.114:3300/0 2 ==== config(21 keys) v1 ==== 907+0+0 (secure 0 0 0) 0x7f9bcc00a960 con 0x7f9be4063f40
2020-03-28T16:27:15.379 INFO:teuthology.orchestra.run.smithi114.stderr:DEBUG:cephadm:/usr/bin/ceph:stderr
2020-03-28T16:27:15.368+0000 7f9be2d9d700 1 --2- 172.21.15.114:0/1543403765 >> [v2:172.21.15.114:3300/0,v1:172.21.15.114:6789/0] conn(0x7f9be4063f40 0x7f9be4064360 secure :-1 s=THROTTLE_DONE pgs=5 cs=0 l=1 rx=0x7f9bcc0032b0 tx=0x7f9bcc007dc0).handle_read_frame_epilogue_main read frame epilogue bytes=32
2020-03-28T16:27:15.382 INFO:teuthology.orchestra.run.smithi114.stderr:DEBUG:cephadm:/usr/bin/ceph:stderr
2020-03-28T16:27:15.368+0000 7f9be1d9b700 1 -- 172.21.15.114:0/1543403765 <== mon.0 v2:172.21.15.114:3300/0 3 ==== mon_map magic: 0 v1 ==== 183+0+0 (secure 0 0 0) 0x7f9bcc0096d0 con 0x7f9be4063f40
2020-03-28T16:27:15.382 INFO:teuthology.orchestra.run.smithi114.stderr:DEBUG:cephadm:/usr/bin/ceph:stderr
2020-03-28T16:27:15.368+0000 7f9be89ad700 1 -- 172.21.15.114:0/1543403765 >> [v2:172.21.15.114:3300/0,v1:172.21.15.114:6789/0] conn(0x7f9be4063f40 msgr2=0x7f9be4064360 secure :-1 s=STATE_CONNECTION_ESTABLISHED l=1).mark_down
2020-03-28T16:27:15.382 INFO:teuthology.orchestra.run.smithi114.stderr:DEBUG:cephadm:/usr/bin/ceph:stderr
2020-03-28T16:27:15.368+0000 7f9be89ad700 1 --2- 172.21.15.114:0/1543403765 >> [v2:172.21.15.114:3300/0,v1:172.21.15.114:6789/0] conn(0x7f9be4063f40 0x7f9be4064360 secure :-1 s=READY pgs=5 cs=0 l=1 rx=0x7f9bcc0032b0 tx=0x7f9bcc007dc0).stop
2020-03-28T16:27:15.383 INFO:teuthology.orchestra.run.smithi114.stderr:DEBUG:cephadm:/usr/bin/ceph:stderr
2020-03-28T16:27:15.368+0000 7f9be89ad700 1 -- 172.21.15.114:0/1543403765 shutdown_connections
2020-03-28T16:27:15.383 INFO:teuthology.orchestra.run.smithi114.stderr:DEBUG:cephadm:/usr/bin/ceph:stderr
2020-03-28T16:27:15.368+0000 7f9be89ad700 1 --2- 172.21.15.114:0/1543403765 >> [v2:172.21.15.114:3300/0,v1:172.21.15.114:6789/0] conn(0x7f9be4063f40 0x7f9be4064360 unknown :-1 s=CLOSED pgs=5 cs=0 l=1 rx=0 tx=0).stop
2020-03-28T16:27:15.383 INFO:teuthology.orchestra.run.smithi114.stderr:DEBUG:cephadm:/usr/bin/ceph:stderr
2020-03-28T16:27:15.368+0000 7f9be89ad700 1 -- 172.21.15.114:0/1543403765 >> 172.21.15.114:0/1543403765 conn(0x7f9be405f5a0 msgr2=0x7f9be40619c0 unknown :-1 s=STATE_NONE l=0).mark_down
2020-03-28T16:27:15.383 INFO:teuthology.orchestra.run.smithi114.stderr:DEBUG:cephadm:/usr/bin/ceph:stderr
2020-03-28T16:27:15.368+0000 7f9be89ad700 1 -- 172.21.15.114:0/1543403765 shutdown_connections
2020-03-28T16:27:15.383 INFO:teuthology.orchestra.run.smithi114.stderr:DEBUG:cephadm:/usr/bin/ceph:stderr
2020-03-28T16:27:15.368+0000 7f9be89ad700 1 -- 172.21.15.114:0/1543403765 wait complete.
2020-03-28T16:27:15.383 INFO:teuthology.orchestra.run.smithi114.stderr:DEBUG:cephadm:/usr/bin/ceph:stderr
2020-03-28T16:27:15.368+0000 7f9be89ad700 1 Processor -- start
2020-03-28T16:27:15.383 INFO:teuthology.orchestra.run.smithi114.stderr:DEBUG:cephadm:/usr/bin/ceph:stderr
2020-03-28T16:27:15.372+0000 7f9be89ad700 1 -- start start
2020-03-28T16:27:15.384 INFO:teuthology.orchestra.run.smithi114.stderr:DEBUG:cephadm:/usr/bin/ceph:stderr
2020-03-28T16:27:15.372+0000 7f9be89ad700 1 --2- >> [v2:172.21.15.114:3300/0,v1:172.21.15.114:6789/0] conn(0x7f9be4063f40 0x7f9be4075430 unknown :-1 s=NONE pgs=0 cs=0 l=1 rx=0 tx=0).connect
