2020-03-28T16:27:07.486 INFO:teuthology.orchestra.run.smithi114.stderr:DEBUG:cephadm:/usr/bin/ceph:stderr
2020-03-28T16:27:07.472+0000 7fd468ff9700 1 -- 172.21.15.114:0/2018945673 <== mon.0 v2:172.21.15.114:3300/0 1 ==== mon_map magic: 0 v1 ==== 183+0+0 (secure 0 0 0) 0x7fd454007280 con 0x7fd46c063f40
2020-03-28T16:27:07.486 INFO:teuthology.orchestra.run.smithi114.stderr:DEBUG:cephadm:/usr/bin/ceph:stderr
2020-03-28T16:27:07.472+0000 7fd468ff9700 1 -- 172.21.15.114:0/2018945673 <== mon.0 v2:172.21.15.114:3300/0 2 ==== config(0 keys) v1 ==== 4+0+0 (secure 0 0 0) 0x7fd4540073e0 con 0x7fd46c063f40
2020-03-28T16:27:07.486 INFO:teuthology.orchestra.run.smithi114.stderr:DEBUG:cephadm:/usr/bin/ceph:stderr
2020-03-28T16:27:07.472+0000 7fd47188a700 1 -- 172.21.15.114:0/2018945673 --> [v2:172.21.15.114:3300/0,v1:172.21.15.114:6789/0] -- mon_subscribe({mgrmap=0+}) v3 -- 0x7fd46c0798e0 con 0x7fd46c063f40
2020-03-28T16:27:07.486 INFO:teuthology.orchestra.run.smithi114.stderr:DEBUG:cephadm:/usr/bin/ceph:stderr
2020-03-28T16:27:07.472+0000 7fd468ff9700 1 -- 172.21.15.114:0/2018945673 <== mon.0 v2:172.21.15.114:3300/0 3 ==== mon_map magic: 0 v1 ==== 183+0+0 (secure 0 0 0) 0x7fd4540056c0 con 0x7fd46c063f40
2020-03-28T16:27:07.486 INFO:teuthology.orchestra.run.smithi114.stderr:DEBUG:cephadm:/usr/bin/ceph:stderr
2020-03-28T16:27:07.472+0000 7fd47188a700 1 -- 172.21.15.114:0/2018945673 --> [v2:172.21.15.114:3300/0,v1:172.21.15.114:6789/0] -- mon_subscribe({osdmap=0}) v3 -- 0x7fd46c07c610 con 0x7fd46c063f40
2020-03-28T16:27:07.486 INFO:teuthology.orchestra.run.smithi114.stderr:DEBUG:cephadm:/usr/bin/ceph:stderr
2020-03-28T16:27:07.476+0000 7fd46b7fe700 1 --2- 172.21.15.114:0/2018945673 >> [v2:172.21.15.114:3300/0,v1:172.21.15.114:6789/0] conn(0x7fd46c063f40 0x7fd46c079000 secure :-1 s=THROTTLE_DONE pgs=2 cs=0 l=1 rx=0x7fd454002f30 tx=0x7fd454007a40).handle_read_frame_epilogue_main read frame epilogue bytes=32
2020-03-28T16:27:07.486 INFO:teuthology.orchestra.run.smithi114.stderr:DEBUG:cephadm:/usr/bin/ceph:stderr
2020-03-28T16:27:07.476+0000 7fd468ff9700 1 -- 172.21.15.114:0/2018945673 <== mon.0 v2:172.21.15.114:3300/0 4 ==== mgrmap(e 1) v1 ==== 360+0+0 (secure 0 0 0) 0x7fd454005cf0 con 0x7fd46c063f40
2020-03-28T16:27:07.487 INFO:teuthology.orchestra.run.smithi114.stderr:DEBUG:cephadm:/usr/bin/ceph:stderr
2020-03-28T16:27:07.476+0000 7fd46b7fe700 1 --2- 172.21.15.114:0/2018945673 >> [v2:172.21.15.114:3300/0,v1:172.21.15.114:6789/0] conn(0x7fd46c063f40 0x7fd46c079000 secure :-1 s=THROTTLE_DONE pgs=2 cs=0 l=1 rx=0x7fd454002f30 tx=0x7fd454007a40).handle_read_frame_epilogue_main read frame epilogue bytes=32
2020-03-28T16:27:07.487 INFO:teuthology.orchestra.run.smithi114.stderr:DEBUG:cephadm:/usr/bin/ceph:stderr
2020-03-28T16:27:07.476+0000 7fd468ff9700 1 -- 172.21.15.114:0/2018945673 <== mon.0 v2:172.21.15.114:3300/0 5 ==== osd_map(1..1 src has 1..1) v4 ==== 754+0+0 (secure 0 0 0) 0x7fd45400cba0 con 0x7fd46c063f40
2020-03-28T16:27:07.487 INFO:teuthology.orchestra.run.smithi114.stderr:DEBUG:cephadm:/usr/bin/ceph:stderr
2020-03-28T16:27:07.476+0000 7fd47188a700 1 -- 172.21.15.114:0/2018945673 --> [v2:172.21.15.114:3300/0,v1:172.21.15.114:6789/0] -- mon_command({"prefix": "get_command_descriptions"} v 0) v1 -- 0x7fd46c056cb0 con 0x7fd46c063f40
2020-03-28T16:27:07.487 INFO:teuthology.orchestra.run.smithi114.stderr:DEBUG:cephadm:/usr/bin/ceph:stderr
2020-03-28T16:27:07.480+0000 7fd46b7fe700 1 --2- 172.21.15.114:0/2018945673 >> [v2:172.21.15.114:3300/0,v1:172.21.15.114:6789/0] conn(0x7fd46c063f40 0x7fd46c079000 secure :-1 s=THROTTLE_DONE pgs=2 cs=0 l=1 rx=0x7fd454002f30 tx=0x7fd454007a40).handle_read_frame_epilogue_main read frame epilogue bytes=32
2020-03-28T16:27:07.488 INFO:teuthology.orchestra.run.smithi114.stderr:DEBUG:cephadm:/usr/bin/ceph:stderr
2020-03-28T16:27:07.480+0000 7fd468ff9700 1 -- 172.21.15.114:0/2018945673 <== mon.0 v2:172.21.15.114:3300/0 6 ==== mon_command_ack([{"prefix": "get_command_descriptions"}]=0 v0) v1 ==== 72+0+67700 (secure 0 0 0) 0x7fd45400cd60 con 0x7fd46c063f40
2020-03-28T16:27:07.553 INFO:ceph.mon.a.smithi114.stdout:Mar 28 16:27:07 smithi114 podman[17651]:
2020-03-28 16:27:07.211440304 +0000 UTC m=+0.609247329 container init ab42c1a587afaad082ae5b41b1637dc3745f3d6e82746942e235d515ed741e8a (image=quay.io/ceph-ci/ceph:202834d8ba82240c3c27a1437803b8cdec4bb56a, name=ceph-ddcf1926-7110-11ea-924b-001a4aab830c-mon.a)
2020-03-28T16:27:07.554 INFO:ceph.mon.a.smithi114.stdout:Mar 28 16:27:07 smithi114 podman[17651]:
2020-03-28 16:27:07.236428302 +0000 UTC m=+0.634235372 container start ab42c1a587afaad082ae5b41b1637dc3745f3d6e82746942e235d515ed741e8a (image=quay.io/ceph-ci/ceph:202834d8ba82240c3c27a1437803b8cdec4bb56a, name=ceph-ddcf1926-7110-11ea-924b-001a4aab830c-mon.a)
2020-03-28T16:27:07.554 INFO:ceph.mon.a.smithi114.stdout:Mar 28 16:27:07 smithi114 podman[17651]:
2020-03-28 16:27:07.23655469 +0000 UTC m=+0.634361899 container attach ab42c1a587afaad082ae5b41b1637dc3745f3d6e82746942e235d515ed741e8a (image=quay.io/ceph-ci/ceph:202834d8ba82240c3c27a1437803b8cdec4bb56a, name=ceph-ddcf1926-7110-11ea-924b-001a4aab830c-mon.a)
2020-03-28T16:27:07.554 INFO:ceph.mon.a.smithi114.stdout:Mar 28 16:27:07 smithi114 bash[17648]: cluster
2020-03-28T16:27:07.275314+0000 mon.a (mon.0) 0 : [INF] mkfs ddcf1926-7110-11ea-924b-001a4aab830c
2020-03-28T16:27:07.554 INFO:ceph.mon.a.smithi114.stdout:Mar 28 16:27:07 smithi114 bash[17648]: cluster
2020-03-28T16:27:07.259091+0000 mon.a (mon.0) 1 : cluster [INF] mon.a is new leader, mons a in quorum (ranks 0)
2020-03-28T16:27:07.622 INFO:teuthology.orchestra.run.smithi114.stderr:DEBUG:cephadm:/usr/bin/ceph:stderr
2020-03-28T16:27:07.616+0000 7fd47188a700 1 -- 172.21.15.114:0/2018945673 --> [v2:172.21.15.114:3300/0,v1:172.21.15.114:6789/0] -- mon_command({"prefix": "status"} v 0) v1 -- 0x7fd46c07a130 con 0x7fd46c063f40
2020-03-28T16:27:07.624 INFO:teuthology.orchestra.run.smithi114.stderr:DEBUG:cephadm:/usr/bin/ceph:stderr
2020-03-28T16:27:07.620+0000 7fd46b7fe700 1 --2- 172.21.15.114:0/2018945673 >> [v2:172.21.15.114:3300/0,v1:172.21.15.114:6789/0] conn(0x7fd46c063f40 0x7fd46c079000 secure :-1 s=THROTTLE_DONE pgs=2 cs=0 l=1 rx=0x7fd454002f30 tx=0x7fd454007a40).handle_read_frame_epilogue_main read frame epilogue bytes=32
2020-03-28T16:27:07.624 INFO:teuthology.orchestra.run.smithi114.stderr:DEBUG:cephadm:/usr/bin/ceph:stderr
2020-03-28T16:27:07.620+0000 7fd468ff9700 1 -- 172.21.15.114:0/2018945673 <== mon.0 v2:172.21.15.114:3300/0 7 ==== mon_command_ack([{"prefix": "status"}]=0 v0) v1 ==== 54+0+317 (secure 0 0 0) 0x7fd45400d5b0 con 0x7fd46c063f40
2020-03-28T16:27:07.624 INFO:teuthology.orchestra.run.smithi114.stderr:DEBUG:cephadm:/usr/bin/ceph:stdout cluster:
2020-03-28T16:27:07.624 INFO:teuthology.orchestra.run.smithi114.stderr:DEBUG:cephadm:/usr/bin/ceph:stdout id: ddcf1926-7110-11ea-924b-001a4aab830c
2020-03-28T16:27:07.624 INFO:teuthology.orchestra.run.smithi114.stderr:DEBUG:cephadm:/usr/bin/ceph:stdout health: HEALTH_OK
2020-03-28T16:27:07.625 INFO:teuthology.orchestra.run.smithi114.stderr:DEBUG:cephadm:/usr/bin/ceph:stdout
2020-03-28T16:27:07.625 INFO:teuthology.orchestra.run.smithi114.stderr:DEBUG:cephadm:/usr/bin/ceph:stdout services:
2020-03-28T16:27:07.625 INFO:teuthology.orchestra.run.smithi114.stderr:DEBUG:cephadm:/usr/bin/ceph:stdout mon: 1 daemons, quorum a (age 0.350785s)
2020-03-28T16:27:07.625 INFO:teuthology.orchestra.run.smithi114.stderr:DEBUG:cephadm:/usr/bin/ceph:stdout mgr: no daemons active
2020-03-28T16:27:07.625 INFO:teuthology.orchestra.run.smithi114.stderr:DEBUG:cephadm:/usr/bin/ceph:stdout osd: 0 osds: 0 up, 0 in
2020-03-28T16:27:07.625 INFO:teuthology.orchestra.run.smithi114.stderr:DEBUG:cephadm:/usr/bin/ceph:stdout
2020-03-28T16:27:07.625 INFO:teuthology.orchestra.run.smithi114.stderr:DEBUG:cephadm:/usr/bin/ceph:stdout data:
2020-03-28T16:27:07.626 INFO:teuthology.orchestra.run.smithi114.stderr:DEBUG:cephadm:/usr/bin/ceph:stdout pools: 0 pools, 0 pgs
2020-03-28T16:27:07.626 INFO:teuthology.orchestra.run.smithi114.stderr:DEBUG:cephadm:/usr/bin/ceph:stdout objects: 0 objects, 0 B
2020-03-28T16:27:07.626 INFO:teuthology.orchestra.run.smithi114.stderr:DEBUG:cephadm:/usr/bin/ceph:stdout usage: 0 B used, 0 B / 0 B avail
2020-03-28T16:27:07.626 INFO:teuthology.orchestra.run.smithi114.stderr:DEBUG:cephadm:/usr/bin/ceph:stdout pgs:
2020-03-28T16:27:07.626 INFO:teuthology.orchestra.run.smithi114.stderr:DEBUG:cephadm:/usr/bin/ceph:stdout
2020-03-28T16:27:07.627 INFO:teuthology.orchestra.run.smithi114.stderr:DEBUG:cephadm:/usr/bin/ceph:stderr
2020-03-28T16:27:07.620+0000 7fd47188a700 1 -- 172.21.15.114:0/2018945673 >> [v2:172.21.15.114:3300/0,v1:172.21.15.114:6789/0] conn(0x7fd46c063f40 msgr2=0x7fd46c079000 secure :-1 s=STATE_CONNECTION_ESTABLISHED l=1).mark_down
2020-03-28T16:27:07.627 INFO:teuthology.orchestra.run.smithi114.stderr:DEBUG:cephadm:/usr/bin/ceph:stderr
2020-03-28T16:27:07.620+0000 7fd47188a700 1 --2- 172.21.15.114:0/2018945673 >> [v2:172.21.15.114:3300/0,v1:172.21.15.114:6789/0] conn(0x7fd46c063f40 0x7fd46c079000 secure :-1 s=READY pgs=2 cs=0 l=1 rx=0x7fd454002f30 tx=0x7fd454007a40).stop
2020-03-28T16:27:07.627 INFO:teuthology.orchestra.run.smithi114.stderr:DEBUG:cephadm:/usr/bin/ceph:stderr
2020-03-28T16:27:07.620+0000 7fd47188a700 1 -- 172.21.15.114:0/2018945673 shutdown_connections
2020-03-28T16:27:07.628 INFO:teuthology.orchestra.run.smithi114.stderr:DEBUG:cephadm:/usr/bin/ceph:stderr
2020-03-28T16:27:07.620+0000 7fd47188a700 1 --2- 172.21.15.114:0/2018945673 >> [v2:172.21.15.114:3300/0,v1:172.21.15.114:6789/0] conn(0x7fd46c063f40 0x7fd46c079000 unknown :-1 s=CLOSED pgs=2 cs=0 l=1 rx=0 tx=0).stop
2020-03-28T16:27:07.628 INFO:teuthology.orchestra.run.smithi114.stderr:DEBUG:cephadm:/usr/bin/ceph:stderr
2020-03-28T16:27:07.620+0000 7fd47188a700 1 -- 172.21.15.114:0/2018945673 >> 172.21.15.114:0/2018945673 conn(0x7fd46c05f5a0 msgr2=0x7fd46c06e470 unknown :-1 s=STATE_NONE l=0).mark_down
2020-03-28T16:27:07.628 INFO:teuthology.orchestra.run.smithi114.stderr:DEBUG:cephadm:/usr/bin/ceph:stderr
2020-03-28T16:27:07.620+0000 7fd47188a700 1 -- 172.21.15.114:0/2018945673 shutdown_connections
2020-03-28T16:27:07.628 INFO:teuthology.orchestra.run.smithi114.stderr:DEBUG:cephadm:/usr/bin/ceph:stderr
2020-03-28T16:27:07.620+0000 7fd47188a700 1 -- 172.21.15.114:0/2018945673 wait complete.
2020-03-28T16:27:08.468 INFO:teuthology.orchestra.run.smithi114.stderr:INFO:cephadm:Assimilating anything we can from ceph.conf...
2020-03-28T16:27:08.468 INFO:teuthology.orchestra.run.smithi114.stderr:DEBUG:cephadm:['/usr/bin/podman', 'run', '--rm', '--net=host', '-e', 'CONTAINER_IMAGE=quay.io/ceph-ci/ceph:202834d8ba82240c3c27a1437803b8cdec4bb56a', '-e', 'NODE_NAME=smithi114', '-v', '/var/log/ceph/ddcf1926-7110-11ea-924b-001a4aab830c:/var/log/ceph:z', '-v', '/tmp/ceph-tmpfzjdxhp6:/etc/ceph/ceph.client.admin.keyring:z', '-v', '/tmp/ceph-tmpl5ihr18j:/etc/ceph/ceph.conf:z', '-v', '/var/lib/ceph/ddcf1926-7110-11ea-924b-001a4aab830c/mon.a:/var/lib/ceph/mon/ceph-a:z', '--entrypoint', '/usr/bin/ceph', 'quay.io/ceph-ci/ceph:202834d8ba82240c3c27a1437803b8cdec4bb56a', 'config', 'assimilate-conf', '-i', '/var/lib/ceph/mon/ceph-a/config']
2020-03-28T16:27:08.468 INFO:teuthology.orchestra.run.smithi114.stderr:DEBUG:cephadm:Running command: /usr/bin/podman run --rm --net=host -e CONTAINER_IMAGE=quay.io/ceph-ci/ceph:202834d8ba82240c3c27a1437803b8cdec4bb56a -e NODE_NAME=smithi114 -v /var/log/ceph/ddcf1926-7110-11ea-924b-001a4aab830c:/var/log/ceph:z -v /tmp/ceph-tmpfzjdxhp6:/etc/ceph/ceph.client.admin.keyring:z -v /tmp/ceph-tmpl5ihr18j:/etc/ceph/ceph.conf:z -v /var/lib/ceph/ddcf1926-7110-11ea-924b-001a4aab830c/mon.a:/var/lib/ceph/mon/ceph-a:z --entrypoint /usr/bin/ceph quay.io/ceph-ci/ceph:202834d8ba82240c3c27a1437803b8cdec4bb56a config assimilate-conf -i /var/lib/ceph/mon/ceph-a/config
2020-03-28T16:27:08.553 INFO:ceph.mon.a.smithi114.stdout:Mar 28 16:27:08 smithi114 bash[17648]: cluster
2020-03-28T16:27:07.270473+0000 mon.a (mon.0) 2 : cluster [INF] mon.a is new leader, mons a in quorum (ranks 0)
2020-03-28T16:27:08.554 INFO:ceph.mon.a.smithi114.stdout:Mar 28 16:27:08 smithi114 bash[17648]: cluster
2020-03-28T16:27:07.272423+0000 mon.a (mon.0) 3 : cluster [DBG] monmap e1: 1 mons at {a=[v2:172.21.15.114:3300/0,v1:172.21.15.114:6789/0]}
2020-03-28T16:27:08.554 INFO:ceph.mon.a.smithi114.stdout:Mar 28 16:27:08 smithi114 bash[17648]: cluster
2020-03-28T16:27:07.278969+0000 mon.a (mon.0) 4 : cluster [DBG] fsmap
2020-03-28T16:27:08.554 INFO:ceph.mon.a.smithi114.stdout:Mar 28 16:27:08 smithi114 bash[17648]: cluster
2020-03-28T16:27:07.284125+0000 mon.a (mon.0) 5 : cluster [DBG] osdmap e1: 0 total, 0 up, 0 in
2020-03-28T16:27:08.554 INFO:ceph.mon.a.smithi114.stdout:Mar 28 16:27:08 smithi114 bash[17648]: cluster
2020-03-28T16:27:07.284836+0000 mon.a (mon.0) 6 : cluster [DBG] mgrmap e1: no daemons active
2020-03-28T16:27:08.554 INFO:ceph.mon.a.smithi114.stdout:Mar 28 16:27:08 smithi114 bash[17648]: audit
2020-03-28T16:27:07.621179+0000 mon.a (mon.0) 7 : audit [DBG] from='client.? 172.21.15.114:0/2018945673' entity='client.admin' cmd=[{"prefix": "status"}]: dispatch
2020-03-28T16:27:09.215 INFO:teuthology.orchestra.run.smithi114.stderr:DEBUG:cephadm:/usr/bin/ceph:stderr
2020-03-28T16:27:09.204+0000 7f2a148f3700 1 Processor -- start
2020-03-28T16:27:09.216 INFO:teuthology.orchestra.run.smithi114.stderr:DEBUG:cephadm:/usr/bin/ceph:stderr
2020-03-28T16:27:09.204+0000 7f2a148f3700 1 -- start start
2020-03-28T16:27:09.216 INFO:teuthology.orchestra.run.smithi114.stderr:DEBUG:cephadm:/usr/bin/ceph:stderr
2020-03-28T16:27:09.204+0000 7f2a148f3700 1 --2- >> [v2:172.21.15.114:3300/0,v1:172.21.15.114:6789/0] conn(0x7f2a10063f40 0x7f2a10064360 unknown :-1 s=NONE pgs=0 cs=0 l=0 rx=0 tx=0).connect
2020-03-28T16:27:09.216 INFO:teuthology.orchestra.run.smithi114.stderr:DEBUG:cephadm:/usr/bin/ceph:stderr
2020-03-28T16:27:09.204+0000 7f2a148f3700 1 -- --> [v2:172.21.15.114:3300/0,v1:172.21.15.114:6789/0] -- mon_getmap magic: 0 v1 -- 0x7f2a10064850 con 0x7f2a10063f40
2020-03-28T16:27:09.216 INFO:teuthology.orchestra.run.smithi114.stderr:DEBUG:cephadm:/usr/bin/ceph:stderr
2020-03-28T16:27:09.204+0000 7f2a0ed9d700 1 --2- >> [v2:172.21.15.114:3300/0,v1:172.21.15.114:6789/0] conn(0x7f2a10063f40 0x7f2a10064360 unknown :-1 s=BANNER_CONNECTING pgs=0 cs=0 l=0 rx=0 tx=0)._handle_peer_banner_payload supported=0 required=0
2020-03-28T16:27:09.216 INFO:teuthology.orchestra.run.smithi114.stderr:DEBUG:cephadm:/usr/bin/ceph:stderr
2020-03-28T16:27:09.204+0000 7f2a0ed9d700 1 --2- >> [v2:172.21.15.114:3300/0,v1:172.21.15.114:6789/0] conn(0x7f2a10063f40 0x7f2a10064360 unknown :-1 s=HELLO_CONNECTING pgs=0 cs=0 l=0 rx=0 tx=0).handle_hello peer v2:172.21.15.114:3300/0 says I am v2:172.21.15.114:41582/0 (socket says 172.21.15.114:41582)
2020-03-28T16:27:09.217 INFO:teuthology.orchestra.run.smithi114.stderr:DEBUG:cephadm:/usr/bin/ceph:stderr
2020-03-28T16:27:09.204+0000 7f2a0ed9d700 1 -- 172.21.15.114:0/1601216516 learned_addr learned my addr 172.21.15.114:0/1601216516 (peer_addr_for_me v2:172.21.15.114:0/0)
2020-03-28T16:27:09.217 INFO:teuthology.orchestra.run.smithi114.stderr:DEBUG:cephadm:/usr/bin/ceph:stderr
2020-03-28T16:27:09.204+0000 7f2a0ed9d700 1 -- 172.21.15.114:0/1601216516 --> [v2:172.21.15.114:3300/0,v1:172.21.15.114:6789/0] -- mon_subscribe({config=0+,monmap=0+}) v3 -- 0x7f2a10064f10 con 0x7f2a10063f40
2020-03-28T16:27:09.217 INFO:teuthology.orchestra.run.smithi114.stderr:DEBUG:cephadm:/usr/bin/ceph:stderr
2020-03-28T16:27:09.204+0000 7f2a0ed9d700 1 --2- 172.21.15.114:0/1601216516 >> [v2:172.21.15.114:3300/0,v1:172.21.15.114:6789/0] conn(0x7f2a10063f40 0x7f2a10064360 secure :-1 s=AUTH_CONNECTING_SIGN pgs=0 cs=0 l=0 rx=0x7f2a00002f30 tx=0x7f2a00007a40).handle_read_frame_epilogue_main read frame epilogue bytes=32
2020-03-28T16:27:09.217 INFO:teuthology.orchestra.run.smithi114.stderr:DEBUG:cephadm:/usr/bin/ceph:stderr
2020-03-28T16:27:09.204+0000 7f2a0ed9d700 1 --2- 172.21.15.114:0/1601216516 >> [v2:172.21.15.114:3300/0,v1:172.21.15.114:6789/0] conn(0x7f2a10063f40 0x7f2a10064360 secure :-1 s=SESSION_CONNECTING pgs=0 cs=0 l=0 rx=0x7f2a00002f30 tx=0x7f2a00007a40).handle_read_frame_epilogue_main read frame epilogue bytes=32
2020-03-28T16:27:09.217 INFO:teuthology.orchestra.run.smithi114.stderr:DEBUG:cephadm:/usr/bin/ceph:stderr
2020-03-28T16:27:09.204+0000 7f2a0ed9d700 1 --2- 172.21.15.114:0/1601216516 >> [v2:172.21.15.114:3300/0,v1:172.21.15.114:6789/0] conn(0x7f2a10063f40 0x7f2a10064360 secure :-1 s=READY pgs=3 cs=0 l=1 rx=0x7f2a00002f30 tx=0x7f2a00007a40).ready entity=mon.0 client_cookie=362cc84f13730eb4 server_cookie=0 in_seq=0 out_seq=0
2020-03-28T16:27:09.217 INFO:teuthology.orchestra.run.smithi114.stderr:DEBUG:cephadm:/usr/bin/ceph:stderr
2020-03-28T16:27:09.204+0000 7f2a0ed9d700 1 --2- 172.21.15.114:0/1601216516 >> [v2:172.21.15.114:3300/0,v1:172.21.15.114:6789/0] conn(0x7f2a10063f40 0x7f2a10064360 secure :-1 s=THROTTLE_DONE pgs=3 cs=0 l=1 rx=0x7f2a00002f30 tx=0x7f2a00007a40).handle_read_frame_epilogue_main read frame epilogue bytes=32
2020-03-28T16:27:09.217 INFO:teuthology.orchestra.run.smithi114.stderr:DEBUG:cephadm:/usr/bin/ceph:stderr
2020-03-28T16:27:09.204+0000 7f2a0ed9d700 1 --2- 172.21.15.114:0/1601216516 >> [v2:172.21.15.114:3300/0,v1:172.21.15.114:6789/0] conn(0x7f2a10063f40 0x7f2a10064360 secure :-1 s=THROTTLE_DONE pgs=3 cs=0 l=1 rx=0x7f2a00002f30 tx=0x7f2a00007a40).handle_read_frame_epilogue_main read frame epilogue bytes=32
2020-03-28T16:27:09.217 INFO:teuthology.orchestra.run.smithi114.stderr:DEBUG:cephadm:/usr/bin/ceph:stderr
2020-03-28T16:27:09.204+0000 7f2a0dd9b700 1 -- 172.21.15.114:0/1601216516 <== mon.0 v2:172.21.15.114:3300/0 1 ==== mon_map magic: 0 v1 ==== 183+0+0 (secure 0 0 0) 0x7f2a00011560 con 0x7f2a10063f40
2020-03-28T16:27:09.218 INFO:teuthology.orchestra.run.smithi114.stderr:DEBUG:cephadm:/usr/bin/ceph:stderr
2020-03-28T16:27:09.204+0000 7f2a0ed9d700 1 --2- 172.21.15.114:0/1601216516 >> [v2:172.21.15.114:3300/0,v1:172.21.15.114:6789/0] conn(0x7f2a10063f40 0x7f2a10064360 secure :-1 s=THROTTLE_DONE pgs=3 cs=0 l=1 rx=0x7f2a00002f30 tx=0x7f2a00007a40).handle_read_frame_epilogue_main read frame epilogue bytes=32
2020-03-28T16:27:09.218 INFO:teuthology.orchestra.run.smithi114.stderr:DEBUG:cephadm:/usr/bin/ceph:stderr
2020-03-28T16:27:09.204+0000 7f2a0dd9b700 1 -- 172.21.15.114:0/1601216516 <== mon.0 v2:172.21.15.114:3300/0 2 ==== config(0 keys) v1 ==== 4+0+0 (secure 0 0 0) 0x7f2a000116c0 con 0x7f2a10063f40
2020-03-28T16:27:09.218 INFO:teuthology.orchestra.run.smithi114.stderr:DEBUG:cephadm:/usr/bin/ceph:stderr
2020-03-28T16:27:09.204+0000 7f2a0dd9b700 1 -- 172.21.15.114:0/1601216516 <== mon.0 v2:172.21.15.114:3300/0 3 ==== mon_map magic: 0 v1 ==== 183+0+0 (secure 0 0 0) 0x7f2a000119e0 con 0x7f2a10063f40
2020-03-28T16:27:09.218 INFO:teuthology.orchestra.run.smithi114.stderr:DEBUG:cephadm:/usr/bin/ceph:stderr
2020-03-28T16:27:09.204+0000 7f2a148f3700 1 -- 172.21.15.114:0/1601216516 >> [v2:172.21.15.114:3300/0,v1:172.21.15.114:6789/0] conn(0x7f2a10063f40 msgr2=0x7f2a10064360 secure :-1 s=STATE_CONNECTION_ESTABLISHED l=1).mark_down
2020-03-28T16:27:09.218 INFO:teuthology.orchestra.run.smithi114.stderr:DEBUG:cephadm:/usr/bin/ceph:stderr
2020-03-28T16:27:09.204+0000 7f2a148f3700 1 --2- 172.21.15.114:0/1601216516 >> [v2:172.21.15.114:3300/0,v1:172.21.15.114:6789/0] conn(0x7f2a10063f40 0x7f2a10064360 secure :-1 s=READY pgs=3 cs=0 l=1 rx=0x7f2a00002f30 tx=0x7f2a00007a40).stop
2020-03-28T16:27:09.218 INFO:teuthology.orchestra.run.smithi114.stderr:DEBUG:cephadm:/usr/bin/ceph:stderr
2020-03-28T16:27:09.204+0000 7f2a148f3700 1 -- 172.21.15.114:0/1601216516 shutdown_connections
2020-03-28T16:27:09.218 INFO:teuthology.orchestra.run.smithi114.stderr:DEBUG:cephadm:/usr/bin/ceph:stderr
2020-03-28T16:27:09.204+0000 7f2a148f3700 1 --2- 172.21.15.114:0/1601216516 >> [v2:172.21.15.114:3300/0,v1:172.21.15.114:6789/0] conn(0x7f2a10063f40 0x7f2a10064360 unknown :-1 s=CLOSED pgs=3 cs=0 l=1 rx=0 tx=0).stop
2020-03-28T16:27:09.219 INFO:teuthology.orchestra.run.smithi114.stderr:DEBUG:cephadm:/usr/bin/ceph:stderr
2020-03-28T16:27:09.204+0000 7f2a148f3700 1 -- 172.21.15.114:0/1601216516 >> 172.21.15.114:0/1601216516 conn(0x7f2a1005f5a0 msgr2=0x7f2a100619c0 unknown :-1 s=STATE_NONE l=0).mark_down
2020-03-28T16:27:09.219 INFO:teuthology.orchestra.run.smithi114.stderr:DEBUG:cephadm:/usr/bin/ceph:stderr
2020-03-28T16:27:09.204+0000 7f2a148f3700 1 -- 172.21.15.114:0/1601216516 shutdown_connections
2020-03-28T16:27:09.219 INFO:teuthology.orchestra.run.smithi114.stderr:DEBUG:cephadm:/usr/bin/ceph:stderr
2020-03-28T16:27:09.204+0000 7f2a148f3700 1 -- 172.21.15.114:0/1601216516 wait complete.
2020-03-28T16:27:09.219 INFO:teuthology.orchestra.run.smithi114.stderr:DEBUG:cephadm:/usr/bin/ceph:stderr
2020-03-28T16:27:09.208+0000 7f2a148f3700 1 Processor -- start
2020-03-28T16:27:09.219 INFO:teuthology.orchestra.run.smithi114.stderr:DEBUG:cephadm:/usr/bin/ceph:stderr
2020-03-28T16:27:09.208+0000 7f2a148f3700 1 -- start start
2020-03-28T16:27:09.219 INFO:teuthology.orchestra.run.smithi114.stderr:DEBUG:cephadm:/usr/bin/ceph:stderr
2020-03-28T16:27:09.208+0000 7f2a148f3700 1 --2- >> [v2:172.21.15.114:3300/0,v1:172.21.15.114:6789/0] conn(0x7f2a10063f40 0x7f2a10075cf0 unknown :-1 s=NONE pgs=0 cs=0 l=1 rx=0 tx=0).connect
2020-03-28T16:27:09.219 INFO:teuthology.orchestra.run.smithi114.stderr:DEBUG:cephadm:/usr/bin/ceph:stderr
2020-03-28T16:27:09.208+0000 7f2a148f3700 1 -- --> [v2:172.21.15.114:3300/0,v1:172.21.15.114:6789/0] -- mon_getmap magic: 0 v1 -- 0x7f2a100761e0 con 0x7f2a10063f40
2020-03-28T16:27:09.220 INFO:teuthology.orchestra.run.smithi114.stderr:DEBUG:cephadm:/usr/bin/ceph:stderr
2020-03-28T16:27:09.208+0000 7f2a0ed9d700 1 --2- >> [v2:172.21.15.114:3300/0,v1:172.21.15.114:6789/0] conn(0x7f2a10063f40 0x7f2a10075cf0 unknown :-1 s=BANNER_CONNECTING pgs=0 cs=0 l=1 rx=0 tx=0)._handle_peer_banner_payload supported=0 required=0
2020-03-28T16:27:09.220 INFO:teuthology.orchestra.run.smithi114.stderr:DEBUG:cephadm:/usr/bin/ceph:stderr
2020-03-28T16:27:09.208+0000 7f2a0ed9d700 1 --2- >> [v2:172.21.15.114:3300/0,v1:172.21.15.114:6789/0] conn(0x7f2a10063f40 0x7f2a10075cf0 unknown :-1 s=HELLO_CONNECTING pgs=0 cs=0 l=1 rx=0 tx=0).handle_hello peer v2:172.21.15.114:3300/0 says I am v2:172.21.15.114:41584/0 (socket says 172.21.15.114:41584)
2020-03-28T16:27:09.220 INFO:teuthology.orchestra.run.smithi114.stderr:DEBUG:cephadm:/usr/bin/ceph:stderr
2020-03-28T16:27:09.208+0000 7f2a0ed9d700 1 -- 172.21.15.114:0/859822572 learned_addr learned my addr 172.21.15.114:0/859822572 (peer_addr_for_me v2:172.21.15.114:0/0)
2020-03-28T16:27:09.220 INFO:teuthology.orchestra.run.smithi114.stderr:DEBUG:cephadm:/usr/bin/ceph:stderr
2020-03-28T16:27:09.208+0000 7f2a0ed9d700 1 -- 172.21.15.114:0/859822572 --> [v2:172.21.15.114:3300/0,v1:172.21.15.114:6789/0] -- mon_subscribe({config=0+,monmap=0+}) v3 -- 0x7f2a10076320 con 0x7f2a10063f40
2020-03-28T16:27:09.220 INFO:teuthology.orchestra.run.smithi114.stderr:DEBUG:cephadm:/usr/bin/ceph:stderr
2020-03-28T16:27:09.208+0000 7f2a0ed9d700 1 --2- 172.21.15.114:0/859822572 >> [v2:172.21.15.114:3300/0,v1:172.21.15.114:6789/0] conn(0x7f2a10063f40 0x7f2a10075cf0 secure :-1 s=AUTH_CONNECTING_SIGN pgs=0 cs=0 l=1 rx=0x7f2a00002f30 tx=0x7f2a00007a40).handle_read_frame_epilogue_main read frame epilogue bytes=32
2020-03-28T16:27:09.220 INFO:teuthology.orchestra.run.smithi114.stderr:DEBUG:cephadm:/usr/bin/ceph:stderr
2020-03-28T16:27:09.208+0000 7f2a0ed9d700 1 --2- 172.21.15.114:0/859822572 >> [v2:172.21.15.114:3300/0,v1:172.21.15.114:6789/0] conn(0x7f2a10063f40 0x7f2a10075cf0 secure :-1 s=SESSION_CONNECTING pgs=0 cs=0 l=1 rx=0x7f2a00002f30 tx=0x7f2a00007a40).handle_read_frame_epilogue_main read frame epilogue bytes=32
2020-03-28T16:27:09.221 INFO:teuthology.orchestra.run.smithi114.stderr:DEBUG:cephadm:/usr/bin/ceph:stderr
2020-03-28T16:27:09.208+0000 7f2a0ed9d700 1 --2- 172.21.15.114:0/859822572 >> [v2:172.21.15.114:3300/0,v1:172.21.15.114:6789/0] conn(0x7f2a10063f40 0x7f2a10075cf0 secure :-1 s=READY pgs=4 cs=0 l=1 rx=0x7f2a00002f30 tx=0x7f2a00007a40).ready entity=mon.0 client_cookie=0 server_cookie=0 in_seq=0 out_seq=0
2020-03-28T16:27:09.221 INFO:teuthology.orchestra.run.smithi114.stderr:DEBUG:cephadm:/usr/bin/ceph:stderr
2020-03-28T16:27:09.208+0000 7f2a0ed9d700 1 --2- 172.21.15.114:0/859822572 >> [v2:172.21.15.114:3300/0,v1:172.21.15.114:6789/0] conn(0x7f2a10063f40 0x7f2a10075cf0 secure :-1 s=THROTTLE_DONE pgs=4 cs=0 l=1 rx=0x7f2a00002f30 tx=0x7f2a00007a40).handle_read_frame_epilogue_main read frame epilogue bytes=32
2020-03-28T16:27:09.222 INFO:teuthology.orchestra.run.smithi114.stderr:DEBUG:cephadm:/usr/bin/ceph:stderr
2020-03-28T16:27:09.208+0000 7f2a07fff700 1 -- 172.21.15.114:0/859822572 <== mon.0 v2:172.21.15.114:3300/0 1 ==== mon_map magic: 0 v1 ==== 183+0+0 (secure 0 0 0) 0x7f2a00007280 con 0x7f2a10063f40
2020-03-28T16:27:09.222 INFO:teuthology.orchestra.run.smithi114.stderr:DEBUG:cephadm:/usr/bin/ceph:stderr
2020-03-28T16:27:09.208+0000 7f2a0ed9d700 1 --2- 172.21.15.114:0/859822572 >> [v2:172.21.15.114:3300/0,v1:172.21.15.114:6789/0] conn(0x7f2a10063f40 0x7f2a10075cf0 secure :-1 s=THROTTLE_DONE pgs=4 cs=0 l=1 rx=0x7f2a00002f30 tx=0x7f2a00007a40).handle_read_frame_epilogue_main read frame epilogue bytes=32
2020-03-28T16:27:09.222 INFO:teuthology.orchestra.run.smithi114.stderr:DEBUG:cephadm:/usr/bin/ceph:stderr
2020-03-28T16:27:09.208+0000 7f2a0ed9d700 1 --2- 172.21.15.114:0/859822572 >> [v2:172.21.15.114:3300/0,v1:172.21.15.114:6789/0] conn(0x7f2a10063f40 0x7f2a10075cf0 secure :-1 s=THROTTLE_DONE pgs=4 cs=0 l=1 rx=0x7f2a00002f30 tx=0x7f2a00007a40).handle_read_frame_epilogue_main read frame epilogue bytes=32
2020-03-28T16:27:09.222 INFO:teuthology.orchestra.run.smithi114.stderr:DEBUG:cephadm:/usr/bin/ceph:stderr
2020-03-28T16:27:09.208+0000 7f2a07fff700 1 -- 172.21.15.114:0/859822572 <== mon.0 v2:172.21.15.114:3300/0 2 ==== config(0 keys) v1 ==== 4+0+0 (secure 0 0 0) 0x7f2a000073e0 con 0x7f2a10063f40
2020-03-28T16:27:09.222 INFO:teuthology.orchestra.run.smithi114.stderr:DEBUG:cephadm:/usr/bin/ceph:stderr
2020-03-28T16:27:09.208+0000 7f2a148f3700 1 -- 172.21.15.114:0/859822572 --> [v2:172.21.15.114:3300/0,v1:172.21.15.114:6789/0] -- mon_subscribe({mgrmap=0+}) v3 -- 0x7f2a100765d0 con 0x7f2a10063f40
2020-03-28T16:27:09.222 INFO:teuthology.orchestra.run.smithi114.stderr:DEBUG:cephadm:/usr/bin/ceph:stderr
2020-03-28T16:27:09.208+0000 7f2a07fff700 1 -- 172.21.15.114:0/859822572 <== mon.0 v2:172.21.15.114:3300/0 3 ==== mon_map magic: 0 v1 ==== 183+0+0 (secure 0 0 0) 0x7f2a000056c0 con 0x7f2a10063f40
2020-03-28T16:27:09.223 INFO:teuthology.orchestra.run.smithi114.stderr:DEBUG:cephadm:/usr/bin/ceph:stderr
2020-03-28T16:27:09.208+0000 7f2a148f3700 1 -- 172.21.15.114:0/859822572 --> [v2:172.21.15.114:3300/0,v1:172.21.15.114:6789/0] -- mon_subscribe({osdmap=0}) v3 -- 0x7f2a10060690 con 0x7f2a10063f40
2020-03-28T16:27:09.223 INFO:teuthology.orchestra.run.smithi114.stderr:DEBUG:cephadm:/usr/bin/ceph:stderr
2020-03-28T16:27:09.208+0000 7f2a0ed9d700 1 --2- 172.21.15.114:0/859822572 >> [v2:172.21.15.114:3300/0,v1:172.21.15.114:6789/0] conn(0x7f2a10063f40 0x7f2a10075cf0 secure :-1 s=THROTTLE_DONE pgs=4 cs=0 l=1 rx=0x7f2a00002f30 tx=0x7f2a00007a40).handle_read_frame_epilogue_main read frame epilogue bytes=32
2020-03-28T16:27:09.223 INFO:teuthology.orchestra.run.smithi114.stderr:DEBUG:cephadm:/usr/bin/ceph:stderr
2020-03-28T16:27:09.208+0000 7f2a0ed9d700 1 --2- 172.21.15.114:0/859822572 >> [v2:172.21.15.114:3300/0,v1:172.21.15.114:6789/0] conn(0x7f2a10063f40 0x7f2a10075cf0 secure :-1 s=THROTTLE_DONE pgs=4 cs=0 l=1 rx=0x7f2a00002f30 tx=0x7f2a00007a40).handle_read_frame_epilogue_main read frame epilogue bytes=32
2020-03-28T16:27:09.223 INFO:teuthology.orchestra.run.smithi114.stderr:DEBUG:cephadm:/usr/bin/ceph:stderr
2020-03-28T16:27:09.208+0000 7f2a07fff700 1 -- 172.21.15.114:0/859822572 <== mon.0 v2:172.21.15.114:3300/0 4 ==== mgrmap(e 1) v1 ==== 360+0+0 (secure 0 0 0) 0x7f2a00005d40 con 0x7f2a10063f40
2020-03-28T16:27:09.223 INFO:teuthology.orchestra.run.smithi114.stderr:DEBUG:cephadm:/usr/bin/ceph:stderr
2020-03-28T16:27:09.208+0000 7f2a07fff700 1 -- 172.21.15.114:0/859822572 <== mon.0 v2:172.21.15.114:3300/0 5 ==== osd_map(1..1 src has 1..1) v4 ==== 754+0+0 (secure 0 0 0) 0x7f2a0000ddb0 con 0x7f2a10063f40
2020-03-28T16:27:09.223 INFO:teuthology.orchestra.run.smithi114.stderr:DEBUG:cephadm:/usr/bin/ceph:stderr
2020-03-28T16:27:09.212+0000 7f2a148f3700 1 -- 172.21.15.114:0/859822572 --> [v2:172.21.15.114:3300/0,v1:172.21.15.114:6789/0] -- mon_command({"prefix": "get_command_descriptions"} v 0) v1 -- 0x7f2a10056cb0 con 0x7f2a10063f40
2020-03-28T16:27:09.224 INFO:teuthology.orchestra.run.smithi114.stderr:DEBUG:cephadm:/usr/bin/ceph:stderr
2020-03-28T16:27:09.212+0000 7f2a0ed9d700 1 --2- 172.21.15.114:0/859822572 >> [v2:172.21.15.114:3300/0,v1:172.21.15.114:6789/0] conn(0x7f2a10063f40 0x7f2a10075cf0 secure :-1 s=THROTTLE_DONE pgs=4 cs=0 l=1 rx=0x7f2a00002f30 tx=0x7f2a00007a40).handle_read_frame_epilogue_main read frame epilogue bytes=32
2020-03-28T16:27:09.224 INFO:teuthology.orchestra.run.smithi114.stderr:DEBUG:cephadm:/usr/bin/ceph:stderr
2020-03-28T16:27:09.212+0000 7f2a07fff700 1 -- 172.21.15.114:0/859822572 <== mon.0 v2:172.21.15.114:3300/0 6 ==== mon_command_ack([{"prefix": "get_command_descriptions"}]=0 v0) v1 ==== 72+0+67700 (secure 0 0 0) 0x7f2a0000c380 con 0x7f2a10063f40
2020-03-28T16:27:09.352 INFO:teuthology.orchestra.run.smithi114.stderr:DEBUG:cephadm:/usr/bin/ceph:stderr
2020-03-28T16:27:09.344+0000 7f2a148f3700 1 -- 172.21.15.114:0/859822572 --> [v2:172.21.15.114:3300/0,v1:172.21.15.114:6789/0] -- mon_command({"prefix": "config assimilate-conf"} v 0) v1 -- 0x7f2a10076e20 con 0x7f2a10063f40
2020-03-28T16:27:09.353 INFO:teuthology.orchestra.run.smithi114.stderr:DEBUG:cephadm:/usr/bin/ceph:stderr
2020-03-28T16:27:09.348+0000 7f2a0ed9d700 1 --2- 172.21.15.114:0/859822572 >> [v2:172.21.15.114:3300/0,v1:172.21.15.114:6789/0] conn(0x7f2a10063f40 0x7f2a10075cf0 secure :-1 s=THROTTLE_DONE pgs=4 cs=0 l=1 rx=0x7f2a00002f30 tx=0x7f2a00007a40).handle_read_frame_epilogue_main read frame epilogue bytes=32
2020-03-28T16:27:09.354 INFO:teuthology.orchestra.run.smithi114.stderr:DEBUG:cephadm:/usr/bin/ceph:stderr
2020-03-28T16:27:09.348+0000 7f2a07fff700 1 -- 172.21.15.114:0/859822572 <== mon.0 v2:172.21.15.114:3300/0 7 ==== config(21 keys) v1 ==== 907+0+0 (secure 0 0 0) 0x7f2a0000cda0 con 0x7f2a10063f40
2020-03-28T16:27:09.354 INFO:teuthology.orchestra.run.smithi114.stderr:DEBUG:cephadm:/usr/bin/ceph:stderr
2020-03-28T16:27:09.348+0000 7f2a0ed9d700 1 --2- 172.21.15.114:0/859822572 >> [v2:172.21.15.114:3300/0,v1:172.21.15.114:6789/0] conn(0x7f2a10063f40 0x7f2a10075cf0 secure :-1 s=THROTTLE_DONE pgs=4 cs=0 l=1 rx=0x7f2a00002f30 tx=0x7f2a00007a40).handle_read_frame_epilogue_main read frame epilogue bytes=32
2020-03-28T16:27:09.354 INFO:teuthology.orchestra.run.smithi114.stderr:DEBUG:cephadm:/usr/bin/ceph:stderr
2020-03-28T16:27:09.348+0000 7f2a07fff700 1 -- 172.21.15.114:0/859822572 <== mon.0 v2:172.21.15.114:3300/0 8 ==== mon_command_ack([{"prefix": "config assimilate-conf"}]=0 v2) v1 ==== 70+0+340 (secure 0 0 0) 0x7f2a00014c60 con 0x7f2a10063f40
2020-03-28T16:27:09.356 INFO:teuthology.orchestra.run.smithi114.stderr:DEBUG:cephadm:/usr/bin/ceph:stdout
2020-03-28T16:27:09.356 INFO:teuthology.orchestra.run.smithi114.stderr:DEBUG:cephadm:/usr/bin/ceph:stdout [global]
2020-03-28T16:27:09.373 INFO:teuthology.orchestra.run.smithi114.stderr:DEBUG:cephadm:/usr/bin/ceph:stdout fsid = ddcf1926-7110-11ea-924b-001a4aab830c
2020-03-28T16:27:09.373 INFO:teuthology.orchestra.run.smithi114.stderr:DEBUG:cephadm:/usr/bin/ceph:stdout mon_host = [v2:172.21.15.114:3300,v1:172.21.15.114:6789]
2020-03-28T16:27:09.373 INFO:teuthology.orchestra.run.smithi114.stderr:DEBUG:cephadm:/usr/bin/ceph:stdout mon_osd_allow_pg_remap = true
2020-03-28T16:27:09.373 INFO:teuthology.orchestra.run.smithi114.stderr:DEBUG:cephadm:/usr/bin/ceph:stdout mon_osd_allow_primary_affinity = true
2020-03-28T16:27:09.374 INFO:teuthology.orchestra.run.smithi114.stderr:DEBUG:cephadm:/usr/bin/ceph:stdout mon_warn_on_no_sortbitwise = false
2020-03-28T16:27:09.374 INFO:teuthology.orchestra.run.smithi114.stderr:DEBUG:cephadm:/usr/bin/ceph:stdout osd_crush_chooseleaf_type = 0
2020-03-28T16:27:09.374 INFO:teuthology.orchestra.run.smithi114.stderr:DEBUG:cephadm:/usr/bin/ceph:stdout
2020-03-28T16:27:09.374 INFO:teuthology.orchestra.run.smithi114.stderr:DEBUG:cephadm:/usr/bin/ceph:stdout [mgr]
2020-03-28T16:27:09.374 INFO:teuthology.orchestra.run.smithi114.stderr:DEBUG:cephadm:/usr/bin/ceph:stdout mgr/telemetry/nag = false
2020-03-28T16:27:09.374 INFO:teuthology.orchestra.run.smithi114.stderr:DEBUG:cephadm:/usr/bin/ceph:stdout
2020-03-28T16:27:09.374 INFO:teuthology.orchestra.run.smithi114.stderr:DEBUG:cephadm:/usr/bin/ceph:stdout [osd]
2020-03-28T16:27:09.375 INFO:teuthology.orchestra.run.smithi114.stderr:DEBUG:cephadm:/usr/bin/ceph:stdout osd_map_max_advance = 10
2020-03-28T16:27:09.375 INFO:teuthology.orchestra.run.smithi114.stderr:DEBUG:cephadm:/usr/bin/ceph:stdout osd_sloppy_crc = true
2020-03-28T16:27:09.375 INFO:teuthology.orchestra.run.smithi114.stderr:DEBUG:cephadm:/usr/bin/ceph:stderr
2020-03-28T16:27:09.352+0000 7f2a148f3700 1 -- 172.21.15.114:0/859822572 >> [v2:172.21.15.114:3300/0,v1:172.21.15.114:6789/0] conn(0x7f2a10063f40 msgr2=0x7f2a10075cf0 secure :-1 s=STATE_CONNECTION_ESTABLISHED l=1).mark_down
2020-03-28T16:27:09.375 INFO:teuthology.orchestra.run.smithi114.stderr:DEBUG:cephadm:/usr/bin/ceph:stderr
2020-03-28T16:27:09.352+0000 7f2a148f3700 1 --2- 172.21.15.114:0/859822572 >> [v2:172.21.15.114:3300/0,v1:172.21.15.114:6789/0] conn(0x7f2a10063f40 0x7f2a10075cf0 secure :-1 s=READY pgs=4 cs=0 l=1 rx=0x7f2a00002f30 tx=0x7f2a00007a40).stop
2020-03-28T16:27:09.375 INFO:teuthology.orchestra.run.smithi114.stderr:DEBUG:cephadm:/usr/bin/ceph:stderr
2020-03-28T16:27:09.352+0000 7f2a148f3700 1 -- 172.21.15.114:0/859822572 shutdown_connections
2020-03-28T16:27:09.375 INFO:teuthology.orchestra.run.smithi114.stderr:DEBUG:cephadm:/usr/bin/ceph:stderr
2020-03-28T16:27:09.352+0000 7f2a148f3700 1 --2- 172.21.15.114:0/859822572 >> [v2:172.21.15.114:3300/0,v1:172.21.15.114:6789/0] conn(0x7f2a10063f40 0x7f2a10075cf0 unknown :-1 s=CLOSED pgs=4 cs=0 l=1 rx=0 tx=0).stop
2020-03-28T16:27:09.375 INFO:teuthology.orchestra.run.smithi114.stderr:DEBUG:cephadm:/usr/bin/ceph:stderr
2020-03-28T16:27:09.352+0000 7f2a148f3700 1 -- 172.21.15.114:0/859822572 >> 172.21.15.114:0/859822572 conn(0x7f2a1005f5a0 msgr2=0x7f2a100629d0 unknown :-1 s=STATE_NONE l=0).mark_down
2020-03-28T16:27:09.376 INFO:teuthology.orchestra.run.smithi114.stderr:DEBUG:cephadm:/usr/bin/ceph:stderr
2020-03-28T16:27:09.352+0000 7f2a148f3700 1 -- 172.21.15.114:0/859822572 shutdown_connections
2020-03-28T16:27:09.376 INFO:teuthology.orchestra.run.smithi114.stderr:DEBUG:cephadm:/usr/bin/ceph:stderr
2020-03-28T16:27:09.352+0000 7f2a148f3700 1 -- 172.21.15.114:0/859822572 wait complete.
2020-03-28T16:27:09.805 INFO:ceph.mon.a.smithi114.stdout:Mar 28 16:27:09 smithi114 bash[17648]: audit
2020-03-28T16:27:09.347006+0000 mon.a (mon.0) 8 : audit [INF] from='client.? 172.21.15.114:0/859822572' entity='client.admin' cmd=[{"prefix": "config assimilate-conf"}]: dispatch
2020-03-28T16:27:09.805 INFO:ceph.mon.a.smithi114.stdout:Mar 28 16:27:09 smithi114 bash[17648]: audit
2020-03-28T16:27:09.352064+0000 mon.a (mon.0) 9 : audit [INF] from='client.? 172.21.15.114:0/859822572' entity='client.admin' cmd='[{"prefix": "config assimilate-conf"}]': finished
2020-03-28T16:27:09.996 INFO:teuthology.orchestra.run.smithi114.stderr:INFO:cephadm:Generating new minimal ceph.conf...
2020-03-28T16:27:09.997 INFO:teuthology.orchestra.run.smithi114.stderr:DEBUG:cephadm:['/usr/bin/podman', 'run', '--rm', '--net=host', '-e', 'CONTAINER_IMAGE=quay.io/ceph-ci/ceph:202834d8ba82240c3c27a1437803b8cdec4bb56a', '-e', 'NODE_NAME=smithi114', '-v', '/var/log/ceph/ddcf1926-7110-11ea-924b-001a4aab830c:/var/log/ceph:z', '-v', '/tmp/ceph-tmpfzjdxhp6:/etc/ceph/ceph.client.admin.keyring:z', '-v', '/tmp/ceph-tmpl5ihr18j:/etc/ceph/ceph.conf:z', '-v', '/var/lib/ceph/ddcf1926-7110-11ea-924b-001a4aab830c/mon.a:/var/lib/ceph/mon/ceph-a:z', '--entrypoint', '/usr/bin/ceph', 'quay.io/ceph-ci/ceph:202834d8ba82240c3c27a1437803b8cdec4bb56a', 'config', 'generate-minimal-conf', '-o', '/var/lib/ceph/mon/ceph-a/config']
2020-03-28T16:27:10.002 INFO:teuthology.orchestra.run.smithi114.stderr:DEBUG:cephadm:Running command: /usr/bin/podman run --rm --net=host -e CONTAINER_IMAGE=quay.io/ceph-ci/ceph:202834d8ba82240c3c27a1437803b8cdec4bb56a -e NODE_NAME=smithi114 -v /var/log/ceph/ddcf1926-7110-11ea-924b-001a4aab830c:/var/log/ceph:z -v /tmp/ceph-tmpfzjdxhp6:/etc/ceph/ceph.client.admin.keyring:z -v /tmp/ceph-tmpl5ihr18j:/etc/ceph/ceph.conf:z -v /var/lib/ceph/ddcf1926-7110-11ea-924b-001a4aab830c/mon.a:/var/lib/ceph/mon/ceph-a:z --entrypoint /usr/bin/ceph quay.io/ceph-ci/ceph:202834d8ba82240c3c27a1437803b8cdec4bb56a config generate-minimal-conf -o /var/lib/ceph/mon/ceph-a/config
2020-03-28T16:27:10.747 INFO:teuthology.orchestra.run.smithi114.stderr:DEBUG:cephadm:/usr/bin/ceph:stderr
2020-03-28T16:27:10.736+0000 7ff9d0832700 1 Processor -- start
2020-03-28T16:27:10.747 INFO:teuthology.orchestra.run.smithi114.stderr:DEBUG:cephadm:/usr/bin/ceph:stderr
2020-03-28T16:27:10.736+0000 7ff9d0832700 1 -- start start
2020-03-28T16:27:10.747 INFO:teuthology.orchestra.run.smithi114.stderr:DEBUG:cephadm:/usr/bin/ceph:stderr
2020-03-28T16:27:10.736+0000 7ff9d0832700 1 --2- >> [v2:172.21.15.114:3300/0,v1:172.21.15.114:6789/0] conn(0x7ff9cc063d00 0x7ff9cc064120 unknown :-1 s=NONE pgs=0 cs=0 l=0 rx=0 tx=0).connect
2020-03-28T16:27:10.747 INFO:teuthology.orchestra.run.smithi114.stderr:DEBUG:cephadm:/usr/bin/ceph:stderr
2020-03-28T16:27:10.736+0000 7ff9d0832700 1 -- --> [v2:172.21.15.114:3300/0,v1:172.21.15.114:6789/0] -- mon_getmap magic: 0 v1 -- 0x7ff9cc064610 con 0x7ff9cc063d00
2020-03-28T16:27:10.765 INFO:teuthology.orchestra.run.smithi114.stderr:DEBUG:cephadm:/usr/bin/ceph:stderr
2020-03-28T16:27:10.736+0000 7ff9cbfff700 1 --2- >> [v2:172.21.15.114:3300/0,v1:172.21.15.114:6789/0] conn(0x7ff9cc063d00 0x7ff9cc064120 unknown :-1 s=BANNER_CONNECTING pgs=0 cs=0 l=0 rx=0 tx=0)._handle_peer_banner_payload supported=0 required=0
2020-03-28T16:27:10.765 INFO:teuthology.orchestra.run.smithi114.stderr:DEBUG:cephadm:/usr/bin/ceph:stderr
2020-03-28T16:27:10.736+0000 7ff9cbfff700 1 --2- >> [v2:172.21.15.114:3300/0,v1:172.21.15.114:6789/0] conn(0x7ff9cc063d00 0x7ff9cc064120 unknown :-1 s=HELLO_CONNECTING pgs=0 cs=0 l=0 rx=0 tx=0).handle_hello peer v2:172.21.15.114:3300/0 says I am v2:172.21.15.114:41586/0 (socket says 172.21.15.114:41586)
2020-03-28T16:27:10.765 INFO:teuthology.orchestra.run.smithi114.stderr:DEBUG:cephadm:/usr/bin/ceph:stderr
2020-03-28T16:27:10.736+0000 7ff9cbfff700 1 -- 172.21.15.114:0/277157736 learned_addr learned my addr 172.21.15.114:0/277157736 (peer_addr_for_me v2:172.21.15.114:0/0)
2020-03-28T16:27:10.765 INFO:teuthology.orchestra.run.smithi114.stderr:DEBUG:cephadm:/usr/bin/ceph:stderr
2020-03-28T16:27:10.736+0000 7ff9cbfff700 1 -- 172.21.15.114:0/277157736 --> [v2:172.21.15.114:3300/0,v1:172.21.15.114:6789/0] -- mon_subscribe({config=0+,monmap=0+}) v3 -- 0x7ff9cc064d40 con 0x7ff9cc063d00
2020-03-28T16:27:10.765 INFO:teuthology.orchestra.run.smithi114.stderr:DEBUG:cephadm:/usr/bin/ceph:stderr
2020-03-28T16:27:10.736+0000 7ff9cbfff700 1 --2- 172.21.15.114:0/277157736 >> [v2:172.21.15.114:3300/0,v1:172.21.15.114:6789/0] conn(0x7ff9cc063d00 0x7ff9cc064120 secure :-1 s=AUTH_CONNECTING_SIGN pgs=0 cs=0 l=0 rx=0x7ff9c4002f30 tx=0x7ff9c4007a40).handle_read_frame_epilogue_main read frame epilogue bytes=32
2020-03-28T16:27:10.766 INFO:teuthology.orchestra.run.smithi114.stderr:DEBUG:cephadm:/usr/bin/ceph:stderr
2020-03-28T16:27:10.736+0000 7ff9cbfff700 1 --2- 172.21.15.114:0/277157736 >> [v2:172.21.15.114:3300/0,v1:172.21.15.114:6789/0] conn(0x7ff9cc063d00 0x7ff9cc064120 secure :-1 s=SESSION_CONNECTING pgs=0 cs=0 l=0 rx=0x7ff9c4002f30 tx=0x7ff9c4007a40).handle_read_frame_epilogue_main read frame epilogue bytes=32
2020-03-28T16:27:10.766 INFO:teuthology.orchestra.run.smithi114.stderr:DEBUG:cephadm:/usr/bin/ceph:stderr
2020-03-28T16:27:10.736+0000 7ff9cbfff700 1 --2- 172.21.15.114:0/277157736 >> [v2:172.21.15.114:3300/0,v1:172.21.15.114:6789/0] conn(0x7ff9cc063d00 0x7ff9cc064120 secure :-1 s=READY pgs=5 cs=0 l=1 rx=0x7ff9c4002f30 tx=0x7ff9c4007a40).ready entity=mon.0 client_cookie=56b9aefa1639f0 server_cookie=0 in_seq=0 out_seq=0
2020-03-28T16:27:10.766 INFO:teuthology.orchestra.run.smithi114.stderr:DEBUG:cephadm:/usr/bin/ceph:stderr
2020-03-28T16:27:10.736+0000 7ff9cbfff700 1 --2- 172.21.15.114:0/277157736 >> [v2:172.21.15.114:3300/0,v1:172.21.15.114:6789/0] conn(0x7ff9cc063d00 0x7ff9cc064120 secure :-1 s=THROTTLE_DONE pgs=5 cs=0 l=1 rx=0x7ff9c4002f30 tx=0x7ff9c4007a40).handle_read_frame_epilogue_main read frame epilogue bytes=32
2020-03-28T16:27:10.766 INFO:teuthology.orchestra.run.smithi114.stderr:DEBUG:cephadm:/usr/bin/ceph:stderr
2020-03-28T16:27:10.736+0000 7ff9caffd700 1 -- 172.21.15.114:0/277157736 <== mon.0 v2:172.21.15.114:3300/0 1 ==== mon_map magic: 0 v1 ==== 183+0+0 (secure 0 0 0) 0x7ff9c4011560 con 0x7ff9cc063d00
2020-03-28T16:27:10.766 INFO:teuthology.orchestra.run.smithi114.stderr:DEBUG:cephadm:/usr/bin/ceph:stderr
2020-03-28T16:27:10.736+0000 7ff9cbfff700 1 --2- 172.21.15.114:0/277157736 >> [v2:172.21.15.114:3300/0,v1:172.21.15.114:6789/0] conn(0x7ff9cc063d00 0x7ff9cc064120 secure :-1 s=THROTTLE_DONE pgs=5 cs=0 l=1 rx=0x7ff9c4002f30 tx=0x7ff9c4007a40).handle_read_frame_epilogue_main read frame epilogue bytes=32
2020-03-28T16:27:10.766 INFO:teuthology.orchestra.run.smithi114.stderr:DEBUG:cephadm:/usr/bin/ceph:stderr
2020-03-28T16:27:10.736+0000 7ff9caffd700 1 -- 172.21.15.114:0/277157736 <== mon.0 v2:172.21.15.114:3300/0 2 ==== config(21 keys) v1 ==== 907+0+0 (secure 0 0 0) 0x7ff9c400a160 con 0x7ff9cc063d00
2020-03-28T16:27:10.766 INFO:teuthology.orchestra.run.smithi114.stderr:DEBUG:cephadm:/usr/bin/ceph:stderr
2020-03-28T16:27:10.736+0000 7ff9cbfff700 1 --2- 172.21.15.114:0/277157736 >> [v2:172.21.15.114:3300/0,v1:172.21.15.114:6789/0] conn(0x7ff9cc063d00 0x7ff9cc064120 secure :-1 s=THROTTLE_DONE pgs=5 cs=0 l=1 rx=0x7ff9c4002f30 tx=0x7ff9c4007a40).handle_read_frame_epilogue_main read frame epilogue bytes=32
2020-03-28T16:27:10.767 INFO:teuthology.orchestra.run.smithi114.stderr:DEBUG:cephadm:/usr/bin/ceph:stderr
2020-03-28T16:27:10.736+0000 7ff9caffd700 1 -- 172.21.15.114:0/277157736 <== mon.0 v2:172.21.15.114:3300/0 3 ==== mon_map magic: 0 v1 ==== 183+0+0 (secure 0 0 0) 0x7ff9c40090c0 con 0x7ff9cc063d00
2020-03-28T16:27:10.767 INFO:teuthology.orchestra.run.smithi114.stderr:DEBUG:cephadm:/usr/bin/ceph:stderr
2020-03-28T16:27:10.736+0000 7ff9d0832700 1 -- 172.21.15.114:0/277157736 >> [v2:172.21.15.114:3300/0,v1:172.21.15.114:6789/0] conn(0x7ff9cc063d00 msgr2=0x7ff9cc064120 secure :-1 s=STATE_CONNECTION_ESTABLISHED l=1).mark_down
2020-03-28T16:27:10.767 INFO:teuthology.orchestra.run.smithi114.stderr:DEBUG:cephadm:/usr/bin/ceph:stderr
2020-03-28T16:27:10.736+0000 7ff9d0832700 1 --2- 172.21.15.114:0/277157736 >> [v2:172.21.15.114:3300/0,v1:172.21.15.114:6789/0] conn(0x7ff9cc063d00 0x7ff9cc064120 secure :-1 s=READY pgs=5 cs=0 l=1 rx=0x7ff9c4002f30 tx=0x7ff9c4007a40).stop
2020-03-28T16:27:10.767 INFO:teuthology.orchestra.run.smithi114.stderr:DEBUG:cephadm:/usr/bin/ceph:stderr
2020-03-28T16:27:10.740+0000 7ff9d0832700 1 -- 172.21.15.114:0/277157736 shutdown_connections
2020-03-28T16:27:10.767 INFO:teuthology.orchestra.run.smithi114.stderr:DEBUG:cephadm:/usr/bin/ceph:stderr
2020-03-28T16:27:10.740+0000 7ff9d0832700 1 --2- 172.21.15.114:0/277157736 >> [v2:172.21.15.114:3300/0,v1:172.21.15.114:6789/0] conn(0x7ff9cc063d00 0x7ff9cc064120 unknown :-1 s=CLOSED pgs=5 cs=0 l=1 rx=0 tx=0).stop
2020-03-28T16:27:10.767 INFO:teuthology.orchestra.run.smithi114.stderr:DEBUG:cephadm:/usr/bin/ceph:stderr
2020-03-28T16:27:10.740+0000 7ff9d0832700 1 -- 172.21.15.114:0/277157736 >> 172.21.15.114:0/277157736 conn(0x7ff9cc024f10 msgr2=0x7ff9cc025320 unknown :-1 s=STATE_NONE l=0).mark_down
2020-03-28T16:27:10.767 INFO:teuthology.orchestra.run.smithi114.stderr:DEBUG:cephadm:/usr/bin/ceph:stderr
2020-03-28T16:27:10.740+0000 7ff9d0832700 1 -- 172.21.15.114:0/277157736 shutdown_connections
2020-03-28T16:27:10.768 INFO:teuthology.orchestra.run.smithi114.stderr:DEBUG:cephadm:/usr/bin/ceph:stderr
2020-03-28T16:27:10.740+0000 7ff9d0832700 1 -- 172.21.15.114:0/277157736 wait complete.
2020-03-28T16:27:10.768 INFO:teuthology.orchestra.run.smithi114.stderr:DEBUG:cephadm:/usr/bin/ceph:stderr
2020-03-28T16:27:10.740+0000 7ff9d0832700 1 Processor -- start
2020-03-28T16:27:10.768 INFO:teuthology.orchestra.run.smithi114.stderr:DEBUG:cephadm:/usr/bin/ceph:stderr
2020-03-28T16:27:10.740+0000 7ff9d0832700 1 -- start start
2020-03-28T16:27:10.768 INFO:teuthology.orchestra.run.smithi114.stderr:DEBUG:cephadm:/usr/bin/ceph:stderr
2020-03-28T16:27:10.740+0000 7ff9d0832700 1 --2- >> [v2:172.21.15.114:3300/0,v1:172.21.15.114:6789/0] conn(0x7ff9cc063d00 0x7ff9cc06e740 unknown :-1 s=NONE pgs=0 cs=0 l=1 rx=0 tx=0).connect
2020-03-28T16:27:10.768 INFO:teuthology.orchestra.run.smithi114.stderr:DEBUG:cephadm:/usr/bin/ceph:stderr
2020-03-28T16:27:10.740+0000 7ff9d0832700 1 -- --> [v2:172.21.15.114:3300/0,v1:172.21.15.114:6789/0] -- mon_getmap magic: 0 v1 -- 0x7ff9cc07cab0 con 0x7ff9cc063d00
2020-03-28T16:27:10.769 INFO:teuthology.orchestra.run.smithi114.stderr:DEBUG:cephadm:/usr/bin/ceph:stderr
2020-03-28T16:27:10.740+0000 7ff9cbfff700 1 --2- >> [v2:172.21.15.114:3300/0,v1:172.21.15.114:6789/0] conn(0x7ff9cc063d00 0x7ff9cc06e740 unknown :-1 s=BANNER_CONNECTING pgs=0 cs=0 l=1 rx=0 tx=0)._handle_peer_banner_payload supported=0 required=0
2020-03-28T16:27:10.769 INFO:teuthology.orchestra.run.smithi114.stderr:DEBUG:cephadm:/usr/bin/ceph:stderr
2020-03-28T16:27:10.740+0000 7ff9cbfff700 1 --2- >> [v2:172.21.15.114:3300/0,v1:172.21.15.114:6789/0] conn(0x7ff9cc063d00 0x7ff9cc06e740 unknown :-1 s=HELLO_CONNECTING pgs=0 cs=0 l=1 rx=0 tx=0).handle_hello peer v2:172.21.15.114:3300/0 says I am v2:172.21.15.114:41588/0 (socket says 172.21.15.114:41588)
2020-03-28T16:27:10.769 INFO:teuthology.orchestra.run.smithi114.stderr:DEBUG:cephadm:/usr/bin/ceph:stderr
2020-03-28T16:27:10.740+0000 7ff9cbfff700 1 -- 172.21.15.114:0/1403424897 learned_addr learned my addr 172.21.15.114:0/1403424897 (peer_addr_for_me v2:172.21.15.114:0/0)
2020-03-28T16:27:10.769 INFO:teuthology.orchestra.run.smithi114.stderr:DEBUG:cephadm:/usr/bin/ceph:stderr
2020-03-28T16:27:10.740+0000 7ff9cbfff700 1 -- 172.21.15.114:0/1403424897 --> [v2:172.21.15.114:3300/0,v1:172.21.15.114:6789/0] -- mon_subscribe({config=0+,monmap=0+}) v3 -- 0x7ff9cc07cbf0 con 0x7ff9cc063d00
2020-03-28T16:27:10.769 INFO:teuthology.orchestra.run.smithi114.stderr:DEBUG:cephadm:/usr/bin/ceph:stderr
2020-03-28T16:27:10.740+0000 7ff9cbfff700 1 --2- 172.21.15.114:0/1403424897 >> [v2:172.21.15.114:3300/0,v1:172.21.15.114:6789/0] conn(0x7ff9cc063d00 0x7ff9cc06e740 secure :-1 s=AUTH_CONNECTING_SIGN pgs=0 cs=0 l=1 rx=0x7ff9c4002f30 tx=0x7ff9c4007a40).handle_read_frame_epilogue_main read frame epilogue bytes=32
2020-03-28T16:27:10.769 INFO:teuthology.orchestra.run.smithi114.stderr:DEBUG:cephadm:/usr/bin/ceph:stderr
2020-03-28T16:27:10.740+0000 7ff9cbfff700 1 --2- 172.21.15.114:0/1403424897 >> [v2:172.21.15.114:3300/0,v1:172.21.15.114:6789/0] conn(0x7ff9cc063d00 0x7ff9cc06e740 secure :-1 s=SESSION_CONNECTING pgs=0 cs=0 l=1 rx=0x7ff9c4002f30 tx=0x7ff9c4007a40).handle_read_frame_epilogue_main read frame epilogue bytes=32
2020-03-28T16:27:10.769 INFO:teuthology.orchestra.run.smithi114.stderr:DEBUG:cephadm:/usr/bin/ceph:stderr
2020-03-28T16:27:10.740+0000 7ff9cbfff700 1 --2- 172.21.15.114:0/1403424897 >> [v2:172.21.15.114:3300/0,v1:172.21.15.114:6789/0] conn(0x7ff9cc063d00 0x7ff9cc06e740 secure :-1 s=READY pgs=6 cs=0 l=1 rx=0x7ff9c4002f30 tx=0x7ff9c4007a40).ready entity=mon.0 client_cookie=0 server_cookie=0 in_seq=0 out_seq=0
2020-03-28T16:27:10.770 INFO:teuthology.orchestra.run.smithi114.stderr:DEBUG:cephadm:/usr/bin/ceph:stderr
2020-03-28T16:27:10.740+0000 7ff9cbfff700 1 --2- 172.21.15.114:0/1403424897 >> [v2:172.21.15.114:3300/0,v1:172.21.15.114:6789/0] conn(0x7ff9cc063d00 0x7ff9cc06e740 secure :-1 s=THROTTLE_DONE pgs=6 cs=0 l=1 rx=0x7ff9c4002f30 tx=0x7ff9c4007a40).handle_read_frame_epilogue_main read frame epilogue bytes=32
2020-03-28T16:27:10.770 INFO:teuthology.orchestra.run.smithi114.stderr:DEBUG:cephadm:/usr/bin/ceph:stderr
2020-03-28T16:27:10.740+0000 7ff9c97fa700 1 -- 172.21.15.114:0/1403424897 <== mon.0 v2:172.21.15.114:3300/0 1 ==== mon_map magic: 0 v1 ==== 183+0+0 (secure 0 0 0) 0x7ff9c4007280 con 0x7ff9cc063d00
2020-03-28T16:27:10.770 INFO:teuthology.orchestra.run.smithi114.stderr:DEBUG:cephadm:/usr/bin/ceph:stderr
2020-03-28T16:27:10.740+0000 7ff9cbfff700 1 --2- 172.21.15.114:0/1403424897 >> [v2:172.21.15.114:3300/0,v1:172.21.15.114:6789/0] conn(0x7ff9cc063d00 0x7ff9cc06e740 secure :-1 s=THROTTLE_DONE pgs=6 cs=0 l=1 rx=0x7ff9c4002f30 tx=0x7ff9c4007a40).handle_read_frame_epilogue_main read frame epilogue bytes=32
2020-03-28T16:27:10.770 INFO:teuthology.orchestra.run.smithi114.stderr:DEBUG:cephadm:/usr/bin/ceph:stderr
2020-03-28T16:27:10.740+0000 7ff9c97fa700 1 -- 172.21.15.114:0/1403424897 <== mon.0 v2:172.21.15.114:3300/0 2 ==== config(21 keys) v1 ==== 907+0+0 (secure 0 0 0) 0x7ff9c40073e0 con 0x7ff9cc063d00
2020-03-28T16:27:10.770 INFO:teuthology.orchestra.run.smithi114.stderr:DEBUG:cephadm:/usr/bin/ceph:stderr
2020-03-28T16:27:10.740+0000 7ff9cbfff700 1 --2- 172.21.15.114:0/1403424897 >> [v2:172.21.15.114:3300/0,v1:172.21.15.114:6789/0] conn(0x7ff9cc063d00 0x7ff9cc06e740 secure :-1 s=THROTTLE_DONE pgs=6 cs=0 l=1 rx=0x7ff9c4002f30 tx=0x7ff9c4007a40).handle_read_frame_epilogue_main read frame epilogue bytes=32
2020-03-28T16:27:10.770 INFO:teuthology.orchestra.run.smithi114.stderr:DEBUG:cephadm:/usr/bin/ceph:stderr
