2020-03-28T16:31:36.954 INFO:ceph.mgr.y.smithi074.stdout:Mar 28 16:31:36 smithi074 podman[30365]: unable to find container ceph-7e511930-7111-11ea-924b-001a4aab830c-mgr.y: no container with name or ID ceph-7e511930-7111-11ea-924b-001a4aab830c-mgr.y found: no such container
2020-03-28T16:31:36.954 INFO:ceph.mgr.y.smithi074.stdout:Mar 28 16:31:36 smithi074 systemd[1]: Started Ceph mgr.y for 7e511930-7111-11ea-924b-001a4aab830c.
2020-03-28T16:31:37.343 INFO:ceph.mon.a.smithi074.stdout:Mar 28 16:31:36 smithi074 bash[30154]: audit
2020-03-28T16:31:36.063416+0000 mon.a (mon.0) 6 : audit [INF] from='client.? 172.21.15.74:0/3647056534' entity='client.admin' cmd=[{"prefix": "config set", "who": "mon", "name": "public_network", "value": "172.21.0.0/20"}]: dispatch
2020-03-28T16:31:37.344 INFO:ceph.mon.a.smithi074.stdout:Mar 28 16:31:36 smithi074 bash[30154]: audit
2020-03-28T16:31:36.066118+0000 mon.a (mon.0) 7 : audit [INF] from='client.? 172.21.15.74:0/3647056534' entity='client.admin' cmd='[{"prefix": "config set", "who": "mon", "name": "public_network", "value": "172.21.0.0/20"}]': finished
2020-03-28T16:31:37.807 INFO:teuthology.orchestra.run.smithi074.stderr:DEBUG:cephadm:/usr/bin/ceph:stderr
2020-03-28T16:31:37.795+0000 7f1e32cc3700 1 Processor -- start
2020-03-28T16:31:37.808 INFO:teuthology.orchestra.run.smithi074.stderr:DEBUG:cephadm:/usr/bin/ceph:stderr
2020-03-28T16:31:37.795+0000 7f1e32cc3700 1 -- start start
2020-03-28T16:31:37.808 INFO:teuthology.orchestra.run.smithi074.stderr:DEBUG:cephadm:/usr/bin/ceph:stderr
2020-03-28T16:31:37.795+0000 7f1e32cc3700 1 --2- >> [v2:172.21.15.74:3300/0,v1:172.21.15.74:6789/0] conn(0x7f1e2c063e40 0x7f1e2c064260 unknown :-1 s=NONE pgs=0 cs=0 l=0 rx=0 tx=0).connect
2020-03-28T16:31:37.808 INFO:teuthology.orchestra.run.smithi074.stderr:DEBUG:cephadm:/usr/bin/ceph:stderr
2020-03-28T16:31:37.795+0000 7f1e32cc3700 1 -- --> [v2:172.21.15.74:3300/0,v1:172.21.15.74:6789/0] -- mon_getmap magic: 0 v1 -- 0x7f1e2c064750 con 0x7f1e2c063e40
2020-03-28T16:31:37.808 INFO:teuthology.orchestra.run.smithi074.stderr:DEBUG:cephadm:/usr/bin/ceph:stderr
2020-03-28T16:31:37.796+0000 7f1e31260700 1 --2- >> [v2:172.21.15.74:3300/0,v1:172.21.15.74:6789/0] conn(0x7f1e2c063e40 0x7f1e2c064260 unknown :-1 s=BANNER_CONNECTING pgs=0 cs=0 l=0 rx=0 tx=0)._handle_peer_banner_payload supported=0 required=0
2020-03-28T16:31:37.808 INFO:teuthology.orchestra.run.smithi074.stderr:DEBUG:cephadm:/usr/bin/ceph:stderr
2020-03-28T16:31:37.796+0000 7f1e31260700 1 --2- >> [v2:172.21.15.74:3300/0,v1:172.21.15.74:6789/0] conn(0x7f1e2c063e40 0x7f1e2c064260 unknown :-1 s=HELLO_CONNECTING pgs=0 cs=0 l=0 rx=0 tx=0).handle_hello peer v2:172.21.15.74:3300/0 says I am v2:172.21.15.74:38702/0 (socket says 172.21.15.74:38702)
2020-03-28T16:31:37.808 INFO:teuthology.orchestra.run.smithi074.stderr:DEBUG:cephadm:/usr/bin/ceph:stderr
2020-03-28T16:31:37.796+0000 7f1e31260700 1 -- 172.21.15.74:0/1155632014 learned_addr learned my addr 172.21.15.74:0/1155632014 (peer_addr_for_me v2:172.21.15.74:0/0)
2020-03-28T16:31:37.809 INFO:teuthology.orchestra.run.smithi074.stderr:DEBUG:cephadm:/usr/bin/ceph:stderr
2020-03-28T16:31:37.796+0000 7f1e31260700 1 -- 172.21.15.74:0/1155632014 --> [v2:172.21.15.74:3300/0,v1:172.21.15.74:6789/0] -- mon_subscribe({config=0+,monmap=0+}) v3 -- 0x7f1e2c064f70 con 0x7f1e2c063e40
2020-03-28T16:31:37.809 INFO:teuthology.orchestra.run.smithi074.stderr:DEBUG:cephadm:/usr/bin/ceph:stderr
2020-03-28T16:31:37.796+0000 7f1e31260700 1 --2- 172.21.15.74:0/1155632014 >> [v2:172.21.15.74:3300/0,v1:172.21.15.74:6789/0] conn(0x7f1e2c063e40 0x7f1e2c064260 secure :-1 s=AUTH_CONNECTING_SIGN pgs=0 cs=0 l=0 rx=0x7f1e28002f30 tx=0x7f1e28007a40).handle_read_frame_epilogue_main read frame epilogue bytes=32
2020-03-28T16:31:37.809 INFO:teuthology.orchestra.run.smithi074.stderr:DEBUG:cephadm:/usr/bin/ceph:stderr
2020-03-28T16:31:37.796+0000 7f1e31260700 1 --2- 172.21.15.74:0/1155632014 >> [v2:172.21.15.74:3300/0,v1:172.21.15.74:6789/0] conn(0x7f1e2c063e40 0x7f1e2c064260 secure :-1 s=SESSION_CONNECTING pgs=0 cs=0 l=0 rx=0x7f1e28002f30 tx=0x7f1e28007a40).handle_read_frame_epilogue_main read frame epilogue bytes=32
2020-03-28T16:31:37.809 INFO:teuthology.orchestra.run.smithi074.stderr:DEBUG:cephadm:/usr/bin/ceph:stderr
2020-03-28T16:31:37.796+0000 7f1e31260700 1 --2- 172.21.15.74:0/1155632014 >> [v2:172.21.15.74:3300/0,v1:172.21.15.74:6789/0] conn(0x7f1e2c063e40 0x7f1e2c064260 secure :-1 s=READY pgs=5 cs=0 l=1 rx=0x7f1e28002f30 tx=0x7f1e28007a40).ready entity=mon.0 client_cookie=91c702a5f9e4170f server_cookie=0 in_seq=0 out_seq=0
2020-03-28T16:31:37.809 INFO:teuthology.orchestra.run.smithi074.stderr:DEBUG:cephadm:/usr/bin/ceph:stderr
2020-03-28T16:31:37.796+0000 7f1e31260700 1 --2- 172.21.15.74:0/1155632014 >> [v2:172.21.15.74:3300/0,v1:172.21.15.74:6789/0] conn(0x7f1e2c063e40 0x7f1e2c064260 secure :-1 s=THROTTLE_DONE pgs=5 cs=0 l=1 rx=0x7f1e28002f30 tx=0x7f1e28007a40).handle_read_frame_epilogue_main read frame epilogue bytes=32
2020-03-28T16:31:37.809 INFO:teuthology.orchestra.run.smithi074.stderr:DEBUG:cephadm:/usr/bin/ceph:stderr
2020-03-28T16:31:37.796+0000 7f1e23fff700 1 -- 172.21.15.74:0/1155632014 <== mon.0 v2:172.21.15.74:3300/0 1 ==== mon_map magic: 0 v1 ==== 183+0+0 (secure 0 0 0) 0x7f1e28011560 con 0x7f1e2c063e40
2020-03-28T16:31:37.809 INFO:teuthology.orchestra.run.smithi074.stderr:DEBUG:cephadm:/usr/bin/ceph:stderr
2020-03-28T16:31:37.796+0000 7f1e31260700 1 --2- 172.21.15.74:0/1155632014 >> [v2:172.21.15.74:3300/0,v1:172.21.15.74:6789/0] conn(0x7f1e2c063e40 0x7f1e2c064260 secure :-1 s=THROTTLE_DONE pgs=5 cs=0 l=1 rx=0x7f1e28002f30 tx=0x7f1e28007a40).handle_read_frame_epilogue_main read frame epilogue bytes=32
2020-03-28T16:31:37.810 INFO:teuthology.orchestra.run.smithi074.stderr:DEBUG:cephadm:/usr/bin/ceph:stderr
2020-03-28T16:31:37.796+0000 7f1e31260700 1 --2- 172.21.15.74:0/1155632014 >> [v2:172.21.15.74:3300/0,v1:172.21.15.74:6789/0] conn(0x7f1e2c063e40 0x7f1e2c064260 secure :-1 s=THROTTLE_DONE pgs=5 cs=0 l=1 rx=0x7f1e28002f30 tx=0x7f1e28007a40).handle_read_frame_epilogue_main read frame epilogue bytes=32
2020-03-28T16:31:37.810 INFO:teuthology.orchestra.run.smithi074.stderr:DEBUG:cephadm:/usr/bin/ceph:stderr
2020-03-28T16:31:37.796+0000 7f1e23fff700 1 -- 172.21.15.74:0/1155632014 <== mon.0 v2:172.21.15.74:3300/0 2 ==== config(23 keys) v1 ==== 958+0+0 (secure 0 0 0) 0x7f1e280116c0 con 0x7f1e2c063e40
2020-03-28T16:31:37.810 INFO:teuthology.orchestra.run.smithi074.stderr:DEBUG:cephadm:/usr/bin/ceph:stderr
2020-03-28T16:31:37.796+0000 7f1e23fff700 1 -- 172.21.15.74:0/1155632014 <== mon.0 v2:172.21.15.74:3300/0 3 ==== mon_map magic: 0 v1 ==== 183+0+0 (secure 0 0 0) 0x7f1e2800aa10 con 0x7f1e2c063e40
2020-03-28T16:31:37.810 INFO:teuthology.orchestra.run.smithi074.stderr:DEBUG:cephadm:/usr/bin/ceph:stderr
2020-03-28T16:31:37.796+0000 7f1e32cc3700 1 -- 172.21.15.74:0/1155632014 >> [v2:172.21.15.74:3300/0,v1:172.21.15.74:6789/0] conn(0x7f1e2c063e40 msgr2=0x7f1e2c064260 secure :-1 s=STATE_CONNECTION_ESTABLISHED l=1).mark_down
2020-03-28T16:31:37.810 INFO:teuthology.orchestra.run.smithi074.stderr:DEBUG:cephadm:/usr/bin/ceph:stderr
2020-03-28T16:31:37.796+0000 7f1e32cc3700 1 --2- 172.21.15.74:0/1155632014 >> [v2:172.21.15.74:3300/0,v1:172.21.15.74:6789/0] conn(0x7f1e2c063e40 0x7f1e2c064260 secure :-1 s=READY pgs=5 cs=0 l=1 rx=0x7f1e28002f30 tx=0x7f1e28007a40).stop
2020-03-28T16:31:37.810 INFO:teuthology.orchestra.run.smithi074.stderr:DEBUG:cephadm:/usr/bin/ceph:stderr
2020-03-28T16:31:37.797+0000 7f1e32cc3700 1 -- 172.21.15.74:0/1155632014 shutdown_connections
2020-03-28T16:31:37.810 INFO:teuthology.orchestra.run.smithi074.stderr:DEBUG:cephadm:/usr/bin/ceph:stderr
2020-03-28T16:31:37.797+0000 7f1e32cc3700 1 --2- 172.21.15.74:0/1155632014 >> [v2:172.21.15.74:3300/0,v1:172.21.15.74:6789/0] conn(0x7f1e2c063e40 0x7f1e2c064260 unknown :-1 s=CLOSED pgs=5 cs=0 l=1 rx=0 tx=0).stop
2020-03-28T16:31:37.810 INFO:teuthology.orchestra.run.smithi074.stderr:DEBUG:cephadm:/usr/bin/ceph:stderr
2020-03-28T16:31:37.797+0000 7f1e32cc3700 1 -- 172.21.15.74:0/1155632014 >> 172.21.15.74:0/1155632014 conn(0x7f1e2c05f5a0 msgr2=0x7f1e2c0619c0 unknown :-1 s=STATE_NONE l=0).mark_down
2020-03-28T16:31:37.811 INFO:teuthology.orchestra.run.smithi074.stderr:DEBUG:cephadm:/usr/bin/ceph:stderr
2020-03-28T16:31:37.797+0000 7f1e32cc3700 1 -- 172.21.15.74:0/1155632014 shutdown_connections
2020-03-28T16:31:37.811 INFO:teuthology.orchestra.run.smithi074.stderr:DEBUG:cephadm:/usr/bin/ceph:stderr
2020-03-28T16:31:37.797+0000 7f1e32cc3700 1 -- 172.21.15.74:0/1155632014 wait complete.
2020-03-28T16:31:37.811 INFO:teuthology.orchestra.run.smithi074.stderr:DEBUG:cephadm:/usr/bin/ceph:stderr
2020-03-28T16:31:37.797+0000 7f1e32cc3700 1 Processor -- start
2020-03-28T16:31:37.811 INFO:teuthology.orchestra.run.smithi074.stderr:DEBUG:cephadm:/usr/bin/ceph:stderr
2020-03-28T16:31:37.797+0000 7f1e32cc3700 1 -- start start
2020-03-28T16:31:37.811 INFO:teuthology.orchestra.run.smithi074.stderr:DEBUG:cephadm:/usr/bin/ceph:stderr
2020-03-28T16:31:37.797+0000 7f1e32cc3700 1 --2- >> [v2:172.21.15.74:3300/0,v1:172.21.15.74:6789/0] conn(0x7f1e2c063e40 0x7f1e2c061050 unknown :-1 s=NONE pgs=0 cs=0 l=1 rx=0 tx=0).connect
2020-03-28T16:31:37.811 INFO:teuthology.orchestra.run.smithi074.stderr:DEBUG:cephadm:/usr/bin/ceph:stderr
2020-03-28T16:31:37.797+0000 7f1e32cc3700 1 -- --> [v2:172.21.15.74:3300/0,v1:172.21.15.74:6789/0] -- mon_getmap magic: 0 v1 -- 0x7f1e2c077950 con 0x7f1e2c063e40
2020-03-28T16:31:37.812 INFO:teuthology.orchestra.run.smithi074.stderr:DEBUG:cephadm:/usr/bin/ceph:stderr
2020-03-28T16:31:37.798+0000 7f1e31260700 1 --2- >> [v2:172.21.15.74:3300/0,v1:172.21.15.74:6789/0] conn(0x7f1e2c063e40 0x7f1e2c061050 unknown :-1 s=BANNER_CONNECTING pgs=0 cs=0 l=1 rx=0 tx=0)._handle_peer_banner_payload supported=0 required=0
2020-03-28T16:31:37.812 INFO:teuthology.orchestra.run.smithi074.stderr:DEBUG:cephadm:/usr/bin/ceph:stderr
2020-03-28T16:31:37.798+0000 7f1e31260700 1 --2- >> [v2:172.21.15.74:3300/0,v1:172.21.15.74:6789/0] conn(0x7f1e2c063e40 0x7f1e2c061050 unknown :-1 s=HELLO_CONNECTING pgs=0 cs=0 l=1 rx=0 tx=0).handle_hello peer v2:172.21.15.74:3300/0 says I am v2:172.21.15.74:38704/0 (socket says 172.21.15.74:38704)
2020-03-28T16:31:37.812 INFO:teuthology.orchestra.run.smithi074.stderr:DEBUG:cephadm:/usr/bin/ceph:stderr
2020-03-28T16:31:37.798+0000 7f1e31260700 1 -- 172.21.15.74:0/3199137377 learned_addr learned my addr 172.21.15.74:0/3199137377 (peer_addr_for_me v2:172.21.15.74:0/0)
2020-03-28T16:31:37.812 INFO:teuthology.orchestra.run.smithi074.stderr:DEBUG:cephadm:/usr/bin/ceph:stderr
2020-03-28T16:31:37.798+0000 7f1e31260700 1 -- 172.21.15.74:0/3199137377 --> [v2:172.21.15.74:3300/0,v1:172.21.15.74:6789/0] -- mon_subscribe({config=0+,monmap=0+}) v3 -- 0x7f1e2c0614b0 con 0x7f1e2c063e40
2020-03-28T16:31:37.812 INFO:teuthology.orchestra.run.smithi074.stderr:DEBUG:cephadm:/usr/bin/ceph:stderr
2020-03-28T16:31:37.798+0000 7f1e31260700 1 --2- 172.21.15.74:0/3199137377 >> [v2:172.21.15.74:3300/0,v1:172.21.15.74:6789/0] conn(0x7f1e2c063e40 0x7f1e2c061050 secure :-1 s=AUTH_CONNECTING_SIGN pgs=0 cs=0 l=1 rx=0x7f1e28002f30 tx=0x7f1e28007a40).handle_read_frame_epilogue_main read frame epilogue bytes=32
2020-03-28T16:31:37.812 INFO:teuthology.orchestra.run.smithi074.stderr:DEBUG:cephadm:/usr/bin/ceph:stderr
2020-03-28T16:31:37.798+0000 7f1e31260700 1 --2- 172.21.15.74:0/3199137377 >> [v2:172.21.15.74:3300/0,v1:172.21.15.74:6789/0] conn(0x7f1e2c063e40 0x7f1e2c061050 secure :-1 s=SESSION_CONNECTING pgs=0 cs=0 l=1 rx=0x7f1e28002f30 tx=0x7f1e28007a40).handle_read_frame_epilogue_main read frame epilogue bytes=32
2020-03-28T16:31:37.812 INFO:teuthology.orchestra.run.smithi074.stderr:DEBUG:cephadm:/usr/bin/ceph:stderr
2020-03-28T16:31:37.798+0000 7f1e31260700 1 --2- 172.21.15.74:0/3199137377 >> [v2:172.21.15.74:3300/0,v1:172.21.15.74:6789/0] conn(0x7f1e2c063e40 0x7f1e2c061050 secure :-1 s=READY pgs=6 cs=0 l=1 rx=0x7f1e28002f30 tx=0x7f1e28007a40).ready entity=mon.0 client_cookie=0 server_cookie=0 in_seq=0 out_seq=0
2020-03-28T16:31:37.813 INFO:teuthology.orchestra.run.smithi074.stderr:DEBUG:cephadm:/usr/bin/ceph:stderr
2020-03-28T16:31:37.798+0000 7f1e31260700 1 --2- 172.21.15.74:0/3199137377 >> [v2:172.21.15.74:3300/0,v1:172.21.15.74:6789/0] conn(0x7f1e2c063e40 0x7f1e2c061050 secure :-1 s=THROTTLE_DONE pgs=6 cs=0 l=1 rx=0x7f1e28002f30 tx=0x7f1e28007a40).handle_read_frame_epilogue_main read frame epilogue bytes=32
2020-03-28T16:31:37.813 INFO:teuthology.orchestra.run.smithi074.stderr:DEBUG:cephadm:/usr/bin/ceph:stderr
2020-03-28T16:31:37.798+0000 7f1e227fc700 1 -- 172.21.15.74:0/3199137377 <== mon.0 v2:172.21.15.74:3300/0 1 ==== mon_map magic: 0 v1 ==== 183+0+0 (secure 0 0 0) 0x7f1e2800f740 con 0x7f1e2c063e40
2020-03-28T16:31:37.813 INFO:teuthology.orchestra.run.smithi074.stderr:DEBUG:cephadm:/usr/bin/ceph:stderr
2020-03-28T16:31:37.798+0000 7f1e32cc3700 1 -- 172.21.15.74:0/3199137377 --> [v2:172.21.15.74:3300/0,v1:172.21.15.74:6789/0] -- mon_subscribe({mgrmap=0+}) v3 -- 0x7f1e2c061760 con 0x7f1e2c063e40
2020-03-28T16:31:37.813 INFO:teuthology.orchestra.run.smithi074.stderr:DEBUG:cephadm:/usr/bin/ceph:stderr
2020-03-28T16:31:37.798+0000 7f1e31260700 1 --2- 172.21.15.74:0/3199137377 >> [v2:172.21.15.74:3300/0,v1:172.21.15.74:6789/0] conn(0x7f1e2c063e40 0x7f1e2c061050 secure :-1 s=THROTTLE_DONE pgs=6 cs=0 l=1 rx=0x7f1e28002f30 tx=0x7f1e28007a40).handle_read_frame_epilogue_main read frame epilogue bytes=32
2020-03-28T16:31:37.813 INFO:teuthology.orchestra.run.smithi074.stderr:DEBUG:cephadm:/usr/bin/ceph:stderr
2020-03-28T16:31:37.798+0000 7f1e31260700 1 --2- 172.21.15.74:0/3199137377 >> [v2:172.21.15.74:3300/0,v1:172.21.15.74:6789/0] conn(0x7f1e2c063e40 0x7f1e2c061050 secure :-1 s=THROTTLE_DONE pgs=6 cs=0 l=1 rx=0x7f1e28002f30 tx=0x7f1e28007a40).handle_read_frame_epilogue_main read frame epilogue bytes=32
2020-03-28T16:31:37.813 INFO:teuthology.orchestra.run.smithi074.stderr:DEBUG:cephadm:/usr/bin/ceph:stderr
2020-03-28T16:31:37.798+0000 7f1e227fc700 1 -- 172.21.15.74:0/3199137377 <== mon.0 v2:172.21.15.74:3300/0 2 ==== config(23 keys) v1 ==== 958+0+0 (secure 0 0 0) 0x7f1e2800f8a0 con 0x7f1e2c063e40
2020-03-28T16:31:37.814 INFO:teuthology.orchestra.run.smithi074.stderr:DEBUG:cephadm:/usr/bin/ceph:stderr
2020-03-28T16:31:37.798+0000 7f1e227fc700 1 -- 172.21.15.74:0/3199137377 <== mon.0 v2:172.21.15.74:3300/0 3 ==== mon_map magic: 0 v1 ==== 183+0+0 (secure 0 0 0) 0x7f1e2800a290 con 0x7f1e2c063e40
2020-03-28T16:31:37.814 INFO:teuthology.orchestra.run.smithi074.stderr:DEBUG:cephadm:/usr/bin/ceph:stderr
2020-03-28T16:31:37.798+0000 7f1e31260700 1 --2- 172.21.15.74:0/3199137377 >> [v2:172.21.15.74:3300/0,v1:172.21.15.74:6789/0] conn(0x7f1e2c063e40 0x7f1e2c061050 secure :-1 s=THROTTLE_DONE pgs=6 cs=0 l=1 rx=0x7f1e28002f30 tx=0x7f1e28007a40).handle_read_frame_epilogue_main read frame epilogue bytes=32
2020-03-28T16:31:37.814 INFO:teuthology.orchestra.run.smithi074.stderr:DEBUG:cephadm:/usr/bin/ceph:stderr
2020-03-28T16:31:37.798+0000 7f1e227fc700 1 -- 172.21.15.74:0/3199137377 <== mon.0 v2:172.21.15.74:3300/0 4 ==== mgrmap(e 1) v1 ==== 360+0+0 (secure 0 0 0) 0x7f1e2800a910 con 0x7f1e2c063e40
2020-03-28T16:31:37.814 INFO:teuthology.orchestra.run.smithi074.stderr:DEBUG:cephadm:/usr/bin/ceph:stderr
2020-03-28T16:31:37.798+0000 7f1e32cc3700 1 -- 172.21.15.74:0/3199137377 --> [v2:172.21.15.74:3300/0,v1:172.21.15.74:6789/0] -- mon_subscribe({osdmap=0}) v3 -- 0x7f1e2c061c50 con 0x7f1e2c063e40
2020-03-28T16:31:37.814 INFO:teuthology.orchestra.run.smithi074.stderr:DEBUG:cephadm:/usr/bin/ceph:stderr
2020-03-28T16:31:37.799+0000 7f1e31260700 1 --2- 172.21.15.74:0/3199137377 >> [v2:172.21.15.74:3300/0,v1:172.21.15.74:6789/0] conn(0x7f1e2c063e40 0x7f1e2c061050 secure :-1 s=THROTTLE_DONE pgs=6 cs=0 l=1 rx=0x7f1e28002f30 tx=0x7f1e28007a40).handle_read_frame_epilogue_main read frame epilogue bytes=32
2020-03-28T16:31:37.814 INFO:teuthology.orchestra.run.smithi074.stderr:DEBUG:cephadm:/usr/bin/ceph:stderr
2020-03-28T16:31:37.799+0000 7f1e227fc700 1 -- 172.21.15.74:0/3199137377 <== mon.0 v2:172.21.15.74:3300/0 5 ==== osd_map(1..1 src has 1..1) v4 ==== 754+0+0 (secure 0 0 0) 0x7f1e2800d400 con 0x7f1e2c063e40
2020-03-28T16:31:37.814 INFO:teuthology.orchestra.run.smithi074.stderr:DEBUG:cephadm:/usr/bin/ceph:stderr
2020-03-28T16:31:37.799+0000 7f1e32cc3700 1 -- 172.21.15.74:0/3199137377 --> [v2:172.21.15.74:3300/0,v1:172.21.15.74:6789/0] -- mon_command({"prefix": "get_command_descriptions"} v 0) v1 -- 0x7f1e2c056cb0 con 0x7f1e2c063e40
2020-03-28T16:31:37.815 INFO:teuthology.orchestra.run.smithi074.stderr:DEBUG:cephadm:/usr/bin/ceph:stderr
2020-03-28T16:31:37.801+0000 7f1e31260700 1 --2- 172.21.15.74:0/3199137377 >> [v2:172.21.15.74:3300/0,v1:172.21.15.74:6789/0] conn(0x7f1e2c063e40 0x7f1e2c061050 secure :-1 s=THROTTLE_DONE pgs=6 cs=0 l=1 rx=0x7f1e28002f30 tx=0x7f1e28007a40).handle_read_frame_epilogue_main read frame epilogue bytes=32
2020-03-28T16:31:37.815 INFO:teuthology.orchestra.run.smithi074.stderr:DEBUG:cephadm:/usr/bin/ceph:stderr
2020-03-28T16:31:37.801+0000 7f1e227fc700 1 -- 172.21.15.74:0/3199137377 <== mon.0 v2:172.21.15.74:3300/0 6 ==== mon_command_ack([{"prefix": "get_command_descriptions"}]=0 v0) v1 ==== 72+0+67700 (secure 0 0 0) 0x7f1e28005cb0 con 0x7f1e2c063e40
2020-03-28T16:31:37.888 INFO:teuthology.orchestra.run.smithi074.stderr:DEBUG:cephadm:/usr/bin/ceph:stderr
2020-03-28T16:31:37.877+0000 7f1e32cc3700 1 -- 172.21.15.74:0/3199137377 --> [v2:172.21.15.74:3300/0,v1:172.21.15.74:6789/0] -- mon_command({"prefix": "status", "format": "json-pretty"} v 0) v1 -- 0x7f1e2c07d450 con 0x7f1e2c063e40
2020-03-28T16:31:37.888 INFO:teuthology.orchestra.run.smithi074.stderr:DEBUG:cephadm:/usr/bin/ceph:stderr
2020-03-28T16:31:37.877+0000 7f1e31260700 1 --2- 172.21.15.74:0/3199137377 >> [v2:172.21.15.74:3300/0,v1:172.21.15.74:6789/0] conn(0x7f1e2c063e40 0x7f1e2c061050 secure :-1 s=THROTTLE_DONE pgs=6 cs=0 l=1 rx=0x7f1e28002f30 tx=0x7f1e28007a40).handle_read_frame_epilogue_main read frame epilogue bytes=32
2020-03-28T16:31:37.888 INFO:teuthology.orchestra.run.smithi074.stderr:DEBUG:cephadm:/usr/bin/ceph:stderr
2020-03-28T16:31:37.877+0000 7f1e227fc700 1 -- 172.21.15.74:0/3199137377 <== mon.0 v2:172.21.15.74:3300/0 7 ==== mon_command_ack([{"prefix": "status", "format": "json-pretty"}]=0 v0) v1 ==== 79+0+1222 (secure 0 0 0) 0x7f1e280056c0 con 0x7f1e2c063e40
2020-03-28T16:31:37.888 INFO:teuthology.orchestra.run.smithi074.stderr:DEBUG:cephadm:/usr/bin/ceph:stdout
2020-03-28T16:31:37.889 INFO:teuthology.orchestra.run.smithi074.stderr:DEBUG:cephadm:/usr/bin/ceph:stdout {
2020-03-28T16:31:37.889 INFO:teuthology.orchestra.run.smithi074.stderr:DEBUG:cephadm:/usr/bin/ceph:stdout "fsid": "7e511930-7111-11ea-924b-001a4aab830c",
2020-03-28T16:31:37.889 INFO:teuthology.orchestra.run.smithi074.stderr:DEBUG:cephadm:/usr/bin/ceph:stdout "health": {
2020-03-28T16:31:37.889 INFO:teuthology.orchestra.run.smithi074.stderr:DEBUG:cephadm:/usr/bin/ceph:stdout "status": "HEALTH_OK",
2020-03-28T16:31:37.889 INFO:teuthology.orchestra.run.smithi074.stderr:DEBUG:cephadm:/usr/bin/ceph:stdout "checks": {},
2020-03-28T16:31:37.889 INFO:teuthology.orchestra.run.smithi074.stderr:DEBUG:cephadm:/usr/bin/ceph:stdout "mutes": []
2020-03-28T16:31:37.889 INFO:teuthology.orchestra.run.smithi074.stderr:DEBUG:cephadm:/usr/bin/ceph:stdout },
2020-03-28T16:31:37.890 INFO:teuthology.orchestra.run.smithi074.stderr:DEBUG:cephadm:/usr/bin/ceph:stdout "election_epoch": 5,
2020-03-28T16:31:37.890 INFO:teuthology.orchestra.run.smithi074.stderr:DEBUG:cephadm:/usr/bin/ceph:stdout "quorum": [
2020-03-28T16:31:37.890 INFO:teuthology.orchestra.run.smithi074.stderr:DEBUG:cephadm:/usr/bin/ceph:stdout 0
2020-03-28T16:31:37.890 INFO:teuthology.orchestra.run.smithi074.stderr:DEBUG:cephadm:/usr/bin/ceph:stdout ],
2020-03-28T16:31:37.890 INFO:teuthology.orchestra.run.smithi074.stderr:DEBUG:cephadm:/usr/bin/ceph:stdout "quorum_names": [
2020-03-28T16:31:37.890 INFO:teuthology.orchestra.run.smithi074.stderr:DEBUG:cephadm:/usr/bin/ceph:stdout "a"
2020-03-28T16:31:37.890 INFO:teuthology.orchestra.run.smithi074.stderr:DEBUG:cephadm:/usr/bin/ceph:stdout ],
2020-03-28T16:31:37.891 INFO:teuthology.orchestra.run.smithi074.stderr:DEBUG:cephadm:/usr/bin/ceph:stdout "quorum_age": 1,
2020-03-28T16:31:37.897 INFO:teuthology.orchestra.run.smithi074.stderr:DEBUG:cephadm:/usr/bin/ceph:stdout "monmap": {
2020-03-28T16:31:37.897 INFO:teuthology.orchestra.run.smithi074.stderr:DEBUG:cephadm:/usr/bin/ceph:stdout "epoch": 1,
2020-03-28T16:31:37.897 INFO:teuthology.orchestra.run.smithi074.stderr:DEBUG:cephadm:/usr/bin/ceph:stdout "min_mon_release_name": "octopus",
2020-03-28T16:31:37.897 INFO:teuthology.orchestra.run.smithi074.stderr:DEBUG:cephadm:/usr/bin/ceph:stdout "num_mons": 1
2020-03-28T16:31:37.897 INFO:teuthology.orchestra.run.smithi074.stderr:DEBUG:cephadm:/usr/bin/ceph:stdout },
2020-03-28T16:31:37.897 INFO:teuthology.orchestra.run.smithi074.stderr:DEBUG:cephadm:/usr/bin/ceph:stdout "osdmap": {
2020-03-28T16:31:37.897 INFO:teuthology.orchestra.run.smithi074.stderr:DEBUG:cephadm:/usr/bin/ceph:stdout "epoch": 1,
2020-03-28T16:31:37.898 INFO:teuthology.orchestra.run.smithi074.stderr:DEBUG:cephadm:/usr/bin/ceph:stdout "num_osds": 0,
2020-03-28T16:31:37.898 INFO:teuthology.orchestra.run.smithi074.stderr:DEBUG:cephadm:/usr/bin/ceph:stdout "num_up_osds": 0,
2020-03-28T16:31:37.898 INFO:teuthology.orchestra.run.smithi074.stderr:DEBUG:cephadm:/usr/bin/ceph:stdout "osd_up_since": 0,
2020-03-28T16:31:37.898 INFO:teuthology.orchestra.run.smithi074.stderr:DEBUG:cephadm:/usr/bin/ceph:stdout "num_in_osds": 0,
2020-03-28T16:31:37.898 INFO:teuthology.orchestra.run.smithi074.stderr:DEBUG:cephadm:/usr/bin/ceph:stdout "osd_in_since": 0,
2020-03-28T16:31:37.898 INFO:teuthology.orchestra.run.smithi074.stderr:DEBUG:cephadm:/usr/bin/ceph:stdout "num_remapped_pgs": 0
2020-03-28T16:31:37.898 INFO:teuthology.orchestra.run.smithi074.stderr:DEBUG:cephadm:/usr/bin/ceph:stdout },
2020-03-28T16:31:37.899 INFO:teuthology.orchestra.run.smithi074.stderr:DEBUG:cephadm:/usr/bin/ceph:stdout "pgmap": {
2020-03-28T16:31:37.899 INFO:teuthology.orchestra.run.smithi074.stderr:DEBUG:cephadm:/usr/bin/ceph:stdout "pgs_by_state": [],
2020-03-28T16:31:37.899 INFO:teuthology.orchestra.run.smithi074.stderr:DEBUG:cephadm:/usr/bin/ceph:stdout "num_pgs": 0,
2020-03-28T16:31:37.899 INFO:teuthology.orchestra.run.smithi074.stderr:DEBUG:cephadm:/usr/bin/ceph:stdout "num_pools": 0,
2020-03-28T16:31:37.899 INFO:teuthology.orchestra.run.smithi074.stderr:DEBUG:cephadm:/usr/bin/ceph:stdout "num_objects": 0,
2020-03-28T16:31:37.899 INFO:teuthology.orchestra.run.smithi074.stderr:DEBUG:cephadm:/usr/bin/ceph:stdout "data_bytes": 0,
2020-03-28T16:31:37.899 INFO:teuthology.orchestra.run.smithi074.stderr:DEBUG:cephadm:/usr/bin/ceph:stdout "bytes_used": 0,
2020-03-28T16:31:37.900 INFO:teuthology.orchestra.run.smithi074.stderr:DEBUG:cephadm:/usr/bin/ceph:stdout "bytes_avail": 0,
2020-03-28T16:31:37.900 INFO:teuthology.orchestra.run.smithi074.stderr:DEBUG:cephadm:/usr/bin/ceph:stdout "bytes_total": 0
2020-03-28T16:31:37.900 INFO:teuthology.orchestra.run.smithi074.stderr:DEBUG:cephadm:/usr/bin/ceph:stdout },
2020-03-28T16:31:37.900 INFO:teuthology.orchestra.run.smithi074.stderr:DEBUG:cephadm:/usr/bin/ceph:stdout "fsmap": {
2020-03-28T16:31:37.900 INFO:teuthology.orchestra.run.smithi074.stderr:DEBUG:cephadm:/usr/bin/ceph:stdout "epoch": 1,
2020-03-28T16:31:37.900 INFO:teuthology.orchestra.run.smithi074.stderr:DEBUG:cephadm:/usr/bin/ceph:stdout "by_rank": [],
2020-03-28T16:31:37.900 INFO:teuthology.orchestra.run.smithi074.stderr:DEBUG:cephadm:/usr/bin/ceph:stdout "up:standby": 0
2020-03-28T16:31:37.901 INFO:teuthology.orchestra.run.smithi074.stderr:DEBUG:cephadm:/usr/bin/ceph:stdout },
2020-03-28T16:31:37.901 INFO:teuthology.orchestra.run.smithi074.stderr:DEBUG:cephadm:/usr/bin/ceph:stdout "mgrmap": {
2020-03-28T16:31:37.901 INFO:teuthology.orchestra.run.smithi074.stderr:DEBUG:cephadm:/usr/bin/ceph:stdout "available": false,
2020-03-28T16:31:37.901 INFO:teuthology.orchestra.run.smithi074.stderr:DEBUG:cephadm:/usr/bin/ceph:stdout "num_standbys": 0,
2020-03-28T16:31:37.901 INFO:teuthology.orchestra.run.smithi074.stderr:DEBUG:cephadm:/usr/bin/ceph:stdout "modules": [
2020-03-28T16:31:37.901 INFO:teuthology.orchestra.run.smithi074.stderr:DEBUG:cephadm:/usr/bin/ceph:stdout "iostat",
2020-03-28T16:31:37.901 INFO:teuthology.orchestra.run.smithi074.stderr:DEBUG:cephadm:/usr/bin/ceph:stdout "restful"
2020-03-28T16:31:37.902 INFO:teuthology.orchestra.run.smithi074.stderr:DEBUG:cephadm:/usr/bin/ceph:stdout ],
2020-03-28T16:31:37.902 INFO:teuthology.orchestra.run.smithi074.stderr:DEBUG:cephadm:/usr/bin/ceph:stdout "services": {}
2020-03-28T16:31:37.902 INFO:teuthology.orchestra.run.smithi074.stderr:DEBUG:cephadm:/usr/bin/ceph:stdout },
2020-03-28T16:31:37.902 INFO:teuthology.orchestra.run.smithi074.stderr:DEBUG:cephadm:/usr/bin/ceph:stdout "servicemap": {
2020-03-28T16:31:37.902 INFO:teuthology.orchestra.run.smithi074.stderr:DEBUG:cephadm:/usr/bin/ceph:stdout "epoch": 1,
2020-03-28T16:31:37.902 INFO:teuthology.orchestra.run.smithi074.stderr:DEBUG:cephadm:/usr/bin/ceph:stdout "modified": "2020-03-28T16:31:31.090779+0000",
2020-03-28T16:31:37.902 INFO:teuthology.orchestra.run.smithi074.stderr:DEBUG:cephadm:/usr/bin/ceph:stdout "services": {}
2020-03-28T16:31:37.902 INFO:teuthology.orchestra.run.smithi074.stderr:DEBUG:cephadm:/usr/bin/ceph:stdout },
2020-03-28T16:31:37.903 INFO:teuthology.orchestra.run.smithi074.stderr:DEBUG:cephadm:/usr/bin/ceph:stdout "progress_events": {}
2020-03-28T16:31:37.903 INFO:teuthology.orchestra.run.smithi074.stderr:DEBUG:cephadm:/usr/bin/ceph:stdout }
2020-03-28T16:31:37.903 INFO:teuthology.orchestra.run.smithi074.stderr:DEBUG:cephadm:/usr/bin/ceph:stderr
2020-03-28T16:31:37.878+0000 7f1e32cc3700 1 -- 172.21.15.74:0/3199137377 >> [v2:172.21.15.74:3300/0,v1:172.21.15.74:6789/0] conn(0x7f1e2c063e40 msgr2=0x7f1e2c061050 secure :-1 s=STATE_CONNECTION_ESTABLISHED l=1).mark_down
2020-03-28T16:31:37.903 INFO:teuthology.orchestra.run.smithi074.stderr:DEBUG:cephadm:/usr/bin/ceph:stderr
2020-03-28T16:31:37.878+0000 7f1e32cc3700 1 --2- 172.21.15.74:0/3199137377 >> [v2:172.21.15.74:3300/0,v1:172.21.15.74:6789/0] conn(0x7f1e2c063e40 0x7f1e2c061050 secure :-1 s=READY pgs=6 cs=0 l=1 rx=0x7f1e28002f30 tx=0x7f1e28007a40).stop
2020-03-28T16:31:37.903 INFO:teuthology.orchestra.run.smithi074.stderr:DEBUG:cephadm:/usr/bin/ceph:stderr
2020-03-28T16:31:37.878+0000 7f1e32cc3700 1 -- 172.21.15.74:0/3199137377 shutdown_connections
2020-03-28T16:31:37.903 INFO:teuthology.orchestra.run.smithi074.stderr:DEBUG:cephadm:/usr/bin/ceph:stderr
2020-03-28T16:31:37.878+0000 7f1e32cc3700 1 --2- 172.21.15.74:0/3199137377 >> [v2:172.21.15.74:3300/0,v1:172.21.15.74:6789/0] conn(0x7f1e2c063e40 0x7f1e2c061050 unknown :-1 s=CLOSED pgs=6 cs=0 l=1 rx=0 tx=0).stop
2020-03-28T16:31:37.903 INFO:teuthology.orchestra.run.smithi074.stderr:DEBUG:cephadm:/usr/bin/ceph:stderr
2020-03-28T16:31:37.878+0000 7f1e32cc3700 1 -- 172.21.15.74:0/3199137377 >> 172.21.15.74:0/3199137377 conn(0x7f1e2c05f5a0 msgr2=0x7f1e2c05fa80 unknown :-1 s=STATE_NONE l=0).mark_down
2020-03-28T16:31:37.904 INFO:teuthology.orchestra.run.smithi074.stderr:DEBUG:cephadm:/usr/bin/ceph:stderr
2020-03-28T16:31:37.878+0000 7f1e32cc3700 1 -- 172.21.15.74:0/3199137377 shutdown_connections
2020-03-28T16:31:37.904 INFO:teuthology.orchestra.run.smithi074.stderr:DEBUG:cephadm:/usr/bin/ceph:stderr
2020-03-28T16:31:37.878+0000 7f1e32cc3700 1 -- 172.21.15.74:0/3199137377 wait complete.
2020-03-28T16:31:38.204 INFO:ceph.mon.a.smithi074.stdout:Mar 28 16:31:37 smithi074 bash[30154]: audit
2020-03-28T16:31:37.878479+0000 mon.a (mon.0) 8 : audit [DBG] from='client.? 172.21.15.74:0/3199137377' entity='client.admin' cmd=[{"prefix": "status", "format": "json-pretty"}]: dispatch
2020-03-28T16:31:38.460 INFO:teuthology.orchestra.run.smithi074.stderr:INFO:cephadm:mgr not available, waiting (1/10)...
2020-03-28T16:31:39.461 INFO:teuthology.orchestra.run.smithi074.stderr:DEBUG:cephadm:['/bin/podman', 'run', '--rm', '--net=host', '-e', 'CONTAINER_IMAGE=quay.io/ceph-ci/ceph:202834d8ba82240c3c27a1437803b8cdec4bb56a', '-e', 'NODE_NAME=smithi074', '-v', '/var/log/ceph/7e511930-7111-11ea-924b-001a4aab830c:/var/log/ceph:z', '-v', '/tmp/ceph-tmp1_380z8z:/etc/ceph/ceph.client.admin.keyring:z', '-v', '/tmp/ceph-tmplzuix4au:/etc/ceph/ceph.conf:z', '--entrypoint', '/usr/bin/ceph', 'quay.io/ceph-ci/ceph:202834d8ba82240c3c27a1437803b8cdec4bb56a', 'status', '-f', 'json-pretty']
2020-03-28T16:31:39.461 INFO:teuthology.orchestra.run.smithi074.stderr:DEBUG:cephadm:Running command: /bin/podman run --rm --net=host -e CONTAINER_IMAGE=quay.io/ceph-ci/ceph:202834d8ba82240c3c27a1437803b8cdec4bb56a -e NODE_NAME=smithi074 -v /var/log/ceph/7e511930-7111-11ea-924b-001a4aab830c:/var/log/ceph:z -v /tmp/ceph-tmp1_380z8z:/etc/ceph/ceph.client.admin.keyring:z -v /tmp/ceph-tmplzuix4au:/etc/ceph/ceph.conf:z --entrypoint /usr/bin/ceph quay.io/ceph-ci/ceph:202834d8ba82240c3c27a1437803b8cdec4bb56a status -f json-pretty
2020-03-28T16:31:40.075 INFO:teuthology.orchestra.run.smithi074.stderr:DEBUG:cephadm:/usr/bin/ceph:stderr
2020-03-28T16:31:40.066+0000 7fd99522f700 1 Processor -- start
2020-03-28T16:31:40.075 INFO:teuthology.orchestra.run.smithi074.stderr:DEBUG:cephadm:/usr/bin/ceph:stderr
2020-03-28T16:31:40.066+0000 7fd99522f700 1 -- start start
2020-03-28T16:31:40.075 INFO:teuthology.orchestra.run.smithi074.stderr:DEBUG:cephadm:/usr/bin/ceph:stderr
2020-03-28T16:31:40.066+0000 7fd99522f700 1 --2- >> [v2:172.21.15.74:3300/0,v1:172.21.15.74:6789/0] conn(0x7fd990063e40 0x7fd990064260 unknown :-1 s=NONE pgs=0 cs=0 l=0 rx=0 tx=0).connect
2020-03-28T16:31:40.075 INFO:teuthology.orchestra.run.smithi074.stderr:DEBUG:cephadm:/usr/bin/ceph:stderr
2020-03-28T16:31:40.066+0000 7fd99522f700 1 -- --> [v2:172.21.15.74:3300/0,v1:172.21.15.74:6789/0] -- mon_getmap magic: 0 v1 -- 0x7fd990064750 con 0x7fd990063e40
2020-03-28T16:31:40.075 INFO:teuthology.orchestra.run.smithi074.stderr:DEBUG:cephadm:/usr/bin/ceph:stderr
2020-03-28T16:31:40.066+0000 7fd98f59e700 1 --2- >> [v2:172.21.15.74:3300/0,v1:172.21.15.74:6789/0] conn(0x7fd990063e40 0x7fd990064260 unknown :-1 s=BANNER_CONNECTING pgs=0 cs=0 l=0 rx=0 tx=0)._handle_peer_banner_payload supported=0 required=0
2020-03-28T16:31:40.075 INFO:teuthology.orchestra.run.smithi074.stderr:DEBUG:cephadm:/usr/bin/ceph:stderr
2020-03-28T16:31:40.066+0000 7fd98f59e700 1 --2- >> [v2:172.21.15.74:3300/0,v1:172.21.15.74:6789/0] conn(0x7fd990063e40 0x7fd990064260 unknown :-1 s=HELLO_CONNECTING pgs=0 cs=0 l=0 rx=0 tx=0).handle_hello peer v2:172.21.15.74:3300/0 says I am v2:172.21.15.74:38706/0 (socket says 172.21.15.74:38706)
2020-03-28T16:31:40.076 INFO:teuthology.orchestra.run.smithi074.stderr:DEBUG:cephadm:/usr/bin/ceph:stderr
2020-03-28T16:31:40.066+0000 7fd98f59e700 1 -- 172.21.15.74:0/701063695 learned_addr learned my addr 172.21.15.74:0/701063695 (peer_addr_for_me v2:172.21.15.74:0/0)
2020-03-28T16:31:40.076 INFO:teuthology.orchestra.run.smithi074.stderr:DEBUG:cephadm:/usr/bin/ceph:stderr
2020-03-28T16:31:40.067+0000 7fd98f59e700 1 -- 172.21.15.74:0/701063695 --> [v2:172.21.15.74:3300/0,v1:172.21.15.74:6789/0] -- mon_subscribe({config=0+,monmap=0+}) v3 -- 0x7fd990064f70 con 0x7fd990063e40
2020-03-28T16:31:40.076 INFO:teuthology.orchestra.run.smithi074.stderr:DEBUG:cephadm:/usr/bin/ceph:stderr
2020-03-28T16:31:40.067+0000 7fd98f59e700 1 --2- 172.21.15.74:0/701063695 >> [v2:172.21.15.74:3300/0,v1:172.21.15.74:6789/0] conn(0x7fd990063e40 0x7fd990064260 secure :-1 s=AUTH_CONNECTING_SIGN pgs=0 cs=0 l=0 rx=0x7fd9880032b0 tx=0x7fd988007dc0).handle_read_frame_epilogue_main read frame epilogue bytes=32
2020-03-28T16:31:40.076 INFO:teuthology.orchestra.run.smithi074.stderr:DEBUG:cephadm:/usr/bin/ceph:stderr
2020-03-28T16:31:40.067+0000 7fd98f59e700 1 --2- 172.21.15.74:0/701063695 >> [v2:172.21.15.74:3300/0,v1:172.21.15.74:6789/0] conn(0x7fd990063e40 0x7fd990064260 secure :-1 s=SESSION_CONNECTING pgs=0 cs=0 l=0 rx=0x7fd9880032b0 tx=0x7fd988007dc0).handle_read_frame_epilogue_main read frame epilogue bytes=32
2020-03-28T16:31:40.076 INFO:teuthology.orchestra.run.smithi074.stderr:DEBUG:cephadm:/usr/bin/ceph:stderr
2020-03-28T16:31:40.067+0000 7fd98f59e700 1 --2- 172.21.15.74:0/701063695 >> [v2:172.21.15.74:3300/0,v1:172.21.15.74:6789/0] conn(0x7fd990063e40 0x7fd990064260 secure :-1 s=READY pgs=7 cs=0 l=1 rx=0x7fd9880032b0 tx=0x7fd988007dc0).ready entity=mon.0 client_cookie=c5e60c496ccc853b server_cookie=0 in_seq=0 out_seq=0
2020-03-28T16:31:40.076 INFO:teuthology.orchestra.run.smithi074.stderr:DEBUG:cephadm:/usr/bin/ceph:stderr
2020-03-28T16:31:40.067+0000 7fd98f59e700 1 --2- 172.21.15.74:0/701063695 >> [v2:172.21.15.74:3300/0,v1:172.21.15.74:6789/0] conn(0x7fd990063e40 0x7fd990064260 secure :-1 s=THROTTLE_DONE pgs=7 cs=0 l=1 rx=0x7fd9880032b0 tx=0x7fd988007dc0).handle_read_frame_epilogue_main read frame epilogue bytes=32
2020-03-28T16:31:40.077 INFO:teuthology.orchestra.run.smithi074.stderr:DEBUG:cephadm:/usr/bin/ceph:stderr
2020-03-28T16:31:40.067+0000 7fd98e59c700 1 -- 172.21.15.74:0/701063695 <== mon.0 v2:172.21.15.74:3300/0 1 ==== mon_map magic: 0 v1 ==== 183+0+0 (secure 0 0 0) 0x7fd988011e00 con 0x7fd990063e40
2020-03-28T16:31:40.077 INFO:teuthology.orchestra.run.smithi074.stderr:DEBUG:cephadm:/usr/bin/ceph:stderr
2020-03-28T16:31:40.067+0000 7fd98f59e700 1 --2- 172.21.15.74:0/701063695 >> [v2:172.21.15.74:3300/0,v1:172.21.15.74:6789/0] conn(0x7fd990063e40 0x7fd990064260 secure :-1 s=THROTTLE_DONE pgs=7 cs=0 l=1 rx=0x7fd9880032b0 tx=0x7fd988007dc0).handle_read_frame_epilogue_main read frame epilogue bytes=32
2020-03-28T16:31:40.077 INFO:teuthology.orchestra.run.smithi074.stderr:DEBUG:cephadm:/usr/bin/ceph:stderr
2020-03-28T16:31:40.067+0000 7fd98e59c700 1 -- 172.21.15.74:0/701063695 <== mon.0 v2:172.21.15.74:3300/0 2 ==== config(23 keys) v1 ==== 958+0+0 (secure 0 0 0) 0x7fd98800a160 con 0x7fd990063e40
2020-03-28T16:31:40.077 INFO:teuthology.orchestra.run.smithi074.stderr:DEBUG:cephadm:/usr/bin/ceph:stderr
2020-03-28T16:31:40.067+0000 7fd98f59e700 1 --2- 172.21.15.74:0/701063695 >> [v2:172.21.15.74:3300/0,v1:172.21.15.74:6789/0] conn(0x7fd990063e40 0x7fd990064260 secure :-1 s=THROTTLE_DONE pgs=7 cs=0 l=1 rx=0x7fd9880032b0 tx=0x7fd988007dc0).handle_read_frame_epilogue_main read frame epilogue bytes=32
2020-03-28T16:31:40.077 INFO:teuthology.orchestra.run.smithi074.stderr:DEBUG:cephadm:/usr/bin/ceph:stderr
2020-03-28T16:31:40.067+0000 7fd98e59c700 1 -- 172.21.15.74:0/701063695 <== mon.0 v2:172.21.15.74:3300/0 3 ==== mon_map magic: 0 v1 ==== 183+0+0 (secure 0 0 0) 0x7fd988009410 con 0x7fd990063e40
2020-03-28T16:31:40.077 INFO:teuthology.orchestra.run.smithi074.stderr:DEBUG:cephadm:/usr/bin/ceph:stderr
2020-03-28T16:31:40.067+0000 7fd99522f700 1 -- 172.21.15.74:0/701063695 >> [v2:172.21.15.74:3300/0,v1:172.21.15.74:6789/0] conn(0x7fd990063e40 msgr2=0x7fd990064260 secure :-1 s=STATE_CONNECTION_ESTABLISHED l=1).mark_down
2020-03-28T16:31:40.077 INFO:teuthology.orchestra.run.smithi074.stderr:DEBUG:cephadm:/usr/bin/ceph:stderr
2020-03-28T16:31:40.067+0000 7fd99522f700 1 --2- 172.21.15.74:0/701063695 >> [v2:172.21.15.74:3300/0,v1:172.21.15.74:6789/0] conn(0x7fd990063e40 0x7fd990064260 secure :-1 s=READY pgs=7 cs=0 l=1 rx=0x7fd9880032b0 tx=0x7fd988007dc0).stop
2020-03-28T16:31:40.078 INFO:teuthology.orchestra.run.smithi074.stderr:DEBUG:cephadm:/usr/bin/ceph:stderr
2020-03-28T16:31:40.067+0000 7fd99522f700 1 -- 172.21.15.74:0/701063695 shutdown_connections
2020-03-28T16:31:40.078 INFO:teuthology.orchestra.run.smithi074.stderr:DEBUG:cephadm:/usr/bin/ceph:stderr
2020-03-28T16:31:40.068+0000 7fd99522f700 1 --2- 172.21.15.74:0/701063695 >> [v2:172.21.15.74:3300/0,v1:172.21.15.74:6789/0] conn(0x7fd990063e40 0x7fd990064260 unknown :-1 s=CLOSED pgs=7 cs=0 l=1 rx=0 tx=0).stop
2020-03-28T16:31:40.078 INFO:teuthology.orchestra.run.smithi074.stderr:DEBUG:cephadm:/usr/bin/ceph:stderr
2020-03-28T16:31:40.068+0000 7fd99522f700 1 -- 172.21.15.74:0/701063695 >> 172.21.15.74:0/701063695 conn(0x7fd99005f5a0 msgr2=0x7fd9900619c0 unknown :-1 s=STATE_NONE l=0).mark_down
2020-03-28T16:31:40.078 INFO:teuthology.orchestra.run.smithi074.stderr:DEBUG:cephadm:/usr/bin/ceph:stderr
2020-03-28T16:31:40.068+0000 7fd99522f700 1 -- 172.21.15.74:0/701063695 shutdown_connections
2020-03-28T16:31:40.078 INFO:teuthology.orchestra.run.smithi074.stderr:DEBUG:cephadm:/usr/bin/ceph:stderr
2020-03-28T16:31:40.068+0000 7fd99522f700 1 -- 172.21.15.74:0/701063695 wait complete.
2020-03-28T16:31:40.078 INFO:teuthology.orchestra.run.smithi074.stderr:DEBUG:cephadm:/usr/bin/ceph:stderr
2020-03-28T16:31:40.068+0000 7fd99522f700 1 Processor -- start
2020-03-28T16:31:40.078 INFO:teuthology.orchestra.run.smithi074.stderr:DEBUG:cephadm:/usr/bin/ceph:stderr
2020-03-28T16:31:40.068+0000 7fd99522f700 1 -- start start
2020-03-28T16:31:40.078 INFO:teuthology.orchestra.run.smithi074.stderr:DEBUG:cephadm:/usr/bin/ceph:stderr
2020-03-28T16:31:40.068+0000 7fd99522f700 1 --2- >> [v2:172.21.15.74:3300/0,v1:172.21.15.74:6789/0] conn(0x7fd990063e40 0x7fd990075e70 unknown :-1 s=NONE pgs=0 cs=0 l=1 rx=0 tx=0).connect
2020-03-28T16:31:40.079 INFO:teuthology.orchestra.run.smithi074.stderr:DEBUG:cephadm:/usr/bin/ceph:stderr
2020-03-28T16:31:40.069+0000 7fd99522f700 1 -- --> [v2:172.21.15.74:3300/0,v1:172.21.15.74:6789/0] -- mon_getmap magic: 0 v1 -- 0x7fd990076360 con 0x7fd990063e40
2020-03-28T16:31:40.079 INFO:teuthology.orchestra.run.smithi074.stderr:DEBUG:cephadm:/usr/bin/ceph:stderr
2020-03-28T16:31:40.069+0000 7fd98f59e700 1 --2- >> [v2:172.21.15.74:3300/0,v1:172.21.15.74:6789/0] conn(0x7fd990063e40 0x7fd990075e70 unknown :-1 s=BANNER_CONNECTING pgs=0 cs=0 l=1 rx=0 tx=0)._handle_peer_banner_payload supported=0 required=0
2020-03-28T16:31:40.079 INFO:teuthology.orchestra.run.smithi074.stderr:DEBUG:cephadm:/usr/bin/ceph:stderr
2020-03-28T16:31:40.069+0000 7fd98f59e700 1 --2- >> [v2:172.21.15.74:3300/0,v1:172.21.15.74:6789/0] conn(0x7fd990063e40 0x7fd990075e70 unknown :-1 s=HELLO_CONNECTING pgs=0 cs=0 l=1 rx=0 tx=0).handle_hello peer v2:172.21.15.74:3300/0 says I am v2:172.21.15.74:38708/0 (socket says 172.21.15.74:38708)
2020-03-28T16:31:40.079 INFO:teuthology.orchestra.run.smithi074.stderr:DEBUG:cephadm:/usr/bin/ceph:stderr
2020-03-28T16:31:40.069+0000 7fd98f59e700 1 -- 172.21.15.74:0/1826388147 learned_addr learned my addr 172.21.15.74:0/1826388147 (peer_addr_for_me v2:172.21.15.74:0/0)
2020-03-28T16:31:40.079 INFO:teuthology.orchestra.run.smithi074.stderr:DEBUG:cephadm:/usr/bin/ceph:stderr
2020-03-28T16:31:40.069+0000 7fd98f59e700 1 -- 172.21.15.74:0/1826388147 --> [v2:172.21.15.74:3300/0,v1:172.21.15.74:6789/0] -- mon_subscribe({config=0+,monmap=0+}) v3 -- 0x7fd9900764a0 con 0x7fd990063e40
2020-03-28T16:31:40.079 INFO:teuthology.orchestra.run.smithi074.stderr:DEBUG:cephadm:/usr/bin/ceph:stderr
2020-03-28T16:31:40.069+0000 7fd98f59e700 1 --2- 172.21.15.74:0/1826388147 >> [v2:172.21.15.74:3300/0,v1:172.21.15.74:6789/0] conn(0x7fd990063e40 0x7fd990075e70 secure :-1 s=AUTH_CONNECTING_SIGN pgs=0 cs=0 l=1 rx=0x7fd9880032b0 tx=0x7fd988007dc0).handle_read_frame_epilogue_main read frame epilogue bytes=32
2020-03-28T16:31:40.079 INFO:teuthology.orchestra.run.smithi074.stderr:DEBUG:cephadm:/usr/bin/ceph:stderr
2020-03-28T16:31:40.069+0000 7fd98f59e700 1 --2- 172.21.15.74:0/1826388147 >> [v2:172.21.15.74:3300/0,v1:172.21.15.74:6789/0] conn(0x7fd990063e40 0x7fd990075e70 secure :-1 s=SESSION_CONNECTING pgs=0 cs=0 l=1 rx=0x7fd9880032b0 tx=0x7fd988007dc0).handle_read_frame_epilogue_main read frame epilogue bytes=32
2020-03-28T16:31:40.080 INFO:teuthology.orchestra.run.smithi074.stderr:DEBUG:cephadm:/usr/bin/ceph:stderr
2020-03-28T16:31:40.069+0000 7fd98f59e700 1 --2- 172.21.15.74:0/1826388147 >> [v2:172.21.15.74:3300/0,v1:172.21.15.74:6789/0] conn(0x7fd990063e40 0x7fd990075e70 secure :-1 s=READY pgs=8 cs=0 l=1 rx=0x7fd9880032b0 tx=0x7fd988007dc0).ready entity=mon.0 client_cookie=0 server_cookie=0 in_seq=0 out_seq=0
2020-03-28T16:31:40.080 INFO:teuthology.orchestra.run.smithi074.stderr:DEBUG:cephadm:/usr/bin/ceph:stderr
2020-03-28T16:31:40.069+0000 7fd98f59e700 1 --2- 172.21.15.74:0/1826388147 >> [v2:172.21.15.74:3300/0,v1:172.21.15.74:6789/0] conn(0x7fd990063e40 0x7fd990075e70 secure :-1 s=THROTTLE_DONE pgs=8 cs=0 l=1 rx=0x7fd9880032b0 tx=0x7fd988007dc0).handle_read_frame_epilogue_main read frame epilogue bytes=32
2020-03-28T16:31:40.080 INFO:teuthology.orchestra.run.smithi074.stderr:DEBUG:cephadm:/usr/bin/ceph:stderr
2020-03-28T16:31:40.069+0000 7fd98cd99700 1 -- 172.21.15.74:0/1826388147 <== mon.0 v2:172.21.15.74:3300/0 1 ==== mon_map magic: 0 v1 ==== 183+0+0 (secure 0 0 0) 0x7fd988005a40 con 0x7fd990063e40
2020-03-28T16:31:40.080 INFO:teuthology.orchestra.run.smithi074.stderr:DEBUG:cephadm:/usr/bin/ceph:stderr
2020-03-28T16:31:40.069+0000 7fd99522f700 1 -- 172.21.15.74:0/1826388147 --> [v2:172.21.15.74:3300/0,v1:172.21.15.74:6789/0] -- mon_subscribe({mgrmap=0+}) v3 -- 0x7fd990076750 con 0x7fd990063e40
2020-03-28T16:31:40.080 INFO:teuthology.orchestra.run.smithi074.stderr:DEBUG:cephadm:/usr/bin/ceph:stderr
2020-03-28T16:31:40.069+0000 7fd98f59e700 1 --2- 172.21.15.74:0/1826388147 >> [v2:172.21.15.74:3300/0,v1:172.21.15.74:6789/0] conn(0x7fd990063e40 0x7fd990075e70 secure :-1 s=THROTTLE_DONE pgs=8 cs=0 l=1 rx=0x7fd9880032b0 tx=0x7fd988007dc0).handle_read_frame_epilogue_main read frame epilogue bytes=32
2020-03-28T16:31:40.080 INFO:teuthology.orchestra.run.smithi074.stderr:DEBUG:cephadm:/usr/bin/ceph:stderr
2020-03-28T16:31:40.069+0000 7fd98f59e700 1 --2- 172.21.15.74:0/1826388147 >> [v2:172.21.15.74:3300/0,v1:172.21.15.74:6789/0] conn(0x7fd990063e40 0x7fd990075e70 secure :-1 s=THROTTLE_DONE pgs=8 cs=0 l=1 rx=0x7fd9880032b0 tx=0x7fd988007dc0).handle_read_frame_epilogue_main read frame epilogue bytes=32
2020-03-28T16:31:40.080 INFO:teuthology.orchestra.run.smithi074.stderr:DEBUG:cephadm:/usr/bin/ceph:stderr
2020-03-28T16:31:40.069+0000 7fd98cd99700 1 -- 172.21.15.74:0/1826388147 <== mon.0 v2:172.21.15.74:3300/0 2 ==== config(23 keys) v1 ==== 958+0+0 (secure 0 0 0) 0x7fd988005ba0 con 0x7fd990063e40
2020-03-28T16:31:40.081 INFO:teuthology.orchestra.run.smithi074.stderr:DEBUG:cephadm:/usr/bin/ceph:stderr
2020-03-28T16:31:40.069+0000 7fd99522f700 1 -- 172.21.15.74:0/1826388147 --> [v2:172.21.15.74:3300/0,v1:172.21.15.74:6789/0] -- mon_subscribe({osdmap=0}) v3 -- 0x7fd9900794d0 con 0x7fd990063e40
2020-03-28T16:31:40.081 INFO:teuthology.orchestra.run.smithi074.stderr:DEBUG:cephadm:/usr/bin/ceph:stderr
2020-03-28T16:31:40.069+0000 7fd98cd99700 1 -- 172.21.15.74:0/1826388147 <== mon.0 v2:172.21.15.74:3300/0 3 ==== mon_map magic: 0 v1 ==== 183+0+0 (secure 0 0 0) 0x7fd98800f670 con 0x7fd990063e40
2020-03-28T16:31:40.081 INFO:teuthology.orchestra.run.smithi074.stderr:DEBUG:cephadm:/usr/bin/ceph:stderr
2020-03-28T16:31:40.070+0000 7fd98f59e700 1 --2- 172.21.15.74:0/1826388147 >> [v2:172.21.15.74:3300/0,v1:172.21.15.74:6789/0] conn(0x7fd990063e40 0x7fd990075e70 secure :-1 s=THROTTLE_DONE pgs=8 cs=0 l=1 rx=0x7fd9880032b0 tx=0x7fd988007dc0).handle_read_frame_epilogue_main read frame epilogue bytes=32
2020-03-28T16:31:40.081 INFO:teuthology.orchestra.run.smithi074.stderr:DEBUG:cephadm:/usr/bin/ceph:stderr
2020-03-28T16:31:40.070+0000 7fd98cd99700 1 -- 172.21.15.74:0/1826388147 <== mon.0 v2:172.21.15.74:3300/0 4 ==== mgrmap(e 1) v1 ==== 360+0+0 (secure 0 0 0) 0x7fd988005d10 con 0x7fd990063e40
2020-03-28T16:31:40.081 INFO:teuthology.orchestra.run.smithi074.stderr:DEBUG:cephadm:/usr/bin/ceph:stderr
2020-03-28T16:31:40.070+0000 7fd98f59e700 1 --2- 172.21.15.74:0/1826388147 >> [v2:172.21.15.74:3300/0,v1:172.21.15.74:6789/0] conn(0x7fd990063e40 0x7fd990075e70 secure :-1 s=THROTTLE_DONE pgs=8 cs=0 l=1 rx=0x7fd9880032b0 tx=0x7fd988007dc0).handle_read_frame_epilogue_main read frame epilogue bytes=32
2020-03-28T16:31:40.081 INFO:teuthology.orchestra.run.smithi074.stderr:DEBUG:cephadm:/usr/bin/ceph:stderr
2020-03-28T16:31:40.070+0000 7fd99522f700 1 -- 172.21.15.74:0/1826388147 --> [v2:172.21.15.74:3300/0,v1:172.21.15.74:6789/0] -- mon_command({"prefix": "get_command_descriptions"} v 0) v1 -- 0x7fd990056cb0 con 0x7fd990063e40
2020-03-28T16:31:40.081 INFO:teuthology.orchestra.run.smithi074.stderr:DEBUG:cephadm:/usr/bin/ceph:stderr
2020-03-28T16:31:40.070+0000 7fd98cd99700 1 -- 172.21.15.74:0/1826388147 <== mon.0 v2:172.21.15.74:3300/0 5 ==== osd_map(1..1 src has 1..1) v4 ==== 754+0+0 (secure 0 0 0) 0x7fd98800a7a0 con 0x7fd990063e40
2020-03-28T16:31:40.082 INFO:teuthology.orchestra.run.smithi074.stderr:DEBUG:cephadm:/usr/bin/ceph:stderr
2020-03-28T16:31:40.074+0000 7fd98f59e700 1 --2- 172.21.15.74:0/1826388147 >> [v2:172.21.15.74:3300/0,v1:172.21.15.74:6789/0] conn(0x7fd990063e40 0x7fd990075e70 secure :-1 s=THROTTLE_DONE pgs=8 cs=0 l=1 rx=0x7fd9880032b0 tx=0x7fd988007dc0).handle_read_frame_epilogue_main read frame epilogue bytes=32
2020-03-28T16:31:40.082 INFO:teuthology.orchestra.run.smithi074.stderr:DEBUG:cephadm:/usr/bin/ceph:stderr
2020-03-28T16:31:40.074+0000 7fd98cd99700 1 -- 172.21.15.74:0/1826388147 <== mon.0 v2:172.21.15.74:3300/0 6 ==== mon_command_ack([{"prefix": "get_command_descriptions"}]=0 v0) v1 ==== 72+0+67700 (secure 0 0 0) 0x7fd98800aa50 con 0x7fd990063e40
2020-03-28T16:31:40.159 INFO:teuthology.orchestra.run.smithi074.stderr:DEBUG:cephadm:/usr/bin/ceph:stderr
2020-03-28T16:31:40.149+0000 7fd99522f700 1 -- 172.21.15.74:0/1826388147 --> [v2:172.21.15.74:3300/0,v1:172.21.15.74:6789/0] -- mon_command({"prefix": "status", "format": "json-pretty"} v 0) v1 -- 0x7fd9900768e0 con 0x7fd990063e40
2020-03-28T16:31:40.160 INFO:teuthology.orchestra.run.smithi074.stderr:DEBUG:cephadm:/usr/bin/ceph:stderr
2020-03-28T16:31:40.150+0000 7fd98f59e700 1 --2- 172.21.15.74:0/1826388147 >> [v2:172.21.15.74:3300/0,v1:172.21.15.74:6789/0] conn(0x7fd990063e40 0x7fd990075e70 secure :-1 s=THROTTLE_DONE pgs=8 cs=0 l=1 rx=0x7fd9880032b0 tx=0x7fd988007dc0).handle_read_frame_epilogue_main read frame epilogue bytes=32
2020-03-28T16:31:40.160 INFO:teuthology.orchestra.run.smithi074.stderr:DEBUG:cephadm:/usr/bin/ceph:stderr
2020-03-28T16:31:40.150+0000 7fd98cd99700 1 -- 172.21.15.74:0/1826388147 <== mon.0 v2:172.21.15.74:3300/0 7 ==== mon_command_ack([{"prefix": "status", "format": "json-pretty"}]=0 v0) v1 ==== 79+0+1222 (secure 0 0 0) 0x7fd98800abf0 con 0x7fd990063e40
2020-03-28T16:31:40.161 INFO:teuthology.orchestra.run.smithi074.stderr:DEBUG:cephadm:/usr/bin/ceph:stdout
2020-03-28T16:31:40.161 INFO:teuthology.orchestra.run.smithi074.stderr:DEBUG:cephadm:/usr/bin/ceph:stdout {
2020-03-28T16:31:40.161 INFO:teuthology.orchestra.run.smithi074.stderr:DEBUG:cephadm:/usr/bin/ceph:stdout "fsid": "7e511930-7111-11ea-924b-001a4aab830c",
2020-03-28T16:31:40.161 INFO:teuthology.orchestra.run.smithi074.stderr:DEBUG:cephadm:/usr/bin/ceph:stdout "health": {
2020-03-28T16:31:40.161 INFO:teuthology.orchestra.run.smithi074.stderr:DEBUG:cephadm:/usr/bin/ceph:stdout "status": "HEALTH_OK",
2020-03-28T16:31:40.161 INFO:teuthology.orchestra.run.smithi074.stderr:DEBUG:cephadm:/usr/bin/ceph:stdout "checks": {},
2020-03-28T16:31:40.162 INFO:teuthology.orchestra.run.smithi074.stderr:DEBUG:cephadm:/usr/bin/ceph:stdout "mutes": []
2020-03-28T16:31:40.162 INFO:teuthology.orchestra.run.smithi074.stderr:DEBUG:cephadm:/usr/bin/ceph:stdout },
2020-03-28T16:31:40.162 INFO:teuthology.orchestra.run.smithi074.stderr:DEBUG:cephadm:/usr/bin/ceph:stdout "election_epoch": 5,
2020-03-28T16:31:40.162 INFO:teuthology.orchestra.run.smithi074.stderr:DEBUG:cephadm:/usr/bin/ceph:stdout "quorum": [
2020-03-28T16:31:40.162 INFO:teuthology.orchestra.run.smithi074.stderr:DEBUG:cephadm:/usr/bin/ceph:stdout 0
2020-03-28T16:31:40.162 INFO:teuthology.orchestra.run.smithi074.stderr:DEBUG:cephadm:/usr/bin/ceph:stdout ],
2020-03-28T16:31:40.162 INFO:teuthology.orchestra.run.smithi074.stderr:DEBUG:cephadm:/usr/bin/ceph:stdout "quorum_names": [
2020-03-28T16:31:40.163 INFO:teuthology.orchestra.run.smithi074.stderr:DEBUG:cephadm:/usr/bin/ceph:stdout "a"
2020-03-28T16:31:40.163 INFO:teuthology.orchestra.run.smithi074.stderr:DEBUG:cephadm:/usr/bin/ceph:stdout ],
2020-03-28T16:31:40.163 INFO:teuthology.orchestra.run.smithi074.stderr:DEBUG:cephadm:/usr/bin/ceph:stdout "quorum_age": 4,
2020-03-28T16:31:40.163 INFO:teuthology.orchestra.run.smithi074.stderr:DEBUG:cephadm:/usr/bin/ceph:stdout "monmap": {
2020-03-28T16:31:40.163 INFO:teuthology.orchestra.run.smithi074.stderr:DEBUG:cephadm:/usr/bin/ceph:stdout "epoch": 1,
2020-03-28T16:31:40.163 INFO:teuthology.orchestra.run.smithi074.stderr:DEBUG:cephadm:/usr/bin/ceph:stdout "min_mon_release_name": "octopus",
2020-03-28T16:31:40.163 INFO:teuthology.orchestra.run.smithi074.stderr:DEBUG:cephadm:/usr/bin/ceph:stdout "num_mons": 1
2020-03-28T16:31:40.163 INFO:teuthology.orchestra.run.smithi074.stderr:DEBUG:cephadm:/usr/bin/ceph:stdout },
2020-03-28T16:31:40.164 INFO:teuthology.orchestra.run.smithi074.stderr:DEBUG:cephadm:/usr/bin/ceph:stdout "osdmap": {
2020-03-28T16:31:40.164 INFO:teuthology.orchestra.run.smithi074.stderr:DEBUG:cephadm:/usr/bin/ceph:stdout "epoch": 1,
2020-03-28T16:31:40.164 INFO:teuthology.orchestra.run.smithi074.stderr:DEBUG:cephadm:/usr/bin/ceph:stdout "num_osds": 0,
2020-03-28T16:31:40.164 INFO:teuthology.orchestra.run.smithi074.stderr:DEBUG:cephadm:/usr/bin/ceph:stdout "num_up_osds": 0,
2020-03-28T16:31:40.164 INFO:teuthology.orchestra.run.smithi074.stderr:DEBUG:cephadm:/usr/bin/ceph:stdout "osd_up_since": 0,
2020-03-28T16:31:40.164 INFO:teuthology.orchestra.run.smithi074.stderr:DEBUG:cephadm:/usr/bin/ceph:stdout "num_in_osds": 0,
2020-03-28T16:31:40.164 INFO:teuthology.orchestra.run.smithi074.stderr:DEBUG:cephadm:/usr/bin/ceph:stdout "osd_in_since": 0,
2020-03-28T16:31:40.165 INFO:teuthology.orchestra.run.smithi074.stderr:DEBUG:cephadm:/usr/bin/ceph:stdout "num_remapped_pgs": 0
2020-03-28T16:31:40.165 INFO:teuthology.orchestra.run.smithi074.stderr:DEBUG:cephadm:/usr/bin/ceph:stdout },
