2020-03-28T16:32:30.200 INFO:teuthology.orchestra.run.smithi139.stderr:DEBUG:cephadm:/usr/bin/ceph:stderr
2020-03-28T16:32:30.176+0000 7f10df59e700 1 --2- 172.21.15.139:0/3146815024 >> [v2:172.21.15.139:3300/0,v1:172.21.15.139:6789/0] conn(0x7f10e0063d90 0x7f10e00641b0 secure :-1 s=READY pgs=16 cs=0 l=1 rx=0x7f10d40032b0 tx=0x7f10d4007dc0).stop
2020-03-28T16:32:30.200 INFO:teuthology.orchestra.run.smithi139.stderr:DEBUG:cephadm:/usr/bin/ceph:stderr
2020-03-28T16:32:30.180+0000 7f10df59e700 1 -- 172.21.15.139:0/3146815024 shutdown_connections
2020-03-28T16:32:30.200 INFO:teuthology.orchestra.run.smithi139.stderr:DEBUG:cephadm:/usr/bin/ceph:stderr
2020-03-28T16:32:30.180+0000 7f10df59e700 1 --2- 172.21.15.139:0/3146815024 >> [v2:172.21.15.139:3300/0,v1:172.21.15.139:6789/0] conn(0x7f10e0063d90 0x7f10e00641b0 unknown :-1 s=CLOSED pgs=16 cs=0 l=1 rx=0 tx=0).stop
2020-03-28T16:32:30.201 INFO:teuthology.orchestra.run.smithi139.stderr:DEBUG:cephadm:/usr/bin/ceph:stderr
2020-03-28T16:32:30.180+0000 7f10df59e700 1 -- 172.21.15.139:0/3146815024 >> 172.21.15.139:0/3146815024 conn(0x7f10e0024f10 msgr2=0x7f10e0025320 unknown :-1 s=STATE_NONE l=0).mark_down
2020-03-28T16:32:30.201 INFO:teuthology.orchestra.run.smithi139.stderr:DEBUG:cephadm:/usr/bin/ceph:stderr
2020-03-28T16:32:30.180+0000 7f10df59e700 1 -- 172.21.15.139:0/3146815024 shutdown_connections
2020-03-28T16:32:30.201 INFO:teuthology.orchestra.run.smithi139.stderr:DEBUG:cephadm:/usr/bin/ceph:stderr
2020-03-28T16:32:30.180+0000 7f10df59e700 1 -- 172.21.15.139:0/3146815024 wait complete.
2020-03-28T16:32:30.201 INFO:teuthology.orchestra.run.smithi139.stderr:DEBUG:cephadm:/usr/bin/ceph:stderr
2020-03-28T16:32:30.180+0000 7f10df59e700 1 Processor -- start
2020-03-28T16:32:30.201 INFO:teuthology.orchestra.run.smithi139.stderr:DEBUG:cephadm:/usr/bin/ceph:stderr
2020-03-28T16:32:30.180+0000 7f10df59e700 1 -- start start
2020-03-28T16:32:30.201 INFO:teuthology.orchestra.run.smithi139.stderr:DEBUG:cephadm:/usr/bin/ceph:stderr
2020-03-28T16:32:30.180+0000 7f10df59e700 1 --2- >> [v2:172.21.15.139:3300/0,v1:172.21.15.139:6789/0] conn(0x7f10e0063d90 0x7f10e0075ca0 unknown :-1 s=NONE pgs=0 cs=0 l=1 rx=0 tx=0).connect
2020-03-28T16:32:30.202 INFO:teuthology.orchestra.run.smithi139.stderr:DEBUG:cephadm:/usr/bin/ceph:stderr
2020-03-28T16:32:30.180+0000 7f10df59e700 1 -- --> [v2:172.21.15.139:3300/0,v1:172.21.15.139:6789/0] -- mon_getmap magic: 0 v1 -- 0x7f10e0076190 con 0x7f10e0063d90
2020-03-28T16:32:30.202 INFO:teuthology.orchestra.run.smithi139.stderr:DEBUG:cephadm:/usr/bin/ceph:stderr
2020-03-28T16:32:30.180+0000 7f10ded9d700 1 --2- >> [v2:172.21.15.139:3300/0,v1:172.21.15.139:6789/0] conn(0x7f10e0063d90 0x7f10e0075ca0 unknown :-1 s=BANNER_CONNECTING pgs=0 cs=0 l=1 rx=0 tx=0)._handle_peer_banner_payload supported=0 required=0
2020-03-28T16:32:30.202 INFO:teuthology.orchestra.run.smithi139.stderr:DEBUG:cephadm:/usr/bin/ceph:stderr
2020-03-28T16:32:30.180+0000 7f10ded9d700 1 --2- >> [v2:172.21.15.139:3300/0,v1:172.21.15.139:6789/0] conn(0x7f10e0063d90 0x7f10e0075ca0 unknown :-1 s=HELLO_CONNECTING pgs=0 cs=0 l=1 rx=0 tx=0).handle_hello peer v2:172.21.15.139:3300/0 says I am v2:172.21.15.139:59966/0 (socket says 172.21.15.139:59966)
2020-03-28T16:32:30.202 INFO:teuthology.orchestra.run.smithi139.stderr:DEBUG:cephadm:/usr/bin/ceph:stderr
2020-03-28T16:32:30.180+0000 7f10ded9d700 1 -- 172.21.15.139:0/1259457443 learned_addr learned my addr 172.21.15.139:0/1259457443 (peer_addr_for_me v2:172.21.15.139:0/0)
2020-03-28T16:32:30.202 INFO:teuthology.orchestra.run.smithi139.stderr:DEBUG:cephadm:/usr/bin/ceph:stderr
2020-03-28T16:32:30.180+0000 7f10ded9d700 1 -- 172.21.15.139:0/1259457443 --> [v2:172.21.15.139:3300/0,v1:172.21.15.139:6789/0] -- mon_subscribe({config=0+,monmap=0+}) v3 -- 0x7f10e00762d0 con 0x7f10e0063d90
2020-03-28T16:32:30.202 INFO:teuthology.orchestra.run.smithi139.stderr:DEBUG:cephadm:/usr/bin/ceph:stderr
2020-03-28T16:32:30.180+0000 7f10ded9d700 1 --2- 172.21.15.139:0/1259457443 >> [v2:172.21.15.139:3300/0,v1:172.21.15.139:6789/0] conn(0x7f10e0063d90 0x7f10e0075ca0 secure :-1 s=AUTH_CONNECTING_SIGN pgs=0 cs=0 l=1 rx=0x7f10d40032b0 tx=0x7f10d4007dc0).handle_read_frame_epilogue_main read frame epilogue bytes=32
2020-03-28T16:32:30.202 INFO:teuthology.orchestra.run.smithi139.stderr:DEBUG:cephadm:/usr/bin/ceph:stderr
2020-03-28T16:32:30.180+0000 7f10ded9d700 1 --2- 172.21.15.139:0/1259457443 >> [v2:172.21.15.139:3300/0,v1:172.21.15.139:6789/0] conn(0x7f10e0063d90 0x7f10e0075ca0 secure :-1 s=SESSION_CONNECTING pgs=0 cs=0 l=1 rx=0x7f10d40032b0 tx=0x7f10d4007dc0).handle_read_frame_epilogue_main read frame epilogue bytes=32
2020-03-28T16:32:30.203 INFO:teuthology.orchestra.run.smithi139.stderr:DEBUG:cephadm:/usr/bin/ceph:stderr
2020-03-28T16:32:30.180+0000 7f10ded9d700 1 --2- 172.21.15.139:0/1259457443 >> [v2:172.21.15.139:3300/0,v1:172.21.15.139:6789/0] conn(0x7f10e0063d90 0x7f10e0075ca0 secure :-1 s=READY pgs=17 cs=0 l=1 rx=0x7f10d40032b0 tx=0x7f10d4007dc0).ready entity=mon.0 client_cookie=0 server_cookie=0 in_seq=0 out_seq=0
2020-03-28T16:32:30.203 INFO:teuthology.orchestra.run.smithi139.stderr:DEBUG:cephadm:/usr/bin/ceph:stderr
2020-03-28T16:32:30.180+0000 7f10ded9d700 1 --2- 172.21.15.139:0/1259457443 >> [v2:172.21.15.139:3300/0,v1:172.21.15.139:6789/0] conn(0x7f10e0063d90 0x7f10e0075ca0 secure :-1 s=THROTTLE_DONE pgs=17 cs=0 l=1 rx=0x7f10d40032b0 tx=0x7f10d4007dc0).handle_read_frame_epilogue_main read frame epilogue bytes=32
2020-03-28T16:32:30.203 INFO:teuthology.orchestra.run.smithi139.stderr:DEBUG:cephadm:/usr/bin/ceph:stderr
2020-03-28T16:32:30.180+0000 7f10cffff700 1 -- 172.21.15.139:0/1259457443 <== mon.0 v2:172.21.15.139:3300/0 1 ==== mon_map magic: 0 v1 ==== 183+0+0 (secure 0 0 0) 0x7f10d4005a40 con 0x7f10e0063d90
2020-03-28T16:32:30.203 INFO:teuthology.orchestra.run.smithi139.stderr:DEBUG:cephadm:/usr/bin/ceph:stderr
2020-03-28T16:32:30.180+0000 7f10ded9d700 1 --2- 172.21.15.139:0/1259457443 >> [v2:172.21.15.139:3300/0,v1:172.21.15.139:6789/0] conn(0x7f10e0063d90 0x7f10e0075ca0 secure :-1 s=THROTTLE_DONE pgs=17 cs=0 l=1 rx=0x7f10d40032b0 tx=0x7f10d4007dc0).handle_read_frame_epilogue_main read frame epilogue bytes=32
2020-03-28T16:32:30.203 INFO:teuthology.orchestra.run.smithi139.stderr:DEBUG:cephadm:/usr/bin/ceph:stderr
2020-03-28T16:32:30.180+0000 7f10ded9d700 1 --2- 172.21.15.139:0/1259457443 >> [v2:172.21.15.139:3300/0,v1:172.21.15.139:6789/0] conn(0x7f10e0063d90 0x7f10e0075ca0 secure :-1 s=THROTTLE_DONE pgs=17 cs=0 l=1 rx=0x7f10d40032b0 tx=0x7f10d4007dc0).handle_read_frame_epilogue_main read frame epilogue bytes=32
2020-03-28T16:32:30.203 INFO:teuthology.orchestra.run.smithi139.stderr:DEBUG:cephadm:/usr/bin/ceph:stderr
2020-03-28T16:32:30.180+0000 7f10cffff700 1 -- 172.21.15.139:0/1259457443 <== mon.0 v2:172.21.15.139:3300/0 2 ==== config(23 keys) v1 ==== 958+0+0 (secure 0 0 0) 0x7f10d4005ba0 con 0x7f10e0063d90
2020-03-28T16:32:30.203 INFO:teuthology.orchestra.run.smithi139.stderr:DEBUG:cephadm:/usr/bin/ceph:stderr
2020-03-28T16:32:30.180+0000 7f10cffff700 1 -- 172.21.15.139:0/1259457443 <== mon.0 v2:172.21.15.139:3300/0 3 ==== mon_map magic: 0 v1 ==== 183+0+0 (secure 0 0 0) 0x7f10d400f610 con 0x7f10e0063d90
2020-03-28T16:32:30.204 INFO:teuthology.orchestra.run.smithi139.stderr:DEBUG:cephadm:/usr/bin/ceph:stderr
2020-03-28T16:32:30.180+0000 7f10df59e700 1 -- 172.21.15.139:0/1259457443 --> [v2:172.21.15.139:3300/0,v1:172.21.15.139:6789/0] -- mon_subscribe({mgrmap=0+}) v3 -- 0x7f10e0076580 con 0x7f10e0063d90
2020-03-28T16:32:30.204 INFO:teuthology.orchestra.run.smithi139.stderr:DEBUG:cephadm:/usr/bin/ceph:stderr
2020-03-28T16:32:30.180+0000 7f10df59e700 1 -- 172.21.15.139:0/1259457443 --> [v2:172.21.15.139:3300/0,v1:172.21.15.139:6789/0] -- mon_subscribe({osdmap=0}) v3 -- 0x7f10e0079300 con 0x7f10e0063d90
2020-03-28T16:32:30.204 INFO:teuthology.orchestra.run.smithi139.stderr:DEBUG:cephadm:/usr/bin/ceph:stderr
2020-03-28T16:32:30.184+0000 7f10ded9d700 1 --2- 172.21.15.139:0/1259457443 >> [v2:172.21.15.139:3300/0,v1:172.21.15.139:6789/0] conn(0x7f10e0063d90 0x7f10e0075ca0 secure :-1 s=THROTTLE_DONE pgs=17 cs=0 l=1 rx=0x7f10d40032b0 tx=0x7f10d4007dc0).handle_read_frame_epilogue_main read frame epilogue bytes=32
2020-03-28T16:32:30.204 INFO:teuthology.orchestra.run.smithi139.stderr:DEBUG:cephadm:/usr/bin/ceph:stderr
2020-03-28T16:32:30.184+0000 7f10cffff700 1 -- 172.21.15.139:0/1259457443 <== mon.0 v2:172.21.15.139:3300/0 4 ==== mgrmap(e 2) v1 ==== 30427+0+0 (secure 0 0 0) 0x7f10d4005d10 con 0x7f10e0063d90
2020-03-28T16:32:30.204 INFO:teuthology.orchestra.run.smithi139.stderr:DEBUG:cephadm:/usr/bin/ceph:stderr
2020-03-28T16:32:30.184+0000 7f10ded9d700 1 --2- 172.21.15.139:0/1259457443 >> [v2:172.21.15.139:3300/0,v1:172.21.15.139:6789/0] conn(0x7f10e0063d90 0x7f10e0075ca0 secure :-1 s=THROTTLE_DONE pgs=17 cs=0 l=1 rx=0x7f10d40032b0 tx=0x7f10d4007dc0).handle_read_frame_epilogue_main read frame epilogue bytes=32
2020-03-28T16:32:30.204 INFO:teuthology.orchestra.run.smithi139.stderr:DEBUG:cephadm:/usr/bin/ceph:stderr
2020-03-28T16:32:30.184+0000 7f10df59e700 1 -- 172.21.15.139:0/1259457443 --> [v2:172.21.15.139:3300/0,v1:172.21.15.139:6789/0] -- mon_command({"prefix": "get_command_descriptions"} v 0) v1 -- 0x7f10c4003340 con 0x7f10e0063d90
2020-03-28T16:32:30.204 INFO:teuthology.orchestra.run.smithi139.stderr:DEBUG:cephadm:/usr/bin/ceph:stderr
2020-03-28T16:32:30.184+0000 7f10cffff700 1 -- 172.21.15.139:0/1259457443 <== mon.0 v2:172.21.15.139:3300/0 5 ==== osd_map(2..2 src has 1..2) v4 ==== 1130+0+0 (secure 0 0 0) 0x7f10d4036b60 con 0x7f10e0063d90
2020-03-28T16:32:30.205 INFO:teuthology.orchestra.run.smithi139.stderr:DEBUG:cephadm:/usr/bin/ceph:stderr
2020-03-28T16:32:30.184+0000 7f10ded9d700 1 --2- 172.21.15.139:0/1259457443 >> [v2:172.21.15.139:3300/0,v1:172.21.15.139:6789/0] conn(0x7f10e0063d90 0x7f10e0075ca0 secure :-1 s=THROTTLE_DONE pgs=17 cs=0 l=1 rx=0x7f10d40032b0 tx=0x7f10d4007dc0).handle_read_frame_epilogue_main read frame epilogue bytes=32
2020-03-28T16:32:30.205 INFO:teuthology.orchestra.run.smithi139.stderr:DEBUG:cephadm:/usr/bin/ceph:stderr
2020-03-28T16:32:30.184+0000 7f10cffff700 1 -- 172.21.15.139:0/1259457443 <== mon.0 v2:172.21.15.139:3300/0 6 ==== mon_command_ack([{"prefix": "get_command_descriptions"}]=0 v0) v1 ==== 72+0+67700 (secure 0 0 0) 0x7f10d4001df0 con 0x7f10e0063d90
2020-03-28T16:32:30.315 INFO:teuthology.orchestra.run.smithi139.stderr:DEBUG:cephadm:/usr/bin/ceph:stderr
2020-03-28T16:32:30.308+0000 7f10df59e700 1 -- 172.21.15.139:0/1259457443 --> [v2:172.21.15.139:3300/0,v1:172.21.15.139:6789/0] -- mon_command({"prefix": "status", "format": "json-pretty"} v 0) v1 -- 0x7f10c4005900 con 0x7f10e0063d90
2020-03-28T16:32:30.315 INFO:teuthology.orchestra.run.smithi139.stderr:DEBUG:cephadm:/usr/bin/ceph:stderr
2020-03-28T16:32:30.308+0000 7f10ded9d700 1 --2- 172.21.15.139:0/1259457443 >> [v2:172.21.15.139:3300/0,v1:172.21.15.139:6789/0] conn(0x7f10e0063d90 0x7f10e0075ca0 secure :-1 s=THROTTLE_DONE pgs=17 cs=0 l=1 rx=0x7f10d40032b0 tx=0x7f10d4007dc0).handle_read_frame_epilogue_main read frame epilogue bytes=32
2020-03-28T16:32:30.315 INFO:teuthology.orchestra.run.smithi139.stderr:DEBUG:cephadm:/usr/bin/ceph:stderr
2020-03-28T16:32:30.308+0000 7f10cffff700 1 -- 172.21.15.139:0/1259457443 <== mon.0 v2:172.21.15.139:3300/0 7 ==== mon_command_ack([{"prefix": "status", "format": "json-pretty"}]=0 v0) v1 ==== 79+0+1222 (secure 0 0 0) 0x7f10d4001a00 con 0x7f10e0063d90
2020-03-28T16:32:30.322 INFO:teuthology.orchestra.run.smithi139.stderr:DEBUG:cephadm:/usr/bin/ceph:stdout
2020-03-28T16:32:30.323 INFO:teuthology.orchestra.run.smithi139.stderr:DEBUG:cephadm:/usr/bin/ceph:stdout {
2020-03-28T16:32:30.323 INFO:teuthology.orchestra.run.smithi139.stderr:DEBUG:cephadm:/usr/bin/ceph:stdout "fsid": "9655a276-7111-11ea-924b-001a4aab830c",
2020-03-28T16:32:30.323 INFO:teuthology.orchestra.run.smithi139.stderr:DEBUG:cephadm:/usr/bin/ceph:stdout "health": {
2020-03-28T16:32:30.323 INFO:teuthology.orchestra.run.smithi139.stderr:DEBUG:cephadm:/usr/bin/ceph:stdout "status": "HEALTH_OK",
2020-03-28T16:32:30.323 INFO:teuthology.orchestra.run.smithi139.stderr:DEBUG:cephadm:/usr/bin/ceph:stdout "checks": {},
2020-03-28T16:32:30.323 INFO:teuthology.orchestra.run.smithi139.stderr:DEBUG:cephadm:/usr/bin/ceph:stdout "mutes": []
2020-03-28T16:32:30.324 INFO:teuthology.orchestra.run.smithi139.stderr:DEBUG:cephadm:/usr/bin/ceph:stdout },
2020-03-28T16:32:30.324 INFO:teuthology.orchestra.run.smithi139.stderr:DEBUG:cephadm:/usr/bin/ceph:stdout "election_epoch": 5,
2020-03-28T16:32:30.324 INFO:teuthology.orchestra.run.smithi139.stderr:DEBUG:cephadm:/usr/bin/ceph:stdout "quorum": [
2020-03-28T16:32:30.324 INFO:teuthology.orchestra.run.smithi139.stderr:DEBUG:cephadm:/usr/bin/ceph:stdout 0
2020-03-28T16:32:30.324 INFO:teuthology.orchestra.run.smithi139.stderr:DEBUG:cephadm:/usr/bin/ceph:stdout ],
2020-03-28T16:32:30.324 INFO:teuthology.orchestra.run.smithi139.stderr:DEBUG:cephadm:/usr/bin/ceph:stdout "quorum_names": [
2020-03-28T16:32:30.324 INFO:teuthology.orchestra.run.smithi139.stderr:DEBUG:cephadm:/usr/bin/ceph:stdout "a"
2020-03-28T16:32:30.325 INFO:teuthology.orchestra.run.smithi139.stderr:DEBUG:cephadm:/usr/bin/ceph:stdout ],
2020-03-28T16:32:30.325 INFO:teuthology.orchestra.run.smithi139.stderr:DEBUG:cephadm:/usr/bin/ceph:stdout "quorum_age": 7,
2020-03-28T16:32:30.325 INFO:teuthology.orchestra.run.smithi139.stderr:DEBUG:cephadm:/usr/bin/ceph:stdout "monmap": {
2020-03-28T16:32:30.325 INFO:teuthology.orchestra.run.smithi139.stderr:DEBUG:cephadm:/usr/bin/ceph:stdout "epoch": 1,
2020-03-28T16:32:30.325 INFO:teuthology.orchestra.run.smithi139.stderr:DEBUG:cephadm:/usr/bin/ceph:stdout "min_mon_release_name": "octopus",
2020-03-28T16:32:30.325 INFO:teuthology.orchestra.run.smithi139.stderr:DEBUG:cephadm:/usr/bin/ceph:stdout "num_mons": 1
2020-03-28T16:32:30.325 INFO:teuthology.orchestra.run.smithi139.stderr:DEBUG:cephadm:/usr/bin/ceph:stdout },
2020-03-28T16:32:30.326 INFO:teuthology.orchestra.run.smithi139.stderr:DEBUG:cephadm:/usr/bin/ceph:stdout "osdmap": {
2020-03-28T16:32:30.326 INFO:teuthology.orchestra.run.smithi139.stderr:DEBUG:cephadm:/usr/bin/ceph:stdout "epoch": 2,
2020-03-28T16:32:30.326 INFO:teuthology.orchestra.run.smithi139.stderr:DEBUG:cephadm:/usr/bin/ceph:stdout "num_osds": 0,
2020-03-28T16:32:30.326 INFO:teuthology.orchestra.run.smithi139.stderr:DEBUG:cephadm:/usr/bin/ceph:stdout "num_up_osds": 0,
2020-03-28T16:32:30.327 INFO:teuthology.orchestra.run.smithi139.stderr:DEBUG:cephadm:/usr/bin/ceph:stdout "osd_up_since": 0,
2020-03-28T16:32:30.327 INFO:teuthology.orchestra.run.smithi139.stderr:DEBUG:cephadm:/usr/bin/ceph:stdout "num_in_osds": 0,
2020-03-28T16:32:30.327 INFO:teuthology.orchestra.run.smithi139.stderr:DEBUG:cephadm:/usr/bin/ceph:stdout "osd_in_since": 0,
2020-03-28T16:32:30.327 INFO:teuthology.orchestra.run.smithi139.stderr:DEBUG:cephadm:/usr/bin/ceph:stdout "num_remapped_pgs": 0
2020-03-28T16:32:30.327 INFO:teuthology.orchestra.run.smithi139.stderr:DEBUG:cephadm:/usr/bin/ceph:stdout },
2020-03-28T16:32:30.328 INFO:teuthology.orchestra.run.smithi139.stderr:DEBUG:cephadm:/usr/bin/ceph:stdout "pgmap": {
2020-03-28T16:32:30.328 INFO:teuthology.orchestra.run.smithi139.stderr:DEBUG:cephadm:/usr/bin/ceph:stdout "pgs_by_state": [],
2020-03-28T16:32:30.328 INFO:teuthology.orchestra.run.smithi139.stderr:DEBUG:cephadm:/usr/bin/ceph:stdout "num_pgs": 0,
2020-03-28T16:32:30.328 INFO:teuthology.orchestra.run.smithi139.stderr:DEBUG:cephadm:/usr/bin/ceph:stdout "num_pools": 0,
2020-03-28T16:32:30.328 INFO:teuthology.orchestra.run.smithi139.stderr:DEBUG:cephadm:/usr/bin/ceph:stdout "num_objects": 0,
2020-03-28T16:32:30.328 INFO:teuthology.orchestra.run.smithi139.stderr:DEBUG:cephadm:/usr/bin/ceph:stdout "data_bytes": 0,
2020-03-28T16:32:30.328 INFO:teuthology.orchestra.run.smithi139.stderr:DEBUG:cephadm:/usr/bin/ceph:stdout "bytes_used": 0,
2020-03-28T16:32:30.329 INFO:teuthology.orchestra.run.smithi139.stderr:DEBUG:cephadm:/usr/bin/ceph:stdout "bytes_avail": 0,
2020-03-28T16:32:30.329 INFO:teuthology.orchestra.run.smithi139.stderr:DEBUG:cephadm:/usr/bin/ceph:stdout "bytes_total": 0
2020-03-28T16:32:30.329 INFO:teuthology.orchestra.run.smithi139.stderr:DEBUG:cephadm:/usr/bin/ceph:stdout },
2020-03-28T16:32:30.329 INFO:teuthology.orchestra.run.smithi139.stderr:DEBUG:cephadm:/usr/bin/ceph:stdout "fsmap": {
2020-03-28T16:32:30.329 INFO:teuthology.orchestra.run.smithi139.stderr:DEBUG:cephadm:/usr/bin/ceph:stdout "epoch": 1,
2020-03-28T16:32:30.329 INFO:teuthology.orchestra.run.smithi139.stderr:DEBUG:cephadm:/usr/bin/ceph:stdout "by_rank": [],
2020-03-28T16:32:30.329 INFO:teuthology.orchestra.run.smithi139.stderr:DEBUG:cephadm:/usr/bin/ceph:stdout "up:standby": 0
2020-03-28T16:32:30.329 INFO:teuthology.orchestra.run.smithi139.stderr:DEBUG:cephadm:/usr/bin/ceph:stdout },
2020-03-28T16:32:30.330 INFO:teuthology.orchestra.run.smithi139.stderr:DEBUG:cephadm:/usr/bin/ceph:stdout "mgrmap": {
2020-03-28T16:32:30.330 INFO:teuthology.orchestra.run.smithi139.stderr:DEBUG:cephadm:/usr/bin/ceph:stdout "available": false,
2020-03-28T16:32:30.330 INFO:teuthology.orchestra.run.smithi139.stderr:DEBUG:cephadm:/usr/bin/ceph:stdout "num_standbys": 0,
2020-03-28T16:32:30.330 INFO:teuthology.orchestra.run.smithi139.stderr:DEBUG:cephadm:/usr/bin/ceph:stdout "modules": [
2020-03-28T16:32:30.330 INFO:teuthology.orchestra.run.smithi139.stderr:DEBUG:cephadm:/usr/bin/ceph:stdout "iostat",
2020-03-28T16:32:30.330 INFO:teuthology.orchestra.run.smithi139.stderr:DEBUG:cephadm:/usr/bin/ceph:stdout "restful"
2020-03-28T16:32:30.330 INFO:teuthology.orchestra.run.smithi139.stderr:DEBUG:cephadm:/usr/bin/ceph:stdout ],
2020-03-28T16:32:30.331 INFO:teuthology.orchestra.run.smithi139.stderr:DEBUG:cephadm:/usr/bin/ceph:stdout "services": {}
2020-03-28T16:32:30.331 INFO:teuthology.orchestra.run.smithi139.stderr:DEBUG:cephadm:/usr/bin/ceph:stdout },
2020-03-28T16:32:30.331 INFO:teuthology.orchestra.run.smithi139.stderr:DEBUG:cephadm:/usr/bin/ceph:stdout "servicemap": {
2020-03-28T16:32:30.331 INFO:teuthology.orchestra.run.smithi139.stderr:DEBUG:cephadm:/usr/bin/ceph:stdout "epoch": 1,
2020-03-28T16:32:30.331 INFO:teuthology.orchestra.run.smithi139.stderr:DEBUG:cephadm:/usr/bin/ceph:stdout "modified": "2020-03-28T16:32:17.059533+0000",
2020-03-28T16:32:30.331 INFO:teuthology.orchestra.run.smithi139.stderr:DEBUG:cephadm:/usr/bin/ceph:stdout "services": {}
2020-03-28T16:32:30.331 INFO:teuthology.orchestra.run.smithi139.stderr:DEBUG:cephadm:/usr/bin/ceph:stdout },
2020-03-28T16:32:30.331 INFO:teuthology.orchestra.run.smithi139.stderr:DEBUG:cephadm:/usr/bin/ceph:stdout "progress_events": {}
2020-03-28T16:32:30.332 INFO:teuthology.orchestra.run.smithi139.stderr:DEBUG:cephadm:/usr/bin/ceph:stdout }
2020-03-28T16:32:30.332 INFO:teuthology.orchestra.run.smithi139.stderr:DEBUG:cephadm:/usr/bin/ceph:stderr
2020-03-28T16:32:30.308+0000 7f10df59e700 1 -- 172.21.15.139:0/1259457443 >> [v2:172.21.15.139:3300/0,v1:172.21.15.139:6789/0] conn(0x7f10e0063d90 msgr2=0x7f10e0075ca0 secure :-1 s=STATE_CONNECTION_ESTABLISHED l=1).mark_down
2020-03-28T16:32:30.332 INFO:teuthology.orchestra.run.smithi139.stderr:DEBUG:cephadm:/usr/bin/ceph:stderr
2020-03-28T16:32:30.308+0000 7f10df59e700 1 --2- 172.21.15.139:0/1259457443 >> [v2:172.21.15.139:3300/0,v1:172.21.15.139:6789/0] conn(0x7f10e0063d90 0x7f10e0075ca0 secure :-1 s=READY pgs=17 cs=0 l=1 rx=0x7f10d40032b0 tx=0x7f10d4007dc0).stop
2020-03-28T16:32:30.332 INFO:teuthology.orchestra.run.smithi139.stderr:DEBUG:cephadm:/usr/bin/ceph:stderr
2020-03-28T16:32:30.308+0000 7f10df59e700 1 -- 172.21.15.139:0/1259457443 shutdown_connections
2020-03-28T16:32:30.332 INFO:teuthology.orchestra.run.smithi139.stderr:DEBUG:cephadm:/usr/bin/ceph:stderr
2020-03-28T16:32:30.308+0000 7f10df59e700 1 --2- 172.21.15.139:0/1259457443 >> [v2:172.21.15.139:3300/0,v1:172.21.15.139:6789/0] conn(0x7f10e0063d90 0x7f10e0075ca0 unknown :-1 s=CLOSED pgs=17 cs=0 l=1 rx=0 tx=0).stop
2020-03-28T16:32:30.332 INFO:teuthology.orchestra.run.smithi139.stderr:DEBUG:cephadm:/usr/bin/ceph:stderr
2020-03-28T16:32:30.308+0000 7f10df59e700 1 -- 172.21.15.139:0/1259457443 >> 172.21.15.139:0/1259457443 conn(0x7f10e0024f10 msgr2=0x7f10e0066f60 unknown :-1 s=STATE_NONE l=0).mark_down
2020-03-28T16:32:30.332 INFO:teuthology.orchestra.run.smithi139.stderr:DEBUG:cephadm:/usr/bin/ceph:stderr
2020-03-28T16:32:30.308+0000 7f10df59e700 1 -- 172.21.15.139:0/1259457443 shutdown_connections
2020-03-28T16:32:30.333 INFO:teuthology.orchestra.run.smithi139.stderr:DEBUG:cephadm:/usr/bin/ceph:stderr
2020-03-28T16:32:30.308+0000 7f10df59e700 1 -- 172.21.15.139:0/1259457443 wait complete.
2020-03-28T16:32:30.907 INFO:teuthology.orchestra.run.smithi139.stderr:INFO:cephadm:mgr not available, waiting (3/10)...
2020-03-28T16:32:31.296 INFO:ceph.mon.a.smithi139.stdout:Mar 28 16:32:30 smithi139 bash[18267]: audit
2020-03-28T16:32:29.441433+0000 mon.a (mon.0) 18 : audit [INF] from='mgr.14100 172.21.15.139:0/1763230150' entity='mgr.y' cmd=[{"prefix": "osd pool create", "format": "json", "pool": "device_health_metrics", "pg_num": 1, "pg_num_min": 1}]: dispatch
2020-03-28T16:32:31.296 INFO:ceph.mon.a.smithi139.stdout:Mar 28 16:32:30 smithi139 bash[18267]: audit
2020-03-28T16:32:29.866965+0000 mon.a (mon.0) 19 : audit [INF] from='mgr.14100 172.21.15.139:0/1763230150' entity='mgr.y' cmd='[{"prefix": "osd pool create", "format": "json", "pool": "device_health_metrics", "pg_num": 1, "pg_num_min": 1}]': finished
2020-03-28T16:32:31.296 INFO:ceph.mon.a.smithi139.stdout:Mar 28 16:32:30 smithi139 bash[18267]: cluster
2020-03-28T16:32:29.867058+0000 mon.a (mon.0) 20 : cluster [DBG] osdmap e2: 0 total, 0 up, 0 in
2020-03-28T16:32:31.296 INFO:ceph.mon.a.smithi139.stdout:Mar 28 16:32:30 smithi139 bash[18267]: audit
2020-03-28T16:32:29.869276+0000 mon.a (mon.0) 21 : audit [INF] from='mgr.14100 172.21.15.139:0/1763230150' entity='mgr.y' cmd=[{"prefix": "osd pool application enable", "format": "json", "pool": "device_health_metrics", "app": "mgr_devicehealth"}]: dispatch
2020-03-28T16:32:31.296 INFO:ceph.mon.a.smithi139.stdout:Mar 28 16:32:30 smithi139 bash[18267]: audit
2020-03-28T16:32:29.877913+0000 mon.a (mon.0) 22 : audit [INF] from='mgr.14100 172.21.15.139:0/1763230150' entity='mgr.y' cmd=[{"prefix":"config-key set","key":"mgr/telemetry/report_id","val":"a5dafb17-dea9-4bee-b279-e439f817fc52"}]: dispatch
2020-03-28T16:32:31.297 INFO:ceph.mon.a.smithi139.stdout:Mar 28 16:32:30 smithi139 bash[18267]: audit
2020-03-28T16:32:29.882928+0000 mon.a (mon.0) 23 : audit [INF] from='mgr.14100 172.21.15.139:0/1763230150' entity='mgr.y' cmd='[{"prefix":"config-key set","key":"mgr/telemetry/report_id","val":"a5dafb17-dea9-4bee-b279-e439f817fc52"}]': finished
2020-03-28T16:32:31.297 INFO:ceph.mon.a.smithi139.stdout:Mar 28 16:32:30 smithi139 bash[18267]: audit
2020-03-28T16:32:29.883760+0000 mon.a (mon.0) 24 : audit [INF] from='mgr.14100 172.21.15.139:0/1763230150' entity='mgr.y' cmd=[{"prefix":"config-key set","key":"mgr/telemetry/salt","val":"2e493397-e262-4e6a-93be-f13ef5e8e2c5"}]: dispatch
2020-03-28T16:32:31.297 INFO:ceph.mon.a.smithi139.stdout:Mar 28 16:32:30 smithi139 bash[18267]: audit
2020-03-28T16:32:29.889950+0000 mon.a (mon.0) 25 : audit [INF] from='mgr.14100 172.21.15.139:0/1763230150' entity='mgr.y' cmd='[{"prefix":"config-key set","key":"mgr/telemetry/salt","val":"2e493397-e262-4e6a-93be-f13ef5e8e2c5"}]': finished
2020-03-28T16:32:31.297 INFO:ceph.mon.a.smithi139.stdout:Mar 28 16:32:30 smithi139 bash[18267]: audit
2020-03-28T16:32:30.313941+0000 mon.a (mon.0) 26 : audit [DBG] from='client.? 172.21.15.139:0/1259457443' entity='client.admin' cmd=[{"prefix": "status", "format": "json-pretty"}]: dispatch
2020-03-28T16:32:31.297 INFO:ceph.mon.a.smithi139.stdout:Mar 28 16:32:30 smithi139 bash[18267]: cluster
2020-03-28T16:32:30.421135+0000 mon.a (mon.0) 27 : cluster [DBG] mgrmap e3: y(active, since 1.01124s)
2020-03-28T16:32:31.297 INFO:ceph.mon.a.smithi139.stdout:Mar 28 16:32:30 smithi139 bash[18267]: audit
2020-03-28T16:32:30.868572+0000 mon.a (mon.0) 28 : audit [INF] from='mgr.14100 172.21.15.139:0/1763230150' entity='mgr.y' cmd='[{"prefix": "osd pool application enable", "format": "json", "pool": "device_health_metrics", "app": "mgr_devicehealth"}]': finished
2020-03-28T16:32:31.297 INFO:ceph.mon.a.smithi139.stdout:Mar 28 16:32:30 smithi139 bash[18267]: cluster
2020-03-28T16:32:30.868641+0000 mon.a (mon.0) 29 : cluster [DBG] osdmap e3: 0 total, 0 up, 0 in
2020-03-28T16:32:31.913 INFO:teuthology.orchestra.run.smithi139.stderr:DEBUG:cephadm:['/usr/bin/podman', 'run', '--rm', '--net=host', '-e', 'CONTAINER_IMAGE=quay.io/ceph-ci/ceph:202834d8ba82240c3c27a1437803b8cdec4bb56a', '-e', 'NODE_NAME=smithi139', '-v', '/var/log/ceph/9655a276-7111-11ea-924b-001a4aab830c:/var/log/ceph:z', '-v', '/tmp/ceph-tmpmzt0mxix:/etc/ceph/ceph.client.admin.keyring:z', '-v', '/tmp/ceph-tmp5k83d2gc:/etc/ceph/ceph.conf:z', '--entrypoint', '/usr/bin/ceph', 'quay.io/ceph-ci/ceph:202834d8ba82240c3c27a1437803b8cdec4bb56a', 'status', '-f', 'json-pretty']
2020-03-28T16:32:31.913 INFO:teuthology.orchestra.run.smithi139.stderr:DEBUG:cephadm:Running command: /usr/bin/podman run --rm --net=host -e CONTAINER_IMAGE=quay.io/ceph-ci/ceph:202834d8ba82240c3c27a1437803b8cdec4bb56a -e NODE_NAME=smithi139 -v /var/log/ceph/9655a276-7111-11ea-924b-001a4aab830c:/var/log/ceph:z -v /tmp/ceph-tmpmzt0mxix:/etc/ceph/ceph.client.admin.keyring:z -v /tmp/ceph-tmp5k83d2gc:/etc/ceph/ceph.conf:z --entrypoint /usr/bin/ceph quay.io/ceph-ci/ceph:202834d8ba82240c3c27a1437803b8cdec4bb56a status -f json-pretty
2020-03-28T16:32:32.146 INFO:ceph.mon.a.smithi139.stdout:Mar 28 16:32:31 smithi139 bash[18267]: audit
2020-03-28T16:32:30.876590+0000 mon.a (mon.0) 30 : audit [INF] from='admin socket' entity='admin socket' cmd='smart' args=[json]: dispatch
2020-03-28T16:32:32.147 INFO:ceph.mon.a.smithi139.stdout:Mar 28 16:32:31 smithi139 bash[18267]: audit
2020-03-28T16:32:31.760263+0000 mon.a (mon.0) 31 : audit [INF] from='admin socket' entity='admin socket' cmd=smart args=[json]: finished
2020-03-28T16:32:32.626 INFO:teuthology.orchestra.run.smithi139.stderr:DEBUG:cephadm:/usr/bin/ceph:stderr
2020-03-28T16:32:32.612+0000 7f5c18dd6700 1 Processor -- start
2020-03-28T16:32:32.626 INFO:teuthology.orchestra.run.smithi139.stderr:DEBUG:cephadm:/usr/bin/ceph:stderr
2020-03-28T16:32:32.612+0000 7f5c18dd6700 1 -- start start
2020-03-28T16:32:32.626 INFO:teuthology.orchestra.run.smithi139.stderr:DEBUG:cephadm:/usr/bin/ceph:stderr
2020-03-28T16:32:32.612+0000 7f5c18dd6700 1 --2- >> [v2:172.21.15.139:3300/0,v1:172.21.15.139:6789/0] conn(0x7f5c14063d90 0x7f5c140641b0 unknown :-1 s=NONE pgs=0 cs=0 l=0 rx=0 tx=0).connect
2020-03-28T16:32:32.627 INFO:teuthology.orchestra.run.smithi139.stderr:DEBUG:cephadm:/usr/bin/ceph:stderr
2020-03-28T16:32:32.612+0000 7f5c18dd6700 1 -- --> [v2:172.21.15.139:3300/0,v1:172.21.15.139:6789/0] -- mon_getmap magic: 0 v1 -- 0x7f5c140646a0 con 0x7f5c14063d90
2020-03-28T16:32:32.627 INFO:teuthology.orchestra.run.smithi139.stderr:DEBUG:cephadm:/usr/bin/ceph:stderr
2020-03-28T16:32:32.612+0000 7f5c13fff700 1 --2- >> [v2:172.21.15.139:3300/0,v1:172.21.15.139:6789/0] conn(0x7f5c14063d90 0x7f5c140641b0 unknown :-1 s=BANNER_CONNECTING pgs=0 cs=0 l=0 rx=0 tx=0)._handle_peer_banner_payload supported=0 required=0
2020-03-28T16:32:32.627 INFO:teuthology.orchestra.run.smithi139.stderr:DEBUG:cephadm:/usr/bin/ceph:stderr
2020-03-28T16:32:32.612+0000 7f5c13fff700 1 --2- >> [v2:172.21.15.139:3300/0,v1:172.21.15.139:6789/0] conn(0x7f5c14063d90 0x7f5c140641b0 unknown :-1 s=HELLO_CONNECTING pgs=0 cs=0 l=0 rx=0 tx=0).handle_hello peer v2:172.21.15.139:3300/0 says I am v2:172.21.15.139:59980/0 (socket says 172.21.15.139:59980)
2020-03-28T16:32:32.627 INFO:teuthology.orchestra.run.smithi139.stderr:DEBUG:cephadm:/usr/bin/ceph:stderr
2020-03-28T16:32:32.612+0000 7f5c13fff700 1 -- 172.21.15.139:0/2706805794 learned_addr learned my addr 172.21.15.139:0/2706805794 (peer_addr_for_me v2:172.21.15.139:0/0)
2020-03-28T16:32:32.627 INFO:teuthology.orchestra.run.smithi139.stderr:DEBUG:cephadm:/usr/bin/ceph:stderr
2020-03-28T16:32:32.612+0000 7f5c13fff700 1 -- 172.21.15.139:0/2706805794 --> [v2:172.21.15.139:3300/0,v1:172.21.15.139:6789/0] -- mon_subscribe({config=0+,monmap=0+}) v3 -- 0x7f5c14064dd0 con 0x7f5c14063d90
2020-03-28T16:32:32.627 INFO:teuthology.orchestra.run.smithi139.stderr:DEBUG:cephadm:/usr/bin/ceph:stderr
2020-03-28T16:32:32.612+0000 7f5c13fff700 1 --2- 172.21.15.139:0/2706805794 >> [v2:172.21.15.139:3300/0,v1:172.21.15.139:6789/0] conn(0x7f5c14063d90 0x7f5c140641b0 secure :-1 s=AUTH_CONNECTING_SIGN pgs=0 cs=0 l=0 rx=0x7f5c0c002f30 tx=0x7f5c0c007a40).handle_read_frame_epilogue_main read frame epilogue bytes=32
2020-03-28T16:32:32.627 INFO:teuthology.orchestra.run.smithi139.stderr:DEBUG:cephadm:/usr/bin/ceph:stderr
2020-03-28T16:32:32.612+0000 7f5c13fff700 1 --2- 172.21.15.139:0/2706805794 >> [v2:172.21.15.139:3300/0,v1:172.21.15.139:6789/0] conn(0x7f5c14063d90 0x7f5c140641b0 secure :-1 s=SESSION_CONNECTING pgs=0 cs=0 l=0 rx=0x7f5c0c002f30 tx=0x7f5c0c007a40).handle_read_frame_epilogue_main read frame epilogue bytes=32
2020-03-28T16:32:32.628 INFO:teuthology.orchestra.run.smithi139.stderr:DEBUG:cephadm:/usr/bin/ceph:stderr
2020-03-28T16:32:32.612+0000 7f5c13fff700 1 --2- 172.21.15.139:0/2706805794 >> [v2:172.21.15.139:3300/0,v1:172.21.15.139:6789/0] conn(0x7f5c14063d90 0x7f5c140641b0 secure :-1 s=READY pgs=19 cs=0 l=1 rx=0x7f5c0c002f30 tx=0x7f5c0c007a40).ready entity=mon.0 client_cookie=5079a94904cca33f server_cookie=0 in_seq=0 out_seq=0
2020-03-28T16:32:32.628 INFO:teuthology.orchestra.run.smithi139.stderr:DEBUG:cephadm:/usr/bin/ceph:stderr
2020-03-28T16:32:32.612+0000 7f5c13fff700 1 --2- 172.21.15.139:0/2706805794 >> [v2:172.21.15.139:3300/0,v1:172.21.15.139:6789/0] conn(0x7f5c14063d90 0x7f5c140641b0 secure :-1 s=THROTTLE_DONE pgs=19 cs=0 l=1 rx=0x7f5c0c002f30 tx=0x7f5c0c007a40).handle_read_frame_epilogue_main read frame epilogue bytes=32
2020-03-28T16:32:32.628 INFO:teuthology.orchestra.run.smithi139.stderr:DEBUG:cephadm:/usr/bin/ceph:stderr
2020-03-28T16:32:32.612+0000 7f5c12ffd700 1 -- 172.21.15.139:0/2706805794 <== mon.0 v2:172.21.15.139:3300/0 1 ==== mon_map magic: 0 v1 ==== 183+0+0 (secure 0 0 0) 0x7f5c0c011560 con 0x7f5c14063d90
2020-03-28T16:32:32.628 INFO:teuthology.orchestra.run.smithi139.stderr:DEBUG:cephadm:/usr/bin/ceph:stderr
2020-03-28T16:32:32.612+0000 7f5c13fff700 1 --2- 172.21.15.139:0/2706805794 >> [v2:172.21.15.139:3300/0,v1:172.21.15.139:6789/0] conn(0x7f5c14063d90 0x7f5c140641b0 secure :-1 s=THROTTLE_DONE pgs=19 cs=0 l=1 rx=0x7f5c0c002f30 tx=0x7f5c0c007a40).handle_read_frame_epilogue_main read frame epilogue bytes=32
2020-03-28T16:32:32.628 INFO:teuthology.orchestra.run.smithi139.stderr:DEBUG:cephadm:/usr/bin/ceph:stderr
2020-03-28T16:32:32.612+0000 7f5c13fff700 1 --2- 172.21.15.139:0/2706805794 >> [v2:172.21.15.139:3300/0,v1:172.21.15.139:6789/0] conn(0x7f5c14063d90 0x7f5c140641b0 secure :-1 s=THROTTLE_DONE pgs=19 cs=0 l=1 rx=0x7f5c0c002f30 tx=0x7f5c0c007a40).handle_read_frame_epilogue_main read frame epilogue bytes=32
2020-03-28T16:32:32.628 INFO:teuthology.orchestra.run.smithi139.stderr:DEBUG:cephadm:/usr/bin/ceph:stderr
2020-03-28T16:32:32.612+0000 7f5c12ffd700 1 -- 172.21.15.139:0/2706805794 <== mon.0 v2:172.21.15.139:3300/0 2 ==== config(23 keys) v1 ==== 958+0+0 (secure 0 0 0) 0x7f5c0c0116c0 con 0x7f5c14063d90
2020-03-28T16:32:32.628 INFO:teuthology.orchestra.run.smithi139.stderr:DEBUG:cephadm:/usr/bin/ceph:stderr
2020-03-28T16:32:32.612+0000 7f5c12ffd700 1 -- 172.21.15.139:0/2706805794 <== mon.0 v2:172.21.15.139:3300/0 3 ==== mon_map magic: 0 v1 ==== 183+0+0 (secure 0 0 0) 0x7f5c0c00aa10 con 0x7f5c14063d90
2020-03-28T16:32:32.629 INFO:teuthology.orchestra.run.smithi139.stderr:DEBUG:cephadm:/usr/bin/ceph:stderr
2020-03-28T16:32:32.612+0000 7f5c18dd6700 1 -- 172.21.15.139:0/2706805794 >> [v2:172.21.15.139:3300/0,v1:172.21.15.139:6789/0] conn(0x7f5c14063d90 msgr2=0x7f5c140641b0 secure :-1 s=STATE_CONNECTION_ESTABLISHED l=1).mark_down
2020-03-28T16:32:32.629 INFO:teuthology.orchestra.run.smithi139.stderr:DEBUG:cephadm:/usr/bin/ceph:stderr
2020-03-28T16:32:32.612+0000 7f5c18dd6700 1 --2- 172.21.15.139:0/2706805794 >> [v2:172.21.15.139:3300/0,v1:172.21.15.139:6789/0] conn(0x7f5c14063d90 0x7f5c140641b0 secure :-1 s=READY pgs=19 cs=0 l=1 rx=0x7f5c0c002f30 tx=0x7f5c0c007a40).stop
2020-03-28T16:32:32.629 INFO:teuthology.orchestra.run.smithi139.stderr:DEBUG:cephadm:/usr/bin/ceph:stderr
2020-03-28T16:32:32.616+0000 7f5c18dd6700 1 -- 172.21.15.139:0/2706805794 shutdown_connections
2020-03-28T16:32:32.629 INFO:teuthology.orchestra.run.smithi139.stderr:DEBUG:cephadm:/usr/bin/ceph:stderr
2020-03-28T16:32:32.616+0000 7f5c18dd6700 1 --2- 172.21.15.139:0/2706805794 >> [v2:172.21.15.139:3300/0,v1:172.21.15.139:6789/0] conn(0x7f5c14063d90 0x7f5c140641b0 unknown :-1 s=CLOSED pgs=19 cs=0 l=1 rx=0 tx=0).stop
2020-03-28T16:32:32.629 INFO:teuthology.orchestra.run.smithi139.stderr:DEBUG:cephadm:/usr/bin/ceph:stderr
2020-03-28T16:32:32.616+0000 7f5c18dd6700 1 -- 172.21.15.139:0/2706805794 >> 172.21.15.139:0/2706805794 conn(0x7f5c14024f10 msgr2=0x7f5c14025320 unknown :-1 s=STATE_NONE l=0).mark_down
2020-03-28T16:32:32.629 INFO:teuthology.orchestra.run.smithi139.stderr:DEBUG:cephadm:/usr/bin/ceph:stderr
2020-03-28T16:32:32.616+0000 7f5c18dd6700 1 -- 172.21.15.139:0/2706805794 shutdown_connections
2020-03-28T16:32:32.630 INFO:teuthology.orchestra.run.smithi139.stderr:DEBUG:cephadm:/usr/bin/ceph:stderr
2020-03-28T16:32:32.616+0000 7f5c18dd6700 1 -- 172.21.15.139:0/2706805794 wait complete.
2020-03-28T16:32:32.630 INFO:teuthology.orchestra.run.smithi139.stderr:DEBUG:cephadm:/usr/bin/ceph:stderr
2020-03-28T16:32:32.616+0000 7f5c18dd6700 1 Processor -- start
2020-03-28T16:32:32.630 INFO:teuthology.orchestra.run.smithi139.stderr:DEBUG:cephadm:/usr/bin/ceph:stderr
2020-03-28T16:32:32.616+0000 7f5c18dd6700 1 -- start start
2020-03-28T16:32:32.630 INFO:teuthology.orchestra.run.smithi139.stderr:DEBUG:cephadm:/usr/bin/ceph:stderr
2020-03-28T16:32:32.616+0000 7f5c18dd6700 1 --2- >> [v2:172.21.15.139:3300/0,v1:172.21.15.139:6789/0] conn(0x7f5c14063d90 0x7f5c14076de0 unknown :-1 s=NONE pgs=0 cs=0 l=1 rx=0 tx=0).connect
2020-03-28T16:32:32.630 INFO:teuthology.orchestra.run.smithi139.stderr:DEBUG:cephadm:/usr/bin/ceph:stderr
2020-03-28T16:32:32.616+0000 7f5c18dd6700 1 -- --> [v2:172.21.15.139:3300/0,v1:172.21.15.139:6789/0] -- mon_getmap magic: 0 v1 -- 0x7f5c140772d0 con 0x7f5c14063d90
2020-03-28T16:32:32.630 INFO:teuthology.orchestra.run.smithi139.stderr:DEBUG:cephadm:/usr/bin/ceph:stderr
2020-03-28T16:32:32.616+0000 7f5c13fff700 1 --2- >> [v2:172.21.15.139:3300/0,v1:172.21.15.139:6789/0] conn(0x7f5c14063d90 0x7f5c14076de0 unknown :-1 s=BANNER_CONNECTING pgs=0 cs=0 l=1 rx=0 tx=0)._handle_peer_banner_payload supported=0 required=0
2020-03-28T16:32:32.630 INFO:teuthology.orchestra.run.smithi139.stderr:DEBUG:cephadm:/usr/bin/ceph:stderr
2020-03-28T16:32:32.616+0000 7f5c13fff700 1 --2- >> [v2:172.21.15.139:3300/0,v1:172.21.15.139:6789/0] conn(0x7f5c14063d90 0x7f5c14076de0 unknown :-1 s=HELLO_CONNECTING pgs=0 cs=0 l=1 rx=0 tx=0).handle_hello peer v2:172.21.15.139:3300/0 says I am v2:172.21.15.139:59982/0 (socket says 172.21.15.139:59982)
2020-03-28T16:32:32.631 INFO:teuthology.orchestra.run.smithi139.stderr:DEBUG:cephadm:/usr/bin/ceph:stderr
2020-03-28T16:32:32.616+0000 7f5c13fff700 1 -- 172.21.15.139:0/3256182702 learned_addr learned my addr 172.21.15.139:0/3256182702 (peer_addr_for_me v2:172.21.15.139:0/0)
2020-03-28T16:32:32.631 INFO:teuthology.orchestra.run.smithi139.stderr:DEBUG:cephadm:/usr/bin/ceph:stderr
2020-03-28T16:32:32.616+0000 7f5c13fff700 1 -- 172.21.15.139:0/3256182702 --> [v2:172.21.15.139:3300/0,v1:172.21.15.139:6789/0] -- mon_subscribe({config=0+,monmap=0+}) v3 -- 0x7f5c14077410 con 0x7f5c14063d90
2020-03-28T16:32:32.631 INFO:teuthology.orchestra.run.smithi139.stderr:DEBUG:cephadm:/usr/bin/ceph:stderr
2020-03-28T16:32:32.616+0000 7f5c13fff700 1 --2- 172.21.15.139:0/3256182702 >> [v2:172.21.15.139:3300/0,v1:172.21.15.139:6789/0] conn(0x7f5c14063d90 0x7f5c14076de0 secure :-1 s=AUTH_CONNECTING_SIGN pgs=0 cs=0 l=1 rx=0x7f5c0c002f30 tx=0x7f5c0c007a40).handle_read_frame_epilogue_main read frame epilogue bytes=32
2020-03-28T16:32:32.631 INFO:teuthology.orchestra.run.smithi139.stderr:DEBUG:cephadm:/usr/bin/ceph:stderr
2020-03-28T16:32:32.616+0000 7f5c13fff700 1 --2- 172.21.15.139:0/3256182702 >> [v2:172.21.15.139:3300/0,v1:172.21.15.139:6789/0] conn(0x7f5c14063d90 0x7f5c14076de0 secure :-1 s=SESSION_CONNECTING pgs=0 cs=0 l=1 rx=0x7f5c0c002f30 tx=0x7f5c0c007a40).handle_read_frame_epilogue_main read frame epilogue bytes=32
2020-03-28T16:32:32.631 INFO:teuthology.orchestra.run.smithi139.stderr:DEBUG:cephadm:/usr/bin/ceph:stderr
2020-03-28T16:32:32.616+0000 7f5c13fff700 1 --2- 172.21.15.139:0/3256182702 >> [v2:172.21.15.139:3300/0,v1:172.21.15.139:6789/0] conn(0x7f5c14063d90 0x7f5c14076de0 secure :-1 s=READY pgs=20 cs=0 l=1 rx=0x7f5c0c002f30 tx=0x7f5c0c007a40).ready entity=mon.0 client_cookie=0 server_cookie=0 in_seq=0 out_seq=0
2020-03-28T16:32:32.632 INFO:teuthology.orchestra.run.smithi139.stderr:DEBUG:cephadm:/usr/bin/ceph:stderr
2020-03-28T16:32:32.616+0000 7f5c13fff700 1 --2- 172.21.15.139:0/3256182702 >> [v2:172.21.15.139:3300/0,v1:172.21.15.139:6789/0] conn(0x7f5c14063d90 0x7f5c14076de0 secure :-1 s=THROTTLE_DONE pgs=20 cs=0 l=1 rx=0x7f5c0c002f30 tx=0x7f5c0c007a40).handle_read_frame_epilogue_main read frame epilogue bytes=32
2020-03-28T16:32:32.632 INFO:teuthology.orchestra.run.smithi139.stderr:DEBUG:cephadm:/usr/bin/ceph:stderr
2020-03-28T16:32:32.616+0000 7f5c117fa700 1 -- 172.21.15.139:0/3256182702 <== mon.0 v2:172.21.15.139:3300/0 1 ==== mon_map magic: 0 v1 ==== 183+0+0 (secure 0 0 0) 0x7f5c0c00f740 con 0x7f5c14063d90
2020-03-28T16:32:32.632 INFO:teuthology.orchestra.run.smithi139.stderr:DEBUG:cephadm:/usr/bin/ceph:stderr
2020-03-28T16:32:32.616+0000 7f5c18dd6700 1 -- 172.21.15.139:0/3256182702 --> [v2:172.21.15.139:3300/0,v1:172.21.15.139:6789/0] -- mon_subscribe({mgrmap=0+}) v3 -- 0x7f5c140776c0 con 0x7f5c14063d90
2020-03-28T16:32:32.632 INFO:teuthology.orchestra.run.smithi139.stderr:DEBUG:cephadm:/usr/bin/ceph:stderr
2020-03-28T16:32:32.616+0000 7f5c13fff700 1 --2- 172.21.15.139:0/3256182702 >> [v2:172.21.15.139:3300/0,v1:172.21.15.139:6789/0] conn(0x7f5c14063d90 0x7f5c14076de0 secure :-1 s=THROTTLE_DONE pgs=20 cs=0 l=1 rx=0x7f5c0c002f30 tx=0x7f5c0c007a40).handle_read_frame_epilogue_main read frame epilogue bytes=32
2020-03-28T16:32:32.632 INFO:teuthology.orchestra.run.smithi139.stderr:DEBUG:cephadm:/usr/bin/ceph:stderr
2020-03-28T16:32:32.616+0000 7f5c117fa700 1 -- 172.21.15.139:0/3256182702 <== mon.0 v2:172.21.15.139:3300/0 2 ==== config(23 keys) v1 ==== 958+0+0 (secure 0 0 0) 0x7f5c0c00f8a0 con 0x7f5c14063d90
2020-03-28T16:32:32.632 INFO:teuthology.orchestra.run.smithi139.stderr:DEBUG:cephadm:/usr/bin/ceph:stderr
2020-03-28T16:32:32.616+0000 7f5c13fff700 1 --2- 172.21.15.139:0/3256182702 >> [v2:172.21.15.139:3300/0,v1:172.21.15.139:6789/0] conn(0x7f5c14063d90 0x7f5c14076de0 secure :-1 s=THROTTLE_DONE pgs=20 cs=0 l=1 rx=0x7f5c0c002f30 tx=0x7f5c0c007a40).handle_read_frame_epilogue_main read frame epilogue bytes=32
2020-03-28T16:32:32.633 INFO:teuthology.orchestra.run.smithi139.stderr:DEBUG:cephadm:/usr/bin/ceph:stderr
2020-03-28T16:32:32.616+0000 7f5c18dd6700 1 -- 172.21.15.139:0/3256182702 --> [v2:172.21.15.139:3300/0,v1:172.21.15.139:6789/0] -- mon_subscribe({osdmap=0}) v3 -- 0x7f5c1407a3f0 con 0x7f5c14063d90
2020-03-28T16:32:32.633 INFO:teuthology.orchestra.run.smithi139.stderr:DEBUG:cephadm:/usr/bin/ceph:stderr
2020-03-28T16:32:32.616+0000 7f5c117fa700 1 -- 172.21.15.139:0/3256182702 <== mon.0 v2:172.21.15.139:3300/0 3 ==== mon_map magic: 0 v1 ==== 183+0+0 (secure 0 0 0) 0x7f5c0c00a290 con 0x7f5c14063d90
2020-03-28T16:32:32.633 INFO:teuthology.orchestra.run.smithi139.stderr:DEBUG:cephadm:/usr/bin/ceph:stderr
2020-03-28T16:32:32.620+0000 7f5c13fff700 1 --2- 172.21.15.139:0/3256182702 >> [v2:172.21.15.139:3300/0,v1:172.21.15.139:6789/0] conn(0x7f5c14063d90 0x7f5c14076de0 secure :-1 s=THROTTLE_DONE pgs=20 cs=0 l=1 rx=0x7f5c0c002f30 tx=0x7f5c0c007a40).handle_read_frame_epilogue_main read frame epilogue bytes=32
2020-03-28T16:32:32.633 INFO:teuthology.orchestra.run.smithi139.stderr:DEBUG:cephadm:/usr/bin/ceph:stderr
2020-03-28T16:32:32.620+0000 7f5c117fa700 1 -- 172.21.15.139:0/3256182702 <== mon.0 v2:172.21.15.139:3300/0 4 ==== mgrmap(e 4) v1 ==== 30582+0+0 (secure 0 0 0) 0x7f5c0c00a510 con 0x7f5c14063d90
2020-03-28T16:32:32.633 INFO:teuthology.orchestra.run.smithi139.stderr:DEBUG:cephadm:/usr/bin/ceph:stderr
2020-03-28T16:32:32.620+0000 7f5c13fff700 1 --2- 172.21.15.139:0/3256182702 >> [v2:172.21.15.139:3300/0,v1:172.21.15.139:6789/0] conn(0x7f5c14063d90 0x7f5c14076de0 secure :-1 s=THROTTLE_DONE pgs=20 cs=0 l=1 rx=0x7f5c0c002f30 tx=0x7f5c0c007a40).handle_read_frame_epilogue_main read frame epilogue bytes=32
2020-03-28T16:32:32.634 INFO:teuthology.orchestra.run.smithi139.stderr:DEBUG:cephadm:/usr/bin/ceph:stderr
2020-03-28T16:32:32.620+0000 7f5c117fa700 1 --2- 172.21.15.139:0/3256182702 >> v2:172.21.15.139:6800/2170240737 conn(0x7f5bf4029ee0 0x7f5bf402c3a0 unknown :-1 s=NONE pgs=0 cs=0 l=1 rx=0 tx=0).connect
2020-03-28T16:32:32.634 INFO:teuthology.orchestra.run.smithi139.stderr:DEBUG:cephadm:/usr/bin/ceph:stderr
2020-03-28T16:32:32.620+0000 7f5c117fa700 1 -- 172.21.15.139:0/3256182702 <== mon.0 v2:172.21.15.139:3300/0 5 ==== osd_map(3..3 src has 1..3) v4 ==== 1154+0+0 (secure 0 0 0) 0x7f5c0c036650 con 0x7f5c14063d90
2020-03-28T16:32:32.634 INFO:teuthology.orchestra.run.smithi139.stderr:DEBUG:cephadm:/usr/bin/ceph:stderr
2020-03-28T16:32:32.620+0000 7f5c137fe700 1 --2- 172.21.15.139:0/3256182702 >> v2:172.21.15.139:6800/2170240737 conn(0x7f5bf4029ee0 0x7f5bf402c3a0 unknown :-1 s=BANNER_CONNECTING pgs=0 cs=0 l=1 rx=0 tx=0)._handle_peer_banner_payload supported=0 required=0
2020-03-28T16:32:32.635 INFO:teuthology.orchestra.run.smithi139.stderr:DEBUG:cephadm:/usr/bin/ceph:stderr
2020-03-28T16:32:32.620+0000 7f5c137fe700 1 --2- 172.21.15.139:0/3256182702 >> v2:172.21.15.139:6800/2170240737 conn(0x7f5bf4029ee0 0x7f5bf402c3a0 secure :-1 s=AUTH_CONNECTING_SIGN pgs=0 cs=0 l=1 rx=0x7f5bfc0032b0 tx=0x7f5bfc007fd0).handle_read_frame_epilogue_main read frame epilogue bytes=32
2020-03-28T16:32:32.635 INFO:teuthology.orchestra.run.smithi139.stderr:DEBUG:cephadm:/usr/bin/ceph:stderr
2020-03-28T16:32:32.620+0000 7f5c137fe700 1 --2- 172.21.15.139:0/3256182702 >> v2:172.21.15.139:6800/2170240737 conn(0x7f5bf4029ee0 0x7f5bf402c3a0 secure :-1 s=SESSION_CONNECTING pgs=0 cs=0 l=1 rx=0x7f5bfc0032b0 tx=0x7f5bfc007fd0).handle_read_frame_epilogue_main read frame epilogue bytes=32
2020-03-28T16:32:32.635 INFO:teuthology.orchestra.run.smithi139.stderr:DEBUG:cephadm:/usr/bin/ceph:stderr
2020-03-28T16:32:32.620+0000 7f5c137fe700 1 --2- 172.21.15.139:0/3256182702 >> v2:172.21.15.139:6800/2170240737 conn(0x7f5bf4029ee0 0x7f5bf402c3a0 secure :-1 s=READY pgs=6 cs=0 l=1 rx=0x7f5bfc0032b0 tx=0x7f5bfc007fd0).ready entity=mgr.14100 client_cookie=0 server_cookie=0 in_seq=0 out_seq=0
2020-03-28T16:32:32.635 INFO:teuthology.orchestra.run.smithi139.stderr:DEBUG:cephadm:/usr/bin/ceph:stderr
2020-03-28T16:32:32.620+0000 7f5c18dd6700 1 -- 172.21.15.139:0/3256182702 --> [v2:172.21.15.139:3300/0,v1:172.21.15.139:6789/0] -- mon_command({"prefix": "get_command_descriptions"} v 0) v1 -- 0x7f5c14056cb0 con 0x7f5c14063d90
2020-03-28T16:32:32.636 INFO:teuthology.orchestra.run.smithi139.stderr:DEBUG:cephadm:/usr/bin/ceph:stderr
2020-03-28T16:32:32.628+0000 7f5c13fff700 1 --2- 172.21.15.139:0/3256182702 >> [v2:172.21.15.139:3300/0,v1:172.21.15.139:6789/0] conn(0x7f5c14063d90 0x7f5c14076de0 secure :-1 s=THROTTLE_DONE pgs=20 cs=0 l=1 rx=0x7f5c0c002f30 tx=0x7f5c0c007a40).handle_read_frame_epilogue_main read frame epilogue bytes=32
2020-03-28T16:32:32.636 INFO:teuthology.orchestra.run.smithi139.stderr:DEBUG:cephadm:/usr/bin/ceph:stderr
2020-03-28T16:32:32.628+0000 7f5c117fa700 1 -- 172.21.15.139:0/3256182702 <== mon.0 v2:172.21.15.139:3300/0 6 ==== mon_command_ack([{"prefix": "get_command_descriptions"}]=0 v0) v1 ==== 72+0+127458 (secure 0 0 0) 0x7f5c0c00d400 con 0x7f5c14063d90
2020-03-28T16:32:32.978 INFO:teuthology.orchestra.run.smithi139.stderr:DEBUG:cephadm:/usr/bin/ceph:stderr
2020-03-28T16:32:32.972+0000 7f5c18dd6700 1 -- 172.21.15.139:0/3256182702 --> [v2:172.21.15.139:3300/0,v1:172.21.15.139:6789/0] -- mon_command({"prefix": "status", "format": "json-pretty"} v 0) v1 -- 0x7f5c14077f10 con 0x7f5c14063d90
2020-03-28T16:32:32.979 INFO:teuthology.orchestra.run.smithi139.stderr:DEBUG:cephadm:/usr/bin/ceph:stderr
2020-03-28T16:32:32.972+0000 7f5c13fff700 1 --2- 172.21.15.139:0/3256182702 >> [v2:172.21.15.139:3300/0,v1:172.21.15.139:6789/0] conn(0x7f5c14063d90 0x7f5c14076de0 secure :-1 s=THROTTLE_DONE pgs=20 cs=0 l=1 rx=0x7f5c0c002f30 tx=0x7f5c0c007a40).handle_read_frame_epilogue_main read frame epilogue bytes=32
2020-03-28T16:32:32.979 INFO:teuthology.orchestra.run.smithi139.stderr:DEBUG:cephadm:/usr/bin/ceph:stderr
2020-03-28T16:32:32.972+0000 7f5c117fa700 1 -- 172.21.15.139:0/3256182702 <== mon.0 v2:172.21.15.139:3300/0 7 ==== mon_command_ack([{"prefix": "status", "format": "json-pretty"}]=0 v0) v1 ==== 79+0+1222 (secure 0 0 0) 0x7f5c0c0154e0 con 0x7f5c14063d90
2020-03-28T16:32:32.998 INFO:teuthology.orchestra.run.smithi139.stderr:DEBUG:cephadm:/usr/bin/ceph:stdout
2020-03-28T16:32:32.998 INFO:teuthology.orchestra.run.smithi139.stderr:DEBUG:cephadm:/usr/bin/ceph:stdout {
2020-03-28T16:32:32.998 INFO:teuthology.orchestra.run.smithi139.stderr:DEBUG:cephadm:/usr/bin/ceph:stdout "fsid": "9655a276-7111-11ea-924b-001a4aab830c",
2020-03-28T16:32:32.999 INFO:teuthology.orchestra.run.smithi139.stderr:DEBUG:cephadm:/usr/bin/ceph:stdout "health": {
2020-03-28T16:32:32.999 INFO:teuthology.orchestra.run.smithi139.stderr:DEBUG:cephadm:/usr/bin/ceph:stdout "status": "HEALTH_OK",
2020-03-28T16:32:32.999 INFO:teuthology.orchestra.run.smithi139.stderr:DEBUG:cephadm:/usr/bin/ceph:stdout "checks": {},
2020-03-28T16:32:32.999 INFO:teuthology.orchestra.run.smithi139.stderr:DEBUG:cephadm:/usr/bin/ceph:stdout "mutes": []
2020-03-28T16:32:32.999 INFO:teuthology.orchestra.run.smithi139.stderr:DEBUG:cephadm:/usr/bin/ceph:stdout },
2020-03-28T16:32:32.999 INFO:teuthology.orchestra.run.smithi139.stderr:DEBUG:cephadm:/usr/bin/ceph:stdout "election_epoch": 5,
2020-03-28T16:32:32.999 INFO:teuthology.orchestra.run.smithi139.stderr:DEBUG:cephadm:/usr/bin/ceph:stdout "quorum": [
2020-03-28T16:32:33.000 INFO:teuthology.orchestra.run.smithi139.stderr:DEBUG:cephadm:/usr/bin/ceph:stdout 0
2020-03-28T16:32:33.000 INFO:teuthology.orchestra.run.smithi139.stderr:DEBUG:cephadm:/usr/bin/ceph:stdout ],
2020-03-28T16:32:33.000 INFO:teuthology.orchestra.run.smithi139.stderr:DEBUG:cephadm:/usr/bin/ceph:stdout "quorum_names": [
2020-03-28T16:32:33.000 INFO:teuthology.orchestra.run.smithi139.stderr:DEBUG:cephadm:/usr/bin/ceph:stdout "a"
2020-03-28T16:32:33.000 INFO:teuthology.orchestra.run.smithi139.stderr:DEBUG:cephadm:/usr/bin/ceph:stdout ],
2020-03-28T16:32:33.000 INFO:teuthology.orchestra.run.smithi139.stderr:DEBUG:cephadm:/usr/bin/ceph:stdout "quorum_age": 10,
2020-03-28T16:32:33.000 INFO:teuthology.orchestra.run.smithi139.stderr:DEBUG:cephadm:/usr/bin/ceph:stdout "monmap": {
2020-03-28T16:32:33.001 INFO:teuthology.orchestra.run.smithi139.stderr:DEBUG:cephadm:/usr/bin/ceph:stdout "epoch": 1,
2020-03-28T16:32:33.001 INFO:teuthology.orchestra.run.smithi139.stderr:DEBUG:cephadm:/usr/bin/ceph:stdout "min_mon_release_name": "octopus",
2020-03-28T16:32:33.001 INFO:teuthology.orchestra.run.smithi139.stderr:DEBUG:cephadm:/usr/bin/ceph:stdout "num_mons": 1
2020-03-28T16:32:33.001 INFO:teuthology.orchestra.run.smithi139.stderr:DEBUG:cephadm:/usr/bin/ceph:stdout },
2020-03-28T16:32:33.001 INFO:teuthology.orchestra.run.smithi139.stderr:DEBUG:cephadm:/usr/bin/ceph:stdout "osdmap": {
2020-03-28T16:32:33.001 INFO:teuthology.orchestra.run.smithi139.stderr:DEBUG:cephadm:/usr/bin/ceph:stdout "epoch": 3,
2020-03-28T16:32:33.001 INFO:teuthology.orchestra.run.smithi139.stderr:DEBUG:cephadm:/usr/bin/ceph:stdout "num_osds": 0,
2020-03-28T16:32:33.001 INFO:teuthology.orchestra.run.smithi139.stderr:DEBUG:cephadm:/usr/bin/ceph:stdout "num_up_osds": 0,
2020-03-28T16:32:33.003 INFO:teuthology.orchestra.run.smithi139.stderr:DEBUG:cephadm:/usr/bin/ceph:stdout "osd_up_since": 0,
2020-03-28T16:32:33.003 INFO:teuthology.orchestra.run.smithi139.stderr:DEBUG:cephadm:/usr/bin/ceph:stdout "num_in_osds": 0,
2020-03-28T16:32:33.004 INFO:teuthology.orchestra.run.smithi139.stderr:DEBUG:cephadm:/usr/bin/ceph:stdout "osd_in_since": 0,
2020-03-28T16:32:33.004 INFO:teuthology.orchestra.run.smithi139.stderr:DEBUG:cephadm:/usr/bin/ceph:stdout "num_remapped_pgs": 0
2020-03-28T16:32:33.004 INFO:teuthology.orchestra.run.smithi139.stderr:DEBUG:cephadm:/usr/bin/ceph:stdout },
2020-03-28T16:32:33.004 INFO:teuthology.orchestra.run.smithi139.stderr:DEBUG:cephadm:/usr/bin/ceph:stdout "pgmap": {
2020-03-28T16:32:33.004 INFO:teuthology.orchestra.run.smithi139.stderr:DEBUG:cephadm:/usr/bin/ceph:stdout "pgs_by_state": [],
2020-03-28T16:32:33.004 INFO:teuthology.orchestra.run.smithi139.stderr:DEBUG:cephadm:/usr/bin/ceph:stdout "num_pgs": 0,
2020-03-28T16:32:33.004 INFO:teuthology.orchestra.run.smithi139.stderr:DEBUG:cephadm:/usr/bin/ceph:stdout "num_pools": 0,
2020-03-28T16:32:33.005 INFO:teuthology.orchestra.run.smithi139.stderr:DEBUG:cephadm:/usr/bin/ceph:stdout "num_objects": 0,
2020-03-28T16:32:33.005 INFO:teuthology.orchestra.run.smithi139.stderr:DEBUG:cephadm:/usr/bin/ceph:stdout "data_bytes": 0,
2020-03-28T16:32:33.005 INFO:teuthology.orchestra.run.smithi139.stderr:DEBUG:cephadm:/usr/bin/ceph:stdout "bytes_used": 0,
2020-03-28T16:32:33.005 INFO:teuthology.orchestra.run.smithi139.stderr:DEBUG:cephadm:/usr/bin/ceph:stdout "bytes_avail": 0,
