2020-03-28T16:41:55.484 INFO:teuthology.orchestra.run.smithi040.stderr:DEBUG:cephadm:/usr/bin/ceph:stderr
2020-03-28T16:41:55.479+0000 7fb87dffb700 1 -- 172.21.15.40:0/2531444496 <== mon.0 v2:172.21.15.40:3300/0 7 ==== mon_command_ack([{"prefix": "status"}]=0 v0) v1 ==== 54+0+317 (secure 0 0 0) 0x7fb87000d5b0 con 0x7fb880063f40
2020-03-28T16:41:55.485 INFO:teuthology.orchestra.run.smithi040.stderr:DEBUG:cephadm:/usr/bin/ceph:stdout cluster:
2020-03-28T16:41:55.485 INFO:teuthology.orchestra.run.smithi040.stderr:DEBUG:cephadm:/usr/bin/ceph:stdout id: f22683ee-7112-11ea-924b-001a4aab830c
2020-03-28T16:41:55.485 INFO:teuthology.orchestra.run.smithi040.stderr:DEBUG:cephadm:/usr/bin/ceph:stdout health: HEALTH_OK
2020-03-28T16:41:55.485 INFO:teuthology.orchestra.run.smithi040.stderr:DEBUG:cephadm:/usr/bin/ceph:stdout
2020-03-28T16:41:55.485 INFO:teuthology.orchestra.run.smithi040.stderr:DEBUG:cephadm:/usr/bin/ceph:stdout services:
2020-03-28T16:41:55.485 INFO:teuthology.orchestra.run.smithi040.stderr:DEBUG:cephadm:/usr/bin/ceph:stdout mon: 1 daemons, quorum a (age 0.328863s)
2020-03-28T16:41:55.485 INFO:teuthology.orchestra.run.smithi040.stderr:DEBUG:cephadm:/usr/bin/ceph:stdout mgr: no daemons active
2020-03-28T16:41:55.486 INFO:teuthology.orchestra.run.smithi040.stderr:DEBUG:cephadm:/usr/bin/ceph:stdout osd: 0 osds: 0 up, 0 in
2020-03-28T16:41:55.486 INFO:teuthology.orchestra.run.smithi040.stderr:DEBUG:cephadm:/usr/bin/ceph:stdout
2020-03-28T16:41:55.486 INFO:teuthology.orchestra.run.smithi040.stderr:DEBUG:cephadm:/usr/bin/ceph:stdout data:
2020-03-28T16:41:55.486 INFO:teuthology.orchestra.run.smithi040.stderr:DEBUG:cephadm:/usr/bin/ceph:stdout pools: 0 pools, 0 pgs
2020-03-28T16:41:55.486 INFO:teuthology.orchestra.run.smithi040.stderr:DEBUG:cephadm:/usr/bin/ceph:stdout objects: 0 objects, 0 B
2020-03-28T16:41:55.486 INFO:teuthology.orchestra.run.smithi040.stderr:DEBUG:cephadm:/usr/bin/ceph:stdout usage: 0 B used, 0 B / 0 B avail
2020-03-28T16:41:55.486 INFO:teuthology.orchestra.run.smithi040.stderr:DEBUG:cephadm:/usr/bin/ceph:stdout pgs:
2020-03-28T16:41:55.487 INFO:teuthology.orchestra.run.smithi040.stderr:DEBUG:cephadm:/usr/bin/ceph:stdout
2020-03-28T16:41:55.487 INFO:teuthology.orchestra.run.smithi040.stderr:DEBUG:cephadm:/usr/bin/ceph:stderr
2020-03-28T16:41:55.480+0000 7fb886156700 1 -- 172.21.15.40:0/2531444496 >> [v2:172.21.15.40:3300/0,v1:172.21.15.40:6789/0] conn(0x7fb880063f40 msgr2=0x7fb880075030 secure :-1 s=STATE_CONNECTION_ESTABLISHED l=1).mark_down
2020-03-28T16:41:55.487 INFO:teuthology.orchestra.run.smithi040.stderr:DEBUG:cephadm:/usr/bin/ceph:stderr
2020-03-28T16:41:55.480+0000 7fb886156700 1 --2- 172.21.15.40:0/2531444496 >> [v2:172.21.15.40:3300/0,v1:172.21.15.40:6789/0] conn(0x7fb880063f40 0x7fb880075030 secure :-1 s=READY pgs=2 cs=0 l=1 rx=0x7fb870002f30 tx=0x7fb870007a40).stop
2020-03-28T16:41:55.487 INFO:teuthology.orchestra.run.smithi040.stderr:DEBUG:cephadm:/usr/bin/ceph:stderr
2020-03-28T16:41:55.480+0000 7fb886156700 1 -- 172.21.15.40:0/2531444496 shutdown_connections
2020-03-28T16:41:55.487 INFO:teuthology.orchestra.run.smithi040.stderr:DEBUG:cephadm:/usr/bin/ceph:stderr
2020-03-28T16:41:55.480+0000 7fb886156700 1 --2- 172.21.15.40:0/2531444496 >> [v2:172.21.15.40:3300/0,v1:172.21.15.40:6789/0] conn(0x7fb880063f40 0x7fb880075030 unknown :-1 s=CLOSED pgs=2 cs=0 l=1 rx=0 tx=0).stop
2020-03-28T16:41:55.487 INFO:teuthology.orchestra.run.smithi040.stderr:DEBUG:cephadm:/usr/bin/ceph:stderr
2020-03-28T16:41:55.480+0000 7fb886156700 1 -- 172.21.15.40:0/2531444496 >> 172.21.15.40:0/2531444496 conn(0x7fb88005f5a0 msgr2=0x7fb8800601a0 unknown :-1 s=STATE_NONE l=0).mark_down
2020-03-28T16:41:55.488 INFO:teuthology.orchestra.run.smithi040.stderr:DEBUG:cephadm:/usr/bin/ceph:stderr
2020-03-28T16:41:55.480+0000 7fb886156700 1 -- 172.21.15.40:0/2531444496 shutdown_connections
2020-03-28T16:41:55.488 INFO:teuthology.orchestra.run.smithi040.stderr:DEBUG:cephadm:/usr/bin/ceph:stderr
2020-03-28T16:41:55.480+0000 7fb886156700 1 -- 172.21.15.40:0/2531444496 wait complete.
2020-03-28T16:41:56.119 INFO:teuthology.orchestra.run.smithi040.stderr:INFO:cephadm:Assimilating anything we can from ceph.conf...
2020-03-28T16:41:56.120 INFO:teuthology.orchestra.run.smithi040.stderr:DEBUG:cephadm:['/bin/podman', 'run', '--rm', '--net=host', '-e', 'CONTAINER_IMAGE=quay.io/ceph-ci/ceph:202834d8ba82240c3c27a1437803b8cdec4bb56a', '-e', 'NODE_NAME=smithi040', '-v', '/var/log/ceph/f22683ee-7112-11ea-924b-001a4aab830c:/var/log/ceph:z', '-v', '/tmp/ceph-tmp79d6609v:/etc/ceph/ceph.client.admin.keyring:z', '-v', '/tmp/ceph-tmp7rgd47e3:/etc/ceph/ceph.conf:z', '-v', '/var/lib/ceph/f22683ee-7112-11ea-924b-001a4aab830c/mon.a:/var/lib/ceph/mon/ceph-a:z', '--entrypoint', '/usr/bin/ceph', 'quay.io/ceph-ci/ceph:202834d8ba82240c3c27a1437803b8cdec4bb56a', 'config', 'assimilate-conf', '-i', '/var/lib/ceph/mon/ceph-a/config']
2020-03-28T16:41:56.120 INFO:teuthology.orchestra.run.smithi040.stderr:DEBUG:cephadm:Running command: /bin/podman run --rm --net=host -e CONTAINER_IMAGE=quay.io/ceph-ci/ceph:202834d8ba82240c3c27a1437803b8cdec4bb56a -e NODE_NAME=smithi040 -v /var/log/ceph/f22683ee-7112-11ea-924b-001a4aab830c:/var/log/ceph:z -v /tmp/ceph-tmp79d6609v:/etc/ceph/ceph.client.admin.keyring:z -v /tmp/ceph-tmp7rgd47e3:/etc/ceph/ceph.conf:z -v /var/lib/ceph/f22683ee-7112-11ea-924b-001a4aab830c/mon.a:/var/lib/ceph/mon/ceph-a:z --entrypoint /usr/bin/ceph quay.io/ceph-ci/ceph:202834d8ba82240c3c27a1437803b8cdec4bb56a config assimilate-conf -i /var/lib/ceph/mon/ceph-a/config
2020-03-28T16:41:56.432 INFO:ceph.mon.a.smithi040.stdout:Mar 28 16:41:56 smithi040 bash[29840]: cluster
2020-03-28T16:41:55.150817+0000 mon.a (mon.0) 2 : cluster [INF] mon.a is new leader, mons a in quorum (ranks 0)
2020-03-28T16:41:56.432 INFO:ceph.mon.a.smithi040.stdout:Mar 28 16:41:56 smithi040 bash[29840]: cluster
2020-03-28T16:41:55.153037+0000 mon.a (mon.0) 3 : cluster [DBG] monmap e1: 1 mons at {a=[v2:172.21.15.40:3300/0,v1:172.21.15.40:6789/0]}
2020-03-28T16:41:56.432 INFO:ceph.mon.a.smithi040.stdout:Mar 28 16:41:56 smithi040 bash[29840]: cluster
2020-03-28T16:41:55.159016+0000 mon.a (mon.0) 4 : cluster [DBG] fsmap
2020-03-28T16:41:56.432 INFO:ceph.mon.a.smithi040.stdout:Mar 28 16:41:56 smithi040 bash[29840]: cluster
2020-03-28T16:41:55.165783+0000 mon.a (mon.0) 5 : cluster [DBG] osdmap e1: 0 total, 0 up, 0 in
2020-03-28T16:41:56.432 INFO:ceph.mon.a.smithi040.stdout:Mar 28 16:41:56 smithi040 bash[29840]: cluster
2020-03-28T16:41:55.166203+0000 mon.a (mon.0) 6 : cluster [DBG] mgrmap e1: no daemons active
2020-03-28T16:41:56.432 INFO:ceph.mon.a.smithi040.stdout:Mar 28 16:41:56 smithi040 bash[29840]: audit
2020-03-28T16:41:55.479645+0000 mon.a (mon.0) 7 : audit [DBG] from='client.? 172.21.15.40:0/2531444496' entity='client.admin' cmd=[{"prefix": "status"}]: dispatch
2020-03-28T16:41:56.679 INFO:teuthology.orchestra.run.smithi040.stderr:DEBUG:cephadm:/usr/bin/ceph:stderr
2020-03-28T16:41:56.670+0000 7fdd9d737700 1 Processor -- start
2020-03-28T16:41:56.679 INFO:teuthology.orchestra.run.smithi040.stderr:DEBUG:cephadm:/usr/bin/ceph:stderr
2020-03-28T16:41:56.671+0000 7fdd9d737700 1 -- start start
2020-03-28T16:41:56.679 INFO:teuthology.orchestra.run.smithi040.stderr:DEBUG:cephadm:/usr/bin/ceph:stderr
2020-03-28T16:41:56.671+0000 7fdd9d737700 1 --2- >> [v2:172.21.15.40:3300/0,v1:172.21.15.40:6789/0] conn(0x7fdd98063f40 0x7fdd98064360 unknown :-1 s=NONE pgs=0 cs=0 l=0 rx=0 tx=0).connect
2020-03-28T16:41:56.679 INFO:teuthology.orchestra.run.smithi040.stderr:DEBUG:cephadm:/usr/bin/ceph:stderr
2020-03-28T16:41:56.671+0000 7fdd9d737700 1 -- --> [v2:172.21.15.40:3300/0,v1:172.21.15.40:6789/0] -- mon_getmap magic: 0 v1 -- 0x7fdd98064850 con 0x7fdd98063f40
2020-03-28T16:41:56.679 INFO:teuthology.orchestra.run.smithi040.stderr:DEBUG:cephadm:/usr/bin/ceph:stderr
2020-03-28T16:41:56.671+0000 7fdd977fe700 1 --2- >> [v2:172.21.15.40:3300/0,v1:172.21.15.40:6789/0] conn(0x7fdd98063f40 0x7fdd98064360 unknown :-1 s=BANNER_CONNECTING pgs=0 cs=0 l=0 rx=0 tx=0)._handle_peer_banner_payload supported=0 required=0
2020-03-28T16:41:56.680 INFO:teuthology.orchestra.run.smithi040.stderr:DEBUG:cephadm:/usr/bin/ceph:stderr
2020-03-28T16:41:56.671+0000 7fdd977fe700 1 --2- >> [v2:172.21.15.40:3300/0,v1:172.21.15.40:6789/0] conn(0x7fdd98063f40 0x7fdd98064360 unknown :-1 s=HELLO_CONNECTING pgs=0 cs=0 l=0 rx=0 tx=0).handle_hello peer v2:172.21.15.40:3300/0 says I am v2:172.21.15.40:49508/0 (socket says 172.21.15.40:49508)
2020-03-28T16:41:56.680 INFO:teuthology.orchestra.run.smithi040.stderr:DEBUG:cephadm:/usr/bin/ceph:stderr
2020-03-28T16:41:56.671+0000 7fdd977fe700 1 -- 172.21.15.40:0/3377686627 learned_addr learned my addr 172.21.15.40:0/3377686627 (peer_addr_for_me v2:172.21.15.40:0/0)
2020-03-28T16:41:56.680 INFO:teuthology.orchestra.run.smithi040.stderr:DEBUG:cephadm:/usr/bin/ceph:stderr
2020-03-28T16:41:56.671+0000 7fdd977fe700 1 -- 172.21.15.40:0/3377686627 --> [v2:172.21.15.40:3300/0,v1:172.21.15.40:6789/0] -- mon_subscribe({config=0+,monmap=0+}) v3 -- 0x7fdd98064f10 con 0x7fdd98063f40
2020-03-28T16:41:56.680 INFO:teuthology.orchestra.run.smithi040.stderr:DEBUG:cephadm:/usr/bin/ceph:stderr
2020-03-28T16:41:56.671+0000 7fdd977fe700 1 --2- 172.21.15.40:0/3377686627 >> [v2:172.21.15.40:3300/0,v1:172.21.15.40:6789/0] conn(0x7fdd98063f40 0x7fdd98064360 secure :-1 s=AUTH_CONNECTING_SIGN pgs=0 cs=0 l=0 rx=0x7fdd88002f30 tx=0x7fdd88007a40).handle_read_frame_epilogue_main read frame epilogue bytes=32
2020-03-28T16:41:56.680 INFO:teuthology.orchestra.run.smithi040.stderr:DEBUG:cephadm:/usr/bin/ceph:stderr
2020-03-28T16:41:56.671+0000 7fdd977fe700 1 --2- 172.21.15.40:0/3377686627 >> [v2:172.21.15.40:3300/0,v1:172.21.15.40:6789/0] conn(0x7fdd98063f40 0x7fdd98064360 secure :-1 s=SESSION_CONNECTING pgs=0 cs=0 l=0 rx=0x7fdd88002f30 tx=0x7fdd88007a40).handle_read_frame_epilogue_main read frame epilogue bytes=32
2020-03-28T16:41:56.680 INFO:teuthology.orchestra.run.smithi040.stderr:DEBUG:cephadm:/usr/bin/ceph:stderr
2020-03-28T16:41:56.671+0000 7fdd977fe700 1 --2- 172.21.15.40:0/3377686627 >> [v2:172.21.15.40:3300/0,v1:172.21.15.40:6789/0] conn(0x7fdd98063f40 0x7fdd98064360 secure :-1 s=READY pgs=3 cs=0 l=1 rx=0x7fdd88002f30 tx=0x7fdd88007a40).ready entity=mon.0 client_cookie=4fb6907af6b60ceb server_cookie=0 in_seq=0 out_seq=0
2020-03-28T16:41:56.680 INFO:teuthology.orchestra.run.smithi040.stderr:DEBUG:cephadm:/usr/bin/ceph:stderr
2020-03-28T16:41:56.671+0000 7fdd977fe700 1 --2- 172.21.15.40:0/3377686627 >> [v2:172.21.15.40:3300/0,v1:172.21.15.40:6789/0] conn(0x7fdd98063f40 0x7fdd98064360 secure :-1 s=THROTTLE_DONE pgs=3 cs=0 l=1 rx=0x7fdd88002f30 tx=0x7fdd88007a40).handle_read_frame_epilogue_main read frame epilogue bytes=32
2020-03-28T16:41:56.681 INFO:teuthology.orchestra.run.smithi040.stderr:DEBUG:cephadm:/usr/bin/ceph:stderr
2020-03-28T16:41:56.671+0000 7fdd977fe700 1 --2- 172.21.15.40:0/3377686627 >> [v2:172.21.15.40:3300/0,v1:172.21.15.40:6789/0] conn(0x7fdd98063f40 0x7fdd98064360 secure :-1 s=THROTTLE_DONE pgs=3 cs=0 l=1 rx=0x7fdd88002f30 tx=0x7fdd88007a40).handle_read_frame_epilogue_main read frame epilogue bytes=32
2020-03-28T16:41:56.681 INFO:teuthology.orchestra.run.smithi040.stderr:DEBUG:cephadm:/usr/bin/ceph:stderr
2020-03-28T16:41:56.671+0000 7fdd967fc700 1 -- 172.21.15.40:0/3377686627 <== mon.0 v2:172.21.15.40:3300/0 1 ==== mon_map magic: 0 v1 ==== 183+0+0 (secure 0 0 0) 0x7fdd88011560 con 0x7fdd98063f40
2020-03-28T16:41:56.681 INFO:teuthology.orchestra.run.smithi040.stderr:DEBUG:cephadm:/usr/bin/ceph:stderr
2020-03-28T16:41:56.671+0000 7fdd977fe700 1 --2- 172.21.15.40:0/3377686627 >> [v2:172.21.15.40:3300/0,v1:172.21.15.40:6789/0] conn(0x7fdd98063f40 0x7fdd98064360 secure :-1 s=THROTTLE_DONE pgs=3 cs=0 l=1 rx=0x7fdd88002f30 tx=0x7fdd88007a40).handle_read_frame_epilogue_main read frame epilogue bytes=32
2020-03-28T16:41:56.681 INFO:teuthology.orchestra.run.smithi040.stderr:DEBUG:cephadm:/usr/bin/ceph:stderr
2020-03-28T16:41:56.672+0000 7fdd967fc700 1 -- 172.21.15.40:0/3377686627 <== mon.0 v2:172.21.15.40:3300/0 2 ==== config(0 keys) v1 ==== 4+0+0 (secure 0 0 0) 0x7fdd880116c0 con 0x7fdd98063f40
2020-03-28T16:41:56.681 INFO:teuthology.orchestra.run.smithi040.stderr:DEBUG:cephadm:/usr/bin/ceph:stderr
2020-03-28T16:41:56.672+0000 7fdd967fc700 1 -- 172.21.15.40:0/3377686627 <== mon.0 v2:172.21.15.40:3300/0 3 ==== mon_map magic: 0 v1 ==== 183+0+0 (secure 0 0 0) 0x7fdd880119e0 con 0x7fdd98063f40
2020-03-28T16:41:56.681 INFO:teuthology.orchestra.run.smithi040.stderr:DEBUG:cephadm:/usr/bin/ceph:stderr
2020-03-28T16:41:56.672+0000 7fdd9d737700 1 -- 172.21.15.40:0/3377686627 >> [v2:172.21.15.40:3300/0,v1:172.21.15.40:6789/0] conn(0x7fdd98063f40 msgr2=0x7fdd98064360 secure :-1 s=STATE_CONNECTION_ESTABLISHED l=1).mark_down
2020-03-28T16:41:56.681 INFO:teuthology.orchestra.run.smithi040.stderr:DEBUG:cephadm:/usr/bin/ceph:stderr
2020-03-28T16:41:56.672+0000 7fdd9d737700 1 --2- 172.21.15.40:0/3377686627 >> [v2:172.21.15.40:3300/0,v1:172.21.15.40:6789/0] conn(0x7fdd98063f40 0x7fdd98064360 secure :-1 s=READY pgs=3 cs=0 l=1 rx=0x7fdd88002f30 tx=0x7fdd88007a40).stop
2020-03-28T16:41:56.682 INFO:teuthology.orchestra.run.smithi040.stderr:DEBUG:cephadm:/usr/bin/ceph:stderr
2020-03-28T16:41:56.672+0000 7fdd9d737700 1 -- 172.21.15.40:0/3377686627 shutdown_connections
2020-03-28T16:41:56.682 INFO:teuthology.orchestra.run.smithi040.stderr:DEBUG:cephadm:/usr/bin/ceph:stderr
2020-03-28T16:41:56.672+0000 7fdd9d737700 1 --2- 172.21.15.40:0/3377686627 >> [v2:172.21.15.40:3300/0,v1:172.21.15.40:6789/0] conn(0x7fdd98063f40 0x7fdd98064360 unknown :-1 s=CLOSED pgs=3 cs=0 l=1 rx=0 tx=0).stop
2020-03-28T16:41:56.682 INFO:teuthology.orchestra.run.smithi040.stderr:DEBUG:cephadm:/usr/bin/ceph:stderr
2020-03-28T16:41:56.672+0000 7fdd9d737700 1 -- 172.21.15.40:0/3377686627 >> 172.21.15.40:0/3377686627 conn(0x7fdd9805f5a0 msgr2=0x7fdd980619c0 unknown :-1 s=STATE_NONE l=0).mark_down
2020-03-28T16:41:56.682 INFO:teuthology.orchestra.run.smithi040.stderr:DEBUG:cephadm:/usr/bin/ceph:stderr
2020-03-28T16:41:56.672+0000 7fdd9d737700 1 -- 172.21.15.40:0/3377686627 shutdown_connections
2020-03-28T16:41:56.682 INFO:teuthology.orchestra.run.smithi040.stderr:DEBUG:cephadm:/usr/bin/ceph:stderr
2020-03-28T16:41:56.672+0000 7fdd9d737700 1 -- 172.21.15.40:0/3377686627 wait complete.
2020-03-28T16:41:56.682 INFO:teuthology.orchestra.run.smithi040.stderr:DEBUG:cephadm:/usr/bin/ceph:stderr
2020-03-28T16:41:56.673+0000 7fdd9d737700 1 Processor -- start
2020-03-28T16:41:56.682 INFO:teuthology.orchestra.run.smithi040.stderr:DEBUG:cephadm:/usr/bin/ceph:stderr
2020-03-28T16:41:56.673+0000 7fdd9d737700 1 -- start start
2020-03-28T16:41:56.682 INFO:teuthology.orchestra.run.smithi040.stderr:DEBUG:cephadm:/usr/bin/ceph:stderr
2020-03-28T16:41:56.673+0000 7fdd9d737700 1 --2- >> [v2:172.21.15.40:3300/0,v1:172.21.15.40:6789/0] conn(0x7fdd98063f40 0x7fdd9806e740 unknown :-1 s=NONE pgs=0 cs=0 l=1 rx=0 tx=0).connect
2020-03-28T16:41:56.683 INFO:teuthology.orchestra.run.smithi040.stderr:DEBUG:cephadm:/usr/bin/ceph:stderr
2020-03-28T16:41:56.673+0000 7fdd9d737700 1 -- --> [v2:172.21.15.40:3300/0,v1:172.21.15.40:6789/0] -- mon_getmap magic: 0 v1 -- 0x7fdd9807cca0 con 0x7fdd98063f40
2020-03-28T16:41:56.683 INFO:teuthology.orchestra.run.smithi040.stderr:DEBUG:cephadm:/usr/bin/ceph:stderr
2020-03-28T16:41:56.673+0000 7fdd977fe700 1 --2- >> [v2:172.21.15.40:3300/0,v1:172.21.15.40:6789/0] conn(0x7fdd98063f40 0x7fdd9806e740 unknown :-1 s=BANNER_CONNECTING pgs=0 cs=0 l=1 rx=0 tx=0)._handle_peer_banner_payload supported=0 required=0
2020-03-28T16:41:56.683 INFO:teuthology.orchestra.run.smithi040.stderr:DEBUG:cephadm:/usr/bin/ceph:stderr
2020-03-28T16:41:56.673+0000 7fdd977fe700 1 --2- >> [v2:172.21.15.40:3300/0,v1:172.21.15.40:6789/0] conn(0x7fdd98063f40 0x7fdd9806e740 unknown :-1 s=HELLO_CONNECTING pgs=0 cs=0 l=1 rx=0 tx=0).handle_hello peer v2:172.21.15.40:3300/0 says I am v2:172.21.15.40:49510/0 (socket says 172.21.15.40:49510)
2020-03-28T16:41:56.683 INFO:teuthology.orchestra.run.smithi040.stderr:DEBUG:cephadm:/usr/bin/ceph:stderr
2020-03-28T16:41:56.673+0000 7fdd977fe700 1 -- 172.21.15.40:0/98287602 learned_addr learned my addr 172.21.15.40:0/98287602 (peer_addr_for_me v2:172.21.15.40:0/0)
2020-03-28T16:41:56.684 INFO:teuthology.orchestra.run.smithi040.stderr:DEBUG:cephadm:/usr/bin/ceph:stderr
2020-03-28T16:41:56.673+0000 7fdd977fe700 1 -- 172.21.15.40:0/98287602 --> [v2:172.21.15.40:3300/0,v1:172.21.15.40:6789/0] -- mon_subscribe({config=0+,monmap=0+}) v3 -- 0x7fdd9807cde0 con 0x7fdd98063f40
2020-03-28T16:41:56.684 INFO:teuthology.orchestra.run.smithi040.stderr:DEBUG:cephadm:/usr/bin/ceph:stderr
2020-03-28T16:41:56.674+0000 7fdd977fe700 1 --2- 172.21.15.40:0/98287602 >> [v2:172.21.15.40:3300/0,v1:172.21.15.40:6789/0] conn(0x7fdd98063f40 0x7fdd9806e740 secure :-1 s=AUTH_CONNECTING_SIGN pgs=0 cs=0 l=1 rx=0x7fdd88002f30 tx=0x7fdd88007a40).handle_read_frame_epilogue_main read frame epilogue bytes=32
2020-03-28T16:41:56.684 INFO:teuthology.orchestra.run.smithi040.stderr:DEBUG:cephadm:/usr/bin/ceph:stderr
2020-03-28T16:41:56.674+0000 7fdd977fe700 1 --2- 172.21.15.40:0/98287602 >> [v2:172.21.15.40:3300/0,v1:172.21.15.40:6789/0] conn(0x7fdd98063f40 0x7fdd9806e740 secure :-1 s=SESSION_CONNECTING pgs=0 cs=0 l=1 rx=0x7fdd88002f30 tx=0x7fdd88007a40).handle_read_frame_epilogue_main read frame epilogue bytes=32
2020-03-28T16:41:56.684 INFO:teuthology.orchestra.run.smithi040.stderr:DEBUG:cephadm:/usr/bin/ceph:stderr
2020-03-28T16:41:56.674+0000 7fdd977fe700 1 --2- 172.21.15.40:0/98287602 >> [v2:172.21.15.40:3300/0,v1:172.21.15.40:6789/0] conn(0x7fdd98063f40 0x7fdd9806e740 secure :-1 s=READY pgs=4 cs=0 l=1 rx=0x7fdd88002f30 tx=0x7fdd88007a40).ready entity=mon.0 client_cookie=0 server_cookie=0 in_seq=0 out_seq=0
2020-03-28T16:41:56.684 INFO:teuthology.orchestra.run.smithi040.stderr:DEBUG:cephadm:/usr/bin/ceph:stderr
2020-03-28T16:41:56.674+0000 7fdd977fe700 1 --2- 172.21.15.40:0/98287602 >> [v2:172.21.15.40:3300/0,v1:172.21.15.40:6789/0] conn(0x7fdd98063f40 0x7fdd9806e740 secure :-1 s=THROTTLE_DONE pgs=4 cs=0 l=1 rx=0x7fdd88002f30 tx=0x7fdd88007a40).handle_read_frame_epilogue_main read frame epilogue bytes=32
2020-03-28T16:41:56.684 INFO:teuthology.orchestra.run.smithi040.stderr:DEBUG:cephadm:/usr/bin/ceph:stderr
2020-03-28T16:41:56.674+0000 7fdd977fe700 1 --2- 172.21.15.40:0/98287602 >> [v2:172.21.15.40:3300/0,v1:172.21.15.40:6789/0] conn(0x7fdd98063f40 0x7fdd9806e740 secure :-1 s=THROTTLE_DONE pgs=4 cs=0 l=1 rx=0x7fdd88002f30 tx=0x7fdd88007a40).handle_read_frame_epilogue_main read frame epilogue bytes=32
2020-03-28T16:41:56.685 INFO:teuthology.orchestra.run.smithi040.stderr:DEBUG:cephadm:/usr/bin/ceph:stderr
2020-03-28T16:41:56.674+0000 7fdd94ff9700 1 -- 172.21.15.40:0/98287602 <== mon.0 v2:172.21.15.40:3300/0 1 ==== mon_map magic: 0 v1 ==== 183+0+0 (secure 0 0 0) 0x7fdd88007280 con 0x7fdd98063f40
2020-03-28T16:41:56.685 INFO:teuthology.orchestra.run.smithi040.stderr:DEBUG:cephadm:/usr/bin/ceph:stderr
2020-03-28T16:41:56.674+0000 7fdd977fe700 1 --2- 172.21.15.40:0/98287602 >> [v2:172.21.15.40:3300/0,v1:172.21.15.40:6789/0] conn(0x7fdd98063f40 0x7fdd9806e740 secure :-1 s=THROTTLE_DONE pgs=4 cs=0 l=1 rx=0x7fdd88002f30 tx=0x7fdd88007a40).handle_read_frame_epilogue_main read frame epilogue bytes=32
2020-03-28T16:41:56.685 INFO:teuthology.orchestra.run.smithi040.stderr:DEBUG:cephadm:/usr/bin/ceph:stderr
2020-03-28T16:41:56.674+0000 7fdd94ff9700 1 -- 172.21.15.40:0/98287602 <== mon.0 v2:172.21.15.40:3300/0 2 ==== config(0 keys) v1 ==== 4+0+0 (secure 0 0 0) 0x7fdd880073e0 con 0x7fdd98063f40
2020-03-28T16:41:56.685 INFO:teuthology.orchestra.run.smithi040.stderr:DEBUG:cephadm:/usr/bin/ceph:stderr
2020-03-28T16:41:56.674+0000 7fdd9d737700 1 -- 172.21.15.40:0/98287602 --> [v2:172.21.15.40:3300/0,v1:172.21.15.40:6789/0] -- mon_subscribe({mgrmap=0+}) v3 -- 0x7fdd9807d090 con 0x7fdd98063f40
2020-03-28T16:41:56.685 INFO:teuthology.orchestra.run.smithi040.stderr:DEBUG:cephadm:/usr/bin/ceph:stderr
2020-03-28T16:41:56.674+0000 7fdd94ff9700 1 -- 172.21.15.40:0/98287602 <== mon.0 v2:172.21.15.40:3300/0 3 ==== mon_map magic: 0 v1 ==== 183+0+0 (secure 0 0 0) 0x7fdd880056c0 con 0x7fdd98063f40
2020-03-28T16:41:56.685 INFO:teuthology.orchestra.run.smithi040.stderr:DEBUG:cephadm:/usr/bin/ceph:stderr
2020-03-28T16:41:56.674+0000 7fdd9d737700 1 -- 172.21.15.40:0/98287602 --> [v2:172.21.15.40:3300/0,v1:172.21.15.40:6789/0] -- mon_subscribe({osdmap=0}) v3 -- 0x7fdd9807d580 con 0x7fdd98063f40
2020-03-28T16:41:56.685 INFO:teuthology.orchestra.run.smithi040.stderr:DEBUG:cephadm:/usr/bin/ceph:stderr
2020-03-28T16:41:56.674+0000 7fdd977fe700 1 --2- 172.21.15.40:0/98287602 >> [v2:172.21.15.40:3300/0,v1:172.21.15.40:6789/0] conn(0x7fdd98063f40 0x7fdd9806e740 secure :-1 s=THROTTLE_DONE pgs=4 cs=0 l=1 rx=0x7fdd88002f30 tx=0x7fdd88007a40).handle_read_frame_epilogue_main read frame epilogue bytes=32
2020-03-28T16:41:56.686 INFO:teuthology.orchestra.run.smithi040.stderr:DEBUG:cephadm:/usr/bin/ceph:stderr
2020-03-28T16:41:56.674+0000 7fdd94ff9700 1 -- 172.21.15.40:0/98287602 <== mon.0 v2:172.21.15.40:3300/0 4 ==== mgrmap(e 1) v1 ==== 360+0+0 (secure 0 0 0) 0x7fdd88005cf0 con 0x7fdd98063f40
2020-03-28T16:41:56.686 INFO:teuthology.orchestra.run.smithi040.stderr:DEBUG:cephadm:/usr/bin/ceph:stderr
2020-03-28T16:41:56.674+0000 7fdd977fe700 1 --2- 172.21.15.40:0/98287602 >> [v2:172.21.15.40:3300/0,v1:172.21.15.40:6789/0] conn(0x7fdd98063f40 0x7fdd9806e740 secure :-1 s=THROTTLE_DONE pgs=4 cs=0 l=1 rx=0x7fdd88002f30 tx=0x7fdd88007a40).handle_read_frame_epilogue_main read frame epilogue bytes=32
2020-03-28T16:41:56.686 INFO:teuthology.orchestra.run.smithi040.stderr:DEBUG:cephadm:/usr/bin/ceph:stderr
2020-03-28T16:41:56.674+0000 7fdd94ff9700 1 -- 172.21.15.40:0/98287602 <== mon.0 v2:172.21.15.40:3300/0 5 ==== osd_map(1..1 src has 1..1) v4 ==== 754+0+0 (secure 0 0 0) 0x7fdd8800cba0 con 0x7fdd98063f40
2020-03-28T16:41:56.686 INFO:teuthology.orchestra.run.smithi040.stderr:DEBUG:cephadm:/usr/bin/ceph:stderr
2020-03-28T16:41:56.675+0000 7fdd9d737700 1 -- 172.21.15.40:0/98287602 --> [v2:172.21.15.40:3300/0,v1:172.21.15.40:6789/0] -- mon_command({"prefix": "get_command_descriptions"} v 0) v1 -- 0x7fdd98056cb0 con 0x7fdd98063f40
2020-03-28T16:41:56.686 INFO:teuthology.orchestra.run.smithi040.stderr:DEBUG:cephadm:/usr/bin/ceph:stderr
2020-03-28T16:41:56.677+0000 7fdd977fe700 1 --2- 172.21.15.40:0/98287602 >> [v2:172.21.15.40:3300/0,v1:172.21.15.40:6789/0] conn(0x7fdd98063f40 0x7fdd9806e740 secure :-1 s=THROTTLE_DONE pgs=4 cs=0 l=1 rx=0x7fdd88002f30 tx=0x7fdd88007a40).handle_read_frame_epilogue_main read frame epilogue bytes=32
2020-03-28T16:41:56.687 INFO:teuthology.orchestra.run.smithi040.stderr:DEBUG:cephadm:/usr/bin/ceph:stderr
2020-03-28T16:41:56.677+0000 7fdd94ff9700 1 -- 172.21.15.40:0/98287602 <== mon.0 v2:172.21.15.40:3300/0 6 ==== mon_command_ack([{"prefix": "get_command_descriptions"}]=0 v0) v1 ==== 72+0+67700 (secure 0 0 0) 0x7fdd8800cd60 con 0x7fdd98063f40
2020-03-28T16:41:56.801 INFO:teuthology.orchestra.run.smithi040.stderr:DEBUG:cephadm:/usr/bin/ceph:stderr
2020-03-28T16:41:56.798+0000 7fdd9d737700 1 -- 172.21.15.40:0/98287602 --> [v2:172.21.15.40:3300/0,v1:172.21.15.40:6789/0] -- mon_command({"prefix": "config assimilate-conf"} v 0) v1 -- 0x7fdd9806e0f0 con 0x7fdd98063f40
2020-03-28T16:41:56.804 INFO:teuthology.orchestra.run.smithi040.stderr:DEBUG:cephadm:/usr/bin/ceph:stderr
2020-03-28T16:41:56.801+0000 7fdd977fe700 1 --2- 172.21.15.40:0/98287602 >> [v2:172.21.15.40:3300/0,v1:172.21.15.40:6789/0] conn(0x7fdd98063f40 0x7fdd9806e740 secure :-1 s=THROTTLE_DONE pgs=4 cs=0 l=1 rx=0x7fdd88002f30 tx=0x7fdd88007a40).handle_read_frame_epilogue_main read frame epilogue bytes=32
2020-03-28T16:41:56.804 INFO:teuthology.orchestra.run.smithi040.stderr:DEBUG:cephadm:/usr/bin/ceph:stderr
2020-03-28T16:41:56.801+0000 7fdd977fe700 1 --2- 172.21.15.40:0/98287602 >> [v2:172.21.15.40:3300/0,v1:172.21.15.40:6789/0] conn(0x7fdd98063f40 0x7fdd9806e740 secure :-1 s=THROTTLE_DONE pgs=4 cs=0 l=1 rx=0x7fdd88002f30 tx=0x7fdd88007a40).handle_read_frame_epilogue_main read frame epilogue bytes=32
2020-03-28T16:41:56.805 INFO:teuthology.orchestra.run.smithi040.stderr:DEBUG:cephadm:/usr/bin/ceph:stderr
2020-03-28T16:41:56.801+0000 7fdd94ff9700 1 -- 172.21.15.40:0/98287602 <== mon.0 v2:172.21.15.40:3300/0 7 ==== config(21 keys) v1 ==== 907+0+0 (secure 0 0 0) 0x7fdd8800dc00 con 0x7fdd98063f40
2020-03-28T16:41:56.805 INFO:teuthology.orchestra.run.smithi040.stderr:DEBUG:cephadm:/usr/bin/ceph:stderr
2020-03-28T16:41:56.801+0000 7fdd94ff9700 1 -- 172.21.15.40:0/98287602 <== mon.0 v2:172.21.15.40:3300/0 8 ==== mon_command_ack([{"prefix": "config assimilate-conf"}]=0 v2) v1 ==== 70+0+338 (secure 0 0 0) 0x7fdd88014be0 con 0x7fdd98063f40
2020-03-28T16:41:56.808 INFO:teuthology.orchestra.run.smithi040.stderr:DEBUG:cephadm:/usr/bin/ceph:stdout
2020-03-28T16:41:56.808 INFO:teuthology.orchestra.run.smithi040.stderr:DEBUG:cephadm:/usr/bin/ceph:stdout [global]
2020-03-28T16:41:56.808 INFO:teuthology.orchestra.run.smithi040.stderr:DEBUG:cephadm:/usr/bin/ceph:stdout fsid = f22683ee-7112-11ea-924b-001a4aab830c
2020-03-28T16:41:56.809 INFO:teuthology.orchestra.run.smithi040.stderr:DEBUG:cephadm:/usr/bin/ceph:stdout mon_host = [v2:172.21.15.40:3300,v1:172.21.15.40:6789]
2020-03-28T16:41:56.809 INFO:teuthology.orchestra.run.smithi040.stderr:DEBUG:cephadm:/usr/bin/ceph:stdout mon_osd_allow_pg_remap = true
2020-03-28T16:41:56.809 INFO:teuthology.orchestra.run.smithi040.stderr:DEBUG:cephadm:/usr/bin/ceph:stdout mon_osd_allow_primary_affinity = true
2020-03-28T16:41:56.809 INFO:teuthology.orchestra.run.smithi040.stderr:DEBUG:cephadm:/usr/bin/ceph:stdout mon_warn_on_no_sortbitwise = false
2020-03-28T16:41:56.809 INFO:teuthology.orchestra.run.smithi040.stderr:DEBUG:cephadm:/usr/bin/ceph:stdout osd_crush_chooseleaf_type = 0
2020-03-28T16:41:56.809 INFO:teuthology.orchestra.run.smithi040.stderr:DEBUG:cephadm:/usr/bin/ceph:stdout
2020-03-28T16:41:56.809 INFO:teuthology.orchestra.run.smithi040.stderr:DEBUG:cephadm:/usr/bin/ceph:stdout [mgr]
2020-03-28T16:41:56.809 INFO:teuthology.orchestra.run.smithi040.stderr:DEBUG:cephadm:/usr/bin/ceph:stdout mgr/telemetry/nag = false
2020-03-28T16:41:56.810 INFO:teuthology.orchestra.run.smithi040.stderr:DEBUG:cephadm:/usr/bin/ceph:stdout
2020-03-28T16:41:56.810 INFO:teuthology.orchestra.run.smithi040.stderr:DEBUG:cephadm:/usr/bin/ceph:stdout [osd]
2020-03-28T16:41:56.810 INFO:teuthology.orchestra.run.smithi040.stderr:DEBUG:cephadm:/usr/bin/ceph:stdout osd_map_max_advance = 10
2020-03-28T16:41:56.810 INFO:teuthology.orchestra.run.smithi040.stderr:DEBUG:cephadm:/usr/bin/ceph:stdout osd_sloppy_crc = true
2020-03-28T16:41:56.810 INFO:teuthology.orchestra.run.smithi040.stderr:DEBUG:cephadm:/usr/bin/ceph:stderr
2020-03-28T16:41:56.803+0000 7fdd9d737700 1 -- 172.21.15.40:0/98287602 >> [v2:172.21.15.40:3300/0,v1:172.21.15.40:6789/0] conn(0x7fdd98063f40 msgr2=0x7fdd9806e740 secure :-1 s=STATE_CONNECTION_ESTABLISHED l=1).mark_down
2020-03-28T16:41:56.810 INFO:teuthology.orchestra.run.smithi040.stderr:DEBUG:cephadm:/usr/bin/ceph:stderr
2020-03-28T16:41:56.803+0000 7fdd9d737700 1 --2- 172.21.15.40:0/98287602 >> [v2:172.21.15.40:3300/0,v1:172.21.15.40:6789/0] conn(0x7fdd98063f40 0x7fdd9806e740 secure :-1 s=READY pgs=4 cs=0 l=1 rx=0x7fdd88002f30 tx=0x7fdd88007a40).stop
2020-03-28T16:41:56.810 INFO:teuthology.orchestra.run.smithi040.stderr:DEBUG:cephadm:/usr/bin/ceph:stderr
2020-03-28T16:41:56.803+0000 7fdd9d737700 1 -- 172.21.15.40:0/98287602 shutdown_connections
2020-03-28T16:41:56.811 INFO:teuthology.orchestra.run.smithi040.stderr:DEBUG:cephadm:/usr/bin/ceph:stderr
2020-03-28T16:41:56.803+0000 7fdd9d737700 1 --2- 172.21.15.40:0/98287602 >> [v2:172.21.15.40:3300/0,v1:172.21.15.40:6789/0] conn(0x7fdd98063f40 0x7fdd9806e740 unknown :-1 s=CLOSED pgs=4 cs=0 l=1 rx=0 tx=0).stop
2020-03-28T16:41:56.811 INFO:teuthology.orchestra.run.smithi040.stderr:DEBUG:cephadm:/usr/bin/ceph:stderr
2020-03-28T16:41:56.803+0000 7fdd9d737700 1 -- 172.21.15.40:0/98287602 >> 172.21.15.40:0/98287602 conn(0x7fdd9805f5a0 msgr2=0x7fdd980601a0 unknown :-1 s=STATE_NONE l=0).mark_down
2020-03-28T16:41:56.811 INFO:teuthology.orchestra.run.smithi040.stderr:DEBUG:cephadm:/usr/bin/ceph:stderr
2020-03-28T16:41:56.803+0000 7fdd9d737700 1 -- 172.21.15.40:0/98287602 shutdown_connections
2020-03-28T16:41:56.811 INFO:teuthology.orchestra.run.smithi040.stderr:DEBUG:cephadm:/usr/bin/ceph:stderr
2020-03-28T16:41:56.803+0000 7fdd9d737700 1 -- 172.21.15.40:0/98287602 wait complete.
2020-03-28T16:41:57.317 INFO:teuthology.orchestra.run.smithi040.stderr:INFO:cephadm:Generating new minimal ceph.conf...
2020-03-28T16:41:57.317 INFO:teuthology.orchestra.run.smithi040.stderr:DEBUG:cephadm:['/bin/podman', 'run', '--rm', '--net=host', '-e', 'CONTAINER_IMAGE=quay.io/ceph-ci/ceph:202834d8ba82240c3c27a1437803b8cdec4bb56a', '-e', 'NODE_NAME=smithi040', '-v', '/var/log/ceph/f22683ee-7112-11ea-924b-001a4aab830c:/var/log/ceph:z', '-v', '/tmp/ceph-tmp79d6609v:/etc/ceph/ceph.client.admin.keyring:z', '-v', '/tmp/ceph-tmp7rgd47e3:/etc/ceph/ceph.conf:z', '-v', '/var/lib/ceph/f22683ee-7112-11ea-924b-001a4aab830c/mon.a:/var/lib/ceph/mon/ceph-a:z', '--entrypoint', '/usr/bin/ceph', 'quay.io/ceph-ci/ceph:202834d8ba82240c3c27a1437803b8cdec4bb56a', 'config', 'generate-minimal-conf', '-o', '/var/lib/ceph/mon/ceph-a/config']
2020-03-28T16:41:57.317 INFO:teuthology.orchestra.run.smithi040.stderr:DEBUG:cephadm:Running command: /bin/podman run --rm --net=host -e CONTAINER_IMAGE=quay.io/ceph-ci/ceph:202834d8ba82240c3c27a1437803b8cdec4bb56a -e NODE_NAME=smithi040 -v /var/log/ceph/f22683ee-7112-11ea-924b-001a4aab830c:/var/log/ceph:z -v /tmp/ceph-tmp79d6609v:/etc/ceph/ceph.client.admin.keyring:z -v /tmp/ceph-tmp7rgd47e3:/etc/ceph/ceph.conf:z -v /var/lib/ceph/f22683ee-7112-11ea-924b-001a4aab830c/mon.a:/var/lib/ceph/mon/ceph-a:z --entrypoint /usr/bin/ceph quay.io/ceph-ci/ceph:202834d8ba82240c3c27a1437803b8cdec4bb56a config generate-minimal-conf -o /var/lib/ceph/mon/ceph-a/config
2020-03-28T16:41:57.611 INFO:ceph.mon.a.smithi040.stdout:Mar 28 16:41:57 smithi040 bash[29840]: audit
2020-03-28T16:41:56.798892+0000 mon.a (mon.0) 8 : audit [INF] from='client.? 172.21.15.40:0/98287602' entity='client.admin' cmd=[{"prefix": "config assimilate-conf"}]: dispatch
2020-03-28T16:41:57.611 INFO:ceph.mon.a.smithi040.stdout:Mar 28 16:41:57 smithi040 bash[29840]: audit
2020-03-28T16:41:56.801574+0000 mon.a (mon.0) 9 : audit [INF] from='client.? 172.21.15.40:0/98287602' entity='client.admin' cmd='[{"prefix": "config assimilate-conf"}]': finished
2020-03-28T16:41:57.858 INFO:teuthology.orchestra.run.smithi040.stderr:DEBUG:cephadm:/usr/bin/ceph:stderr
2020-03-28T16:41:57.848+0000 7fa14bee3700 1 Processor -- start
2020-03-28T16:41:57.858 INFO:teuthology.orchestra.run.smithi040.stderr:DEBUG:cephadm:/usr/bin/ceph:stderr
2020-03-28T16:41:57.848+0000 7fa14bee3700 1 -- start start
2020-03-28T16:41:57.859 INFO:teuthology.orchestra.run.smithi040.stderr:DEBUG:cephadm:/usr/bin/ceph:stderr
2020-03-28T16:41:57.848+0000 7fa14bee3700 1 --2- >> [v2:172.21.15.40:3300/0,v1:172.21.15.40:6789/0] conn(0x7fa144063f40 0x7fa144064360 unknown :-1 s=NONE pgs=0 cs=0 l=0 rx=0 tx=0).connect
2020-03-28T16:41:57.859 INFO:teuthology.orchestra.run.smithi040.stderr:DEBUG:cephadm:/usr/bin/ceph:stderr
2020-03-28T16:41:57.848+0000 7fa14bee3700 1 -- --> [v2:172.21.15.40:3300/0,v1:172.21.15.40:6789/0] -- mon_getmap magic: 0 v1 -- 0x7fa144064850 con 0x7fa144063f40
2020-03-28T16:41:57.859 INFO:teuthology.orchestra.run.smithi040.stderr:DEBUG:cephadm:/usr/bin/ceph:stderr
2020-03-28T16:41:57.849+0000 7fa14a480700 1 --2- >> [v2:172.21.15.40:3300/0,v1:172.21.15.40:6789/0] conn(0x7fa144063f40 0x7fa144064360 unknown :-1 s=BANNER_CONNECTING pgs=0 cs=0 l=0 rx=0 tx=0)._handle_peer_banner_payload supported=0 required=0
2020-03-28T16:41:57.859 INFO:teuthology.orchestra.run.smithi040.stderr:DEBUG:cephadm:/usr/bin/ceph:stderr
2020-03-28T16:41:57.849+0000 7fa14a480700 1 --2- >> [v2:172.21.15.40:3300/0,v1:172.21.15.40:6789/0] conn(0x7fa144063f40 0x7fa144064360 unknown :-1 s=HELLO_CONNECTING pgs=0 cs=0 l=0 rx=0 tx=0).handle_hello peer v2:172.21.15.40:3300/0 says I am v2:172.21.15.40:49512/0 (socket says 172.21.15.40:49512)
2020-03-28T16:41:57.859 INFO:teuthology.orchestra.run.smithi040.stderr:DEBUG:cephadm:/usr/bin/ceph:stderr
2020-03-28T16:41:57.849+0000 7fa14a480700 1 -- 172.21.15.40:0/4090411128 learned_addr learned my addr 172.21.15.40:0/4090411128 (peer_addr_for_me v2:172.21.15.40:0/0)
2020-03-28T16:41:57.859 INFO:teuthology.orchestra.run.smithi040.stderr:DEBUG:cephadm:/usr/bin/ceph:stderr
2020-03-28T16:41:57.849+0000 7fa14a480700 1 -- 172.21.15.40:0/4090411128 --> [v2:172.21.15.40:3300/0,v1:172.21.15.40:6789/0] -- mon_subscribe({config=0+,monmap=0+}) v3 -- 0x7fa144064f10 con 0x7fa144063f40
2020-03-28T16:41:57.859 INFO:teuthology.orchestra.run.smithi040.stderr:DEBUG:cephadm:/usr/bin/ceph:stderr
2020-03-28T16:41:57.849+0000 7fa14a480700 1 --2- 172.21.15.40:0/4090411128 >> [v2:172.21.15.40:3300/0,v1:172.21.15.40:6789/0] conn(0x7fa144063f40 0x7fa144064360 secure :-1 s=AUTH_CONNECTING_SIGN pgs=0 cs=0 l=0 rx=0x7fa1400032b0 tx=0x7fa140007dc0).handle_read_frame_epilogue_main read frame epilogue bytes=32
2020-03-28T16:41:57.860 INFO:teuthology.orchestra.run.smithi040.stderr:DEBUG:cephadm:/usr/bin/ceph:stderr
2020-03-28T16:41:57.849+0000 7fa14a480700 1 --2- 172.21.15.40:0/4090411128 >> [v2:172.21.15.40:3300/0,v1:172.21.15.40:6789/0] conn(0x7fa144063f40 0x7fa144064360 secure :-1 s=SESSION_CONNECTING pgs=0 cs=0 l=0 rx=0x7fa1400032b0 tx=0x7fa140007dc0).handle_read_frame_epilogue_main read frame epilogue bytes=32
2020-03-28T16:41:57.860 INFO:teuthology.orchestra.run.smithi040.stderr:DEBUG:cephadm:/usr/bin/ceph:stderr
2020-03-28T16:41:57.849+0000 7fa14a480700 1 --2- 172.21.15.40:0/4090411128 >> [v2:172.21.15.40:3300/0,v1:172.21.15.40:6789/0] conn(0x7fa144063f40 0x7fa144064360 secure :-1 s=READY pgs=5 cs=0 l=1 rx=0x7fa1400032b0 tx=0x7fa140007dc0).ready entity=mon.0 client_cookie=8da498b6abbbe516 server_cookie=0 in_seq=0 out_seq=0
2020-03-28T16:41:57.860 INFO:teuthology.orchestra.run.smithi040.stderr:DEBUG:cephadm:/usr/bin/ceph:stderr
2020-03-28T16:41:57.849+0000 7fa14a480700 1 --2- 172.21.15.40:0/4090411128 >> [v2:172.21.15.40:3300/0,v1:172.21.15.40:6789/0] conn(0x7fa144063f40 0x7fa144064360 secure :-1 s=THROTTLE_DONE pgs=5 cs=0 l=1 rx=0x7fa1400032b0 tx=0x7fa140007dc0).handle_read_frame_epilogue_main read frame epilogue bytes=32
2020-03-28T16:41:57.860 INFO:teuthology.orchestra.run.smithi040.stderr:DEBUG:cephadm:/usr/bin/ceph:stderr
2020-03-28T16:41:57.849+0000 7fa14947e700 1 -- 172.21.15.40:0/4090411128 <== mon.0 v2:172.21.15.40:3300/0 1 ==== mon_map magic: 0 v1 ==== 183+0+0 (secure 0 0 0) 0x7fa140011e00 con 0x7fa144063f40
2020-03-28T16:41:57.860 INFO:teuthology.orchestra.run.smithi040.stderr:DEBUG:cephadm:/usr/bin/ceph:stderr
2020-03-28T16:41:57.849+0000 7fa14a480700 1 --2- 172.21.15.40:0/4090411128 >> [v2:172.21.15.40:3300/0,v1:172.21.15.40:6789/0] conn(0x7fa144063f40 0x7fa144064360 secure :-1 s=THROTTLE_DONE pgs=5 cs=0 l=1 rx=0x7fa1400032b0 tx=0x7fa140007dc0).handle_read_frame_epilogue_main read frame epilogue bytes=32
2020-03-28T16:41:57.860 INFO:teuthology.orchestra.run.smithi040.stderr:DEBUG:cephadm:/usr/bin/ceph:stderr
2020-03-28T16:41:57.849+0000 7fa14947e700 1 -- 172.21.15.40:0/4090411128 <== mon.0 v2:172.21.15.40:3300/0 2 ==== config(21 keys) v1 ==== 907+0+0 (secure 0 0 0) 0x7fa14000a960 con 0x7fa144063f40
2020-03-28T16:41:57.860 INFO:teuthology.orchestra.run.smithi040.stderr:DEBUG:cephadm:/usr/bin/ceph:stderr
2020-03-28T16:41:57.849+0000 7fa14a480700 1 --2- 172.21.15.40:0/4090411128 >> [v2:172.21.15.40:3300/0,v1:172.21.15.40:6789/0] conn(0x7fa144063f40 0x7fa144064360 secure :-1 s=THROTTLE_DONE pgs=5 cs=0 l=1 rx=0x7fa1400032b0 tx=0x7fa140007dc0).handle_read_frame_epilogue_main read frame epilogue bytes=32
2020-03-28T16:41:57.861 INFO:teuthology.orchestra.run.smithi040.stderr:DEBUG:cephadm:/usr/bin/ceph:stderr
2020-03-28T16:41:57.849+0000 7fa14947e700 1 -- 172.21.15.40:0/4090411128 <== mon.0 v2:172.21.15.40:3300/0 3 ==== mon_map magic: 0 v1 ==== 183+0+0 (secure 0 0 0) 0x7fa1400096d0 con 0x7fa144063f40
2020-03-28T16:41:57.861 INFO:teuthology.orchestra.run.smithi040.stderr:DEBUG:cephadm:/usr/bin/ceph:stderr
2020-03-28T16:41:57.850+0000 7fa14bee3700 1 -- 172.21.15.40:0/4090411128 >> [v2:172.21.15.40:3300/0,v1:172.21.15.40:6789/0] conn(0x7fa144063f40 msgr2=0x7fa144064360 secure :-1 s=STATE_CONNECTION_ESTABLISHED l=1).mark_down
2020-03-28T16:41:57.861 INFO:teuthology.orchestra.run.smithi040.stderr:DEBUG:cephadm:/usr/bin/ceph:stderr
2020-03-28T16:41:57.850+0000 7fa14bee3700 1 --2- 172.21.15.40:0/4090411128 >> [v2:172.21.15.40:3300/0,v1:172.21.15.40:6789/0] conn(0x7fa144063f40 0x7fa144064360 secure :-1 s=READY pgs=5 cs=0 l=1 rx=0x7fa1400032b0 tx=0x7fa140007dc0).stop
2020-03-28T16:41:57.861 INFO:teuthology.orchestra.run.smithi040.stderr:DEBUG:cephadm:/usr/bin/ceph:stderr
2020-03-28T16:41:57.850+0000 7fa14bee3700 1 -- 172.21.15.40:0/4090411128 shutdown_connections
2020-03-28T16:41:57.861 INFO:teuthology.orchestra.run.smithi040.stderr:DEBUG:cephadm:/usr/bin/ceph:stderr
2020-03-28T16:41:57.850+0000 7fa14bee3700 1 --2- 172.21.15.40:0/4090411128 >> [v2:172.21.15.40:3300/0,v1:172.21.15.40:6789/0] conn(0x7fa144063f40 0x7fa144064360 unknown :-1 s=CLOSED pgs=5 cs=0 l=1 rx=0 tx=0).stop
2020-03-28T16:41:57.861 INFO:teuthology.orchestra.run.smithi040.stderr:DEBUG:cephadm:/usr/bin/ceph:stderr
2020-03-28T16:41:57.850+0000 7fa14bee3700 1 -- 172.21.15.40:0/4090411128 >> 172.21.15.40:0/4090411128 conn(0x7fa14405f5a0 msgr2=0x7fa1440619c0 unknown :-1 s=STATE_NONE l=0).mark_down
2020-03-28T16:41:57.862 INFO:teuthology.orchestra.run.smithi040.stderr:DEBUG:cephadm:/usr/bin/ceph:stderr
2020-03-28T16:41:57.850+0000 7fa14bee3700 1 -- 172.21.15.40:0/4090411128 shutdown_connections
2020-03-28T16:41:57.862 INFO:teuthology.orchestra.run.smithi040.stderr:DEBUG:cephadm:/usr/bin/ceph:stderr
2020-03-28T16:41:57.850+0000 7fa14bee3700 1 -- 172.21.15.40:0/4090411128 wait complete.
2020-03-28T16:41:57.862 INFO:teuthology.orchestra.run.smithi040.stderr:DEBUG:cephadm:/usr/bin/ceph:stderr
2020-03-28T16:41:57.851+0000 7fa14bee3700 1 Processor -- start
2020-03-28T16:41:57.862 INFO:teuthology.orchestra.run.smithi040.stderr:DEBUG:cephadm:/usr/bin/ceph:stderr
2020-03-28T16:41:57.851+0000 7fa14bee3700 1 -- start start
2020-03-28T16:41:57.862 INFO:teuthology.orchestra.run.smithi040.stderr:DEBUG:cephadm:/usr/bin/ceph:stderr
2020-03-28T16:41:57.851+0000 7fa14bee3700 1 --2- >> [v2:172.21.15.40:3300/0,v1:172.21.15.40:6789/0] conn(0x7fa144063f40 0x7fa1440608a0 unknown :-1 s=NONE pgs=0 cs=0 l=1 rx=0 tx=0).connect
2020-03-28T16:41:57.862 INFO:teuthology.orchestra.run.smithi040.stderr:DEBUG:cephadm:/usr/bin/ceph:stderr
2020-03-28T16:41:57.851+0000 7fa14bee3700 1 -- --> [v2:172.21.15.40:3300/0,v1:172.21.15.40:6789/0] -- mon_getmap magic: 0 v1 -- 0x7fa144077770 con 0x7fa144063f40
2020-03-28T16:41:57.863 INFO:teuthology.orchestra.run.smithi040.stderr:DEBUG:cephadm:/usr/bin/ceph:stderr
2020-03-28T16:41:57.851+0000 7fa14a480700 1 --2- >> [v2:172.21.15.40:3300/0,v1:172.21.15.40:6789/0] conn(0x7fa144063f40 0x7fa1440608a0 unknown :-1 s=BANNER_CONNECTING pgs=0 cs=0 l=1 rx=0 tx=0)._handle_peer_banner_payload supported=0 required=0
2020-03-28T16:41:57.863 INFO:teuthology.orchestra.run.smithi040.stderr:DEBUG:cephadm:/usr/bin/ceph:stderr
2020-03-28T16:41:57.851+0000 7fa14a480700 1 --2- >> [v2:172.21.15.40:3300/0,v1:172.21.15.40:6789/0] conn(0x7fa144063f40 0x7fa1440608a0 unknown :-1 s=HELLO_CONNECTING pgs=0 cs=0 l=1 rx=0 tx=0).handle_hello peer v2:172.21.15.40:3300/0 says I am v2:172.21.15.40:49514/0 (socket says 172.21.15.40:49514)
2020-03-28T16:41:57.863 INFO:teuthology.orchestra.run.smithi040.stderr:DEBUG:cephadm:/usr/bin/ceph:stderr
2020-03-28T16:41:57.851+0000 7fa14a480700 1 -- 172.21.15.40:0/3176172196 learned_addr learned my addr 172.21.15.40:0/3176172196 (peer_addr_for_me v2:172.21.15.40:0/0)
2020-03-28T16:41:57.863 INFO:teuthology.orchestra.run.smithi040.stderr:DEBUG:cephadm:/usr/bin/ceph:stderr
2020-03-28T16:41:57.851+0000 7fa14a480700 1 -- 172.21.15.40:0/3176172196 --> [v2:172.21.15.40:3300/0,v1:172.21.15.40:6789/0] -- mon_subscribe({config=0+,monmap=0+}) v3 -- 0x7fa14407d830 con 0x7fa144063f40
2020-03-28T16:41:57.863 INFO:teuthology.orchestra.run.smithi040.stderr:DEBUG:cephadm:/usr/bin/ceph:stderr
2020-03-28T16:41:57.852+0000 7fa14a480700 1 --2- 172.21.15.40:0/3176172196 >> [v2:172.21.15.40:3300/0,v1:172.21.15.40:6789/0] conn(0x7fa144063f40 0x7fa1440608a0 secure :-1 s=AUTH_CONNECTING_SIGN pgs=0 cs=0 l=1 rx=0x7fa1400032b0 tx=0x7fa140007dc0).handle_read_frame_epilogue_main read frame epilogue bytes=32
2020-03-28T16:41:57.863 INFO:teuthology.orchestra.run.smithi040.stderr:DEBUG:cephadm:/usr/bin/ceph:stderr
2020-03-28T16:41:57.852+0000 7fa14a480700 1 --2- 172.21.15.40:0/3176172196 >> [v2:172.21.15.40:3300/0,v1:172.21.15.40:6789/0] conn(0x7fa144063f40 0x7fa1440608a0 secure :-1 s=SESSION_CONNECTING pgs=0 cs=0 l=1 rx=0x7fa1400032b0 tx=0x7fa140007dc0).handle_read_frame_epilogue_main read frame epilogue bytes=32
2020-03-28T16:41:57.863 INFO:teuthology.orchestra.run.smithi040.stderr:DEBUG:cephadm:/usr/bin/ceph:stderr
2020-03-28T16:41:57.852+0000 7fa14a480700 1 --2- 172.21.15.40:0/3176172196 >> [v2:172.21.15.40:3300/0,v1:172.21.15.40:6789/0] conn(0x7fa144063f40 0x7fa1440608a0 secure :-1 s=READY pgs=6 cs=0 l=1 rx=0x7fa1400032b0 tx=0x7fa140007dc0).ready entity=mon.0 client_cookie=0 server_cookie=0 in_seq=0 out_seq=0
2020-03-28T16:41:57.864 INFO:teuthology.orchestra.run.smithi040.stderr:DEBUG:cephadm:/usr/bin/ceph:stderr
2020-03-28T16:41:57.852+0000 7fa14a480700 1 --2- 172.21.15.40:0/3176172196 >> [v2:172.21.15.40:3300/0,v1:172.21.15.40:6789/0] conn(0x7fa144063f40 0x7fa1440608a0 secure :-1 s=THROTTLE_DONE pgs=6 cs=0 l=1 rx=0x7fa1400032b0 tx=0x7fa140007dc0).handle_read_frame_epilogue_main read frame epilogue bytes=32
2020-03-28T16:41:57.864 INFO:teuthology.orchestra.run.smithi040.stderr:DEBUG:cephadm:/usr/bin/ceph:stderr
2020-03-28T16:41:57.852+0000 7fa13b7fe700 1 -- 172.21.15.40:0/3176172196 <== mon.0 v2:172.21.15.40:3300/0 1 ==== mon_map magic: 0 v1 ==== 183+0+0 (secure 0 0 0) 0x7fa140005a40 con 0x7fa144063f40
2020-03-28T16:41:57.864 INFO:teuthology.orchestra.run.smithi040.stderr:DEBUG:cephadm:/usr/bin/ceph:stderr
2020-03-28T16:41:57.852+0000 7fa14a480700 1 --2- 172.21.15.40:0/3176172196 >> [v2:172.21.15.40:3300/0,v1:172.21.15.40:6789/0] conn(0x7fa144063f40 0x7fa1440608a0 secure :-1 s=THROTTLE_DONE pgs=6 cs=0 l=1 rx=0x7fa1400032b0 tx=0x7fa140007dc0).handle_read_frame_epilogue_main read frame epilogue bytes=32
2020-03-28T16:41:57.864 INFO:teuthology.orchestra.run.smithi040.stderr:DEBUG:cephadm:/usr/bin/ceph:stderr
2020-03-28T16:41:57.852+0000 7fa14a480700 1 --2- 172.21.15.40:0/3176172196 >> [v2:172.21.15.40:3300/0,v1:172.21.15.40:6789/0] conn(0x7fa144063f40 0x7fa1440608a0 secure :-1 s=THROTTLE_DONE pgs=6 cs=0 l=1 rx=0x7fa1400032b0 tx=0x7fa140007dc0).handle_read_frame_epilogue_main read frame epilogue bytes=32
2020-03-28T16:41:57.864 INFO:teuthology.orchestra.run.smithi040.stderr:DEBUG:cephadm:/usr/bin/ceph:stderr
2020-03-28T16:41:57.852+0000 7fa13b7fe700 1 -- 172.21.15.40:0/3176172196 <== mon.0 v2:172.21.15.40:3300/0 2 ==== config(21 keys) v1 ==== 907+0+0 (secure 0 0 0) 0x7fa14000a770 con 0x7fa144063f40
2020-03-28T16:41:57.864 INFO:teuthology.orchestra.run.smithi040.stderr:DEBUG:cephadm:/usr/bin/ceph:stderr
2020-03-28T16:41:57.852+0000 7fa14bee3700 1 -- 172.21.15.40:0/3176172196 --> [v2:172.21.15.40:3300/0,v1:172.21.15.40:6789/0] -- mon_subscribe({mgrmap=0+}) v3 -- 0x7fa144060dc0 con 0x7fa144063f40
2020-03-28T16:41:57.864 INFO:teuthology.orchestra.run.smithi040.stderr:DEBUG:cephadm:/usr/bin/ceph:stderr
2020-03-28T16:41:57.852+0000 7fa13b7fe700 1 -- 172.21.15.40:0/3176172196 <== mon.0 v2:172.21.15.40:3300/0 3 ==== mon_map magic: 0 v1 ==== 183+0+0 (secure 0 0 0) 0x7fa1400074a0 con 0x7fa144063f40
2020-03-28T16:41:57.865 INFO:teuthology.orchestra.run.smithi040.stderr:DEBUG:cephadm:/usr/bin/ceph:stderr
2020-03-28T16:41:57.852+0000 7fa14bee3700 1 -- 172.21.15.40:0/3176172196 --> [v2:172.21.15.40:3300/0,v1:172.21.15.40:6789/0] -- mon_subscribe({osdmap=0}) v3 -- 0x7fa1440612b0 con 0x7fa144063f40
2020-03-28T16:41:57.865 INFO:teuthology.orchestra.run.smithi040.stderr:DEBUG:cephadm:/usr/bin/ceph:stderr
2020-03-28T16:41:57.852+0000 7fa14a480700 1 --2- 172.21.15.40:0/3176172196 >> [v2:172.21.15.40:3300/0,v1:172.21.15.40:6789/0] conn(0x7fa144063f40 0x7fa1440608a0 secure :-1 s=THROTTLE_DONE pgs=6 cs=0 l=1 rx=0x7fa1400032b0 tx=0x7fa140007dc0).handle_read_frame_epilogue_main read frame epilogue bytes=32
2020-03-28T16:41:57.865 INFO:teuthology.orchestra.run.smithi040.stderr:DEBUG:cephadm:/usr/bin/ceph:stderr
2020-03-28T16:41:57.852+0000 7fa13b7fe700 1 -- 172.21.15.40:0/3176172196 <== mon.0 v2:172.21.15.40:3300/0 4 ==== mgrmap(e 1) v1 ==== 360+0+0 (secure 0 0 0) 0x7fa14000f540 con 0x7fa144063f40
2020-03-28T16:41:57.865 INFO:teuthology.orchestra.run.smithi040.stderr:DEBUG:cephadm:/usr/bin/ceph:stderr
2020-03-28T16:41:57.852+0000 7fa14a480700 1 --2- 172.21.15.40:0/3176172196 >> [v2:172.21.15.40:3300/0,v1:172.21.15.40:6789/0] conn(0x7fa144063f40 0x7fa1440608a0 secure :-1 s=THROTTLE_DONE pgs=6 cs=0 l=1 rx=0x7fa1400032b0 tx=0x7fa140007dc0).handle_read_frame_epilogue_main read frame epilogue bytes=32
2020-03-28T16:41:57.865 INFO:teuthology.orchestra.run.smithi040.stderr:DEBUG:cephadm:/usr/bin/ceph:stderr
2020-03-28T16:41:57.852+0000 7fa13b7fe700 1 -- 172.21.15.40:0/3176172196 <== mon.0 v2:172.21.15.40:3300/0 5 ==== osd_map(1..1 src has 1..1) v4 ==== 754+0+0 (secure 0 0 0) 0x7fa14000f7d0 con 0x7fa144063f40
2020-03-28T16:41:57.865 INFO:teuthology.orchestra.run.smithi040.stderr:DEBUG:cephadm:/usr/bin/ceph:stderr
2020-03-28T16:41:57.853+0000 7fa14bee3700 1 -- 172.21.15.40:0/3176172196 --> [v2:172.21.15.40:3300/0,v1:172.21.15.40:6789/0] -- mon_command({"prefix": "get_command_descriptions"} v 0) v1 -- 0x7fa144056cb0 con 0x7fa144063f40
2020-03-28T16:41:57.866 INFO:teuthology.orchestra.run.smithi040.stderr:DEBUG:cephadm:/usr/bin/ceph:stderr
2020-03-28T16:41:57.855+0000 7fa14a480700 1 --2- 172.21.15.40:0/3176172196 >> [v2:172.21.15.40:3300/0,v1:172.21.15.40:6789/0] conn(0x7fa144063f40 0x7fa1440608a0 secure :-1 s=THROTTLE_DONE pgs=6 cs=0 l=1 rx=0x7fa1400032b0 tx=0x7fa140007dc0).handle_read_frame_epilogue_main read frame epilogue bytes=32
2020-03-28T16:41:57.866 INFO:teuthology.orchestra.run.smithi040.stderr:DEBUG:cephadm:/usr/bin/ceph:stderr
2020-03-28T16:41:57.856+0000 7fa13b7fe700 1 -- 172.21.15.40:0/3176172196 <== mon.0 v2:172.21.15.40:3300/0 6 ==== mon_command_ack([{"prefix": "get_command_descriptions"}]=0 v0) v1 ==== 72+0+67700 (secure 0 0 0) 0x7fa14000a8e0 con 0x7fa144063f40
2020-03-28T16:41:57.981 INFO:teuthology.orchestra.run.smithi040.stderr:DEBUG:cephadm:/usr/bin/ceph:stderr
2020-03-28T16:41:57.977+0000 7fa14bee3700 1 -- 172.21.15.40:0/3176172196 --> [v2:172.21.15.40:3300/0,v1:172.21.15.40:6789/0] -- mon_command({"prefix": "config generate-minimal-conf"} v 0) v1 -- 0x7fa14407beb0 con 0x7fa144063f40
2020-03-28T16:41:57.981 INFO:teuthology.orchestra.run.smithi040.stderr:DEBUG:cephadm:/usr/bin/ceph:stderr
2020-03-28T16:41:57.977+0000 7fa14a480700 1 --2- 172.21.15.40:0/3176172196 >> [v2:172.21.15.40:3300/0,v1:172.21.15.40:6789/0] conn(0x7fa144063f40 0x7fa1440608a0 secure :-1 s=THROTTLE_DONE pgs=6 cs=0 l=1 rx=0x7fa1400032b0 tx=0x7fa140007dc0).handle_read_frame_epilogue_main read frame epilogue bytes=32
2020-03-28T16:41:57.981 INFO:teuthology.orchestra.run.smithi040.stderr:DEBUG:cephadm:/usr/bin/ceph:stderr
2020-03-28T16:41:57.977+0000 7fa13b7fe700 1 -- 172.21.15.40:0/3176172196 <== mon.0 v2:172.21.15.40:3300/0 7 ==== mon_command_ack([{"prefix": "config generate-minimal-conf"}]=0 v2) v1 ==== 76+0+175 (secure 0 0 0) 0x7fa14000aa80 con 0x7fa144063f40
2020-03-28T16:41:57.982 INFO:teuthology.orchestra.run.smithi040.stderr:DEBUG:cephadm:/usr/bin/ceph:stderr
2020-03-28T16:41:57.978+0000 7fa14bee3700 1 -- 172.21.15.40:0/3176172196 >> [v2:172.21.15.40:3300/0,v1:172.21.15.40:6789/0] conn(0x7fa144063f40 msgr2=0x7fa1440608a0 secure :-1 s=STATE_CONNECTION_ESTABLISHED l=1).mark_down
2020-03-28T16:41:57.982 INFO:teuthology.orchestra.run.smithi040.stderr:DEBUG:cephadm:/usr/bin/ceph:stderr
2020-03-28T16:41:57.978+0000 7fa14bee3700 1 --2- 172.21.15.40:0/3176172196 >> [v2:172.21.15.40:3300/0,v1:172.21.15.40:6789/0] conn(0x7fa144063f40 0x7fa1440608a0 secure :-1 s=READY pgs=6 cs=0 l=1 rx=0x7fa1400032b0 tx=0x7fa140007dc0).stop
2020-03-28T16:41:57.982 INFO:teuthology.orchestra.run.smithi040.stderr:DEBUG:cephadm:/usr/bin/ceph:stderr
2020-03-28T16:41:57.978+0000 7fa14bee3700 1 -- 172.21.15.40:0/3176172196 shutdown_connections
2020-03-28T16:41:57.982 INFO:teuthology.orchestra.run.smithi040.stderr:DEBUG:cephadm:/usr/bin/ceph:stderr
2020-03-28T16:41:57.978+0000 7fa14bee3700 1 --2- 172.21.15.40:0/3176172196 >> [v2:172.21.15.40:3300/0,v1:172.21.15.40:6789/0] conn(0x7fa144063f40 0x7fa1440608a0 unknown :-1 s=CLOSED pgs=6 cs=0 l=1 rx=0 tx=0).stop
2020-03-28T16:41:57.983 INFO:teuthology.orchestra.run.smithi040.stderr:DEBUG:cephadm:/usr/bin/ceph:stderr
2020-03-28T16:41:57.978+0000 7fa14bee3700 1 -- 172.21.15.40:0/3176172196 >> 172.21.15.40:0/3176172196 conn(0x7fa14405f5a0 msgr2=0x7fa144062950 unknown :-1 s=STATE_NONE l=0).mark_down
2020-03-28T16:41:57.983 INFO:teuthology.orchestra.run.smithi040.stderr:DEBUG:cephadm:/usr/bin/ceph:stderr
2020-03-28T16:41:57.978+0000 7fa14bee3700 1 -- 172.21.15.40:0/3176172196 shutdown_connections
2020-03-28T16:41:57.983 INFO:teuthology.orchestra.run.smithi040.stderr:DEBUG:cephadm:/usr/bin/ceph:stderr
2020-03-28T16:41:57.978+0000 7fa14bee3700 1 -- 172.21.15.40:0/3176172196 wait complete.
2020-03-28T16:41:58.378 INFO:ceph.mon.a.smithi040.stdout:Mar 28 16:41:58 smithi040 bash[29840]: audit
