2020-03-28T16:40:22.005+0000 7fed3da67700 1 --2- 172.21.15.145:0/1164833564 >> [v2:172.21.15.145:3300/0,v1:172.21.15.145:6789/0] conn(0x7fed38063e40 0x7fed38064260 secure :-1 s=THROTTLE_DONE pgs=7 cs=0 l=1 rx=0x7fed28002f30 tx=0x7fed28007a40).handle_read_frame_epilogue_main read frame epilogue bytes=32
2020-03-28T16:40:22.017 INFO:teuthology.orchestra.run.smithi145.stderr:DEBUG:cephadm:/usr/bin/ceph:stderr
2020-03-28T16:40:22.005+0000 7fed3da67700 1 --2- 172.21.15.145:0/1164833564 >> [v2:172.21.15.145:3300/0,v1:172.21.15.145:6789/0] conn(0x7fed38063e40 0x7fed38064260 secure :-1 s=THROTTLE_DONE pgs=7 cs=0 l=1 rx=0x7fed28002f30 tx=0x7fed28007a40).handle_read_frame_epilogue_main read frame epilogue bytes=32
2020-03-28T16:40:22.017 INFO:teuthology.orchestra.run.smithi145.stderr:DEBUG:cephadm:/usr/bin/ceph:stderr
2020-03-28T16:40:22.005+0000 7fed3ca65700 1 -- 172.21.15.145:0/1164833564 <== mon.0 v2:172.21.15.145:3300/0 2 ==== config(23 keys) v1 ==== 958+0+0 (secure 0 0 0) 0x7fed280116c0 con 0x7fed38063e40
2020-03-28T16:40:22.018 INFO:teuthology.orchestra.run.smithi145.stderr:DEBUG:cephadm:/usr/bin/ceph:stderr
2020-03-28T16:40:22.005+0000 7fed3ca65700 1 -- 172.21.15.145:0/1164833564 <== mon.0 v2:172.21.15.145:3300/0 3 ==== mon_map magic: 0 v1 ==== 183+0+0 (secure 0 0 0) 0x7fed2800aa10 con 0x7fed38063e40
2020-03-28T16:40:22.018 INFO:teuthology.orchestra.run.smithi145.stderr:DEBUG:cephadm:/usr/bin/ceph:stderr
2020-03-28T16:40:22.005+0000 7fed3f4ca700 1 -- 172.21.15.145:0/1164833564 >> [v2:172.21.15.145:3300/0,v1:172.21.15.145:6789/0] conn(0x7fed38063e40 msgr2=0x7fed38064260 secure :-1 s=STATE_CONNECTION_ESTABLISHED l=1).mark_down
2020-03-28T16:40:22.018 INFO:teuthology.orchestra.run.smithi145.stderr:DEBUG:cephadm:/usr/bin/ceph:stderr
2020-03-28T16:40:22.005+0000 7fed3f4ca700 1 --2- 172.21.15.145:0/1164833564 >> [v2:172.21.15.145:3300/0,v1:172.21.15.145:6789/0] conn(0x7fed38063e40 0x7fed38064260 secure :-1 s=READY pgs=7 cs=0 l=1 rx=0x7fed28002f30 tx=0x7fed28007a40).stop
2020-03-28T16:40:22.018 INFO:teuthology.orchestra.run.smithi145.stderr:DEBUG:cephadm:/usr/bin/ceph:stderr
2020-03-28T16:40:22.006+0000 7fed3f4ca700 1 -- 172.21.15.145:0/1164833564 shutdown_connections
2020-03-28T16:40:22.018 INFO:teuthology.orchestra.run.smithi145.stderr:DEBUG:cephadm:/usr/bin/ceph:stderr
2020-03-28T16:40:22.006+0000 7fed3f4ca700 1 --2- 172.21.15.145:0/1164833564 >> [v2:172.21.15.145:3300/0,v1:172.21.15.145:6789/0] conn(0x7fed38063e40 0x7fed38064260 unknown :-1 s=CLOSED pgs=7 cs=0 l=1 rx=0 tx=0).stop
2020-03-28T16:40:22.018 INFO:teuthology.orchestra.run.smithi145.stderr:DEBUG:cephadm:/usr/bin/ceph:stderr
2020-03-28T16:40:22.006+0000 7fed3f4ca700 1 -- 172.21.15.145:0/1164833564 >> 172.21.15.145:0/1164833564 conn(0x7fed3805f5a0 msgr2=0x7fed380619c0 unknown :-1 s=STATE_NONE l=0).mark_down
2020-03-28T16:40:22.018 INFO:teuthology.orchestra.run.smithi145.stderr:DEBUG:cephadm:/usr/bin/ceph:stderr
2020-03-28T16:40:22.006+0000 7fed3f4ca700 1 -- 172.21.15.145:0/1164833564 shutdown_connections
2020-03-28T16:40:22.019 INFO:teuthology.orchestra.run.smithi145.stderr:DEBUG:cephadm:/usr/bin/ceph:stderr
2020-03-28T16:40:22.006+0000 7fed3f4ca700 1 -- 172.21.15.145:0/1164833564 wait complete.
2020-03-28T16:40:22.019 INFO:teuthology.orchestra.run.smithi145.stderr:DEBUG:cephadm:/usr/bin/ceph:stderr
2020-03-28T16:40:22.006+0000 7fed3f4ca700 1 Processor -- start
2020-03-28T16:40:22.019 INFO:teuthology.orchestra.run.smithi145.stderr:DEBUG:cephadm:/usr/bin/ceph:stderr
2020-03-28T16:40:22.006+0000 7fed3f4ca700 1 -- start start
2020-03-28T16:40:22.019 INFO:teuthology.orchestra.run.smithi145.stderr:DEBUG:cephadm:/usr/bin/ceph:stderr
2020-03-28T16:40:22.006+0000 7fed3f4ca700 1 --2- >> [v2:172.21.15.145:3300/0,v1:172.21.15.145:6789/0] conn(0x7fed38063e40 0x7fed38075210 unknown :-1 s=NONE pgs=0 cs=0 l=1 rx=0 tx=0).connect
2020-03-28T16:40:22.019 INFO:teuthology.orchestra.run.smithi145.stderr:DEBUG:cephadm:/usr/bin/ceph:stderr
2020-03-28T16:40:22.006+0000 7fed3f4ca700 1 -- --> [v2:172.21.15.145:3300/0,v1:172.21.15.145:6789/0] -- mon_getmap magic: 0 v1 -- 0x7fed38075700 con 0x7fed38063e40
2020-03-28T16:40:22.019 INFO:teuthology.orchestra.run.smithi145.stderr:DEBUG:cephadm:/usr/bin/ceph:stderr
2020-03-28T16:40:22.006+0000 7fed3da67700 1 --2- >> [v2:172.21.15.145:3300/0,v1:172.21.15.145:6789/0] conn(0x7fed38063e40 0x7fed38075210 unknown :-1 s=BANNER_CONNECTING pgs=0 cs=0 l=1 rx=0 tx=0)._handle_peer_banner_payload supported=0 required=0
2020-03-28T16:40:22.019 INFO:teuthology.orchestra.run.smithi145.stderr:DEBUG:cephadm:/usr/bin/ceph:stderr
2020-03-28T16:40:22.006+0000 7fed3da67700 1 --2- >> [v2:172.21.15.145:3300/0,v1:172.21.15.145:6789/0] conn(0x7fed38063e40 0x7fed38075210 unknown :-1 s=HELLO_CONNECTING pgs=0 cs=0 l=1 rx=0 tx=0).handle_hello peer v2:172.21.15.145:3300/0 says I am v2:172.21.15.145:41386/0 (socket says 172.21.15.145:41386)
2020-03-28T16:40:22.019 INFO:teuthology.orchestra.run.smithi145.stderr:DEBUG:cephadm:/usr/bin/ceph:stderr
2020-03-28T16:40:22.006+0000 7fed3da67700 1 -- 172.21.15.145:0/2312435313 learned_addr learned my addr 172.21.15.145:0/2312435313 (peer_addr_for_me v2:172.21.15.145:0/0)
2020-03-28T16:40:22.020 INFO:teuthology.orchestra.run.smithi145.stderr:DEBUG:cephadm:/usr/bin/ceph:stderr
2020-03-28T16:40:22.007+0000 7fed3da67700 1 -- 172.21.15.145:0/2312435313 --> [v2:172.21.15.145:3300/0,v1:172.21.15.145:6789/0] -- mon_subscribe({config=0+,monmap=0+}) v3 -- 0x7fed38075840 con 0x7fed38063e40
2020-03-28T16:40:22.020 INFO:teuthology.orchestra.run.smithi145.stderr:DEBUG:cephadm:/usr/bin/ceph:stderr
2020-03-28T16:40:22.007+0000 7fed3da67700 1 --2- 172.21.15.145:0/2312435313 >> [v2:172.21.15.145:3300/0,v1:172.21.15.145:6789/0] conn(0x7fed38063e40 0x7fed38075210 secure :-1 s=AUTH_CONNECTING_SIGN pgs=0 cs=0 l=1 rx=0x7fed28002f30 tx=0x7fed28007a40).handle_read_frame_epilogue_main read frame epilogue bytes=32
2020-03-28T16:40:22.020 INFO:teuthology.orchestra.run.smithi145.stderr:DEBUG:cephadm:/usr/bin/ceph:stderr
2020-03-28T16:40:22.007+0000 7fed3da67700 1 --2- 172.21.15.145:0/2312435313 >> [v2:172.21.15.145:3300/0,v1:172.21.15.145:6789/0] conn(0x7fed38063e40 0x7fed38075210 secure :-1 s=SESSION_CONNECTING pgs=0 cs=0 l=1 rx=0x7fed28002f30 tx=0x7fed28007a40).handle_read_frame_epilogue_main read frame epilogue bytes=32
2020-03-28T16:40:22.020 INFO:teuthology.orchestra.run.smithi145.stderr:DEBUG:cephadm:/usr/bin/ceph:stderr
2020-03-28T16:40:22.007+0000 7fed3da67700 1 --2- 172.21.15.145:0/2312435313 >> [v2:172.21.15.145:3300/0,v1:172.21.15.145:6789/0] conn(0x7fed38063e40 0x7fed38075210 secure :-1 s=READY pgs=8 cs=0 l=1 rx=0x7fed28002f30 tx=0x7fed28007a40).ready entity=mon.0 client_cookie=0 server_cookie=0 in_seq=0 out_seq=0
2020-03-28T16:40:22.020 INFO:teuthology.orchestra.run.smithi145.stderr:DEBUG:cephadm:/usr/bin/ceph:stderr
2020-03-28T16:40:22.007+0000 7fed3da67700 1 --2- 172.21.15.145:0/2312435313 >> [v2:172.21.15.145:3300/0,v1:172.21.15.145:6789/0] conn(0x7fed38063e40 0x7fed38075210 secure :-1 s=THROTTLE_DONE pgs=8 cs=0 l=1 rx=0x7fed28002f30 tx=0x7fed28007a40).handle_read_frame_epilogue_main read frame epilogue bytes=32
2020-03-28T16:40:22.020 INFO:teuthology.orchestra.run.smithi145.stderr:DEBUG:cephadm:/usr/bin/ceph:stderr
2020-03-28T16:40:22.007+0000 7fed36ffd700 1 -- 172.21.15.145:0/2312435313 <== mon.0 v2:172.21.15.145:3300/0 1 ==== mon_map magic: 0 v1 ==== 183+0+0 (secure 0 0 0) 0x7fed2800f740 con 0x7fed38063e40
2020-03-28T16:40:22.021 INFO:teuthology.orchestra.run.smithi145.stderr:DEBUG:cephadm:/usr/bin/ceph:stderr
2020-03-28T16:40:22.007+0000 7fed3da67700 1 --2- 172.21.15.145:0/2312435313 >> [v2:172.21.15.145:3300/0,v1:172.21.15.145:6789/0] conn(0x7fed38063e40 0x7fed38075210 secure :-1 s=THROTTLE_DONE pgs=8 cs=0 l=1 rx=0x7fed28002f30 tx=0x7fed28007a40).handle_read_frame_epilogue_main read frame epilogue bytes=32
2020-03-28T16:40:22.021 INFO:teuthology.orchestra.run.smithi145.stderr:DEBUG:cephadm:/usr/bin/ceph:stderr
2020-03-28T16:40:22.007+0000 7fed3f4ca700 1 -- 172.21.15.145:0/2312435313 --> [v2:172.21.15.145:3300/0,v1:172.21.15.145:6789/0] -- mon_subscribe({mgrmap=0+}) v3 -- 0x7fed38075af0 con 0x7fed38063e40
2020-03-28T16:40:22.021 INFO:teuthology.orchestra.run.smithi145.stderr:DEBUG:cephadm:/usr/bin/ceph:stderr
2020-03-28T16:40:22.007+0000 7fed3da67700 1 --2- 172.21.15.145:0/2312435313 >> [v2:172.21.15.145:3300/0,v1:172.21.15.145:6789/0] conn(0x7fed38063e40 0x7fed38075210 secure :-1 s=THROTTLE_DONE pgs=8 cs=0 l=1 rx=0x7fed28002f30 tx=0x7fed28007a40).handle_read_frame_epilogue_main read frame epilogue bytes=32
2020-03-28T16:40:22.022 INFO:teuthology.orchestra.run.smithi145.stderr:DEBUG:cephadm:/usr/bin/ceph:stderr
2020-03-28T16:40:22.007+0000 7fed36ffd700 1 -- 172.21.15.145:0/2312435313 <== mon.0 v2:172.21.15.145:3300/0 2 ==== config(23 keys) v1 ==== 958+0+0 (secure 0 0 0) 0x7fed2800f8a0 con 0x7fed38063e40
2020-03-28T16:40:22.022 INFO:teuthology.orchestra.run.smithi145.stderr:DEBUG:cephadm:/usr/bin/ceph:stderr
2020-03-28T16:40:22.007+0000 7fed36ffd700 1 -- 172.21.15.145:0/2312435313 <== mon.0 v2:172.21.15.145:3300/0 3 ==== mon_map magic: 0 v1 ==== 183+0+0 (secure 0 0 0) 0x7fed2800a290 con 0x7fed38063e40
2020-03-28T16:40:22.022 INFO:teuthology.orchestra.run.smithi145.stderr:DEBUG:cephadm:/usr/bin/ceph:stderr
2020-03-28T16:40:22.007+0000 7fed3f4ca700 1 -- 172.21.15.145:0/2312435313 --> [v2:172.21.15.145:3300/0,v1:172.21.15.145:6789/0] -- mon_subscribe({osdmap=0}) v3 -- 0x7fed380783a0 con 0x7fed38063e40
2020-03-28T16:40:22.022 INFO:teuthology.orchestra.run.smithi145.stderr:DEBUG:cephadm:/usr/bin/ceph:stderr
2020-03-28T16:40:22.007+0000 7fed3da67700 1 --2- 172.21.15.145:0/2312435313 >> [v2:172.21.15.145:3300/0,v1:172.21.15.145:6789/0] conn(0x7fed38063e40 0x7fed38075210 secure :-1 s=THROTTLE_DONE pgs=8 cs=0 l=1 rx=0x7fed28002f30 tx=0x7fed28007a40).handle_read_frame_epilogue_main read frame epilogue bytes=32
2020-03-28T16:40:22.022 INFO:teuthology.orchestra.run.smithi145.stderr:DEBUG:cephadm:/usr/bin/ceph:stderr
2020-03-28T16:40:22.007+0000 7fed3da67700 1 --2- 172.21.15.145:0/2312435313 >> [v2:172.21.15.145:3300/0,v1:172.21.15.145:6789/0] conn(0x7fed38063e40 0x7fed38075210 secure :-1 s=THROTTLE_DONE pgs=8 cs=0 l=1 rx=0x7fed28002f30 tx=0x7fed28007a40).handle_read_frame_epilogue_main read frame epilogue bytes=32
2020-03-28T16:40:22.022 INFO:teuthology.orchestra.run.smithi145.stderr:DEBUG:cephadm:/usr/bin/ceph:stderr
2020-03-28T16:40:22.007+0000 7fed36ffd700 1 -- 172.21.15.145:0/2312435313 <== mon.0 v2:172.21.15.145:3300/0 4 ==== mgrmap(e 1) v1 ==== 360+0+0 (secure 0 0 0) 0x7fed2800a910 con 0x7fed38063e40
2020-03-28T16:40:22.022 INFO:teuthology.orchestra.run.smithi145.stderr:DEBUG:cephadm:/usr/bin/ceph:stderr
2020-03-28T16:40:22.007+0000 7fed36ffd700 1 -- 172.21.15.145:0/2312435313 <== mon.0 v2:172.21.15.145:3300/0 5 ==== osd_map(1..1 src has 1..1) v4 ==== 754+0+0 (secure 0 0 0) 0x7fed2800c330 con 0x7fed38063e40
2020-03-28T16:40:22.023 INFO:teuthology.orchestra.run.smithi145.stderr:DEBUG:cephadm:/usr/bin/ceph:stderr
2020-03-28T16:40:22.009+0000 7fed3f4ca700 1 -- 172.21.15.145:0/2312435313 --> [v2:172.21.15.145:3300/0,v1:172.21.15.145:6789/0] -- mon_command({"prefix": "get_command_descriptions"} v 0) v1 -- 0x7fed38056cb0 con 0x7fed38063e40
2020-03-28T16:40:22.023 INFO:teuthology.orchestra.run.smithi145.stderr:DEBUG:cephadm:/usr/bin/ceph:stderr
2020-03-28T16:40:22.011+0000 7fed3da67700 1 --2- 172.21.15.145:0/2312435313 >> [v2:172.21.15.145:3300/0,v1:172.21.15.145:6789/0] conn(0x7fed38063e40 0x7fed38075210 secure :-1 s=THROTTLE_DONE pgs=8 cs=0 l=1 rx=0x7fed28002f30 tx=0x7fed28007a40).handle_read_frame_epilogue_main read frame epilogue bytes=32
2020-03-28T16:40:22.023 INFO:teuthology.orchestra.run.smithi145.stderr:DEBUG:cephadm:/usr/bin/ceph:stderr
2020-03-28T16:40:22.011+0000 7fed36ffd700 1 -- 172.21.15.145:0/2312435313 <== mon.0 v2:172.21.15.145:3300/0 6 ==== mon_command_ack([{"prefix": "get_command_descriptions"}]=0 v0) v1 ==== 72+0+67700 (secure 0 0 0) 0x7fed280056c0 con 0x7fed38063e40
2020-03-28T16:40:22.096 INFO:teuthology.orchestra.run.smithi145.stderr:DEBUG:cephadm:/usr/bin/ceph:stderr
2020-03-28T16:40:22.085+0000 7fed3f4ca700 1 -- 172.21.15.145:0/2312435313 --> [v2:172.21.15.145:3300/0,v1:172.21.15.145:6789/0] -- mon_command({"prefix": "status", "format": "json-pretty"} v 0) v1 -- 0x7fed38075ec0 con 0x7fed38063e40
2020-03-28T16:40:22.097 INFO:teuthology.orchestra.run.smithi145.stderr:DEBUG:cephadm:/usr/bin/ceph:stderr
2020-03-28T16:40:22.086+0000 7fed3da67700 1 --2- 172.21.15.145:0/2312435313 >> [v2:172.21.15.145:3300/0,v1:172.21.15.145:6789/0] conn(0x7fed38063e40 0x7fed38075210 secure :-1 s=THROTTLE_DONE pgs=8 cs=0 l=1 rx=0x7fed28002f30 tx=0x7fed28007a40).handle_read_frame_epilogue_main read frame epilogue bytes=32
2020-03-28T16:40:22.097 INFO:teuthology.orchestra.run.smithi145.stderr:DEBUG:cephadm:/usr/bin/ceph:stderr
2020-03-28T16:40:22.086+0000 7fed36ffd700 1 -- 172.21.15.145:0/2312435313 <== mon.0 v2:172.21.15.145:3300/0 7 ==== mon_command_ack([{"prefix": "status", "format": "json-pretty"}]=0 v0) v1 ==== 79+0+1222 (secure 0 0 0) 0x7fed2800c540 con 0x7fed38063e40
2020-03-28T16:40:22.097 INFO:teuthology.orchestra.run.smithi145.stderr:DEBUG:cephadm:/usr/bin/ceph:stdout
2020-03-28T16:40:22.097 INFO:teuthology.orchestra.run.smithi145.stderr:DEBUG:cephadm:/usr/bin/ceph:stdout {
2020-03-28T16:40:22.097 INFO:teuthology.orchestra.run.smithi145.stderr:DEBUG:cephadm:/usr/bin/ceph:stdout "fsid": "b4d67de6-7112-11ea-924b-001a4aab830c",
2020-03-28T16:40:22.098 INFO:teuthology.orchestra.run.smithi145.stderr:DEBUG:cephadm:/usr/bin/ceph:stdout "health": {
2020-03-28T16:40:22.098 INFO:teuthology.orchestra.run.smithi145.stderr:DEBUG:cephadm:/usr/bin/ceph:stdout "status": "HEALTH_OK",
2020-03-28T16:40:22.098 INFO:teuthology.orchestra.run.smithi145.stderr:DEBUG:cephadm:/usr/bin/ceph:stdout "checks": {},
2020-03-28T16:40:22.098 INFO:teuthology.orchestra.run.smithi145.stderr:DEBUG:cephadm:/usr/bin/ceph:stdout "mutes": []
2020-03-28T16:40:22.098 INFO:teuthology.orchestra.run.smithi145.stderr:DEBUG:cephadm:/usr/bin/ceph:stdout },
2020-03-28T16:40:22.098 INFO:teuthology.orchestra.run.smithi145.stderr:DEBUG:cephadm:/usr/bin/ceph:stdout "election_epoch": 5,
2020-03-28T16:40:22.099 INFO:teuthology.orchestra.run.smithi145.stderr:DEBUG:cephadm:/usr/bin/ceph:stdout "quorum": [
2020-03-28T16:40:22.099 INFO:teuthology.orchestra.run.smithi145.stderr:DEBUG:cephadm:/usr/bin/ceph:stdout 0
2020-03-28T16:40:22.099 INFO:teuthology.orchestra.run.smithi145.stderr:DEBUG:cephadm:/usr/bin/ceph:stdout ],
2020-03-28T16:40:22.099 INFO:teuthology.orchestra.run.smithi145.stderr:DEBUG:cephadm:/usr/bin/ceph:stdout "quorum_names": [
2020-03-28T16:40:22.099 INFO:teuthology.orchestra.run.smithi145.stderr:DEBUG:cephadm:/usr/bin/ceph:stdout "a"
2020-03-28T16:40:22.099 INFO:teuthology.orchestra.run.smithi145.stderr:DEBUG:cephadm:/usr/bin/ceph:stdout ],
2020-03-28T16:40:22.099 INFO:teuthology.orchestra.run.smithi145.stderr:DEBUG:cephadm:/usr/bin/ceph:stdout "quorum_age": 4,
2020-03-28T16:40:22.100 INFO:teuthology.orchestra.run.smithi145.stderr:DEBUG:cephadm:/usr/bin/ceph:stdout "monmap": {
2020-03-28T16:40:22.100 INFO:teuthology.orchestra.run.smithi145.stderr:DEBUG:cephadm:/usr/bin/ceph:stdout "epoch": 1,
2020-03-28T16:40:22.100 INFO:teuthology.orchestra.run.smithi145.stderr:DEBUG:cephadm:/usr/bin/ceph:stdout "min_mon_release_name": "octopus",
2020-03-28T16:40:22.100 INFO:teuthology.orchestra.run.smithi145.stderr:DEBUG:cephadm:/usr/bin/ceph:stdout "num_mons": 1
2020-03-28T16:40:22.100 INFO:teuthology.orchestra.run.smithi145.stderr:DEBUG:cephadm:/usr/bin/ceph:stdout },
2020-03-28T16:40:22.100 INFO:teuthology.orchestra.run.smithi145.stderr:DEBUG:cephadm:/usr/bin/ceph:stdout "osdmap": {
2020-03-28T16:40:22.100 INFO:teuthology.orchestra.run.smithi145.stderr:DEBUG:cephadm:/usr/bin/ceph:stdout "epoch": 1,
2020-03-28T16:40:22.101 INFO:teuthology.orchestra.run.smithi145.stderr:DEBUG:cephadm:/usr/bin/ceph:stdout "num_osds": 0,
2020-03-28T16:40:22.101 INFO:teuthology.orchestra.run.smithi145.stderr:DEBUG:cephadm:/usr/bin/ceph:stdout "num_up_osds": 0,
2020-03-28T16:40:22.101 INFO:teuthology.orchestra.run.smithi145.stderr:DEBUG:cephadm:/usr/bin/ceph:stdout "osd_up_since": 0,
2020-03-28T16:40:22.101 INFO:teuthology.orchestra.run.smithi145.stderr:DEBUG:cephadm:/usr/bin/ceph:stdout "num_in_osds": 0,
2020-03-28T16:40:22.101 INFO:teuthology.orchestra.run.smithi145.stderr:DEBUG:cephadm:/usr/bin/ceph:stdout "osd_in_since": 0,
2020-03-28T16:40:22.101 INFO:teuthology.orchestra.run.smithi145.stderr:DEBUG:cephadm:/usr/bin/ceph:stdout "num_remapped_pgs": 0
2020-03-28T16:40:22.101 INFO:teuthology.orchestra.run.smithi145.stderr:DEBUG:cephadm:/usr/bin/ceph:stdout },
2020-03-28T16:40:22.101 INFO:teuthology.orchestra.run.smithi145.stderr:DEBUG:cephadm:/usr/bin/ceph:stdout "pgmap": {
2020-03-28T16:40:22.102 INFO:teuthology.orchestra.run.smithi145.stderr:DEBUG:cephadm:/usr/bin/ceph:stdout "pgs_by_state": [],
2020-03-28T16:40:22.102 INFO:teuthology.orchestra.run.smithi145.stderr:DEBUG:cephadm:/usr/bin/ceph:stdout "num_pgs": 0,
2020-03-28T16:40:22.102 INFO:teuthology.orchestra.run.smithi145.stderr:DEBUG:cephadm:/usr/bin/ceph:stdout "num_pools": 0,
2020-03-28T16:40:22.102 INFO:teuthology.orchestra.run.smithi145.stderr:DEBUG:cephadm:/usr/bin/ceph:stdout "num_objects": 0,
2020-03-28T16:40:22.102 INFO:teuthology.orchestra.run.smithi145.stderr:DEBUG:cephadm:/usr/bin/ceph:stdout "data_bytes": 0,
2020-03-28T16:40:22.102 INFO:teuthology.orchestra.run.smithi145.stderr:DEBUG:cephadm:/usr/bin/ceph:stdout "bytes_used": 0,
2020-03-28T16:40:22.102 INFO:teuthology.orchestra.run.smithi145.stderr:DEBUG:cephadm:/usr/bin/ceph:stdout "bytes_avail": 0,
2020-03-28T16:40:22.103 INFO:teuthology.orchestra.run.smithi145.stderr:DEBUG:cephadm:/usr/bin/ceph:stdout "bytes_total": 0
2020-03-28T16:40:22.103 INFO:teuthology.orchestra.run.smithi145.stderr:DEBUG:cephadm:/usr/bin/ceph:stdout },
2020-03-28T16:40:22.103 INFO:teuthology.orchestra.run.smithi145.stderr:DEBUG:cephadm:/usr/bin/ceph:stdout "fsmap": {
2020-03-28T16:40:22.104 INFO:teuthology.orchestra.run.smithi145.stderr:DEBUG:cephadm:/usr/bin/ceph:stdout "epoch": 1,
2020-03-28T16:40:22.104 INFO:teuthology.orchestra.run.smithi145.stderr:DEBUG:cephadm:/usr/bin/ceph:stdout "by_rank": [],
2020-03-28T16:40:22.104 INFO:teuthology.orchestra.run.smithi145.stderr:DEBUG:cephadm:/usr/bin/ceph:stdout "up:standby": 0
2020-03-28T16:40:22.104 INFO:teuthology.orchestra.run.smithi145.stderr:DEBUG:cephadm:/usr/bin/ceph:stdout },
2020-03-28T16:40:22.105 INFO:teuthology.orchestra.run.smithi145.stderr:DEBUG:cephadm:/usr/bin/ceph:stdout "mgrmap": {
2020-03-28T16:40:22.105 INFO:teuthology.orchestra.run.smithi145.stderr:DEBUG:cephadm:/usr/bin/ceph:stdout "available": false,
2020-03-28T16:40:22.105 INFO:teuthology.orchestra.run.smithi145.stderr:DEBUG:cephadm:/usr/bin/ceph:stdout "num_standbys": 0,
2020-03-28T16:40:22.105 INFO:teuthology.orchestra.run.smithi145.stderr:DEBUG:cephadm:/usr/bin/ceph:stdout "modules": [
2020-03-28T16:40:22.105 INFO:teuthology.orchestra.run.smithi145.stderr:DEBUG:cephadm:/usr/bin/ceph:stdout "iostat",
2020-03-28T16:40:22.105 INFO:teuthology.orchestra.run.smithi145.stderr:DEBUG:cephadm:/usr/bin/ceph:stdout "restful"
2020-03-28T16:40:22.106 INFO:teuthology.orchestra.run.smithi145.stderr:DEBUG:cephadm:/usr/bin/ceph:stdout ],
2020-03-28T16:40:22.106 INFO:teuthology.orchestra.run.smithi145.stderr:DEBUG:cephadm:/usr/bin/ceph:stdout "services": {}
2020-03-28T16:40:22.106 INFO:teuthology.orchestra.run.smithi145.stderr:DEBUG:cephadm:/usr/bin/ceph:stdout },
2020-03-28T16:40:22.107 INFO:teuthology.orchestra.run.smithi145.stderr:DEBUG:cephadm:/usr/bin/ceph:stdout "servicemap": {
2020-03-28T16:40:22.107 INFO:teuthology.orchestra.run.smithi145.stderr:DEBUG:cephadm:/usr/bin/ceph:stdout "epoch": 1,
2020-03-28T16:40:22.107 INFO:teuthology.orchestra.run.smithi145.stderr:DEBUG:cephadm:/usr/bin/ceph:stdout "modified": "2020-03-28T16:40:12.844169+0000",
2020-03-28T16:40:22.107 INFO:teuthology.orchestra.run.smithi145.stderr:DEBUG:cephadm:/usr/bin/ceph:stdout "services": {}
2020-03-28T16:40:22.107 INFO:teuthology.orchestra.run.smithi145.stderr:DEBUG:cephadm:/usr/bin/ceph:stdout },
2020-03-28T16:40:22.108 INFO:teuthology.orchestra.run.smithi145.stderr:DEBUG:cephadm:/usr/bin/ceph:stdout "progress_events": {}
2020-03-28T16:40:22.108 INFO:teuthology.orchestra.run.smithi145.stderr:DEBUG:cephadm:/usr/bin/ceph:stdout }
2020-03-28T16:40:22.108 INFO:teuthology.orchestra.run.smithi145.stderr:DEBUG:cephadm:/usr/bin/ceph:stderr
2020-03-28T16:40:22.087+0000 7fed3f4ca700 1 -- 172.21.15.145:0/2312435313 >> [v2:172.21.15.145:3300/0,v1:172.21.15.145:6789/0] conn(0x7fed38063e40 msgr2=0x7fed38075210 secure :-1 s=STATE_CONNECTION_ESTABLISHED l=1).mark_down
2020-03-28T16:40:22.108 INFO:teuthology.orchestra.run.smithi145.stderr:DEBUG:cephadm:/usr/bin/ceph:stderr
2020-03-28T16:40:22.087+0000 7fed3f4ca700 1 --2- 172.21.15.145:0/2312435313 >> [v2:172.21.15.145:3300/0,v1:172.21.15.145:6789/0] conn(0x7fed38063e40 0x7fed38075210 secure :-1 s=READY pgs=8 cs=0 l=1 rx=0x7fed28002f30 tx=0x7fed28007a40).stop
2020-03-28T16:40:22.108 INFO:teuthology.orchestra.run.smithi145.stderr:DEBUG:cephadm:/usr/bin/ceph:stderr
2020-03-28T16:40:22.088+0000 7fed3f4ca700 1 -- 172.21.15.145:0/2312435313 shutdown_connections
2020-03-28T16:40:22.108 INFO:teuthology.orchestra.run.smithi145.stderr:DEBUG:cephadm:/usr/bin/ceph:stderr
2020-03-28T16:40:22.088+0000 7fed3f4ca700 1 --2- 172.21.15.145:0/2312435313 >> [v2:172.21.15.145:3300/0,v1:172.21.15.145:6789/0] conn(0x7fed38063e40 0x7fed38075210 unknown :-1 s=CLOSED pgs=8 cs=0 l=1 rx=0 tx=0).stop
2020-03-28T16:40:22.108 INFO:teuthology.orchestra.run.smithi145.stderr:DEBUG:cephadm:/usr/bin/ceph:stderr
2020-03-28T16:40:22.088+0000 7fed3f4ca700 1 -- 172.21.15.145:0/2312435313 >> 172.21.15.145:0/2312435313 conn(0x7fed3805f5a0 msgr2=0x7fed380601a0 unknown :-1 s=STATE_NONE l=0).mark_down
2020-03-28T16:40:22.109 INFO:teuthology.orchestra.run.smithi145.stderr:DEBUG:cephadm:/usr/bin/ceph:stderr
2020-03-28T16:40:22.088+0000 7fed3f4ca700 1 -- 172.21.15.145:0/2312435313 shutdown_connections
2020-03-28T16:40:22.109 INFO:teuthology.orchestra.run.smithi145.stderr:DEBUG:cephadm:/usr/bin/ceph:stderr
2020-03-28T16:40:22.088+0000 7fed3f4ca700 1 -- 172.21.15.145:0/2312435313 wait complete.
2020-03-28T16:40:22.266 INFO:ceph.mon.a.smithi145.stdout:Mar 28 16:40:22 smithi145 bash[25504]: audit
2020-03-28T16:40:22.086459+0000 mon.a (mon.0) 9 : audit [DBG] from='client.? 172.21.15.145:0/2312435313' entity='client.admin' cmd=[{"prefix": "status", "format": "json-pretty"}]: dispatch
2020-03-28T16:40:22.493 INFO:teuthology.orchestra.run.smithi145.stderr:INFO:cephadm:mgr not available, waiting (2/10)...
2020-03-28T16:40:23.494 INFO:teuthology.orchestra.run.smithi145.stderr:DEBUG:cephadm:['/bin/podman', 'run', '--rm', '--net=host', '-e', 'CONTAINER_IMAGE=quay.io/ceph-ci/ceph:202834d8ba82240c3c27a1437803b8cdec4bb56a', '-e', 'NODE_NAME=smithi145', '-v', '/var/log/ceph/b4d67de6-7112-11ea-924b-001a4aab830c:/var/log/ceph:z', '-v', '/tmp/ceph-tmpcu3o9kej:/etc/ceph/ceph.client.admin.keyring:z', '-v', '/tmp/ceph-tmpc4y9kgf8:/etc/ceph/ceph.conf:z', '--entrypoint', '/usr/bin/ceph', 'quay.io/ceph-ci/ceph:202834d8ba82240c3c27a1437803b8cdec4bb56a', 'status', '-f', 'json-pretty']
2020-03-28T16:40:23.495 INFO:teuthology.orchestra.run.smithi145.stderr:DEBUG:cephadm:Running command: /bin/podman run --rm --net=host -e CONTAINER_IMAGE=quay.io/ceph-ci/ceph:202834d8ba82240c3c27a1437803b8cdec4bb56a -e NODE_NAME=smithi145 -v /var/log/ceph/b4d67de6-7112-11ea-924b-001a4aab830c:/var/log/ceph:z -v /tmp/ceph-tmpcu3o9kej:/etc/ceph/ceph.client.admin.keyring:z -v /tmp/ceph-tmpc4y9kgf8:/etc/ceph/ceph.conf:z --entrypoint /usr/bin/ceph quay.io/ceph-ci/ceph:202834d8ba82240c3c27a1437803b8cdec4bb56a status -f json-pretty
2020-03-28T16:40:23.995 INFO:ceph.mon.a.smithi145.stdout:Mar 28 16:40:23 smithi145 bash[25504]: cluster
2020-03-28T16:40:23.170516+0000 mon.a (mon.0) 10 : cluster [INF] Activating manager daemon y
2020-03-28T16:40:23.996 INFO:ceph.mon.a.smithi145.stdout:Mar 28 16:40:23 smithi145 bash[25504]: cluster
2020-03-28T16:40:23.172783+0000 mon.a (mon.0) 11 : cluster [DBG] mgrmap e2: y(active, starting, since 0.00236481s)
2020-03-28T16:40:23.996 INFO:ceph.mon.a.smithi145.stdout:Mar 28 16:40:23 smithi145 bash[25504]: audit
2020-03-28T16:40:23.173276+0000 mon.a (mon.0) 12 : audit [DBG] from='mgr.14100 172.21.15.145:0/93111092' entity='mgr.y' cmd=[{"prefix": "mds metadata"}]: dispatch
2020-03-28T16:40:23.996 INFO:ceph.mon.a.smithi145.stdout:Mar 28 16:40:23 smithi145 bash[25504]: audit
2020-03-28T16:40:23.173387+0000 mon.a (mon.0) 13 : audit [DBG] from='mgr.14100 172.21.15.145:0/93111092' entity='mgr.y' cmd=[{"prefix": "osd metadata"}]: dispatch
2020-03-28T16:40:23.996 INFO:ceph.mon.a.smithi145.stdout:Mar 28 16:40:23 smithi145 bash[25504]: audit
2020-03-28T16:40:23.173486+0000 mon.a (mon.0) 14 : audit [DBG] from='mgr.14100 172.21.15.145:0/93111092' entity='mgr.y' cmd=[{"prefix": "mon metadata"}]: dispatch
2020-03-28T16:40:23.996 INFO:ceph.mon.a.smithi145.stdout:Mar 28 16:40:23 smithi145 bash[25504]: audit
2020-03-28T16:40:23.173995+0000 mon.a (mon.0) 15 : audit [DBG] from='mgr.14100 172.21.15.145:0/93111092' entity='mgr.y' cmd=[{"prefix": "mgr metadata", "who": "y", "id": "y"}]: dispatch
2020-03-28T16:40:23.996 INFO:ceph.mon.a.smithi145.stdout:Mar 28 16:40:23 smithi145 bash[25504]: audit
2020-03-28T16:40:23.174186+0000 mon.a (mon.0) 16 : audit [DBG] from='mgr.14100 172.21.15.145:0/93111092' entity='mgr.y' cmd=[{"prefix": "config-key ls"}]: dispatch
2020-03-28T16:40:23.997 INFO:ceph.mon.a.smithi145.stdout:Mar 28 16:40:23 smithi145 bash[25504]: cluster
2020-03-28T16:40:23.175912+0000 mon.a (mon.0) 17 : cluster [INF] Manager daemon y is now available
2020-03-28T16:40:23.997 INFO:ceph.mon.a.smithi145.stdout:Mar 28 16:40:23 smithi145 bash[25504]: audit
2020-03-28T16:40:23.185207+0000 mon.a (mon.0) 18 : audit [INF] from='mgr.14100 172.21.15.145:0/93111092' entity='mgr.y' cmd=[{"prefix": "osd pool create", "format": "json", "pool": "device_health_metrics", "pg_num": 1, "pg_num_min": 1}]: dispatch
2020-03-28T16:40:23.997 INFO:ceph.mon.a.smithi145.stdout:Mar 28 16:40:23 smithi145 bash[25504]: audit
2020-03-28T16:40:23.425949+0000 mon.a (mon.0) 19 : audit [INF] from='mgr.14100 172.21.15.145:0/93111092' entity='mgr.y' cmd='[{"prefix": "osd pool create", "format": "json", "pool": "device_health_metrics", "pg_num": 1, "pg_num_min": 1}]': finished
2020-03-28T16:40:23.997 INFO:ceph.mon.a.smithi145.stdout:Mar 28 16:40:23 smithi145 bash[25504]: cluster
2020-03-28T16:40:23.425979+0000 mon.a (mon.0) 20 : cluster [DBG] osdmap e2: 0 total, 0 up, 0 in
2020-03-28T16:40:23.997 INFO:ceph.mon.a.smithi145.stdout:Mar 28 16:40:23 smithi145 bash[25504]: audit
2020-03-28T16:40:23.426249+0000 mon.a (mon.0) 21 : audit [INF] from='mgr.14100 172.21.15.145:0/93111092' entity='mgr.y' cmd=[{"prefix":"config-key set","key":"mgr/telemetry/report_id","val":"beb64c05-0d42-46fa-8419-768a8e25c556"}]: dispatch
2020-03-28T16:40:23.997 INFO:ceph.mon.a.smithi145.stdout:Mar 28 16:40:23 smithi145 bash[25504]: audit
2020-03-28T16:40:23.426872+0000 mon.a (mon.0) 22 : audit [INF] from='mgr.14100 172.21.15.145:0/93111092' entity='mgr.y' cmd=[{"prefix": "osd pool application enable", "format": "json", "pool": "device_health_metrics", "app": "mgr_devicehealth"}]: dispatch
2020-03-28T16:40:23.997 INFO:ceph.mon.a.smithi145.stdout:Mar 28 16:40:23 smithi145 bash[25504]: audit
2020-03-28T16:40:23.430638+0000 mon.a (mon.0) 23 : audit [INF] from='mgr.14100 172.21.15.145:0/93111092' entity='mgr.y' cmd='[{"prefix":"config-key set","key":"mgr/telemetry/report_id","val":"beb64c05-0d42-46fa-8419-768a8e25c556"}]': finished
2020-03-28T16:40:23.998 INFO:ceph.mon.a.smithi145.stdout:Mar 28 16:40:23 smithi145 bash[25504]: audit
2020-03-28T16:40:23.431017+0000 mon.a (mon.0) 24 : audit [INF] from='mgr.14100 172.21.15.145:0/93111092' entity='mgr.y' cmd=[{"prefix":"config-key set","key":"mgr/telemetry/salt","val":"21c4c0e7-4f6c-4d5e-b115-bc60a8628339"}]: dispatch
2020-03-28T16:40:23.998 INFO:ceph.mon.a.smithi145.stdout:Mar 28 16:40:23 smithi145 bash[25504]: audit
2020-03-28T16:40:23.435766+0000 mon.a (mon.0) 25 : audit [INF] from='mgr.14100 172.21.15.145:0/93111092' entity='mgr.y' cmd='[{"prefix":"config-key set","key":"mgr/telemetry/salt","val":"21c4c0e7-4f6c-4d5e-b115-bc60a8628339"}]': finished
2020-03-28T16:40:24.089 INFO:teuthology.orchestra.run.smithi145.stderr:DEBUG:cephadm:/usr/bin/ceph:stderr
2020-03-28T16:40:24.077+0000 7f90303d8700 1 Processor -- start
2020-03-28T16:40:24.090 INFO:teuthology.orchestra.run.smithi145.stderr:DEBUG:cephadm:/usr/bin/ceph:stderr
2020-03-28T16:40:24.077+0000 7f90303d8700 1 -- start start
2020-03-28T16:40:24.090 INFO:teuthology.orchestra.run.smithi145.stderr:DEBUG:cephadm:/usr/bin/ceph:stderr
2020-03-28T16:40:24.078+0000 7f90303d8700 1 --2- >> [v2:172.21.15.145:3300/0,v1:172.21.15.145:6789/0] conn(0x7f9028063e40 0x7f9028064260 unknown :-1 s=NONE pgs=0 cs=0 l=0 rx=0 tx=0).connect
2020-03-28T16:40:24.090 INFO:teuthology.orchestra.run.smithi145.stderr:DEBUG:cephadm:/usr/bin/ceph:stderr
2020-03-28T16:40:24.078+0000 7f90303d8700 1 -- --> [v2:172.21.15.145:3300/0,v1:172.21.15.145:6789/0] -- mon_getmap magic: 0 v1 -- 0x7f9028064750 con 0x7f9028063e40
2020-03-28T16:40:24.090 INFO:teuthology.orchestra.run.smithi145.stderr:DEBUG:cephadm:/usr/bin/ceph:stderr
2020-03-28T16:40:24.078+0000 7f902e975700 1 --2- >> [v2:172.21.15.145:3300/0,v1:172.21.15.145:6789/0] conn(0x7f9028063e40 0x7f9028064260 unknown :-1 s=BANNER_CONNECTING pgs=0 cs=0 l=0 rx=0 tx=0)._handle_peer_banner_payload supported=0 required=0
2020-03-28T16:40:24.090 INFO:teuthology.orchestra.run.smithi145.stderr:DEBUG:cephadm:/usr/bin/ceph:stderr
2020-03-28T16:40:24.078+0000 7f902e975700 1 --2- >> [v2:172.21.15.145:3300/0,v1:172.21.15.145:6789/0] conn(0x7f9028063e40 0x7f9028064260 unknown :-1 s=HELLO_CONNECTING pgs=0 cs=0 l=0 rx=0 tx=0).handle_hello peer v2:172.21.15.145:3300/0 says I am v2:172.21.15.145:41402/0 (socket says 172.21.15.145:41402)
2020-03-28T16:40:24.090 INFO:teuthology.orchestra.run.smithi145.stderr:DEBUG:cephadm:/usr/bin/ceph:stderr
2020-03-28T16:40:24.078+0000 7f902e975700 1 -- 172.21.15.145:0/1421349915 learned_addr learned my addr 172.21.15.145:0/1421349915 (peer_addr_for_me v2:172.21.15.145:0/0)
2020-03-28T16:40:24.091 INFO:teuthology.orchestra.run.smithi145.stderr:DEBUG:cephadm:/usr/bin/ceph:stderr
2020-03-28T16:40:24.078+0000 7f902e975700 1 -- 172.21.15.145:0/1421349915 --> [v2:172.21.15.145:3300/0,v1:172.21.15.145:6789/0] -- mon_subscribe({config=0+,monmap=0+}) v3 -- 0x7f9028064f70 con 0x7f9028063e40
2020-03-28T16:40:24.091 INFO:teuthology.orchestra.run.smithi145.stderr:DEBUG:cephadm:/usr/bin/ceph:stderr
2020-03-28T16:40:24.078+0000 7f902e975700 1 --2- 172.21.15.145:0/1421349915 >> [v2:172.21.15.145:3300/0,v1:172.21.15.145:6789/0] conn(0x7f9028063e40 0x7f9028064260 secure :-1 s=AUTH_CONNECTING_SIGN pgs=0 cs=0 l=0 rx=0x7f901c002f30 tx=0x7f901c007a40).handle_read_frame_epilogue_main read frame epilogue bytes=32
2020-03-28T16:40:24.091 INFO:teuthology.orchestra.run.smithi145.stderr:DEBUG:cephadm:/usr/bin/ceph:stderr
2020-03-28T16:40:24.078+0000 7f902e975700 1 --2- 172.21.15.145:0/1421349915 >> [v2:172.21.15.145:3300/0,v1:172.21.15.145:6789/0] conn(0x7f9028063e40 0x7f9028064260 secure :-1 s=SESSION_CONNECTING pgs=0 cs=0 l=0 rx=0x7f901c002f30 tx=0x7f901c007a40).handle_read_frame_epilogue_main read frame epilogue bytes=32
2020-03-28T16:40:24.091 INFO:teuthology.orchestra.run.smithi145.stderr:DEBUG:cephadm:/usr/bin/ceph:stderr
2020-03-28T16:40:24.078+0000 7f902e975700 1 --2- 172.21.15.145:0/1421349915 >> [v2:172.21.15.145:3300/0,v1:172.21.15.145:6789/0] conn(0x7f9028063e40 0x7f9028064260 secure :-1 s=READY pgs=16 cs=0 l=1 rx=0x7f901c002f30 tx=0x7f901c007a40).ready entity=mon.0 client_cookie=df37ed0ba47b1eed server_cookie=0 in_seq=0 out_seq=0
2020-03-28T16:40:24.091 INFO:teuthology.orchestra.run.smithi145.stderr:DEBUG:cephadm:/usr/bin/ceph:stderr
2020-03-28T16:40:24.078+0000 7f902e975700 1 --2- 172.21.15.145:0/1421349915 >> [v2:172.21.15.145:3300/0,v1:172.21.15.145:6789/0] conn(0x7f9028063e40 0x7f9028064260 secure :-1 s=THROTTLE_DONE pgs=16 cs=0 l=1 rx=0x7f901c002f30 tx=0x7f901c007a40).handle_read_frame_epilogue_main read frame epilogue bytes=32
2020-03-28T16:40:24.091 INFO:teuthology.orchestra.run.smithi145.stderr:DEBUG:cephadm:/usr/bin/ceph:stderr
2020-03-28T16:40:24.078+0000 7f902e975700 1 --2- 172.21.15.145:0/1421349915 >> [v2:172.21.15.145:3300/0,v1:172.21.15.145:6789/0] conn(0x7f9028063e40 0x7f9028064260 secure :-1 s=THROTTLE_DONE pgs=16 cs=0 l=1 rx=0x7f901c002f30 tx=0x7f901c007a40).handle_read_frame_epilogue_main read frame epilogue bytes=32
2020-03-28T16:40:24.091 INFO:teuthology.orchestra.run.smithi145.stderr:DEBUG:cephadm:/usr/bin/ceph:stderr
2020-03-28T16:40:24.078+0000 7f902d973700 1 -- 172.21.15.145:0/1421349915 <== mon.0 v2:172.21.15.145:3300/0 1 ==== mon_map magic: 0 v1 ==== 183+0+0 (secure 0 0 0) 0x7f901c011560 con 0x7f9028063e40
2020-03-28T16:40:24.092 INFO:teuthology.orchestra.run.smithi145.stderr:DEBUG:cephadm:/usr/bin/ceph:stderr
2020-03-28T16:40:24.078+0000 7f902e975700 1 --2- 172.21.15.145:0/1421349915 >> [v2:172.21.15.145:3300/0,v1:172.21.15.145:6789/0] conn(0x7f9028063e40 0x7f9028064260 secure :-1 s=THROTTLE_DONE pgs=16 cs=0 l=1 rx=0x7f901c002f30 tx=0x7f901c007a40).handle_read_frame_epilogue_main read frame epilogue bytes=32
2020-03-28T16:40:24.092 INFO:teuthology.orchestra.run.smithi145.stderr:DEBUG:cephadm:/usr/bin/ceph:stderr
2020-03-28T16:40:24.078+0000 7f902d973700 1 -- 172.21.15.145:0/1421349915 <== mon.0 v2:172.21.15.145:3300/0 2 ==== config(23 keys) v1 ==== 958+0+0 (secure 0 0 0) 0x7f901c0116c0 con 0x7f9028063e40
2020-03-28T16:40:24.092 INFO:teuthology.orchestra.run.smithi145.stderr:DEBUG:cephadm:/usr/bin/ceph:stderr
2020-03-28T16:40:24.078+0000 7f902d973700 1 -- 172.21.15.145:0/1421349915 <== mon.0 v2:172.21.15.145:3300/0 3 ==== mon_map magic: 0 v1 ==== 183+0+0 (secure 0 0 0) 0x7f901c00aa10 con 0x7f9028063e40
2020-03-28T16:40:24.092 INFO:teuthology.orchestra.run.smithi145.stderr:DEBUG:cephadm:/usr/bin/ceph:stderr
2020-03-28T16:40:24.078+0000 7f90303d8700 1 -- 172.21.15.145:0/1421349915 >> [v2:172.21.15.145:3300/0,v1:172.21.15.145:6789/0] conn(0x7f9028063e40 msgr2=0x7f9028064260 secure :-1 s=STATE_CONNECTION_ESTABLISHED l=1).mark_down
2020-03-28T16:40:24.092 INFO:teuthology.orchestra.run.smithi145.stderr:DEBUG:cephadm:/usr/bin/ceph:stderr
2020-03-28T16:40:24.078+0000 7f90303d8700 1 --2- 172.21.15.145:0/1421349915 >> [v2:172.21.15.145:3300/0,v1:172.21.15.145:6789/0] conn(0x7f9028063e40 0x7f9028064260 secure :-1 s=READY pgs=16 cs=0 l=1 rx=0x7f901c002f30 tx=0x7f901c007a40).stop
2020-03-28T16:40:24.092 INFO:teuthology.orchestra.run.smithi145.stderr:DEBUG:cephadm:/usr/bin/ceph:stderr
2020-03-28T16:40:24.079+0000 7f90303d8700 1 -- 172.21.15.145:0/1421349915 shutdown_connections
2020-03-28T16:40:24.093 INFO:teuthology.orchestra.run.smithi145.stderr:DEBUG:cephadm:/usr/bin/ceph:stderr
2020-03-28T16:40:24.079+0000 7f90303d8700 1 --2- 172.21.15.145:0/1421349915 >> [v2:172.21.15.145:3300/0,v1:172.21.15.145:6789/0] conn(0x7f9028063e40 0x7f9028064260 unknown :-1 s=CLOSED pgs=16 cs=0 l=1 rx=0 tx=0).stop
2020-03-28T16:40:24.093 INFO:teuthology.orchestra.run.smithi145.stderr:DEBUG:cephadm:/usr/bin/ceph:stderr
2020-03-28T16:40:24.079+0000 7f90303d8700 1 -- 172.21.15.145:0/1421349915 >> 172.21.15.145:0/1421349915 conn(0x7f902805f5a0 msgr2=0x7f90280619c0 unknown :-1 s=STATE_NONE l=0).mark_down
2020-03-28T16:40:24.093 INFO:teuthology.orchestra.run.smithi145.stderr:DEBUG:cephadm:/usr/bin/ceph:stderr
2020-03-28T16:40:24.079+0000 7f90303d8700 1 -- 172.21.15.145:0/1421349915 shutdown_connections
2020-03-28T16:40:24.093 INFO:teuthology.orchestra.run.smithi145.stderr:DEBUG:cephadm:/usr/bin/ceph:stderr
2020-03-28T16:40:24.079+0000 7f90303d8700 1 -- 172.21.15.145:0/1421349915 wait complete.
2020-03-28T16:40:24.093 INFO:teuthology.orchestra.run.smithi145.stderr:DEBUG:cephadm:/usr/bin/ceph:stderr
2020-03-28T16:40:24.079+0000 7f90303d8700 1 Processor -- start
2020-03-28T16:40:24.093 INFO:teuthology.orchestra.run.smithi145.stderr:DEBUG:cephadm:/usr/bin/ceph:stderr
2020-03-28T16:40:24.080+0000 7f90303d8700 1 -- start start
2020-03-28T16:40:24.093 INFO:teuthology.orchestra.run.smithi145.stderr:DEBUG:cephadm:/usr/bin/ceph:stderr
2020-03-28T16:40:24.080+0000 7f90303d8700 1 --2- >> [v2:172.21.15.145:3300/0,v1:172.21.15.145:6789/0] conn(0x7f9028063e40 0x7f9028079b00 unknown :-1 s=NONE pgs=0 cs=0 l=1 rx=0 tx=0).connect
2020-03-28T16:40:24.094 INFO:teuthology.orchestra.run.smithi145.stderr:DEBUG:cephadm:/usr/bin/ceph:stderr
2020-03-28T16:40:24.080+0000 7f90303d8700 1 -- --> [v2:172.21.15.145:3300/0,v1:172.21.15.145:6789/0] -- mon_getmap magic: 0 v1 -- 0x7f9028061470 con 0x7f9028063e40
2020-03-28T16:40:24.094 INFO:teuthology.orchestra.run.smithi145.stderr:DEBUG:cephadm:/usr/bin/ceph:stderr
2020-03-28T16:40:24.080+0000 7f902e975700 1 --2- >> [v2:172.21.15.145:3300/0,v1:172.21.15.145:6789/0] conn(0x7f9028063e40 0x7f9028079b00 unknown :-1 s=BANNER_CONNECTING pgs=0 cs=0 l=1 rx=0 tx=0)._handle_peer_banner_payload supported=0 required=0
2020-03-28T16:40:24.094 INFO:teuthology.orchestra.run.smithi145.stderr:DEBUG:cephadm:/usr/bin/ceph:stderr
2020-03-28T16:40:24.080+0000 7f902e975700 1 --2- >> [v2:172.21.15.145:3300/0,v1:172.21.15.145:6789/0] conn(0x7f9028063e40 0x7f9028079b00 unknown :-1 s=HELLO_CONNECTING pgs=0 cs=0 l=1 rx=0 tx=0).handle_hello peer v2:172.21.15.145:3300/0 says I am v2:172.21.15.145:41404/0 (socket says 172.21.15.145:41404)
2020-03-28T16:40:24.094 INFO:teuthology.orchestra.run.smithi145.stderr:DEBUG:cephadm:/usr/bin/ceph:stderr
2020-03-28T16:40:24.080+0000 7f902e975700 1 -- 172.21.15.145:0/3036473416 learned_addr learned my addr 172.21.15.145:0/3036473416 (peer_addr_for_me v2:172.21.15.145:0/0)
2020-03-28T16:40:24.094 INFO:teuthology.orchestra.run.smithi145.stderr:DEBUG:cephadm:/usr/bin/ceph:stderr
2020-03-28T16:40:24.080+0000 7f902e975700 1 -- 172.21.15.145:0/3036473416 --> [v2:172.21.15.145:3300/0,v1:172.21.15.145:6789/0] -- mon_subscribe({config=0+,monmap=0+}) v3 -- 0x7f90280615b0 con 0x7f9028063e40
2020-03-28T16:40:24.094 INFO:teuthology.orchestra.run.smithi145.stderr:DEBUG:cephadm:/usr/bin/ceph:stderr
2020-03-28T16:40:24.080+0000 7f902e975700 1 --2- 172.21.15.145:0/3036473416 >> [v2:172.21.15.145:3300/0,v1:172.21.15.145:6789/0] conn(0x7f9028063e40 0x7f9028079b00 secure :-1 s=AUTH_CONNECTING_SIGN pgs=0 cs=0 l=1 rx=0x7f901c002f30 tx=0x7f901c007a40).handle_read_frame_epilogue_main read frame epilogue bytes=32
2020-03-28T16:40:24.094 INFO:teuthology.orchestra.run.smithi145.stderr:DEBUG:cephadm:/usr/bin/ceph:stderr
2020-03-28T16:40:24.080+0000 7f902e975700 1 --2- 172.21.15.145:0/3036473416 >> [v2:172.21.15.145:3300/0,v1:172.21.15.145:6789/0] conn(0x7f9028063e40 0x7f9028079b00 secure :-1 s=SESSION_CONNECTING pgs=0 cs=0 l=1 rx=0x7f901c002f30 tx=0x7f901c007a40).handle_read_frame_epilogue_main read frame epilogue bytes=32
2020-03-28T16:40:24.095 INFO:teuthology.orchestra.run.smithi145.stderr:DEBUG:cephadm:/usr/bin/ceph:stderr
2020-03-28T16:40:24.080+0000 7f902e975700 1 --2- 172.21.15.145:0/3036473416 >> [v2:172.21.15.145:3300/0,v1:172.21.15.145:6789/0] conn(0x7f9028063e40 0x7f9028079b00 secure :-1 s=READY pgs=17 cs=0 l=1 rx=0x7f901c002f30 tx=0x7f901c007a40).ready entity=mon.0 client_cookie=0 server_cookie=0 in_seq=0 out_seq=0
2020-03-28T16:40:24.095 INFO:teuthology.orchestra.run.smithi145.stderr:DEBUG:cephadm:/usr/bin/ceph:stderr
2020-03-28T16:40:24.080+0000 7f902e975700 1 --2- 172.21.15.145:0/3036473416 >> [v2:172.21.15.145:3300/0,v1:172.21.15.145:6789/0] conn(0x7f9028063e40 0x7f9028079b00 secure :-1 s=THROTTLE_DONE pgs=17 cs=0 l=1 rx=0x7f901c002f30 tx=0x7f901c007a40).handle_read_frame_epilogue_main read frame epilogue bytes=32
2020-03-28T16:40:24.095 INFO:teuthology.orchestra.run.smithi145.stderr:DEBUG:cephadm:/usr/bin/ceph:stderr
2020-03-28T16:40:24.080+0000 7f9027fff700 1 -- 172.21.15.145:0/3036473416 <== mon.0 v2:172.21.15.145:3300/0 1 ==== mon_map magic: 0 v1 ==== 183+0+0 (secure 0 0 0) 0x7f901c00f6c0 con 0x7f9028063e40
2020-03-28T16:40:24.095 INFO:teuthology.orchestra.run.smithi145.stderr:DEBUG:cephadm:/usr/bin/ceph:stderr
2020-03-28T16:40:24.080+0000 7f90303d8700 1 -- 172.21.15.145:0/3036473416 --> [v2:172.21.15.145:3300/0,v1:172.21.15.145:6789/0] -- mon_subscribe({mgrmap=0+}) v3 -- 0x7f902807a020 con 0x7f9028063e40
2020-03-28T16:40:24.095 INFO:teuthology.orchestra.run.smithi145.stderr:DEBUG:cephadm:/usr/bin/ceph:stderr
2020-03-28T16:40:24.080+0000 7f902e975700 1 --2- 172.21.15.145:0/3036473416 >> [v2:172.21.15.145:3300/0,v1:172.21.15.145:6789/0] conn(0x7f9028063e40 0x7f9028079b00 secure :-1 s=THROTTLE_DONE pgs=17 cs=0 l=1 rx=0x7f901c002f30 tx=0x7f901c007a40).handle_read_frame_epilogue_main read frame epilogue bytes=32
2020-03-28T16:40:24.095 INFO:teuthology.orchestra.run.smithi145.stderr:DEBUG:cephadm:/usr/bin/ceph:stderr
2020-03-28T16:40:24.080+0000 7f9027fff700 1 -- 172.21.15.145:0/3036473416 <== mon.0 v2:172.21.15.145:3300/0 2 ==== config(23 keys) v1 ==== 958+0+0 (secure 0 0 0) 0x7f901c00f820 con 0x7f9028063e40
2020-03-28T16:40:24.095 INFO:teuthology.orchestra.run.smithi145.stderr:DEBUG:cephadm:/usr/bin/ceph:stderr
2020-03-28T16:40:24.080+0000 7f902e975700 1 --2- 172.21.15.145:0/3036473416 >> [v2:172.21.15.145:3300/0,v1:172.21.15.145:6789/0] conn(0x7f9028063e40 0x7f9028079b00 secure :-1 s=THROTTLE_DONE pgs=17 cs=0 l=1 rx=0x7f901c002f30 tx=0x7f901c007a40).handle_read_frame_epilogue_main read frame epilogue bytes=32
2020-03-28T16:40:24.096 INFO:teuthology.orchestra.run.smithi145.stderr:DEBUG:cephadm:/usr/bin/ceph:stderr
2020-03-28T16:40:24.080+0000 7f90303d8700 1 -- 172.21.15.145:0/3036473416 --> [v2:172.21.15.145:3300/0,v1:172.21.15.145:6789/0] -- mon_subscribe({osdmap=0}) v3 -- 0x7f902807a510 con 0x7f9028063e40
2020-03-28T16:40:24.096 INFO:teuthology.orchestra.run.smithi145.stderr:DEBUG:cephadm:/usr/bin/ceph:stderr
2020-03-28T16:40:24.080+0000 7f9027fff700 1 -- 172.21.15.145:0/3036473416 <== mon.0 v2:172.21.15.145:3300/0 3 ==== mon_map magic: 0 v1 ==== 183+0+0 (secure 0 0 0) 0x7f901c00a290 con 0x7f9028063e40
2020-03-28T16:40:24.096 INFO:teuthology.orchestra.run.smithi145.stderr:DEBUG:cephadm:/usr/bin/ceph:stderr
2020-03-28T16:40:24.081+0000 7f902e975700 1 --2- 172.21.15.145:0/3036473416 >> [v2:172.21.15.145:3300/0,v1:172.21.15.145:6789/0] conn(0x7f9028063e40 0x7f9028079b00 secure :-1 s=THROTTLE_DONE pgs=17 cs=0 l=1 rx=0x7f901c002f30 tx=0x7f901c007a40).handle_read_frame_epilogue_main read frame epilogue bytes=32
2020-03-28T16:40:24.096 INFO:teuthology.orchestra.run.smithi145.stderr:DEBUG:cephadm:/usr/bin/ceph:stderr
2020-03-28T16:40:24.081+0000 7f902e975700 1 --2- 172.21.15.145:0/3036473416 >> [v2:172.21.15.145:3300/0,v1:172.21.15.145:6789/0] conn(0x7f9028063e40 0x7f9028079b00 secure :-1 s=THROTTLE_DONE pgs=17 cs=0 l=1 rx=0x7f901c002f30 tx=0x7f901c007a40).handle_read_frame_epilogue_main read frame epilogue bytes=32
2020-03-28T16:40:24.096 INFO:teuthology.orchestra.run.smithi145.stderr:DEBUG:cephadm:/usr/bin/ceph:stderr
2020-03-28T16:40:24.081+0000 7f9027fff700 1 -- 172.21.15.145:0/3036473416 <== mon.0 v2:172.21.15.145:3300/0 4 ==== mgrmap(e 2) v1 ==== 30427+0+0 (secure 0 0 0) 0x7f901c00a550 con 0x7f9028063e40
2020-03-28T16:40:24.096 INFO:teuthology.orchestra.run.smithi145.stderr:DEBUG:cephadm:/usr/bin/ceph:stderr
2020-03-28T16:40:24.081+0000 7f90303d8700 1 -- 172.21.15.145:0/3036473416 --> [v2:172.21.15.145:3300/0,v1:172.21.15.145:6789/0] -- mon_command({"prefix": "get_command_descriptions"} v 0) v1 -- 0x7f9028056cb0 con 0x7f9028063e40
2020-03-28T16:40:24.096 INFO:teuthology.orchestra.run.smithi145.stderr:DEBUG:cephadm:/usr/bin/ceph:stderr
2020-03-28T16:40:24.081+0000 7f9027fff700 1 -- 172.21.15.145:0/3036473416 <== mon.0 v2:172.21.15.145:3300/0 5 ==== osd_map(2..2 src has 1..2) v4 ==== 1130+0+0 (secure 0 0 0) 0x7f901c036360 con 0x7f9028063e40
2020-03-28T16:40:24.097 INFO:teuthology.orchestra.run.smithi145.stderr:DEBUG:cephadm:/usr/bin/ceph:stderr
2020-03-28T16:40:24.083+0000 7f902e975700 1 --2- 172.21.15.145:0/3036473416 >> [v2:172.21.15.145:3300/0,v1:172.21.15.145:6789/0] conn(0x7f9028063e40 0x7f9028079b00 secure :-1 s=THROTTLE_DONE pgs=17 cs=0 l=1 rx=0x7f901c002f30 tx=0x7f901c007a40).handle_read_frame_epilogue_main read frame epilogue bytes=32
2020-03-28T16:40:24.097 INFO:teuthology.orchestra.run.smithi145.stderr:DEBUG:cephadm:/usr/bin/ceph:stderr
2020-03-28T16:40:24.083+0000 7f9027fff700 1 -- 172.21.15.145:0/3036473416 <== mon.0 v2:172.21.15.145:3300/0 6 ==== mon_command_ack([{"prefix": "get_command_descriptions"}]=0 v0) v1 ==== 72+0+67700 (secure 0 0 0) 0x7f901c009bf0 con 0x7f9028063e40
2020-03-28T16:40:24.172 INFO:teuthology.orchestra.run.smithi145.stderr:DEBUG:cephadm:/usr/bin/ceph:stderr
2020-03-28T16:40:24.156+0000 7f90303d8700 1 -- 172.21.15.145:0/3036473416 --> [v2:172.21.15.145:3300/0,v1:172.21.15.145:6789/0] -- mon_command({"prefix": "status", "format": "json-pretty"} v 0) v1 -- 0x7f9028060e50 con 0x7f9028063e40
2020-03-28T16:40:24.172 INFO:teuthology.orchestra.run.smithi145.stderr:DEBUG:cephadm:/usr/bin/ceph:stderr
2020-03-28T16:40:24.156+0000 7f902e975700 1 --2- 172.21.15.145:0/3036473416 >> [v2:172.21.15.145:3300/0,v1:172.21.15.145:6789/0] conn(0x7f9028063e40 0x7f9028079b00 secure :-1 s=THROTTLE_DONE pgs=17 cs=0 l=1 rx=0x7f901c002f30 tx=0x7f901c007a40).handle_read_frame_epilogue_main read frame epilogue bytes=32
2020-03-28T16:40:24.172 INFO:teuthology.orchestra.run.smithi145.stderr:DEBUG:cephadm:/usr/bin/ceph:stderr
2020-03-28T16:40:24.156+0000 7f9027fff700 1 -- 172.21.15.145:0/3036473416 <== mon.0 v2:172.21.15.145:3300/0 7 ==== mon_command_ack([{"prefix": "status", "format": "json-pretty"}]=0 v0) v1 ==== 79+0+1222 (secure 0 0 0) 0x7f901c0154e0 con 0x7f9028063e40
2020-03-28T16:40:24.172 INFO:teuthology.orchestra.run.smithi145.stderr:DEBUG:cephadm:/usr/bin/ceph:stdout
2020-03-28T16:40:24.172 INFO:teuthology.orchestra.run.smithi145.stderr:DEBUG:cephadm:/usr/bin/ceph:stdout {
2020-03-28T16:40:24.173 INFO:teuthology.orchestra.run.smithi145.stderr:DEBUG:cephadm:/usr/bin/ceph:stdout "fsid": "b4d67de6-7112-11ea-924b-001a4aab830c",
2020-03-28T16:40:24.173 INFO:teuthology.orchestra.run.smithi145.stderr:DEBUG:cephadm:/usr/bin/ceph:stdout "health": {
2020-03-28T16:40:24.173 INFO:teuthology.orchestra.run.smithi145.stderr:DEBUG:cephadm:/usr/bin/ceph:stdout "status": "HEALTH_OK",
2020-03-28T16:40:24.173 INFO:teuthology.orchestra.run.smithi145.stderr:DEBUG:cephadm:/usr/bin/ceph:stdout "checks": {},
2020-03-28T16:40:24.173 INFO:teuthology.orchestra.run.smithi145.stderr:DEBUG:cephadm:/usr/bin/ceph:stdout "mutes": []
2020-03-28T16:40:24.173 INFO:teuthology.orchestra.run.smithi145.stderr:DEBUG:cephadm:/usr/bin/ceph:stdout },
2020-03-28T16:40:24.173 INFO:teuthology.orchestra.run.smithi145.stderr:DEBUG:cephadm:/usr/bin/ceph:stdout "election_epoch": 5,
2020-03-28T16:40:24.176 INFO:teuthology.orchestra.run.smithi145.stderr:DEBUG:cephadm:/usr/bin/ceph:stdout "quorum": [
2020-03-28T16:40:24.176 INFO:teuthology.orchestra.run.smithi145.stderr:DEBUG:cephadm:/usr/bin/ceph:stdout 0
2020-03-28T16:40:24.176 INFO:teuthology.orchestra.run.smithi145.stderr:DEBUG:cephadm:/usr/bin/ceph:stdout ],
2020-03-28T16:40:24.176 INFO:teuthology.orchestra.run.smithi145.stderr:DEBUG:cephadm:/usr/bin/ceph:stdout "quorum_names": [
2020-03-28T16:40:24.177 INFO:teuthology.orchestra.run.smithi145.stderr:DEBUG:cephadm:/usr/bin/ceph:stdout "a"
2020-03-28T16:40:24.177 INFO:teuthology.orchestra.run.smithi145.stderr:DEBUG:cephadm:/usr/bin/ceph:stdout ],
2020-03-28T16:40:24.177 INFO:teuthology.orchestra.run.smithi145.stderr:DEBUG:cephadm:/usr/bin/ceph:stdout "quorum_age": 6,
2020-03-28T16:40:24.177 INFO:teuthology.orchestra.run.smithi145.stderr:DEBUG:cephadm:/usr/bin/ceph:stdout "monmap": {
2020-03-28T16:40:24.178 INFO:teuthology.orchestra.run.smithi145.stderr:DEBUG:cephadm:/usr/bin/ceph:stdout "epoch": 1,
2020-03-28T16:40:24.178 INFO:teuthology.orchestra.run.smithi145.stderr:DEBUG:cephadm:/usr/bin/ceph:stdout "min_mon_release_name": "octopus",
2020-03-28T16:40:24.178 INFO:teuthology.orchestra.run.smithi145.stderr:DEBUG:cephadm:/usr/bin/ceph:stdout "num_mons": 1
2020-03-28T16:40:24.178 INFO:teuthology.orchestra.run.smithi145.stderr:DEBUG:cephadm:/usr/bin/ceph:stdout },
2020-03-28T16:40:24.178 INFO:teuthology.orchestra.run.smithi145.stderr:DEBUG:cephadm:/usr/bin/ceph:stdout "osdmap": {
2020-03-28T16:40:24.178 INFO:teuthology.orchestra.run.smithi145.stderr:DEBUG:cephadm:/usr/bin/ceph:stdout "epoch": 2,
2020-03-28T16:40:24.178 INFO:teuthology.orchestra.run.smithi145.stderr:DEBUG:cephadm:/usr/bin/ceph:stdout "num_osds": 0,
2020-03-28T16:40:24.178 INFO:teuthology.orchestra.run.smithi145.stderr:DEBUG:cephadm:/usr/bin/ceph:stdout "num_up_osds": 0,
2020-03-28T16:40:24.179 INFO:teuthology.orchestra.run.smithi145.stderr:DEBUG:cephadm:/usr/bin/ceph:stdout "osd_up_since": 0,
2020-03-28T16:40:24.179 INFO:teuthology.orchestra.run.smithi145.stderr:DEBUG:cephadm:/usr/bin/ceph:stdout "num_in_osds": 0,
2020-03-28T16:40:24.179 INFO:teuthology.orchestra.run.smithi145.stderr:DEBUG:cephadm:/usr/bin/ceph:stdout "osd_in_since": 0,
2020-03-28T16:40:24.179 INFO:teuthology.orchestra.run.smithi145.stderr:DEBUG:cephadm:/usr/bin/ceph:stdout "num_remapped_pgs": 0
2020-03-28T16:40:24.179 INFO:teuthology.orchestra.run.smithi145.stderr:DEBUG:cephadm:/usr/bin/ceph:stdout },
2020-03-28T16:40:24.179 INFO:teuthology.orchestra.run.smithi145.stderr:DEBUG:cephadm:/usr/bin/ceph:stdout "pgmap": {
2020-03-28T16:40:24.179 INFO:teuthology.orchestra.run.smithi145.stderr:DEBUG:cephadm:/usr/bin/ceph:stdout "pgs_by_state": [],
2020-03-28T16:40:24.180 INFO:teuthology.orchestra.run.smithi145.stderr:DEBUG:cephadm:/usr/bin/ceph:stdout "num_pgs": 0,
2020-03-28T16:40:24.180 INFO:teuthology.orchestra.run.smithi145.stderr:DEBUG:cephadm:/usr/bin/ceph:stdout "num_pools": 0,
