2021-03-30T04:40:03.236+0000 7f3653ca5700 1 --2- 172.21.15.115:0/2774099734 >> [v2:172.21.15.115:3300/0,v1:172.21.15.115:6789/0] conn(0x7f364c064b60 0x7f364c064f80 secure :-1 s=READY pgs=7 cs=0 l=1 rev1=1 rx=0x7f3648002f70 tx=0x7f3648006ec0).stop
2021-03-30T04:40:03.253 INFO:teuthology.orchestra.run.smithi115.stderr:/usr/bin/ceph: stderr
2021-03-30T04:40:03.236+0000 7f3653ca5700 1 -- 172.21.15.115:0/2774099734 shutdown_connections
2021-03-30T04:40:03.253 INFO:teuthology.orchestra.run.smithi115.stderr:/usr/bin/ceph: stderr
2021-03-30T04:40:03.236+0000 7f3653ca5700 1 --2- 172.21.15.115:0/2774099734 >> [v2:172.21.15.115:3300/0,v1:172.21.15.115:6789/0] conn(0x7f364c064b60 0x7f364c064f80 unknown :-1 s=CLOSED pgs=7 cs=0 l=1 rev1=1 rx=0 tx=0).stop
2021-03-30T04:40:03.253 INFO:teuthology.orchestra.run.smithi115.stderr:/usr/bin/ceph: stderr
2021-03-30T04:40:03.236+0000 7f3653ca5700 1 -- 172.21.15.115:0/2774099734 >> 172.21.15.115:0/2774099734 conn(0x7f364c060100 msgr2=0x7f364c062520 unknown :-1 s=STATE_NONE l=0).mark_down
2021-03-30T04:40:03.253 INFO:teuthology.orchestra.run.smithi115.stderr:/usr/bin/ceph: stderr
2021-03-30T04:40:03.236+0000 7f3653ca5700 1 -- 172.21.15.115:0/2774099734 shutdown_connections
2021-03-30T04:40:03.253 INFO:teuthology.orchestra.run.smithi115.stderr:/usr/bin/ceph: stderr
2021-03-30T04:40:03.236+0000 7f3653ca5700 1 -- 172.21.15.115:0/2774099734 wait complete.
2021-03-30T04:40:03.254 INFO:teuthology.orchestra.run.smithi115.stderr:/usr/bin/ceph: stderr
2021-03-30T04:40:03.237+0000 7f3653ca5700 1 Processor -- start
2021-03-30T04:40:03.254 INFO:teuthology.orchestra.run.smithi115.stderr:/usr/bin/ceph: stderr
2021-03-30T04:40:03.237+0000 7f3653ca5700 1 -- start start
2021-03-30T04:40:03.254 INFO:teuthology.orchestra.run.smithi115.stderr:/usr/bin/ceph: stderr
2021-03-30T04:40:03.237+0000 7f3653ca5700 1 --2- >> [v2:172.21.15.115:3300/0,v1:172.21.15.115:6789/0] conn(0x7f364c064b60 0x7f364c07a090 unknown :-1 s=NONE pgs=0 cs=0 l=1 rev1=0 rx=0 tx=0).connect
2021-03-30T04:40:03.254 INFO:teuthology.orchestra.run.smithi115.stderr:/usr/bin/ceph: stderr
2021-03-30T04:40:03.237+0000 7f3653ca5700 1 -- --> [v2:172.21.15.115:3300/0,v1:172.21.15.115:6789/0] -- mon_getmap magic: 0 v1 -- 0x7f364c07a580 con 0x7f364c064b60
2021-03-30T04:40:03.255 INFO:teuthology.orchestra.run.smithi115.stderr:/usr/bin/ceph: stderr
2021-03-30T04:40:03.237+0000 7f3652242700 1 --2- >> [v2:172.21.15.115:3300/0,v1:172.21.15.115:6789/0] conn(0x7f364c064b60 0x7f364c07a090 unknown :-1 s=BANNER_CONNECTING pgs=0 cs=0 l=1 rev1=0 rx=0 tx=0)._handle_peer_banner_payload supported=1 required=0
2021-03-30T04:40:03.255 INFO:teuthology.orchestra.run.smithi115.stderr:/usr/bin/ceph: stderr
2021-03-30T04:40:03.237+0000 7f3652242700 1 --2- >> [v2:172.21.15.115:3300/0,v1:172.21.15.115:6789/0] conn(0x7f364c064b60 0x7f364c07a090 unknown :-1 s=HELLO_CONNECTING pgs=0 cs=0 l=1 rev1=1 rx=0 tx=0).handle_hello peer v2:172.21.15.115:3300/0 says I am v2:172.21.15.115:43784/0 (socket says 172.21.15.115:43784)
2021-03-30T04:40:03.256 INFO:teuthology.orchestra.run.smithi115.stderr:/usr/bin/ceph: stderr
2021-03-30T04:40:03.237+0000 7f3652242700 1 -- 172.21.15.115:0/4243741528 learned_addr learned my addr 172.21.15.115:0/4243741528 (peer_addr_for_me v2:172.21.15.115:0/0)
2021-03-30T04:40:03.256 INFO:teuthology.orchestra.run.smithi115.stderr:/usr/bin/ceph: stderr
2021-03-30T04:40:03.237+0000 7f3652242700 1 -- 172.21.15.115:0/4243741528 --> [v2:172.21.15.115:3300/0,v1:172.21.15.115:6789/0] -- mon_subscribe({config=0+,monmap=0+}) v3 -- 0x7f364800b1e0 con 0x7f364c064b60
2021-03-30T04:40:03.257 INFO:teuthology.orchestra.run.smithi115.stderr:/usr/bin/ceph: stderr
2021-03-30T04:40:03.237+0000 7f3652242700 1 --2- 172.21.15.115:0/4243741528 >> [v2:172.21.15.115:3300/0,v1:172.21.15.115:6789/0] conn(0x7f364c064b60 0x7f364c07a090 secure :-1 s=READY pgs=8 cs=0 l=1 rev1=1 rx=0x7f3648002f70 tx=0x7f3648006ec0).ready entity=mon.0 client_cookie=0 server_cookie=0 in_seq=0 out_seq=0
2021-03-30T04:40:03.257 INFO:teuthology.orchestra.run.smithi115.stderr:/usr/bin/ceph: stderr
2021-03-30T04:40:03.237+0000 7f36437fe700 1 -- 172.21.15.115:0/4243741528 <== mon.0 v2:172.21.15.115:3300/0 1 ==== mon_map magic: 0 v1 ==== 183+0+0 (secure 0 0 0) 0x7f364800dac0 con 0x7f364c064b60
2021-03-30T04:40:03.257 INFO:teuthology.orchestra.run.smithi115.stderr:/usr/bin/ceph: stderr
2021-03-30T04:40:03.237+0000 7f36437fe700 1 -- 172.21.15.115:0/4243741528 <== mon.0 v2:172.21.15.115:3300/0 2 ==== config(21 keys) v1 ==== 912+0+0 (secure 0 0 0) 0x7f364801a450 con 0x7f364c064b60
2021-03-30T04:40:03.258 INFO:teuthology.orchestra.run.smithi115.stderr:/usr/bin/ceph: stderr
2021-03-30T04:40:03.237+0000 7f3653ca5700 1 -- 172.21.15.115:0/4243741528 --> [v2:172.21.15.115:3300/0,v1:172.21.15.115:6789/0] -- mon_subscribe({mgrmap=0+}) v3 -- 0x7f364c07a780 con 0x7f364c064b60
2021-03-30T04:40:03.258 INFO:teuthology.orchestra.run.smithi115.stderr:/usr/bin/ceph: stderr
2021-03-30T04:40:03.237+0000 7f36437fe700 1 -- 172.21.15.115:0/4243741528 <== mon.0 v2:172.21.15.115:3300/0 3 ==== mon_map magic: 0 v1 ==== 183+0+0 (secure 0 0 0) 0x7f36480193b0 con 0x7f364c064b60
2021-03-30T04:40:03.259 INFO:teuthology.orchestra.run.smithi115.stderr:/usr/bin/ceph: stderr
2021-03-30T04:40:03.238+0000 7f3653ca5700 1 -- 172.21.15.115:0/4243741528 --> [v2:172.21.15.115:3300/0,v1:172.21.15.115:6789/0] -- mon_subscribe({osdmap=0}) v3 -- 0x7f364c07d4b0 con 0x7f364c064b60
2021-03-30T04:40:03.259 INFO:teuthology.orchestra.run.smithi115.stderr:/usr/bin/ceph: stderr
2021-03-30T04:40:03.238+0000 7f36437fe700 1 -- 172.21.15.115:0/4243741528 <== mon.0 v2:172.21.15.115:3300/0 4 ==== mgrmap(e 1) v1 ==== 345+0+0 (secure 0 0 0) 0x7f364800f070 con 0x7f364c064b60
2021-03-30T04:40:03.259 INFO:teuthology.orchestra.run.smithi115.stderr:/usr/bin/ceph: stderr
2021-03-30T04:40:03.238+0000 7f36437fe700 1 -- 172.21.15.115:0/4243741528 <== mon.0 v2:172.21.15.115:3300/0 5 ==== osd_map(1..1 src has 1..1) v4 ==== 754+0+0 (secure 0 0 0) 0x7f36480247d0 con 0x7f364c064b60
2021-03-30T04:40:03.260 INFO:teuthology.orchestra.run.smithi115.stderr:/usr/bin/ceph: stderr
2021-03-30T04:40:03.239+0000 7f3653ca5700 1 -- 172.21.15.115:0/4243741528 --> [v2:172.21.15.115:3300/0,v1:172.21.15.115:6789/0] -- mon_command({"prefix": "get_command_descriptions"} v 0) v1 -- 0x7f364c0577d0 con 0x7f364c064b60
2021-03-30T04:40:03.260 INFO:teuthology.orchestra.run.smithi115.stderr:/usr/bin/ceph: stderr
2021-03-30T04:40:03.241+0000 7f36437fe700 1 -- 172.21.15.115:0/4243741528 <== mon.0 v2:172.21.15.115:3300/0 6 ==== mon_command_ack([{"prefix": "get_command_descriptions"}]=0 v0) v1 ==== 72+0+67674 (secure 0 0 0) 0x7f3648019d80 con 0x7f364c064b60
2021-03-30T04:40:03.321 INFO:teuthology.orchestra.run.smithi115.stderr:/usr/bin/ceph: stderr
2021-03-30T04:40:03.304+0000 7f3653ca5700 1 -- 172.21.15.115:0/4243741528 --> [v2:172.21.15.115:3300/0,v1:172.21.15.115:6789/0] -- mon_command({"prefix": "status", "format": "json-pretty"} v 0) v1 -- 0x7f364c07db40 con 0x7f364c064b60
2021-03-30T04:40:03.321 INFO:teuthology.orchestra.run.smithi115.stderr:/usr/bin/ceph: stderr
2021-03-30T04:40:03.305+0000 7f36437fe700 1 -- 172.21.15.115:0/4243741528 <== mon.0 v2:172.21.15.115:3300/0 7 ==== mon_command_ack([{"prefix": "status", "format": "json-pretty"}]=0 v0) v1 ==== 79+0+1222 (secure 0 0 0) 0x7f364801a5c0 con 0x7f364c064b60
2021-03-30T04:40:03.322 INFO:teuthology.orchestra.run.smithi115.stderr:/usr/bin/ceph: stdout
2021-03-30T04:40:03.322 INFO:teuthology.orchestra.run.smithi115.stderr:/usr/bin/ceph: stdout {
2021-03-30T04:40:03.323 INFO:teuthology.orchestra.run.smithi115.stderr:/usr/bin/ceph: stdout "fsid": "ddfc44ba-9111-11eb-ab52-001a4aab830c",
2021-03-30T04:40:03.323 INFO:teuthology.orchestra.run.smithi115.stderr:/usr/bin/ceph: stdout "health": {
2021-03-30T04:40:03.324 INFO:teuthology.orchestra.run.smithi115.stderr:/usr/bin/ceph: stdout "status": "HEALTH_OK",
2021-03-30T04:40:03.324 INFO:teuthology.orchestra.run.smithi115.stderr:/usr/bin/ceph: stdout "checks": {},
2021-03-30T04:40:03.324 INFO:teuthology.orchestra.run.smithi115.stderr:/usr/bin/ceph: stdout "mutes": []
2021-03-30T04:40:03.325 INFO:teuthology.orchestra.run.smithi115.stderr:/usr/bin/ceph: stdout },
2021-03-30T04:40:03.325 INFO:teuthology.orchestra.run.smithi115.stderr:/usr/bin/ceph: stdout "election_epoch": 5,
2021-03-30T04:40:03.326 INFO:teuthology.orchestra.run.smithi115.stderr:/usr/bin/ceph: stdout "quorum": [
2021-03-30T04:40:03.326 INFO:teuthology.orchestra.run.smithi115.stderr:/usr/bin/ceph: stdout 0
2021-03-30T04:40:03.328 INFO:teuthology.orchestra.run.smithi115.stderr:/usr/bin/ceph: stdout ],
2021-03-30T04:40:03.330 INFO:teuthology.orchestra.run.smithi115.stderr:/usr/bin/ceph: stdout "quorum_names": [
2021-03-30T04:40:03.330 INFO:teuthology.orchestra.run.smithi115.stderr:/usr/bin/ceph: stdout "a"
2021-03-30T04:40:03.331 INFO:teuthology.orchestra.run.smithi115.stderr:/usr/bin/ceph: stdout ],
2021-03-30T04:40:03.331 INFO:teuthology.orchestra.run.smithi115.stderr:/usr/bin/ceph: stdout "quorum_age": 4,
2021-03-30T04:40:03.331 INFO:teuthology.orchestra.run.smithi115.stderr:/usr/bin/ceph: stdout "monmap": {
2021-03-30T04:40:03.331 INFO:teuthology.orchestra.run.smithi115.stderr:/usr/bin/ceph: stdout "epoch": 1,
2021-03-30T04:40:03.332 INFO:teuthology.orchestra.run.smithi115.stderr:/usr/bin/ceph: stdout "min_mon_release_name": "octopus",
2021-03-30T04:40:03.332 INFO:teuthology.orchestra.run.smithi115.stderr:/usr/bin/ceph: stdout "num_mons": 1
2021-03-30T04:40:03.332 INFO:teuthology.orchestra.run.smithi115.stderr:/usr/bin/ceph: stdout },
2021-03-30T04:40:03.332 INFO:teuthology.orchestra.run.smithi115.stderr:/usr/bin/ceph: stdout "osdmap": {
2021-03-30T04:40:03.333 INFO:teuthology.orchestra.run.smithi115.stderr:/usr/bin/ceph: stdout "epoch": 1,
2021-03-30T04:40:03.333 INFO:teuthology.orchestra.run.smithi115.stderr:/usr/bin/ceph: stdout "num_osds": 0,
2021-03-30T04:40:03.333 INFO:teuthology.orchestra.run.smithi115.stderr:/usr/bin/ceph: stdout "num_up_osds": 0,
2021-03-30T04:40:03.333 INFO:teuthology.orchestra.run.smithi115.stderr:/usr/bin/ceph: stdout "osd_up_since": 0,
2021-03-30T04:40:03.333 INFO:teuthology.orchestra.run.smithi115.stderr:/usr/bin/ceph: stdout "num_in_osds": 0,
2021-03-30T04:40:03.334 INFO:teuthology.orchestra.run.smithi115.stderr:/usr/bin/ceph: stdout "osd_in_since": 0,
2021-03-30T04:40:03.334 INFO:teuthology.orchestra.run.smithi115.stderr:/usr/bin/ceph: stdout "num_remapped_pgs": 0
2021-03-30T04:40:03.334 INFO:teuthology.orchestra.run.smithi115.stderr:/usr/bin/ceph: stdout },
2021-03-30T04:40:03.334 INFO:teuthology.orchestra.run.smithi115.stderr:/usr/bin/ceph: stdout "pgmap": {
2021-03-30T04:40:03.334 INFO:teuthology.orchestra.run.smithi115.stderr:/usr/bin/ceph: stdout "pgs_by_state": [],
2021-03-30T04:40:03.335 INFO:teuthology.orchestra.run.smithi115.stderr:/usr/bin/ceph: stdout "num_pgs": 0,
2021-03-30T04:40:03.335 INFO:teuthology.orchestra.run.smithi115.stderr:/usr/bin/ceph: stdout "num_pools": 0,
2021-03-30T04:40:03.335 INFO:teuthology.orchestra.run.smithi115.stderr:/usr/bin/ceph: stdout "num_objects": 0,
2021-03-30T04:40:03.335 INFO:teuthology.orchestra.run.smithi115.stderr:/usr/bin/ceph: stdout "data_bytes": 0,
2021-03-30T04:40:03.336 INFO:teuthology.orchestra.run.smithi115.stderr:/usr/bin/ceph: stdout "bytes_used": 0,
2021-03-30T04:40:03.336 INFO:teuthology.orchestra.run.smithi115.stderr:/usr/bin/ceph: stdout "bytes_avail": 0,
2021-03-30T04:40:03.336 INFO:teuthology.orchestra.run.smithi115.stderr:/usr/bin/ceph: stdout "bytes_total": 0
2021-03-30T04:40:03.336 INFO:teuthology.orchestra.run.smithi115.stderr:/usr/bin/ceph: stdout },
2021-03-30T04:40:03.337 INFO:teuthology.orchestra.run.smithi115.stderr:/usr/bin/ceph: stdout "fsmap": {
2021-03-30T04:40:03.339 INFO:teuthology.orchestra.run.smithi115.stderr:/usr/bin/ceph: stdout "epoch": 1,
2021-03-30T04:40:03.339 INFO:teuthology.orchestra.run.smithi115.stderr:/usr/bin/ceph: stdout "by_rank": [],
2021-03-30T04:40:03.340 INFO:teuthology.orchestra.run.smithi115.stderr:/usr/bin/ceph: stdout "up:standby": 0
2021-03-30T04:40:03.340 INFO:teuthology.orchestra.run.smithi115.stderr:/usr/bin/ceph: stdout },
2021-03-30T04:40:03.341 INFO:teuthology.orchestra.run.smithi115.stderr:/usr/bin/ceph: stdout "mgrmap": {
2021-03-30T04:40:03.341 INFO:teuthology.orchestra.run.smithi115.stderr:/usr/bin/ceph: stdout "available": false,
2021-03-30T04:40:03.342 INFO:teuthology.orchestra.run.smithi115.stderr:/usr/bin/ceph: stdout "num_standbys": 0,
2021-03-30T04:40:03.342 INFO:teuthology.orchestra.run.smithi115.stderr:/usr/bin/ceph: stdout "modules": [
2021-03-30T04:40:03.343 INFO:teuthology.orchestra.run.smithi115.stderr:/usr/bin/ceph: stdout "iostat",
2021-03-30T04:40:03.343 INFO:teuthology.orchestra.run.smithi115.stderr:/usr/bin/ceph: stdout "restful"
2021-03-30T04:40:03.343 INFO:teuthology.orchestra.run.smithi115.stderr:/usr/bin/ceph: stdout ],
2021-03-30T04:40:03.344 INFO:teuthology.orchestra.run.smithi115.stderr:/usr/bin/ceph: stdout "services": {}
2021-03-30T04:40:03.345 INFO:teuthology.orchestra.run.smithi115.stderr:/usr/bin/ceph: stdout },
2021-03-30T04:40:03.346 INFO:teuthology.orchestra.run.smithi115.stderr:/usr/bin/ceph: stdout "servicemap": {
2021-03-30T04:40:03.346 INFO:teuthology.orchestra.run.smithi115.stderr:/usr/bin/ceph: stdout "epoch": 1,
2021-03-30T04:40:03.346 INFO:teuthology.orchestra.run.smithi115.stderr:/usr/bin/ceph: stdout "modified": "2021-03-30T04:39:53.618718+0000",
2021-03-30T04:40:03.347 INFO:teuthology.orchestra.run.smithi115.stderr:/usr/bin/ceph: stdout "services": {}
2021-03-30T04:40:03.347 INFO:teuthology.orchestra.run.smithi115.stderr:/usr/bin/ceph: stdout },
2021-03-30T04:40:03.348 INFO:teuthology.orchestra.run.smithi115.stderr:/usr/bin/ceph: stdout "progress_events": {}
2021-03-30T04:40:03.349 INFO:teuthology.orchestra.run.smithi115.stderr:/usr/bin/ceph: stdout }
2021-03-30T04:40:03.349 INFO:teuthology.orchestra.run.smithi115.stderr:/usr/bin/ceph: stderr
2021-03-30T04:40:03.306+0000 7f3653ca5700 1 -- 172.21.15.115:0/4243741528 >> [v2:172.21.15.115:3300/0,v1:172.21.15.115:6789/0] conn(0x7f364c064b60 msgr2=0x7f364c07a090 secure :-1 s=STATE_CONNECTION_ESTABLISHED l=1).mark_down
2021-03-30T04:40:03.349 INFO:teuthology.orchestra.run.smithi115.stderr:/usr/bin/ceph: stderr
2021-03-30T04:40:03.306+0000 7f3653ca5700 1 --2- 172.21.15.115:0/4243741528 >> [v2:172.21.15.115:3300/0,v1:172.21.15.115:6789/0] conn(0x7f364c064b60 0x7f364c07a090 secure :-1 s=READY pgs=8 cs=0 l=1 rev1=1 rx=0x7f3648002f70 tx=0x7f3648006ec0).stop
2021-03-30T04:40:03.350 INFO:teuthology.orchestra.run.smithi115.stderr:/usr/bin/ceph: stderr
2021-03-30T04:40:03.306+0000 7f3653ca5700 1 -- 172.21.15.115:0/4243741528 shutdown_connections
2021-03-30T04:40:03.350 INFO:teuthology.orchestra.run.smithi115.stderr:/usr/bin/ceph: stderr
2021-03-30T04:40:03.306+0000 7f3653ca5700 1 --2- 172.21.15.115:0/4243741528 >> [v2:172.21.15.115:3300/0,v1:172.21.15.115:6789/0] conn(0x7f364c064b60 0x7f364c07a090 unknown :-1 s=CLOSED pgs=8 cs=0 l=1 rev1=1 rx=0 tx=0).stop
2021-03-30T04:40:03.351 INFO:teuthology.orchestra.run.smithi115.stderr:/usr/bin/ceph: stderr
2021-03-30T04:40:03.306+0000 7f3653ca5700 1 -- 172.21.15.115:0/4243741528 >> 172.21.15.115:0/4243741528 conn(0x7f364c060100 msgr2=0x7f364c06dc00 unknown :-1 s=STATE_NONE l=0).mark_down
2021-03-30T04:40:03.351 INFO:teuthology.orchestra.run.smithi115.stderr:/usr/bin/ceph: stderr
2021-03-30T04:40:03.306+0000 7f3653ca5700 1 -- 172.21.15.115:0/4243741528 shutdown_connections
2021-03-30T04:40:03.351 INFO:teuthology.orchestra.run.smithi115.stderr:/usr/bin/ceph: stderr
2021-03-30T04:40:03.306+0000 7f3653ca5700 1 -- 172.21.15.115:0/4243741528 wait complete.
2021-03-30T04:40:03.772 INFO:teuthology.orchestra.run.smithi115.stderr:mgr not available, waiting (2/10)...
2021-03-30T04:40:04.773 INFO:teuthology.orchestra.run.smithi115.stderr:Running command: /bin/podman run --rm --ipc=host --net=host --entrypoint /usr/bin/ceph -e CONTAINER_IMAGE=quay.ceph.io/ceph-ci/ceph:e4949d651265114d7b464cd1e8986d9a31a26071 -e NODE_NAME=smithi115 -v /var/log/ceph/ddfc44ba-9111-11eb-ab52-001a4aab830c:/var/log/ceph:z -v /tmp/ceph-tmpdyw7p1we:/etc/ceph/ceph.client.admin.keyring:z -v /tmp/ceph-tmpe7gdhvni:/etc/ceph/ceph.conf:z quay.ceph.io/ceph-ci/ceph:e4949d651265114d7b464cd1e8986d9a31a26071 status -f json-pretty
2021-03-30T04:40:05.321 INFO:teuthology.orchestra.run.smithi115.stderr:/usr/bin/ceph: stderr
2021-03-30T04:40:05.314+0000 7fd92496c700 1 Processor -- start
2021-03-30T04:40:05.322 INFO:teuthology.orchestra.run.smithi115.stderr:/usr/bin/ceph: stderr
2021-03-30T04:40:05.314+0000 7fd92496c700 1 -- start start
2021-03-30T04:40:05.322 INFO:teuthology.orchestra.run.smithi115.stderr:/usr/bin/ceph: stderr
2021-03-30T04:40:05.315+0000 7fd92496c700 1 --2- >> [v2:172.21.15.115:3300/0,v1:172.21.15.115:6789/0] conn(0x7fd920064b60 0x7fd920064f80 unknown :-1 s=NONE pgs=0 cs=0 l=0 rev1=0 rx=0 tx=0).connect
2021-03-30T04:40:05.322 INFO:teuthology.orchestra.run.smithi115.stderr:/usr/bin/ceph: stderr
2021-03-30T04:40:05.315+0000 7fd92496c700 1 -- --> [v2:172.21.15.115:3300/0,v1:172.21.15.115:6789/0] -- mon_getmap magic: 0 v1 -- 0x7fd920065470 con 0x7fd920064b60
2021-03-30T04:40:05.322 INFO:teuthology.orchestra.run.smithi115.stderr:/usr/bin/ceph: stderr
2021-03-30T04:40:05.315+0000 7fd91ed9d700 1 --2- >> [v2:172.21.15.115:3300/0,v1:172.21.15.115:6789/0] conn(0x7fd920064b60 0x7fd920064f80 unknown :-1 s=BANNER_CONNECTING pgs=0 cs=0 l=0 rev1=0 rx=0 tx=0)._handle_peer_banner_payload supported=1 required=0
2021-03-30T04:40:05.323 INFO:teuthology.orchestra.run.smithi115.stderr:/usr/bin/ceph: stderr
2021-03-30T04:40:05.315+0000 7fd91ed9d700 1 --2- >> [v2:172.21.15.115:3300/0,v1:172.21.15.115:6789/0] conn(0x7fd920064b60 0x7fd920064f80 unknown :-1 s=HELLO_CONNECTING pgs=0 cs=0 l=0 rev1=1 rx=0 tx=0).handle_hello peer v2:172.21.15.115:3300/0 says I am v2:172.21.15.115:43806/0 (socket says 172.21.15.115:43806)
2021-03-30T04:40:05.323 INFO:teuthology.orchestra.run.smithi115.stderr:/usr/bin/ceph: stderr
2021-03-30T04:40:05.315+0000 7fd91ed9d700 1 -- 172.21.15.115:0/2011321079 learned_addr learned my addr 172.21.15.115:0/2011321079 (peer_addr_for_me v2:172.21.15.115:0/0)
2021-03-30T04:40:05.323 INFO:teuthology.orchestra.run.smithi115.stderr:/usr/bin/ceph: stderr
2021-03-30T04:40:05.315+0000 7fd91ed9d700 1 -- 172.21.15.115:0/2011321079 --> [v2:172.21.15.115:3300/0,v1:172.21.15.115:6789/0] -- mon_subscribe({config=0+,monmap=0+}) v3 -- 0x7fd920065c90 con 0x7fd920064b60
2021-03-30T04:40:05.323 INFO:teuthology.orchestra.run.smithi115.stderr:/usr/bin/ceph: stderr
2021-03-30T04:40:05.315+0000 7fd91ed9d700 1 --2- 172.21.15.115:0/2011321079 >> [v2:172.21.15.115:3300/0,v1:172.21.15.115:6789/0] conn(0x7fd920064b60 0x7fd920064f80 secure :-1 s=READY pgs=14 cs=0 l=1 rev1=1 rx=0x7fd9100032f0 tx=0x7fd9100092b0).ready entity=mon.0 client_cookie=cfcc6596291484ff server_cookie=0 in_seq=0 out_seq=0
2021-03-30T04:40:05.324 INFO:teuthology.orchestra.run.smithi115.stderr:/usr/bin/ceph: stderr
2021-03-30T04:40:05.315+0000 7fd91dd9b700 1 -- 172.21.15.115:0/2011321079 <== mon.0 v2:172.21.15.115:3300/0 1 ==== mon_map magic: 0 v1 ==== 183+0+0 (secure 0 0 0) 0x7fd91000b8a0 con 0x7fd920064b60
2021-03-30T04:40:05.324 INFO:teuthology.orchestra.run.smithi115.stderr:/usr/bin/ceph: stderr
2021-03-30T04:40:05.315+0000 7fd91dd9b700 1 -- 172.21.15.115:0/2011321079 <== mon.0 v2:172.21.15.115:3300/0 2 ==== config(21 keys) v1 ==== 912+0+0 (secure 0 0 0) 0x7fd91000be00 con 0x7fd920064b60
2021-03-30T04:40:05.324 INFO:teuthology.orchestra.run.smithi115.stderr:/usr/bin/ceph: stderr
2021-03-30T04:40:05.315+0000 7fd91dd9b700 1 -- 172.21.15.115:0/2011321079 <== mon.0 v2:172.21.15.115:3300/0 3 ==== mon_map magic: 0 v1 ==== 183+0+0 (secure 0 0 0) 0x7fd910011d10 con 0x7fd920064b60
2021-03-30T04:40:05.324 INFO:teuthology.orchestra.run.smithi115.stderr:/usr/bin/ceph: stderr
2021-03-30T04:40:05.315+0000 7fd92496c700 1 -- 172.21.15.115:0/2011321079 >> [v2:172.21.15.115:3300/0,v1:172.21.15.115:6789/0] conn(0x7fd920064b60 msgr2=0x7fd920064f80 secure :-1 s=STATE_CONNECTION_ESTABLISHED l=1).mark_down
2021-03-30T04:40:05.327 INFO:teuthology.orchestra.run.smithi115.stderr:/usr/bin/ceph: stderr
2021-03-30T04:40:05.315+0000 7fd92496c700 1 --2- 172.21.15.115:0/2011321079 >> [v2:172.21.15.115:3300/0,v1:172.21.15.115:6789/0] conn(0x7fd920064b60 0x7fd920064f80 secure :-1 s=READY pgs=14 cs=0 l=1 rev1=1 rx=0x7fd9100032f0 tx=0x7fd9100092b0).stop
2021-03-30T04:40:05.328 INFO:teuthology.orchestra.run.smithi115.stderr:/usr/bin/ceph: stderr
2021-03-30T04:40:05.316+0000 7fd92496c700 1 -- 172.21.15.115:0/2011321079 shutdown_connections
2021-03-30T04:40:05.328 INFO:teuthology.orchestra.run.smithi115.stderr:/usr/bin/ceph: stderr
2021-03-30T04:40:05.316+0000 7fd92496c700 1 --2- 172.21.15.115:0/2011321079 >> [v2:172.21.15.115:3300/0,v1:172.21.15.115:6789/0] conn(0x7fd920064b60 0x7fd920064f80 unknown :-1 s=CLOSED pgs=14 cs=0 l=1 rev1=1 rx=0 tx=0).stop
2021-03-30T04:40:05.329 INFO:teuthology.orchestra.run.smithi115.stderr:/usr/bin/ceph: stderr
2021-03-30T04:40:05.316+0000 7fd92496c700 1 -- 172.21.15.115:0/2011321079 >> 172.21.15.115:0/2011321079 conn(0x7fd920060100 msgr2=0x7fd920062520 unknown :-1 s=STATE_NONE l=0).mark_down
2021-03-30T04:40:05.329 INFO:teuthology.orchestra.run.smithi115.stderr:/usr/bin/ceph: stderr
2021-03-30T04:40:05.316+0000 7fd92496c700 1 -- 172.21.15.115:0/2011321079 shutdown_connections
2021-03-30T04:40:05.329 INFO:teuthology.orchestra.run.smithi115.stderr:/usr/bin/ceph: stderr
2021-03-30T04:40:05.316+0000 7fd92496c700 1 -- 172.21.15.115:0/2011321079 wait complete.
2021-03-30T04:40:05.330 INFO:teuthology.orchestra.run.smithi115.stderr:/usr/bin/ceph: stderr
2021-03-30T04:40:05.316+0000 7fd92496c700 1 Processor -- start
2021-03-30T04:40:05.330 INFO:teuthology.orchestra.run.smithi115.stderr:/usr/bin/ceph: stderr
2021-03-30T04:40:05.316+0000 7fd92496c700 1 -- start start
2021-03-30T04:40:05.331 INFO:teuthology.orchestra.run.smithi115.stderr:/usr/bin/ceph: stderr
2021-03-30T04:40:05.316+0000 7fd92496c700 1 --2- >> [v2:172.21.15.115:3300/0,v1:172.21.15.115:6789/0] conn(0x7fd920064b60 0x7fd92007cc30 unknown :-1 s=NONE pgs=0 cs=0 l=1 rev1=0 rx=0 tx=0).connect
2021-03-30T04:40:05.332 INFO:teuthology.orchestra.run.smithi115.stderr:/usr/bin/ceph: stderr
2021-03-30T04:40:05.316+0000 7fd92496c700 1 -- --> [v2:172.21.15.115:3300/0,v1:172.21.15.115:6789/0] -- mon_getmap magic: 0 v1 -- 0x7fd92006e530 con 0x7fd920064b60
2021-03-30T04:40:05.332 INFO:teuthology.orchestra.run.smithi115.stderr:/usr/bin/ceph: stderr
2021-03-30T04:40:05.317+0000 7fd91ed9d700 1 --2- >> [v2:172.21.15.115:3300/0,v1:172.21.15.115:6789/0] conn(0x7fd920064b60 0x7fd92007cc30 unknown :-1 s=BANNER_CONNECTING pgs=0 cs=0 l=1 rev1=0 rx=0 tx=0)._handle_peer_banner_payload supported=1 required=0
2021-03-30T04:40:05.332 INFO:teuthology.orchestra.run.smithi115.stderr:/usr/bin/ceph: stderr
2021-03-30T04:40:05.317+0000 7fd91ed9d700 1 --2- >> [v2:172.21.15.115:3300/0,v1:172.21.15.115:6789/0] conn(0x7fd920064b60 0x7fd92007cc30 unknown :-1 s=HELLO_CONNECTING pgs=0 cs=0 l=1 rev1=1 rx=0 tx=0).handle_hello peer v2:172.21.15.115:3300/0 says I am v2:172.21.15.115:43808/0 (socket says 172.21.15.115:43808)
2021-03-30T04:40:05.333 INFO:teuthology.orchestra.run.smithi115.stderr:/usr/bin/ceph: stderr
2021-03-30T04:40:05.317+0000 7fd91ed9d700 1 -- 172.21.15.115:0/2597148810 learned_addr learned my addr 172.21.15.115:0/2597148810 (peer_addr_for_me v2:172.21.15.115:0/0)
2021-03-30T04:40:05.334 INFO:teuthology.orchestra.run.smithi115.stderr:/usr/bin/ceph: stderr
2021-03-30T04:40:05.317+0000 7fd91ed9d700 1 -- 172.21.15.115:0/2597148810 --> [v2:172.21.15.115:3300/0,v1:172.21.15.115:6789/0] -- mon_subscribe({config=0+,monmap=0+}) v3 -- 0x7fd910009550 con 0x7fd920064b60
2021-03-30T04:40:05.334 INFO:teuthology.orchestra.run.smithi115.stderr:/usr/bin/ceph: stderr
2021-03-30T04:40:05.317+0000 7fd91ed9d700 1 --2- 172.21.15.115:0/2597148810 >> [v2:172.21.15.115:3300/0,v1:172.21.15.115:6789/0] conn(0x7fd920064b60 0x7fd92007cc30 secure :-1 s=READY pgs=15 cs=0 l=1 rev1=1 rx=0x7fd9100032f0 tx=0x7fd9100092b0).ready entity=mon.0 client_cookie=0 server_cookie=0 in_seq=0 out_seq=0
2021-03-30T04:40:05.342 INFO:teuthology.orchestra.run.smithi115.stderr:/usr/bin/ceph: stderr
2021-03-30T04:40:05.317+0000 7fd90ffff700 1 -- 172.21.15.115:0/2597148810 <== mon.0 v2:172.21.15.115:3300/0 1 ==== mon_map magic: 0 v1 ==== 183+0+0 (secure 0 0 0) 0x7fd91001b460 con 0x7fd920064b60
2021-03-30T04:40:05.342 INFO:teuthology.orchestra.run.smithi115.stderr:/usr/bin/ceph: stderr
2021-03-30T04:40:05.317+0000 7fd90ffff700 1 -- 172.21.15.115:0/2597148810 <== mon.0 v2:172.21.15.115:3300/0 2 ==== config(21 keys) v1 ==== 912+0+0 (secure 0 0 0) 0x7fd91001b9c0 con 0x7fd920064b60
2021-03-30T04:40:05.343 INFO:teuthology.orchestra.run.smithi115.stderr:/usr/bin/ceph: stderr
2021-03-30T04:40:05.317+0000 7fd92496c700 1 -- 172.21.15.115:0/2597148810 --> [v2:172.21.15.115:3300/0,v1:172.21.15.115:6789/0] -- mon_subscribe({mgrmap=0+}) v3 -- 0x7fd92006e730 con 0x7fd920064b60
2021-03-30T04:40:05.343 INFO:teuthology.orchestra.run.smithi115.stderr:/usr/bin/ceph: stderr
2021-03-30T04:40:05.317+0000 7fd90ffff700 1 -- 172.21.15.115:0/2597148810 <== mon.0 v2:172.21.15.115:3300/0 3 ==== mon_map magic: 0 v1 ==== 183+0+0 (secure 0 0 0) 0x7fd91001a690 con 0x7fd920064b60
2021-03-30T04:40:05.343 INFO:teuthology.orchestra.run.smithi115.stderr:/usr/bin/ceph: stderr
2021-03-30T04:40:05.317+0000 7fd92496c700 1 -- 172.21.15.115:0/2597148810 --> [v2:172.21.15.115:3300/0,v1:172.21.15.115:6789/0] -- mon_subscribe({osdmap=0}) v3 -- 0x7fd92007d3c0 con 0x7fd920064b60
2021-03-30T04:40:05.344 INFO:teuthology.orchestra.run.smithi115.stderr:/usr/bin/ceph: stderr
2021-03-30T04:40:05.318+0000 7fd90ffff700 1 -- 172.21.15.115:0/2597148810 <== mon.0 v2:172.21.15.115:3300/0 4 ==== mgrmap(e 3) v1 ==== 33118+0+0 (secure 0 0 0) 0x7fd91002b070 con 0x7fd920064b60
2021-03-30T04:40:05.344 INFO:teuthology.orchestra.run.smithi115.stderr:/usr/bin/ceph: stderr
2021-03-30T04:40:05.318+0000 7fd90ffff700 1 --2- 172.21.15.115:0/2597148810 >> [v2:172.21.15.115:6800/2765177125,v1:172.21.15.115:6801/2765177125] conn(0x7fd90002c8b0 0x7fd90002ed70 unknown :-1 s=NONE pgs=0 cs=0 l=1 rev1=0 rx=0 tx=0).connect
2021-03-30T04:40:05.344 INFO:teuthology.orchestra.run.smithi115.stderr:/usr/bin/ceph: stderr
2021-03-30T04:40:05.318+0000 7fd90ffff700 1 -- 172.21.15.115:0/2597148810 <== mon.0 v2:172.21.15.115:3300/0 5 ==== osd_map(1..1 src has 1..1) v4 ==== 754+0+0 (secure 0 0 0) 0x7fd91003d5a0 con 0x7fd920064b60
2021-03-30T04:40:05.344 INFO:teuthology.orchestra.run.smithi115.stderr:/usr/bin/ceph: stderr
2021-03-30T04:40:05.318+0000 7fd91e59c700 1 --2- 172.21.15.115:0/2597148810 >> [v2:172.21.15.115:6800/2765177125,v1:172.21.15.115:6801/2765177125] conn(0x7fd90002c8b0 0x7fd90002ed70 unknown :-1 s=BANNER_CONNECTING pgs=0 cs=0 l=1 rev1=0 rx=0 tx=0)._handle_peer_banner_payload supported=1 required=0
2021-03-30T04:40:05.345 INFO:teuthology.orchestra.run.smithi115.stderr:/usr/bin/ceph: stderr
2021-03-30T04:40:05.318+0000 7fd92496c700 1 -- 172.21.15.115:0/2597148810 --> [v2:172.21.15.115:3300/0,v1:172.21.15.115:6789/0] -- mon_command({"prefix": "get_command_descriptions"} v 0) v1 -- 0x7fd9200577d0 con 0x7fd920064b60
2021-03-30T04:40:05.345 INFO:teuthology.orchestra.run.smithi115.stderr:/usr/bin/ceph: stderr
2021-03-30T04:40:05.318+0000 7fd91e59c700 1 --2- 172.21.15.115:0/2597148810 >> [v2:172.21.15.115:6800/2765177125,v1:172.21.15.115:6801/2765177125] conn(0x7fd90002c8b0 0x7fd90002ed70 secure :-1 s=READY pgs=5 cs=0 l=1 rev1=1 rx=0x7fd914002f70 tx=0x7fd914006b20).ready entity=mgr.14100 client_cookie=0 server_cookie=0 in_seq=0 out_seq=0
2021-03-30T04:40:05.346 INFO:teuthology.orchestra.run.smithi115.stderr:/usr/bin/ceph: stderr
2021-03-30T04:40:05.322+0000 7fd90ffff700 1 -- 172.21.15.115:0/2597148810 <== mon.0 v2:172.21.15.115:3300/0 6 ==== mon_command_ack([{"prefix": "get_command_descriptions"}]=0 v0) v1 ==== 72+0+138523 (secure 0 0 0) 0x7fd910015080 con 0x7fd920064b60
2021-03-30T04:40:05.508 INFO:teuthology.orchestra.run.smithi115.stderr:/usr/bin/ceph: stderr
2021-03-30T04:40:05.500+0000 7fd92496c700 1 -- 172.21.15.115:0/2597148810 --> [v2:172.21.15.115:3300/0,v1:172.21.15.115:6789/0] -- mon_command({"prefix": "status", "format": "json-pretty"} v 0) v1 -- 0x7fd92007da50 con 0x7fd920064b60
2021-03-30T04:40:05.508 INFO:teuthology.orchestra.run.smithi115.stderr:/usr/bin/ceph: stderr
2021-03-30T04:40:05.500+0000 7fd90ffff700 1 -- 172.21.15.115:0/2597148810 <== mon.0 v2:172.21.15.115:3300/0 7 ==== mon_command_ack([{"prefix": "status", "format": "json-pretty"}]=0 v0) v1 ==== 79+0+1221 (secure 0 0 0) 0x7fd91001f070 con 0x7fd920064b60
2021-03-30T04:40:05.509 INFO:teuthology.orchestra.run.smithi115.stderr:/usr/bin/ceph: stdout
2021-03-30T04:40:05.509 INFO:teuthology.orchestra.run.smithi115.stderr:/usr/bin/ceph: stdout {
2021-03-30T04:40:05.509 INFO:teuthology.orchestra.run.smithi115.stderr:/usr/bin/ceph: stdout "fsid": "ddfc44ba-9111-11eb-ab52-001a4aab830c",
2021-03-30T04:40:05.509 INFO:teuthology.orchestra.run.smithi115.stderr:/usr/bin/ceph: stdout "health": {
2021-03-30T04:40:05.509 INFO:teuthology.orchestra.run.smithi115.stderr:/usr/bin/ceph: stdout "status": "HEALTH_OK",
2021-03-30T04:40:05.510 INFO:teuthology.orchestra.run.smithi115.stderr:/usr/bin/ceph: stdout "checks": {},
2021-03-30T04:40:05.510 INFO:teuthology.orchestra.run.smithi115.stderr:/usr/bin/ceph: stdout "mutes": []
2021-03-30T04:40:05.510 INFO:teuthology.orchestra.run.smithi115.stderr:/usr/bin/ceph: stdout },
2021-03-30T04:40:05.510 INFO:teuthology.orchestra.run.smithi115.stderr:/usr/bin/ceph: stdout "election_epoch": 5,
2021-03-30T04:40:05.510 INFO:teuthology.orchestra.run.smithi115.stderr:/usr/bin/ceph: stdout "quorum": [
2021-03-30T04:40:05.511 INFO:teuthology.orchestra.run.smithi115.stderr:/usr/bin/ceph: stdout 0
2021-03-30T04:40:05.511 INFO:teuthology.orchestra.run.smithi115.stderr:/usr/bin/ceph: stdout ],
2021-03-30T04:40:05.511 INFO:teuthology.orchestra.run.smithi115.stderr:/usr/bin/ceph: stdout "quorum_names": [
2021-03-30T04:40:05.511 INFO:teuthology.orchestra.run.smithi115.stderr:/usr/bin/ceph: stdout "a"
2021-03-30T04:40:05.512 INFO:teuthology.orchestra.run.smithi115.stderr:/usr/bin/ceph: stdout ],
2021-03-30T04:40:05.512 INFO:teuthology.orchestra.run.smithi115.stderr:/usr/bin/ceph: stdout "quorum_age": 7,
2021-03-30T04:40:05.512 INFO:teuthology.orchestra.run.smithi115.stderr:/usr/bin/ceph: stdout "monmap": {
2021-03-30T04:40:05.512 INFO:teuthology.orchestra.run.smithi115.stderr:/usr/bin/ceph: stdout "epoch": 1,
2021-03-30T04:40:05.513 INFO:teuthology.orchestra.run.smithi115.stderr:/usr/bin/ceph: stdout "min_mon_release_name": "octopus",
2021-03-30T04:40:05.513 INFO:teuthology.orchestra.run.smithi115.stderr:/usr/bin/ceph: stdout "num_mons": 1
2021-03-30T04:40:05.513 INFO:teuthology.orchestra.run.smithi115.stderr:/usr/bin/ceph: stdout },
2021-03-30T04:40:05.513 INFO:teuthology.orchestra.run.smithi115.stderr:/usr/bin/ceph: stdout "osdmap": {
2021-03-30T04:40:05.514 INFO:teuthology.orchestra.run.smithi115.stderr:/usr/bin/ceph: stdout "epoch": 1,
2021-03-30T04:40:05.514 INFO:teuthology.orchestra.run.smithi115.stderr:/usr/bin/ceph: stdout "num_osds": 0,
2021-03-30T04:40:05.514 INFO:teuthology.orchestra.run.smithi115.stderr:/usr/bin/ceph: stdout "num_up_osds": 0,
2021-03-30T04:40:05.514 INFO:teuthology.orchestra.run.smithi115.stderr:/usr/bin/ceph: stdout "osd_up_since": 0,
2021-03-30T04:40:05.514 INFO:teuthology.orchestra.run.smithi115.stderr:/usr/bin/ceph: stdout "num_in_osds": 0,
2021-03-30T04:40:05.515 INFO:teuthology.orchestra.run.smithi115.stderr:/usr/bin/ceph: stdout "osd_in_since": 0,
2021-03-30T04:40:05.515 INFO:teuthology.orchestra.run.smithi115.stderr:/usr/bin/ceph: stdout "num_remapped_pgs": 0
2021-03-30T04:40:05.515 INFO:teuthology.orchestra.run.smithi115.stderr:/usr/bin/ceph: stdout },
2021-03-30T04:40:05.515 INFO:teuthology.orchestra.run.smithi115.stderr:/usr/bin/ceph: stdout "pgmap": {
2021-03-30T04:40:05.515 INFO:teuthology.orchestra.run.smithi115.stderr:/usr/bin/ceph: stdout "pgs_by_state": [],
2021-03-30T04:40:05.516 INFO:teuthology.orchestra.run.smithi115.stderr:/usr/bin/ceph: stdout "num_pgs": 0,
2021-03-30T04:40:05.516 INFO:teuthology.orchestra.run.smithi115.stderr:/usr/bin/ceph: stdout "num_pools": 0,
2021-03-30T04:40:05.516 INFO:teuthology.orchestra.run.smithi115.stderr:/usr/bin/ceph: stdout "num_objects": 0,
2021-03-30T04:40:05.516 INFO:teuthology.orchestra.run.smithi115.stderr:/usr/bin/ceph: stdout "data_bytes": 0,
2021-03-30T04:40:05.516 INFO:teuthology.orchestra.run.smithi115.stderr:/usr/bin/ceph: stdout "bytes_used": 0,
2021-03-30T04:40:05.517 INFO:teuthology.orchestra.run.smithi115.stderr:/usr/bin/ceph: stdout "bytes_avail": 0,
2021-03-30T04:40:05.517 INFO:teuthology.orchestra.run.smithi115.stderr:/usr/bin/ceph: stdout "bytes_total": 0
2021-03-30T04:40:05.517 INFO:teuthology.orchestra.run.smithi115.stderr:/usr/bin/ceph: stdout },
2021-03-30T04:40:05.517 INFO:teuthology.orchestra.run.smithi115.stderr:/usr/bin/ceph: stdout "fsmap": {
2021-03-30T04:40:05.517 INFO:teuthology.orchestra.run.smithi115.stderr:/usr/bin/ceph: stdout "epoch": 1,
2021-03-30T04:40:05.518 INFO:teuthology.orchestra.run.smithi115.stderr:/usr/bin/ceph: stdout "by_rank": [],
2021-03-30T04:40:05.518 INFO:teuthology.orchestra.run.smithi115.stderr:/usr/bin/ceph: stdout "up:standby": 0
2021-03-30T04:40:05.518 INFO:teuthology.orchestra.run.smithi115.stderr:/usr/bin/ceph: stdout },
2021-03-30T04:40:05.518 INFO:teuthology.orchestra.run.smithi115.stderr:/usr/bin/ceph: stdout "mgrmap": {
2021-03-30T04:40:05.518 INFO:teuthology.orchestra.run.smithi115.stderr:/usr/bin/ceph: stdout "available": true,
2021-03-30T04:40:05.519 INFO:teuthology.orchestra.run.smithi115.stderr:/usr/bin/ceph: stdout "num_standbys": 0,
2021-03-30T04:40:05.519 INFO:teuthology.orchestra.run.smithi115.stderr:/usr/bin/ceph: stdout "modules": [
2021-03-30T04:40:05.519 INFO:teuthology.orchestra.run.smithi115.stderr:/usr/bin/ceph: stdout "iostat",
2021-03-30T04:40:05.519 INFO:teuthology.orchestra.run.smithi115.stderr:/usr/bin/ceph: stdout "restful"
2021-03-30T04:40:05.519 INFO:teuthology.orchestra.run.smithi115.stderr:/usr/bin/ceph: stdout ],
2021-03-30T04:40:05.520 INFO:teuthology.orchestra.run.smithi115.stderr:/usr/bin/ceph: stdout "services": {}
2021-03-30T04:40:05.520 INFO:teuthology.orchestra.run.smithi115.stderr:/usr/bin/ceph: stdout },
2021-03-30T04:40:05.520 INFO:teuthology.orchestra.run.smithi115.stderr:/usr/bin/ceph: stdout "servicemap": {
2021-03-30T04:40:05.520 INFO:teuthology.orchestra.run.smithi115.stderr:/usr/bin/ceph: stdout "epoch": 1,
2021-03-30T04:40:05.520 INFO:teuthology.orchestra.run.smithi115.stderr:/usr/bin/ceph: stdout "modified": "2021-03-30T04:39:53.618718+0000",
2021-03-30T04:40:05.521 INFO:teuthology.orchestra.run.smithi115.stderr:/usr/bin/ceph: stdout "services": {}
2021-03-30T04:40:05.521 INFO:teuthology.orchestra.run.smithi115.stderr:/usr/bin/ceph: stdout },
2021-03-30T04:40:05.521 INFO:teuthology.orchestra.run.smithi115.stderr:/usr/bin/ceph: stdout "progress_events": {}
2021-03-30T04:40:05.521 INFO:teuthology.orchestra.run.smithi115.stderr:/usr/bin/ceph: stdout }
2021-03-30T04:40:05.521 INFO:teuthology.orchestra.run.smithi115.stderr:/usr/bin/ceph: stderr
2021-03-30T04:40:05.502+0000 7fd92496c700 1 -- 172.21.15.115:0/2597148810 >> [v2:172.21.15.115:6800/2765177125,v1:172.21.15.115:6801/2765177125] conn(0x7fd90002c8b0 msgr2=0x7fd90002ed70 secure :-1 s=STATE_CONNECTION_ESTABLISHED l=1).mark_down
2021-03-30T04:40:05.522 INFO:teuthology.orchestra.run.smithi115.stderr:/usr/bin/ceph: stderr
2021-03-30T04:40:05.502+0000 7fd92496c700 1 --2- 172.21.15.115:0/2597148810 >> [v2:172.21.15.115:6800/2765177125,v1:172.21.15.115:6801/2765177125] conn(0x7fd90002c8b0 0x7fd90002ed70 secure :-1 s=READY pgs=5 cs=0 l=1 rev1=1 rx=0x7fd914002f70 tx=0x7fd914006b20).stop
2021-03-30T04:40:05.522 INFO:teuthology.orchestra.run.smithi115.stderr:/usr/bin/ceph: stderr
2021-03-30T04:40:05.502+0000 7fd92496c700 1 -- 172.21.15.115:0/2597148810 >> [v2:172.21.15.115:3300/0,v1:172.21.15.115:6789/0] conn(0x7fd920064b60 msgr2=0x7fd92007cc30 secure :-1 s=STATE_CONNECTION_ESTABLISHED l=1).mark_down
2021-03-30T04:40:05.523 INFO:teuthology.orchestra.run.smithi115.stderr:/usr/bin/ceph: stderr
2021-03-30T04:40:05.502+0000 7fd92496c700 1 --2- 172.21.15.115:0/2597148810 >> [v2:172.21.15.115:3300/0,v1:172.21.15.115:6789/0] conn(0x7fd920064b60 0x7fd92007cc30 secure :-1 s=READY pgs=15 cs=0 l=1 rev1=1 rx=0x7fd9100032f0 tx=0x7fd9100092b0).stop
2021-03-30T04:40:05.523 INFO:teuthology.orchestra.run.smithi115.stderr:/usr/bin/ceph: stderr
2021-03-30T04:40:05.502+0000 7fd92496c700 1 -- 172.21.15.115:0/2597148810 shutdown_connections
2021-03-30T04:40:05.523 INFO:teuthology.orchestra.run.smithi115.stderr:/usr/bin/ceph: stderr
2021-03-30T04:40:05.502+0000 7fd92496c700 1 --2- 172.21.15.115:0/2597148810 >> [v2:172.21.15.115:6800/2765177125,v1:172.21.15.115:6801/2765177125] conn(0x7fd90002c8b0 0x7fd90002ed70 unknown :-1 s=CLOSED pgs=5 cs=0 l=1 rev1=1 rx=0 tx=0).stop
2021-03-30T04:40:05.523 INFO:teuthology.orchestra.run.smithi115.stderr:/usr/bin/ceph: stderr
2021-03-30T04:40:05.502+0000 7fd92496c700 1 --2- 172.21.15.115:0/2597148810 >> [v2:172.21.15.115:3300/0,v1:172.21.15.115:6789/0] conn(0x7fd920064b60 0x7fd92007cc30 unknown :-1 s=CLOSED pgs=15 cs=0 l=1 rev1=1 rx=0 tx=0).stop
2021-03-30T04:40:05.523 INFO:teuthology.orchestra.run.smithi115.stderr:/usr/bin/ceph: stderr
2021-03-30T04:40:05.502+0000 7fd92496c700 1 -- 172.21.15.115:0/2597148810 >> 172.21.15.115:0/2597148810 conn(0x7fd920060100 msgr2=0x7fd920061900 unknown :-1 s=STATE_NONE l=0).mark_down
2021-03-30T04:40:05.524 INFO:teuthology.orchestra.run.smithi115.stderr:/usr/bin/ceph: stderr
2021-03-30T04:40:05.502+0000 7fd92496c700 1 -- 172.21.15.115:0/2597148810 shutdown_connections
2021-03-30T04:40:05.524 INFO:teuthology.orchestra.run.smithi115.stderr:/usr/bin/ceph: stderr
2021-03-30T04:40:05.502+0000 7fd92496c700 1 -- 172.21.15.115:0/2597148810 wait complete.
2021-03-30T04:40:05.978 INFO:teuthology.orchestra.run.smithi115.stderr:mgr is available
2021-03-30T04:40:05.979 INFO:teuthology.orchestra.run.smithi115.stderr:Running command: /bin/podman run --rm --ipc=host --net=host --entrypoint /usr/bin/ceph -e CONTAINER_IMAGE=quay.ceph.io/ceph-ci/ceph:e4949d651265114d7b464cd1e8986d9a31a26071 -e NODE_NAME=smithi115 -v /var/log/ceph/ddfc44ba-9111-11eb-ab52-001a4aab830c:/var/log/ceph:z -v /tmp/ceph-tmpdyw7p1we:/etc/ceph/ceph.client.admin.keyring:z -v /tmp/ceph-tmpe7gdhvni:/etc/ceph/ceph.conf:z quay.ceph.io/ceph-ci/ceph:e4949d651265114d7b464cd1e8986d9a31a26071 config-key set mgr/cephadm/ssh_user root
2021-03-30T04:40:06.525 INFO:teuthology.orchestra.run.smithi115.stderr:/usr/bin/ceph: stderr
2021-03-30T04:40:06.517+0000 7f5859770700 1 Processor -- start
2021-03-30T04:40:06.525 INFO:teuthology.orchestra.run.smithi115.stderr:/usr/bin/ceph: stderr
2021-03-30T04:40:06.517+0000 7f5859770700 1 -- start start
2021-03-30T04:40:06.526 INFO:teuthology.orchestra.run.smithi115.stderr:/usr/bin/ceph: stderr
2021-03-30T04:40:06.517+0000 7f5859770700 1 --2- >> [v2:172.21.15.115:3300/0,v1:172.21.15.115:6789/0] conn(0x7f5854064b40 0x7f5854064f60 unknown :-1 s=NONE pgs=0 cs=0 l=0 rev1=0 rx=0 tx=0).connect
2021-03-30T04:40:06.526 INFO:teuthology.orchestra.run.smithi115.stderr:/usr/bin/ceph: stderr
2021-03-30T04:40:06.517+0000 7f5859770700 1 -- --> [v2:172.21.15.115:3300/0,v1:172.21.15.115:6789/0] -- mon_getmap magic: 0 v1 -- 0x7f5854065450 con 0x7f5854064b40
2021-03-30T04:40:06.526 INFO:teuthology.orchestra.run.smithi115.stderr:/usr/bin/ceph: stderr
2021-03-30T04:40:06.517+0000 7f58537fe700 1 --2- >> [v2:172.21.15.115:3300/0,v1:172.21.15.115:6789/0] conn(0x7f5854064b40 0x7f5854064f60 unknown :-1 s=BANNER_CONNECTING pgs=0 cs=0 l=0 rev1=0 rx=0 tx=0)._handle_peer_banner_payload supported=1 required=0
2021-03-30T04:40:06.527 INFO:teuthology.orchestra.run.smithi115.stderr:/usr/bin/ceph: stderr
2021-03-30T04:40:06.517+0000 7f58537fe700 1 --2- >> [v2:172.21.15.115:3300/0,v1:172.21.15.115:6789/0] conn(0x7f5854064b40 0x7f5854064f60 unknown :-1 s=HELLO_CONNECTING pgs=0 cs=0 l=0 rev1=1 rx=0 tx=0).handle_hello peer v2:172.21.15.115:3300/0 says I am v2:172.21.15.115:43812/0 (socket says 172.21.15.115:43812)
2021-03-30T04:40:06.527 INFO:teuthology.orchestra.run.smithi115.stderr:/usr/bin/ceph: stderr
2021-03-30T04:40:06.517+0000 7f58537fe700 1 -- 172.21.15.115:0/142337442 learned_addr learned my addr 172.21.15.115:0/142337442 (peer_addr_for_me v2:172.21.15.115:0/0)
2021-03-30T04:40:06.528 INFO:teuthology.orchestra.run.smithi115.stderr:/usr/bin/ceph: stderr
2021-03-30T04:40:06.518+0000 7f58537fe700 1 -- 172.21.15.115:0/142337442 --> [v2:172.21.15.115:3300/0,v1:172.21.15.115:6789/0] -- mon_subscribe({config=0+,monmap=0+}) v3 -- 0x7f5854065c70 con 0x7f5854064b40
2021-03-30T04:40:06.528 INFO:teuthology.orchestra.run.smithi115.stderr:/usr/bin/ceph: stderr
2021-03-30T04:40:06.518+0000 7f58537fe700 1 --2- 172.21.15.115:0/142337442 >> [v2:172.21.15.115:3300/0,v1:172.21.15.115:6789/0] conn(0x7f5854064b40 0x7f5854064f60 secure :-1 s=READY pgs=16 cs=0 l=1 rev1=1 rx=0x7f58440032f0 tx=0x7f58440092b0).ready entity=mon.0 client_cookie=38e99070786e0fb2 server_cookie=0 in_seq=0 out_seq=0
2021-03-30T04:40:06.528 INFO:teuthology.orchestra.run.smithi115.stderr:/usr/bin/ceph: stderr
2021-03-30T04:40:06.518+0000 7f58527fc700 1 -- 172.21.15.115:0/142337442 <== mon.0 v2:172.21.15.115:3300/0 1 ==== mon_map magic: 0 v1 ==== 183+0+0 (secure 0 0 0) 0x7f584400b8a0 con 0x7f5854064b40
2021-03-30T04:40:06.528 INFO:teuthology.orchestra.run.smithi115.stderr:/usr/bin/ceph: stderr
2021-03-30T04:40:06.518+0000 7f58527fc700 1 -- 172.21.15.115:0/142337442 <== mon.0 v2:172.21.15.115:3300/0 2 ==== config(21 keys) v1 ==== 912+0+0 (secure 0 0 0) 0x7f584400be00 con 0x7f5854064b40
2021-03-30T04:40:06.529 INFO:teuthology.orchestra.run.smithi115.stderr:/usr/bin/ceph: stderr
2021-03-30T04:40:06.518+0000 7f58527fc700 1 -- 172.21.15.115:0/142337442 <== mon.0 v2:172.21.15.115:3300/0 3 ==== mon_map magic: 0 v1 ==== 183+0+0 (secure 0 0 0) 0x7f5844011d10 con 0x7f5854064b40
2021-03-30T04:40:06.529 INFO:teuthology.orchestra.run.smithi115.stderr:/usr/bin/ceph: stderr
2021-03-30T04:40:06.518+0000 7f5859770700 1 -- 172.21.15.115:0/142337442 >> [v2:172.21.15.115:3300/0,v1:172.21.15.115:6789/0] conn(0x7f5854064b40 msgr2=0x7f5854064f60 secure :-1 s=STATE_CONNECTION_ESTABLISHED l=1).mark_down
2021-03-30T04:40:06.529 INFO:teuthology.orchestra.run.smithi115.stderr:/usr/bin/ceph: stderr
2021-03-30T04:40:06.518+0000 7f5859770700 1 --2- 172.21.15.115:0/142337442 >> [v2:172.21.15.115:3300/0,v1:172.21.15.115:6789/0] conn(0x7f5854064b40 0x7f5854064f60 secure :-1 s=READY pgs=16 cs=0 l=1 rev1=1 rx=0x7f58440032f0 tx=0x7f58440092b0).stop
2021-03-30T04:40:06.529 INFO:teuthology.orchestra.run.smithi115.stderr:/usr/bin/ceph: stderr
2021-03-30T04:40:06.518+0000 7f5859770700 1 -- 172.21.15.115:0/142337442 shutdown_connections
2021-03-30T04:40:06.530 INFO:teuthology.orchestra.run.smithi115.stderr:/usr/bin/ceph: stderr
2021-03-30T04:40:06.518+0000 7f5859770700 1 --2- 172.21.15.115:0/142337442 >> [v2:172.21.15.115:3300/0,v1:172.21.15.115:6789/0] conn(0x7f5854064b40 0x7f5854064f60 unknown :-1 s=CLOSED pgs=16 cs=0 l=1 rev1=1 rx=0 tx=0).stop
2021-03-30T04:40:06.530 INFO:teuthology.orchestra.run.smithi115.stderr:/usr/bin/ceph: stderr
2021-03-30T04:40:06.518+0000 7f5859770700 1 -- 172.21.15.115:0/142337442 >> 172.21.15.115:0/142337442 conn(0x7f5854060100 msgr2=0x7f5854062520 unknown :-1 s=STATE_NONE l=0).mark_down
2021-03-30T04:40:06.530 INFO:teuthology.orchestra.run.smithi115.stderr:/usr/bin/ceph: stderr
2021-03-30T04:40:06.518+0000 7f5859770700 1 -- 172.21.15.115:0/142337442 shutdown_connections
2021-03-30T04:40:06.530 INFO:teuthology.orchestra.run.smithi115.stderr:/usr/bin/ceph: stderr
2021-03-30T04:40:06.519+0000 7f5859770700 1 -- 172.21.15.115:0/142337442 wait complete.
2021-03-30T04:40:06.530 INFO:teuthology.orchestra.run.smithi115.stderr:/usr/bin/ceph: stderr
2021-03-30T04:40:06.519+0000 7f5859770700 1 Processor -- start
2021-03-30T04:40:06.531 INFO:teuthology.orchestra.run.smithi115.stderr:/usr/bin/ceph: stderr
2021-03-30T04:40:06.519+0000 7f5859770700 1 -- start start
2021-03-30T04:40:06.531 INFO:teuthology.orchestra.run.smithi115.stderr:/usr/bin/ceph: stderr
2021-03-30T04:40:06.519+0000 7f5859770700 1 --2- >> [v2:172.21.15.115:3300/0,v1:172.21.15.115:6789/0] conn(0x7f5854064b40 0x7f5854078f80 unknown :-1 s=NONE pgs=0 cs=0 l=1 rev1=0 rx=0 tx=0).connect
2021-03-30T04:40:06.531 INFO:teuthology.orchestra.run.smithi115.stderr:/usr/bin/ceph: stderr
2021-03-30T04:40:06.519+0000 7f5859770700 1 -- --> [v2:172.21.15.115:3300/0,v1:172.21.15.115:6789/0] -- mon_getmap magic: 0 v1 -- 0x7f5854079470 con 0x7f5854064b40
2021-03-30T04:40:06.531 INFO:teuthology.orchestra.run.smithi115.stderr:/usr/bin/ceph: stderr
2021-03-30T04:40:06.519+0000 7f58537fe700 1 --2- >> [v2:172.21.15.115:3300/0,v1:172.21.15.115:6789/0] conn(0x7f5854064b40 0x7f5854078f80 unknown :-1 s=BANNER_CONNECTING pgs=0 cs=0 l=1 rev1=0 rx=0 tx=0)._handle_peer_banner_payload supported=1 required=0
2021-03-30T04:40:06.532 INFO:teuthology.orchestra.run.smithi115.stderr:/usr/bin/ceph: stderr
2021-03-30T04:40:06.519+0000 7f58537fe700 1 --2- >> [v2:172.21.15.115:3300/0,v1:172.21.15.115:6789/0] conn(0x7f5854064b40 0x7f5854078f80 unknown :-1 s=HELLO_CONNECTING pgs=0 cs=0 l=1 rev1=1 rx=0 tx=0).handle_hello peer v2:172.21.15.115:3300/0 says I am v2:172.21.15.115:43814/0 (socket says 172.21.15.115:43814)
2021-03-30T04:40:06.532 INFO:teuthology.orchestra.run.smithi115.stderr:/usr/bin/ceph: stderr
2021-03-30T04:40:06.519+0000 7f58537fe700 1 -- 172.21.15.115:0/4080128030 learned_addr learned my addr 172.21.15.115:0/4080128030 (peer_addr_for_me v2:172.21.15.115:0/0)
2021-03-30T04:40:06.532 INFO:teuthology.orchestra.run.smithi115.stderr:/usr/bin/ceph: stderr
2021-03-30T04:40:06.520+0000 7f58537fe700 1 -- 172.21.15.115:0/4080128030 --> [v2:172.21.15.115:3300/0,v1:172.21.15.115:6789/0] -- mon_subscribe({config=0+,monmap=0+}) v3 -- 0x7f5844009550 con 0x7f5854064b40
2021-03-30T04:40:06.533 INFO:teuthology.orchestra.run.smithi115.stderr:/usr/bin/ceph: stderr
2021-03-30T04:40:06.520+0000 7f58537fe700 1 --2- 172.21.15.115:0/4080128030 >> [v2:172.21.15.115:3300/0,v1:172.21.15.115:6789/0] conn(0x7f5854064b40 0x7f5854078f80 secure :-1 s=READY pgs=17 cs=0 l=1 rev1=1 rx=0x7f58440032f0 tx=0x7f58440092b0).ready entity=mon.0 client_cookie=0 server_cookie=0 in_seq=0 out_seq=0
2021-03-30T04:40:06.534 INFO:teuthology.orchestra.run.smithi115.stderr:/usr/bin/ceph: stderr
2021-03-30T04:40:06.520+0000 7f5850ff9700 1 -- 172.21.15.115:0/4080128030 <== mon.0 v2:172.21.15.115:3300/0 1 ==== mon_map magic: 0 v1 ==== 183+0+0 (secure 0 0 0) 0x7f584401d070 con 0x7f5854064b40
2021-03-30T04:40:06.534 INFO:teuthology.orchestra.run.smithi115.stderr:/usr/bin/ceph: stderr
2021-03-30T04:40:06.520+0000 7f5859770700 1 -- 172.21.15.115:0/4080128030 --> [v2:172.21.15.115:3300/0,v1:172.21.15.115:6789/0] -- mon_subscribe({mgrmap=0+}) v3 -- 0x7f5854079670 con 0x7f5854064b40
2021-03-30T04:40:06.535 INFO:teuthology.orchestra.run.smithi115.stderr:/usr/bin/ceph: stderr
2021-03-30T04:40:06.520+0000 7f5850ff9700 1 -- 172.21.15.115:0/4080128030 <== mon.0 v2:172.21.15.115:3300/0 2 ==== config(21 keys) v1 ==== 912+0+0 (secure 0 0 0) 0x7f5844011d10 con 0x7f5854064b40
2021-03-30T04:40:06.535 INFO:teuthology.orchestra.run.smithi115.stderr:/usr/bin/ceph: stderr
2021-03-30T04:40:06.520+0000 7f5850ff9700 1 -- 172.21.15.115:0/4080128030 <== mon.0 v2:172.21.15.115:3300/0 3 ==== mon_map magic: 0 v1 ==== 183+0+0 (secure 0 0 0) 0x7f5844022420 con 0x7f5854064b40
2021-03-30T04:40:06.535 INFO:teuthology.orchestra.run.smithi115.stderr:/usr/bin/ceph: stderr
2021-03-30T04:40:06.520+0000 7f5859770700 1 -- 172.21.15.115:0/4080128030 --> [v2:172.21.15.115:3300/0,v1:172.21.15.115:6789/0] -- mon_subscribe({osdmap=0}) v3 -- 0x7f5854061b20 con 0x7f5854064b40
2021-03-30T04:40:06.535 INFO:teuthology.orchestra.run.smithi115.stderr:/usr/bin/ceph: stderr
2021-03-30T04:40:06.521+0000 7f5850ff9700 1 -- 172.21.15.115:0/4080128030 <== mon.0 v2:172.21.15.115:3300/0 4 ==== mgrmap(e 4) v1 ==== 33198+0+0 (secure 0 0 0) 0x7f584400f070 con 0x7f5854064b40
2021-03-30T04:40:06.536 INFO:teuthology.orchestra.run.smithi115.stderr:/usr/bin/ceph: stderr
2021-03-30T04:40:06.521+0000 7f5850ff9700 1 --2- 172.21.15.115:0/4080128030 >> [v2:172.21.15.115:6800/2765177125,v1:172.21.15.115:6801/2765177125] conn(0x7f583402c940 0x7f583402ee00 unknown :-1 s=NONE pgs=0 cs=0 l=1 rev1=0 rx=0 tx=0).connect
2021-03-30T04:40:06.536 INFO:teuthology.orchestra.run.smithi115.stderr:/usr/bin/ceph: stderr
2021-03-30T04:40:06.521+0000 7f5850ff9700 1 -- 172.21.15.115:0/4080128030 <== mon.0 v2:172.21.15.115:3300/0 5 ==== osd_map(1..1 src has 1..1) v4 ==== 754+0+0 (secure 0 0 0) 0x7f584403efa0 con 0x7f5854064b40
2021-03-30T04:40:06.536 INFO:teuthology.orchestra.run.smithi115.stderr:/usr/bin/ceph: stderr
2021-03-30T04:40:06.521+0000 7f5852ffd700 1 --2- 172.21.15.115:0/4080128030 >> [v2:172.21.15.115:6800/2765177125,v1:172.21.15.115:6801/2765177125] conn(0x7f583402c940 0x7f583402ee00 unknown :-1 s=BANNER_CONNECTING pgs=0 cs=0 l=1 rev1=0 rx=0 tx=0)._handle_peer_banner_payload supported=1 required=0
2021-03-30T04:40:06.536 INFO:teuthology.orchestra.run.smithi115.stderr:/usr/bin/ceph: stderr
2021-03-30T04:40:06.521+0000 7f5852ffd700 1 --2- 172.21.15.115:0/4080128030 >> [v2:172.21.15.115:6800/2765177125,v1:172.21.15.115:6801/2765177125] conn(0x7f583402c940 0x7f583402ee00 secure :-1 s=READY pgs=6 cs=0 l=1 rev1=1 rx=0x7f583c002f70 tx=0x7f583c006b20).ready entity=mgr.14100 client_cookie=0 server_cookie=0 in_seq=0 out_seq=0
2021-03-30T04:40:06.536 INFO:teuthology.orchestra.run.smithi115.stderr:/usr/bin/ceph: stderr
