2021-10-08T19:21:17.297 INFO:teuthology.orchestra.run.smithi112.stderr:/usr/bin/ceph: "num_pools": 0,
2021-10-08T19:21:17.298 INFO:teuthology.orchestra.run.smithi112.stderr:/usr/bin/ceph: "num_objects": 0,
2021-10-08T19:21:17.298 INFO:teuthology.orchestra.run.smithi112.stderr:/usr/bin/ceph: "data_bytes": 0,
2021-10-08T19:21:17.298 INFO:teuthology.orchestra.run.smithi112.stderr:/usr/bin/ceph: "bytes_used": 0,
2021-10-08T19:21:17.298 INFO:teuthology.orchestra.run.smithi112.stderr:/usr/bin/ceph: "bytes_avail": 0,
2021-10-08T19:21:17.298 INFO:teuthology.orchestra.run.smithi112.stderr:/usr/bin/ceph: "bytes_total": 0
2021-10-08T19:21:17.299 INFO:teuthology.orchestra.run.smithi112.stderr:/usr/bin/ceph: },
2021-10-08T19:21:17.299 INFO:teuthology.orchestra.run.smithi112.stderr:/usr/bin/ceph: "fsmap": {
2021-10-08T19:21:17.299 INFO:teuthology.orchestra.run.smithi112.stderr:/usr/bin/ceph: "epoch": 1,
2021-10-08T19:21:17.299 INFO:teuthology.orchestra.run.smithi112.stderr:/usr/bin/ceph: "by_rank": [],
2021-10-08T19:21:17.300 INFO:teuthology.orchestra.run.smithi112.stderr:/usr/bin/ceph: "up:standby": 0
2021-10-08T19:21:17.300 INFO:teuthology.orchestra.run.smithi112.stderr:/usr/bin/ceph: },
2021-10-08T19:21:17.300 INFO:teuthology.orchestra.run.smithi112.stderr:/usr/bin/ceph: "mgrmap": {
2021-10-08T19:21:17.300 INFO:teuthology.orchestra.run.smithi112.stderr:/usr/bin/ceph: "available": true,
2021-10-08T19:21:17.301 INFO:teuthology.orchestra.run.smithi112.stderr:/usr/bin/ceph: "num_standbys": 0,
2021-10-08T19:21:17.302 INFO:teuthology.orchestra.run.smithi112.stderr:/usr/bin/ceph: "modules": [
2021-10-08T19:21:17.302 INFO:teuthology.orchestra.run.smithi112.stderr:/usr/bin/ceph: "iostat",
2021-10-08T19:21:17.302 INFO:teuthology.orchestra.run.smithi112.stderr:/usr/bin/ceph: "nfs",
2021-10-08T19:21:17.302 INFO:teuthology.orchestra.run.smithi112.stderr:/usr/bin/ceph: "restful"
2021-10-08T19:21:17.303 INFO:teuthology.orchestra.run.smithi112.stderr:/usr/bin/ceph: ],
2021-10-08T19:21:17.303 INFO:teuthology.orchestra.run.smithi112.stderr:/usr/bin/ceph: "services": {}
2021-10-08T19:21:17.303 INFO:teuthology.orchestra.run.smithi112.stderr:/usr/bin/ceph: },
2021-10-08T19:21:17.303 INFO:teuthology.orchestra.run.smithi112.stderr:/usr/bin/ceph: "servicemap": {
2021-10-08T19:21:17.304 INFO:teuthology.orchestra.run.smithi112.stderr:/usr/bin/ceph: "epoch": 1,
2021-10-08T19:21:17.304 INFO:teuthology.orchestra.run.smithi112.stderr:/usr/bin/ceph: "modified": "2021-10-08T19:21:03.408765+0000",
2021-10-08T19:21:17.304 INFO:teuthology.orchestra.run.smithi112.stderr:/usr/bin/ceph: "services": {}
2021-10-08T19:21:17.304 INFO:teuthology.orchestra.run.smithi112.stderr:/usr/bin/ceph: },
2021-10-08T19:21:17.304 INFO:teuthology.orchestra.run.smithi112.stderr:/usr/bin/ceph: "progress_events": {}
2021-10-08T19:21:17.305 INFO:teuthology.orchestra.run.smithi112.stderr:/usr/bin/ceph: }
2021-10-08T19:21:17.305 INFO:teuthology.orchestra.run.smithi112.stderr:/usr/bin/ceph:
2021-10-08T19:21:17.282+0000 7f1119a78700 1 -- 172.21.15.112:0/757930125 >> [v2:172.21.15.112:6800/1703752479,v1:172.21.15.112:6801/1703752479] conn(0x7f10f40334e0 msgr2=0x7f10f4035990 secure :-1 s=STATE_CONNECTION_ESTABLISHED l=1).mark_down
2021-10-08T19:21:17.305 INFO:teuthology.orchestra.run.smithi112.stderr:/usr/bin/ceph:
2021-10-08T19:21:17.282+0000 7f1119a78700 1 --2- 172.21.15.112:0/757930125 >> [v2:172.21.15.112:6800/1703752479,v1:172.21.15.112:6801/1703752479] conn(0x7f10f40334e0 0x7f10f4035990 secure :-1 s=READY pgs=6 cs=0 l=1 rev1=1 crypto rx=0x7f10fc0096a0 tx=0x7f10fc006b40 comp rx=0 tx=0).stop
2021-10-08T19:21:17.305 INFO:teuthology.orchestra.run.smithi112.stderr:/usr/bin/ceph:
2021-10-08T19:21:17.282+0000 7f1119a78700 1 -- 172.21.15.112:0/757930125 >> [v2:172.21.15.112:3300/0,v1:172.21.15.112:6789/0] conn(0x7f1114070450 msgr2=0x7f111410abd0 secure :-1 s=STATE_CONNECTION_ESTABLISHED l=1).mark_down
2021-10-08T19:21:17.306 INFO:teuthology.orchestra.run.smithi112.stderr:/usr/bin/ceph:
2021-10-08T19:21:17.282+0000 7f1119a78700 1 --2- 172.21.15.112:0/757930125 >> [v2:172.21.15.112:3300/0,v1:172.21.15.112:6789/0] conn(0x7f1114070450 0x7f111410abd0 secure :-1 s=READY pgs=17 cs=0 l=1 rev1=1 crypto rx=0x7f110400c010 tx=0x7f1104006ee0 comp rx=0 tx=0).stop
2021-10-08T19:21:17.306 INFO:teuthology.orchestra.run.smithi112.stderr:/usr/bin/ceph:
2021-10-08T19:21:17.282+0000 7f1119a78700 1 -- 172.21.15.112:0/757930125 shutdown_connections
2021-10-08T19:21:17.306 INFO:teuthology.orchestra.run.smithi112.stderr:/usr/bin/ceph:
2021-10-08T19:21:17.282+0000 7f1119a78700 1 --2- 172.21.15.112:0/757930125 >> [v2:172.21.15.112:6800/1703752479,v1:172.21.15.112:6801/1703752479] conn(0x7f10f40334e0 0x7f10f4035990 unknown :-1 s=CLOSED pgs=6 cs=0 l=1 rev1=1 crypto rx=0 tx=0 comp rx=0 tx=0).stop
2021-10-08T19:21:17.306 INFO:teuthology.orchestra.run.smithi112.stderr:/usr/bin/ceph:
2021-10-08T19:21:17.282+0000 7f1119a78700 1 --2- 172.21.15.112:0/757930125 >> [v2:172.21.15.112:3300/0,v1:172.21.15.112:6789/0] conn(0x7f1114070450 0x7f111410abd0 unknown :-1 s=CLOSED pgs=17 cs=0 l=1 rev1=1 crypto rx=0 tx=0 comp rx=0 tx=0).stop
2021-10-08T19:21:17.307 INFO:teuthology.orchestra.run.smithi112.stderr:/usr/bin/ceph:
2021-10-08T19:21:17.282+0000 7f1119a78700 1 -- 172.21.15.112:0/757930125 >> 172.21.15.112:0/757930125 conn(0x7f11140f6850 msgr2=0x7f11140f75f0 unknown :-1 s=STATE_NONE l=0).mark_down
2021-10-08T19:21:17.307 INFO:teuthology.orchestra.run.smithi112.stderr:/usr/bin/ceph:
2021-10-08T19:21:17.282+0000 7f1119a78700 1 -- 172.21.15.112:0/757930125 shutdown_connections
2021-10-08T19:21:17.307 INFO:teuthology.orchestra.run.smithi112.stderr:/usr/bin/ceph:
2021-10-08T19:21:17.282+0000 7f1119a78700 1 -- 172.21.15.112:0/757930125 wait complete.
2021-10-08T19:21:17.854 INFO:teuthology.orchestra.run.smithi112.stderr:mgr is available
2021-10-08T19:21:17.855 INFO:teuthology.orchestra.run.smithi112.stderr:Running command: /bin/podman run --rm --ipc=host --stop-signal=SIGTERM --net=host --entrypoint /usr/bin/ceph --init -e CONTAINER_IMAGE=quay.ceph.io/ceph-ci/ceph:103b6cc3554193fcd0852d9c647cef19e99920cf -e NODE_NAME=smithi112 -e CEPH_USE_RANDOM_NONCE=1 -v /var/log/ceph/c1559bde-286c-11ec-8c25-001a4aab830c:/var/log/ceph:z -v /tmp/ceph-tmp4twfpjyx:/etc/ceph/ceph.client.admin.keyring:z -v /tmp/ceph-tmpd8r45a1j:/etc/ceph/ceph.conf:z -v /tmp/tmp0bwekm24:/var/lib/ceph/user.conf:z quay.ceph.io/ceph-ci/ceph:103b6cc3554193fcd0852d9c647cef19e99920cf config assimilate-conf -i /var/lib/ceph/user.conf
2021-10-08T19:21:17.866 INFO:journalctl@ceph.mon.a.smithi112.stdout:Oct 08 19:21:17 smithi112 ceph-mon[31694]: mgrmap e3: y(active, since 1.00533s)
2021-10-08T19:21:17.866 INFO:journalctl@ceph.mon.a.smithi112.stdout:Oct 08 19:21:17 smithi112 ceph-mon[31694]: from='client.? 172.21.15.112:0/757930125' entity='client.admin' cmd=[{"prefix": "status", "format": "json-pretty"}]: dispatch
2021-10-08T19:21:18.269 INFO:teuthology.orchestra.run.smithi112.stderr:/usr/bin/ceph:
2021-10-08T19:21:18.265+0000 7fe3ef143700 1 Processor -- start
2021-10-08T19:21:18.269 INFO:teuthology.orchestra.run.smithi112.stderr:/usr/bin/ceph:
2021-10-08T19:21:18.265+0000 7fe3ef143700 1 -- start start
2021-10-08T19:21:18.270 INFO:teuthology.orchestra.run.smithi112.stderr:/usr/bin/ceph:
2021-10-08T19:21:18.265+0000 7fe3ef143700 1 --2- >> [v2:172.21.15.112:3300/0,v1:172.21.15.112:6789/0] conn(0x7fe3e80fc160 0x7fe3e80fc570 unknown :-1 s=NONE pgs=0 cs=0 l=0 rev1=0 crypto rx=0 tx=0 comp rx=0 tx=0).connect
2021-10-08T19:21:18.270 INFO:teuthology.orchestra.run.smithi112.stderr:/usr/bin/ceph:
2021-10-08T19:21:18.265+0000 7fe3ef143700 1 -- --> [v2:172.21.15.112:3300/0,v1:172.21.15.112:6789/0] -- mon_getmap magic: 0 v1 -- 0x7fe3e80fcab0 con 0x7fe3e80fc160
2021-10-08T19:21:18.270 INFO:teuthology.orchestra.run.smithi112.stderr:/usr/bin/ceph:
2021-10-08T19:21:18.265+0000 7fe3ecedf700 1 --2- >> [v2:172.21.15.112:3300/0,v1:172.21.15.112:6789/0] conn(0x7fe3e80fc160 0x7fe3e80fc570 unknown :-1 s=BANNER_CONNECTING pgs=0 cs=0 l=0 rev1=0 crypto rx=0 tx=0 comp rx=0 tx=0)._handle_peer_banner_payload supported=3 required=0
2021-10-08T19:21:18.270 INFO:teuthology.orchestra.run.smithi112.stderr:/usr/bin/ceph:
2021-10-08T19:21:18.265+0000 7fe3ecedf700 1 --2- >> [v2:172.21.15.112:3300/0,v1:172.21.15.112:6789/0] conn(0x7fe3e80fc160 0x7fe3e80fc570 unknown :-1 s=HELLO_CONNECTING pgs=0 cs=0 l=0 rev1=1 crypto rx=0 tx=0 comp rx=0 tx=0).handle_hello peer v2:172.21.15.112:3300/0 says I am v2:172.21.15.112:60996/0 (socket says 172.21.15.112:60996)
2021-10-08T19:21:18.270 INFO:teuthology.orchestra.run.smithi112.stderr:/usr/bin/ceph:
2021-10-08T19:21:18.265+0000 7fe3ecedf700 1 -- 172.21.15.112:0/1527129109 learned_addr learned my addr 172.21.15.112:0/1527129109 (peer_addr_for_me v2:172.21.15.112:0/0)
2021-10-08T19:21:18.271 INFO:teuthology.orchestra.run.smithi112.stderr:/usr/bin/ceph:
2021-10-08T19:21:18.265+0000 7fe3ecedf700 1 -- 172.21.15.112:0/1527129109 --> [v2:172.21.15.112:3300/0,v1:172.21.15.112:6789/0] -- mon_subscribe({config=0+,monmap=0+}) v3 -- 0x7fe3e80fcbf0 con 0x7fe3e80fc160
2021-10-08T19:21:18.271 INFO:teuthology.orchestra.run.smithi112.stderr:/usr/bin/ceph:
2021-10-08T19:21:18.265+0000 7fe3ecedf700 1 --2- 172.21.15.112:0/1527129109 >> [v2:172.21.15.112:3300/0,v1:172.21.15.112:6789/0] conn(0x7fe3e80fc160 0x7fe3e80fc570 secure :-1 s=READY pgs=18 cs=0 l=1 rev1=1 crypto rx=0x7fe3d8009960 tx=0x7fe3d80092d0 comp rx=0 tx=0).ready entity=mon.0 client_cookie=c95e4d3ef6ccf041 server_cookie=0 in_seq=0 out_seq=0
2021-10-08T19:21:18.271 INFO:teuthology.orchestra.run.smithi112.stderr:/usr/bin/ceph:
2021-10-08T19:21:18.265+0000 7fe3e77fe700 1 -- 172.21.15.112:0/1527129109 <== mon.0 v2:172.21.15.112:3300/0 1 ==== mon_map magic: 0 v1 ==== 205+0+0 (secure 0 0 0) 0x7fe3d800b860 con 0x7fe3e80fc160
2021-10-08T19:21:18.271 INFO:teuthology.orchestra.run.smithi112.stderr:/usr/bin/ceph:
2021-10-08T19:21:18.265+0000 7fe3e77fe700 1 -- 172.21.15.112:0/1527129109 <== mon.0 v2:172.21.15.112:3300/0 2 ==== config(23 keys) v1 ==== 951+0+0 (secure 0 0 0) 0x7fe3d800bdf0 con 0x7fe3e80fc160
2021-10-08T19:21:18.272 INFO:teuthology.orchestra.run.smithi112.stderr:/usr/bin/ceph:
2021-10-08T19:21:18.265+0000 7fe3e77fe700 1 -- 172.21.15.112:0/1527129109 <== mon.0 v2:172.21.15.112:3300/0 3 ==== mon_map magic: 0 v1 ==== 205+0+0 (secure 0 0 0) 0x7fe3d8011be0 con 0x7fe3e80fc160
2021-10-08T19:21:18.272 INFO:teuthology.orchestra.run.smithi112.stderr:/usr/bin/ceph:
2021-10-08T19:21:18.266+0000 7fe3ef143700 1 -- 172.21.15.112:0/1527129109 >> [v2:172.21.15.112:3300/0,v1:172.21.15.112:6789/0] conn(0x7fe3e80fc160 msgr2=0x7fe3e80fc570 secure :-1 s=STATE_CONNECTION_ESTABLISHED l=1).mark_down
2021-10-08T19:21:18.272 INFO:teuthology.orchestra.run.smithi112.stderr:/usr/bin/ceph:
2021-10-08T19:21:18.266+0000 7fe3ef143700 1 --2- 172.21.15.112:0/1527129109 >> [v2:172.21.15.112:3300/0,v1:172.21.15.112:6789/0] conn(0x7fe3e80fc160 0x7fe3e80fc570 secure :-1 s=READY pgs=18 cs=0 l=1 rev1=1 crypto rx=0x7fe3d8009960 tx=0x7fe3d80092d0 comp rx=0 tx=0).stop
2021-10-08T19:21:18.272 INFO:teuthology.orchestra.run.smithi112.stderr:/usr/bin/ceph:
2021-10-08T19:21:18.266+0000 7fe3ef143700 1 -- 172.21.15.112:0/1527129109 shutdown_connections
2021-10-08T19:21:18.272 INFO:teuthology.orchestra.run.smithi112.stderr:/usr/bin/ceph:
2021-10-08T19:21:18.266+0000 7fe3ef143700 1 --2- 172.21.15.112:0/1527129109 >> [v2:172.21.15.112:3300/0,v1:172.21.15.112:6789/0] conn(0x7fe3e80fc160 0x7fe3e80fc570 unknown :-1 s=CLOSED pgs=18 cs=0 l=1 rev1=1 crypto rx=0 tx=0 comp rx=0 tx=0).stop
2021-10-08T19:21:18.273 INFO:teuthology.orchestra.run.smithi112.stderr:/usr/bin/ceph:
2021-10-08T19:21:18.266+0000 7fe3ef143700 1 -- 172.21.15.112:0/1527129109 >> 172.21.15.112:0/1527129109 conn(0x7fe3e80f7910 msgr2=0x7fe3e80f9d80 unknown :-1 s=STATE_NONE l=0).mark_down
2021-10-08T19:21:18.273 INFO:teuthology.orchestra.run.smithi112.stderr:/usr/bin/ceph:
2021-10-08T19:21:18.266+0000 7fe3ef143700 1 -- 172.21.15.112:0/1527129109 shutdown_connections
2021-10-08T19:21:18.273 INFO:teuthology.orchestra.run.smithi112.stderr:/usr/bin/ceph:
2021-10-08T19:21:18.266+0000 7fe3ef143700 1 -- 172.21.15.112:0/1527129109 wait complete.
2021-10-08T19:21:18.273 INFO:teuthology.orchestra.run.smithi112.stderr:/usr/bin/ceph:
2021-10-08T19:21:18.266+0000 7fe3ef143700 1 Processor -- start
2021-10-08T19:21:18.273 INFO:teuthology.orchestra.run.smithi112.stderr:/usr/bin/ceph:
2021-10-08T19:21:18.267+0000 7fe3ef143700 1 -- start start
2021-10-08T19:21:18.274 INFO:teuthology.orchestra.run.smithi112.stderr:/usr/bin/ceph:
2021-10-08T19:21:18.267+0000 7fe3ef143700 1 --2- >> [v2:172.21.15.112:3300/0,v1:172.21.15.112:6789/0] conn(0x7fe3e80fc160 0x7fe3e810abd0 unknown :-1 s=NONE pgs=0 cs=0 l=1 rev1=0 crypto rx=0 tx=0 comp rx=0 tx=0).connect
2021-10-08T19:21:18.274 INFO:teuthology.orchestra.run.smithi112.stderr:/usr/bin/ceph:
2021-10-08T19:21:18.267+0000 7fe3ef143700 1 -- --> [v2:172.21.15.112:3300/0,v1:172.21.15.112:6789/0] -- mon_getmap magic: 0 v1 -- 0x7fe3e810b110 con 0x7fe3e80fc160
2021-10-08T19:21:18.274 INFO:teuthology.orchestra.run.smithi112.stderr:/usr/bin/ceph:
2021-10-08T19:21:18.267+0000 7fe3ecedf700 1 --2- >> [v2:172.21.15.112:3300/0,v1:172.21.15.112:6789/0] conn(0x7fe3e80fc160 0x7fe3e810abd0 unknown :-1 s=BANNER_CONNECTING pgs=0 cs=0 l=1 rev1=0 crypto rx=0 tx=0 comp rx=0 tx=0)._handle_peer_banner_payload supported=3 required=0
2021-10-08T19:21:18.274 INFO:teuthology.orchestra.run.smithi112.stderr:/usr/bin/ceph:
2021-10-08T19:21:18.267+0000 7fe3ecedf700 1 --2- >> [v2:172.21.15.112:3300/0,v1:172.21.15.112:6789/0] conn(0x7fe3e80fc160 0x7fe3e810abd0 unknown :-1 s=HELLO_CONNECTING pgs=0 cs=0 l=1 rev1=1 crypto rx=0 tx=0 comp rx=0 tx=0).handle_hello peer v2:172.21.15.112:3300/0 says I am v2:172.21.15.112:60998/0 (socket says 172.21.15.112:60998)
2021-10-08T19:21:18.275 INFO:teuthology.orchestra.run.smithi112.stderr:/usr/bin/ceph:
2021-10-08T19:21:18.267+0000 7fe3ecedf700 1 -- 172.21.15.112:0/2469867682 learned_addr learned my addr 172.21.15.112:0/2469867682 (peer_addr_for_me v2:172.21.15.112:0/0)
2021-10-08T19:21:18.275 INFO:teuthology.orchestra.run.smithi112.stderr:/usr/bin/ceph:
2021-10-08T19:21:18.267+0000 7fe3ecedf700 1 -- 172.21.15.112:0/2469867682 --> [v2:172.21.15.112:3300/0,v1:172.21.15.112:6789/0] -- mon_subscribe({config=0+,monmap=0+}) v3 -- 0x7fe3d8009570 con 0x7fe3e80fc160
2021-10-08T19:21:18.275 INFO:teuthology.orchestra.run.smithi112.stderr:/usr/bin/ceph:
2021-10-08T19:21:18.267+0000 7fe3ecedf700 1 --2- 172.21.15.112:0/2469867682 >> [v2:172.21.15.112:3300/0,v1:172.21.15.112:6789/0] conn(0x7fe3e80fc160 0x7fe3e810abd0 secure :-1 s=READY pgs=19 cs=0 l=1 rev1=1 crypto rx=0x7fe3d8009930 tx=0x7fe3d80092d0 comp rx=0 tx=0).ready entity=mon.0 client_cookie=0 server_cookie=0 in_seq=0 out_seq=0
2021-10-08T19:21:18.275 INFO:teuthology.orchestra.run.smithi112.stderr:/usr/bin/ceph:
2021-10-08T19:21:18.267+0000 7fe3e57fa700 1 -- 172.21.15.112:0/2469867682 <== mon.0 v2:172.21.15.112:3300/0 1 ==== mon_map magic: 0 v1 ==== 205+0+0 (secure 0 0 0) 0x7fe3d801a740 con 0x7fe3e80fc160
2021-10-08T19:21:18.275 INFO:teuthology.orchestra.run.smithi112.stderr:/usr/bin/ceph:
2021-10-08T19:21:18.268+0000 7fe3ef143700 1 -- 172.21.15.112:0/2469867682 --> [v2:172.21.15.112:3300/0,v1:172.21.15.112:6789/0] -- mon_subscribe({mgrmap=0+}) v3 -- 0x7fe3e810b310 con 0x7fe3e80fc160
2021-10-08T19:21:18.276 INFO:teuthology.orchestra.run.smithi112.stderr:/usr/bin/ceph:
2021-10-08T19:21:18.268+0000 7fe3e57fa700 1 -- 172.21.15.112:0/2469867682 <== mon.0 v2:172.21.15.112:3300/0 2 ==== config(23 keys) v1 ==== 951+0+0 (secure 0 0 0) 0x7fe3d801acd0 con 0x7fe3e80fc160
2021-10-08T19:21:18.276 INFO:teuthology.orchestra.run.smithi112.stderr:/usr/bin/ceph:
2021-10-08T19:21:18.268+0000 7fe3e57fa700 1 -- 172.21.15.112:0/2469867682 <== mon.0 v2:172.21.15.112:3300/0 3 ==== mon_map magic: 0 v1 ==== 205+0+0 (secure 0 0 0) 0x7fe3d80229b0 con 0x7fe3e80fc160
2021-10-08T19:21:18.276 INFO:teuthology.orchestra.run.smithi112.stderr:/usr/bin/ceph:
2021-10-08T19:21:18.268+0000 7fe3ef143700 1 -- 172.21.15.112:0/2469867682 --> [v2:172.21.15.112:3300/0,v1:172.21.15.112:6789/0] -- mon_subscribe({osdmap=0}) v3 -- 0x7fe3e810bfb0 con 0x7fe3e80fc160
2021-10-08T19:21:18.276 INFO:teuthology.orchestra.run.smithi112.stderr:/usr/bin/ceph:
2021-10-08T19:21:18.268+0000 7fe3e57fa700 1 -- 172.21.15.112:0/2469867682 <== mon.0 v2:172.21.15.112:3300/0 4 ==== mgrmap(e 4) v1 ==== 40444+0+0 (secure 0 0 0) 0x7fe3d802a070 con 0x7fe3e80fc160
2021-10-08T19:21:18.276 INFO:teuthology.orchestra.run.smithi112.stderr:/usr/bin/ceph:
2021-10-08T19:21:18.268+0000 7fe3e57fa700 1 --2- 172.21.15.112:0/2469867682 >> [v2:172.21.15.112:6800/1703752479,v1:172.21.15.112:6801/1703752479] conn(0x7fe3c8033560 0x7fe3c8035a10 unknown :-1 s=NONE pgs=0 cs=0 l=1 rev1=0 crypto rx=0 tx=0 comp rx=0 tx=0).connect
2021-10-08T19:21:18.277 INFO:teuthology.orchestra.run.smithi112.stderr:/usr/bin/ceph:
2021-10-08T19:21:18.268+0000 7fe3ef143700 1 -- 172.21.15.112:0/2469867682 --> [v2:172.21.15.112:3300/0,v1:172.21.15.112:6789/0] -- mon_command({"prefix": "get_command_descriptions"} v 0) v1 -- 0x7fe3e810b7a0 con 0x7fe3e80fc160
2021-10-08T19:21:18.277 INFO:teuthology.orchestra.run.smithi112.stderr:/usr/bin/ceph:
2021-10-08T19:21:18.268+0000 7fe3e57fa700 1 -- 172.21.15.112:0/2469867682 <== mon.0 v2:172.21.15.112:3300/0 5 ==== osd_map(1..1 src has 1..1) v4 ==== 721+0+0 (secure 0 0 0) 0x7fe3d8045f10 con 0x7fe3e80fc160
2021-10-08T19:21:18.277 INFO:teuthology.orchestra.run.smithi112.stderr:/usr/bin/ceph:
2021-10-08T19:21:18.269+0000 7fe3e7fff700 1 --2- 172.21.15.112:0/2469867682 >> [v2:172.21.15.112:6800/1703752479,v1:172.21.15.112:6801/1703752479] conn(0x7fe3c8033560 0x7fe3c8035a10 unknown :-1 s=BANNER_CONNECTING pgs=0 cs=0 l=1 rev1=0 crypto rx=0 tx=0 comp rx=0 tx=0)._handle_peer_banner_payload supported=3 required=0
2021-10-08T19:21:18.277 INFO:teuthology.orchestra.run.smithi112.stderr:/usr/bin/ceph:
2021-10-08T19:21:18.269+0000 7fe3e7fff700 1 --2- 172.21.15.112:0/2469867682 >> [v2:172.21.15.112:6800/1703752479,v1:172.21.15.112:6801/1703752479] conn(0x7fe3c8033560 0x7fe3c8035a10 secure :-1 s=READY pgs=7 cs=0 l=1 rev1=1 crypto rx=0x7fe3d00096a0 tx=0x7fe3d0006b40 comp rx=0 tx=0).ready entity=mgr.14100 client_cookie=0 server_cookie=0 in_seq=0 out_seq=0
2021-10-08T19:21:18.278 INFO:teuthology.orchestra.run.smithi112.stderr:/usr/bin/ceph:
2021-10-08T19:21:18.273+0000 7fe3e57fa700 1 -- 172.21.15.112:0/2469867682 <== mon.0 v2:172.21.15.112:3300/0 6 ==== mon_command_ack([{"prefix": "get_command_descriptions"}]=0 v0) v1 ==== 72+0+154344 (secure 0 0 0) 0x7fe3d801e020 con 0x7fe3e80fc160
2021-10-08T19:21:18.430 INFO:teuthology.orchestra.run.smithi112.stderr:/usr/bin/ceph:
2021-10-08T19:21:18.430+0000 7fe3ef143700 1 -- 172.21.15.112:0/2469867682 --> [v2:172.21.15.112:3300/0,v1:172.21.15.112:6789/0] -- mon_command({"prefix": "config assimilate-conf"} v 0) v1 -- 0x7fe3e805a9f0 con 0x7fe3e80fc160
2021-10-08T19:21:18.433 INFO:teuthology.orchestra.run.smithi112.stderr:/usr/bin/ceph:
2021-10-08T19:21:18.431+0000 7fe3e57fa700 1 -- 172.21.15.112:0/2469867682 <== mon.0 v2:172.21.15.112:3300/0 7 ==== mon_command_ack([{"prefix": "config assimilate-conf"}]=0 v3) v1 ==== 70+0+282 (secure 0 0 0) 0x7fe3d8045130 con 0x7fe3e80fc160
2021-10-08T19:21:18.434 INFO:teuthology.orchestra.run.smithi112.stderr:/usr/bin/ceph:
2021-10-08T19:21:18.434 INFO:teuthology.orchestra.run.smithi112.stderr:/usr/bin/ceph: [global]
2021-10-08T19:21:18.434 INFO:teuthology.orchestra.run.smithi112.stderr:/usr/bin/ceph: fsid = c1559bde-286c-11ec-8c25-001a4aab830c
2021-10-08T19:21:18.434 INFO:teuthology.orchestra.run.smithi112.stderr:/usr/bin/ceph: mon_osd_allow_pg_remap = true
2021-10-08T19:21:18.435 INFO:teuthology.orchestra.run.smithi112.stderr:/usr/bin/ceph: mon_osd_allow_primary_affinity = true
2021-10-08T19:21:18.435 INFO:teuthology.orchestra.run.smithi112.stderr:/usr/bin/ceph: mon_warn_on_no_sortbitwise = false
2021-10-08T19:21:18.435 INFO:teuthology.orchestra.run.smithi112.stderr:/usr/bin/ceph: osd_crush_chooseleaf_type = 0
2021-10-08T19:21:18.435 INFO:teuthology.orchestra.run.smithi112.stderr:/usr/bin/ceph:
2021-10-08T19:21:18.436 INFO:teuthology.orchestra.run.smithi112.stderr:/usr/bin/ceph: [mgr]
2021-10-08T19:21:18.436 INFO:teuthology.orchestra.run.smithi112.stderr:/usr/bin/ceph: mgr/telemetry/nag = false
2021-10-08T19:21:18.436 INFO:teuthology.orchestra.run.smithi112.stderr:/usr/bin/ceph:
2021-10-08T19:21:18.436 INFO:teuthology.orchestra.run.smithi112.stderr:/usr/bin/ceph: [osd]
2021-10-08T19:21:18.436 INFO:teuthology.orchestra.run.smithi112.stderr:/usr/bin/ceph: osd_map_max_advance = 10
2021-10-08T19:21:18.437 INFO:teuthology.orchestra.run.smithi112.stderr:/usr/bin/ceph: osd_sloppy_crc = true
2021-10-08T19:21:18.437 INFO:teuthology.orchestra.run.smithi112.stderr:/usr/bin/ceph:
2021-10-08T19:21:18.432+0000 7fe3ef143700 1 -- 172.21.15.112:0/2469867682 >> [v2:172.21.15.112:6800/1703752479,v1:172.21.15.112:6801/1703752479] conn(0x7fe3c8033560 msgr2=0x7fe3c8035a10 secure :-1 s=STATE_CONNECTION_ESTABLISHED l=1).mark_down
2021-10-08T19:21:18.437 INFO:teuthology.orchestra.run.smithi112.stderr:/usr/bin/ceph:
2021-10-08T19:21:18.432+0000 7fe3ef143700 1 --2- 172.21.15.112:0/2469867682 >> [v2:172.21.15.112:6800/1703752479,v1:172.21.15.112:6801/1703752479] conn(0x7fe3c8033560 0x7fe3c8035a10 secure :-1 s=READY pgs=7 cs=0 l=1 rev1=1 crypto rx=0x7fe3d00096a0 tx=0x7fe3d0006b40 comp rx=0 tx=0).stop
2021-10-08T19:21:18.437 INFO:teuthology.orchestra.run.smithi112.stderr:/usr/bin/ceph:
2021-10-08T19:21:18.432+0000 7fe3ef143700 1 -- 172.21.15.112:0/2469867682 >> [v2:172.21.15.112:3300/0,v1:172.21.15.112:6789/0] conn(0x7fe3e80fc160 msgr2=0x7fe3e810abd0 secure :-1 s=STATE_CONNECTION_ESTABLISHED l=1).mark_down
2021-10-08T19:21:18.438 INFO:teuthology.orchestra.run.smithi112.stderr:/usr/bin/ceph:
2021-10-08T19:21:18.432+0000 7fe3ef143700 1 --2- 172.21.15.112:0/2469867682 >> [v2:172.21.15.112:3300/0,v1:172.21.15.112:6789/0] conn(0x7fe3e80fc160 0x7fe3e810abd0 secure :-1 s=READY pgs=19 cs=0 l=1 rev1=1 crypto rx=0x7fe3d8009930 tx=0x7fe3d80092d0 comp rx=0 tx=0).stop
2021-10-08T19:21:18.438 INFO:teuthology.orchestra.run.smithi112.stderr:/usr/bin/ceph:
2021-10-08T19:21:18.432+0000 7fe3ef143700 1 -- 172.21.15.112:0/2469867682 shutdown_connections
2021-10-08T19:21:18.438 INFO:teuthology.orchestra.run.smithi112.stderr:/usr/bin/ceph:
2021-10-08T19:21:18.432+0000 7fe3ef143700 1 --2- 172.21.15.112:0/2469867682 >> [v2:172.21.15.112:6800/1703752479,v1:172.21.15.112:6801/1703752479] conn(0x7fe3c8033560 0x7fe3c8035a10 unknown :-1 s=CLOSED pgs=7 cs=0 l=1 rev1=1 crypto rx=0 tx=0 comp rx=0 tx=0).stop
2021-10-08T19:21:18.438 INFO:teuthology.orchestra.run.smithi112.stderr:/usr/bin/ceph:
2021-10-08T19:21:18.432+0000 7fe3ef143700 1 --2- 172.21.15.112:0/2469867682 >> [v2:172.21.15.112:3300/0,v1:172.21.15.112:6789/0] conn(0x7fe3e80fc160 0x7fe3e810abd0 unknown :-1 s=CLOSED pgs=19 cs=0 l=1 rev1=1 crypto rx=0 tx=0 comp rx=0 tx=0).stop
2021-10-08T19:21:18.438 INFO:teuthology.orchestra.run.smithi112.stderr:/usr/bin/ceph:
2021-10-08T19:21:18.432+0000 7fe3ef143700 1 -- 172.21.15.112:0/2469867682 >> 172.21.15.112:0/2469867682 conn(0x7fe3e80f7910 msgr2=0x7fe3e80f85d0 unknown :-1 s=STATE_NONE l=0).mark_down
2021-10-08T19:21:18.439 INFO:teuthology.orchestra.run.smithi112.stderr:/usr/bin/ceph:
2021-10-08T19:21:18.432+0000 7fe3ef143700 1 -- 172.21.15.112:0/2469867682 shutdown_connections
2021-10-08T19:21:18.439 INFO:teuthology.orchestra.run.smithi112.stderr:/usr/bin/ceph:
2021-10-08T19:21:18.432+0000 7fe3ef143700 1 -- 172.21.15.112:0/2469867682 wait complete.
2021-10-08T19:21:18.820 INFO:journalctl@ceph.mon.a.smithi112.stdout:Oct 08 19:21:18 smithi112 ceph-mon[31694]: mgrmap e4: y(active, since 2s)
2021-10-08T19:21:18.820 INFO:journalctl@ceph.mon.a.smithi112.stdout:Oct 08 19:21:18 smithi112 ceph-mon[31694]: from='client.? 172.21.15.112:0/2469867682' entity='client.admin' cmd=[{"prefix": "config assimilate-conf"}]: dispatch
2021-10-08T19:21:18.991 INFO:teuthology.orchestra.run.smithi112.stderr:Enabling cephadm module...
2021-10-08T19:21:18.991 INFO:teuthology.orchestra.run.smithi112.stderr:Running command: /bin/podman run --rm --ipc=host --stop-signal=SIGTERM --net=host --entrypoint /usr/bin/ceph --init -e CONTAINER_IMAGE=quay.ceph.io/ceph-ci/ceph:103b6cc3554193fcd0852d9c647cef19e99920cf -e NODE_NAME=smithi112 -e CEPH_USE_RANDOM_NONCE=1 -v /var/log/ceph/c1559bde-286c-11ec-8c25-001a4aab830c:/var/log/ceph:z -v /tmp/ceph-tmp4twfpjyx:/etc/ceph/ceph.client.admin.keyring:z -v /tmp/ceph-tmpd8r45a1j:/etc/ceph/ceph.conf:z quay.ceph.io/ceph-ci/ceph:103b6cc3554193fcd0852d9c647cef19e99920cf mgr module enable cephadm
2021-10-08T19:21:19.437 INFO:teuthology.orchestra.run.smithi112.stderr:/usr/bin/ceph:
2021-10-08T19:21:19.433+0000 7fa19bd5e700 1 Processor -- start
2021-10-08T19:21:19.438 INFO:teuthology.orchestra.run.smithi112.stderr:/usr/bin/ceph:
2021-10-08T19:21:19.433+0000 7fa19bd5e700 1 -- start start
2021-10-08T19:21:19.438 INFO:teuthology.orchestra.run.smithi112.stderr:/usr/bin/ceph:
2021-10-08T19:21:19.434+0000 7fa19bd5e700 1 --2- >> [v2:172.21.15.112:3300/0,v1:172.21.15.112:6789/0] conn(0x7fa194072510 0x7fa194070ab0 unknown :-1 s=NONE pgs=0 cs=0 l=0 rev1=0 crypto rx=0 tx=0 comp rx=0 tx=0).connect
2021-10-08T19:21:19.438 INFO:teuthology.orchestra.run.smithi112.stderr:/usr/bin/ceph:
2021-10-08T19:21:19.434+0000 7fa19bd5e700 1 -- --> [v2:172.21.15.112:3300/0,v1:172.21.15.112:6789/0] -- mon_getmap magic: 0 v1 -- 0x7fa194072920 con 0x7fa194072510
2021-10-08T19:21:19.438 INFO:teuthology.orchestra.run.smithi112.stderr:/usr/bin/ceph:
2021-10-08T19:21:19.434+0000 7fa199afa700 1 --2- >> [v2:172.21.15.112:3300/0,v1:172.21.15.112:6789/0] conn(0x7fa194072510 0x7fa194070ab0 unknown :-1 s=BANNER_CONNECTING pgs=0 cs=0 l=0 rev1=0 crypto rx=0 tx=0 comp rx=0 tx=0)._handle_peer_banner_payload supported=3 required=0
2021-10-08T19:21:19.438 INFO:teuthology.orchestra.run.smithi112.stderr:/usr/bin/ceph:
2021-10-08T19:21:19.434+0000 7fa199afa700 1 --2- >> [v2:172.21.15.112:3300/0,v1:172.21.15.112:6789/0] conn(0x7fa194072510 0x7fa194070ab0 unknown :-1 s=HELLO_CONNECTING pgs=0 cs=0 l=0 rev1=1 crypto rx=0 tx=0 comp rx=0 tx=0).handle_hello peer v2:172.21.15.112:3300/0 says I am v2:172.21.15.112:32770/0 (socket says 172.21.15.112:32770)
2021-10-08T19:21:19.439 INFO:teuthology.orchestra.run.smithi112.stderr:/usr/bin/ceph:
2021-10-08T19:21:19.434+0000 7fa199afa700 1 -- 172.21.15.112:0/971461009 learned_addr learned my addr 172.21.15.112:0/971461009 (peer_addr_for_me v2:172.21.15.112:0/0)
2021-10-08T19:21:19.439 INFO:teuthology.orchestra.run.smithi112.stderr:/usr/bin/ceph:
2021-10-08T19:21:19.434+0000 7fa199afa700 1 -- 172.21.15.112:0/971461009 --> [v2:172.21.15.112:3300/0,v1:172.21.15.112:6789/0] -- mon_subscribe({config=0+,monmap=0+}) v3 -- 0x7fa194070ff0 con 0x7fa194072510
2021-10-08T19:21:19.439 INFO:teuthology.orchestra.run.smithi112.stderr:/usr/bin/ceph:
2021-10-08T19:21:19.434+0000 7fa199afa700 1 --2- 172.21.15.112:0/971461009 >> [v2:172.21.15.112:3300/0,v1:172.21.15.112:6789/0] conn(0x7fa194072510 0x7fa194070ab0 secure :-1 s=READY pgs=20 cs=0 l=1 rev1=1 crypto rx=0x7fa19000b5f0 tx=0x7fa190006ee0 comp rx=0 tx=0).ready entity=mon.0 client_cookie=6162b144a73ef770 server_cookie=0 in_seq=0 out_seq=0
2021-10-08T19:21:19.439 INFO:teuthology.orchestra.run.smithi112.stderr:/usr/bin/ceph:
2021-10-08T19:21:19.434+0000 7fa198af8700 1 -- 172.21.15.112:0/971461009 <== mon.0 v2:172.21.15.112:3300/0 1 ==== mon_map magic: 0 v1 ==== 205+0+0 (secure 0 0 0) 0x7fa1900106d0 con 0x7fa194072510
2021-10-08T19:21:19.440 INFO:teuthology.orchestra.run.smithi112.stderr:/usr/bin/ceph:
2021-10-08T19:21:19.434+0000 7fa198af8700 1 -- 172.21.15.112:0/971461009 <== mon.0 v2:172.21.15.112:3300/0 2 ==== config(23 keys) v1 ==== 951+0+0 (secure 0 0 0) 0x7fa190010c60 con 0x7fa194072510
2021-10-08T19:21:19.440 INFO:teuthology.orchestra.run.smithi112.stderr:/usr/bin/ceph:
2021-10-08T19:21:19.434+0000 7fa198af8700 1 -- 172.21.15.112:0/971461009 <== mon.0 v2:172.21.15.112:3300/0 3 ==== mon_map magic: 0 v1 ==== 205+0+0 (secure 0 0 0) 0x7fa190011af0 con 0x7fa194072510
2021-10-08T19:21:19.440 INFO:teuthology.orchestra.run.smithi112.stderr:/usr/bin/ceph:
2021-10-08T19:21:19.435+0000 7fa19bd5e700 1 -- 172.21.15.112:0/971461009 >> [v2:172.21.15.112:3300/0,v1:172.21.15.112:6789/0] conn(0x7fa194072510 msgr2=0x7fa194070ab0 secure :-1 s=STATE_CONNECTION_ESTABLISHED l=1).mark_down
2021-10-08T19:21:19.440 INFO:teuthology.orchestra.run.smithi112.stderr:/usr/bin/ceph:
2021-10-08T19:21:19.435+0000 7fa19bd5e700 1 --2- 172.21.15.112:0/971461009 >> [v2:172.21.15.112:3300/0,v1:172.21.15.112:6789/0] conn(0x7fa194072510 0x7fa194070ab0 secure :-1 s=READY pgs=20 cs=0 l=1 rev1=1 crypto rx=0x7fa19000b5f0 tx=0x7fa190006ee0 comp rx=0 tx=0).stop
2021-10-08T19:21:19.441 INFO:teuthology.orchestra.run.smithi112.stderr:/usr/bin/ceph:
2021-10-08T19:21:19.435+0000 7fa19bd5e700 1 -- 172.21.15.112:0/971461009 shutdown_connections
2021-10-08T19:21:19.441 INFO:teuthology.orchestra.run.smithi112.stderr:/usr/bin/ceph:
2021-10-08T19:21:19.435+0000 7fa19bd5e700 1 --2- 172.21.15.112:0/971461009 >> [v2:172.21.15.112:3300/0,v1:172.21.15.112:6789/0] conn(0x7fa194072510 0x7fa194070ab0 unknown :-1 s=CLOSED pgs=20 cs=0 l=1 rev1=1 crypto rx=0 tx=0 comp rx=0 tx=0).stop
2021-10-08T19:21:19.441 INFO:teuthology.orchestra.run.smithi112.stderr:/usr/bin/ceph:
2021-10-08T19:21:19.435+0000 7fa19bd5e700 1 -- 172.21.15.112:0/971461009 >> 172.21.15.112:0/971461009 conn(0x7fa1940f7910 msgr2=0x7fa1940f9d60 unknown :-1 s=STATE_NONE l=0).mark_down
2021-10-08T19:21:19.441 INFO:teuthology.orchestra.run.smithi112.stderr:/usr/bin/ceph:
2021-10-08T19:21:19.435+0000 7fa19bd5e700 1 -- 172.21.15.112:0/971461009 shutdown_connections
2021-10-08T19:21:19.441 INFO:teuthology.orchestra.run.smithi112.stderr:/usr/bin/ceph:
2021-10-08T19:21:19.435+0000 7fa19bd5e700 1 -- 172.21.15.112:0/971461009 wait complete.
2021-10-08T19:21:19.442 INFO:teuthology.orchestra.run.smithi112.stderr:/usr/bin/ceph:
2021-10-08T19:21:19.436+0000 7fa19bd5e700 1 Processor -- start
2021-10-08T19:21:19.442 INFO:teuthology.orchestra.run.smithi112.stderr:/usr/bin/ceph:
2021-10-08T19:21:19.436+0000 7fa19bd5e700 1 -- start start
2021-10-08T19:21:19.442 INFO:teuthology.orchestra.run.smithi112.stderr:/usr/bin/ceph:
2021-10-08T19:21:19.436+0000 7fa19bd5e700 1 --2- >> [v2:172.21.15.112:3300/0,v1:172.21.15.112:6789/0] conn(0x7fa194072510 0x7fa19410cec0 unknown :-1 s=NONE pgs=0 cs=0 l=1 rev1=0 crypto rx=0 tx=0 comp rx=0 tx=0).connect
2021-10-08T19:21:19.442 INFO:teuthology.orchestra.run.smithi112.stderr:/usr/bin/ceph:
2021-10-08T19:21:19.436+0000 7fa19bd5e700 1 -- --> [v2:172.21.15.112:3300/0,v1:172.21.15.112:6789/0] -- mon_getmap magic: 0 v1 -- 0x7fa19410d400 con 0x7fa194072510
2021-10-08T19:21:19.443 INFO:teuthology.orchestra.run.smithi112.stderr:/usr/bin/ceph:
2021-10-08T19:21:19.436+0000 7fa199afa700 1 --2- >> [v2:172.21.15.112:3300/0,v1:172.21.15.112:6789/0] conn(0x7fa194072510 0x7fa19410cec0 unknown :-1 s=BANNER_CONNECTING pgs=0 cs=0 l=1 rev1=0 crypto rx=0 tx=0 comp rx=0 tx=0)._handle_peer_banner_payload supported=3 required=0
2021-10-08T19:21:19.443 INFO:teuthology.orchestra.run.smithi112.stderr:/usr/bin/ceph:
2021-10-08T19:21:19.436+0000 7fa199afa700 1 --2- >> [v2:172.21.15.112:3300/0,v1:172.21.15.112:6789/0] conn(0x7fa194072510 0x7fa19410cec0 unknown :-1 s=HELLO_CONNECTING pgs=0 cs=0 l=1 rev1=1 crypto rx=0 tx=0 comp rx=0 tx=0).handle_hello peer v2:172.21.15.112:3300/0 says I am v2:172.21.15.112:32772/0 (socket says 172.21.15.112:32772)
2021-10-08T19:21:19.443 INFO:teuthology.orchestra.run.smithi112.stderr:/usr/bin/ceph:
2021-10-08T19:21:19.436+0000 7fa199afa700 1 -- 172.21.15.112:0/272478243 learned_addr learned my addr 172.21.15.112:0/272478243 (peer_addr_for_me v2:172.21.15.112:0/0)
2021-10-08T19:21:19.443 INFO:teuthology.orchestra.run.smithi112.stderr:/usr/bin/ceph:
2021-10-08T19:21:19.436+0000 7fa199afa700 1 -- 172.21.15.112:0/272478243 --> [v2:172.21.15.112:3300/0,v1:172.21.15.112:6789/0] -- mon_subscribe({config=0+,monmap=0+}) v3 -- 0x7fa19000b200 con 0x7fa194072510
2021-10-08T19:21:19.444 INFO:teuthology.orchestra.run.smithi112.stderr:/usr/bin/ceph:
2021-10-08T19:21:19.436+0000 7fa199afa700 1 --2- 172.21.15.112:0/272478243 >> [v2:172.21.15.112:3300/0,v1:172.21.15.112:6789/0] conn(0x7fa194072510 0x7fa19410cec0 secure :-1 s=READY pgs=21 cs=0 l=1 rev1=1 crypto rx=0x7fa19000c010 tx=0x7fa190006ee0 comp rx=0 tx=0).ready entity=mon.0 client_cookie=0 server_cookie=0 in_seq=0 out_seq=0
2021-10-08T19:21:19.444 INFO:teuthology.orchestra.run.smithi112.stderr:/usr/bin/ceph:
2021-10-08T19:21:19.436+0000 7fa1827fc700 1 -- 172.21.15.112:0/272478243 <== mon.0 v2:172.21.15.112:3300/0 1 ==== mon_map magic: 0 v1 ==== 205+0+0 (secure 0 0 0) 0x7fa19001b410 con 0x7fa194072510
2021-10-08T19:21:19.444 INFO:teuthology.orchestra.run.smithi112.stderr:/usr/bin/ceph:
2021-10-08T19:21:19.436+0000 7fa1827fc700 1 -- 172.21.15.112:0/272478243 <== mon.0 v2:172.21.15.112:3300/0 2 ==== config(23 keys) v1 ==== 951+0+0 (secure 0 0 0) 0x7fa19001b9a0 con 0x7fa194072510
2021-10-08T19:21:19.444 INFO:teuthology.orchestra.run.smithi112.stderr:/usr/bin/ceph:
2021-10-08T19:21:19.436+0000 7fa19bd5e700 1 -- 172.21.15.112:0/272478243 --> [v2:172.21.15.112:3300/0,v1:172.21.15.112:6789/0] -- mon_subscribe({mgrmap=0+}) v3 -- 0x7fa19410d600 con 0x7fa194072510
2021-10-08T19:21:19.445 INFO:teuthology.orchestra.run.smithi112.stderr:/usr/bin/ceph:
2021-10-08T19:21:19.436+0000 7fa1827fc700 1 -- 172.21.15.112:0/272478243 <== mon.0 v2:172.21.15.112:3300/0 3 ==== mon_map magic: 0 v1 ==== 205+0+0 (secure 0 0 0) 0x7fa1900236b0 con 0x7fa194072510
2021-10-08T19:21:19.445 INFO:teuthology.orchestra.run.smithi112.stderr:/usr/bin/ceph:
2021-10-08T19:21:19.436+0000 7fa19bd5e700 1 -- 172.21.15.112:0/272478243 --> [v2:172.21.15.112:3300/0,v1:172.21.15.112:6789/0] -- mon_subscribe({osdmap=0}) v3 -- 0x7fa19410e160 con 0x7fa194072510
2021-10-08T19:21:19.445 INFO:teuthology.orchestra.run.smithi112.stderr:/usr/bin/ceph:
2021-10-08T19:21:19.437+0000 7fa1827fc700 1 -- 172.21.15.112:0/272478243 <== mon.0 v2:172.21.15.112:3300/0 4 ==== mgrmap(e 4) v1 ==== 40444+0+0 (secure 0 0 0) 0x7fa19000f070 con 0x7fa194072510
2021-10-08T19:21:19.446 INFO:teuthology.orchestra.run.smithi112.stderr:/usr/bin/ceph:
2021-10-08T19:21:19.437+0000 7fa1827fc700 1 --2- 172.21.15.112:0/272478243 >> [v2:172.21.15.112:6800/1703752479,v1:172.21.15.112:6801/1703752479] conn(0x7fa17c033560 0x7fa17c035a10 unknown :-1 s=NONE pgs=0 cs=0 l=1 rev1=0 crypto rx=0 tx=0 comp rx=0 tx=0).connect
2021-10-08T19:21:19.446 INFO:teuthology.orchestra.run.smithi112.stderr:/usr/bin/ceph:
2021-10-08T19:21:19.437+0000 7fa1827fc700 1 -- 172.21.15.112:0/272478243 <== mon.0 v2:172.21.15.112:3300/0 5 ==== osd_map(1..1 src has 1..1) v4 ==== 721+0+0 (secure 0 0 0) 0x7fa1900464d0 con 0x7fa194072510
2021-10-08T19:21:19.446 INFO:teuthology.orchestra.run.smithi112.stderr:/usr/bin/ceph:
2021-10-08T19:21:19.437+0000 7fa19bd5e700 1 -- 172.21.15.112:0/272478243 --> [v2:172.21.15.112:3300/0,v1:172.21.15.112:6789/0] -- mon_command({"prefix": "get_command_descriptions"} v 0) v1 -- 0x7fa19405a9f0 con 0x7fa194072510
2021-10-08T19:21:19.447 INFO:teuthology.orchestra.run.smithi112.stderr:/usr/bin/ceph:
2021-10-08T19:21:19.437+0000 7fa1992f9700 1 --2- 172.21.15.112:0/272478243 >> [v2:172.21.15.112:6800/1703752479,v1:172.21.15.112:6801/1703752479] conn(0x7fa17c033560 0x7fa17c035a10 unknown :-1 s=BANNER_CONNECTING pgs=0 cs=0 l=1 rev1=0 crypto rx=0 tx=0 comp rx=0 tx=0)._handle_peer_banner_payload supported=3 required=0
2021-10-08T19:21:19.447 INFO:teuthology.orchestra.run.smithi112.stderr:/usr/bin/ceph:
2021-10-08T19:21:19.438+0000 7fa1992f9700 1 --2- 172.21.15.112:0/272478243 >> [v2:172.21.15.112:6800/1703752479,v1:172.21.15.112:6801/1703752479] conn(0x7fa17c033560 0x7fa17c035a10 secure :-1 s=READY pgs=8 cs=0 l=1 rev1=1 crypto rx=0x7fa1840096a0 tx=0x7fa184006b40 comp rx=0 tx=0).ready entity=mgr.14100 client_cookie=0 server_cookie=0 in_seq=0 out_seq=0
2021-10-08T19:21:19.447 INFO:teuthology.orchestra.run.smithi112.stderr:/usr/bin/ceph:
2021-10-08T19:21:19.442+0000 7fa1827fc700 1 -- 172.21.15.112:0/272478243 <== mon.0 v2:172.21.15.112:3300/0 6 ==== mon_command_ack([{"prefix": "get_command_descriptions"}]=0 v0) v1 ==== 72+0+154344 (secure 0 0 0) 0x7fa19002b960 con 0x7fa194072510
2021-10-08T19:21:19.645 INFO:teuthology.orchestra.run.smithi112.stderr:/usr/bin/ceph:
2021-10-08T19:21:19.645+0000 7fa19bd5e700 1 -- 172.21.15.112:0/272478243 --> [v2:172.21.15.112:3300/0,v1:172.21.15.112:6789/0] -- mon_command({"prefix": "mgr module enable", "module": "cephadm"} v 0) v1 -- 0x7fa1940008d0 con 0x7fa194072510
2021-10-08T19:21:19.697 INFO:teuthology.orchestra.run.smithi112.stderr:/usr/bin/ceph:
2021-10-08T19:21:19.697+0000 7fa1827fc700 1 -- 172.21.15.112:0/272478243 <== mon.0 v2:172.21.15.112:3300/0 7 ==== mgrmap(e 5) v1 ==== 40455+0+0 (secure 0 0 0) 0x7fa19002d440 con 0x7fa194072510
2021-10-08T19:21:19.698 INFO:teuthology.orchestra.run.smithi112.stderr:/usr/bin/ceph:
2021-10-08T19:21:19.698+0000 7fa1827fc700 1 -- 172.21.15.112:0/272478243 <== mon.0 v2:172.21.15.112:3300/0 8 ==== mon_command_ack([{"prefix": "mgr module enable", "module": "cephadm"}]=0 v5) v1 ==== 86+0+0 (secure 0 0 0) 0x7fa1900223a0 con 0x7fa194072510
2021-10-08T19:21:19.702 INFO:teuthology.orchestra.run.smithi112.stderr:/usr/bin/ceph:
2021-10-08T19:21:19.701+0000 7fa19bd5e700 1 -- 172.21.15.112:0/272478243 >> [v2:172.21.15.112:6800/1703752479,v1:172.21.15.112:6801/1703752479] conn(0x7fa17c033560 msgr2=0x7fa17c035a10 secure :-1 s=STATE_CONNECTION_ESTABLISHED l=1).mark_down
2021-10-08T19:21:19.702 INFO:teuthology.orchestra.run.smithi112.stderr:/usr/bin/ceph:
2021-10-08T19:21:19.701+0000 7fa19bd5e700 1 --2- 172.21.15.112:0/272478243 >> [v2:172.21.15.112:6800/1703752479,v1:172.21.15.112:6801/1703752479] conn(0x7fa17c033560 0x7fa17c035a10 secure :-1 s=READY pgs=8 cs=0 l=1 rev1=1 crypto rx=0x7fa1840096a0 tx=0x7fa184006b40 comp rx=0 tx=0).stop
2021-10-08T19:21:19.703 INFO:teuthology.orchestra.run.smithi112.stderr:/usr/bin/ceph:
2021-10-08T19:21:19.701+0000 7fa19bd5e700 1 -- 172.21.15.112:0/272478243 >> [v2:172.21.15.112:3300/0,v1:172.21.15.112:6789/0] conn(0x7fa194072510 msgr2=0x7fa19410cec0 secure :-1 s=STATE_CONNECTION_ESTABLISHED l=1).mark_down
2021-10-08T19:21:19.703 INFO:teuthology.orchestra.run.smithi112.stderr:/usr/bin/ceph:
2021-10-08T19:21:19.701+0000 7fa19bd5e700 1 --2- 172.21.15.112:0/272478243 >> [v2:172.21.15.112:3300/0,v1:172.21.15.112:6789/0] conn(0x7fa194072510 0x7fa19410cec0 secure :-1 s=READY pgs=21 cs=0 l=1 rev1=1 crypto rx=0x7fa19000c010 tx=0x7fa190006ee0 comp rx=0 tx=0).stop
2021-10-08T19:21:19.703 INFO:teuthology.orchestra.run.smithi112.stderr:/usr/bin/ceph:
2021-10-08T19:21:19.701+0000 7fa19bd5e700 1 -- 172.21.15.112:0/272478243 shutdown_connections
2021-10-08T19:21:19.703 INFO:teuthology.orchestra.run.smithi112.stderr:/usr/bin/ceph:
2021-10-08T19:21:19.701+0000 7fa19bd5e700 1 --2- 172.21.15.112:0/272478243 >> [v2:172.21.15.112:6800/1703752479,v1:172.21.15.112:6801/1703752479] conn(0x7fa17c033560 0x7fa17c035a10 unknown :-1 s=CLOSED pgs=8 cs=0 l=1 rev1=1 crypto rx=0 tx=0 comp rx=0 tx=0).stop
2021-10-08T19:21:19.704 INFO:teuthology.orchestra.run.smithi112.stderr:/usr/bin/ceph:
2021-10-08T19:21:19.701+0000 7fa19bd5e700 1 --2- 172.21.15.112:0/272478243 >> [v2:172.21.15.112:3300/0,v1:172.21.15.112:6789/0] conn(0x7fa194072510 0x7fa19410cec0 unknown :-1 s=CLOSED pgs=21 cs=0 l=1 rev1=1 crypto rx=0 tx=0 comp rx=0 tx=0).stop
2021-10-08T19:21:19.704 INFO:teuthology.orchestra.run.smithi112.stderr:/usr/bin/ceph:
2021-10-08T19:21:19.701+0000 7fa19bd5e700 1 -- 172.21.15.112:0/272478243 >> 172.21.15.112:0/272478243 conn(0x7fa1940f7910 msgr2=0x7fa1940f86f0 unknown :-1 s=STATE_NONE l=0).mark_down
2021-10-08T19:21:19.704 INFO:teuthology.orchestra.run.smithi112.stderr:/usr/bin/ceph:
2021-10-08T19:21:19.701+0000 7fa19bd5e700 1 -- 172.21.15.112:0/272478243 shutdown_connections
2021-10-08T19:21:19.704 INFO:teuthology.orchestra.run.smithi112.stderr:/usr/bin/ceph:
2021-10-08T19:21:19.701+0000 7fa19bd5e700 1 -- 172.21.15.112:0/272478243 wait complete.
2021-10-08T19:21:20.070 INFO:journalctl@ceph.mon.a.smithi112.stdout:Oct 08 19:21:19 smithi112 ceph-mon[31694]: from='client.? 172.21.15.112:0/272478243' entity='client.admin' cmd=[{"prefix": "mgr module enable", "module": "cephadm"}]: dispatch
2021-10-08T19:21:20.071 INFO:journalctl@ceph.mgr.y.smithi112.stdout:Oct 08 19:21:19 smithi112 conmon[32108]: ignoring --setuser ceph since I am not root
2021-10-08T19:21:20.071 INFO:journalctl@ceph.mgr.y.smithi112.stdout:Oct 08 19:21:19 smithi112 conmon[32108]: ignoring --setgroup ceph since I am not root
2021-10-08T19:21:20.227 INFO:teuthology.orchestra.run.smithi112.stderr:Running command: /bin/podman run --rm --ipc=host --stop-signal=SIGTERM --net=host --entrypoint /usr/bin/ceph --init -e CONTAINER_IMAGE=quay.ceph.io/ceph-ci/ceph:103b6cc3554193fcd0852d9c647cef19e99920cf -e NODE_NAME=smithi112 -e CEPH_USE_RANDOM_NONCE=1 -v /var/log/ceph/c1559bde-286c-11ec-8c25-001a4aab830c:/var/log/ceph:z -v /tmp/ceph-tmp4twfpjyx:/etc/ceph/ceph.client.admin.keyring:z -v /tmp/ceph-tmpd8r45a1j:/etc/ceph/ceph.conf:z quay.ceph.io/ceph-ci/ceph:103b6cc3554193fcd0852d9c647cef19e99920cf mgr stat
2021-10-08T19:21:20.680 INFO:teuthology.orchestra.run.smithi112.stderr:/usr/bin/ceph:
2021-10-08T19:21:20.674+0000 7fb31f59e700 1 Processor -- start
2021-10-08T19:21:20.680 INFO:teuthology.orchestra.run.smithi112.stderr:/usr/bin/ceph:
2021-10-08T19:21:20.674+0000 7fb31f59e700 1 -- start start
2021-10-08T19:21:20.680 INFO:teuthology.orchestra.run.smithi112.stderr:/usr/bin/ceph:
2021-10-08T19:21:20.674+0000 7fb31f59e700 1 --2- >> [v2:172.21.15.112:3300/0,v1:172.21.15.112:6789/0] conn(0x7fb3200fbf80 0x7fb3200fc390 unknown :-1 s=NONE pgs=0 cs=0 l=0 rev1=0 crypto rx=0 tx=0 comp rx=0 tx=0).connect
2021-10-08T19:21:20.680 INFO:teuthology.orchestra.run.smithi112.stderr:/usr/bin/ceph:
2021-10-08T19:21:20.674+0000 7fb31f59e700 1 -- --> [v2:172.21.15.112:3300/0,v1:172.21.15.112:6789/0] -- mon_getmap magic: 0 v1 -- 0x7fb3200fc8d0 con 0x7fb3200fbf80
2021-10-08T19:21:20.681 INFO:teuthology.orchestra.run.smithi112.stderr:/usr/bin/ceph:
2021-10-08T19:21:20.674+0000 7fb31e59c700 1 --2- >> [v2:172.21.15.112:3300/0,v1:172.21.15.112:6789/0] conn(0x7fb3200fbf80 0x7fb3200fc390 unknown :-1 s=BANNER_CONNECTING pgs=0 cs=0 l=0 rev1=0 crypto rx=0 tx=0 comp rx=0 tx=0)._handle_peer_banner_payload supported=3 required=0
2021-10-08T19:21:20.681 INFO:teuthology.orchestra.run.smithi112.stderr:/usr/bin/ceph:
2021-10-08T19:21:20.674+0000 7fb31e59c700 1 --2- >> [v2:172.21.15.112:3300/0,v1:172.21.15.112:6789/0] conn(0x7fb3200fbf80 0x7fb3200fc390 unknown :-1 s=HELLO_CONNECTING pgs=0 cs=0 l=0 rev1=1 crypto rx=0 tx=0 comp rx=0 tx=0).handle_hello peer v2:172.21.15.112:3300/0 says I am v2:172.21.15.112:32786/0 (socket says 172.21.15.112:32786)
2021-10-08T19:21:20.681 INFO:teuthology.orchestra.run.smithi112.stderr:/usr/bin/ceph:
2021-10-08T19:21:20.674+0000 7fb31e59c700 1 -- 172.21.15.112:0/1688886923 learned_addr learned my addr 172.21.15.112:0/1688886923 (peer_addr_for_me v2:172.21.15.112:0/0)
2021-10-08T19:21:20.681 INFO:teuthology.orchestra.run.smithi112.stderr:/usr/bin/ceph:
2021-10-08T19:21:20.674+0000 7fb31e59c700 1 -- 172.21.15.112:0/1688886923 --> [v2:172.21.15.112:3300/0,v1:172.21.15.112:6789/0] -- mon_subscribe({config=0+,monmap=0+}) v3 -- 0x7fb3200fca10 con 0x7fb3200fbf80
2021-10-08T19:21:20.681 INFO:teuthology.orchestra.run.smithi112.stderr:/usr/bin/ceph:
2021-10-08T19:21:20.675+0000 7fb31e59c700 1 --2- 172.21.15.112:0/1688886923 >> [v2:172.21.15.112:3300/0,v1:172.21.15.112:6789/0] conn(0x7fb3200fbf80 0x7fb3200fc390 secure :-1 s=READY pgs=24 cs=0 l=1 rev1=1 crypto rx=0x7fb31000b5f0 tx=0x7fb310006ee0 comp rx=0 tx=0).ready entity=mon.0 client_cookie=29e54aa2f179aa64 server_cookie=0 in_seq=0 out_seq=0
2021-10-08T19:21:20.682 INFO:teuthology.orchestra.run.smithi112.stderr:/usr/bin/ceph:
2021-10-08T19:21:20.675+0000 7fb31d59a700 1 -- 172.21.15.112:0/1688886923 <== mon.0 v2:172.21.15.112:3300/0 1 ==== mon_map magic: 0 v1 ==== 205+0+0 (secure 0 0 0) 0x7fb3100106d0 con 0x7fb3200fbf80
2021-10-08T19:21:20.682 INFO:teuthology.orchestra.run.smithi112.stderr:/usr/bin/ceph:
2021-10-08T19:21:20.675+0000 7fb31d59a700 1 -- 172.21.15.112:0/1688886923 <== mon.0 v2:172.21.15.112:3300/0 2 ==== config(23 keys) v1 ==== 951+0+0 (secure 0 0 0) 0x7fb310010c60 con 0x7fb3200fbf80
2021-10-08T19:21:20.682 INFO:teuthology.orchestra.run.smithi112.stderr:/usr/bin/ceph:
2021-10-08T19:21:20.675+0000 7fb31d59a700 1 -- 172.21.15.112:0/1688886923 <== mon.0 v2:172.21.15.112:3300/0 3 ==== mon_map magic: 0 v1 ==== 205+0+0 (secure 0 0 0) 0x7fb310011af0 con 0x7fb3200fbf80
2021-10-08T19:21:20.682 INFO:teuthology.orchestra.run.smithi112.stderr:/usr/bin/ceph:
2021-10-08T19:21:20.675+0000 7fb31f59e700 1 -- 172.21.15.112:0/1688886923 >> [v2:172.21.15.112:3300/0,v1:172.21.15.112:6789/0] conn(0x7fb3200fbf80 msgr2=0x7fb3200fc390 secure :-1 s=STATE_CONNECTION_ESTABLISHED l=1).mark_down
2021-10-08T19:21:20.683 INFO:teuthology.orchestra.run.smithi112.stderr:/usr/bin/ceph:
2021-10-08T19:21:20.675+0000 7fb31f59e700 1 --2- 172.21.15.112:0/1688886923 >> [v2:172.21.15.112:3300/0,v1:172.21.15.112:6789/0] conn(0x7fb3200fbf80 0x7fb3200fc390 secure :-1 s=READY pgs=24 cs=0 l=1 rev1=1 crypto rx=0x7fb31000b5f0 tx=0x7fb310006ee0 comp rx=0 tx=0).stop
2021-10-08T19:21:20.683 INFO:teuthology.orchestra.run.smithi112.stderr:/usr/bin/ceph:
2021-10-08T19:21:20.676+0000 7fb31f59e700 1 -- 172.21.15.112:0/1688886923 shutdown_connections
2021-10-08T19:21:20.683 INFO:teuthology.orchestra.run.smithi112.stderr:/usr/bin/ceph:
2021-10-08T19:21:20.676+0000 7fb31f59e700 1 --2- 172.21.15.112:0/1688886923 >> [v2:172.21.15.112:3300/0,v1:172.21.15.112:6789/0] conn(0x7fb3200fbf80 0x7fb3200fc390 unknown :-1 s=CLOSED pgs=24 cs=0 l=1 rev1=1 crypto rx=0 tx=0 comp rx=0 tx=0).stop
2021-10-08T19:21:20.683 INFO:teuthology.orchestra.run.smithi112.stderr:/usr/bin/ceph:
2021-10-08T19:21:20.676+0000 7fb31f59e700 1 -- 172.21.15.112:0/1688886923 >> 172.21.15.112:0/1688886923 conn(0x7fb3200f7770 msgr2=0x7fb3200f9ba0 unknown :-1 s=STATE_NONE l=0).mark_down
2021-10-08T19:21:20.684 INFO:teuthology.orchestra.run.smithi112.stderr:/usr/bin/ceph:
2021-10-08T19:21:20.676+0000 7fb31f59e700 1 -- 172.21.15.112:0/1688886923 shutdown_connections
2021-10-08T19:21:20.684 INFO:teuthology.orchestra.run.smithi112.stderr:/usr/bin/ceph:
2021-10-08T19:21:20.676+0000 7fb31f59e700 1 -- 172.21.15.112:0/1688886923 wait complete.
2021-10-08T19:21:20.684 INFO:teuthology.orchestra.run.smithi112.stderr:/usr/bin/ceph:
2021-10-08T19:21:20.676+0000 7fb31f59e700 1 Processor -- start
2021-10-08T19:21:20.685 INFO:teuthology.orchestra.run.smithi112.stderr:/usr/bin/ceph:
2021-10-08T19:21:20.676+0000 7fb31f59e700 1 -- start start
2021-10-08T19:21:20.685 INFO:teuthology.orchestra.run.smithi112.stderr:/usr/bin/ceph:
2021-10-08T19:21:20.676+0000 7fb31f59e700 1 --2- >> [v2:172.21.15.112:3300/0,v1:172.21.15.112:6789/0] conn(0x7fb3200fbf80 0x7fb3200725b0 unknown :-1 s=NONE pgs=0 cs=0 l=1 rev1=0 crypto rx=0 tx=0 comp rx=0 tx=0).connect
2021-10-08T19:21:20.686 INFO:teuthology.orchestra.run.smithi112.stderr:/usr/bin/ceph:
2021-10-08T19:21:20.676+0000 7fb31f59e700 1 -- --> [v2:172.21.15.112:3300/0,v1:172.21.15.112:6789/0] -- mon_getmap magic: 0 v1 -- 0x7fb320070a30 con 0x7fb3200fbf80
2021-10-08T19:21:20.686 INFO:teuthology.orchestra.run.smithi112.stderr:/usr/bin/ceph:
2021-10-08T19:21:20.676+0000 7fb31e59c700 1 --2- >> [v2:172.21.15.112:3300/0,v1:172.21.15.112:6789/0] conn(0x7fb3200fbf80 0x7fb3200725b0 unknown :-1 s=BANNER_CONNECTING pgs=0 cs=0 l=1 rev1=0 crypto rx=0 tx=0 comp rx=0 tx=0)._handle_peer_banner_payload supported=3 required=0
2021-10-08T19:21:20.686 INFO:teuthology.orchestra.run.smithi112.stderr:/usr/bin/ceph:
2021-10-08T19:21:20.676+0000 7fb31e59c700 1 --2- >> [v2:172.21.15.112:3300/0,v1:172.21.15.112:6789/0] conn(0x7fb3200fbf80 0x7fb3200725b0 unknown :-1 s=HELLO_CONNECTING pgs=0 cs=0 l=1 rev1=1 crypto rx=0 tx=0 comp rx=0 tx=0).handle_hello peer v2:172.21.15.112:3300/0 says I am v2:172.21.15.112:32788/0 (socket says 172.21.15.112:32788)
2021-10-08T19:21:20.687 INFO:teuthology.orchestra.run.smithi112.stderr:/usr/bin/ceph:
2021-10-08T19:21:20.676+0000 7fb31e59c700 1 -- 172.21.15.112:0/3922092556 learned_addr learned my addr 172.21.15.112:0/3922092556 (peer_addr_for_me v2:172.21.15.112:0/0)
2021-10-08T19:21:20.687 INFO:teuthology.orchestra.run.smithi112.stderr:/usr/bin/ceph:
2021-10-08T19:21:20.677+0000 7fb31e59c700 1 -- 172.21.15.112:0/3922092556 --> [v2:172.21.15.112:3300/0,v1:172.21.15.112:6789/0] -- mon_subscribe({config=0+,monmap=0+}) v3 -- 0x7fb31000b200 con 0x7fb3200fbf80
2021-10-08T19:21:20.687 INFO:teuthology.orchestra.run.smithi112.stderr:/usr/bin/ceph:
2021-10-08T19:21:20.677+0000 7fb31e59c700 1 --2- 172.21.15.112:0/3922092556 >> [v2:172.21.15.112:3300/0,v1:172.21.15.112:6789/0] conn(0x7fb3200fbf80 0x7fb3200725b0 secure :-1 s=READY pgs=25 cs=0 l=1 rev1=1 crypto rx=0x7fb31000b5c0 tx=0x7fb310006ee0 comp rx=0 tx=0).ready entity=mon.0 client_cookie=0 server_cookie=0 in_seq=0 out_seq=0
2021-10-08T19:21:20.688 INFO:teuthology.orchestra.run.smithi112.stderr:/usr/bin/ceph:
2021-10-08T19:21:20.677+0000 7fb30effd700 1 -- 172.21.15.112:0/3922092556 <== mon.0 v2:172.21.15.112:3300/0 1 ==== mon_map magic: 0 v1 ==== 205+0+0 (secure 0 0 0) 0x7fb310010b00 con 0x7fb3200fbf80
2021-10-08T19:21:20.688 INFO:teuthology.orchestra.run.smithi112.stderr:/usr/bin/ceph:
2021-10-08T19:21:20.677+0000 7fb30effd700 1 -- 172.21.15.112:0/3922092556 <== mon.0 v2:172.21.15.112:3300/0 2 ==== config(23 keys) v1 ==== 951+0+0 (secure 0 0 0) 0x7fb31001ba50 con 0x7fb3200fbf80
2021-10-08T19:21:20.688 INFO:teuthology.orchestra.run.smithi112.stderr:/usr/bin/ceph:
2021-10-08T19:21:20.677+0000 7fb31f59e700 1 -- 172.21.15.112:0/3922092556 --> [v2:172.21.15.112:3300/0,v1:172.21.15.112:6789/0] -- mon_subscribe({mgrmap=0+}) v3 -- 0x7fb320070c30 con 0x7fb3200fbf80
