2021-02-03T13:58:27.119+0000 7f7e0ad9d700 1 --2- >> [v2:172.21.15.186:3300/0,v1:172.21.15.186:6789/0] conn(0x7f7e0c0fc840 0x7f7e0c0fcc60 unknown :-1 s=BANNER_CONNECTING pgs=0 cs=0 l=0 rev1=0 rx=0 tx=0)._handle_peer_banner_payload supported=1 required=0
2021-02-03T13:58:27.121 INFO:teuthology.orchestra.run.smithi186.stderr:/usr/bin/ceph:
2021-02-03T13:58:27.119+0000 7f7e0ad9d700 1 --2- >> [v2:172.21.15.186:3300/0,v1:172.21.15.186:6789/0] conn(0x7f7e0c0fc840 0x7f7e0c0fcc60 unknown :-1 s=HELLO_CONNECTING pgs=0 cs=0 l=0 rev1=1 rx=0 tx=0).handle_hello peer v2:172.21.15.186:3300/0 says I am v2:172.21.15.186:34786/0 (socket says 172.21.15.186:34786)
2021-02-03T13:58:27.121 INFO:teuthology.orchestra.run.smithi186.stderr:/usr/bin/ceph:
2021-02-03T13:58:27.119+0000 7f7e0ad9d700 1 -- 172.21.15.186:0/2192435042 learned_addr learned my addr 172.21.15.186:0/2192435042 (peer_addr_for_me v2:172.21.15.186:0/0)
2021-02-03T13:58:27.121 INFO:teuthology.orchestra.run.smithi186.stderr:/usr/bin/ceph:
2021-02-03T13:58:27.119+0000 7f7e0ad9d700 1 -- 172.21.15.186:0/2192435042 --> [v2:172.21.15.186:3300/0,v1:172.21.15.186:6789/0] -- mon_subscribe({config=0+,monmap=0+}) v3 -- 0x7f7e0c0fd290 con 0x7f7e0c0fc840
2021-02-03T13:58:27.121 INFO:teuthology.orchestra.run.smithi186.stderr:/usr/bin/ceph:
2021-02-03T13:58:27.119+0000 7f7e0ad9d700 1 --2- 172.21.15.186:0/2192435042 >> [v2:172.21.15.186:3300/0,v1:172.21.15.186:6789/0] conn(0x7f7e0c0fc840 0x7f7e0c0fcc60 secure :-1 s=READY pgs=16 cs=0 l=1 rev1=1 rx=0x7f7df400b950 tx=0x7f7df4006ee0).ready entity=mon.0 client_cookie=e12804ac8ff95874 server_cookie=0 in_seq=0 out_seq=0
2021-02-03T13:58:27.122 INFO:teuthology.orchestra.run.smithi186.stderr:/usr/bin/ceph:
2021-02-03T13:58:27.119+0000 7f7e09d9b700 1 -- 172.21.15.186:0/2192435042 <== mon.0 v2:172.21.15.186:3300/0 1 ==== mon_map magic: 0 v1 ==== 205+0+0 (secure 0 0 0) 0x7f7df4009840 con 0x7f7e0c0fc840
2021-02-03T13:58:27.122 INFO:teuthology.orchestra.run.smithi186.stderr:/usr/bin/ceph:
2021-02-03T13:58:27.119+0000 7f7e09d9b700 1 -- 172.21.15.186:0/2192435042 <== mon.0 v2:172.21.15.186:3300/0 2 ==== config(22 keys) v1 ==== 950+0+0 (secure 0 0 0) 0x7f7df4009dd0 con 0x7f7e0c0fc840
2021-02-03T13:58:27.122 INFO:teuthology.orchestra.run.smithi186.stderr:/usr/bin/ceph:
2021-02-03T13:58:27.119+0000 7f7e09d9b700 1 -- 172.21.15.186:0/2192435042 <== mon.0 v2:172.21.15.186:3300/0 3 ==== mon_map magic: 0 v1 ==== 205+0+0 (secure 0 0 0) 0x7f7df4011bc0 con 0x7f7e0c0fc840
2021-02-03T13:58:27.123 INFO:teuthology.orchestra.run.smithi186.stderr:/usr/bin/ceph:
2021-02-03T13:58:27.123+0000 7f7e10802700 1 -- 172.21.15.186:0/2192435042 >> [v2:172.21.15.186:3300/0,v1:172.21.15.186:6789/0] conn(0x7f7e0c0fc840 msgr2=0x7f7e0c0fcc60 secure :-1 s=STATE_CONNECTION_ESTABLISHED l=1).mark_down
2021-02-03T13:58:27.123 INFO:teuthology.orchestra.run.smithi186.stderr:/usr/bin/ceph:
2021-02-03T13:58:27.123+0000 7f7e10802700 1 --2- 172.21.15.186:0/2192435042 >> [v2:172.21.15.186:3300/0,v1:172.21.15.186:6789/0] conn(0x7f7e0c0fc840 0x7f7e0c0fcc60 secure :-1 s=READY pgs=16 cs=0 l=1 rev1=1 rx=0x7f7df400b950 tx=0x7f7df4006ee0).stop
2021-02-03T13:58:27.124 INFO:teuthology.orchestra.run.smithi186.stderr:/usr/bin/ceph:
2021-02-03T13:58:27.123+0000 7f7e10802700 1 -- 172.21.15.186:0/2192435042 shutdown_connections
2021-02-03T13:58:27.124 INFO:teuthology.orchestra.run.smithi186.stderr:/usr/bin/ceph:
2021-02-03T13:58:27.123+0000 7f7e10802700 1 --2- 172.21.15.186:0/2192435042 >> [v2:172.21.15.186:3300/0,v1:172.21.15.186:6789/0] conn(0x7f7e0c0fc840 0x7f7e0c0fcc60 unknown :-1 s=CLOSED pgs=16 cs=0 l=1 rev1=1 rx=0 tx=0).stop
2021-02-03T13:58:27.124 INFO:teuthology.orchestra.run.smithi186.stderr:/usr/bin/ceph:
2021-02-03T13:58:27.123+0000 7f7e10802700 1 -- 172.21.15.186:0/2192435042 >> 172.21.15.186:0/2192435042 conn(0x7f7e0c06e7b0 msgr2=0x7f7e0c06ebc0 unknown :-1 s=STATE_NONE l=0).mark_down
2021-02-03T13:58:27.124 INFO:teuthology.orchestra.run.smithi186.stderr:/usr/bin/ceph:
2021-02-03T13:58:27.123+0000 7f7e10802700 1 -- 172.21.15.186:0/2192435042 shutdown_connections
2021-02-03T13:58:27.124 INFO:teuthology.orchestra.run.smithi186.stderr:/usr/bin/ceph:
2021-02-03T13:58:27.123+0000 7f7e10802700 1 -- 172.21.15.186:0/2192435042 wait complete.
2021-02-03T13:58:27.125 INFO:teuthology.orchestra.run.smithi186.stderr:/usr/bin/ceph:
2021-02-03T13:58:27.123+0000 7f7e10802700 1 Processor -- start
2021-02-03T13:58:27.125 INFO:teuthology.orchestra.run.smithi186.stderr:/usr/bin/ceph:
2021-02-03T13:58:27.123+0000 7f7e10802700 1 -- start start
2021-02-03T13:58:27.125 INFO:teuthology.orchestra.run.smithi186.stderr:/usr/bin/ceph:
2021-02-03T13:58:27.123+0000 7f7e10802700 1 --2- >> [v2:172.21.15.186:3300/0,v1:172.21.15.186:6789/0] conn(0x7f7e0c0fc840 0x7f7e0c109870 unknown :-1 s=NONE pgs=0 cs=0 l=1 rev1=0 rx=0 tx=0).connect
2021-02-03T13:58:27.127 INFO:teuthology.orchestra.run.smithi186.stderr:/usr/bin/ceph:
2021-02-03T13:58:27.123+0000 7f7e10802700 1 -- --> [v2:172.21.15.186:3300/0,v1:172.21.15.186:6789/0] -- mon_getmap magic: 0 v1 -- 0x7f7e0c109d60 con 0x7f7e0c0fc840
2021-02-03T13:58:27.127 INFO:teuthology.orchestra.run.smithi186.stderr:/usr/bin/ceph:
2021-02-03T13:58:27.123+0000 7f7e0ad9d700 1 --2- >> [v2:172.21.15.186:3300/0,v1:172.21.15.186:6789/0] conn(0x7f7e0c0fc840 0x7f7e0c109870 unknown :-1 s=BANNER_CONNECTING pgs=0 cs=0 l=1 rev1=0 rx=0 tx=0)._handle_peer_banner_payload supported=1 required=0
2021-02-03T13:58:27.127 INFO:teuthology.orchestra.run.smithi186.stderr:/usr/bin/ceph:
2021-02-03T13:58:27.123+0000 7f7e0ad9d700 1 --2- >> [v2:172.21.15.186:3300/0,v1:172.21.15.186:6789/0] conn(0x7f7e0c0fc840 0x7f7e0c109870 unknown :-1 s=HELLO_CONNECTING pgs=0 cs=0 l=1 rev1=1 rx=0 tx=0).handle_hello peer v2:172.21.15.186:3300/0 says I am v2:172.21.15.186:34788/0 (socket says 172.21.15.186:34788)
2021-02-03T13:58:27.127 INFO:teuthology.orchestra.run.smithi186.stderr:/usr/bin/ceph:
2021-02-03T13:58:27.123+0000 7f7e0ad9d700 1 -- 172.21.15.186:0/2078788600 learned_addr learned my addr 172.21.15.186:0/2078788600 (peer_addr_for_me v2:172.21.15.186:0/0)
2021-02-03T13:58:27.128 INFO:teuthology.orchestra.run.smithi186.stderr:/usr/bin/ceph:
2021-02-03T13:58:27.123+0000 7f7e0ad9d700 1 -- 172.21.15.186:0/2078788600 --> [v2:172.21.15.186:3300/0,v1:172.21.15.186:6789/0] -- mon_subscribe({config=0+,monmap=0+}) v3 -- 0x7f7e0c109ea0 con 0x7f7e0c0fc840
2021-02-03T13:58:27.128 INFO:teuthology.orchestra.run.smithi186.stderr:/usr/bin/ceph:
2021-02-03T13:58:27.123+0000 7f7e0ad9d700 1 --2- 172.21.15.186:0/2078788600 >> [v2:172.21.15.186:3300/0,v1:172.21.15.186:6789/0] conn(0x7f7e0c0fc840 0x7f7e0c109870 secure :-1 s=READY pgs=17 cs=0 l=1 rev1=1 rx=0x7f7df4000c00 tx=0x7f7df4006ee0).ready entity=mon.0 client_cookie=0 server_cookie=0 in_seq=0 out_seq=0
2021-02-03T13:58:27.128 INFO:teuthology.orchestra.run.smithi186.stderr:/usr/bin/ceph:
2021-02-03T13:58:27.123+0000 7f7e037fe700 1 -- 172.21.15.186:0/2078788600 <== mon.0 v2:172.21.15.186:3300/0 1 ==== mon_map magic: 0 v1 ==== 205+0+0 (secure 0 0 0) 0x7f7df4011a00 con 0x7f7e0c0fc840
2021-02-03T13:58:27.128 INFO:teuthology.orchestra.run.smithi186.stderr:/usr/bin/ceph:
2021-02-03T13:58:27.123+0000 7f7e10802700 1 -- 172.21.15.186:0/2078788600 --> [v2:172.21.15.186:3300/0,v1:172.21.15.186:6789/0] -- mon_subscribe({mgrmap=0+}) v3 -- 0x7f7e0c10a0f0 con 0x7f7e0c0fc840
2021-02-03T13:58:27.129 INFO:teuthology.orchestra.run.smithi186.stderr:/usr/bin/ceph:
2021-02-03T13:58:27.123+0000 7f7e037fe700 1 -- 172.21.15.186:0/2078788600 <== mon.0 v2:172.21.15.186:3300/0 2 ==== config(22 keys) v1 ==== 950+0+0 (secure 0 0 0) 0x7f7df4011400 con 0x7f7e0c0fc840
2021-02-03T13:58:27.129 INFO:teuthology.orchestra.run.smithi186.stderr:/usr/bin/ceph:
2021-02-03T13:58:27.123+0000 7f7e037fe700 1 -- 172.21.15.186:0/2078788600 <== mon.0 v2:172.21.15.186:3300/0 3 ==== mon_map magic: 0 v1 ==== 205+0+0 (secure 0 0 0) 0x7f7df401ba50 con 0x7f7e0c0fc840
2021-02-03T13:58:27.129 INFO:teuthology.orchestra.run.smithi186.stderr:/usr/bin/ceph:
2021-02-03T13:58:27.123+0000 7f7e10802700 1 -- 172.21.15.186:0/2078788600 --> [v2:172.21.15.186:3300/0,v1:172.21.15.186:6789/0] -- mon_subscribe({osdmap=0}) v3 -- 0x7f7e0c10ac50 con 0x7f7e0c0fc840
2021-02-03T13:58:27.129 INFO:teuthology.orchestra.run.smithi186.stderr:/usr/bin/ceph:
2021-02-03T13:58:27.127+0000 7f7e037fe700 1 -- 172.21.15.186:0/2078788600 <== mon.0 v2:172.21.15.186:3300/0 4 ==== mgrmap(e 4) v1 ==== 35656+0+0 (secure 0 0 0) 0x7f7df402b070 con 0x7f7e0c0fc840
2021-02-03T13:58:27.129 INFO:teuthology.orchestra.run.smithi186.stderr:/usr/bin/ceph:
2021-02-03T13:58:27.127+0000 7f7e037fe700 1 --2- 172.21.15.186:0/2078788600 >> [v2:172.21.15.186:6800/2644687796,v1:172.21.15.186:6801/2644687796] conn(0x7f7dec02f7a0 0x7f7dec031c60 unknown :-1 s=NONE pgs=0 cs=0 l=1 rev1=0 rx=0 tx=0).connect
2021-02-03T13:58:27.130 INFO:teuthology.orchestra.run.smithi186.stderr:/usr/bin/ceph:
2021-02-03T13:58:27.127+0000 7f7e037fe700 1 -- 172.21.15.186:0/2078788600 <== mon.0 v2:172.21.15.186:3300/0 5 ==== osd_map(1..1 src has 1..1) v4 ==== 754+0+0 (secure 0 0 0) 0x7f7df4041250 con 0x7f7e0c0fc840
2021-02-03T13:58:27.130 INFO:teuthology.orchestra.run.smithi186.stderr:/usr/bin/ceph:
2021-02-03T13:58:27.127+0000 7f7e0a59c700 1 --2- 172.21.15.186:0/2078788600 >> [v2:172.21.15.186:6800/2644687796,v1:172.21.15.186:6801/2644687796] conn(0x7f7dec02f7a0 0x7f7dec031c60 unknown :-1 s=BANNER_CONNECTING pgs=0 cs=0 l=1 rev1=0 rx=0 tx=0)._handle_peer_banner_payload supported=1 required=0
2021-02-03T13:58:27.130 INFO:teuthology.orchestra.run.smithi186.stderr:/usr/bin/ceph:
2021-02-03T13:58:27.127+0000 7f7e0a59c700 1 --2- 172.21.15.186:0/2078788600 >> [v2:172.21.15.186:6800/2644687796,v1:172.21.15.186:6801/2644687796] conn(0x7f7dec02f7a0 0x7f7dec031c60 secure :-1 s=READY pgs=6 cs=0 l=1 rev1=1 rx=0x7f7dfc0089e0 tx=0x7f7dfc006ec0).ready entity=mgr.14100 client_cookie=0 server_cookie=0 in_seq=0 out_seq=0
2021-02-03T13:58:27.131 INFO:teuthology.orchestra.run.smithi186.stderr:/usr/bin/ceph:
2021-02-03T13:58:27.127+0000 7f7e10802700 1 -- 172.21.15.186:0/2078788600 --> [v2:172.21.15.186:3300/0,v1:172.21.15.186:6789/0] -- mon_command({"prefix": "get_command_descriptions"} v 0) v1 -- 0x7f7e0c045a30 con 0x7f7e0c0fc840
2021-02-03T13:58:27.133 INFO:teuthology.orchestra.run.smithi186.stderr:/usr/bin/ceph:
2021-02-03T13:58:27.135+0000 7f7e037fe700 1 -- 172.21.15.186:0/2078788600 <== mon.0 v2:172.21.15.186:3300/0 6 ==== mon_command_ack([{"prefix": "get_command_descriptions"}]=0 v0) v1 ==== 72+0+150055 (secure 0 0 0) 0x7f7df4016070 con 0x7f7e0c0fc840
2021-02-03T13:58:27.580 INFO:teuthology.orchestra.run.smithi186.stderr:/usr/bin/ceph:
2021-02-03T13:58:27.579+0000 7f7e10802700 1 -- 172.21.15.186:0/2078788600 --> [v2:172.21.15.186:3300/0,v1:172.21.15.186:6789/0] -- mon_command([{prefix=config-key set, key=mgr/cephadm/ssh_user}] v 0) v1 -- 0x7f7e0c0fba50 con 0x7f7e0c0fc840
2021-02-03T13:58:27.581 INFO:teuthology.orchestra.run.smithi186.stderr:/usr/bin/ceph:
2021-02-03T13:58:27.583+0000 7f7e037fe700 1 -- 172.21.15.186:0/2078788600 <== mon.0 v2:172.21.15.186:3300/0 7 ==== mon_command_ack([{prefix=config-key set, key=mgr/cephadm/ssh_user}]=0 set mgr/cephadm/ssh_user v0)=0 set mgr/cephadm/ssh_user v0) v1 ==== 132+0+0 (secure 0 0 0) 0x7f7df40330b0 con 0x7f7e0c0fc840
2021-02-03T13:58:27.583 INFO:teuthology.orchestra.run.smithi186.stderr:/usr/bin/ceph:
2021-02-03T13:58:27.583+0000 7f7e10802700 1 -- 172.21.15.186:0/2078788600 >> [v2:172.21.15.186:6800/2644687796,v1:172.21.15.186:6801/2644687796] conn(0x7f7dec02f7a0 msgr2=0x7f7dec031c60 secure :-1 s=STATE_CONNECTION_ESTABLISHED l=1).mark_down
2021-02-03T13:58:27.584 INFO:teuthology.orchestra.run.smithi186.stderr:/usr/bin/ceph:
2021-02-03T13:58:27.583+0000 7f7e10802700 1 --2- 172.21.15.186:0/2078788600 >> [v2:172.21.15.186:6800/2644687796,v1:172.21.15.186:6801/2644687796] conn(0x7f7dec02f7a0 0x7f7dec031c60 secure :-1 s=READY pgs=6 cs=0 l=1 rev1=1 rx=0x7f7dfc0089e0 tx=0x7f7dfc006ec0).stop
2021-02-03T13:58:27.584 INFO:teuthology.orchestra.run.smithi186.stderr:/usr/bin/ceph:
2021-02-03T13:58:27.583+0000 7f7e10802700 1 -- 172.21.15.186:0/2078788600 >> [v2:172.21.15.186:3300/0,v1:172.21.15.186:6789/0] conn(0x7f7e0c0fc840 msgr2=0x7f7e0c109870 secure :-1 s=STATE_CONNECTION_ESTABLISHED l=1).mark_down
2021-02-03T13:58:27.585 INFO:teuthology.orchestra.run.smithi186.stderr:/usr/bin/ceph:
2021-02-03T13:58:27.583+0000 7f7e10802700 1 --2- 172.21.15.186:0/2078788600 >> [v2:172.21.15.186:3300/0,v1:172.21.15.186:6789/0] conn(0x7f7e0c0fc840 0x7f7e0c109870 secure :-1 s=READY pgs=17 cs=0 l=1 rev1=1 rx=0x7f7df4000c00 tx=0x7f7df4006ee0).stop
2021-02-03T13:58:27.586 INFO:teuthology.orchestra.run.smithi186.stderr:/usr/bin/ceph:
2021-02-03T13:58:27.583+0000 7f7e10802700 1 -- 172.21.15.186:0/2078788600 shutdown_connections
2021-02-03T13:58:27.586 INFO:teuthology.orchestra.run.smithi186.stderr:/usr/bin/ceph:
2021-02-03T13:58:27.583+0000 7f7e10802700 1 --2- 172.21.15.186:0/2078788600 >> [v2:172.21.15.186:6800/2644687796,v1:172.21.15.186:6801/2644687796] conn(0x7f7dec02f7a0 0x7f7dec031c60 unknown :-1 s=CLOSED pgs=6 cs=0 l=1 rev1=1 rx=0 tx=0).stop
2021-02-03T13:58:27.586 INFO:teuthology.orchestra.run.smithi186.stderr:/usr/bin/ceph:
2021-02-03T13:58:27.583+0000 7f7e10802700 1 --2- 172.21.15.186:0/2078788600 >> [v2:172.21.15.186:3300/0,v1:172.21.15.186:6789/0] conn(0x7f7e0c0fc840 0x7f7e0c109870 unknown :-1 s=CLOSED pgs=17 cs=0 l=1 rev1=1 rx=0 tx=0).stop
2021-02-03T13:58:27.587 INFO:teuthology.orchestra.run.smithi186.stderr:/usr/bin/ceph:
2021-02-03T13:58:27.583+0000 7f7e10802700 1 -- 172.21.15.186:0/2078788600 >> 172.21.15.186:0/2078788600 conn(0x7f7e0c06e7b0 msgr2=0x7f7e0c0fda00 unknown :-1 s=STATE_NONE l=0).mark_down
2021-02-03T13:58:27.587 INFO:teuthology.orchestra.run.smithi186.stderr:/usr/bin/ceph:
2021-02-03T13:58:27.583+0000 7f7e10802700 1 -- 172.21.15.186:0/2078788600 shutdown_connections
2021-02-03T13:58:27.587 INFO:teuthology.orchestra.run.smithi186.stderr:/usr/bin/ceph:
2021-02-03T13:58:27.583+0000 7f7e10802700 1 -- 172.21.15.186:0/2078788600 wait complete.
2021-02-03T13:58:27.587 INFO:teuthology.orchestra.run.smithi186.stderr:/usr/bin/ceph: set mgr/cephadm/ssh_user
2021-02-03T13:58:28.387 INFO:teuthology.orchestra.run.smithi186.stderr:Enabling cephadm module...
2021-02-03T13:58:28.387 INFO:teuthology.orchestra.run.smithi186.stderr:Running command: /usr/bin/docker run --rm --ipc=host --net=host --entrypoint /usr/bin/ceph -e CONTAINER_IMAGE=quay.ceph.io/ceph-ci/ceph:8a6b0fa1a5b4e97873b7e268f09116d946e339f8 -e NODE_NAME=smithi186 -v /var/log/ceph/b9f6aa2a-6627-11eb-8fbe-001a4aab830c:/var/log/ceph:z -v /tmp/ceph-tmp6ailmjyl:/etc/ceph/ceph.client.admin.keyring:z -v /tmp/ceph-tmpllg6yxod:/etc/ceph/ceph.conf:z quay.ceph.io/ceph-ci/ceph:8a6b0fa1a5b4e97873b7e268f09116d946e339f8 mgr module enable cephadm
2021-02-03T13:58:28.742 INFO:journalctl@ceph.mon.a.smithi186.stdout:Feb 03 13:58:28 smithi186 bash[11932]: audit
2021-02-03T13:58:27.584961+0000 mon.a (mon.0) 25 : audit [INF] from='client.? 172.21.15.186:0/2078788600' entity='client.admin'
2021-02-03T13:58:29.601 INFO:teuthology.orchestra.run.smithi186.stderr:/usr/bin/ceph:
2021-02-03T13:58:29.599+0000 7f22554c7700 1 Processor -- start
2021-02-03T13:58:29.601 INFO:teuthology.orchestra.run.smithi186.stderr:/usr/bin/ceph:
2021-02-03T13:58:29.599+0000 7f22554c7700 1 -- start start
2021-02-03T13:58:29.601 INFO:teuthology.orchestra.run.smithi186.stderr:/usr/bin/ceph:
2021-02-03T13:58:29.599+0000 7f22554c7700 1 --2- >> [v2:172.21.15.186:3300/0,v1:172.21.15.186:6789/0] conn(0x7f225006ecd0 0x7f225006d270 unknown :-1 s=NONE pgs=0 cs=0 l=0 rev1=0 rx=0 tx=0).connect
2021-02-03T13:58:29.602 INFO:teuthology.orchestra.run.smithi186.stderr:/usr/bin/ceph:
2021-02-03T13:58:29.599+0000 7f22554c7700 1 -- --> [v2:172.21.15.186:3300/0,v1:172.21.15.186:6789/0] -- mon_getmap magic: 0 v1 -- 0x7f225006f0f0 con 0x7f225006ecd0
2021-02-03T13:58:29.602 INFO:teuthology.orchestra.run.smithi186.stderr:/usr/bin/ceph:
2021-02-03T13:58:29.599+0000 7f224ffff700 1 --2- >> [v2:172.21.15.186:3300/0,v1:172.21.15.186:6789/0] conn(0x7f225006ecd0 0x7f225006d270 unknown :-1 s=BANNER_CONNECTING pgs=0 cs=0 l=0 rev1=0 rx=0 tx=0)._handle_peer_banner_payload supported=1 required=0
2021-02-03T13:58:29.602 INFO:teuthology.orchestra.run.smithi186.stderr:/usr/bin/ceph:
2021-02-03T13:58:29.599+0000 7f224ffff700 1 --2- >> [v2:172.21.15.186:3300/0,v1:172.21.15.186:6789/0] conn(0x7f225006ecd0 0x7f225006d270 unknown :-1 s=HELLO_CONNECTING pgs=0 cs=0 l=0 rev1=1 rx=0 tx=0).handle_hello peer v2:172.21.15.186:3300/0 says I am v2:172.21.15.186:34792/0 (socket says 172.21.15.186:34792)
2021-02-03T13:58:29.602 INFO:teuthology.orchestra.run.smithi186.stderr:/usr/bin/ceph:
2021-02-03T13:58:29.599+0000 7f224ffff700 1 -- 172.21.15.186:0/3820241043 learned_addr learned my addr 172.21.15.186:0/3820241043 (peer_addr_for_me v2:172.21.15.186:0/0)
2021-02-03T13:58:29.604 INFO:teuthology.orchestra.run.smithi186.stderr:/usr/bin/ceph:
2021-02-03T13:58:29.603+0000 7f224ffff700 1 -- 172.21.15.186:0/3820241043 --> [v2:172.21.15.186:3300/0,v1:172.21.15.186:6789/0] -- mon_subscribe({config=0+,monmap=0+}) v3 -- 0x7f225006d760 con 0x7f225006ecd0
2021-02-03T13:58:29.604 INFO:teuthology.orchestra.run.smithi186.stderr:/usr/bin/ceph:
2021-02-03T13:58:29.603+0000 7f224ffff700 1 --2- 172.21.15.186:0/3820241043 >> [v2:172.21.15.186:3300/0,v1:172.21.15.186:6789/0] conn(0x7f225006ecd0 0x7f225006d270 secure :-1 s=READY pgs=18 cs=0 l=1 rev1=1 rx=0x7f2240009cc0 tx=0x7f22400092d0).ready entity=mon.0 client_cookie=3aa1391972d61f8 server_cookie=0 in_seq=0 out_seq=0
2021-02-03T13:58:29.604 INFO:teuthology.orchestra.run.smithi186.stderr:/usr/bin/ceph:
2021-02-03T13:58:29.603+0000 7f224effd700 1 -- 172.21.15.186:0/3820241043 <== mon.0 v2:172.21.15.186:3300/0 1 ==== mon_map magic: 0 v1 ==== 205+0+0 (secure 0 0 0) 0x7f224000bbf0 con 0x7f225006ecd0
2021-02-03T13:58:29.605 INFO:teuthology.orchestra.run.smithi186.stderr:/usr/bin/ceph:
2021-02-03T13:58:29.603+0000 7f224effd700 1 -- 172.21.15.186:0/3820241043 <== mon.0 v2:172.21.15.186:3300/0 2 ==== config(22 keys) v1 ==== 950+0+0 (secure 0 0 0) 0x7f224000bd50 con 0x7f225006ecd0
2021-02-03T13:58:29.605 INFO:teuthology.orchestra.run.smithi186.stderr:/usr/bin/ceph:
2021-02-03T13:58:29.603+0000 7f224effd700 1 -- 172.21.15.186:0/3820241043 <== mon.0 v2:172.21.15.186:3300/0 3 ==== mon_map magic: 0 v1 ==== 205+0+0 (secure 0 0 0) 0x7f22400103a0 con 0x7f225006ecd0
2021-02-03T13:58:29.605 INFO:teuthology.orchestra.run.smithi186.stderr:/usr/bin/ceph:
2021-02-03T13:58:29.603+0000 7f22554c7700 1 -- 172.21.15.186:0/3820241043 >> [v2:172.21.15.186:3300/0,v1:172.21.15.186:6789/0] conn(0x7f225006ecd0 msgr2=0x7f225006d270 secure :-1 s=STATE_CONNECTION_ESTABLISHED l=1).mark_down
2021-02-03T13:58:29.605 INFO:teuthology.orchestra.run.smithi186.stderr:/usr/bin/ceph:
2021-02-03T13:58:29.603+0000 7f22554c7700 1 --2- 172.21.15.186:0/3820241043 >> [v2:172.21.15.186:3300/0,v1:172.21.15.186:6789/0] conn(0x7f225006ecd0 0x7f225006d270 secure :-1 s=READY pgs=18 cs=0 l=1 rev1=1 rx=0x7f2240009cc0 tx=0x7f22400092d0).stop
2021-02-03T13:58:29.605 INFO:teuthology.orchestra.run.smithi186.stderr:/usr/bin/ceph:
2021-02-03T13:58:29.603+0000 7f22554c7700 1 -- 172.21.15.186:0/3820241043 shutdown_connections
2021-02-03T13:58:29.606 INFO:teuthology.orchestra.run.smithi186.stderr:/usr/bin/ceph:
2021-02-03T13:58:29.603+0000 7f22554c7700 1 --2- 172.21.15.186:0/3820241043 >> [v2:172.21.15.186:3300/0,v1:172.21.15.186:6789/0] conn(0x7f225006ecd0 0x7f225006d270 unknown :-1 s=CLOSED pgs=18 cs=0 l=1 rev1=1 rx=0 tx=0).stop
2021-02-03T13:58:29.606 INFO:teuthology.orchestra.run.smithi186.stderr:/usr/bin/ceph:
2021-02-03T13:58:29.603+0000 7f22554c7700 1 -- 172.21.15.186:0/3820241043 >> 172.21.15.186:0/3820241043 conn(0x7f22500f4770 msgr2=0x7f22500f6b90 unknown :-1 s=STATE_NONE l=0).mark_down
2021-02-03T13:58:29.606 INFO:teuthology.orchestra.run.smithi186.stderr:/usr/bin/ceph:
2021-02-03T13:58:29.603+0000 7f22554c7700 1 -- 172.21.15.186:0/3820241043 shutdown_connections
2021-02-03T13:58:29.606 INFO:teuthology.orchestra.run.smithi186.stderr:/usr/bin/ceph:
2021-02-03T13:58:29.603+0000 7f22554c7700 1 -- 172.21.15.186:0/3820241043 wait complete.
2021-02-03T13:58:29.607 INFO:teuthology.orchestra.run.smithi186.stderr:/usr/bin/ceph:
2021-02-03T13:58:29.603+0000 7f22554c7700 1 Processor -- start
2021-02-03T13:58:29.608 INFO:teuthology.orchestra.run.smithi186.stderr:/usr/bin/ceph:
2021-02-03T13:58:29.603+0000 7f22554c7700 1 -- start start
2021-02-03T13:58:29.608 INFO:teuthology.orchestra.run.smithi186.stderr:/usr/bin/ceph:
2021-02-03T13:58:29.607+0000 7f22554c7700 1 --2- >> [v2:172.21.15.186:3300/0,v1:172.21.15.186:6789/0] conn(0x7f225006ecd0 0x7f2250109780 unknown :-1 s=NONE pgs=0 cs=0 l=1 rev1=0 rx=0 tx=0).connect
2021-02-03T13:58:29.608 INFO:teuthology.orchestra.run.smithi186.stderr:/usr/bin/ceph:
2021-02-03T13:58:29.607+0000 7f22554c7700 1 -- --> [v2:172.21.15.186:3300/0,v1:172.21.15.186:6789/0] -- mon_getmap magic: 0 v1 -- 0x7f2250109c70 con 0x7f225006ecd0
2021-02-03T13:58:29.608 INFO:teuthology.orchestra.run.smithi186.stderr:/usr/bin/ceph:
2021-02-03T13:58:29.607+0000 7f224ffff700 1 --2- >> [v2:172.21.15.186:3300/0,v1:172.21.15.186:6789/0] conn(0x7f225006ecd0 0x7f2250109780 unknown :-1 s=BANNER_CONNECTING pgs=0 cs=0 l=1 rev1=0 rx=0 tx=0)._handle_peer_banner_payload supported=1 required=0
2021-02-03T13:58:29.608 INFO:teuthology.orchestra.run.smithi186.stderr:/usr/bin/ceph:
2021-02-03T13:58:29.607+0000 7f224ffff700 1 --2- >> [v2:172.21.15.186:3300/0,v1:172.21.15.186:6789/0] conn(0x7f225006ecd0 0x7f2250109780 unknown :-1 s=HELLO_CONNECTING pgs=0 cs=0 l=1 rev1=1 rx=0 tx=0).handle_hello peer v2:172.21.15.186:3300/0 says I am v2:172.21.15.186:34794/0 (socket says 172.21.15.186:34794)
2021-02-03T13:58:29.609 INFO:teuthology.orchestra.run.smithi186.stderr:/usr/bin/ceph:
2021-02-03T13:58:29.607+0000 7f224ffff700 1 -- 172.21.15.186:0/3393518681 learned_addr learned my addr 172.21.15.186:0/3393518681 (peer_addr_for_me v2:172.21.15.186:0/0)
2021-02-03T13:58:29.609 INFO:teuthology.orchestra.run.smithi186.stderr:/usr/bin/ceph:
2021-02-03T13:58:29.607+0000 7f224ffff700 1 -- 172.21.15.186:0/3393518681 --> [v2:172.21.15.186:3300/0,v1:172.21.15.186:6789/0] -- mon_subscribe({config=0+,monmap=0+}) v3 -- 0x7f2250109db0 con 0x7f225006ecd0
2021-02-03T13:58:29.609 INFO:teuthology.orchestra.run.smithi186.stderr:/usr/bin/ceph:
2021-02-03T13:58:29.607+0000 7f224ffff700 1 --2- 172.21.15.186:0/3393518681 >> [v2:172.21.15.186:3300/0,v1:172.21.15.186:6789/0] conn(0x7f225006ecd0 0x7f2250109780 secure :-1 s=READY pgs=19 cs=0 l=1 rev1=1 rx=0x7f2240010b90 tx=0x7f22400092d0).ready entity=mon.0 client_cookie=0 server_cookie=0 in_seq=0 out_seq=0
2021-02-03T13:58:29.609 INFO:teuthology.orchestra.run.smithi186.stderr:/usr/bin/ceph:
2021-02-03T13:58:29.607+0000 7f224cff9700 1 -- 172.21.15.186:0/3393518681 <== mon.0 v2:172.21.15.186:3300/0 1 ==== mon_map magic: 0 v1 ==== 205+0+0 (secure 0 0 0) 0x7f224000bbf0 con 0x7f225006ecd0
2021-02-03T13:58:29.610 INFO:teuthology.orchestra.run.smithi186.stderr:/usr/bin/ceph:
2021-02-03T13:58:29.607+0000 7f224cff9700 1 -- 172.21.15.186:0/3393518681 <== mon.0 v2:172.21.15.186:3300/0 2 ==== config(22 keys) v1 ==== 950+0+0 (secure 0 0 0) 0x7f224000bec0 con 0x7f225006ecd0
2021-02-03T13:58:29.610 INFO:teuthology.orchestra.run.smithi186.stderr:/usr/bin/ceph:
2021-02-03T13:58:29.607+0000 7f224cff9700 1 -- 172.21.15.186:0/3393518681 <== mon.0 v2:172.21.15.186:3300/0 3 ==== mon_map magic: 0 v1 ==== 205+0+0 (secure 0 0 0) 0x7f22400223b0 con 0x7f225006ecd0
2021-02-03T13:58:29.610 INFO:teuthology.orchestra.run.smithi186.stderr:/usr/bin/ceph:
2021-02-03T13:58:29.607+0000 7f22554c7700 1 -- 172.21.15.186:0/3393518681 --> [v2:172.21.15.186:3300/0,v1:172.21.15.186:6789/0] -- mon_subscribe({mgrmap=0+}) v3 -- 0x7f225010a000 con 0x7f225006ecd0
2021-02-03T13:58:29.611 INFO:teuthology.orchestra.run.smithi186.stderr:/usr/bin/ceph:
2021-02-03T13:58:29.607+0000 7f22554c7700 1 -- 172.21.15.186:0/3393518681 --> [v2:172.21.15.186:3300/0,v1:172.21.15.186:6789/0] -- mon_subscribe({osdmap=0}) v3 -- 0x7f225010ab60 con 0x7f225006ecd0
2021-02-03T13:58:29.611 INFO:teuthology.orchestra.run.smithi186.stderr:/usr/bin/ceph:
2021-02-03T13:58:29.607+0000 7f224cff9700 1 -- 172.21.15.186:0/3393518681 <== mon.0 v2:172.21.15.186:3300/0 4 ==== mgrmap(e 4) v1 ==== 35656+0+0 (secure 0 0 0) 0x7f224002a070 con 0x7f225006ecd0
2021-02-03T13:58:29.611 INFO:teuthology.orchestra.run.smithi186.stderr:/usr/bin/ceph:
2021-02-03T13:58:29.607+0000 7f224cff9700 1 --2- 172.21.15.186:0/3393518681 >> [v2:172.21.15.186:6800/2644687796,v1:172.21.15.186:6801/2644687796] conn(0x7f223002f7a0 0x7f2230031c60 unknown :-1 s=NONE pgs=0 cs=0 l=1 rev1=0 rx=0 tx=0).connect
2021-02-03T13:58:29.612 INFO:teuthology.orchestra.run.smithi186.stderr:/usr/bin/ceph:
2021-02-03T13:58:29.607+0000 7f224cff9700 1 -- 172.21.15.186:0/3393518681 <== mon.0 v2:172.21.15.186:3300/0 5 ==== osd_map(1..1 src has 1..1) v4 ==== 754+0+0 (secure 0 0 0) 0x7f2240042480 con 0x7f225006ecd0
2021-02-03T13:58:29.612 INFO:teuthology.orchestra.run.smithi186.stderr:/usr/bin/ceph:
2021-02-03T13:58:29.607+0000 7f224f7fe700 1 --2- 172.21.15.186:0/3393518681 >> [v2:172.21.15.186:6800/2644687796,v1:172.21.15.186:6801/2644687796] conn(0x7f223002f7a0 0x7f2230031c60 unknown :-1 s=BANNER_CONNECTING pgs=0 cs=0 l=1 rev1=0 rx=0 tx=0)._handle_peer_banner_payload supported=1 required=0
2021-02-03T13:58:29.612 INFO:teuthology.orchestra.run.smithi186.stderr:/usr/bin/ceph:
2021-02-03T13:58:29.611+0000 7f224f7fe700 1 --2- 172.21.15.186:0/3393518681 >> [v2:172.21.15.186:6800/2644687796,v1:172.21.15.186:6801/2644687796] conn(0x7f223002f7a0 0x7f2230031c60 secure :-1 s=READY pgs=7 cs=0 l=1 rev1=1 rx=0x7f22380096a0 tx=0x7f2238006b40).ready entity=mgr.14100 client_cookie=0 server_cookie=0 in_seq=0 out_seq=0
2021-02-03T13:58:29.612 INFO:teuthology.orchestra.run.smithi186.stderr:/usr/bin/ceph:
2021-02-03T13:58:29.611+0000 7f22554c7700 1 -- 172.21.15.186:0/3393518681 --> [v2:172.21.15.186:3300/0,v1:172.21.15.186:6789/0] -- mon_command({"prefix": "get_command_descriptions"} v 0) v1 -- 0x7f22500581f0 con 0x7f225006ecd0
2021-02-03T13:58:29.613 INFO:teuthology.orchestra.run.smithi186.stderr:/usr/bin/ceph:
2021-02-03T13:58:29.615+0000 7f224cff9700 1 -- 172.21.15.186:0/3393518681 <== mon.0 v2:172.21.15.186:3300/0 6 ==== mon_command_ack([{"prefix": "get_command_descriptions"}]=0 v0) v1 ==== 72+0+150055 (secure 0 0 0) 0x7f224001e080 con 0x7f225006ecd0
2021-02-03T13:58:29.976 INFO:teuthology.orchestra.run.smithi186.stderr:/usr/bin/ceph:
2021-02-03T13:58:29.975+0000 7f22554c7700 1 -- 172.21.15.186:0/3393518681 --> [v2:172.21.15.186:3300/0,v1:172.21.15.186:6789/0] -- mon_command({"prefix": "mgr module enable", "module": "cephadm"} v 0) v1 -- 0x7f2250044bc0 con 0x7f225006ecd0
2021-02-03T13:58:30.031 INFO:teuthology.orchestra.run.smithi186.stderr:/usr/bin/ceph:
2021-02-03T13:58:30.031+0000 7f224cff9700 1 -- 172.21.15.186:0/3393518681 <== mon.0 v2:172.21.15.186:3300/0 7 ==== mgrmap(e 5) v1 ==== 35667+0+0 (secure 0 0 0) 0x7f2240020030 con 0x7f225006ecd0
2021-02-03T13:58:30.032 INFO:teuthology.orchestra.run.smithi186.stderr:/usr/bin/ceph:
2021-02-03T13:58:30.031+0000 7f224cff9700 1 -- 172.21.15.186:0/3393518681 <== mon.0 v2:172.21.15.186:3300/0 8 ==== mon_command_ack([{"prefix": "mgr module enable", "module": "cephadm"}]=0 v5) v1 ==== 86+0+0 (secure 0 0 0) 0x7f224002a9a0 con 0x7f225006ecd0
2021-02-03T13:58:30.036 INFO:teuthology.orchestra.run.smithi186.stderr:/usr/bin/ceph:
2021-02-03T13:58:30.035+0000 7f22554c7700 1 -- 172.21.15.186:0/3393518681 >> [v2:172.21.15.186:6800/2644687796,v1:172.21.15.186:6801/2644687796] conn(0x7f223002f7a0 msgr2=0x7f2230031c60 secure :-1 s=STATE_CONNECTION_ESTABLISHED l=1).mark_down
2021-02-03T13:58:30.036 INFO:teuthology.orchestra.run.smithi186.stderr:/usr/bin/ceph:
2021-02-03T13:58:30.035+0000 7f22554c7700 1 --2- 172.21.15.186:0/3393518681 >> [v2:172.21.15.186:6800/2644687796,v1:172.21.15.186:6801/2644687796] conn(0x7f223002f7a0 0x7f2230031c60 secure :-1 s=READY pgs=7 cs=0 l=1 rev1=1 rx=0x7f22380096a0 tx=0x7f2238006b40).stop
2021-02-03T13:58:30.037 INFO:teuthology.orchestra.run.smithi186.stderr:/usr/bin/ceph:
2021-02-03T13:58:30.035+0000 7f22554c7700 1 -- 172.21.15.186:0/3393518681 >> [v2:172.21.15.186:3300/0,v1:172.21.15.186:6789/0] conn(0x7f225006ecd0 msgr2=0x7f2250109780 secure :-1 s=STATE_CONNECTION_ESTABLISHED l=1).mark_down
2021-02-03T13:58:30.037 INFO:teuthology.orchestra.run.smithi186.stderr:/usr/bin/ceph:
2021-02-03T13:58:30.035+0000 7f22554c7700 1 --2- 172.21.15.186:0/3393518681 >> [v2:172.21.15.186:3300/0,v1:172.21.15.186:6789/0] conn(0x7f225006ecd0 0x7f2250109780 secure :-1 s=READY pgs=19 cs=0 l=1 rev1=1 rx=0x7f2240010b90 tx=0x7f22400092d0).stop
2021-02-03T13:58:30.037 INFO:teuthology.orchestra.run.smithi186.stderr:/usr/bin/ceph:
2021-02-03T13:58:30.035+0000 7f22554c7700 1 -- 172.21.15.186:0/3393518681 shutdown_connections
2021-02-03T13:58:30.038 INFO:teuthology.orchestra.run.smithi186.stderr:/usr/bin/ceph:
2021-02-03T13:58:30.035+0000 7f22554c7700 1 --2- 172.21.15.186:0/3393518681 >> [v2:172.21.15.186:6800/2644687796,v1:172.21.15.186:6801/2644687796] conn(0x7f223002f7a0 0x7f2230031c60 unknown :-1 s=CLOSED pgs=7 cs=0 l=1 rev1=1 rx=0 tx=0).stop
2021-02-03T13:58:30.038 INFO:teuthology.orchestra.run.smithi186.stderr:/usr/bin/ceph:
2021-02-03T13:58:30.035+0000 7f22554c7700 1 --2- 172.21.15.186:0/3393518681 >> [v2:172.21.15.186:3300/0,v1:172.21.15.186:6789/0] conn(0x7f225006ecd0 0x7f2250109780 unknown :-1 s=CLOSED pgs=19 cs=0 l=1 rev1=1 rx=0 tx=0).stop
2021-02-03T13:58:30.038 INFO:teuthology.orchestra.run.smithi186.stderr:/usr/bin/ceph:
2021-02-03T13:58:30.035+0000 7f22554c7700 1 -- 172.21.15.186:0/3393518681 >> 172.21.15.186:0/3393518681 conn(0x7f22500f4770 msgr2=0x7f22500f55b0 unknown :-1 s=STATE_NONE l=0).mark_down
2021-02-03T13:58:30.039 INFO:teuthology.orchestra.run.smithi186.stderr:/usr/bin/ceph:
2021-02-03T13:58:30.035+0000 7f22554c7700 1 -- 172.21.15.186:0/3393518681 shutdown_connections
2021-02-03T13:58:30.039 INFO:teuthology.orchestra.run.smithi186.stderr:/usr/bin/ceph:
2021-02-03T13:58:30.039+0000 7f22554c7700 1 -- 172.21.15.186:0/3393518681 wait complete.
2021-02-03T13:58:30.492 INFO:journalctl@ceph.mon.a.smithi186.stdout:Feb 03 13:58:30 smithi186 bash[11932]: audit
2021-02-03T13:58:29.980528+0000 mon.a (mon.0) 26 : audit [INF] from='client.? 172.21.15.186:0/3393518681' entity='client.admin' cmd=[{"prefix": "mgr module enable", "module": "cephadm"}]: dispatch
2021-02-03T13:58:30.492 INFO:journalctl@ceph.mgr.y.smithi186.stdout:Feb 03 13:58:30 smithi186 bash[12160]: ignoring --setgroup ceph since I am not root
2021-02-03T13:58:30.842 INFO:teuthology.orchestra.run.smithi186.stderr:Running command: /usr/bin/docker run --rm --ipc=host --net=host --entrypoint /usr/bin/ceph -e CONTAINER_IMAGE=quay.ceph.io/ceph-ci/ceph:8a6b0fa1a5b4e97873b7e268f09116d946e339f8 -e NODE_NAME=smithi186 -v /var/log/ceph/b9f6aa2a-6627-11eb-8fbe-001a4aab830c:/var/log/ceph:z -v /tmp/ceph-tmp6ailmjyl:/etc/ceph/ceph.client.admin.keyring:z -v /tmp/ceph-tmpllg6yxod:/etc/ceph/ceph.conf:z quay.ceph.io/ceph-ci/ceph:8a6b0fa1a5b4e97873b7e268f09116d946e339f8 mgr stat
2021-02-03T13:58:31.242 INFO:journalctl@ceph.mon.a.smithi186.stdout:Feb 03 13:58:31 smithi186 bash[11932]: audit
2021-02-03T13:58:30.035714+0000 mon.a (mon.0) 27 : audit [INF] from='client.? 172.21.15.186:0/3393518681' entity='client.admin' cmd='[{"prefix": "mgr module enable", "module": "cephadm"}]': finished
2021-02-03T13:58:31.242 INFO:journalctl@ceph.mon.a.smithi186.stdout:Feb 03 13:58:31 smithi186 bash[11932]: cluster
2021-02-03T13:58:30.035834+0000 mon.a (mon.0) 28 : cluster [DBG] mgrmap e5: y(active, since 7s)
2021-02-03T13:58:32.092 INFO:teuthology.orchestra.run.smithi186.stderr:/usr/bin/ceph:
2021-02-03T13:58:32.091+0000 7f7458284700 1 Processor -- start
2021-02-03T13:58:32.092 INFO:teuthology.orchestra.run.smithi186.stderr:/usr/bin/ceph:
2021-02-03T13:58:32.091+0000 7f7458284700 1 -- start start
2021-02-03T13:58:32.093 INFO:teuthology.orchestra.run.smithi186.stderr:/usr/bin/ceph:
2021-02-03T13:58:32.091+0000 7f7458284700 1 --2- >> [v2:172.21.15.186:3300/0,v1:172.21.15.186:6789/0] conn(0x7f74500fa7e0 0x7f74500fac00 unknown :-1 s=NONE pgs=0 cs=0 l=0 rev1=0 rx=0 tx=0).connect
2021-02-03T13:58:32.093 INFO:teuthology.orchestra.run.smithi186.stderr:/usr/bin/ceph:
2021-02-03T13:58:32.091+0000 7f7458284700 1 -- --> [v2:172.21.15.186:3300/0,v1:172.21.15.186:6789/0] -- mon_getmap magic: 0 v1 -- 0x7f74500fb0f0 con 0x7f74500fa7e0
2021-02-03T13:58:32.094 INFO:teuthology.orchestra.run.smithi186.stderr:/usr/bin/ceph:
2021-02-03T13:58:32.091+0000 7f7456020700 1 --2- >> [v2:172.21.15.186:3300/0,v1:172.21.15.186:6789/0] conn(0x7f74500fa7e0 0x7f74500fac00 unknown :-1 s=BANNER_CONNECTING pgs=0 cs=0 l=0 rev1=0 rx=0 tx=0)._handle_peer_banner_payload supported=1 required=0
2021-02-03T13:58:32.094 INFO:teuthology.orchestra.run.smithi186.stderr:/usr/bin/ceph:
2021-02-03T13:58:32.091+0000 7f7456020700 1 --2- >> [v2:172.21.15.186:3300/0,v1:172.21.15.186:6789/0] conn(0x7f74500fa7e0 0x7f74500fac00 unknown :-1 s=HELLO_CONNECTING pgs=0 cs=0 l=0 rev1=1 rx=0 tx=0).handle_hello peer v2:172.21.15.186:3300/0 says I am v2:172.21.15.186:34810/0 (socket says 172.21.15.186:34810)
2021-02-03T13:58:32.094 INFO:teuthology.orchestra.run.smithi186.stderr:/usr/bin/ceph:
2021-02-03T13:58:32.091+0000 7f7456020700 1 -- 172.21.15.186:0/971130028 learned_addr learned my addr 172.21.15.186:0/971130028 (peer_addr_for_me v2:172.21.15.186:0/0)
2021-02-03T13:58:32.095 INFO:teuthology.orchestra.run.smithi186.stderr:/usr/bin/ceph:
2021-02-03T13:58:32.091+0000 7f7456020700 1 -- 172.21.15.186:0/971130028 --> [v2:172.21.15.186:3300/0,v1:172.21.15.186:6789/0] -- mon_subscribe({config=0+,monmap=0+}) v3 -- 0x7f74500fb230 con 0x7f74500fa7e0
2021-02-03T13:58:32.095 INFO:teuthology.orchestra.run.smithi186.stderr:/usr/bin/ceph:
2021-02-03T13:58:32.091+0000 7f7456020700 1 --2- 172.21.15.186:0/971130028 >> [v2:172.21.15.186:3300/0,v1:172.21.15.186:6789/0] conn(0x7f74500fa7e0 0x7f74500fac00 secure :-1 s=READY pgs=22 cs=0 l=1 rev1=1 rx=0x7f7448009cc0 tx=0x7f74480092d0).ready entity=mon.0 client_cookie=700b1d38132bd55c server_cookie=0 in_seq=0 out_seq=0
2021-02-03T13:58:32.096 INFO:teuthology.orchestra.run.smithi186.stderr:/usr/bin/ceph:
2021-02-03T13:58:32.091+0000 7f745501e700 1 -- 172.21.15.186:0/971130028 <== mon.0 v2:172.21.15.186:3300/0 1 ==== mon_map magic: 0 v1 ==== 205+0+0 (secure 0 0 0) 0x7f744800bbf0 con 0x7f74500fa7e0
2021-02-03T13:58:32.096 INFO:teuthology.orchestra.run.smithi186.stderr:/usr/bin/ceph:
2021-02-03T13:58:32.091+0000 7f745501e700 1 -- 172.21.15.186:0/971130028 <== mon.0 v2:172.21.15.186:3300/0 2 ==== config(22 keys) v1 ==== 950+0+0 (secure 0 0 0) 0x7f744800bd50 con 0x7f74500fa7e0
2021-02-03T13:58:32.097 INFO:teuthology.orchestra.run.smithi186.stderr:/usr/bin/ceph:
2021-02-03T13:58:32.091+0000 7f745501e700 1 -- 172.21.15.186:0/971130028 <== mon.0 v2:172.21.15.186:3300/0 3 ==== mon_map magic: 0 v1 ==== 205+0+0 (secure 0 0 0) 0x7f74480103a0 con 0x7f74500fa7e0
2021-02-03T13:58:32.102 INFO:teuthology.orchestra.run.smithi186.stderr:/usr/bin/ceph:
2021-02-03T13:58:32.091+0000 7f7458284700 1 -- 172.21.15.186:0/971130028 >> [v2:172.21.15.186:3300/0,v1:172.21.15.186:6789/0] conn(0x7f74500fa7e0 msgr2=0x7f74500fac00 secure :-1 s=STATE_CONNECTION_ESTABLISHED l=1).mark_down
2021-02-03T13:58:32.102 INFO:teuthology.orchestra.run.smithi186.stderr:/usr/bin/ceph:
2021-02-03T13:58:32.091+0000 7f7458284700 1 --2- 172.21.15.186:0/971130028 >> [v2:172.21.15.186:3300/0,v1:172.21.15.186:6789/0] conn(0x7f74500fa7e0 0x7f74500fac00 secure :-1 s=READY pgs=22 cs=0 l=1 rev1=1 rx=0x7f7448009cc0 tx=0x7f74480092d0).stop
2021-02-03T13:58:32.103 INFO:teuthology.orchestra.run.smithi186.stderr:/usr/bin/ceph:
2021-02-03T13:58:32.091+0000 7f7458284700 1 -- 172.21.15.186:0/971130028 shutdown_connections
2021-02-03T13:58:32.103 INFO:teuthology.orchestra.run.smithi186.stderr:/usr/bin/ceph:
2021-02-03T13:58:32.091+0000 7f7458284700 1 --2- 172.21.15.186:0/971130028 >> [v2:172.21.15.186:3300/0,v1:172.21.15.186:6789/0] conn(0x7f74500fa7e0 0x7f74500fac00 unknown :-1 s=CLOSED pgs=22 cs=0 l=1 rev1=1 rx=0 tx=0).stop
2021-02-03T13:58:32.103 INFO:teuthology.orchestra.run.smithi186.stderr:/usr/bin/ceph:
2021-02-03T13:58:32.091+0000 7f7458284700 1 -- 172.21.15.186:0/971130028 >> 172.21.15.186:0/971130028 conn(0x7f74500f4930 msgr2=0x7f74500f6d50 unknown :-1 s=STATE_NONE l=0).mark_down
2021-02-03T13:58:32.104 INFO:teuthology.orchestra.run.smithi186.stderr:/usr/bin/ceph:
2021-02-03T13:58:32.095+0000 7f7458284700 1 -- 172.21.15.186:0/971130028 shutdown_connections
2021-02-03T13:58:32.104 INFO:teuthology.orchestra.run.smithi186.stderr:/usr/bin/ceph:
2021-02-03T13:58:32.095+0000 7f7458284700 1 -- 172.21.15.186:0/971130028 wait complete.
2021-02-03T13:58:32.105 INFO:teuthology.orchestra.run.smithi186.stderr:/usr/bin/ceph:
2021-02-03T13:58:32.095+0000 7f7458284700 1 Processor -- start
2021-02-03T13:58:32.105 INFO:teuthology.orchestra.run.smithi186.stderr:/usr/bin/ceph:
2021-02-03T13:58:32.095+0000 7f7458284700 1 -- start start
2021-02-03T13:58:32.105 INFO:teuthology.orchestra.run.smithi186.stderr:/usr/bin/ceph:
2021-02-03T13:58:32.095+0000 7f7458284700 1 --2- >> [v2:172.21.15.186:3300/0,v1:172.21.15.186:6789/0] conn(0x7f74500fa7e0 0x7f74501099b0 unknown :-1 s=NONE pgs=0 cs=0 l=1 rev1=0 rx=0 tx=0).connect
2021-02-03T13:58:32.106 INFO:teuthology.orchestra.run.smithi186.stderr:/usr/bin/ceph:
2021-02-03T13:58:32.095+0000 7f7458284700 1 -- --> [v2:172.21.15.186:3300/0,v1:172.21.15.186:6789/0] -- mon_getmap magic: 0 v1 -- 0x7f7450109ea0 con 0x7f74500fa7e0
2021-02-03T13:58:32.106 INFO:teuthology.orchestra.run.smithi186.stderr:/usr/bin/ceph:
2021-02-03T13:58:32.095+0000 7f7456020700 1 --2- >> [v2:172.21.15.186:3300/0,v1:172.21.15.186:6789/0] conn(0x7f74500fa7e0 0x7f74501099b0 unknown :-1 s=BANNER_CONNECTING pgs=0 cs=0 l=1 rev1=0 rx=0 tx=0)._handle_peer_banner_payload supported=1 required=0
2021-02-03T13:58:32.107 INFO:teuthology.orchestra.run.smithi186.stderr:/usr/bin/ceph:
2021-02-03T13:58:32.095+0000 7f7456020700 1 --2- >> [v2:172.21.15.186:3300/0,v1:172.21.15.186:6789/0] conn(0x7f74500fa7e0 0x7f74501099b0 unknown :-1 s=HELLO_CONNECTING pgs=0 cs=0 l=1 rev1=1 rx=0 tx=0).handle_hello peer v2:172.21.15.186:3300/0 says I am v2:172.21.15.186:34812/0 (socket says 172.21.15.186:34812)
2021-02-03T13:58:32.107 INFO:teuthology.orchestra.run.smithi186.stderr:/usr/bin/ceph:
2021-02-03T13:58:32.095+0000 7f7456020700 1 -- 172.21.15.186:0/4127860926 learned_addr learned my addr 172.21.15.186:0/4127860926 (peer_addr_for_me v2:172.21.15.186:0/0)
2021-02-03T13:58:32.107 INFO:teuthology.orchestra.run.smithi186.stderr:/usr/bin/ceph:
2021-02-03T13:58:32.095+0000 7f7456020700 1 -- 172.21.15.186:0/4127860926 --> [v2:172.21.15.186:3300/0,v1:172.21.15.186:6789/0] -- mon_subscribe({config=0+,monmap=0+}) v3 -- 0x7f7450109fe0 con 0x7f74500fa7e0
2021-02-03T13:58:32.108 INFO:teuthology.orchestra.run.smithi186.stderr:/usr/bin/ceph:
2021-02-03T13:58:32.095+0000 7f7456020700 1 --2- 172.21.15.186:0/4127860926 >> [v2:172.21.15.186:3300/0,v1:172.21.15.186:6789/0] conn(0x7f74500fa7e0 0x7f74501099b0 secure :-1 s=READY pgs=23 cs=0 l=1 rev1=1 rx=0x7f7448006b80 tx=0x7f74480092d0).ready entity=mon.0 client_cookie=0 server_cookie=0 in_seq=0 out_seq=0
2021-02-03T13:58:32.108 INFO:teuthology.orchestra.run.smithi186.stderr:/usr/bin/ceph:
2021-02-03T13:58:32.095+0000 7f743effd700 1 -- 172.21.15.186:0/4127860926 <== mon.0 v2:172.21.15.186:3300/0 1 ==== mon_map magic: 0 v1 ==== 205+0+0 (secure 0 0 0) 0x7f744800bec0 con 0x7f74500fa7e0
2021-02-03T13:58:32.109 INFO:teuthology.orchestra.run.smithi186.stderr:/usr/bin/ceph:
2021-02-03T13:58:32.095+0000 7f743effd700 1 -- 172.21.15.186:0/4127860926 <== mon.0 v2:172.21.15.186:3300/0 2 ==== config(22 keys) v1 ==== 950+0+0 (secure 0 0 0) 0x7f7448011dc0 con 0x7f74500fa7e0
2021-02-03T13:58:32.109 INFO:teuthology.orchestra.run.smithi186.stderr:/usr/bin/ceph:
2021-02-03T13:58:32.095+0000 7f743effd700 1 -- 172.21.15.186:0/4127860926 <== mon.0 v2:172.21.15.186:3300/0 3 ==== mon_map magic: 0 v1 ==== 205+0+0 (secure 0 0 0) 0x7f74480223b0 con 0x7f74500fa7e0
2021-02-03T13:58:32.109 INFO:teuthology.orchestra.run.smithi186.stderr:/usr/bin/ceph:
2021-02-03T13:58:32.095+0000 7f7458284700 1 -- 172.21.15.186:0/4127860926 --> [v2:172.21.15.186:3300/0,v1:172.21.15.186:6789/0] -- mon_subscribe({mgrmap=0+}) v3 -- 0x7f745010a230 con 0x7f74500fa7e0
2021-02-03T13:58:32.109 INFO:teuthology.orchestra.run.smithi186.stderr:/usr/bin/ceph:
2021-02-03T13:58:32.095+0000 7f7458284700 1 -- 172.21.15.186:0/4127860926 --> [v2:172.21.15.186:3300/0,v1:172.21.15.186:6789/0] -- mon_subscribe({osdmap=0}) v3 -- 0x7f745010ad90 con 0x7f74500fa7e0
2021-02-03T13:58:32.110 INFO:teuthology.orchestra.run.smithi186.stderr:/usr/bin/ceph:
2021-02-03T13:58:32.099+0000 7f743effd700 1 -- 172.21.15.186:0/4127860926 <== mon.0 v2:172.21.15.186:3300/0 4 ==== mgrmap(e 5) v1 ==== 35667+0+0 (secure 0 0 0) 0x7f744802a070 con 0x7f74500fa7e0
2021-02-03T13:58:32.110 INFO:teuthology.orchestra.run.smithi186.stderr:/usr/bin/ceph:
2021-02-03T13:58:32.099+0000 7f7458284700 1 -- 172.21.15.186:0/4127860926 --> [v2:172.21.15.186:3300/0,v1:172.21.15.186:6789/0] -- mon_command({"prefix": "get_command_descriptions"} v 0) v1 -- 0x7f7450045a30 con 0x7f74500fa7e0
2021-02-03T13:58:32.110 INFO:teuthology.orchestra.run.smithi186.stderr:/usr/bin/ceph:
2021-02-03T13:58:32.099+0000 7f743effd700 1 --2- 172.21.15.186:0/4127860926 >> [v2:172.21.15.186:6800/2644687796,v1:172.21.15.186:6801/2644687796] conn(0x7f743802f840 0x7f7438031d00 unknown :-1 s=NONE pgs=0 cs=0 l=1 rev1=0 rx=0 tx=0).connect
2021-02-03T13:58:32.110 INFO:teuthology.orchestra.run.smithi186.stderr:/usr/bin/ceph:
2021-02-03T13:58:32.099+0000 7f743effd700 1 -- 172.21.15.186:0/4127860926 <== mon.0 v2:172.21.15.186:3300/0 5 ==== osd_map(1..1 src has 1..1) v4 ==== 754+0+0 (secure 0 0 0) 0x7f7448041750 con 0x7f74500fa7e0
2021-02-03T13:58:32.111 INFO:teuthology.orchestra.run.smithi186.stderr:/usr/bin/ceph:
2021-02-03T13:58:32.099+0000 7f745581f700 1 -- 172.21.15.186:0/4127860926 >> [v2:172.21.15.186:6800/2644687796,v1:172.21.15.186:6801/2644687796] conn(0x7f743802f840 msgr2=0x7f7438031d00 unknown :-1 s=STATE_CONNECTING_RE l=1).process reconnect failed to v2:172.21.15.186:6800/2644687796
2021-02-03T13:58:32.111 INFO:teuthology.orchestra.run.smithi186.stderr:/usr/bin/ceph:
2021-02-03T13:58:32.099+0000 7f745581f700 1 --2- 172.21.15.186:0/4127860926 >> [v2:172.21.15.186:6800/2644687796,v1:172.21.15.186:6801/2644687796] conn(0x7f743802f840 0x7f7438031d00 unknown :-1 s=START_CONNECT pgs=0 cs=0 l=1 rev1=0 rx=0 tx=0)._fault waiting 0.200000
2021-02-03T13:58:32.112 INFO:teuthology.orchestra.run.smithi186.stderr:/usr/bin/ceph:
2021-02-03T13:58:32.103+0000 7f743effd700 1 -- 172.21.15.186:0/4127860926 <== mon.0 v2:172.21.15.186:3300/0 6 ==== mon_command_ack([{"prefix": "get_command_descriptions"}]=0 v0) v1 ==== 72+0+150055 (secure 0 0 0) 0x7f7448018d80 con 0x7f74500fa7e0
2021-02-03T13:58:32.299 INFO:teuthology.orchestra.run.smithi186.stderr:/usr/bin/ceph:
2021-02-03T13:58:32.299+0000 7f745581f700 1 -- 172.21.15.186:0/4127860926 >> [v2:172.21.15.186:6800/2644687796,v1:172.21.15.186:6801/2644687796] conn(0x7f743802f840 msgr2=0x7f7438031d00 unknown :-1 s=STATE_CONNECTING_RE l=1).process reconnect failed to v2:172.21.15.186:6800/2644687796
2021-02-03T13:58:32.299 INFO:teuthology.orchestra.run.smithi186.stderr:/usr/bin/ceph:
2021-02-03T13:58:32.299+0000 7f745581f700 1 --2- 172.21.15.186:0/4127860926 >> [v2:172.21.15.186:6800/2644687796,v1:172.21.15.186:6801/2644687796] conn(0x7f743802f840 0x7f7438031d00 unknown :-1 s=START_CONNECT pgs=0 cs=0 l=1 rev1=0 rx=0 tx=0)._fault waiting 0.400000
2021-02-03T13:58:32.460 INFO:teuthology.orchestra.run.smithi186.stderr:/usr/bin/ceph:
2021-02-03T13:58:32.459+0000 7f7458284700 1 -- 172.21.15.186:0/4127860926 --> [v2:172.21.15.186:3300/0,v1:172.21.15.186:6789/0] -- mon_command({"prefix": "mgr stat"} v 0) v1 -- 0x7f74500f9950 con 0x7f74500fa7e0
2021-02-03T13:58:32.460 INFO:teuthology.orchestra.run.smithi186.stderr:/usr/bin/ceph:
2021-02-03T13:58:32.459+0000 7f743effd700 1 -- 172.21.15.186:0/4127860926 <== mon.0 v2:172.21.15.186:3300/0 7 ==== mon_command_ack([{"prefix": "mgr stat"}]=0 v5) v1 ==== 56+0+88 (secure 0 0 0) 0x7f744801e020 con 0x7f74500fa7e0
2021-02-03T13:58:32.461 INFO:teuthology.orchestra.run.smithi186.stderr:/usr/bin/ceph: {
2021-02-03T13:58:32.462 INFO:teuthology.orchestra.run.smithi186.stderr:/usr/bin/ceph: "epoch": 5,
2021-02-03T13:58:32.462 INFO:teuthology.orchestra.run.smithi186.stderr:/usr/bin/ceph: "available": true,
2021-02-03T13:58:32.462 INFO:teuthology.orchestra.run.smithi186.stderr:/usr/bin/ceph: "active_name": "y",
2021-02-03T13:58:32.462 INFO:teuthology.orchestra.run.smithi186.stderr:/usr/bin/ceph: "num_standby": 0
2021-02-03T13:58:32.462 INFO:teuthology.orchestra.run.smithi186.stderr:/usr/bin/ceph: }
2021-02-03T13:58:32.464 INFO:teuthology.orchestra.run.smithi186.stderr:/usr/bin/ceph:
2021-02-03T13:58:32.463+0000 7f7458284700 1 -- 172.21.15.186:0/4127860926 >> [v2:172.21.15.186:6800/2644687796,v1:172.21.15.186:6801/2644687796] conn(0x7f743802f840 msgr2=0x7f7438031d00 unknown :-1 s=STATE_CONNECTING l=1).mark_down
2021-02-03T13:58:32.464 INFO:teuthology.orchestra.run.smithi186.stderr:/usr/bin/ceph:
2021-02-03T13:58:32.463+0000 7f7458284700 1 --2- 172.21.15.186:0/4127860926 >> [v2:172.21.15.186:6800/2644687796,v1:172.21.15.186:6801/2644687796] conn(0x7f743802f840 0x7f7438031d00 unknown :-1 s=START_CONNECT pgs=0 cs=0 l=1 rev1=0 rx=0 tx=0).stop
2021-02-03T13:58:32.464 INFO:teuthology.orchestra.run.smithi186.stderr:/usr/bin/ceph:
2021-02-03T13:58:32.463+0000 7f7458284700 1 -- 172.21.15.186:0/4127860926 >> [v2:172.21.15.186:3300/0,v1:172.21.15.186:6789/0] conn(0x7f74500fa7e0 msgr2=0x7f74501099b0 secure :-1 s=STATE_CONNECTION_ESTABLISHED l=1).mark_down
2021-02-03T13:58:32.464 INFO:teuthology.orchestra.run.smithi186.stderr:/usr/bin/ceph:
2021-02-03T13:58:32.463+0000 7f7458284700 1 --2- 172.21.15.186:0/4127860926 >> [v2:172.21.15.186:3300/0,v1:172.21.15.186:6789/0] conn(0x7f74500fa7e0 0x7f74501099b0 secure :-1 s=READY pgs=23 cs=0 l=1 rev1=1 rx=0x7f7448006b80 tx=0x7f74480092d0).stop
2021-02-03T13:58:32.465 INFO:teuthology.orchestra.run.smithi186.stderr:/usr/bin/ceph:
2021-02-03T13:58:32.463+0000 7f7458284700 1 -- 172.21.15.186:0/4127860926 shutdown_connections
2021-02-03T13:58:32.465 INFO:teuthology.orchestra.run.smithi186.stderr:/usr/bin/ceph:
2021-02-03T13:58:32.463+0000 7f7458284700 1 --2- 172.21.15.186:0/4127860926 >> [v2:172.21.15.186:6800/2644687796,v1:172.21.15.186:6801/2644687796] conn(0x7f743802f840 0x7f7438031d00 unknown :-1 s=CLOSED pgs=0 cs=0 l=1 rev1=0 rx=0 tx=0).stop
2021-02-03T13:58:32.465 INFO:teuthology.orchestra.run.smithi186.stderr:/usr/bin/ceph:
2021-02-03T13:58:32.463+0000 7f7458284700 1 --2- 172.21.15.186:0/4127860926 >> [v2:172.21.15.186:3300/0,v1:172.21.15.186:6789/0] conn(0x7f74500fa7e0 0x7f74501099b0 unknown :-1 s=CLOSED pgs=23 cs=0 l=1 rev1=1 rx=0 tx=0).stop
2021-02-03T13:58:32.465 INFO:teuthology.orchestra.run.smithi186.stderr:/usr/bin/ceph:
2021-02-03T13:58:32.463+0000 7f7458284700 1 -- 172.21.15.186:0/4127860926 >> 172.21.15.186:0/4127860926 conn(0x7f74500f4930 msgr2=0x7f74500f5690 unknown :-1 s=STATE_NONE l=0).mark_down
2021-02-03T13:58:32.466 INFO:teuthology.orchestra.run.smithi186.stderr:/usr/bin/ceph:
2021-02-03T13:58:32.463+0000 7f7458284700 1 -- 172.21.15.186:0/4127860926 shutdown_connections
2021-02-03T13:58:32.466 INFO:teuthology.orchestra.run.smithi186.stderr:/usr/bin/ceph:
2021-02-03T13:58:32.463+0000 7f7458284700 1 -- 172.21.15.186:0/4127860926 wait complete.
2021-02-03T13:58:32.992 INFO:journalctl@ceph.mon.a.smithi186.stdout:Feb 03 13:58:32 smithi186 bash[11932]: audit
2021-02-03T13:58:32.463869+0000 mon.a (mon.0) 29 : audit [DBG] from='client.? 172.21.15.186:0/4127860926' entity='client.admin' cmd=[{"prefix": "mgr stat"}]: dispatch
2021-02-03T13:58:33.265 INFO:teuthology.orchestra.run.smithi186.stderr:Waiting for the mgr to restart...
2021-02-03T13:58:33.265 INFO:teuthology.orchestra.run.smithi186.stderr:Waiting for mgr epoch 5...
2021-02-03T13:58:33.266 INFO:teuthology.orchestra.run.smithi186.stderr:Running command: /usr/bin/docker run --rm --ipc=host --net=host --entrypoint /usr/bin/ceph -e CONTAINER_IMAGE=quay.ceph.io/ceph-ci/ceph:8a6b0fa1a5b4e97873b7e268f09116d946e339f8 -e NODE_NAME=smithi186 -v /var/log/ceph/b9f6aa2a-6627-11eb-8fbe-001a4aab830c:/var/log/ceph:z -v /tmp/ceph-tmp6ailmjyl:/etc/ceph/ceph.client.admin.keyring:z -v /tmp/ceph-tmpllg6yxod:/etc/ceph/ceph.conf:z quay.ceph.io/ceph-ci/ceph:8a6b0fa1a5b4e97873b7e268f09116d946e339f8 tell mgr mgr_status
2021-02-03T13:58:34.530 INFO:teuthology.orchestra.run.smithi186.stderr:/usr/bin/ceph:
2021-02-03T13:58:34.527+0000 7fb6dffff700 1 Processor -- start
2021-02-03T13:58:34.530 INFO:teuthology.orchestra.run.smithi186.stderr:/usr/bin/ceph:
2021-02-03T13:58:34.531+0000 7fb6dffff700 1 -- start start
2021-02-03T13:58:34.530 INFO:teuthology.orchestra.run.smithi186.stderr:/usr/bin/ceph:
2021-02-03T13:58:34.531+0000 7fb6dffff700 1 --2- >> [v2:172.21.15.186:3300/0,v1:172.21.15.186:6789/0] conn(0x7fb6e006edc0 0x7fb6e006d290 unknown :-1 s=NONE pgs=0 cs=0 l=0 rev1=0 rx=0 tx=0).connect
2021-02-03T13:58:34.531 INFO:teuthology.orchestra.run.smithi186.stderr:/usr/bin/ceph:
2021-02-03T13:58:34.531+0000 7fb6dffff700 1 -- --> [v2:172.21.15.186:3300/0,v1:172.21.15.186:6789/0] -- mon_getmap magic: 0 v1 -- 0x7fb6e006d780 con 0x7fb6e006edc0
2021-02-03T13:58:34.531 INFO:teuthology.orchestra.run.smithi186.stderr:/usr/bin/ceph:
2021-02-03T13:58:34.531+0000 7fb6deffd700 1 --2- >> [v2:172.21.15.186:3300/0,v1:172.21.15.186:6789/0] conn(0x7fb6e006edc0 0x7fb6e006d290 unknown :-1 s=BANNER_CONNECTING pgs=0 cs=0 l=0 rev1=0 rx=0 tx=0)._handle_peer_banner_payload supported=1 required=0
2021-02-03T13:58:34.531 INFO:teuthology.orchestra.run.smithi186.stderr:/usr/bin/ceph:
