2021-02-03T13:58:34.531+0000 7fb6deffd700 1 --2- >> [v2:172.21.15.186:3300/0,v1:172.21.15.186:6789/0] conn(0x7fb6e006edc0 0x7fb6e006d290 unknown :-1 s=HELLO_CONNECTING pgs=0 cs=0 l=0 rev1=1 rx=0 tx=0).handle_hello peer v2:172.21.15.186:3300/0 says I am v2:172.21.15.186:34820/0 (socket says 172.21.15.186:34820)
2021-02-03T13:58:34.531 INFO:teuthology.orchestra.run.smithi186.stderr:/usr/bin/ceph:
2021-02-03T13:58:34.531+0000 7fb6deffd700 1 -- 172.21.15.186:0/1647652626 learned_addr learned my addr 172.21.15.186:0/1647652626 (peer_addr_for_me v2:172.21.15.186:0/0)
2021-02-03T13:58:34.531 INFO:teuthology.orchestra.run.smithi186.stderr:/usr/bin/ceph:
2021-02-03T13:58:34.531+0000 7fb6deffd700 1 -- 172.21.15.186:0/1647652626 --> [v2:172.21.15.186:3300/0,v1:172.21.15.186:6789/0] -- mon_subscribe({config=0+,monmap=0+}) v3 -- 0x7fb6e006d8c0 con 0x7fb6e006edc0
2021-02-03T13:58:34.533 INFO:teuthology.orchestra.run.smithi186.stderr:/usr/bin/ceph:
2021-02-03T13:58:34.531+0000 7fb6deffd700 1 --2- 172.21.15.186:0/1647652626 >> [v2:172.21.15.186:3300/0,v1:172.21.15.186:6789/0] conn(0x7fb6e006edc0 0x7fb6e006d290 secure :-1 s=READY pgs=24 cs=0 l=1 rev1=1 rx=0x7fb6d000b950 tx=0x7fb6d0006ee0).ready entity=mon.0 client_cookie=334673d25fa2ea3e server_cookie=0 in_seq=0 out_seq=0
2021-02-03T13:58:34.534 INFO:teuthology.orchestra.run.smithi186.stderr:/usr/bin/ceph:
2021-02-03T13:58:34.531+0000 7fb6de7fc700 1 -- 172.21.15.186:0/1647652626 <== mon.0 v2:172.21.15.186:3300/0 1 ==== mon_map magic: 0 v1 ==== 205+0+0 (secure 0 0 0) 0x7fb6d0009840 con 0x7fb6e006edc0
2021-02-03T13:58:34.534 INFO:teuthology.orchestra.run.smithi186.stderr:/usr/bin/ceph:
2021-02-03T13:58:34.531+0000 7fb6de7fc700 1 -- 172.21.15.186:0/1647652626 <== mon.0 v2:172.21.15.186:3300/0 2 ==== config(22 keys) v1 ==== 950+0+0 (secure 0 0 0) 0x7fb6d0009dd0 con 0x7fb6e006edc0
2021-02-03T13:58:34.534 INFO:teuthology.orchestra.run.smithi186.stderr:/usr/bin/ceph:
2021-02-03T13:58:34.531+0000 7fb6de7fc700 1 -- 172.21.15.186:0/1647652626 <== mon.0 v2:172.21.15.186:3300/0 3 ==== mon_map magic: 0 v1 ==== 205+0+0 (secure 0 0 0) 0x7fb6d0011bc0 con 0x7fb6e006edc0
2021-02-03T13:58:34.535 INFO:teuthology.orchestra.run.smithi186.stderr:/usr/bin/ceph:
2021-02-03T13:58:34.531+0000 7fb6dffff700 1 -- 172.21.15.186:0/1647652626 >> [v2:172.21.15.186:3300/0,v1:172.21.15.186:6789/0] conn(0x7fb6e006edc0 msgr2=0x7fb6e006d290 secure :-1 s=STATE_CONNECTION_ESTABLISHED l=1).mark_down
2021-02-03T13:58:34.535 INFO:teuthology.orchestra.run.smithi186.stderr:/usr/bin/ceph:
2021-02-03T13:58:34.531+0000 7fb6dffff700 1 --2- 172.21.15.186:0/1647652626 >> [v2:172.21.15.186:3300/0,v1:172.21.15.186:6789/0] conn(0x7fb6e006edc0 0x7fb6e006d290 secure :-1 s=READY pgs=24 cs=0 l=1 rev1=1 rx=0x7fb6d000b950 tx=0x7fb6d0006ee0).stop
2021-02-03T13:58:34.535 INFO:teuthology.orchestra.run.smithi186.stderr:/usr/bin/ceph:
2021-02-03T13:58:34.531+0000 7fb6dffff700 1 -- 172.21.15.186:0/1647652626 shutdown_connections
2021-02-03T13:58:34.535 INFO:teuthology.orchestra.run.smithi186.stderr:/usr/bin/ceph:
2021-02-03T13:58:34.531+0000 7fb6dffff700 1 --2- 172.21.15.186:0/1647652626 >> [v2:172.21.15.186:3300/0,v1:172.21.15.186:6789/0] conn(0x7fb6e006edc0 0x7fb6e006d290 unknown :-1 s=CLOSED pgs=24 cs=0 l=1 rev1=1 rx=0 tx=0).stop
2021-02-03T13:58:34.536 INFO:teuthology.orchestra.run.smithi186.stderr:/usr/bin/ceph:
2021-02-03T13:58:34.531+0000 7fb6dffff700 1 -- 172.21.15.186:0/1647652626 >> 172.21.15.186:0/1647652626 conn(0x7fb6e00f4750 msgr2=0x7fb6e00f6b70 unknown :-1 s=STATE_NONE l=0).mark_down
2021-02-03T13:58:34.536 INFO:teuthology.orchestra.run.smithi186.stderr:/usr/bin/ceph:
2021-02-03T13:58:34.531+0000 7fb6dffff700 1 -- 172.21.15.186:0/1647652626 shutdown_connections
2021-02-03T13:58:34.536 INFO:teuthology.orchestra.run.smithi186.stderr:/usr/bin/ceph:
2021-02-03T13:58:34.531+0000 7fb6dffff700 1 -- 172.21.15.186:0/1647652626 wait complete.
2021-02-03T13:58:34.536 INFO:teuthology.orchestra.run.smithi186.stderr:/usr/bin/ceph:
2021-02-03T13:58:34.531+0000 7fb6dffff700 1 Processor -- start
2021-02-03T13:58:34.536 INFO:teuthology.orchestra.run.smithi186.stderr:/usr/bin/ceph:
2021-02-03T13:58:34.531+0000 7fb6dffff700 1 -- start start
2021-02-03T13:58:34.537 INFO:teuthology.orchestra.run.smithi186.stderr:/usr/bin/ceph:
2021-02-03T13:58:34.535+0000 7fb6dffff700 1 --2- >> [v2:172.21.15.186:3300/0,v1:172.21.15.186:6789/0] conn(0x7fb6e006edc0 0x7fb6e0109860 unknown :-1 s=NONE pgs=0 cs=0 l=1 rev1=0 rx=0 tx=0).connect
2021-02-03T13:58:34.537 INFO:teuthology.orchestra.run.smithi186.stderr:/usr/bin/ceph:
2021-02-03T13:58:34.535+0000 7fb6dffff700 1 -- --> [v2:172.21.15.186:3300/0,v1:172.21.15.186:6789/0] -- mon_getmap magic: 0 v1 -- 0x7fb6e0109d50 con 0x7fb6e006edc0
2021-02-03T13:58:34.537 INFO:teuthology.orchestra.run.smithi186.stderr:/usr/bin/ceph:
2021-02-03T13:58:34.535+0000 7fb6deffd700 1 --2- >> [v2:172.21.15.186:3300/0,v1:172.21.15.186:6789/0] conn(0x7fb6e006edc0 0x7fb6e0109860 unknown :-1 s=BANNER_CONNECTING pgs=0 cs=0 l=1 rev1=0 rx=0 tx=0)._handle_peer_banner_payload supported=1 required=0
2021-02-03T13:58:34.537 INFO:teuthology.orchestra.run.smithi186.stderr:/usr/bin/ceph:
2021-02-03T13:58:34.535+0000 7fb6deffd700 1 --2- >> [v2:172.21.15.186:3300/0,v1:172.21.15.186:6789/0] conn(0x7fb6e006edc0 0x7fb6e0109860 unknown :-1 s=HELLO_CONNECTING pgs=0 cs=0 l=1 rev1=1 rx=0 tx=0).handle_hello peer v2:172.21.15.186:3300/0 says I am v2:172.21.15.186:34822/0 (socket says 172.21.15.186:34822)
2021-02-03T13:58:34.537 INFO:teuthology.orchestra.run.smithi186.stderr:/usr/bin/ceph:
2021-02-03T13:58:34.535+0000 7fb6deffd700 1 -- 172.21.15.186:0/2395835702 learned_addr learned my addr 172.21.15.186:0/2395835702 (peer_addr_for_me v2:172.21.15.186:0/0)
2021-02-03T13:58:34.538 INFO:teuthology.orchestra.run.smithi186.stderr:/usr/bin/ceph:
2021-02-03T13:58:34.535+0000 7fb6deffd700 1 -- 172.21.15.186:0/2395835702 --> [v2:172.21.15.186:3300/0,v1:172.21.15.186:6789/0] -- mon_subscribe({config=0+,monmap=0+}) v3 -- 0x7fb6e0109e90 con 0x7fb6e006edc0
2021-02-03T13:58:34.538 INFO:teuthology.orchestra.run.smithi186.stderr:/usr/bin/ceph:
2021-02-03T13:58:34.535+0000 7fb6deffd700 1 --2- 172.21.15.186:0/2395835702 >> [v2:172.21.15.186:3300/0,v1:172.21.15.186:6789/0] conn(0x7fb6e006edc0 0x7fb6e0109860 secure :-1 s=READY pgs=25 cs=0 l=1 rev1=1 rx=0x7fb6d0000c00 tx=0x7fb6d0006ee0).ready entity=mon.0 client_cookie=0 server_cookie=0 in_seq=0 out_seq=0
2021-02-03T13:58:34.539 INFO:teuthology.orchestra.run.smithi186.stderr:/usr/bin/ceph:
2021-02-03T13:58:34.535+0000 7fb6d77fe700 1 -- 172.21.15.186:0/2395835702 <== mon.0 v2:172.21.15.186:3300/0 1 ==== mon_map magic: 0 v1 ==== 205+0+0 (secure 0 0 0) 0x7fb6d0011a00 con 0x7fb6e006edc0
2021-02-03T13:58:34.539 INFO:teuthology.orchestra.run.smithi186.stderr:/usr/bin/ceph:
2021-02-03T13:58:34.535+0000 7fb6d77fe700 1 -- 172.21.15.186:0/2395835702 <== mon.0 v2:172.21.15.186:3300/0 2 ==== config(22 keys) v1 ==== 950+0+0 (secure 0 0 0) 0x7fb6d0010ed0 con 0x7fb6e006edc0
2021-02-03T13:58:34.540 INFO:teuthology.orchestra.run.smithi186.stderr:/usr/bin/ceph:
2021-02-03T13:58:34.535+0000 7fb6dffff700 1 -- 172.21.15.186:0/2395835702 --> [v2:172.21.15.186:3300/0,v1:172.21.15.186:6789/0] -- mon_subscribe({mgrmap=0+}) v3 -- 0x7fb6e010a0e0 con 0x7fb6e006edc0
2021-02-03T13:58:34.540 INFO:teuthology.orchestra.run.smithi186.stderr:/usr/bin/ceph:
2021-02-03T13:58:34.535+0000 7fb6d77fe700 1 -- 172.21.15.186:0/2395835702 <== mon.0 v2:172.21.15.186:3300/0 3 ==== mon_map magic: 0 v1 ==== 205+0+0 (secure 0 0 0) 0x7fb6d001bab0 con 0x7fb6e006edc0
2021-02-03T13:58:34.540 INFO:teuthology.orchestra.run.smithi186.stderr:/usr/bin/ceph:
2021-02-03T13:58:34.535+0000 7fb6dffff700 1 -- 172.21.15.186:0/2395835702 --> [v2:172.21.15.186:3300/0,v1:172.21.15.186:6789/0] -- mon_subscribe({osdmap=0}) v3 -- 0x7fb6e010ac40 con 0x7fb6e006edc0
2021-02-03T13:58:34.540 INFO:teuthology.orchestra.run.smithi186.stderr:/usr/bin/ceph:
2021-02-03T13:58:34.535+0000 7fb6d77fe700 1 -- 172.21.15.186:0/2395835702 <== mon.0 v2:172.21.15.186:3300/0 4 ==== mgrmap(e 5) v1 ==== 35667+0+0 (secure 0 0 0) 0x7fb6d002b070 con 0x7fb6e006edc0
2021-02-03T13:58:34.540 INFO:teuthology.orchestra.run.smithi186.stderr:/usr/bin/ceph:
2021-02-03T13:58:34.535+0000 7fb6d77fe700 1 --2- 172.21.15.186:0/2395835702 >> [v2:172.21.15.186:6800/2644687796,v1:172.21.15.186:6801/2644687796] conn(0x7fb6c002f880 0x7fb6c0031d40 unknown :-1 s=NONE pgs=0 cs=0 l=1 rev1=0 rx=0 tx=0).connect
2021-02-03T13:58:34.541 INFO:teuthology.orchestra.run.smithi186.stderr:/usr/bin/ceph:
2021-02-03T13:58:34.535+0000 7fb6d77fe700 1 -- 172.21.15.186:0/2395835702 <== mon.0 v2:172.21.15.186:3300/0 5 ==== osd_map(1..1 src has 1..1) v4 ==== 754+0+0 (secure 0 0 0) 0x7fb6d0041fe0 con 0x7fb6e006edc0
2021-02-03T13:58:34.541 INFO:teuthology.orchestra.run.smithi186.stderr:/usr/bin/ceph:
2021-02-03T13:58:34.535+0000 7fb6dffff700 1 -- 172.21.15.186:0/2395835702 --> [v2:172.21.15.186:6800/2644687796,v1:172.21.15.186:6801/2644687796] -- command(tid 0: {"prefix": "get_command_descriptions"}) v1 -- 0x7fb6c4000d10 con 0x7fb6c002f880
2021-02-03T13:58:34.541 INFO:teuthology.orchestra.run.smithi186.stderr:/usr/bin/ceph:
2021-02-03T13:58:34.535+0000 7fb6d7fff700 1 -- 172.21.15.186:0/2395835702 >> [v2:172.21.15.186:6800/2644687796,v1:172.21.15.186:6801/2644687796] conn(0x7fb6c002f880 msgr2=0x7fb6c0031d40 unknown :-1 s=STATE_CONNECTING_RE l=1).process reconnect failed to v2:172.21.15.186:6800/2644687796
2021-02-03T13:58:34.541 INFO:teuthology.orchestra.run.smithi186.stderr:/usr/bin/ceph:
2021-02-03T13:58:34.535+0000 7fb6d7fff700 1 --2- 172.21.15.186:0/2395835702 >> [v2:172.21.15.186:6800/2644687796,v1:172.21.15.186:6801/2644687796] conn(0x7fb6c002f880 0x7fb6c0031d40 unknown :-1 s=START_CONNECT pgs=0 cs=0 l=1 rev1=0 rx=0 tx=0)._fault waiting 0.200000
2021-02-03T13:58:34.737 INFO:teuthology.orchestra.run.smithi186.stderr:/usr/bin/ceph:
2021-02-03T13:58:34.735+0000 7fb6d7fff700 1 -- 172.21.15.186:0/2395835702 >> [v2:172.21.15.186:6800/2644687796,v1:172.21.15.186:6801/2644687796] conn(0x7fb6c002f880 msgr2=0x7fb6c0031d40 unknown :-1 s=STATE_CONNECTING_RE l=1).process reconnect failed to v2:172.21.15.186:6800/2644687796
2021-02-03T13:58:34.737 INFO:teuthology.orchestra.run.smithi186.stderr:/usr/bin/ceph:
2021-02-03T13:58:34.735+0000 7fb6d7fff700 1 --2- 172.21.15.186:0/2395835702 >> [v2:172.21.15.186:6800/2644687796,v1:172.21.15.186:6801/2644687796] conn(0x7fb6c002f880 0x7fb6c0031d40 unknown :-1 s=START_CONNECT pgs=0 cs=0 l=1 rev1=0 rx=0 tx=0)._fault waiting 0.400000
2021-02-03T13:58:35.137 INFO:teuthology.orchestra.run.smithi186.stderr:/usr/bin/ceph:
2021-02-03T13:58:35.135+0000 7fb6d7fff700 1 -- 172.21.15.186:0/2395835702 >> [v2:172.21.15.186:6800/2644687796,v1:172.21.15.186:6801/2644687796] conn(0x7fb6c002f880 msgr2=0x7fb6c0031d40 unknown :-1 s=STATE_CONNECTING_RE l=1).process reconnect failed to v2:172.21.15.186:6800/2644687796
2021-02-03T13:58:35.137 INFO:teuthology.orchestra.run.smithi186.stderr:/usr/bin/ceph:
2021-02-03T13:58:35.135+0000 7fb6d7fff700 1 --2- 172.21.15.186:0/2395835702 >> [v2:172.21.15.186:6800/2644687796,v1:172.21.15.186:6801/2644687796] conn(0x7fb6c002f880 0x7fb6c0031d40 unknown :-1 s=START_CONNECT pgs=0 cs=0 l=1 rev1=0 rx=0 tx=0)._fault waiting 0.800000
2021-02-03T13:58:35.906 INFO:teuthology.orchestra.run.smithi186.stderr:/usr/bin/ceph:
2021-02-03T13:58:35.907+0000 7fb6d77fe700 1 -- 172.21.15.186:0/2395835702 <== mon.0 v2:172.21.15.186:3300/0 6 ==== mgrmap(e 6) v1 ==== 35517+0+0 (secure 0 0 0) 0x7fb6d000f070 con 0x7fb6e006edc0
2021-02-03T13:58:35.907 INFO:teuthology.orchestra.run.smithi186.stderr:/usr/bin/ceph:
2021-02-03T13:58:35.907+0000 7fb6d77fe700 1 -- 172.21.15.186:0/2395835702 >> [v2:172.21.15.186:6800/2644687796,v1:172.21.15.186:6801/2644687796] conn(0x7fb6c002f880 msgr2=0x7fb6c0031d40 unknown :-1 s=STATE_CONNECTING l=1).mark_down
2021-02-03T13:58:35.907 INFO:teuthology.orchestra.run.smithi186.stderr:/usr/bin/ceph:
2021-02-03T13:58:35.907+0000 7fb6d77fe700 1 --2- 172.21.15.186:0/2395835702 >> [v2:172.21.15.186:6800/2644687796,v1:172.21.15.186:6801/2644687796] conn(0x7fb6c002f880 0x7fb6c0031d40 unknown :-1 s=START_CONNECT pgs=0 cs=0 l=1 rev1=0 rx=0 tx=0).stop
2021-02-03T13:58:36.909 INFO:teuthology.orchestra.run.smithi186.stderr:/usr/bin/ceph:
2021-02-03T13:58:36.907+0000 7fb6d77fe700 1 -- 172.21.15.186:0/2395835702 <== mon.0 v2:172.21.15.186:3300/0 7 ==== mgrmap(e 7) v1 ==== 35587+0+0 (secure 0 0 0) 0x7fb6d0022de0 con 0x7fb6e006edc0
2021-02-03T13:58:36.910 INFO:teuthology.orchestra.run.smithi186.stderr:/usr/bin/ceph:
2021-02-03T13:58:36.907+0000 7fb6d77fe700 1 --2- 172.21.15.186:0/2395835702 >> [v2:172.21.15.186:6800/3597953351,v1:172.21.15.186:6801/3597953351] conn(0x7fb6c0033150 0x7fb6c0035540 unknown :-1 s=NONE pgs=0 cs=0 l=1 rev1=0 rx=0 tx=0).connect
2021-02-03T13:58:36.910 INFO:teuthology.orchestra.run.smithi186.stderr:/usr/bin/ceph:
2021-02-03T13:58:36.911+0000 7fb6d77fe700 1 -- 172.21.15.186:0/2395835702 --> [v2:172.21.15.186:6800/3597953351,v1:172.21.15.186:6801/3597953351] -- command(tid 0: {"prefix": "get_command_descriptions"}) v1 -- 0x7fb6c4000d10 con 0x7fb6c0033150
2021-02-03T13:58:36.911 INFO:teuthology.orchestra.run.smithi186.stderr:/usr/bin/ceph:
2021-02-03T13:58:36.911+0000 7fb6d7fff700 1 --2- 172.21.15.186:0/2395835702 >> [v2:172.21.15.186:6800/3597953351,v1:172.21.15.186:6801/3597953351] conn(0x7fb6c0033150 0x7fb6c0035540 unknown :-1 s=BANNER_CONNECTING pgs=0 cs=0 l=1 rev1=0 rx=0 tx=0)._handle_peer_banner_payload supported=1 required=0
2021-02-03T13:58:36.911 INFO:teuthology.orchestra.run.smithi186.stderr:/usr/bin/ceph:
2021-02-03T13:58:36.911+0000 7fb6d7fff700 1 --2- 172.21.15.186:0/2395835702 >> [v2:172.21.15.186:6800/3597953351,v1:172.21.15.186:6801/3597953351] conn(0x7fb6c0033150 0x7fb6c0035540 secure :-1 s=READY pgs=1 cs=0 l=1 rev1=1 rx=0x7fb6c80036d0 tx=0x7fb6c8006c50).ready entity=mgr.14116 client_cookie=0 server_cookie=0 in_seq=0 out_seq=0
2021-02-03T13:58:36.913 INFO:teuthology.orchestra.run.smithi186.stderr:/usr/bin/ceph:
2021-02-03T13:58:36.915+0000 7fb6d77fe700 1 -- 172.21.15.186:0/2395835702 <== mgr.14116 v2:172.21.15.186:6800/3597953351 1 ==== command_reply(tid 0: 0 ) v1 ==== 8+0+6438 (secure 0 0 0) 0x7fb6c4000d10 con 0x7fb6c0033150
2021-02-03T13:58:36.926 INFO:teuthology.orchestra.run.smithi186.stderr:/usr/bin/ceph:
2021-02-03T13:58:36.927+0000 7fb6dffff700 1 -- 172.21.15.186:0/2395835702 --> [v2:172.21.15.186:6800/3597953351,v1:172.21.15.186:6801/3597953351] -- command(tid 1: {"prefix": "mgr_status"}) v1 -- 0x7fb6c4002430 con 0x7fb6c0033150
2021-02-03T13:58:36.927 INFO:teuthology.orchestra.run.smithi186.stderr:/usr/bin/ceph:
2021-02-03T13:58:36.927+0000 7fb6d77fe700 1 -- 172.21.15.186:0/2395835702 <== mgr.14116 v2:172.21.15.186:6800/3597953351 2 ==== command_reply(tid 1: 0 ) v1 ==== 8+0+51 (secure 0 0 0) 0x7fb6c4002430 con 0x7fb6c0033150
2021-02-03T13:58:36.927 INFO:teuthology.orchestra.run.smithi186.stderr:/usr/bin/ceph: {
2021-02-03T13:58:36.927 INFO:teuthology.orchestra.run.smithi186.stderr:/usr/bin/ceph: "mgrmap_epoch": 7,
2021-02-03T13:58:36.929 INFO:teuthology.orchestra.run.smithi186.stderr:/usr/bin/ceph: "initialized": true
2021-02-03T13:58:36.929 INFO:teuthology.orchestra.run.smithi186.stderr:/usr/bin/ceph: }
2021-02-03T13:58:36.929 INFO:teuthology.orchestra.run.smithi186.stderr:/usr/bin/ceph:
2021-02-03T13:58:36.927+0000 7fb6dffff700 1 -- 172.21.15.186:0/2395835702 >> [v2:172.21.15.186:6800/3597953351,v1:172.21.15.186:6801/3597953351] conn(0x7fb6c0033150 msgr2=0x7fb6c0035540 secure :-1 s=STATE_CONNECTION_ESTABLISHED l=1).mark_down
2021-02-03T13:58:36.929 INFO:teuthology.orchestra.run.smithi186.stderr:/usr/bin/ceph:
2021-02-03T13:58:36.927+0000 7fb6dffff700 1 --2- 172.21.15.186:0/2395835702 >> [v2:172.21.15.186:6800/3597953351,v1:172.21.15.186:6801/3597953351] conn(0x7fb6c0033150 0x7fb6c0035540 secure :-1 s=READY pgs=1 cs=0 l=1 rev1=1 rx=0x7fb6c80036d0 tx=0x7fb6c8006c50).stop
2021-02-03T13:58:36.930 INFO:teuthology.orchestra.run.smithi186.stderr:/usr/bin/ceph:
2021-02-03T13:58:36.927+0000 7fb6dffff700 1 -- 172.21.15.186:0/2395835702 >> [v2:172.21.15.186:3300/0,v1:172.21.15.186:6789/0] conn(0x7fb6e006edc0 msgr2=0x7fb6e0109860 secure :-1 s=STATE_CONNECTION_ESTABLISHED l=1).mark_down
2021-02-03T13:58:36.930 INFO:teuthology.orchestra.run.smithi186.stderr:/usr/bin/ceph:
2021-02-03T13:58:36.927+0000 7fb6dffff700 1 --2- 172.21.15.186:0/2395835702 >> [v2:172.21.15.186:3300/0,v1:172.21.15.186:6789/0] conn(0x7fb6e006edc0 0x7fb6e0109860 secure :-1 s=READY pgs=25 cs=0 l=1 rev1=1 rx=0x7fb6d0000c00 tx=0x7fb6d0006ee0).stop
2021-02-03T13:58:36.930 INFO:teuthology.orchestra.run.smithi186.stderr:/usr/bin/ceph:
2021-02-03T13:58:36.927+0000 7fb6dffff700 1 -- 172.21.15.186:0/2395835702 shutdown_connections
2021-02-03T13:58:36.930 INFO:teuthology.orchestra.run.smithi186.stderr:/usr/bin/ceph:
2021-02-03T13:58:36.927+0000 7fb6dffff700 1 --2- 172.21.15.186:0/2395835702 >> [v2:172.21.15.186:6800/3597953351,v1:172.21.15.186:6801/3597953351] conn(0x7fb6c0033150 0x7fb6c0035540 unknown :-1 s=CLOSED pgs=1 cs=0 l=1 rev1=1 rx=0 tx=0).stop
2021-02-03T13:58:36.931 INFO:teuthology.orchestra.run.smithi186.stderr:/usr/bin/ceph:
2021-02-03T13:58:36.927+0000 7fb6dffff700 1 --2- 172.21.15.186:0/2395835702 >> [v2:172.21.15.186:3300/0,v1:172.21.15.186:6789/0] conn(0x7fb6e006edc0 0x7fb6e0109860 unknown :-1 s=CLOSED pgs=25 cs=0 l=1 rev1=1 rx=0 tx=0).stop
2021-02-03T13:58:36.931 INFO:teuthology.orchestra.run.smithi186.stderr:/usr/bin/ceph:
2021-02-03T13:58:36.927+0000 7fb6dffff700 1 --2- 172.21.15.186:0/2395835702 >> [v2:172.21.15.186:6800/2644687796,v1:172.21.15.186:6801/2644687796] conn(0x7fb6c002f880 0x7fb6c0031d40 unknown :-1 s=CLOSED pgs=0 cs=0 l=1 rev1=0 rx=0 tx=0).stop
2021-02-03T13:58:36.931 INFO:teuthology.orchestra.run.smithi186.stderr:/usr/bin/ceph:
2021-02-03T13:58:36.927+0000 7fb6dffff700 1 -- 172.21.15.186:0/2395835702 >> 172.21.15.186:0/2395835702 conn(0x7fb6e00f4750 msgr2=0x7fb6e00f5de0 unknown :-1 s=STATE_NONE l=0).mark_down
2021-02-03T13:58:36.931 INFO:teuthology.orchestra.run.smithi186.stderr:/usr/bin/ceph:
2021-02-03T13:58:36.927+0000 7fb6dffff700 1 -- 172.21.15.186:0/2395835702 shutdown_connections
2021-02-03T13:58:36.932 INFO:teuthology.orchestra.run.smithi186.stderr:/usr/bin/ceph:
2021-02-03T13:58:36.927+0000 7fb6dffff700 1 -- 172.21.15.186:0/2395835702 wait complete.
2021-02-03T13:58:37.162 INFO:journalctl@ceph.mon.a.smithi186.stdout:Feb 03 13:58:36 smithi186 bash[11932]: cluster
2021-02-03T13:58:35.854989+0000 mon.a (mon.0) 30 : cluster [INF] Active manager daemon y restarted
2021-02-03T13:58:37.162 INFO:journalctl@ceph.mon.a.smithi186.stdout:Feb 03 13:58:36 smithi186 bash[11932]: cluster
2021-02-03T13:58:35.855938+0000 mon.a (mon.0) 31 : cluster [INF] Activating manager daemon y
2021-02-03T13:58:37.163 INFO:journalctl@ceph.mon.a.smithi186.stdout:Feb 03 13:58:36 smithi186 bash[11932]: cluster
2021-02-03T13:58:35.859688+0000 mon.a (mon.0) 32 : cluster [DBG] osdmap e2: 0 total, 0 up, 0 in
2021-02-03T13:58:37.163 INFO:journalctl@ceph.mon.a.smithi186.stdout:Feb 03 13:58:36 smithi186 bash[11932]: cluster
2021-02-03T13:58:35.911112+0000 mon.a (mon.0) 33 : cluster [DBG] mgrmap e6: y(active, starting, since 0.0552909s)
2021-02-03T13:58:37.163 INFO:journalctl@ceph.mon.a.smithi186.stdout:Feb 03 13:58:36 smithi186 bash[11932]: audit
2021-02-03T13:58:35.915469+0000 mon.a (mon.0) 34 : audit [DBG] from='mgr.14116 172.21.15.186:0/1010497878' entity='mgr.y' cmd=[{"prefix": "mgr metadata", "who": "y", "id": "y"}]: dispatch
2021-02-03T13:58:37.163 INFO:journalctl@ceph.mon.a.smithi186.stdout:Feb 03 13:58:36 smithi186 bash[11932]: audit
2021-02-03T13:58:35.916901+0000 mon.a (mon.0) 35 : audit [DBG] from='mgr.14116 172.21.15.186:0/1010497878' entity='mgr.y' cmd=[{"prefix": "mds metadata"}]: dispatch
2021-02-03T13:58:37.163 INFO:journalctl@ceph.mon.a.smithi186.stdout:Feb 03 13:58:36 smithi186 bash[11932]: audit
2021-02-03T13:58:35.917320+0000 mon.a (mon.0) 36 : audit [DBG] from='mgr.14116 172.21.15.186:0/1010497878' entity='mgr.y' cmd=[{"prefix": "osd metadata"}]: dispatch
2021-02-03T13:58:37.164 INFO:journalctl@ceph.mon.a.smithi186.stdout:Feb 03 13:58:36 smithi186 bash[11932]: audit
2021-02-03T13:58:35.917611+0000 mon.a (mon.0) 37 : audit [DBG] from='mgr.14116 172.21.15.186:0/1010497878' entity='mgr.y' cmd=[{"prefix": "mon metadata"}]: dispatch
2021-02-03T13:58:37.164 INFO:journalctl@ceph.mon.a.smithi186.stdout:Feb 03 13:58:36 smithi186 bash[11932]: audit
2021-02-03T13:58:35.918348+0000 mon.a (mon.0) 38 : audit [DBG] from='mgr.14116 172.21.15.186:0/1010497878' entity='mgr.y' cmd=[{"prefix": "config-key ls"}]: dispatch
2021-02-03T13:58:37.164 INFO:journalctl@ceph.mon.a.smithi186.stdout:Feb 03 13:58:36 smithi186 bash[11932]: audit
2021-02-03T13:58:35.919829+0000 mon.a (mon.0) 39 : audit [DBG] from='mgr.14116 172.21.15.186:0/1010497878' entity='mgr.y' cmd=[{"prefix": "config-key get", "key": "mgr/cephadm/ssh_user"}]: dispatch
2021-02-03T13:58:37.164 INFO:journalctl@ceph.mon.a.smithi186.stdout:Feb 03 13:58:36 smithi186 bash[11932]: audit
2021-02-03T13:58:35.920402+0000 mon.a (mon.0) 40 : audit [DBG] from='mgr.14116 172.21.15.186:0/1010497878' entity='mgr.y' cmd=[{"prefix": "config-key get", "key": "mgr/devicehealth/last_scrape"}]: dispatch
2021-02-03T13:58:37.164 INFO:journalctl@ceph.mon.a.smithi186.stdout:Feb 03 13:58:36 smithi186 bash[11932]: audit
2021-02-03T13:58:35.920851+0000 mon.a (mon.0) 41 : audit [DBG] from='mgr.14116 172.21.15.186:0/1010497878' entity='mgr.y' cmd=[{"prefix": "config-key get", "key": "mgr/telemetry/report_id"}]: dispatch
2021-02-03T13:58:37.165 INFO:journalctl@ceph.mon.a.smithi186.stdout:Feb 03 13:58:36 smithi186 bash[11932]: audit
2021-02-03T13:58:35.921287+0000 mon.a (mon.0) 42 : audit [DBG] from='mgr.14116 172.21.15.186:0/1010497878' entity='mgr.y' cmd=[{"prefix": "config-key get", "key": "mgr/telemetry/salt"}]: dispatch
2021-02-03T13:58:37.165 INFO:journalctl@ceph.mon.a.smithi186.stdout:Feb 03 13:58:36 smithi186 bash[11932]: cluster
2021-02-03T13:58:35.924948+0000 mon.a (mon.0) 43 : cluster [INF] Manager daemon y is now available
2021-02-03T13:58:37.165 INFO:journalctl@ceph.mon.a.smithi186.stdout:Feb 03 13:58:36 smithi186 bash[11932]: audit
2021-02-03T13:58:35.946243+0000 mon.a (mon.0) 44 : audit [INF] from='mgr.14116 172.21.15.186:0/1010497878' entity='mgr.y'
2021-02-03T13:58:37.165 INFO:journalctl@ceph.mon.a.smithi186.stdout:Feb 03 13:58:36 smithi186 bash[11932]: audit
2021-02-03T13:58:35.952738+0000 mon.a (mon.0) 45 : audit [INF] from='mgr.14116 172.21.15.186:0/1010497878' entity='mgr.y'
2021-02-03T13:58:37.166 INFO:journalctl@ceph.mon.a.smithi186.stdout:Feb 03 13:58:36 smithi186 bash[11932]: audit
2021-02-03T13:58:35.957503+0000 mon.a (mon.0) 46 : audit [INF] from='mgr.14116 172.21.15.186:0/1010497878' entity='mgr.y'
2021-02-03T13:58:37.166 INFO:journalctl@ceph.mon.a.smithi186.stdout:Feb 03 13:58:36 smithi186 bash[11932]: audit
2021-02-03T13:58:36.081035+0000 mon.a (mon.0) 47 : audit [INF] from='mgr.14116 172.21.15.186:0/1010497878' entity='mgr.y'
2021-02-03T13:58:37.166 INFO:journalctl@ceph.mon.a.smithi186.stdout:Feb 03 13:58:36 smithi186 bash[11932]: audit
2021-02-03T13:58:36.087947+0000 mon.a (mon.0) 48 : audit [INF] from='mgr.14116 172.21.15.186:0/1010497878' entity='mgr.y'
2021-02-03T13:58:37.166 INFO:journalctl@ceph.mon.a.smithi186.stdout:Feb 03 13:58:36 smithi186 bash[11932]: audit
2021-02-03T13:58:36.098997+0000 mon.a (mon.0) 49 : audit [INF] from='mgr.14116 172.21.15.186:0/1010497878' entity='mgr.y' cmd=[{"prefix":"config rm","who":"mgr","name":"mgr/rbd_support/y/mirror_snapshot_schedule"}]: dispatch
2021-02-03T13:58:37.166 INFO:journalctl@ceph.mon.a.smithi186.stdout:Feb 03 13:58:36 smithi186 bash[11932]: audit
2021-02-03T13:58:36.101307+0000 mon.a (mon.0) 50 : audit [INF] from='mgr.14116 172.21.15.186:0/1010497878' entity='mgr.y' cmd=[{"prefix":"config rm","who":"mgr","name":"mgr/rbd_support/y/trash_purge_schedule"}]: dispatch
2021-02-03T13:58:37.726 INFO:teuthology.orchestra.run.smithi186.stderr:mgr epoch 5 is available
2021-02-03T13:58:37.726 INFO:teuthology.orchestra.run.smithi186.stderr:Setting orchestrator backend to cephadm...
2021-02-03T13:58:37.727 INFO:teuthology.orchestra.run.smithi186.stderr:Running command: /usr/bin/docker run --rm --ipc=host --net=host --entrypoint /usr/bin/ceph -e CONTAINER_IMAGE=quay.ceph.io/ceph-ci/ceph:8a6b0fa1a5b4e97873b7e268f09116d946e339f8 -e NODE_NAME=smithi186 -v /var/log/ceph/b9f6aa2a-6627-11eb-8fbe-001a4aab830c:/var/log/ceph:z -v /tmp/ceph-tmp6ailmjyl:/etc/ceph/ceph.client.admin.keyring:z -v /tmp/ceph-tmpllg6yxod:/etc/ceph/ceph.conf:z quay.ceph.io/ceph-ci/ceph:8a6b0fa1a5b4e97873b7e268f09116d946e339f8 orch set backend cephadm
2021-02-03T13:58:38.242 INFO:journalctl@ceph.mon.a.smithi186.stdout:Feb 03 13:58:37 smithi186 bash[11932]: cluster
2021-02-03T13:58:36.915686+0000 mon.a (mon.0) 51 : cluster [DBG] mgrmap e7: y(active, since 1.05986s)
2021-02-03T13:58:38.243 INFO:journalctl@ceph.mon.a.smithi186.stdout:Feb 03 13:58:37 smithi186 bash[11932]: audit
2021-02-03T13:58:36.916064+0000 mgr.y (mgr.14116) 1 : audit [DBG] from='client.14120 -' entity='client.admin' cmd=[{"prefix": "get_command_descriptions"}]: dispatch
2021-02-03T13:58:38.243 INFO:journalctl@ceph.mon.a.smithi186.stdout:Feb 03 13:58:37 smithi186 bash[11932]: audit
2021-02-03T13:58:36.930369+0000 mgr.y (mgr.14116) 2 : audit [DBG] from='client.14120 -' entity='client.admin' cmd=[{"prefix": "mgr_status"}]: dispatch
2021-02-03T13:58:39.029 INFO:teuthology.orchestra.run.smithi186.stderr:/usr/bin/ceph:
2021-02-03T13:58:39.026+0000 7fc7f12b9700 1 Processor -- start
2021-02-03T13:58:39.030 INFO:teuthology.orchestra.run.smithi186.stderr:/usr/bin/ceph:
2021-02-03T13:58:39.026+0000 7fc7f12b9700 1 -- start start
2021-02-03T13:58:39.030 INFO:teuthology.orchestra.run.smithi186.stderr:/usr/bin/ceph:
2021-02-03T13:58:39.026+0000 7fc7f12b9700 1 --2- >> [v2:172.21.15.186:3300/0,v1:172.21.15.186:6789/0] conn(0x7fc7ec0fa5f0 0x7fc7ec0faa10 unknown :-1 s=NONE pgs=0 cs=0 l=0 rev1=0 rx=0 tx=0).connect
2021-02-03T13:58:39.031 INFO:teuthology.orchestra.run.smithi186.stderr:/usr/bin/ceph:
2021-02-03T13:58:39.026+0000 7fc7f12b9700 1 -- --> [v2:172.21.15.186:3300/0,v1:172.21.15.186:6789/0] -- mon_getmap magic: 0 v1 -- 0x7fc7ec0faf00 con 0x7fc7ec0fa5f0
2021-02-03T13:58:39.031 INFO:teuthology.orchestra.run.smithi186.stderr:/usr/bin/ceph:
2021-02-03T13:58:39.026+0000 7fc7ebfff700 1 --2- >> [v2:172.21.15.186:3300/0,v1:172.21.15.186:6789/0] conn(0x7fc7ec0fa5f0 0x7fc7ec0faa10 unknown :-1 s=BANNER_CONNECTING pgs=0 cs=0 l=0 rev1=0 rx=0 tx=0)._handle_peer_banner_payload supported=1 required=0
2021-02-03T13:58:39.031 INFO:teuthology.orchestra.run.smithi186.stderr:/usr/bin/ceph:
2021-02-03T13:58:39.026+0000 7fc7ebfff700 1 --2- >> [v2:172.21.15.186:3300/0,v1:172.21.15.186:6789/0] conn(0x7fc7ec0fa5f0 0x7fc7ec0faa10 unknown :-1 s=HELLO_CONNECTING pgs=0 cs=0 l=0 rev1=1 rx=0 tx=0).handle_hello peer v2:172.21.15.186:3300/0 says I am v2:172.21.15.186:34852/0 (socket says 172.21.15.186:34852)
2021-02-03T13:58:39.031 INFO:teuthology.orchestra.run.smithi186.stderr:/usr/bin/ceph:
2021-02-03T13:58:39.026+0000 7fc7ebfff700 1 -- 172.21.15.186:0/4115881707 learned_addr learned my addr 172.21.15.186:0/4115881707 (peer_addr_for_me v2:172.21.15.186:0/0)
2021-02-03T13:58:39.032 INFO:teuthology.orchestra.run.smithi186.stderr:/usr/bin/ceph:
2021-02-03T13:58:39.030+0000 7fc7ebfff700 1 -- 172.21.15.186:0/4115881707 --> [v2:172.21.15.186:3300/0,v1:172.21.15.186:6789/0] -- mon_subscribe({config=0+,monmap=0+}) v3 -- 0x7fc7ec0fb040 con 0x7fc7ec0fa5f0
2021-02-03T13:58:39.032 INFO:teuthology.orchestra.run.smithi186.stderr:/usr/bin/ceph:
2021-02-03T13:58:39.030+0000 7fc7ebfff700 1 --2- 172.21.15.186:0/4115881707 >> [v2:172.21.15.186:3300/0,v1:172.21.15.186:6789/0] conn(0x7fc7ec0fa5f0 0x7fc7ec0faa10 secure :-1 s=READY pgs=31 cs=0 l=1 rev1=1 rx=0x7fc7e4009cc0 tx=0x7fc7e40092d0).ready entity=mon.0 client_cookie=330710a75d913e8f server_cookie=0 in_seq=0 out_seq=0
2021-02-03T13:58:39.032 INFO:teuthology.orchestra.run.smithi186.stderr:/usr/bin/ceph:
2021-02-03T13:58:39.030+0000 7fc7eaffd700 1 -- 172.21.15.186:0/4115881707 <== mon.0 v2:172.21.15.186:3300/0 1 ==== mon_map magic: 0 v1 ==== 205+0+0 (secure 0 0 0) 0x7fc7e400bbf0 con 0x7fc7ec0fa5f0
2021-02-03T13:58:39.032 INFO:teuthology.orchestra.run.smithi186.stderr:/usr/bin/ceph:
2021-02-03T13:58:39.030+0000 7fc7eaffd700 1 -- 172.21.15.186:0/4115881707 <== mon.0 v2:172.21.15.186:3300/0 2 ==== config(22 keys) v1 ==== 950+0+0 (secure 0 0 0) 0x7fc7e400bd50 con 0x7fc7ec0fa5f0
2021-02-03T13:58:39.032 INFO:teuthology.orchestra.run.smithi186.stderr:/usr/bin/ceph:
2021-02-03T13:58:39.030+0000 7fc7eaffd700 1 -- 172.21.15.186:0/4115881707 <== mon.0 v2:172.21.15.186:3300/0 3 ==== mon_map magic: 0 v1 ==== 205+0+0 (secure 0 0 0) 0x7fc7e40103a0 con 0x7fc7ec0fa5f0
2021-02-03T13:58:39.034 INFO:teuthology.orchestra.run.smithi186.stderr:/usr/bin/ceph:
2021-02-03T13:58:39.030+0000 7fc7f12b9700 1 -- 172.21.15.186:0/4115881707 >> [v2:172.21.15.186:3300/0,v1:172.21.15.186:6789/0] conn(0x7fc7ec0fa5f0 msgr2=0x7fc7ec0faa10 secure :-1 s=STATE_CONNECTION_ESTABLISHED l=1).mark_down
2021-02-03T13:58:39.034 INFO:teuthology.orchestra.run.smithi186.stderr:/usr/bin/ceph:
2021-02-03T13:58:39.030+0000 7fc7f12b9700 1 --2- 172.21.15.186:0/4115881707 >> [v2:172.21.15.186:3300/0,v1:172.21.15.186:6789/0] conn(0x7fc7ec0fa5f0 0x7fc7ec0faa10 secure :-1 s=READY pgs=31 cs=0 l=1 rev1=1 rx=0x7fc7e4009cc0 tx=0x7fc7e40092d0).stop
2021-02-03T13:58:39.034 INFO:teuthology.orchestra.run.smithi186.stderr:/usr/bin/ceph:
2021-02-03T13:58:39.030+0000 7fc7f12b9700 1 -- 172.21.15.186:0/4115881707 shutdown_connections
2021-02-03T13:58:39.035 INFO:teuthology.orchestra.run.smithi186.stderr:/usr/bin/ceph:
2021-02-03T13:58:39.030+0000 7fc7f12b9700 1 --2- 172.21.15.186:0/4115881707 >> [v2:172.21.15.186:3300/0,v1:172.21.15.186:6789/0] conn(0x7fc7ec0fa5f0 0x7fc7ec0faa10 unknown :-1 s=CLOSED pgs=31 cs=0 l=1 rev1=1 rx=0 tx=0).stop
2021-02-03T13:58:39.035 INFO:teuthology.orchestra.run.smithi186.stderr:/usr/bin/ceph:
2021-02-03T13:58:39.030+0000 7fc7f12b9700 1 -- 172.21.15.186:0/4115881707 >> 172.21.15.186:0/4115881707 conn(0x7fc7ec0f4760 msgr2=0x7fc7ec0f6b80 unknown :-1 s=STATE_NONE l=0).mark_down
2021-02-03T13:58:39.035 INFO:teuthology.orchestra.run.smithi186.stderr:/usr/bin/ceph:
2021-02-03T13:58:39.030+0000 7fc7f12b9700 1 -- 172.21.15.186:0/4115881707 shutdown_connections
2021-02-03T13:58:39.035 INFO:teuthology.orchestra.run.smithi186.stderr:/usr/bin/ceph:
2021-02-03T13:58:39.030+0000 7fc7f12b9700 1 -- 172.21.15.186:0/4115881707 wait complete.
2021-02-03T13:58:39.035 INFO:teuthology.orchestra.run.smithi186.stderr:/usr/bin/ceph:
2021-02-03T13:58:39.030+0000 7fc7f12b9700 1 Processor -- start
2021-02-03T13:58:39.036 INFO:teuthology.orchestra.run.smithi186.stderr:/usr/bin/ceph:
2021-02-03T13:58:39.030+0000 7fc7f12b9700 1 -- start start
2021-02-03T13:58:39.036 INFO:teuthology.orchestra.run.smithi186.stderr:/usr/bin/ceph:
2021-02-03T13:58:39.030+0000 7fc7f12b9700 1 --2- >> [v2:172.21.15.186:3300/0,v1:172.21.15.186:6789/0] conn(0x7fc7ec0fa5f0 0x7fc7ec109840 unknown :-1 s=NONE pgs=0 cs=0 l=1 rev1=0 rx=0 tx=0).connect
2021-02-03T13:58:39.036 INFO:teuthology.orchestra.run.smithi186.stderr:/usr/bin/ceph:
2021-02-03T13:58:39.030+0000 7fc7f12b9700 1 -- --> [v2:172.21.15.186:3300/0,v1:172.21.15.186:6789/0] -- mon_getmap magic: 0 v1 -- 0x7fc7ec109d30 con 0x7fc7ec0fa5f0
2021-02-03T13:58:39.036 INFO:teuthology.orchestra.run.smithi186.stderr:/usr/bin/ceph:
2021-02-03T13:58:39.030+0000 7fc7ebfff700 1 --2- >> [v2:172.21.15.186:3300/0,v1:172.21.15.186:6789/0] conn(0x7fc7ec0fa5f0 0x7fc7ec109840 unknown :-1 s=BANNER_CONNECTING pgs=0 cs=0 l=1 rev1=0 rx=0 tx=0)._handle_peer_banner_payload supported=1 required=0
2021-02-03T13:58:39.038 INFO:teuthology.orchestra.run.smithi186.stderr:/usr/bin/ceph:
2021-02-03T13:58:39.030+0000 7fc7ebfff700 1 --2- >> [v2:172.21.15.186:3300/0,v1:172.21.15.186:6789/0] conn(0x7fc7ec0fa5f0 0x7fc7ec109840 unknown :-1 s=HELLO_CONNECTING pgs=0 cs=0 l=1 rev1=1 rx=0 tx=0).handle_hello peer v2:172.21.15.186:3300/0 says I am v2:172.21.15.186:34854/0 (socket says 172.21.15.186:34854)
2021-02-03T13:58:39.038 INFO:teuthology.orchestra.run.smithi186.stderr:/usr/bin/ceph:
2021-02-03T13:58:39.030+0000 7fc7ebfff700 1 -- 172.21.15.186:0/2817406334 learned_addr learned my addr 172.21.15.186:0/2817406334 (peer_addr_for_me v2:172.21.15.186:0/0)
2021-02-03T13:58:39.038 INFO:teuthology.orchestra.run.smithi186.stderr:/usr/bin/ceph:
2021-02-03T13:58:39.034+0000 7fc7ebfff700 1 -- 172.21.15.186:0/2817406334 --> [v2:172.21.15.186:3300/0,v1:172.21.15.186:6789/0] -- mon_subscribe({config=0+,monmap=0+}) v3 -- 0x7fc7ec109e70 con 0x7fc7ec0fa5f0
2021-02-03T13:58:39.039 INFO:teuthology.orchestra.run.smithi186.stderr:/usr/bin/ceph:
2021-02-03T13:58:39.034+0000 7fc7ebfff700 1 --2- 172.21.15.186:0/2817406334 >> [v2:172.21.15.186:3300/0,v1:172.21.15.186:6789/0] conn(0x7fc7ec0fa5f0 0x7fc7ec109840 secure :-1 s=READY pgs=32 cs=0 l=1 rev1=1 rx=0x7fc7e4006b80 tx=0x7fc7e40092d0).ready entity=mon.0 client_cookie=0 server_cookie=0 in_seq=0 out_seq=0
2021-02-03T13:58:39.039 INFO:teuthology.orchestra.run.smithi186.stderr:/usr/bin/ceph:
2021-02-03T13:58:39.034+0000 7fc7e8ff9700 1 -- 172.21.15.186:0/2817406334 <== mon.0 v2:172.21.15.186:3300/0 1 ==== mon_map magic: 0 v1 ==== 205+0+0 (secure 0 0 0) 0x7fc7e400bec0 con 0x7fc7ec0fa5f0
2021-02-03T13:58:39.039 INFO:teuthology.orchestra.run.smithi186.stderr:/usr/bin/ceph:
2021-02-03T13:58:39.034+0000 7fc7e8ff9700 1 -- 172.21.15.186:0/2817406334 <== mon.0 v2:172.21.15.186:3300/0 2 ==== config(22 keys) v1 ==== 950+0+0 (secure 0 0 0) 0x7fc7e4011dc0 con 0x7fc7ec0fa5f0
2021-02-03T13:58:39.039 INFO:teuthology.orchestra.run.smithi186.stderr:/usr/bin/ceph:
2021-02-03T13:58:39.034+0000 7fc7f12b9700 1 -- 172.21.15.186:0/2817406334 --> [v2:172.21.15.186:3300/0,v1:172.21.15.186:6789/0] -- mon_subscribe({mgrmap=0+}) v3 -- 0x7fc7ec10a0c0 con 0x7fc7ec0fa5f0
2021-02-03T13:58:39.040 INFO:teuthology.orchestra.run.smithi186.stderr:/usr/bin/ceph:
2021-02-03T13:58:39.034+0000 7fc7e8ff9700 1 -- 172.21.15.186:0/2817406334 <== mon.0 v2:172.21.15.186:3300/0 3 ==== mon_map magic: 0 v1 ==== 205+0+0 (secure 0 0 0) 0x7fc7e40223b0 con 0x7fc7ec0fa5f0
2021-02-03T13:58:39.040 INFO:teuthology.orchestra.run.smithi186.stderr:/usr/bin/ceph:
2021-02-03T13:58:39.034+0000 7fc7f12b9700 1 -- 172.21.15.186:0/2817406334 --> [v2:172.21.15.186:3300/0,v1:172.21.15.186:6789/0] -- mon_subscribe({osdmap=0}) v3 -- 0x7fc7ec10ac20 con 0x7fc7ec0fa5f0
2021-02-03T13:58:39.040 INFO:teuthology.orchestra.run.smithi186.stderr:/usr/bin/ceph:
2021-02-03T13:58:39.034+0000 7fc7e8ff9700 1 -- 172.21.15.186:0/2817406334 <== mon.0 v2:172.21.15.186:3300/0 4 ==== mgrmap(e 8) v1 ==== 35667+0+0 (secure 0 0 0) 0x7fc7e402a070 con 0x7fc7ec0fa5f0
2021-02-03T13:58:39.040 INFO:teuthology.orchestra.run.smithi186.stderr:/usr/bin/ceph:
2021-02-03T13:58:39.034+0000 7fc7e8ff9700 1 --2- 172.21.15.186:0/2817406334 >> [v2:172.21.15.186:6800/3597953351,v1:172.21.15.186:6801/3597953351] conn(0x7fc7cc02f840 0x7fc7cc031d00 unknown :-1 s=NONE pgs=0 cs=0 l=1 rev1=0 rx=0 tx=0).connect
2021-02-03T13:58:39.041 INFO:teuthology.orchestra.run.smithi186.stderr:/usr/bin/ceph:
2021-02-03T13:58:39.034+0000 7fc7e8ff9700 1 -- 172.21.15.186:0/2817406334 <== mon.0 v2:172.21.15.186:3300/0 5 ==== osd_map(2..2 src has 1..2) v4 ==== 926+0+0 (secure 0 0 0) 0x7fc7e4042490 con 0x7fc7ec0fa5f0
2021-02-03T13:58:39.041 INFO:teuthology.orchestra.run.smithi186.stderr:/usr/bin/ceph:
2021-02-03T13:58:39.034+0000 7fc7f12b9700 1 -- 172.21.15.186:0/2817406334 --> [v2:172.21.15.186:3300/0,v1:172.21.15.186:6789/0] -- mon_command({"prefix": "get_command_descriptions"} v 0) v1 -- 0x7fc7d0004da0 con 0x7fc7ec0fa5f0
2021-02-03T13:58:39.041 INFO:teuthology.orchestra.run.smithi186.stderr:/usr/bin/ceph:
2021-02-03T13:58:39.038+0000 7fc7eb7fe700 1 --2- 172.21.15.186:0/2817406334 >> [v2:172.21.15.186:6800/3597953351,v1:172.21.15.186:6801/3597953351] conn(0x7fc7cc02f840 0x7fc7cc031d00 unknown :-1 s=BANNER_CONNECTING pgs=0 cs=0 l=1 rev1=0 rx=0 tx=0)._handle_peer_banner_payload supported=1 required=0
2021-02-03T13:58:39.041 INFO:teuthology.orchestra.run.smithi186.stderr:/usr/bin/ceph:
2021-02-03T13:58:39.038+0000 7fc7eb7fe700 1 --2- 172.21.15.186:0/2817406334 >> [v2:172.21.15.186:6800/3597953351,v1:172.21.15.186:6801/3597953351] conn(0x7fc7cc02f840 0x7fc7cc031d00 secure :-1 s=READY pgs=6 cs=0 l=1 rev1=1 rx=0x7fc7d40096a0 tx=0x7fc7d4006b40).ready entity=mgr.14116 client_cookie=0 server_cookie=0 in_seq=0 out_seq=0
2021-02-03T13:58:39.043 INFO:teuthology.orchestra.run.smithi186.stderr:/usr/bin/ceph:
2021-02-03T13:58:39.042+0000 7fc7e8ff9700 1 -- 172.21.15.186:0/2817406334 <== mon.0 v2:172.21.15.186:3300/0 6 ==== mon_command_ack([{"prefix": "get_command_descriptions"}]=0 v0) v1 ==== 72+0+150055 (secure 0 0 0) 0x7fc7e401e020 con 0x7fc7ec0fa5f0
2021-02-03T13:58:39.242 INFO:journalctl@ceph.mon.a.smithi186.stdout:Feb 03 13:58:38 smithi186 bash[11932]: cluster
2021-02-03T13:58:37.917272+0000 mon.a (mon.0) 52 : cluster [DBG] mgrmap e8: y(active, since 2s)
2021-02-03T13:58:39.386 INFO:teuthology.orchestra.run.smithi186.stderr:/usr/bin/ceph:
2021-02-03T13:58:39.386+0000 7fc7f12b9700 1 -- 172.21.15.186:0/2817406334 --> [v2:172.21.15.186:6800/3597953351,v1:172.21.15.186:6801/3597953351] -- mgr_command(tid 0: {"prefix": "orch set backend", "module_name": "cephadm", "target": ["mon-mgr", ""]}) v1 -- 0x7fc7d0002870 con 0x7fc7cc02f840
2021-02-03T13:58:39.397 INFO:teuthology.orchestra.run.smithi186.stderr:/usr/bin/ceph:
2021-02-03T13:58:39.394+0000 7fc7e8ff9700 1 -- 172.21.15.186:0/2817406334 <== mgr.14116 v2:172.21.15.186:6800/3597953351 1 ==== mgr_command_reply(tid 0: 0 ) v1 ==== 8+0+0 (secure 0 0 0) 0x7fc7d0002870 con 0x7fc7cc02f840
2021-02-03T13:58:39.400 INFO:teuthology.orchestra.run.smithi186.stderr:/usr/bin/ceph:
2021-02-03T13:58:39.398+0000 7fc7f12b9700 1 -- 172.21.15.186:0/2817406334 >> [v2:172.21.15.186:6800/3597953351,v1:172.21.15.186:6801/3597953351] conn(0x7fc7cc02f840 msgr2=0x7fc7cc031d00 secure :-1 s=STATE_CONNECTION_ESTABLISHED l=1).mark_down
2021-02-03T13:58:39.401 INFO:teuthology.orchestra.run.smithi186.stderr:/usr/bin/ceph:
2021-02-03T13:58:39.398+0000 7fc7f12b9700 1 --2- 172.21.15.186:0/2817406334 >> [v2:172.21.15.186:6800/3597953351,v1:172.21.15.186:6801/3597953351] conn(0x7fc7cc02f840 0x7fc7cc031d00 secure :-1 s=READY pgs=6 cs=0 l=1 rev1=1 rx=0x7fc7d40096a0 tx=0x7fc7d4006b40).stop
2021-02-03T13:58:39.401 INFO:teuthology.orchestra.run.smithi186.stderr:/usr/bin/ceph:
2021-02-03T13:58:39.398+0000 7fc7f12b9700 1 -- 172.21.15.186:0/2817406334 >> [v2:172.21.15.186:3300/0,v1:172.21.15.186:6789/0] conn(0x7fc7ec0fa5f0 msgr2=0x7fc7ec109840 secure :-1 s=STATE_CONNECTION_ESTABLISHED l=1).mark_down
2021-02-03T13:58:39.402 INFO:teuthology.orchestra.run.smithi186.stderr:/usr/bin/ceph:
2021-02-03T13:58:39.398+0000 7fc7f12b9700 1 --2- 172.21.15.186:0/2817406334 >> [v2:172.21.15.186:3300/0,v1:172.21.15.186:6789/0] conn(0x7fc7ec0fa5f0 0x7fc7ec109840 secure :-1 s=READY pgs=32 cs=0 l=1 rev1=1 rx=0x7fc7e4006b80 tx=0x7fc7e40092d0).stop
2021-02-03T13:58:39.402 INFO:teuthology.orchestra.run.smithi186.stderr:/usr/bin/ceph:
2021-02-03T13:58:39.398+0000 7fc7f12b9700 1 -- 172.21.15.186:0/2817406334 shutdown_connections
2021-02-03T13:58:39.403 INFO:teuthology.orchestra.run.smithi186.stderr:/usr/bin/ceph:
2021-02-03T13:58:39.398+0000 7fc7f12b9700 1 --2- 172.21.15.186:0/2817406334 >> [v2:172.21.15.186:6800/3597953351,v1:172.21.15.186:6801/3597953351] conn(0x7fc7cc02f840 0x7fc7cc031d00 unknown :-1 s=CLOSED pgs=6 cs=0 l=1 rev1=1 rx=0 tx=0).stop
2021-02-03T13:58:39.403 INFO:teuthology.orchestra.run.smithi186.stderr:/usr/bin/ceph:
2021-02-03T13:58:39.398+0000 7fc7f12b9700 1 --2- 172.21.15.186:0/2817406334 >> [v2:172.21.15.186:3300/0,v1:172.21.15.186:6789/0] conn(0x7fc7ec0fa5f0 0x7fc7ec109840 unknown :-1 s=CLOSED pgs=32 cs=0 l=1 rev1=1 rx=0 tx=0).stop
2021-02-03T13:58:39.403 INFO:teuthology.orchestra.run.smithi186.stderr:/usr/bin/ceph:
2021-02-03T13:58:39.398+0000 7fc7f12b9700 1 -- 172.21.15.186:0/2817406334 >> 172.21.15.186:0/2817406334 conn(0x7fc7ec0f4760 msgr2=0x7fc7ec0f5540 unknown :-1 s=STATE_NONE l=0).mark_down
2021-02-03T13:58:39.403 INFO:teuthology.orchestra.run.smithi186.stderr:/usr/bin/ceph:
2021-02-03T13:58:39.398+0000 7fc7f12b9700 1 -- 172.21.15.186:0/2817406334 shutdown_connections
2021-02-03T13:58:39.404 INFO:teuthology.orchestra.run.smithi186.stderr:/usr/bin/ceph:
2021-02-03T13:58:39.398+0000 7fc7f12b9700 1 -- 172.21.15.186:0/2817406334 wait complete.
2021-02-03T13:58:40.232 INFO:teuthology.orchestra.run.smithi186.stderr:Generating ssh key...
2021-02-03T13:58:40.232 INFO:teuthology.orchestra.run.smithi186.stderr:Running command: /usr/bin/docker run --rm --ipc=host --net=host --entrypoint /usr/bin/ceph -e CONTAINER_IMAGE=quay.ceph.io/ceph-ci/ceph:8a6b0fa1a5b4e97873b7e268f09116d946e339f8 -e NODE_NAME=smithi186 -v /var/log/ceph/b9f6aa2a-6627-11eb-8fbe-001a4aab830c:/var/log/ceph:z -v /tmp/ceph-tmp6ailmjyl:/etc/ceph/ceph.client.admin.keyring:z -v /tmp/ceph-tmpllg6yxod:/etc/ceph/ceph.conf:z quay.ceph.io/ceph-ci/ceph:8a6b0fa1a5b4e97873b7e268f09116d946e339f8 cephadm generate-key
2021-02-03T13:58:40.743 INFO:journalctl@ceph.mon.a.smithi186.stdout:Feb 03 13:58:40 smithi186 bash[11932]: audit
2021-02-03T13:58:39.390285+0000 mgr.y (mgr.14116) 3 : audit [DBG] from='client.14126 -' entity='client.admin' cmd=[{"prefix": "orch set backend", "module_name": "cephadm", "target": ["mon-mgr", ""]}]: dispatch
2021-02-03T13:58:40.743 INFO:journalctl@ceph.mon.a.smithi186.stdout:Feb 03 13:58:40 smithi186 bash[11932]: audit
2021-02-03T13:58:39.399692+0000 mon.a (mon.0) 53 : audit [INF] from='mgr.14116 172.21.15.186:0/1010497878' entity='mgr.y'
2021-02-03T13:58:40.743 INFO:journalctl@ceph.mon.a.smithi186.stdout:Feb 03 13:58:40 smithi186 bash[11932]: audit
2021-02-03T13:58:39.412484+0000 mon.a (mon.0) 54 : audit [INF] from='mgr.14116 172.21.15.186:0/1010497878' entity='mgr.y'
2021-02-03T13:58:41.552 INFO:teuthology.orchestra.run.smithi186.stderr:/usr/bin/ceph:
2021-02-03T13:58:41.549+0000 7f75a8d68700 1 Processor -- start
2021-02-03T13:58:41.553 INFO:teuthology.orchestra.run.smithi186.stderr:/usr/bin/ceph:
2021-02-03T13:58:41.549+0000 7f75a8d68700 1 -- start start
2021-02-03T13:58:41.554 INFO:teuthology.orchestra.run.smithi186.stderr:/usr/bin/ceph:
2021-02-03T13:58:41.549+0000 7f75a8d68700 1 --2- >> [v2:172.21.15.186:3300/0,v1:172.21.15.186:6789/0] conn(0x7f75a40fc820 0x7f75a40fcc40 unknown :-1 s=NONE pgs=0 cs=0 l=0 rev1=0 rx=0 tx=0).connect
2021-02-03T13:58:41.554 INFO:teuthology.orchestra.run.smithi186.stderr:/usr/bin/ceph:
2021-02-03T13:58:41.549+0000 7f75a8d68700 1 -- --> [v2:172.21.15.186:3300/0,v1:172.21.15.186:6789/0] -- mon_getmap magic: 0 v1 -- 0x7f75a40fd130 con 0x7f75a40fc820
2021-02-03T13:58:41.554 INFO:teuthology.orchestra.run.smithi186.stderr:/usr/bin/ceph:
2021-02-03T13:58:41.549+0000 7f75a37fe700 1 --2- >> [v2:172.21.15.186:3300/0,v1:172.21.15.186:6789/0] conn(0x7f75a40fc820 0x7f75a40fcc40 unknown :-1 s=BANNER_CONNECTING pgs=0 cs=0 l=0 rev1=0 rx=0 tx=0)._handle_peer_banner_payload supported=1 required=0
2021-02-03T13:58:41.554 INFO:teuthology.orchestra.run.smithi186.stderr:/usr/bin/ceph:
2021-02-03T13:58:41.549+0000 7f75a37fe700 1 --2- >> [v2:172.21.15.186:3300/0,v1:172.21.15.186:6789/0] conn(0x7f75a40fc820 0x7f75a40fcc40 unknown :-1 s=HELLO_CONNECTING pgs=0 cs=0 l=0 rev1=1 rx=0 tx=0).handle_hello peer v2:172.21.15.186:3300/0 says I am v2:172.21.15.186:34858/0 (socket says 172.21.15.186:34858)
2021-02-03T13:58:41.555 INFO:teuthology.orchestra.run.smithi186.stderr:/usr/bin/ceph:
2021-02-03T13:58:41.549+0000 7f75a37fe700 1 -- 172.21.15.186:0/1811507961 learned_addr learned my addr 172.21.15.186:0/1811507961 (peer_addr_for_me v2:172.21.15.186:0/0)
2021-02-03T13:58:41.555 INFO:teuthology.orchestra.run.smithi186.stderr:/usr/bin/ceph:
2021-02-03T13:58:41.549+0000 7f75a37fe700 1 -- 172.21.15.186:0/1811507961 --> [v2:172.21.15.186:3300/0,v1:172.21.15.186:6789/0] -- mon_subscribe({config=0+,monmap=0+}) v3 -- 0x7f75a40fd270 con 0x7f75a40fc820
2021-02-03T13:58:41.555 INFO:teuthology.orchestra.run.smithi186.stderr:/usr/bin/ceph:
2021-02-03T13:58:41.549+0000 7f75a37fe700 1 --2- 172.21.15.186:0/1811507961 >> [v2:172.21.15.186:3300/0,v1:172.21.15.186:6789/0] conn(0x7f75a40fc820 0x7f75a40fcc40 secure :-1 s=READY pgs=33 cs=0 l=1 rev1=1 rx=0x7f759400b950 tx=0x7f7594006ee0).ready entity=mon.0 client_cookie=e8b69512b3134fb0 server_cookie=0 in_seq=0 out_seq=0
2021-02-03T13:58:41.555 INFO:teuthology.orchestra.run.smithi186.stderr:/usr/bin/ceph:
2021-02-03T13:58:41.549+0000 7f75a2ffd700 1 -- 172.21.15.186:0/1811507961 <== mon.0 v2:172.21.15.186:3300/0 1 ==== mon_map magic: 0 v1 ==== 205+0+0 (secure 0 0 0) 0x7f7594009840 con 0x7f75a40fc820
2021-02-03T13:58:41.556 INFO:teuthology.orchestra.run.smithi186.stderr:/usr/bin/ceph:
2021-02-03T13:58:41.549+0000 7f75a2ffd700 1 -- 172.21.15.186:0/1811507961 <== mon.0 v2:172.21.15.186:3300/0 2 ==== config(22 keys) v1 ==== 950+0+0 (secure 0 0 0) 0x7f7594009dd0 con 0x7f75a40fc820
2021-02-03T13:58:41.556 INFO:teuthology.orchestra.run.smithi186.stderr:/usr/bin/ceph:
2021-02-03T13:58:41.549+0000 7f75a2ffd700 1 -- 172.21.15.186:0/1811507961 <== mon.0 v2:172.21.15.186:3300/0 3 ==== mon_map magic: 0 v1 ==== 205+0+0 (secure 0 0 0) 0x7f7594011bc0 con 0x7f75a40fc820
2021-02-03T13:58:41.558 INFO:teuthology.orchestra.run.smithi186.stderr:/usr/bin/ceph:
2021-02-03T13:58:41.549+0000 7f75a8d68700 1 -- 172.21.15.186:0/1811507961 >> [v2:172.21.15.186:3300/0,v1:172.21.15.186:6789/0] conn(0x7f75a40fc820 msgr2=0x7f75a40fcc40 secure :-1 s=STATE_CONNECTION_ESTABLISHED l=1).mark_down
2021-02-03T13:58:41.558 INFO:teuthology.orchestra.run.smithi186.stderr:/usr/bin/ceph:
2021-02-03T13:58:41.549+0000 7f75a8d68700 1 --2- 172.21.15.186:0/1811507961 >> [v2:172.21.15.186:3300/0,v1:172.21.15.186:6789/0] conn(0x7f75a40fc820 0x7f75a40fcc40 secure :-1 s=READY pgs=33 cs=0 l=1 rev1=1 rx=0x7f759400b950 tx=0x7f7594006ee0).stop
2021-02-03T13:58:41.558 INFO:teuthology.orchestra.run.smithi186.stderr:/usr/bin/ceph:
2021-02-03T13:58:41.549+0000 7f75a8d68700 1 -- 172.21.15.186:0/1811507961 shutdown_connections
2021-02-03T13:58:41.558 INFO:teuthology.orchestra.run.smithi186.stderr:/usr/bin/ceph:
2021-02-03T13:58:41.549+0000 7f75a8d68700 1 --2- 172.21.15.186:0/1811507961 >> [v2:172.21.15.186:3300/0,v1:172.21.15.186:6789/0] conn(0x7f75a40fc820 0x7f75a40fcc40 unknown :-1 s=CLOSED pgs=33 cs=0 l=1 rev1=1 rx=0 tx=0).stop
2021-02-03T13:58:41.559 INFO:teuthology.orchestra.run.smithi186.stderr:/usr/bin/ceph:
2021-02-03T13:58:41.549+0000 7f75a8d68700 1 -- 172.21.15.186:0/1811507961 >> 172.21.15.186:0/1811507961 conn(0x7f75a406e7d0 msgr2=0x7f75a406ebe0 unknown :-1 s=STATE_NONE l=0).mark_down
2021-02-03T13:58:41.559 INFO:teuthology.orchestra.run.smithi186.stderr:/usr/bin/ceph:
2021-02-03T13:58:41.553+0000 7f75a8d68700 1 -- 172.21.15.186:0/1811507961 shutdown_connections
2021-02-03T13:58:41.559 INFO:teuthology.orchestra.run.smithi186.stderr:/usr/bin/ceph:
2021-02-03T13:58:41.553+0000 7f75a8d68700 1 -- 172.21.15.186:0/1811507961 wait complete.
2021-02-03T13:58:41.559 INFO:teuthology.orchestra.run.smithi186.stderr:/usr/bin/ceph:
2021-02-03T13:58:41.553+0000 7f75a8d68700 1 Processor -- start
2021-02-03T13:58:41.559 INFO:teuthology.orchestra.run.smithi186.stderr:/usr/bin/ceph:
2021-02-03T13:58:41.553+0000 7f75a8d68700 1 -- start start
2021-02-03T13:58:41.560 INFO:teuthology.orchestra.run.smithi186.stderr:/usr/bin/ceph:
2021-02-03T13:58:41.553+0000 7f75a8d68700 1 --2- >> [v2:172.21.15.186:3300/0,v1:172.21.15.186:6789/0] conn(0x7f75a41098d0 0x7f75a4109cf0 unknown :-1 s=NONE pgs=0 cs=0 l=1 rev1=0 rx=0 tx=0).connect
2021-02-03T13:58:41.560 INFO:teuthology.orchestra.run.smithi186.stderr:/usr/bin/ceph:
2021-02-03T13:58:41.553+0000 7f75a8d68700 1 -- --> [v2:172.21.15.186:3300/0,v1:172.21.15.186:6789/0] -- mon_getmap magic: 0 v1 -- 0x7f75a410a1e0 con 0x7f75a41098d0
2021-02-03T13:58:41.560 INFO:teuthology.orchestra.run.smithi186.stderr:/usr/bin/ceph:
2021-02-03T13:58:41.553+0000 7f75a37fe700 1 --2- >> [v2:172.21.15.186:3300/0,v1:172.21.15.186:6789/0] conn(0x7f75a41098d0 0x7f75a4109cf0 unknown :-1 s=BANNER_CONNECTING pgs=0 cs=0 l=1 rev1=0 rx=0 tx=0)._handle_peer_banner_payload supported=1 required=0
2021-02-03T13:58:41.560 INFO:teuthology.orchestra.run.smithi186.stderr:/usr/bin/ceph:
2021-02-03T13:58:41.553+0000 7f75a37fe700 1 --2- >> [v2:172.21.15.186:3300/0,v1:172.21.15.186:6789/0] conn(0x7f75a41098d0 0x7f75a4109cf0 unknown :-1 s=HELLO_CONNECTING pgs=0 cs=0 l=1 rev1=1 rx=0 tx=0).handle_hello peer v2:172.21.15.186:3300/0 says I am v2:172.21.15.186:34860/0 (socket says 172.21.15.186:34860)
2021-02-03T13:58:41.560 INFO:teuthology.orchestra.run.smithi186.stderr:/usr/bin/ceph:
2021-02-03T13:58:41.553+0000 7f75a37fe700 1 -- 172.21.15.186:0/565768998 learned_addr learned my addr 172.21.15.186:0/565768998 (peer_addr_for_me v2:172.21.15.186:0/0)
2021-02-03T13:58:41.561 INFO:teuthology.orchestra.run.smithi186.stderr:/usr/bin/ceph:
2021-02-03T13:58:41.553+0000 7f75a37fe700 1 -- 172.21.15.186:0/565768998 --> [v2:172.21.15.186:3300/0,v1:172.21.15.186:6789/0] -- mon_subscribe({config=0+,monmap=0+}) v3 -- 0x7f75a410a320 con 0x7f75a41098d0
2021-02-03T13:58:41.561 INFO:teuthology.orchestra.run.smithi186.stderr:/usr/bin/ceph:
2021-02-03T13:58:41.553+0000 7f75a37fe700 1 --2- 172.21.15.186:0/565768998 >> [v2:172.21.15.186:3300/0,v1:172.21.15.186:6789/0] conn(0x7f75a41098d0 0x7f75a4109cf0 secure :-1 s=READY pgs=34 cs=0 l=1 rev1=1 rx=0x7f7594006d40 tx=0x7f7594006ee0).ready entity=mon.0 client_cookie=0 server_cookie=0 in_seq=0 out_seq=0
2021-02-03T13:58:41.562 INFO:teuthology.orchestra.run.smithi186.stderr:/usr/bin/ceph:
2021-02-03T13:58:41.553+0000 7f75a0ff9700 1 -- 172.21.15.186:0/565768998 <== mon.0 v2:172.21.15.186:3300/0 1 ==== mon_map magic: 0 v1 ==== 205+0+0 (secure 0 0 0) 0x7f7594011400 con 0x7f75a41098d0
2021-02-03T13:58:41.562 INFO:teuthology.orchestra.run.smithi186.stderr:/usr/bin/ceph:
