2022-05-22T06:15:31.630 INFO:teuthology.orchestra.run.smithi003.stderr:/usr/bin/ceph:
2022-05-22T06:15:31.625+0000 7f8666d34700 1 -- 172.21.15.3:0/153920438 shutdown_connections
2022-05-22T06:15:31.630 INFO:teuthology.orchestra.run.smithi003.stderr:/usr/bin/ceph:
2022-05-22T06:15:31.625+0000 7f8666d34700 1 -- 172.21.15.3:0/153920438 wait complete.
2022-05-22T06:15:32.108 INFO:teuthology.orchestra.run.smithi003.stderr:Deploying crash service with default placement...
2022-05-22T06:15:32.109 INFO:teuthology.orchestra.run.smithi003.stderr:Running command: /bin/podman run --rm --ipc=host --no-hosts --net=host --entrypoint /usr/bin/ceph --init -e CONTAINER_IMAGE=docker.io/ceph/ceph:v16.2.4 -e NODE_NAME=smithi003 -e CEPH_USE_RANDOM_NONCE=1 -v /var/log/ceph/746e51ae-d996-11ec-be40-001a4aab830c:/var/log/ceph:z -v /tmp/ceph-tmpqc0i48nj:/etc/ceph/ceph.client.admin.keyring:z -v /tmp/ceph-tmpzwyxbmb6:/etc/ceph/ceph.conf:z docker.io/ceph/ceph:v16.2.4 orch apply crash
2022-05-22T06:15:32.530 INFO:teuthology.orchestra.run.smithi003.stderr:/usr/bin/ceph:
2022-05-22T06:15:32.523+0000 7fa070930700 1 Processor -- start
2022-05-22T06:15:32.531 INFO:teuthology.orchestra.run.smithi003.stderr:/usr/bin/ceph:
2022-05-22T06:15:32.523+0000 7fa070930700 1 -- start start
2022-05-22T06:15:32.531 INFO:teuthology.orchestra.run.smithi003.stderr:/usr/bin/ceph:
2022-05-22T06:15:32.523+0000 7fa070930700 1 --2- >> [v2:172.21.15.3:3300/0,v1:172.21.15.3:6789/0] conn(0x7fa06c06fbd0 0x7fa06c100ab0 unknown :-1 s=NONE pgs=0 cs=0 l=0 rev1=0 rx=0 tx=0).connect
2022-05-22T06:15:32.531 INFO:teuthology.orchestra.run.smithi003.stderr:/usr/bin/ceph:
2022-05-22T06:15:32.523+0000 7fa070930700 1 -- --> [v2:172.21.15.3:3300/0,v1:172.21.15.3:6789/0] -- mon_getmap magic: 0 v1 -- 0x7fa06c0fc4a0 con 0x7fa06c06fbd0
2022-05-22T06:15:32.531 INFO:teuthology.orchestra.run.smithi003.stderr:/usr/bin/ceph:
2022-05-22T06:15:32.523+0000 7fa06b7fe700 1 --2- >> [v2:172.21.15.3:3300/0,v1:172.21.15.3:6789/0] conn(0x7fa06c06fbd0 0x7fa06c100ab0 unknown :-1 s=BANNER_CONNECTING pgs=0 cs=0 l=0 rev1=0 rx=0 tx=0)._handle_peer_banner_payload supported=1 required=0
2022-05-22T06:15:32.531 INFO:teuthology.orchestra.run.smithi003.stderr:/usr/bin/ceph:
2022-05-22T06:15:32.523+0000 7fa06b7fe700 1 --2- >> [v2:172.21.15.3:3300/0,v1:172.21.15.3:6789/0] conn(0x7fa06c06fbd0 0x7fa06c100ab0 unknown :-1 s=HELLO_CONNECTING pgs=0 cs=0 l=0 rev1=1 rx=0 tx=0).handle_hello peer v2:172.21.15.3:3300/0 says I am v2:172.21.15.3:47988/0 (socket says 172.21.15.3:47988)
2022-05-22T06:15:32.532 INFO:teuthology.orchestra.run.smithi003.stderr:/usr/bin/ceph:
2022-05-22T06:15:32.523+0000 7fa06b7fe700 1 -- 172.21.15.3:0/113990585 learned_addr learned my addr 172.21.15.3:0/113990585 (peer_addr_for_me v2:172.21.15.3:0/0)
2022-05-22T06:15:32.532 INFO:teuthology.orchestra.run.smithi003.stderr:/usr/bin/ceph:
2022-05-22T06:15:32.523+0000 7fa06b7fe700 1 -- 172.21.15.3:0/113990585 --> [v2:172.21.15.3:3300/0,v1:172.21.15.3:6789/0] -- mon_subscribe({config=0+,monmap=0+}) v3 -- 0x7fa06c100fa0 con 0x7fa06c06fbd0
2022-05-22T06:15:32.532 INFO:teuthology.orchestra.run.smithi003.stderr:/usr/bin/ceph:
2022-05-22T06:15:32.524+0000 7fa06b7fe700 1 --2- 172.21.15.3:0/113990585 >> [v2:172.21.15.3:3300/0,v1:172.21.15.3:6789/0] conn(0x7fa06c06fbd0 0x7fa06c100ab0 secure :-1 s=READY pgs=43 cs=0 l=1 rev1=1 rx=0x7fa05c00b5f0 tx=0x7fa05c006ee0).ready entity=mon.0 client_cookie=8858cbacd9e67cd server_cookie=0 in_seq=0 out_seq=0
2022-05-22T06:15:32.532 INFO:teuthology.orchestra.run.smithi003.stderr:/usr/bin/ceph:
2022-05-22T06:15:32.524+0000 7fa06a7fc700 1 -- 172.21.15.3:0/113990585 <== mon.0 v2:172.21.15.3:3300/0 1 ==== mon_map magic: 0 v1 ==== 229+0+0 (secure 0 0 0) 0x7fa05c00d600 con 0x7fa06c06fbd0
2022-05-22T06:15:32.533 INFO:teuthology.orchestra.run.smithi003.stderr:/usr/bin/ceph:
2022-05-22T06:15:32.524+0000 7fa06a7fc700 1 -- 172.21.15.3:0/113990585 <== mon.0 v2:172.21.15.3:3300/0 2 ==== config(25 keys) v1 ==== 1074+0+0 (secure 0 0 0) 0x7fa05c00dc10 con 0x7fa06c06fbd0
2022-05-22T06:15:32.533 INFO:teuthology.orchestra.run.smithi003.stderr:/usr/bin/ceph:
2022-05-22T06:15:32.524+0000 7fa06a7fc700 1 -- 172.21.15.3:0/113990585 <== mon.0 v2:172.21.15.3:3300/0 3 ==== mon_map magic: 0 v1 ==== 229+0+0 (secure 0 0 0) 0x7fa05c011cd0 con 0x7fa06c06fbd0
2022-05-22T06:15:32.533 INFO:teuthology.orchestra.run.smithi003.stderr:/usr/bin/ceph:
2022-05-22T06:15:32.524+0000 7fa070930700 1 -- 172.21.15.3:0/113990585 >> [v2:172.21.15.3:3300/0,v1:172.21.15.3:6789/0] conn(0x7fa06c06fbd0 msgr2=0x7fa06c100ab0 secure :-1 s=STATE_CONNECTION_ESTABLISHED l=1).mark_down
2022-05-22T06:15:32.533 INFO:teuthology.orchestra.run.smithi003.stderr:/usr/bin/ceph:
2022-05-22T06:15:32.524+0000 7fa070930700 1 --2- 172.21.15.3:0/113990585 >> [v2:172.21.15.3:3300/0,v1:172.21.15.3:6789/0] conn(0x7fa06c06fbd0 0x7fa06c100ab0 secure :-1 s=READY pgs=43 cs=0 l=1 rev1=1 rx=0x7fa05c00b5f0 tx=0x7fa05c006ee0).stop
2022-05-22T06:15:32.533 INFO:teuthology.orchestra.run.smithi003.stderr:/usr/bin/ceph:
2022-05-22T06:15:32.524+0000 7fa070930700 1 -- 172.21.15.3:0/113990585 shutdown_connections
2022-05-22T06:15:32.534 INFO:teuthology.orchestra.run.smithi003.stderr:/usr/bin/ceph:
2022-05-22T06:15:32.524+0000 7fa070930700 1 --2- 172.21.15.3:0/113990585 >> [v2:172.21.15.3:3300/0,v1:172.21.15.3:6789/0] conn(0x7fa06c06fbd0 0x7fa06c100ab0 unknown :-1 s=CLOSED pgs=43 cs=0 l=1 rev1=1 rx=0 tx=0).stop
2022-05-22T06:15:32.534 INFO:teuthology.orchestra.run.smithi003.stderr:/usr/bin/ceph:
2022-05-22T06:15:32.524+0000 7fa070930700 1 -- 172.21.15.3:0/113990585 >> 172.21.15.3:0/113990585 conn(0x7fa06c0f6130 msgr2=0x7fa06c0f8550 unknown :-1 s=STATE_NONE l=0).mark_down
2022-05-22T06:15:32.534 INFO:teuthology.orchestra.run.smithi003.stderr:/usr/bin/ceph:
2022-05-22T06:15:32.524+0000 7fa070930700 1 -- 172.21.15.3:0/113990585 shutdown_connections
2022-05-22T06:15:32.534 INFO:teuthology.orchestra.run.smithi003.stderr:/usr/bin/ceph:
2022-05-22T06:15:32.524+0000 7fa070930700 1 -- 172.21.15.3:0/113990585 wait complete.
2022-05-22T06:15:32.535 INFO:teuthology.orchestra.run.smithi003.stderr:/usr/bin/ceph:
2022-05-22T06:15:32.525+0000 7fa070930700 1 Processor -- start
2022-05-22T06:15:32.535 INFO:teuthology.orchestra.run.smithi003.stderr:/usr/bin/ceph:
2022-05-22T06:15:32.525+0000 7fa070930700 1 -- start start
2022-05-22T06:15:32.535 INFO:teuthology.orchestra.run.smithi003.stderr:/usr/bin/ceph:
2022-05-22T06:15:32.525+0000 7fa070930700 1 --2- >> [v2:172.21.15.3:3300/0,v1:172.21.15.3:6789/0] conn(0x7fa06c06fbd0 0x7fa06c10ca70 unknown :-1 s=NONE pgs=0 cs=0 l=1 rev1=0 rx=0 tx=0).connect
2022-05-22T06:15:32.535 INFO:teuthology.orchestra.run.smithi003.stderr:/usr/bin/ceph:
2022-05-22T06:15:32.525+0000 7fa070930700 1 -- --> [v2:172.21.15.3:3300/0,v1:172.21.15.3:6789/0] -- mon_getmap magic: 0 v1 -- 0x7fa06c10cf60 con 0x7fa06c06fbd0
2022-05-22T06:15:32.535 INFO:teuthology.orchestra.run.smithi003.stderr:/usr/bin/ceph:
2022-05-22T06:15:32.525+0000 7fa06b7fe700 1 --2- >> [v2:172.21.15.3:3300/0,v1:172.21.15.3:6789/0] conn(0x7fa06c06fbd0 0x7fa06c10ca70 unknown :-1 s=BANNER_CONNECTING pgs=0 cs=0 l=1 rev1=0 rx=0 tx=0)._handle_peer_banner_payload supported=1 required=0
2022-05-22T06:15:32.536 INFO:teuthology.orchestra.run.smithi003.stderr:/usr/bin/ceph:
2022-05-22T06:15:32.525+0000 7fa06b7fe700 1 --2- >> [v2:172.21.15.3:3300/0,v1:172.21.15.3:6789/0] conn(0x7fa06c06fbd0 0x7fa06c10ca70 unknown :-1 s=HELLO_CONNECTING pgs=0 cs=0 l=1 rev1=1 rx=0 tx=0).handle_hello peer v2:172.21.15.3:3300/0 says I am v2:172.21.15.3:47990/0 (socket says 172.21.15.3:47990)
2022-05-22T06:15:32.536 INFO:teuthology.orchestra.run.smithi003.stderr:/usr/bin/ceph:
2022-05-22T06:15:32.525+0000 7fa06b7fe700 1 -- 172.21.15.3:0/274128034 learned_addr learned my addr 172.21.15.3:0/274128034 (peer_addr_for_me v2:172.21.15.3:0/0)
2022-05-22T06:15:32.536 INFO:teuthology.orchestra.run.smithi003.stderr:/usr/bin/ceph:
2022-05-22T06:15:32.526+0000 7fa06b7fe700 1 -- 172.21.15.3:0/274128034 --> [v2:172.21.15.3:3300/0,v1:172.21.15.3:6789/0] -- mon_subscribe({config=0+,monmap=0+}) v3 -- 0x7fa05c00b200 con 0x7fa06c06fbd0
2022-05-22T06:15:32.536 INFO:teuthology.orchestra.run.smithi003.stderr:/usr/bin/ceph:
2022-05-22T06:15:32.526+0000 7fa06b7fe700 1 --2- 172.21.15.3:0/274128034 >> [v2:172.21.15.3:3300/0,v1:172.21.15.3:6789/0] conn(0x7fa06c06fbd0 0x7fa06c10ca70 secure :-1 s=READY pgs=44 cs=0 l=1 rev1=1 rx=0x7fa05c006c70 tx=0x7fa05c006ee0).ready entity=mon.0 client_cookie=0 server_cookie=0 in_seq=0 out_seq=0
2022-05-22T06:15:32.536 INFO:teuthology.orchestra.run.smithi003.stderr:/usr/bin/ceph:
2022-05-22T06:15:32.526+0000 7fa053fff700 1 -- 172.21.15.3:0/274128034 <== mon.0 v2:172.21.15.3:3300/0 1 ==== mon_map magic: 0 v1 ==== 229+0+0 (secure 0 0 0) 0x7fa05c011d50 con 0x7fa06c06fbd0
2022-05-22T06:15:32.537 INFO:teuthology.orchestra.run.smithi003.stderr:/usr/bin/ceph:
2022-05-22T06:15:32.526+0000 7fa070930700 1 -- 172.21.15.3:0/274128034 --> [v2:172.21.15.3:3300/0,v1:172.21.15.3:6789/0] -- mon_subscribe({mgrmap=0+}) v3 -- 0x7fa06c10d160 con 0x7fa06c06fbd0
2022-05-22T06:15:32.537 INFO:teuthology.orchestra.run.smithi003.stderr:/usr/bin/ceph:
2022-05-22T06:15:32.526+0000 7fa053fff700 1 -- 172.21.15.3:0/274128034 <== mon.0 v2:172.21.15.3:3300/0 2 ==== config(25 keys) v1 ==== 1074+0+0 (secure 0 0 0) 0x7fa05c01b8c0 con 0x7fa06c06fbd0
2022-05-22T06:15:32.537 INFO:teuthology.orchestra.run.smithi003.stderr:/usr/bin/ceph:
2022-05-22T06:15:32.526+0000 7fa053fff700 1 -- 172.21.15.3:0/274128034 <== mon.0 v2:172.21.15.3:3300/0 3 ==== mon_map magic: 0 v1 ==== 229+0+0 (secure 0 0 0) 0x7fa05c01a930 con 0x7fa06c06fbd0
2022-05-22T06:15:32.537 INFO:teuthology.orchestra.run.smithi003.stderr:/usr/bin/ceph:
2022-05-22T06:15:32.526+0000 7fa070930700 1 -- 172.21.15.3:0/274128034 --> [v2:172.21.15.3:3300/0,v1:172.21.15.3:6789/0] -- mon_subscribe({osdmap=0}) v3 -- 0x7fa06c10d570 con 0x7fa06c06fbd0
2022-05-22T06:15:32.537 INFO:teuthology.orchestra.run.smithi003.stderr:/usr/bin/ceph:
2022-05-22T06:15:32.527+0000 7fa053fff700 1 -- 172.21.15.3:0/274128034 <== mon.0 v2:172.21.15.3:3300/0 4 ==== mgrmap(e 7) v1 ==== 36120+0+0 (secure 0 0 0) 0x7fa05c00f070 con 0x7fa06c06fbd0
2022-05-22T06:15:32.538 INFO:teuthology.orchestra.run.smithi003.stderr:/usr/bin/ceph:
2022-05-22T06:15:32.527+0000 7fa070930700 1 -- 172.21.15.3:0/274128034 --> [v2:172.21.15.3:3300/0,v1:172.21.15.3:6789/0] -- mon_command({"prefix": "get_command_descriptions"} v 0) v1 -- 0x7fa06c045ad0 con 0x7fa06c06fbd0
2022-05-22T06:15:32.538 INFO:teuthology.orchestra.run.smithi003.stderr:/usr/bin/ceph:
2022-05-22T06:15:32.527+0000 7fa053fff700 1 --2- 172.21.15.3:0/274128034 >> [v2:172.21.15.3:6800/3984683644,v1:172.21.15.3:6801/3984683644] conn(0x7fa05802fd50 0x7fa058032210 unknown :-1 s=NONE pgs=0 cs=0 l=1 rev1=0 rx=0 tx=0).connect
2022-05-22T06:15:32.538 INFO:teuthology.orchestra.run.smithi003.stderr:/usr/bin/ceph:
2022-05-22T06:15:32.527+0000 7fa053fff700 1 -- 172.21.15.3:0/274128034 <== mon.0 v2:172.21.15.3:3300/0 5 ==== osd_map(2..2 src has 1..2) v4 ==== 926+0+0 (secure 0 0 0) 0x7fa05c041560 con 0x7fa06c06fbd0
2022-05-22T06:15:32.538 INFO:teuthology.orchestra.run.smithi003.stderr:/usr/bin/ceph:
2022-05-22T06:15:32.527+0000 7fa06affd700 1 --2- 172.21.15.3:0/274128034 >> [v2:172.21.15.3:6800/3984683644,v1:172.21.15.3:6801/3984683644] conn(0x7fa05802fd50 0x7fa058032210 unknown :-1 s=BANNER_CONNECTING pgs=0 cs=0 l=1 rev1=0 rx=0 tx=0)._handle_peer_banner_payload supported=1 required=0
2022-05-22T06:15:32.539 INFO:teuthology.orchestra.run.smithi003.stderr:/usr/bin/ceph:
2022-05-22T06:15:32.528+0000 7fa06affd700 1 --2- 172.21.15.3:0/274128034 >> [v2:172.21.15.3:6800/3984683644,v1:172.21.15.3:6801/3984683644] conn(0x7fa05802fd50 0x7fa058032210 secure :-1 s=READY pgs=13 cs=0 l=1 rev1=1 rx=0x7fa0600096a0 tx=0x7fa060006b40).ready entity=mgr.14114 client_cookie=0 server_cookie=0 in_seq=0 out_seq=0
2022-05-22T06:15:32.539 INFO:teuthology.orchestra.run.smithi003.stderr:/usr/bin/ceph:
2022-05-22T06:15:32.532+0000 7fa053fff700 1 -- 172.21.15.3:0/274128034 <== mon.0 v2:172.21.15.3:3300/0 6 ==== mon_command_ack([{"prefix": "get_command_descriptions"}]=0 v0) v1 ==== 72+0+152212 (secure 0 0 0) 0x7fa05c010be0 con 0x7fa06c06fbd0
2022-05-22T06:15:32.723 INFO:teuthology.orchestra.run.smithi003.stderr:/usr/bin/ceph:
2022-05-22T06:15:32.721+0000 7fa070930700 1 -- 172.21.15.3:0/274128034 --> [v2:172.21.15.3:6800/3984683644,v1:172.21.15.3:6801/3984683644] -- mgr_command(tid 0: {"prefix": "orch apply", "service_type": "crash", "target": ["mon-mgr", ""]}) v1 -- 0x7fa06c10de50 con 0x7fa05802fd50
2022-05-22T06:15:32.727 INFO:teuthology.orchestra.run.smithi003.stderr:/usr/bin/ceph:
2022-05-22T06:15:32.725+0000 7fa053fff700 1 -- 172.21.15.3:0/274128034 <== mgr.14114 v2:172.21.15.3:6800/3984683644 1 ==== mgr_command_reply(tid 0: 0 ) v1 ==== 8+0+26 (secure 0 0 0) 0x7fa06c10de50 con 0x7fa05802fd50
2022-05-22T06:15:32.728 INFO:teuthology.orchestra.run.smithi003.stderr:/usr/bin/ceph: Scheduled crash update...
2022-05-22T06:15:32.731 INFO:teuthology.orchestra.run.smithi003.stderr:/usr/bin/ceph:
2022-05-22T06:15:32.727+0000 7fa070930700 1 -- 172.21.15.3:0/274128034 >> [v2:172.21.15.3:6800/3984683644,v1:172.21.15.3:6801/3984683644] conn(0x7fa05802fd50 msgr2=0x7fa058032210 secure :-1 s=STATE_CONNECTION_ESTABLISHED l=1).mark_down
2022-05-22T06:15:32.732 INFO:teuthology.orchestra.run.smithi003.stderr:/usr/bin/ceph:
2022-05-22T06:15:32.727+0000 7fa070930700 1 --2- 172.21.15.3:0/274128034 >> [v2:172.21.15.3:6800/3984683644,v1:172.21.15.3:6801/3984683644] conn(0x7fa05802fd50 0x7fa058032210 secure :-1 s=READY pgs=13 cs=0 l=1 rev1=1 rx=0x7fa0600096a0 tx=0x7fa060006b40).stop
2022-05-22T06:15:32.732 INFO:teuthology.orchestra.run.smithi003.stderr:/usr/bin/ceph:
2022-05-22T06:15:32.727+0000 7fa070930700 1 -- 172.21.15.3:0/274128034 >> [v2:172.21.15.3:3300/0,v1:172.21.15.3:6789/0] conn(0x7fa06c06fbd0 msgr2=0x7fa06c10ca70 secure :-1 s=STATE_CONNECTION_ESTABLISHED l=1).mark_down
2022-05-22T06:15:32.733 INFO:teuthology.orchestra.run.smithi003.stderr:/usr/bin/ceph:
2022-05-22T06:15:32.727+0000 7fa070930700 1 --2- 172.21.15.3:0/274128034 >> [v2:172.21.15.3:3300/0,v1:172.21.15.3:6789/0] conn(0x7fa06c06fbd0 0x7fa06c10ca70 secure :-1 s=READY pgs=44 cs=0 l=1 rev1=1 rx=0x7fa05c006c70 tx=0x7fa05c006ee0).stop
2022-05-22T06:15:32.734 INFO:teuthology.orchestra.run.smithi003.stderr:/usr/bin/ceph:
2022-05-22T06:15:32.727+0000 7fa070930700 1 -- 172.21.15.3:0/274128034 shutdown_connections
2022-05-22T06:15:32.735 INFO:teuthology.orchestra.run.smithi003.stderr:/usr/bin/ceph:
2022-05-22T06:15:32.727+0000 7fa070930700 1 --2- 172.21.15.3:0/274128034 >> [v2:172.21.15.3:6800/3984683644,v1:172.21.15.3:6801/3984683644] conn(0x7fa05802fd50 0x7fa058032210 unknown :-1 s=CLOSED pgs=13 cs=0 l=1 rev1=1 rx=0 tx=0).stop
2022-05-22T06:15:32.736 INFO:teuthology.orchestra.run.smithi003.stderr:/usr/bin/ceph:
2022-05-22T06:15:32.727+0000 7fa070930700 1 --2- 172.21.15.3:0/274128034 >> [v2:172.21.15.3:3300/0,v1:172.21.15.3:6789/0] conn(0x7fa06c06fbd0 0x7fa06c10ca70 unknown :-1 s=CLOSED pgs=44 cs=0 l=1 rev1=1 rx=0 tx=0).stop
2022-05-22T06:15:32.736 INFO:teuthology.orchestra.run.smithi003.stderr:/usr/bin/ceph:
2022-05-22T06:15:32.727+0000 7fa070930700 1 -- 172.21.15.3:0/274128034 >> 172.21.15.3:0/274128034 conn(0x7fa06c0f6130 msgr2=0x7fa06c0f7c50 unknown :-1 s=STATE_NONE l=0).mark_down
2022-05-22T06:15:32.737 INFO:teuthology.orchestra.run.smithi003.stderr:/usr/bin/ceph:
2022-05-22T06:15:32.727+0000 7fa070930700 1 -- 172.21.15.3:0/274128034 shutdown_connections
2022-05-22T06:15:32.737 INFO:teuthology.orchestra.run.smithi003.stderr:/usr/bin/ceph:
2022-05-22T06:15:32.727+0000 7fa070930700 1 -- 172.21.15.3:0/274128034 wait complete.
2022-05-22T06:15:33.061 INFO:journalctl@ceph.mon.smithi003.smithi003.stdout:May 22 06:15:32 smithi003 ceph-746e51ae-d996-11ec-be40-001a4aab830c-mon.smithi003[87866]: audit
2022-05-22T06:15:31.619698+0000 mgr.smithi003.smevea (mgr.14114) 12 : audit [DBG] from='client.14136 -' entity='client.admin' cmd=[{"prefix": "orch apply", "service_type": "mgr", "target": ["mon-mgr", ""]}]: dispatch
2022-05-22T06:15:33.061 INFO:journalctl@ceph.mon.smithi003.smithi003.stdout:May 22 06:15:32 smithi003 ceph-746e51ae-d996-11ec-be40-001a4aab830c-mon.smithi003[87866]: cephadm
2022-05-22T06:15:31.620222+0000 mgr.smithi003.smevea (mgr.14114) 13 : cephadm [INF] Saving service mgr spec with placement count:2
2022-05-22T06:15:33.062 INFO:journalctl@ceph.mon.smithi003.smithi003.stdout:May 22 06:15:32 smithi003 ceph-746e51ae-d996-11ec-be40-001a4aab830c-mon.smithi003[87866]: audit
2022-05-22T06:15:31.623057+0000 mon.smithi003 (mon.0) 56 : audit [INF] from='mgr.14114 172.21.15.3:0/632485619' entity='mgr.smithi003.smevea'
2022-05-22T06:15:33.062 INFO:journalctl@ceph.mon.smithi003.smithi003.stdout:May 22 06:15:32 smithi003 ceph-746e51ae-d996-11ec-be40-001a4aab830c-mon.smithi003[87866]: audit
2022-05-22T06:15:32.238629+0000 mon.smithi003 (mon.0) 57 : audit [INF] from='mgr.14114 172.21.15.3:0/632485619' entity='mgr.smithi003.smevea'
2022-05-22T06:15:33.151 INFO:teuthology.orchestra.run.smithi003.stderr:Enabling mgr prometheus module...
2022-05-22T06:15:33.151 INFO:teuthology.orchestra.run.smithi003.stderr:Running command: /bin/podman run --rm --ipc=host --no-hosts --net=host --entrypoint /usr/bin/ceph --init -e CONTAINER_IMAGE=docker.io/ceph/ceph:v16.2.4 -e NODE_NAME=smithi003 -e CEPH_USE_RANDOM_NONCE=1 -v /var/log/ceph/746e51ae-d996-11ec-be40-001a4aab830c:/var/log/ceph:z -v /tmp/ceph-tmpqc0i48nj:/etc/ceph/ceph.client.admin.keyring:z -v /tmp/ceph-tmpzwyxbmb6:/etc/ceph/ceph.conf:z docker.io/ceph/ceph:v16.2.4 mgr module enable prometheus
2022-05-22T06:15:33.582 INFO:teuthology.orchestra.run.smithi003.stderr:/usr/bin/ceph:
2022-05-22T06:15:33.577+0000 7fed8880c700 1 Processor -- start
2022-05-22T06:15:33.583 INFO:teuthology.orchestra.run.smithi003.stderr:/usr/bin/ceph:
2022-05-22T06:15:33.577+0000 7fed8880c700 1 -- start start
2022-05-22T06:15:33.583 INFO:teuthology.orchestra.run.smithi003.stderr:/usr/bin/ceph:
2022-05-22T06:15:33.578+0000 7fed8880c700 1 --2- >> [v2:172.21.15.3:3300/0,v1:172.21.15.3:6789/0] conn(0x7fed8406fc90 0x7fed840fe7e0 unknown :-1 s=NONE pgs=0 cs=0 l=0 rev1=0 rx=0 tx=0).connect
2022-05-22T06:15:33.583 INFO:teuthology.orchestra.run.smithi003.stderr:/usr/bin/ceph:
2022-05-22T06:15:33.578+0000 7fed8880c700 1 -- --> [v2:172.21.15.3:3300/0,v1:172.21.15.3:6789/0] -- mon_getmap magic: 0 v1 -- 0x7fed840fed60 con 0x7fed8406fc90
2022-05-22T06:15:33.584 INFO:teuthology.orchestra.run.smithi003.stderr:/usr/bin/ceph:
2022-05-22T06:15:33.578+0000 7fed8259c700 1 --2- >> [v2:172.21.15.3:3300/0,v1:172.21.15.3:6789/0] conn(0x7fed8406fc90 0x7fed840fe7e0 unknown :-1 s=BANNER_CONNECTING pgs=0 cs=0 l=0 rev1=0 rx=0 tx=0)._handle_peer_banner_payload supported=1 required=0
2022-05-22T06:15:33.584 INFO:teuthology.orchestra.run.smithi003.stderr:/usr/bin/ceph:
2022-05-22T06:15:33.578+0000 7fed8259c700 1 --2- >> [v2:172.21.15.3:3300/0,v1:172.21.15.3:6789/0] conn(0x7fed8406fc90 0x7fed840fe7e0 unknown :-1 s=HELLO_CONNECTING pgs=0 cs=0 l=0 rev1=1 rx=0 tx=0).handle_hello peer v2:172.21.15.3:3300/0 says I am v2:172.21.15.3:47994/0 (socket says 172.21.15.3:47994)
2022-05-22T06:15:33.585 INFO:teuthology.orchestra.run.smithi003.stderr:/usr/bin/ceph:
2022-05-22T06:15:33.578+0000 7fed8259c700 1 -- 172.21.15.3:0/1801248430 learned_addr learned my addr 172.21.15.3:0/1801248430 (peer_addr_for_me v2:172.21.15.3:0/0)
2022-05-22T06:15:33.585 INFO:teuthology.orchestra.run.smithi003.stderr:/usr/bin/ceph:
2022-05-22T06:15:33.578+0000 7fed8259c700 1 -- 172.21.15.3:0/1801248430 --> [v2:172.21.15.3:3300/0,v1:172.21.15.3:6789/0] -- mon_subscribe({config=0+,monmap=0+}) v3 -- 0x7fed840feea0 con 0x7fed8406fc90
2022-05-22T06:15:33.586 INFO:teuthology.orchestra.run.smithi003.stderr:/usr/bin/ceph:
2022-05-22T06:15:33.578+0000 7fed8259c700 1 --2- 172.21.15.3:0/1801248430 >> [v2:172.21.15.3:3300/0,v1:172.21.15.3:6789/0] conn(0x7fed8406fc90 0x7fed840fe7e0 secure :-1 s=READY pgs=45 cs=0 l=1 rev1=1 rx=0x7fed7400b5f0 tx=0x7fed74006ee0).ready entity=mon.0 client_cookie=cf1c46af565ba22a server_cookie=0 in_seq=0 out_seq=0
2022-05-22T06:15:33.586 INFO:teuthology.orchestra.run.smithi003.stderr:/usr/bin/ceph:
2022-05-22T06:15:33.578+0000 7fed8159a700 1 -- 172.21.15.3:0/1801248430 <== mon.0 v2:172.21.15.3:3300/0 1 ==== mon_map magic: 0 v1 ==== 229+0+0 (secure 0 0 0) 0x7fed7400d600 con 0x7fed8406fc90
2022-05-22T06:15:33.587 INFO:teuthology.orchestra.run.smithi003.stderr:/usr/bin/ceph:
2022-05-22T06:15:33.578+0000 7fed8159a700 1 -- 172.21.15.3:0/1801248430 <== mon.0 v2:172.21.15.3:3300/0 2 ==== config(25 keys) v1 ==== 1074+0+0 (secure 0 0 0) 0x7fed7400dc10 con 0x7fed8406fc90
2022-05-22T06:15:33.587 INFO:teuthology.orchestra.run.smithi003.stderr:/usr/bin/ceph:
2022-05-22T06:15:33.578+0000 7fed8159a700 1 -- 172.21.15.3:0/1801248430 <== mon.0 v2:172.21.15.3:3300/0 3 ==== mon_map magic: 0 v1 ==== 229+0+0 (secure 0 0 0) 0x7fed74011cd0 con 0x7fed8406fc90
2022-05-22T06:15:33.588 INFO:teuthology.orchestra.run.smithi003.stderr:/usr/bin/ceph:
2022-05-22T06:15:33.579+0000 7fed8880c700 1 -- 172.21.15.3:0/1801248430 >> [v2:172.21.15.3:3300/0,v1:172.21.15.3:6789/0] conn(0x7fed8406fc90 msgr2=0x7fed840fe7e0 secure :-1 s=STATE_CONNECTION_ESTABLISHED l=1).mark_down
2022-05-22T06:15:33.588 INFO:teuthology.orchestra.run.smithi003.stderr:/usr/bin/ceph:
2022-05-22T06:15:33.579+0000 7fed8880c700 1 --2- 172.21.15.3:0/1801248430 >> [v2:172.21.15.3:3300/0,v1:172.21.15.3:6789/0] conn(0x7fed8406fc90 0x7fed840fe7e0 secure :-1 s=READY pgs=45 cs=0 l=1 rev1=1 rx=0x7fed7400b5f0 tx=0x7fed74006ee0).stop
2022-05-22T06:15:33.589 INFO:teuthology.orchestra.run.smithi003.stderr:/usr/bin/ceph:
2022-05-22T06:15:33.579+0000 7fed8880c700 1 -- 172.21.15.3:0/1801248430 shutdown_connections
2022-05-22T06:15:33.593 INFO:teuthology.orchestra.run.smithi003.stderr:/usr/bin/ceph:
2022-05-22T06:15:33.579+0000 7fed8880c700 1 --2- 172.21.15.3:0/1801248430 >> [v2:172.21.15.3:3300/0,v1:172.21.15.3:6789/0] conn(0x7fed8406fc90 0x7fed840fe7e0 unknown :-1 s=CLOSED pgs=45 cs=0 l=1 rev1=1 rx=0 tx=0).stop
2022-05-22T06:15:33.593 INFO:teuthology.orchestra.run.smithi003.stderr:/usr/bin/ceph:
2022-05-22T06:15:33.579+0000 7fed8880c700 1 -- 172.21.15.3:0/1801248430 >> 172.21.15.3:0/1801248430 conn(0x7fed840f6280 msgr2=0x7fed840f86a0 unknown :-1 s=STATE_NONE l=0).mark_down
2022-05-22T06:15:33.594 INFO:teuthology.orchestra.run.smithi003.stderr:/usr/bin/ceph:
2022-05-22T06:15:33.579+0000 7fed8880c700 1 -- 172.21.15.3:0/1801248430 shutdown_connections
2022-05-22T06:15:33.594 INFO:teuthology.orchestra.run.smithi003.stderr:/usr/bin/ceph:
2022-05-22T06:15:33.579+0000 7fed8880c700 1 -- 172.21.15.3:0/1801248430 wait complete.
2022-05-22T06:15:33.594 INFO:teuthology.orchestra.run.smithi003.stderr:/usr/bin/ceph:
2022-05-22T06:15:33.580+0000 7fed8880c700 1 Processor -- start
2022-05-22T06:15:33.594 INFO:teuthology.orchestra.run.smithi003.stderr:/usr/bin/ceph:
2022-05-22T06:15:33.580+0000 7fed8880c700 1 -- start start
2022-05-22T06:15:33.594 INFO:teuthology.orchestra.run.smithi003.stderr:/usr/bin/ceph:
2022-05-22T06:15:33.580+0000 7fed8880c700 1 --2- >> [v2:172.21.15.3:3300/0,v1:172.21.15.3:6789/0] conn(0x7fed8406fc90 0x7fed8410a9e0 unknown :-1 s=NONE pgs=0 cs=0 l=1 rev1=0 rx=0 tx=0).connect
2022-05-22T06:15:33.595 INFO:teuthology.orchestra.run.smithi003.stderr:/usr/bin/ceph:
2022-05-22T06:15:33.580+0000 7fed8880c700 1 -- --> [v2:172.21.15.3:3300/0,v1:172.21.15.3:6789/0] -- mon_getmap magic: 0 v1 -- 0x7fed8410aed0 con 0x7fed8406fc90
2022-05-22T06:15:33.595 INFO:teuthology.orchestra.run.smithi003.stderr:/usr/bin/ceph:
2022-05-22T06:15:33.580+0000 7fed8259c700 1 --2- >> [v2:172.21.15.3:3300/0,v1:172.21.15.3:6789/0] conn(0x7fed8406fc90 0x7fed8410a9e0 unknown :-1 s=BANNER_CONNECTING pgs=0 cs=0 l=1 rev1=0 rx=0 tx=0)._handle_peer_banner_payload supported=1 required=0
2022-05-22T06:15:33.596 INFO:teuthology.orchestra.run.smithi003.stderr:/usr/bin/ceph:
2022-05-22T06:15:33.580+0000 7fed8259c700 1 --2- >> [v2:172.21.15.3:3300/0,v1:172.21.15.3:6789/0] conn(0x7fed8406fc90 0x7fed8410a9e0 unknown :-1 s=HELLO_CONNECTING pgs=0 cs=0 l=1 rev1=1 rx=0 tx=0).handle_hello peer v2:172.21.15.3:3300/0 says I am v2:172.21.15.3:47996/0 (socket says 172.21.15.3:47996)
2022-05-22T06:15:33.596 INFO:teuthology.orchestra.run.smithi003.stderr:/usr/bin/ceph:
2022-05-22T06:15:33.580+0000 7fed8259c700 1 -- 172.21.15.3:0/4193173373 learned_addr learned my addr 172.21.15.3:0/4193173373 (peer_addr_for_me v2:172.21.15.3:0/0)
2022-05-22T06:15:33.598 INFO:teuthology.orchestra.run.smithi003.stderr:/usr/bin/ceph:
2022-05-22T06:15:33.580+0000 7fed8259c700 1 -- 172.21.15.3:0/4193173373 --> [v2:172.21.15.3:3300/0,v1:172.21.15.3:6789/0] -- mon_subscribe({config=0+,monmap=0+}) v3 -- 0x7fed7400b200 con 0x7fed8406fc90
2022-05-22T06:15:33.598 INFO:teuthology.orchestra.run.smithi003.stderr:/usr/bin/ceph:
2022-05-22T06:15:33.580+0000 7fed8259c700 1 --2- 172.21.15.3:0/4193173373 >> [v2:172.21.15.3:3300/0,v1:172.21.15.3:6789/0] conn(0x7fed8406fc90 0x7fed8410a9e0 secure :-1 s=READY pgs=46 cs=0 l=1 rev1=1 rx=0x7fed74006cb0 tx=0x7fed74006ee0).ready entity=mon.0 client_cookie=0 server_cookie=0 in_seq=0 out_seq=0
2022-05-22T06:15:33.598 INFO:teuthology.orchestra.run.smithi003.stderr:/usr/bin/ceph:
2022-05-22T06:15:33.581+0000 7fed72ffd700 1 -- 172.21.15.3:0/4193173373 <== mon.0 v2:172.21.15.3:3300/0 1 ==== mon_map magic: 0 v1 ==== 229+0+0 (secure 0 0 0) 0x7fed74011df0 con 0x7fed8406fc90
2022-05-22T06:15:33.599 INFO:teuthology.orchestra.run.smithi003.stderr:/usr/bin/ceph:
2022-05-22T06:15:33.581+0000 7fed8880c700 1 -- 172.21.15.3:0/4193173373 --> [v2:172.21.15.3:3300/0,v1:172.21.15.3:6789/0] -- mon_subscribe({mgrmap=0+}) v3 -- 0x7fed8410b0d0 con 0x7fed8406fc90
2022-05-22T06:15:33.599 INFO:teuthology.orchestra.run.smithi003.stderr:/usr/bin/ceph:
2022-05-22T06:15:33.581+0000 7fed72ffd700 1 -- 172.21.15.3:0/4193173373 <== mon.0 v2:172.21.15.3:3300/0 2 ==== config(25 keys) v1 ==== 1074+0+0 (secure 0 0 0) 0x7fed7401b8c0 con 0x7fed8406fc90
2022-05-22T06:15:33.599 INFO:teuthology.orchestra.run.smithi003.stderr:/usr/bin/ceph:
2022-05-22T06:15:33.581+0000 7fed72ffd700 1 -- 172.21.15.3:0/4193173373 <== mon.0 v2:172.21.15.3:3300/0 3 ==== mon_map magic: 0 v1 ==== 229+0+0 (secure 0 0 0) 0x7fed7401a930 con 0x7fed8406fc90
2022-05-22T06:15:33.599 INFO:teuthology.orchestra.run.smithi003.stderr:/usr/bin/ceph:
2022-05-22T06:15:33.581+0000 7fed8880c700 1 -- 172.21.15.3:0/4193173373 --> [v2:172.21.15.3:3300/0,v1:172.21.15.3:6789/0] -- mon_subscribe({osdmap=0}) v3 -- 0x7fed8410b4e0 con 0x7fed8406fc90
2022-05-22T06:15:33.600 INFO:teuthology.orchestra.run.smithi003.stderr:/usr/bin/ceph:
2022-05-22T06:15:33.581+0000 7fed72ffd700 1 -- 172.21.15.3:0/4193173373 <== mon.0 v2:172.21.15.3:3300/0 4 ==== mgrmap(e 7) v1 ==== 36120+0+0 (secure 0 0 0) 0x7fed7400f070 con 0x7fed8406fc90
2022-05-22T06:15:33.600 INFO:teuthology.orchestra.run.smithi003.stderr:/usr/bin/ceph:
2022-05-22T06:15:33.582+0000 7fed72ffd700 1 --2- 172.21.15.3:0/4193173373 >> [v2:172.21.15.3:6800/3984683644,v1:172.21.15.3:6801/3984683644] conn(0x7fed6802fd50 0x7fed68032210 unknown :-1 s=NONE pgs=0 cs=0 l=1 rev1=0 rx=0 tx=0).connect
2022-05-22T06:15:33.600 INFO:teuthology.orchestra.run.smithi003.stderr:/usr/bin/ceph:
2022-05-22T06:15:33.582+0000 7fed8880c700 1 -- 172.21.15.3:0/4193173373 --> [v2:172.21.15.3:3300/0,v1:172.21.15.3:6789/0] -- mon_command({"prefix": "get_command_descriptions"} v 0) v1 -- 0x7fed84045ad0 con 0x7fed8406fc90
2022-05-22T06:15:33.600 INFO:teuthology.orchestra.run.smithi003.stderr:/usr/bin/ceph:
2022-05-22T06:15:33.582+0000 7fed72ffd700 1 -- 172.21.15.3:0/4193173373 <== mon.0 v2:172.21.15.3:3300/0 5 ==== osd_map(2..2 src has 1..2) v4 ==== 926+0+0 (secure 0 0 0) 0x7fed74040dc0 con 0x7fed8406fc90
2022-05-22T06:15:33.600 INFO:teuthology.orchestra.run.smithi003.stderr:/usr/bin/ceph:
2022-05-22T06:15:33.582+0000 7fed81d9b700 1 --2- 172.21.15.3:0/4193173373 >> [v2:172.21.15.3:6800/3984683644,v1:172.21.15.3:6801/3984683644] conn(0x7fed6802fd50 0x7fed68032210 unknown :-1 s=BANNER_CONNECTING pgs=0 cs=0 l=1 rev1=0 rx=0 tx=0)._handle_peer_banner_payload supported=1 required=0
2022-05-22T06:15:33.601 INFO:teuthology.orchestra.run.smithi003.stderr:/usr/bin/ceph:
2022-05-22T06:15:33.582+0000 7fed81d9b700 1 --2- 172.21.15.3:0/4193173373 >> [v2:172.21.15.3:6800/3984683644,v1:172.21.15.3:6801/3984683644] conn(0x7fed6802fd50 0x7fed68032210 secure :-1 s=READY pgs=14 cs=0 l=1 rev1=1 rx=0x7fed780096a0 tx=0x7fed78006b40).ready entity=mgr.14114 client_cookie=0 server_cookie=0 in_seq=0 out_seq=0
2022-05-22T06:15:33.601 INFO:teuthology.orchestra.run.smithi003.stderr:/usr/bin/ceph:
2022-05-22T06:15:33.586+0000 7fed72ffd700 1 -- 172.21.15.3:0/4193173373 <== mon.0 v2:172.21.15.3:3300/0 6 ==== mon_command_ack([{"prefix": "get_command_descriptions"}]=0 v0) v1 ==== 72+0+152212 (secure 0 0 0) 0x7fed74024410 con 0x7fed8406fc90
2022-05-22T06:15:33.792 INFO:teuthology.orchestra.run.smithi003.stderr:/usr/bin/ceph:
2022-05-22T06:15:33.790+0000 7fed8880c700 1 -- 172.21.15.3:0/4193173373 --> [v2:172.21.15.3:3300/0,v1:172.21.15.3:6789/0] -- mon_command({"prefix": "mgr module enable", "module": "prometheus"} v 0) v1 -- 0x7fed840ffc40 con 0x7fed8406fc90
2022-05-22T06:15:34.061 INFO:journalctl@ceph.mon.smithi003.smithi003.stdout:May 22 06:15:33 smithi003 ceph-746e51ae-d996-11ec-be40-001a4aab830c-mon.smithi003[87866]: audit
2022-05-22T06:15:32.638656+0000 mon.smithi003 (mon.0) 58 : audit [INF] from='mgr.14114 172.21.15.3:0/632485619' entity='mgr.smithi003.smevea'
2022-05-22T06:15:34.061 INFO:journalctl@ceph.mon.smithi003.smithi003.stdout:May 22 06:15:33 smithi003 ceph-746e51ae-d996-11ec-be40-001a4aab830c-mon.smithi003[87866]: audit
2022-05-22T06:15:32.726110+0000 mon.smithi003 (mon.0) 59 : audit [INF] from='mgr.14114 172.21.15.3:0/632485619' entity='mgr.smithi003.smevea'
2022-05-22T06:15:34.641 INFO:teuthology.orchestra.run.smithi003.stderr:/usr/bin/ceph:
2022-05-22T06:15:34.639+0000 7fed72ffd700 1 -- 172.21.15.3:0/4193173373 <== mon.0 v2:172.21.15.3:3300/0 7 ==== mgrmap(e 8) v1 ==== 36134+0+0 (secure 0 0 0) 0x7fed74024740 con 0x7fed8406fc90
2022-05-22T06:15:34.643 INFO:teuthology.orchestra.run.smithi003.stderr:/usr/bin/ceph:
2022-05-22T06:15:34.640+0000 7fed72ffd700 1 -- 172.21.15.3:0/4193173373 <== mon.0 v2:172.21.15.3:3300/0 8 ==== mon_command_ack([{"prefix": "mgr module enable", "module": "prometheus"}]=0 v8) v1 ==== 89+0+0 (secure 0 0 0) 0x7fed74019880 con 0x7fed8406fc90
2022-05-22T06:15:34.646 INFO:teuthology.orchestra.run.smithi003.stderr:/usr/bin/ceph:
2022-05-22T06:15:34.643+0000 7fed8880c700 1 -- 172.21.15.3:0/4193173373 >> [v2:172.21.15.3:6800/3984683644,v1:172.21.15.3:6801/3984683644] conn(0x7fed6802fd50 msgr2=0x7fed68032210 secure :-1 s=STATE_CONNECTION_ESTABLISHED l=1).mark_down
2022-05-22T06:15:34.647 INFO:teuthology.orchestra.run.smithi003.stderr:/usr/bin/ceph:
2022-05-22T06:15:34.643+0000 7fed8880c700 1 --2- 172.21.15.3:0/4193173373 >> [v2:172.21.15.3:6800/3984683644,v1:172.21.15.3:6801/3984683644] conn(0x7fed6802fd50 0x7fed68032210 secure :-1 s=READY pgs=14 cs=0 l=1 rev1=1 rx=0x7fed780096a0 tx=0x7fed78006b40).stop
2022-05-22T06:15:34.647 INFO:teuthology.orchestra.run.smithi003.stderr:/usr/bin/ceph:
2022-05-22T06:15:34.643+0000 7fed8880c700 1 -- 172.21.15.3:0/4193173373 >> [v2:172.21.15.3:3300/0,v1:172.21.15.3:6789/0] conn(0x7fed8406fc90 msgr2=0x7fed8410a9e0 secure :-1 s=STATE_CONNECTION_ESTABLISHED l=1).mark_down
2022-05-22T06:15:34.647 INFO:teuthology.orchestra.run.smithi003.stderr:/usr/bin/ceph:
2022-05-22T06:15:34.643+0000 7fed8880c700 1 --2- 172.21.15.3:0/4193173373 >> [v2:172.21.15.3:3300/0,v1:172.21.15.3:6789/0] conn(0x7fed8406fc90 0x7fed8410a9e0 secure :-1 s=READY pgs=46 cs=0 l=1 rev1=1 rx=0x7fed74006cb0 tx=0x7fed74006ee0).stop
2022-05-22T06:15:34.648 INFO:teuthology.orchestra.run.smithi003.stderr:/usr/bin/ceph:
2022-05-22T06:15:34.643+0000 7fed8880c700 1 -- 172.21.15.3:0/4193173373 shutdown_connections
2022-05-22T06:15:34.648 INFO:teuthology.orchestra.run.smithi003.stderr:/usr/bin/ceph:
2022-05-22T06:15:34.643+0000 7fed8880c700 1 --2- 172.21.15.3:0/4193173373 >> [v2:172.21.15.3:6800/3984683644,v1:172.21.15.3:6801/3984683644] conn(0x7fed6802fd50 0x7fed68032210 unknown :-1 s=CLOSED pgs=14 cs=0 l=1 rev1=1 rx=0 tx=0).stop
2022-05-22T06:15:34.648 INFO:teuthology.orchestra.run.smithi003.stderr:/usr/bin/ceph:
2022-05-22T06:15:34.643+0000 7fed8880c700 1 --2- 172.21.15.3:0/4193173373 >> [v2:172.21.15.3:3300/0,v1:172.21.15.3:6789/0] conn(0x7fed8406fc90 0x7fed8410a9e0 unknown :-1 s=CLOSED pgs=46 cs=0 l=1 rev1=1 rx=0 tx=0).stop
2022-05-22T06:15:34.648 INFO:teuthology.orchestra.run.smithi003.stderr:/usr/bin/ceph:
2022-05-22T06:15:34.643+0000 7fed8880c700 1 -- 172.21.15.3:0/4193173373 >> 172.21.15.3:0/4193173373 conn(0x7fed840f6280 msgr2=0x7fed840f7e60 unknown :-1 s=STATE_NONE l=0).mark_down
2022-05-22T06:15:34.648 INFO:teuthology.orchestra.run.smithi003.stderr:/usr/bin/ceph:
2022-05-22T06:15:34.644+0000 7fed8880c700 1 -- 172.21.15.3:0/4193173373 shutdown_connections
2022-05-22T06:15:34.649 INFO:teuthology.orchestra.run.smithi003.stderr:/usr/bin/ceph:
2022-05-22T06:15:34.644+0000 7fed8880c700 1 -- 172.21.15.3:0/4193173373 wait complete.
2022-05-22T06:15:34.909 INFO:journalctl@ceph.mon.smithi003.smithi003.stdout:May 22 06:15:34 smithi003 ceph-746e51ae-d996-11ec-be40-001a4aab830c-mon.smithi003[87866]: audit
2022-05-22T06:15:32.722490+0000 mgr.smithi003.smevea (mgr.14114) 14 : audit [DBG] from='client.14138 -' entity='client.admin' cmd=[{"prefix": "orch apply", "service_type": "crash", "target": ["mon-mgr", ""]}]: dispatch
2022-05-22T06:15:34.910 INFO:journalctl@ceph.mon.smithi003.smithi003.stdout:May 22 06:15:34 smithi003 ceph-746e51ae-d996-11ec-be40-001a4aab830c-mon.smithi003[87866]: cephadm
2022-05-22T06:15:32.723163+0000 mgr.smithi003.smevea (mgr.14114) 15 : cephadm [INF] Saving service crash spec with placement *
2022-05-22T06:15:34.910 INFO:journalctl@ceph.mon.smithi003.smithi003.stdout:May 22 06:15:34 smithi003 ceph-746e51ae-d996-11ec-be40-001a4aab830c-mon.smithi003[87866]: audit
2022-05-22T06:15:33.791409+0000 mon.smithi003 (mon.0) 60 : audit [INF] from='client.? 172.21.15.3:0/4193173373' entity='client.admin' cmd=[{"prefix": "mgr module enable", "module": "prometheus"}]: dispatch
2022-05-22T06:15:34.910 INFO:journalctl@ceph.mon.smithi003.smithi003.stdout:May 22 06:15:34 smithi003 ceph-746e51ae-d996-11ec-be40-001a4aab830c-mon.smithi003[87866]: audit
2022-05-22T06:15:34.268975+0000 mon.smithi003 (mon.0) 61 : audit [INF] from='mgr.14114 172.21.15.3:0/632485619' entity='mgr.smithi003.smevea'
2022-05-22T06:15:35.095 INFO:teuthology.orchestra.run.smithi003.stderr:Deploying prometheus service with default placement...
2022-05-22T06:15:35.095 INFO:teuthology.orchestra.run.smithi003.stderr:Running command: /bin/podman run --rm --ipc=host --no-hosts --net=host --entrypoint /usr/bin/ceph --init -e CONTAINER_IMAGE=docker.io/ceph/ceph:v16.2.4 -e NODE_NAME=smithi003 -e CEPH_USE_RANDOM_NONCE=1 -v /var/log/ceph/746e51ae-d996-11ec-be40-001a4aab830c:/var/log/ceph:z -v /tmp/ceph-tmpqc0i48nj:/etc/ceph/ceph.client.admin.keyring:z -v /tmp/ceph-tmpzwyxbmb6:/etc/ceph/ceph.conf:z docker.io/ceph/ceph:v16.2.4 orch apply prometheus
2022-05-22T06:15:35.716 INFO:teuthology.orchestra.run.smithi003.stderr:/usr/bin/ceph:
2022-05-22T06:15:35.713+0000 7fc89965c700 1 Processor -- start
2022-05-22T06:15:35.717 INFO:teuthology.orchestra.run.smithi003.stderr:/usr/bin/ceph:
2022-05-22T06:15:35.713+0000 7fc89965c700 1 -- start start
2022-05-22T06:15:35.717 INFO:teuthology.orchestra.run.smithi003.stderr:/usr/bin/ceph:
2022-05-22T06:15:35.714+0000 7fc89965c700 1 --2- >> [v2:172.21.15.3:3300/0,v1:172.21.15.3:6789/0] conn(0x7fc894070c90 0x7fc89406f160 unknown :-1 s=NONE pgs=0 cs=0 l=0 rev1=0 rx=0 tx=0).connect
2022-05-22T06:15:35.722 INFO:teuthology.orchestra.run.smithi003.stderr:/usr/bin/ceph:
2022-05-22T06:15:35.714+0000 7fc89965c700 1 -- --> [v2:172.21.15.3:3300/0,v1:172.21.15.3:6789/0] -- mon_getmap magic: 0 v1 -- 0x7fc89406f650 con 0x7fc894070c90
2022-05-22T06:15:35.722 INFO:teuthology.orchestra.run.smithi003.stderr:/usr/bin/ceph:
2022-05-22T06:15:35.714+0000 7fc892ffd700 1 --2- >> [v2:172.21.15.3:3300/0,v1:172.21.15.3:6789/0] conn(0x7fc894070c90 0x7fc89406f160 unknown :-1 s=BANNER_CONNECTING pgs=0 cs=0 l=0 rev1=0 rx=0 tx=0)._handle_peer_banner_payload supported=1 required=0
2022-05-22T06:15:35.722 INFO:teuthology.orchestra.run.smithi003.stderr:/usr/bin/ceph:
2022-05-22T06:15:35.714+0000 7fc892ffd700 1 --2- >> [v2:172.21.15.3:3300/0,v1:172.21.15.3:6789/0] conn(0x7fc894070c90 0x7fc89406f160 unknown :-1 s=HELLO_CONNECTING pgs=0 cs=0 l=0 rev1=1 rx=0 tx=0).handle_hello peer v2:172.21.15.3:3300/0 says I am v2:172.21.15.3:48010/0 (socket says 172.21.15.3:48010)
2022-05-22T06:15:35.723 INFO:teuthology.orchestra.run.smithi003.stderr:/usr/bin/ceph:
2022-05-22T06:15:35.714+0000 7fc892ffd700 1 -- 172.21.15.3:0/1084182880 learned_addr learned my addr 172.21.15.3:0/1084182880 (peer_addr_for_me v2:172.21.15.3:0/0)
2022-05-22T06:15:35.723 INFO:teuthology.orchestra.run.smithi003.stderr:/usr/bin/ceph:
2022-05-22T06:15:35.714+0000 7fc892ffd700 1 -- 172.21.15.3:0/1084182880 --> [v2:172.21.15.3:3300/0,v1:172.21.15.3:6789/0] -- mon_subscribe({config=0+,monmap=0+}) v3 -- 0x7fc89406f790 con 0x7fc894070c90
2022-05-22T06:15:35.723 INFO:teuthology.orchestra.run.smithi003.stderr:/usr/bin/ceph:
2022-05-22T06:15:35.714+0000 7fc892ffd700 1 --2- 172.21.15.3:0/1084182880 >> [v2:172.21.15.3:3300/0,v1:172.21.15.3:6789/0] conn(0x7fc894070c90 0x7fc89406f160 secure :-1 s=READY pgs=49 cs=0 l=1 rev1=1 rx=0x7fc87c00b5f0 tx=0x7fc87c006ee0).ready entity=mon.0 client_cookie=765407b9b4402b63 server_cookie=0 in_seq=0 out_seq=0
2022-05-22T06:15:35.723 INFO:teuthology.orchestra.run.smithi003.stderr:/usr/bin/ceph:
2022-05-22T06:15:35.714+0000 7fc891ffb700 1 -- 172.21.15.3:0/1084182880 <== mon.0 v2:172.21.15.3:3300/0 1 ==== mon_map magic: 0 v1 ==== 229+0+0 (secure 0 0 0) 0x7fc87c00d600 con 0x7fc894070c90
2022-05-22T06:15:35.724 INFO:teuthology.orchestra.run.smithi003.stderr:/usr/bin/ceph:
2022-05-22T06:15:35.715+0000 7fc891ffb700 1 -- 172.21.15.3:0/1084182880 <== mon.0 v2:172.21.15.3:3300/0 2 ==== config(25 keys) v1 ==== 1074+0+0 (secure 0 0 0) 0x7fc87c00dc10 con 0x7fc894070c90
2022-05-22T06:15:35.724 INFO:teuthology.orchestra.run.smithi003.stderr:/usr/bin/ceph:
2022-05-22T06:15:35.715+0000 7fc891ffb700 1 -- 172.21.15.3:0/1084182880 <== mon.0 v2:172.21.15.3:3300/0 3 ==== mon_map magic: 0 v1 ==== 229+0+0 (secure 0 0 0) 0x7fc87c011cd0 con 0x7fc894070c90
2022-05-22T06:15:35.725 INFO:teuthology.orchestra.run.smithi003.stderr:/usr/bin/ceph:
2022-05-22T06:15:35.715+0000 7fc89965c700 1 -- 172.21.15.3:0/1084182880 >> [v2:172.21.15.3:3300/0,v1:172.21.15.3:6789/0] conn(0x7fc894070c90 msgr2=0x7fc89406f160 secure :-1 s=STATE_CONNECTION_ESTABLISHED l=1).mark_down
2022-05-22T06:15:35.726 INFO:teuthology.orchestra.run.smithi003.stderr:/usr/bin/ceph:
2022-05-22T06:15:35.715+0000 7fc89965c700 1 --2- 172.21.15.3:0/1084182880 >> [v2:172.21.15.3:3300/0,v1:172.21.15.3:6789/0] conn(0x7fc894070c90 0x7fc89406f160 secure :-1 s=READY pgs=49 cs=0 l=1 rev1=1 rx=0x7fc87c00b5f0 tx=0x7fc87c006ee0).stop
2022-05-22T06:15:35.726 INFO:teuthology.orchestra.run.smithi003.stderr:/usr/bin/ceph:
2022-05-22T06:15:35.715+0000 7fc89965c700 1 -- 172.21.15.3:0/1084182880 shutdown_connections
2022-05-22T06:15:35.726 INFO:teuthology.orchestra.run.smithi003.stderr:/usr/bin/ceph:
2022-05-22T06:15:35.715+0000 7fc89965c700 1 --2- 172.21.15.3:0/1084182880 >> [v2:172.21.15.3:3300/0,v1:172.21.15.3:6789/0] conn(0x7fc894070c90 0x7fc89406f160 unknown :-1 s=CLOSED pgs=49 cs=0 l=1 rev1=1 rx=0 tx=0).stop
2022-05-22T06:15:35.726 INFO:teuthology.orchestra.run.smithi003.stderr:/usr/bin/ceph:
2022-05-22T06:15:35.715+0000 7fc89965c700 1 -- 172.21.15.3:0/1084182880 >> 172.21.15.3:0/1084182880 conn(0x7fc8940f73e0 msgr2=0x7fc8940f9800 unknown :-1 s=STATE_NONE l=0).mark_down
2022-05-22T06:15:35.727 INFO:teuthology.orchestra.run.smithi003.stderr:/usr/bin/ceph:
2022-05-22T06:15:35.715+0000 7fc89965c700 1 -- 172.21.15.3:0/1084182880 shutdown_connections
2022-05-22T06:15:35.728 INFO:teuthology.orchestra.run.smithi003.stderr:/usr/bin/ceph:
2022-05-22T06:15:35.715+0000 7fc89965c700 1 -- 172.21.15.3:0/1084182880 wait complete.
2022-05-22T06:15:35.728 INFO:teuthology.orchestra.run.smithi003.stderr:/usr/bin/ceph:
2022-05-22T06:15:35.716+0000 7fc89965c700 1 Processor -- start
2022-05-22T06:15:35.729 INFO:teuthology.orchestra.run.smithi003.stderr:/usr/bin/ceph:
2022-05-22T06:15:35.716+0000 7fc89965c700 1 -- start start
2022-05-22T06:15:35.729 INFO:teuthology.orchestra.run.smithi003.stderr:/usr/bin/ceph:
2022-05-22T06:15:35.716+0000 7fc89965c700 1 --2- >> [v2:172.21.15.3:3300/0,v1:172.21.15.3:6789/0] conn(0x7fc894070c90 0x7fc89410cd90 unknown :-1 s=NONE pgs=0 cs=0 l=1 rev1=0 rx=0 tx=0).connect
2022-05-22T06:15:35.729 INFO:teuthology.orchestra.run.smithi003.stderr:/usr/bin/ceph:
2022-05-22T06:15:35.717+0000 7fc89965c700 1 -- --> [v2:172.21.15.3:3300/0,v1:172.21.15.3:6789/0] -- mon_getmap magic: 0 v1 -- 0x7fc89410d280 con 0x7fc894070c90
2022-05-22T06:15:35.729 INFO:teuthology.orchestra.run.smithi003.stderr:/usr/bin/ceph:
2022-05-22T06:15:35.717+0000 7fc892ffd700 1 --2- >> [v2:172.21.15.3:3300/0,v1:172.21.15.3:6789/0] conn(0x7fc894070c90 0x7fc89410cd90 unknown :-1 s=BANNER_CONNECTING pgs=0 cs=0 l=1 rev1=0 rx=0 tx=0)._handle_peer_banner_payload supported=1 required=0
2022-05-22T06:15:35.730 INFO:teuthology.orchestra.run.smithi003.stderr:/usr/bin/ceph:
2022-05-22T06:15:35.717+0000 7fc892ffd700 1 --2- >> [v2:172.21.15.3:3300/0,v1:172.21.15.3:6789/0] conn(0x7fc894070c90 0x7fc89410cd90 unknown :-1 s=HELLO_CONNECTING pgs=0 cs=0 l=1 rev1=1 rx=0 tx=0).handle_hello peer v2:172.21.15.3:3300/0 says I am v2:172.21.15.3:48012/0 (socket says 172.21.15.3:48012)
2022-05-22T06:15:35.730 INFO:teuthology.orchestra.run.smithi003.stderr:/usr/bin/ceph:
2022-05-22T06:15:35.717+0000 7fc892ffd700 1 -- 172.21.15.3:0/1635598490 learned_addr learned my addr 172.21.15.3:0/1635598490 (peer_addr_for_me v2:172.21.15.3:0/0)
2022-05-22T06:15:35.730 INFO:teuthology.orchestra.run.smithi003.stderr:/usr/bin/ceph:
2022-05-22T06:15:35.717+0000 7fc892ffd700 1 -- 172.21.15.3:0/1635598490 --> [v2:172.21.15.3:3300/0,v1:172.21.15.3:6789/0] -- mon_subscribe({config=0+,monmap=0+}) v3 -- 0x7fc87c00b200 con 0x7fc894070c90
2022-05-22T06:15:35.730 INFO:teuthology.orchestra.run.smithi003.stderr:/usr/bin/ceph:
2022-05-22T06:15:35.717+0000 7fc892ffd700 1 --2- 172.21.15.3:0/1635598490 >> [v2:172.21.15.3:3300/0,v1:172.21.15.3:6789/0] conn(0x7fc894070c90 0x7fc89410cd90 secure :-1 s=READY pgs=50 cs=0 l=1 rev1=1 rx=0x7fc87c006800 tx=0x7fc87c006ee0).ready entity=mon.0 client_cookie=0 server_cookie=0 in_seq=0 out_seq=0
2022-05-22T06:15:35.730 INFO:teuthology.orchestra.run.smithi003.stderr:/usr/bin/ceph:
2022-05-22T06:15:35.717+0000 7fc88b7fe700 1 -- 172.21.15.3:0/1635598490 <== mon.0 v2:172.21.15.3:3300/0 1 ==== mon_map magic: 0 v1 ==== 229+0+0 (secure 0 0 0) 0x7fc87c011df0 con 0x7fc894070c90
2022-05-22T06:15:35.731 INFO:teuthology.orchestra.run.smithi003.stderr:/usr/bin/ceph:
2022-05-22T06:15:35.717+0000 7fc89965c700 1 -- 172.21.15.3:0/1635598490 --> [v2:172.21.15.3:3300/0,v1:172.21.15.3:6789/0] -- mon_subscribe({mgrmap=0+}) v3 -- 0x7fc89410d480 con 0x7fc894070c90
2022-05-22T06:15:35.731 INFO:teuthology.orchestra.run.smithi003.stderr:/usr/bin/ceph:
2022-05-22T06:15:35.717+0000 7fc88b7fe700 1 -- 172.21.15.3:0/1635598490 <== mon.0 v2:172.21.15.3:3300/0 2 ==== config(25 keys) v1 ==== 1074+0+0 (secure 0 0 0) 0x7fc87c01b8c0 con 0x7fc894070c90
2022-05-22T06:15:35.731 INFO:teuthology.orchestra.run.smithi003.stderr:/usr/bin/ceph:
2022-05-22T06:15:35.717+0000 7fc88b7fe700 1 -- 172.21.15.3:0/1635598490 <== mon.0 v2:172.21.15.3:3300/0 3 ==== mon_map magic: 0 v1 ==== 229+0+0 (secure 0 0 0) 0x7fc87c01a800 con 0x7fc894070c90
2022-05-22T06:15:35.731 INFO:teuthology.orchestra.run.smithi003.stderr:/usr/bin/ceph:
2022-05-22T06:15:35.717+0000 7fc89965c700 1 -- 172.21.15.3:0/1635598490 --> [v2:172.21.15.3:3300/0,v1:172.21.15.3:6789/0] -- mon_subscribe({osdmap=0}) v3 -- 0x7fc89410d890 con 0x7fc894070c90
2022-05-22T06:15:35.732 INFO:teuthology.orchestra.run.smithi003.stderr:/usr/bin/ceph:
2022-05-22T06:15:35.718+0000 7fc88b7fe700 1 -- 172.21.15.3:0/1635598490 <== mon.0 v2:172.21.15.3:3300/0 4 ==== mgrmap(e 8) v1 ==== 36134+0+0 (secure 0 0 0) 0x7fc87c00f070 con 0x7fc894070c90
2022-05-22T06:15:35.732 INFO:teuthology.orchestra.run.smithi003.stderr:/usr/bin/ceph:
2022-05-22T06:15:35.718+0000 7fc89965c700 1 -- 172.21.15.3:0/1635598490 --> [v2:172.21.15.3:3300/0,v1:172.21.15.3:6789/0] -- mon_command({"prefix": "get_command_descriptions"} v 0) v1 -- 0x7fc894059100 con 0x7fc894070c90
2022-05-22T06:15:35.732 INFO:teuthology.orchestra.run.smithi003.stderr:/usr/bin/ceph:
2022-05-22T06:15:35.718+0000 7fc88b7fe700 1 --2- 172.21.15.3:0/1635598490 >> [v2:172.21.15.3:6800/3984683644,v1:172.21.15.3:6801/3984683644] conn(0x7fc87402fdb0 0x7fc874032270 unknown :-1 s=NONE pgs=0 cs=0 l=1 rev1=0 rx=0 tx=0).connect
2022-05-22T06:15:35.733 INFO:teuthology.orchestra.run.smithi003.stderr:/usr/bin/ceph:
2022-05-22T06:15:35.719+0000 7fc8927fc700 1 -- 172.21.15.3:0/1635598490 >> [v2:172.21.15.3:6800/3984683644,v1:172.21.15.3:6801/3984683644] conn(0x7fc87402fdb0 msgr2=0x7fc874032270 unknown :-1 s=STATE_CONNECTING_RE l=1).process reconnect failed to v2:172.21.15.3:6800/3984683644
2022-05-22T06:15:35.733 INFO:teuthology.orchestra.run.smithi003.stderr:/usr/bin/ceph:
2022-05-22T06:15:35.719+0000 7fc88b7fe700 1 -- 172.21.15.3:0/1635598490 <== mon.0 v2:172.21.15.3:3300/0 5 ==== osd_map(2..2 src has 1..2) v4 ==== 926+0+0 (secure 0 0 0) 0x7fc87c041e70 con 0x7fc894070c90
2022-05-22T06:15:35.733 INFO:teuthology.orchestra.run.smithi003.stderr:/usr/bin/ceph:
2022-05-22T06:15:35.719+0000 7fc8927fc700 1 --2- 172.21.15.3:0/1635598490 >> [v2:172.21.15.3:6800/3984683644,v1:172.21.15.3:6801/3984683644] conn(0x7fc87402fdb0 0x7fc874032270 unknown :-1 s=START_CONNECT pgs=0 cs=0 l=1 rev1=0 rx=0 tx=0)._fault waiting 0.200000
2022-05-22T06:15:35.734 INFO:teuthology.orchestra.run.smithi003.stderr:/usr/bin/ceph:
2022-05-22T06:15:35.723+0000 7fc88b7fe700 1 -- 172.21.15.3:0/1635598490 <== mon.0 v2:172.21.15.3:3300/0 6 ==== mon_command_ack([{"prefix": "get_command_descriptions"}]=0 v0) v1 ==== 72+0+152212 (secure 0 0 0) 0x7fc87c024410 con 0x7fc894070c90
2022-05-22T06:15:35.914 INFO:teuthology.orchestra.run.smithi003.stderr:/usr/bin/ceph:
2022-05-22T06:15:35.911+0000 7fc89965c700 1 -- 172.21.15.3:0/1635598490 --> [v2:172.21.15.3:6800/3984683644,v1:172.21.15.3:6801/3984683644] -- mgr_command(tid 0: {"prefix": "orch apply", "service_type": "prometheus", "target": ["mon-mgr", ""]}) v1 -- 0x7fc894106be0 con 0x7fc87402fdb0
2022-05-22T06:15:35.930 INFO:teuthology.orchestra.run.smithi003.stderr:/usr/bin/ceph:
2022-05-22T06:15:35.920+0000 7fc8927fc700 1 -- 172.21.15.3:0/1635598490 >> [v2:172.21.15.3:6800/3984683644,v1:172.21.15.3:6801/3984683644] conn(0x7fc87402fdb0 msgr2=0x7fc874032270 unknown :-1 s=STATE_CONNECTING_RE l=1).process reconnect failed to v2:172.21.15.3:6800/3984683644
2022-05-22T06:15:35.931 INFO:teuthology.orchestra.run.smithi003.stderr:/usr/bin/ceph:
2022-05-22T06:15:35.920+0000 7fc8927fc700 1 --2- 172.21.15.3:0/1635598490 >> [v2:172.21.15.3:6800/3984683644,v1:172.21.15.3:6801/3984683644] conn(0x7fc87402fdb0 0x7fc874032270 unknown :-1 s=START_CONNECT pgs=0 cs=0 l=1 rev1=0 rx=0 tx=0)._fault waiting 0.400000
2022-05-22T06:15:36.062 INFO:journalctl@ceph.mon.smithi003.smithi003.stdout:May 22 06:15:35 smithi003 ceph-746e51ae-d996-11ec-be40-001a4aab830c-mon.smithi003[87866]: audit
2022-05-22T06:15:34.641295+0000 mon.smithi003 (mon.0) 62 : audit [INF] from='client.? 172.21.15.3:0/4193173373' entity='client.admin' cmd='[{"prefix": "mgr module enable", "module": "prometheus"}]': finished
2022-05-22T06:15:36.063 INFO:journalctl@ceph.mon.smithi003.smithi003.stdout:May 22 06:15:35 smithi003 ceph-746e51ae-d996-11ec-be40-001a4aab830c-mon.smithi003[87866]: cluster
2022-05-22T06:15:34.641367+0000 mon.smithi003 (mon.0) 63 : cluster [DBG] mgrmap e8: smithi003.smevea(active, since 17s)
2022-05-22T06:15:36.325 INFO:teuthology.orchestra.run.smithi003.stderr:/usr/bin/ceph:
2022-05-22T06:15:36.321+0000 7fc8927fc700 1 -- 172.21.15.3:0/1635598490 >> [v2:172.21.15.3:6800/3984683644,v1:172.21.15.3:6801/3984683644] conn(0x7fc87402fdb0 msgr2=0x7fc874032270 unknown :-1 s=STATE_CONNECTING_RE l=1).process reconnect failed to v2:172.21.15.3:6800/3984683644
2022-05-22T06:15:36.326 INFO:teuthology.orchestra.run.smithi003.stderr:/usr/bin/ceph:
2022-05-22T06:15:36.321+0000 7fc8927fc700 1 --2- 172.21.15.3:0/1635598490 >> [v2:172.21.15.3:6800/3984683644,v1:172.21.15.3:6801/3984683644] conn(0x7fc87402fdb0 0x7fc874032270 unknown :-1 s=START_CONNECT pgs=0 cs=0 l=1 rev1=0 rx=0 tx=0)._fault waiting 0.800000
2022-05-22T06:15:37.126 INFO:teuthology.orchestra.run.smithi003.stderr:/usr/bin/ceph:
2022-05-22T06:15:37.122+0000 7fc8927fc700 1 -- 172.21.15.3:0/1635598490 >> [v2:172.21.15.3:6800/3984683644,v1:172.21.15.3:6801/3984683644] conn(0x7fc87402fdb0 msgr2=0x7fc874032270 unknown :-1 s=STATE_CONNECTING_RE l=1).process reconnect failed to v2:172.21.15.3:6800/3984683644
2022-05-22T06:15:37.127 INFO:teuthology.orchestra.run.smithi003.stderr:/usr/bin/ceph:
2022-05-22T06:15:37.122+0000 7fc8927fc700 1 --2- 172.21.15.3:0/1635598490 >> [v2:172.21.15.3:6800/3984683644,v1:172.21.15.3:6801/3984683644] conn(0x7fc87402fdb0 0x7fc874032270 unknown :-1 s=START_CONNECT pgs=0 cs=0 l=1 rev1=0 rx=0 tx=0)._fault waiting 1.600000
2022-05-22T06:15:38.726 INFO:teuthology.orchestra.run.smithi003.stderr:/usr/bin/ceph:
2022-05-22T06:15:38.723+0000 7fc8927fc700 1 -- 172.21.15.3:0/1635598490 >> [v2:172.21.15.3:6800/3984683644,v1:172.21.15.3:6801/3984683644] conn(0x7fc87402fdb0 msgr2=0x7fc874032270 unknown :-1 s=STATE_CONNECTING_RE l=1).process reconnect failed to v2:172.21.15.3:6800/3984683644
2022-05-22T06:15:38.727 INFO:teuthology.orchestra.run.smithi003.stderr:/usr/bin/ceph:
