2022-05-22T06:52:32.690+0000 7f49aa91a700 1 -- 172.21.15.141:0/1280041327 --> [v2:172.21.15.141:3300/0,v1:172.21.15.141:6789/0] -- mon_subscribe({osdmap=0}) v3 -- 0x7f49a410b4c0 con 0x7f49a406fcd0
2022-05-22T06:52:32.836 INFO:teuthology.orchestra.run.smithi141.stderr:/usr/bin/ceph:
2022-05-22T06:52:32.690+0000 7f49a0ff9700 1 -- 172.21.15.141:0/1280041327 <== mon.0 v2:172.21.15.141:3300/0 4 ==== mgrmap(e 8) v1 ==== 36120+0+0 (secure 0 0 0) 0x7f499800f070 con 0x7f49a406fcd0
2022-05-22T06:52:32.836 INFO:teuthology.orchestra.run.smithi141.stderr:/usr/bin/ceph:
2022-05-22T06:52:32.691+0000 7f49a0ff9700 1 --2- 172.21.15.141:0/1280041327 >> [v2:172.21.15.141:6800/1476894321,v1:172.21.15.141:6801/1476894321] conn(0x7f499002fd50 0x7f4990032210 unknown :-1 s=NONE pgs=0 cs=0 l=1 rev1=0 rx=0 tx=0).connect
2022-05-22T06:52:32.836 INFO:teuthology.orchestra.run.smithi141.stderr:/usr/bin/ceph:
2022-05-22T06:52:32.691+0000 7f49aa91a700 1 -- 172.21.15.141:0/1280041327 --> [v2:172.21.15.141:3300/0,v1:172.21.15.141:6789/0] -- mon_command({"prefix": "get_command_descriptions"} v 0) v1 -- 0x7f49a4045ad0 con 0x7f49a406fcd0
2022-05-22T06:52:32.837 INFO:teuthology.orchestra.run.smithi141.stderr:/usr/bin/ceph:
2022-05-22T06:52:32.691+0000 7f49a0ff9700 1 -- 172.21.15.141:0/1280041327 <== mon.0 v2:172.21.15.141:3300/0 5 ==== osd_map(2..2 src has 1..2) v4 ==== 926+0+0 (secure 0 0 0) 0x7f4998041130 con 0x7f49a406fcd0
2022-05-22T06:52:32.837 INFO:teuthology.orchestra.run.smithi141.stderr:/usr/bin/ceph:
2022-05-22T06:52:32.691+0000 7f49a37fe700 1 --2- 172.21.15.141:0/1280041327 >> [v2:172.21.15.141:6800/1476894321,v1:172.21.15.141:6801/1476894321] conn(0x7f499002fd50 0x7f4990032210 unknown :-1 s=BANNER_CONNECTING pgs=0 cs=0 l=1 rev1=0 rx=0 tx=0)._handle_peer_banner_payload supported=1 required=0
2022-05-22T06:52:32.837 INFO:teuthology.orchestra.run.smithi141.stderr:/usr/bin/ceph:
2022-05-22T06:52:32.691+0000 7f49a37fe700 1 --2- 172.21.15.141:0/1280041327 >> [v2:172.21.15.141:6800/1476894321,v1:172.21.15.141:6801/1476894321] conn(0x7f499002fd50 0x7f4990032210 secure :-1 s=READY pgs=6 cs=0 l=1 rev1=1 rx=0x7f49940096a0 tx=0x7f4994006b40).ready entity=mgr.14114 client_cookie=0 server_cookie=0 in_seq=0 out_seq=0
2022-05-22T06:52:32.837 INFO:teuthology.orchestra.run.smithi141.stderr:/usr/bin/ceph:
2022-05-22T06:52:32.695+0000 7f49a0ff9700 1 -- 172.21.15.141:0/1280041327 <== mon.0 v2:172.21.15.141:3300/0 6 ==== mon_command_ack([{"prefix": "get_command_descriptions"}]=0 v0) v1 ==== 72+0+152212 (secure 0 0 0) 0x7f4998016070 con 0x7f49a406fcd0
2022-05-22T06:52:32.878 INFO:teuthology.orchestra.run.smithi141.stderr:/usr/bin/ceph:
2022-05-22T06:52:32.876+0000 7f49aa91a700 1 -- 172.21.15.141:0/1280041327 --> [v2:172.21.15.141:6800/1476894321,v1:172.21.15.141:6801/1476894321] -- mgr_command(tid 0: {"prefix": "orch set backend", "module_name": "cephadm", "target": ["mon-mgr", ""]}) v1 -- 0x7f49a410be00 con 0x7f499002fd50
2022-05-22T06:52:32.883 INFO:teuthology.orchestra.run.smithi141.stderr:/usr/bin/ceph:
2022-05-22T06:52:32.881+0000 7f49a0ff9700 1 -- 172.21.15.141:0/1280041327 <== mgr.14114 v2:172.21.15.141:6800/1476894321 1 ==== mgr_command_reply(tid 0: 0 ) v1 ==== 8+0+0 (secure 0 0 0) 0x7f49a410be00 con 0x7f499002fd50
2022-05-22T06:52:32.886 INFO:teuthology.orchestra.run.smithi141.stderr:/usr/bin/ceph:
2022-05-22T06:52:32.884+0000 7f49aa91a700 1 -- 172.21.15.141:0/1280041327 >> [v2:172.21.15.141:6800/1476894321,v1:172.21.15.141:6801/1476894321] conn(0x7f499002fd50 msgr2=0x7f4990032210 secure :-1 s=STATE_CONNECTION_ESTABLISHED l=1).mark_down
2022-05-22T06:52:32.887 INFO:teuthology.orchestra.run.smithi141.stderr:/usr/bin/ceph:
2022-05-22T06:52:32.884+0000 7f49aa91a700 1 --2- 172.21.15.141:0/1280041327 >> [v2:172.21.15.141:6800/1476894321,v1:172.21.15.141:6801/1476894321] conn(0x7f499002fd50 0x7f4990032210 secure :-1 s=READY pgs=6 cs=0 l=1 rev1=1 rx=0x7f49940096a0 tx=0x7f4994006b40).stop
2022-05-22T06:52:32.887 INFO:teuthology.orchestra.run.smithi141.stderr:/usr/bin/ceph:
2022-05-22T06:52:32.884+0000 7f49aa91a700 1 -- 172.21.15.141:0/1280041327 >> [v2:172.21.15.141:3300/0,v1:172.21.15.141:6789/0] conn(0x7f49a406fcd0 msgr2=0x7f49a410a9c0 secure :-1 s=STATE_CONNECTION_ESTABLISHED l=1).mark_down
2022-05-22T06:52:32.887 INFO:teuthology.orchestra.run.smithi141.stderr:/usr/bin/ceph:
2022-05-22T06:52:32.884+0000 7f49aa91a700 1 --2- 172.21.15.141:0/1280041327 >> [v2:172.21.15.141:3300/0,v1:172.21.15.141:6789/0] conn(0x7f49a406fcd0 0x7f49a410a9c0 secure :-1 s=READY pgs=30 cs=0 l=1 rev1=1 rx=0x7f4998000c00 tx=0x7f4998006ee0).stop
2022-05-22T06:52:32.888 INFO:teuthology.orchestra.run.smithi141.stderr:/usr/bin/ceph:
2022-05-22T06:52:32.884+0000 7f49aa91a700 1 -- 172.21.15.141:0/1280041327 shutdown_connections
2022-05-22T06:52:32.888 INFO:teuthology.orchestra.run.smithi141.stderr:/usr/bin/ceph:
2022-05-22T06:52:32.884+0000 7f49aa91a700 1 --2- 172.21.15.141:0/1280041327 >> [v2:172.21.15.141:6800/1476894321,v1:172.21.15.141:6801/1476894321] conn(0x7f499002fd50 0x7f4990032210 unknown :-1 s=CLOSED pgs=6 cs=0 l=1 rev1=1 rx=0 tx=0).stop
2022-05-22T06:52:32.888 INFO:teuthology.orchestra.run.smithi141.stderr:/usr/bin/ceph:
2022-05-22T06:52:32.884+0000 7f49aa91a700 1 --2- 172.21.15.141:0/1280041327 >> [v2:172.21.15.141:3300/0,v1:172.21.15.141:6789/0] conn(0x7f49a406fcd0 0x7f49a410a9c0 unknown :-1 s=CLOSED pgs=30 cs=0 l=1 rev1=1 rx=0 tx=0).stop
2022-05-22T06:52:32.888 INFO:teuthology.orchestra.run.smithi141.stderr:/usr/bin/ceph:
2022-05-22T06:52:32.884+0000 7f49aa91a700 1 -- 172.21.15.141:0/1280041327 >> 172.21.15.141:0/1280041327 conn(0x7f49a40f6280 msgr2=0x7f49a40f7ea0 unknown :-1 s=STATE_NONE l=0).mark_down
2022-05-22T06:52:32.888 INFO:teuthology.orchestra.run.smithi141.stderr:/usr/bin/ceph:
2022-05-22T06:52:32.884+0000 7f49aa91a700 1 -- 172.21.15.141:0/1280041327 shutdown_connections
2022-05-22T06:52:32.889 INFO:teuthology.orchestra.run.smithi141.stderr:/usr/bin/ceph:
2022-05-22T06:52:32.885+0000 7f49aa91a700 1 -- 172.21.15.141:0/1280041327 wait complete.
2022-05-22T06:52:34.295 INFO:teuthology.orchestra.run.smithi141.stderr:Running command: /bin/podman run --rm --ipc=host --no-hosts --net=host --entrypoint /usr/bin/ceph --init -e CONTAINER_IMAGE=docker.io/ceph/ceph:v16.2.4 -e NODE_NAME=smithi141 -e CEPH_USE_RANDOM_NONCE=1 -v /var/log/ceph/a4db6a7a-d99b-11ec-be40-001a4aab830c:/var/log/ceph:z -v /tmp/ceph-tmpj7i93yv1:/etc/ceph/ceph.client.admin.keyring:z -v /tmp/ceph-tmprme1pfl8:/etc/ceph/ceph.conf:z docker.io/ceph/ceph:v16.2.4 cephadm set-user root
2022-05-22T06:52:34.323 INFO:journalctl@ceph.mon.smithi141.smithi141.stdout:May 22 06:52:33 smithi141 ceph-a4db6a7a-d99b-11ec-be40-001a4aab830c-mon.smithi141[87849]: audit
2022-05-22T06:52:32.878456+0000 mgr.smithi141.zrsnbh (mgr.14114) 3 : audit [DBG] from='client.14124 -' entity='client.admin' cmd=[{"prefix": "orch set backend", "module_name": "cephadm", "target": ["mon-mgr", ""]}]: dispatch
2022-05-22T06:52:34.323 INFO:journalctl@ceph.mon.smithi141.smithi141.stdout:May 22 06:52:33 smithi141 ceph-a4db6a7a-d99b-11ec-be40-001a4aab830c-mon.smithi141[87849]: audit
2022-05-22T06:52:32.882376+0000 mon.smithi141 (mon.0) 50 : audit [INF] from='mgr.14114 172.21.15.141:0/3994846322' entity='mgr.smithi141.zrsnbh'
2022-05-22T06:52:34.323 INFO:journalctl@ceph.mon.smithi141.smithi141.stdout:May 22 06:52:33 smithi141 ceph-a4db6a7a-d99b-11ec-be40-001a4aab830c-mon.smithi141[87849]: audit
2022-05-22T06:52:32.885435+0000 mon.smithi141 (mon.0) 51 : audit [DBG] from='mgr.14114 172.21.15.141:0/3994846322' entity='mgr.smithi141.zrsnbh' cmd=[{"prefix": "config dump", "format": "json"}]: dispatch
2022-05-22T06:52:34.746 INFO:teuthology.orchestra.run.smithi141.stderr:/usr/bin/ceph:
2022-05-22T06:52:34.740+0000 7f72632c9700 1 Processor -- start
2022-05-22T06:52:34.747 INFO:teuthology.orchestra.run.smithi141.stderr:/usr/bin/ceph:
2022-05-22T06:52:34.740+0000 7f72632c9700 1 -- start start
2022-05-22T06:52:34.747 INFO:teuthology.orchestra.run.smithi141.stderr:/usr/bin/ceph:
2022-05-22T06:52:34.740+0000 7f72632c9700 1 --2- >> [v2:172.21.15.141:3300/0,v1:172.21.15.141:6789/0] conn(0x7f725c06fc90 0x7f725c100be0 unknown :-1 s=NONE pgs=0 cs=0 l=0 rev1=0 rx=0 tx=0).connect
2022-05-22T06:52:34.747 INFO:teuthology.orchestra.run.smithi141.stderr:/usr/bin/ceph:
2022-05-22T06:52:34.740+0000 7f72632c9700 1 -- --> [v2:172.21.15.141:3300/0,v1:172.21.15.141:6789/0] -- mon_getmap magic: 0 v1 -- 0x7f725c0fc660 con 0x7f725c06fc90
2022-05-22T06:52:34.748 INFO:teuthology.orchestra.run.smithi141.stderr:/usr/bin/ceph:
2022-05-22T06:52:34.740+0000 7f7261065700 1 --2- >> [v2:172.21.15.141:3300/0,v1:172.21.15.141:6789/0] conn(0x7f725c06fc90 0x7f725c100be0 unknown :-1 s=BANNER_CONNECTING pgs=0 cs=0 l=0 rev1=0 rx=0 tx=0)._handle_peer_banner_payload supported=1 required=0
2022-05-22T06:52:34.748 INFO:teuthology.orchestra.run.smithi141.stderr:/usr/bin/ceph:
2022-05-22T06:52:34.740+0000 7f7261065700 1 --2- >> [v2:172.21.15.141:3300/0,v1:172.21.15.141:6789/0] conn(0x7f725c06fc90 0x7f725c100be0 unknown :-1 s=HELLO_CONNECTING pgs=0 cs=0 l=0 rev1=1 rx=0 tx=0).handle_hello peer v2:172.21.15.141:3300/0 says I am v2:172.21.15.141:49596/0 (socket says 172.21.15.141:49596)
2022-05-22T06:52:34.748 INFO:teuthology.orchestra.run.smithi141.stderr:/usr/bin/ceph:
2022-05-22T06:52:34.741+0000 7f7261065700 1 -- 172.21.15.141:0/4231712548 learned_addr learned my addr 172.21.15.141:0/4231712548 (peer_addr_for_me v2:172.21.15.141:0/0)
2022-05-22T06:52:34.749 INFO:teuthology.orchestra.run.smithi141.stderr:/usr/bin/ceph:
2022-05-22T06:52:34.741+0000 7f7261065700 1 -- 172.21.15.141:0/4231712548 --> [v2:172.21.15.141:3300/0,v1:172.21.15.141:6789/0] -- mon_subscribe({config=0+,monmap=0+}) v3 -- 0x7f725c1010d0 con 0x7f725c06fc90
2022-05-22T06:52:34.749 INFO:teuthology.orchestra.run.smithi141.stderr:/usr/bin/ceph:
2022-05-22T06:52:34.741+0000 7f7261065700 1 --2- 172.21.15.141:0/4231712548 >> [v2:172.21.15.141:3300/0,v1:172.21.15.141:6789/0] conn(0x7f725c06fc90 0x7f725c100be0 secure :-1 s=READY pgs=31 cs=0 l=1 rev1=1 rx=0x7f725800b5f0 tx=0x7f7258006ee0).ready entity=mon.0 client_cookie=6370910458c0a566 server_cookie=0 in_seq=0 out_seq=0
2022-05-22T06:52:34.749 INFO:teuthology.orchestra.run.smithi141.stderr:/usr/bin/ceph:
2022-05-22T06:52:34.741+0000 7f724bfff700 1 -- 172.21.15.141:0/4231712548 <== mon.0 v2:172.21.15.141:3300/0 1 ==== mon_map magic: 0 v1 ==== 229+0+0 (secure 0 0 0) 0x7f725800d600 con 0x7f725c06fc90
2022-05-22T06:52:34.750 INFO:teuthology.orchestra.run.smithi141.stderr:/usr/bin/ceph:
2022-05-22T06:52:34.741+0000 7f724bfff700 1 -- 172.21.15.141:0/4231712548 <== mon.0 v2:172.21.15.141:3300/0 2 ==== config(25 keys) v1 ==== 1010+0+0 (secure 0 0 0) 0x7f725800dbd0 con 0x7f725c06fc90
2022-05-22T06:52:34.750 INFO:teuthology.orchestra.run.smithi141.stderr:/usr/bin/ceph:
2022-05-22T06:52:34.741+0000 7f724bfff700 1 -- 172.21.15.141:0/4231712548 <== mon.0 v2:172.21.15.141:3300/0 3 ==== mon_map magic: 0 v1 ==== 229+0+0 (secure 0 0 0) 0x7f7258011c00 con 0x7f725c06fc90
2022-05-22T06:52:34.750 INFO:teuthology.orchestra.run.smithi141.stderr:/usr/bin/ceph:
2022-05-22T06:52:34.741+0000 7f72632c9700 1 -- 172.21.15.141:0/4231712548 >> [v2:172.21.15.141:3300/0,v1:172.21.15.141:6789/0] conn(0x7f725c06fc90 msgr2=0x7f725c100be0 secure :-1 s=STATE_CONNECTION_ESTABLISHED l=1).mark_down
2022-05-22T06:52:34.750 INFO:teuthology.orchestra.run.smithi141.stderr:/usr/bin/ceph:
2022-05-22T06:52:34.741+0000 7f72632c9700 1 --2- 172.21.15.141:0/4231712548 >> [v2:172.21.15.141:3300/0,v1:172.21.15.141:6789/0] conn(0x7f725c06fc90 0x7f725c100be0 secure :-1 s=READY pgs=31 cs=0 l=1 rev1=1 rx=0x7f725800b5f0 tx=0x7f7258006ee0).stop
2022-05-22T06:52:34.751 INFO:teuthology.orchestra.run.smithi141.stderr:/usr/bin/ceph:
2022-05-22T06:52:34.742+0000 7f72632c9700 1 -- 172.21.15.141:0/4231712548 shutdown_connections
2022-05-22T06:52:34.751 INFO:teuthology.orchestra.run.smithi141.stderr:/usr/bin/ceph:
2022-05-22T06:52:34.742+0000 7f72632c9700 1 --2- 172.21.15.141:0/4231712548 >> [v2:172.21.15.141:3300/0,v1:172.21.15.141:6789/0] conn(0x7f725c06fc90 0x7f725c100be0 unknown :-1 s=CLOSED pgs=31 cs=0 l=1 rev1=1 rx=0 tx=0).stop
2022-05-22T06:52:34.753 INFO:teuthology.orchestra.run.smithi141.stderr:/usr/bin/ceph:
2022-05-22T06:52:34.742+0000 7f72632c9700 1 -- 172.21.15.141:0/4231712548 >> 172.21.15.141:0/4231712548 conn(0x7f725c0f6280 msgr2=0x7f725c0f86a0 unknown :-1 s=STATE_NONE l=0).mark_down
2022-05-22T06:52:34.754 INFO:teuthology.orchestra.run.smithi141.stderr:/usr/bin/ceph:
2022-05-22T06:52:34.742+0000 7f72632c9700 1 -- 172.21.15.141:0/4231712548 shutdown_connections
2022-05-22T06:52:34.754 INFO:teuthology.orchestra.run.smithi141.stderr:/usr/bin/ceph:
2022-05-22T06:52:34.742+0000 7f72632c9700 1 -- 172.21.15.141:0/4231712548 wait complete.
2022-05-22T06:52:34.754 INFO:teuthology.orchestra.run.smithi141.stderr:/usr/bin/ceph:
2022-05-22T06:52:34.742+0000 7f72632c9700 1 Processor -- start
2022-05-22T06:52:34.754 INFO:teuthology.orchestra.run.smithi141.stderr:/usr/bin/ceph:
2022-05-22T06:52:34.742+0000 7f72632c9700 1 -- start start
2022-05-22T06:52:34.754 INFO:teuthology.orchestra.run.smithi141.stderr:/usr/bin/ceph:
2022-05-22T06:52:34.742+0000 7f72632c9700 1 --2- >> [v2:172.21.15.141:3300/0,v1:172.21.15.141:6789/0] conn(0x7f725c06fc90 0x7f725c10cbc0 unknown :-1 s=NONE pgs=0 cs=0 l=1 rev1=0 rx=0 tx=0).connect
2022-05-22T06:52:34.755 INFO:teuthology.orchestra.run.smithi141.stderr:/usr/bin/ceph:
2022-05-22T06:52:34.742+0000 7f72632c9700 1 -- --> [v2:172.21.15.141:3300/0,v1:172.21.15.141:6789/0] -- mon_getmap magic: 0 v1 -- 0x7f725c10d0b0 con 0x7f725c06fc90
2022-05-22T06:52:34.755 INFO:teuthology.orchestra.run.smithi141.stderr:/usr/bin/ceph:
2022-05-22T06:52:34.742+0000 7f7261065700 1 --2- >> [v2:172.21.15.141:3300/0,v1:172.21.15.141:6789/0] conn(0x7f725c06fc90 0x7f725c10cbc0 unknown :-1 s=BANNER_CONNECTING pgs=0 cs=0 l=1 rev1=0 rx=0 tx=0)._handle_peer_banner_payload supported=1 required=0
2022-05-22T06:52:34.755 INFO:teuthology.orchestra.run.smithi141.stderr:/usr/bin/ceph:
2022-05-22T06:52:34.742+0000 7f7261065700 1 --2- >> [v2:172.21.15.141:3300/0,v1:172.21.15.141:6789/0] conn(0x7f725c06fc90 0x7f725c10cbc0 unknown :-1 s=HELLO_CONNECTING pgs=0 cs=0 l=1 rev1=1 rx=0 tx=0).handle_hello peer v2:172.21.15.141:3300/0 says I am v2:172.21.15.141:49598/0 (socket says 172.21.15.141:49598)
2022-05-22T06:52:34.755 INFO:teuthology.orchestra.run.smithi141.stderr:/usr/bin/ceph:
2022-05-22T06:52:34.742+0000 7f7261065700 1 -- 172.21.15.141:0/3197699 learned_addr learned my addr 172.21.15.141:0/3197699 (peer_addr_for_me v2:172.21.15.141:0/0)
2022-05-22T06:52:34.756 INFO:teuthology.orchestra.run.smithi141.stderr:/usr/bin/ceph:
2022-05-22T06:52:34.743+0000 7f7261065700 1 -- 172.21.15.141:0/3197699 --> [v2:172.21.15.141:3300/0,v1:172.21.15.141:6789/0] -- mon_subscribe({config=0+,monmap=0+}) v3 -- 0x7f725800b200 con 0x7f725c06fc90
2022-05-22T06:52:34.756 INFO:teuthology.orchestra.run.smithi141.stderr:/usr/bin/ceph:
2022-05-22T06:52:34.743+0000 7f7261065700 1 --2- 172.21.15.141:0/3197699 >> [v2:172.21.15.141:3300/0,v1:172.21.15.141:6789/0] conn(0x7f725c06fc90 0x7f725c10cbc0 secure :-1 s=READY pgs=32 cs=0 l=1 rev1=1 rx=0x7f725800e040 tx=0x7f7258006ee0).ready entity=mon.0 client_cookie=0 server_cookie=0 in_seq=0 out_seq=0
2022-05-22T06:52:34.756 INFO:teuthology.orchestra.run.smithi141.stderr:/usr/bin/ceph:
2022-05-22T06:52:34.743+0000 7f7249ffb700 1 -- 172.21.15.141:0/3197699 <== mon.0 v2:172.21.15.141:3300/0 1 ==== mon_map magic: 0 v1 ==== 229+0+0 (secure 0 0 0) 0x7f725801b410 con 0x7f725c06fc90
2022-05-22T06:52:34.756 INFO:teuthology.orchestra.run.smithi141.stderr:/usr/bin/ceph:
2022-05-22T06:52:34.743+0000 7f72632c9700 1 -- 172.21.15.141:0/3197699 --> [v2:172.21.15.141:3300/0,v1:172.21.15.141:6789/0] -- mon_subscribe({mgrmap=0+}) v3 -- 0x7f725c10d2b0 con 0x7f725c06fc90
2022-05-22T06:52:34.756 INFO:teuthology.orchestra.run.smithi141.stderr:/usr/bin/ceph:
2022-05-22T06:52:34.743+0000 7f7249ffb700 1 -- 172.21.15.141:0/3197699 <== mon.0 v2:172.21.15.141:3300/0 2 ==== config(25 keys) v1 ==== 1010+0+0 (secure 0 0 0) 0x7f725801b9e0 con 0x7f725c06fc90
2022-05-22T06:52:34.757 INFO:teuthology.orchestra.run.smithi141.stderr:/usr/bin/ceph:
2022-05-22T06:52:34.743+0000 7f7249ffb700 1 -- 172.21.15.141:0/3197699 <== mon.0 v2:172.21.15.141:3300/0 3 ==== mon_map magic: 0 v1 ==== 229+0+0 (secure 0 0 0) 0x7f725801a770 con 0x7f725c06fc90
2022-05-22T06:52:34.757 INFO:teuthology.orchestra.run.smithi141.stderr:/usr/bin/ceph:
2022-05-22T06:52:34.743+0000 7f72632c9700 1 -- 172.21.15.141:0/3197699 --> [v2:172.21.15.141:3300/0,v1:172.21.15.141:6789/0] -- mon_subscribe({osdmap=0}) v3 -- 0x7f725c10d6c0 con 0x7f725c06fc90
2022-05-22T06:52:34.757 INFO:teuthology.orchestra.run.smithi141.stderr:/usr/bin/ceph:
2022-05-22T06:52:34.744+0000 7f7249ffb700 1 -- 172.21.15.141:0/3197699 <== mon.0 v2:172.21.15.141:3300/0 4 ==== mgrmap(e 8) v1 ==== 36120+0+0 (secure 0 0 0) 0x7f725800f070 con 0x7f725c06fc90
2022-05-22T06:52:34.757 INFO:teuthology.orchestra.run.smithi141.stderr:/usr/bin/ceph:
2022-05-22T06:52:34.744+0000 7f72632c9700 1 -- 172.21.15.141:0/3197699 --> [v2:172.21.15.141:3300/0,v1:172.21.15.141:6789/0] -- mon_command({"prefix": "get_command_descriptions"} v 0) v1 -- 0x7f725c045ad0 con 0x7f725c06fc90
2022-05-22T06:52:34.757 INFO:teuthology.orchestra.run.smithi141.stderr:/usr/bin/ceph:
2022-05-22T06:52:34.744+0000 7f7249ffb700 1 --2- 172.21.15.141:0/3197699 >> [v2:172.21.15.141:6800/1476894321,v1:172.21.15.141:6801/1476894321] conn(0x7f724402fd50 0x7f7244032210 unknown :-1 s=NONE pgs=0 cs=0 l=1 rev1=0 rx=0 tx=0).connect
2022-05-22T06:52:34.758 INFO:teuthology.orchestra.run.smithi141.stderr:/usr/bin/ceph:
2022-05-22T06:52:34.744+0000 7f7249ffb700 1 -- 172.21.15.141:0/3197699 <== mon.0 v2:172.21.15.141:3300/0 5 ==== osd_map(2..2 src has 1..2) v4 ==== 926+0+0 (secure 0 0 0) 0x7f7258041040 con 0x7f725c06fc90
2022-05-22T06:52:34.758 INFO:teuthology.orchestra.run.smithi141.stderr:/usr/bin/ceph:
2022-05-22T06:52:34.745+0000 7f7260864700 1 --2- 172.21.15.141:0/3197699 >> [v2:172.21.15.141:6800/1476894321,v1:172.21.15.141:6801/1476894321] conn(0x7f724402fd50 0x7f7244032210 unknown :-1 s=BANNER_CONNECTING pgs=0 cs=0 l=1 rev1=0 rx=0 tx=0)._handle_peer_banner_payload supported=1 required=0
2022-05-22T06:52:34.758 INFO:teuthology.orchestra.run.smithi141.stderr:/usr/bin/ceph:
2022-05-22T06:52:34.745+0000 7f7260864700 1 --2- 172.21.15.141:0/3197699 >> [v2:172.21.15.141:6800/1476894321,v1:172.21.15.141:6801/1476894321] conn(0x7f724402fd50 0x7f7244032210 secure :-1 s=READY pgs=7 cs=0 l=1 rev1=1 rx=0x7f724c0096a0 tx=0x7f724c006b40).ready entity=mgr.14114 client_cookie=0 server_cookie=0 in_seq=0 out_seq=0
2022-05-22T06:52:34.759 INFO:teuthology.orchestra.run.smithi141.stderr:/usr/bin/ceph:
2022-05-22T06:52:34.748+0000 7f7249ffb700 1 -- 172.21.15.141:0/3197699 <== mon.0 v2:172.21.15.141:3300/0 6 ==== mon_command_ack([{"prefix": "get_command_descriptions"}]=0 v0) v1 ==== 72+0+152212 (secure 0 0 0) 0x7f7258024410 con 0x7f725c06fc90
2022-05-22T06:52:34.902 INFO:teuthology.orchestra.run.smithi141.stderr:/usr/bin/ceph:
2022-05-22T06:52:34.901+0000 7f72632c9700 1 -- 172.21.15.141:0/3197699 --> [v2:172.21.15.141:6800/1476894321,v1:172.21.15.141:6801/1476894321] -- mgr_command(tid 0: {"prefix": "cephadm set-user", "user": "root", "target": ["mon-mgr", ""]}) v1 -- 0x7f725c10e000 con 0x7f724402fd50
2022-05-22T06:52:34.906 INFO:teuthology.orchestra.run.smithi141.stderr:/usr/bin/ceph:
2022-05-22T06:52:34.901+0000 7f7249ffb700 1 -- 172.21.15.141:0/3197699 <== mgr.14114 v2:172.21.15.141:6800/1476894321 1 ==== mgr_command_reply(tid 0: 0 ) v1 ==== 8+0+16 (secure 0 0 0) 0x7f725c10e000 con 0x7f724402fd50
2022-05-22T06:52:34.906 INFO:teuthology.orchestra.run.smithi141.stderr:/usr/bin/ceph: value unchanged
2022-05-22T06:52:34.906 INFO:teuthology.orchestra.run.smithi141.stderr:/usr/bin/ceph:
2022-05-22T06:52:34.903+0000 7f72632c9700 1 -- 172.21.15.141:0/3197699 >> [v2:172.21.15.141:6800/1476894321,v1:172.21.15.141:6801/1476894321] conn(0x7f724402fd50 msgr2=0x7f7244032210 secure :-1 s=STATE_CONNECTION_ESTABLISHED l=1).mark_down
2022-05-22T06:52:34.907 INFO:teuthology.orchestra.run.smithi141.stderr:/usr/bin/ceph:
2022-05-22T06:52:34.903+0000 7f72632c9700 1 --2- 172.21.15.141:0/3197699 >> [v2:172.21.15.141:6800/1476894321,v1:172.21.15.141:6801/1476894321] conn(0x7f724402fd50 0x7f7244032210 secure :-1 s=READY pgs=7 cs=0 l=1 rev1=1 rx=0x7f724c0096a0 tx=0x7f724c006b40).stop
2022-05-22T06:52:34.907 INFO:teuthology.orchestra.run.smithi141.stderr:/usr/bin/ceph:
2022-05-22T06:52:34.903+0000 7f72632c9700 1 -- 172.21.15.141:0/3197699 >> [v2:172.21.15.141:3300/0,v1:172.21.15.141:6789/0] conn(0x7f725c06fc90 msgr2=0x7f725c10cbc0 secure :-1 s=STATE_CONNECTION_ESTABLISHED l=1).mark_down
2022-05-22T06:52:34.907 INFO:teuthology.orchestra.run.smithi141.stderr:/usr/bin/ceph:
2022-05-22T06:52:34.903+0000 7f72632c9700 1 --2- 172.21.15.141:0/3197699 >> [v2:172.21.15.141:3300/0,v1:172.21.15.141:6789/0] conn(0x7f725c06fc90 0x7f725c10cbc0 secure :-1 s=READY pgs=32 cs=0 l=1 rev1=1 rx=0x7f725800e040 tx=0x7f7258006ee0).stop
2022-05-22T06:52:34.907 INFO:teuthology.orchestra.run.smithi141.stderr:/usr/bin/ceph:
2022-05-22T06:52:34.903+0000 7f72632c9700 1 -- 172.21.15.141:0/3197699 shutdown_connections
2022-05-22T06:52:34.908 INFO:teuthology.orchestra.run.smithi141.stderr:/usr/bin/ceph:
2022-05-22T06:52:34.903+0000 7f72632c9700 1 --2- 172.21.15.141:0/3197699 >> [v2:172.21.15.141:6800/1476894321,v1:172.21.15.141:6801/1476894321] conn(0x7f724402fd50 0x7f7244032210 unknown :-1 s=CLOSED pgs=7 cs=0 l=1 rev1=1 rx=0 tx=0).stop
2022-05-22T06:52:34.908 INFO:teuthology.orchestra.run.smithi141.stderr:/usr/bin/ceph:
2022-05-22T06:52:34.903+0000 7f72632c9700 1 --2- 172.21.15.141:0/3197699 >> [v2:172.21.15.141:3300/0,v1:172.21.15.141:6789/0] conn(0x7f725c06fc90 0x7f725c10cbc0 unknown :-1 s=CLOSED pgs=32 cs=0 l=1 rev1=1 rx=0 tx=0).stop
2022-05-22T06:52:34.908 INFO:teuthology.orchestra.run.smithi141.stderr:/usr/bin/ceph:
2022-05-22T06:52:34.903+0000 7f72632c9700 1 -- 172.21.15.141:0/3197699 >> 172.21.15.141:0/3197699 conn(0x7f725c0f6280 msgr2=0x7f725c0f7d80 unknown :-1 s=STATE_NONE l=0).mark_down
2022-05-22T06:52:34.908 INFO:teuthology.orchestra.run.smithi141.stderr:/usr/bin/ceph:
2022-05-22T06:52:34.903+0000 7f72632c9700 1 -- 172.21.15.141:0/3197699 shutdown_connections
2022-05-22T06:52:34.908 INFO:teuthology.orchestra.run.smithi141.stderr:/usr/bin/ceph:
2022-05-22T06:52:34.903+0000 7f72632c9700 1 -- 172.21.15.141:0/3197699 wait complete.
2022-05-22T06:52:35.242 INFO:teuthology.orchestra.run.smithi141.stderr:Generating ssh key...
2022-05-22T06:52:35.243 INFO:teuthology.orchestra.run.smithi141.stderr:Running command: /bin/podman run --rm --ipc=host --no-hosts --net=host --entrypoint /usr/bin/ceph --init -e CONTAINER_IMAGE=docker.io/ceph/ceph:v16.2.4 -e NODE_NAME=smithi141 -e CEPH_USE_RANDOM_NONCE=1 -v /var/log/ceph/a4db6a7a-d99b-11ec-be40-001a4aab830c:/var/log/ceph:z -v /tmp/ceph-tmpj7i93yv1:/etc/ceph/ceph.client.admin.keyring:z -v /tmp/ceph-tmprme1pfl8:/etc/ceph/ceph.conf:z docker.io/ceph/ceph:v16.2.4 cephadm generate-key
2022-05-22T06:52:35.252 INFO:journalctl@ceph.mon.smithi141.smithi141.stdout:May 22 06:52:35 smithi141 ceph-a4db6a7a-d99b-11ec-be40-001a4aab830c-mon.smithi141[87849]: audit
2022-05-22T06:52:34.902491+0000 mgr.smithi141.zrsnbh (mgr.14114) 4 : audit [DBG] from='client.14126 -' entity='client.admin' cmd=[{"prefix": "cephadm set-user", "user": "root", "target": ["mon-mgr", ""]}]: dispatch
2022-05-22T06:52:35.651 INFO:teuthology.orchestra.run.smithi141.stderr:/usr/bin/ceph:
2022-05-22T06:52:35.644+0000 7f5419c49700 1 Processor -- start
2022-05-22T06:52:35.651 INFO:teuthology.orchestra.run.smithi141.stderr:/usr/bin/ceph:
2022-05-22T06:52:35.644+0000 7f5419c49700 1 -- start start
2022-05-22T06:52:35.652 INFO:teuthology.orchestra.run.smithi141.stderr:/usr/bin/ceph:
2022-05-22T06:52:35.644+0000 7f5419c49700 1 --2- >> [v2:172.21.15.141:3300/0,v1:172.21.15.141:6789/0] conn(0x7f541406fc50 0x7f5414100c20 unknown :-1 s=NONE pgs=0 cs=0 l=0 rev1=0 rx=0 tx=0).connect
2022-05-22T06:52:35.652 INFO:teuthology.orchestra.run.smithi141.stderr:/usr/bin/ceph:
2022-05-22T06:52:35.644+0000 7f5419c49700 1 -- --> [v2:172.21.15.141:3300/0,v1:172.21.15.141:6789/0] -- mon_getmap magic: 0 v1 -- 0x7f54140fc6a0 con 0x7f541406fc50
2022-05-22T06:52:35.653 INFO:teuthology.orchestra.run.smithi141.stderr:/usr/bin/ceph:
2022-05-22T06:52:35.645+0000 7f54137fe700 1 --2- >> [v2:172.21.15.141:3300/0,v1:172.21.15.141:6789/0] conn(0x7f541406fc50 0x7f5414100c20 unknown :-1 s=BANNER_CONNECTING pgs=0 cs=0 l=0 rev1=0 rx=0 tx=0)._handle_peer_banner_payload supported=1 required=0
2022-05-22T06:52:35.653 INFO:teuthology.orchestra.run.smithi141.stderr:/usr/bin/ceph:
2022-05-22T06:52:35.645+0000 7f54137fe700 1 --2- >> [v2:172.21.15.141:3300/0,v1:172.21.15.141:6789/0] conn(0x7f541406fc50 0x7f5414100c20 unknown :-1 s=HELLO_CONNECTING pgs=0 cs=0 l=0 rev1=1 rx=0 tx=0).handle_hello peer v2:172.21.15.141:3300/0 says I am v2:172.21.15.141:49602/0 (socket says 172.21.15.141:49602)
2022-05-22T06:52:35.653 INFO:teuthology.orchestra.run.smithi141.stderr:/usr/bin/ceph:
2022-05-22T06:52:35.645+0000 7f54137fe700 1 -- 172.21.15.141:0/2696650607 learned_addr learned my addr 172.21.15.141:0/2696650607 (peer_addr_for_me v2:172.21.15.141:0/0)
2022-05-22T06:52:35.653 INFO:teuthology.orchestra.run.smithi141.stderr:/usr/bin/ceph:
2022-05-22T06:52:35.645+0000 7f54137fe700 1 -- 172.21.15.141:0/2696650607 --> [v2:172.21.15.141:3300/0,v1:172.21.15.141:6789/0] -- mon_subscribe({config=0+,monmap=0+}) v3 -- 0x7f5414101110 con 0x7f541406fc50
2022-05-22T06:52:35.654 INFO:teuthology.orchestra.run.smithi141.stderr:/usr/bin/ceph:
2022-05-22T06:52:35.645+0000 7f54137fe700 1 --2- 172.21.15.141:0/2696650607 >> [v2:172.21.15.141:3300/0,v1:172.21.15.141:6789/0] conn(0x7f541406fc50 0x7f5414100c20 secure :-1 s=READY pgs=33 cs=0 l=1 rev1=1 rx=0x7f540800b5f0 tx=0x7f5408006ee0).ready entity=mon.0 client_cookie=8bffe9af6c90b661 server_cookie=0 in_seq=0 out_seq=0
2022-05-22T06:52:35.654 INFO:teuthology.orchestra.run.smithi141.stderr:/usr/bin/ceph:
2022-05-22T06:52:35.645+0000 7f54127fc700 1 -- 172.21.15.141:0/2696650607 <== mon.0 v2:172.21.15.141:3300/0 1 ==== mon_map magic: 0 v1 ==== 229+0+0 (secure 0 0 0) 0x7f540800d600 con 0x7f541406fc50
2022-05-22T06:52:35.654 INFO:teuthology.orchestra.run.smithi141.stderr:/usr/bin/ceph:
2022-05-22T06:52:35.645+0000 7f54127fc700 1 -- 172.21.15.141:0/2696650607 <== mon.0 v2:172.21.15.141:3300/0 2 ==== config(25 keys) v1 ==== 1010+0+0 (secure 0 0 0) 0x7f540800dbd0 con 0x7f541406fc50
2022-05-22T06:52:35.654 INFO:teuthology.orchestra.run.smithi141.stderr:/usr/bin/ceph:
2022-05-22T06:52:35.645+0000 7f54127fc700 1 -- 172.21.15.141:0/2696650607 <== mon.0 v2:172.21.15.141:3300/0 3 ==== mon_map magic: 0 v1 ==== 229+0+0 (secure 0 0 0) 0x7f5408011c00 con 0x7f541406fc50
2022-05-22T06:52:35.655 INFO:teuthology.orchestra.run.smithi141.stderr:/usr/bin/ceph:
2022-05-22T06:52:35.646+0000 7f5419c49700 1 -- 172.21.15.141:0/2696650607 >> [v2:172.21.15.141:3300/0,v1:172.21.15.141:6789/0] conn(0x7f541406fc50 msgr2=0x7f5414100c20 secure :-1 s=STATE_CONNECTION_ESTABLISHED l=1).mark_down
2022-05-22T06:52:35.655 INFO:teuthology.orchestra.run.smithi141.stderr:/usr/bin/ceph:
2022-05-22T06:52:35.646+0000 7f5419c49700 1 --2- 172.21.15.141:0/2696650607 >> [v2:172.21.15.141:3300/0,v1:172.21.15.141:6789/0] conn(0x7f541406fc50 0x7f5414100c20 secure :-1 s=READY pgs=33 cs=0 l=1 rev1=1 rx=0x7f540800b5f0 tx=0x7f5408006ee0).stop
2022-05-22T06:52:35.656 INFO:teuthology.orchestra.run.smithi141.stderr:/usr/bin/ceph:
2022-05-22T06:52:35.646+0000 7f5419c49700 1 -- 172.21.15.141:0/2696650607 shutdown_connections
2022-05-22T06:52:35.656 INFO:teuthology.orchestra.run.smithi141.stderr:/usr/bin/ceph:
2022-05-22T06:52:35.646+0000 7f5419c49700 1 --2- 172.21.15.141:0/2696650607 >> [v2:172.21.15.141:3300/0,v1:172.21.15.141:6789/0] conn(0x7f541406fc50 0x7f5414100c20 unknown :-1 s=CLOSED pgs=33 cs=0 l=1 rev1=1 rx=0 tx=0).stop
2022-05-22T06:52:35.657 INFO:teuthology.orchestra.run.smithi141.stderr:/usr/bin/ceph:
2022-05-22T06:52:35.646+0000 7f5419c49700 1 -- 172.21.15.141:0/2696650607 >> 172.21.15.141:0/2696650607 conn(0x7f54140f6280 msgr2=0x7f54140f86a0 unknown :-1 s=STATE_NONE l=0).mark_down
2022-05-22T06:52:35.658 INFO:teuthology.orchestra.run.smithi141.stderr:/usr/bin/ceph:
2022-05-22T06:52:35.646+0000 7f5419c49700 1 -- 172.21.15.141:0/2696650607 shutdown_connections
2022-05-22T06:52:35.658 INFO:teuthology.orchestra.run.smithi141.stderr:/usr/bin/ceph:
2022-05-22T06:52:35.646+0000 7f5419c49700 1 -- 172.21.15.141:0/2696650607 wait complete.
2022-05-22T06:52:35.658 INFO:teuthology.orchestra.run.smithi141.stderr:/usr/bin/ceph:
2022-05-22T06:52:35.647+0000 7f5419c49700 1 Processor -- start
2022-05-22T06:52:35.659 INFO:teuthology.orchestra.run.smithi141.stderr:/usr/bin/ceph:
2022-05-22T06:52:35.647+0000 7f5419c49700 1 -- start start
2022-05-22T06:52:35.659 INFO:teuthology.orchestra.run.smithi141.stderr:/usr/bin/ceph:
2022-05-22T06:52:35.647+0000 7f5419c49700 1 --2- >> [v2:172.21.15.141:3300/0,v1:172.21.15.141:6789/0] conn(0x7f541406fc50 0x7f541410cbd0 unknown :-1 s=NONE pgs=0 cs=0 l=1 rev1=0 rx=0 tx=0).connect
2022-05-22T06:52:35.659 INFO:teuthology.orchestra.run.smithi141.stderr:/usr/bin/ceph:
2022-05-22T06:52:35.647+0000 7f5419c49700 1 -- --> [v2:172.21.15.141:3300/0,v1:172.21.15.141:6789/0] -- mon_getmap magic: 0 v1 -- 0x7f541410d0c0 con 0x7f541406fc50
2022-05-22T06:52:35.659 INFO:teuthology.orchestra.run.smithi141.stderr:/usr/bin/ceph:
2022-05-22T06:52:35.647+0000 7f54137fe700 1 --2- >> [v2:172.21.15.141:3300/0,v1:172.21.15.141:6789/0] conn(0x7f541406fc50 0x7f541410cbd0 unknown :-1 s=BANNER_CONNECTING pgs=0 cs=0 l=1 rev1=0 rx=0 tx=0)._handle_peer_banner_payload supported=1 required=0
2022-05-22T06:52:35.660 INFO:teuthology.orchestra.run.smithi141.stderr:/usr/bin/ceph:
2022-05-22T06:52:35.647+0000 7f54137fe700 1 --2- >> [v2:172.21.15.141:3300/0,v1:172.21.15.141:6789/0] conn(0x7f541406fc50 0x7f541410cbd0 unknown :-1 s=HELLO_CONNECTING pgs=0 cs=0 l=1 rev1=1 rx=0 tx=0).handle_hello peer v2:172.21.15.141:3300/0 says I am v2:172.21.15.141:49604/0 (socket says 172.21.15.141:49604)
2022-05-22T06:52:35.660 INFO:teuthology.orchestra.run.smithi141.stderr:/usr/bin/ceph:
2022-05-22T06:52:35.647+0000 7f54137fe700 1 -- 172.21.15.141:0/892466492 learned_addr learned my addr 172.21.15.141:0/892466492 (peer_addr_for_me v2:172.21.15.141:0/0)
2022-05-22T06:52:35.660 INFO:teuthology.orchestra.run.smithi141.stderr:/usr/bin/ceph:
2022-05-22T06:52:35.648+0000 7f54137fe700 1 -- 172.21.15.141:0/892466492 --> [v2:172.21.15.141:3300/0,v1:172.21.15.141:6789/0] -- mon_subscribe({config=0+,monmap=0+}) v3 -- 0x7f540800b200 con 0x7f541406fc50
2022-05-22T06:52:35.660 INFO:teuthology.orchestra.run.smithi141.stderr:/usr/bin/ceph:
2022-05-22T06:52:35.648+0000 7f54137fe700 1 --2- 172.21.15.141:0/892466492 >> [v2:172.21.15.141:3300/0,v1:172.21.15.141:6789/0] conn(0x7f541406fc50 0x7f541410cbd0 secure :-1 s=READY pgs=34 cs=0 l=1 rev1=1 rx=0x7f540800b1d0 tx=0x7f5408006ee0).ready entity=mon.0 client_cookie=0 server_cookie=0 in_seq=0 out_seq=0
2022-05-22T06:52:35.661 INFO:teuthology.orchestra.run.smithi141.stderr:/usr/bin/ceph:
2022-05-22T06:52:35.648+0000 7f53fbfff700 1 -- 172.21.15.141:0/892466492 <== mon.0 v2:172.21.15.141:3300/0 1 ==== mon_map magic: 0 v1 ==== 229+0+0 (secure 0 0 0) 0x7f5408011690 con 0x7f541406fc50
2022-05-22T06:52:35.661 INFO:teuthology.orchestra.run.smithi141.stderr:/usr/bin/ceph:
2022-05-22T06:52:35.648+0000 7f5419c49700 1 -- 172.21.15.141:0/892466492 --> [v2:172.21.15.141:3300/0,v1:172.21.15.141:6789/0] -- mon_subscribe({mgrmap=0+}) v3 -- 0x7f541410d2c0 con 0x7f541406fc50
2022-05-22T06:52:35.661 INFO:teuthology.orchestra.run.smithi141.stderr:/usr/bin/ceph:
2022-05-22T06:52:35.648+0000 7f53fbfff700 1 -- 172.21.15.141:0/892466492 <== mon.0 v2:172.21.15.141:3300/0 2 ==== config(25 keys) v1 ==== 1010+0+0 (secure 0 0 0) 0x7f540801b880 con 0x7f541406fc50
2022-05-22T06:52:35.661 INFO:teuthology.orchestra.run.smithi141.stderr:/usr/bin/ceph:
2022-05-22T06:52:35.648+0000 7f53fbfff700 1 -- 172.21.15.141:0/892466492 <== mon.0 v2:172.21.15.141:3300/0 3 ==== mon_map magic: 0 v1 ==== 229+0+0 (secure 0 0 0) 0x7f540801a650 con 0x7f541406fc50
2022-05-22T06:52:35.662 INFO:teuthology.orchestra.run.smithi141.stderr:/usr/bin/ceph:
2022-05-22T06:52:35.648+0000 7f5419c49700 1 -- 172.21.15.141:0/892466492 --> [v2:172.21.15.141:3300/0,v1:172.21.15.141:6789/0] -- mon_subscribe({osdmap=0}) v3 -- 0x7f541410d6d0 con 0x7f541406fc50
2022-05-22T06:52:35.662 INFO:teuthology.orchestra.run.smithi141.stderr:/usr/bin/ceph:
2022-05-22T06:52:35.649+0000 7f53fbfff700 1 -- 172.21.15.141:0/892466492 <== mon.0 v2:172.21.15.141:3300/0 4 ==== mgrmap(e 8) v1 ==== 36120+0+0 (secure 0 0 0) 0x7f540800f070 con 0x7f541406fc50
2022-05-22T06:52:35.662 INFO:teuthology.orchestra.run.smithi141.stderr:/usr/bin/ceph:
2022-05-22T06:52:35.649+0000 7f53fbfff700 1 --2- 172.21.15.141:0/892466492 >> [v2:172.21.15.141:6800/1476894321,v1:172.21.15.141:6801/1476894321] conn(0x7f540002fd50 0x7f5400032210 unknown :-1 s=NONE pgs=0 cs=0 l=1 rev1=0 rx=0 tx=0).connect
2022-05-22T06:52:35.663 INFO:teuthology.orchestra.run.smithi141.stderr:/usr/bin/ceph:
2022-05-22T06:52:35.649+0000 7f53fbfff700 1 -- 172.21.15.141:0/892466492 <== mon.0 v2:172.21.15.141:3300/0 5 ==== osd_map(2..2 src has 1..2) v4 ==== 926+0+0 (secure 0 0 0) 0x7f5408041100 con 0x7f541406fc50
2022-05-22T06:52:35.663 INFO:teuthology.orchestra.run.smithi141.stderr:/usr/bin/ceph:
2022-05-22T06:52:35.649+0000 7f5412ffd700 1 --2- 172.21.15.141:0/892466492 >> [v2:172.21.15.141:6800/1476894321,v1:172.21.15.141:6801/1476894321] conn(0x7f540002fd50 0x7f5400032210 unknown :-1 s=BANNER_CONNECTING pgs=0 cs=0 l=1 rev1=0 rx=0 tx=0)._handle_peer_banner_payload supported=1 required=0
2022-05-22T06:52:35.663 INFO:teuthology.orchestra.run.smithi141.stderr:/usr/bin/ceph:
2022-05-22T06:52:35.649+0000 7f5412ffd700 1 --2- 172.21.15.141:0/892466492 >> [v2:172.21.15.141:6800/1476894321,v1:172.21.15.141:6801/1476894321] conn(0x7f540002fd50 0x7f5400032210 secure :-1 s=READY pgs=8 cs=0 l=1 rev1=1 rx=0x7f54040096a0 tx=0x7f5404006b40).ready entity=mgr.14114 client_cookie=0 server_cookie=0 in_seq=0 out_seq=0
2022-05-22T06:52:35.664 INFO:teuthology.orchestra.run.smithi141.stderr:/usr/bin/ceph:
2022-05-22T06:52:35.649+0000 7f5419c49700 1 -- 172.21.15.141:0/892466492 --> [v2:172.21.15.141:3300/0,v1:172.21.15.141:6789/0] -- mon_command({"prefix": "get_command_descriptions"} v 0) v1 -- 0x7f5414059100 con 0x7f541406fc50
2022-05-22T06:52:35.665 INFO:teuthology.orchestra.run.smithi141.stderr:/usr/bin/ceph:
2022-05-22T06:52:35.654+0000 7f53fbfff700 1 -- 172.21.15.141:0/892466492 <== mon.0 v2:172.21.15.141:3300/0 6 ==== mon_command_ack([{"prefix": "get_command_descriptions"}]=0 v0) v1 ==== 72+0+152212 (secure 0 0 0) 0x7f5408016070 con 0x7f541406fc50
2022-05-22T06:52:35.807 INFO:teuthology.orchestra.run.smithi141.stderr:/usr/bin/ceph:
2022-05-22T06:52:35.805+0000 7f5419c49700 1 -- 172.21.15.141:0/892466492 --> [v2:172.21.15.141:6800/1476894321,v1:172.21.15.141:6801/1476894321] -- mgr_command(tid 0: {"prefix": "cephadm generate-key", "target": ["mon-mgr", ""]}) v1 -- 0x7f5414106a90 con 0x7f540002fd50
2022-05-22T06:52:35.920 INFO:teuthology.orchestra.run.smithi141.stderr:/usr/bin/ceph:
2022-05-22T06:52:35.919+0000 7f53fbfff700 1 -- 172.21.15.141:0/892466492 <== mgr.14114 v2:172.21.15.141:6800/1476894321 1 ==== mgr_command_reply(tid 0: 0 ) v1 ==== 8+0+0 (secure 0 0 0) 0x7f5414106a90 con 0x7f540002fd50
2022-05-22T06:52:35.923 INFO:teuthology.orchestra.run.smithi141.stderr:/usr/bin/ceph:
2022-05-22T06:52:35.920+0000 7f5419c49700 1 -- 172.21.15.141:0/892466492 >> [v2:172.21.15.141:6800/1476894321,v1:172.21.15.141:6801/1476894321] conn(0x7f540002fd50 msgr2=0x7f5400032210 secure :-1 s=STATE_CONNECTION_ESTABLISHED l=1).mark_down
2022-05-22T06:52:35.923 INFO:teuthology.orchestra.run.smithi141.stderr:/usr/bin/ceph:
2022-05-22T06:52:35.920+0000 7f5419c49700 1 --2- 172.21.15.141:0/892466492 >> [v2:172.21.15.141:6800/1476894321,v1:172.21.15.141:6801/1476894321] conn(0x7f540002fd50 0x7f5400032210 secure :-1 s=READY pgs=8 cs=0 l=1 rev1=1 rx=0x7f54040096a0 tx=0x7f5404006b40).stop
2022-05-22T06:52:35.923 INFO:teuthology.orchestra.run.smithi141.stderr:/usr/bin/ceph:
2022-05-22T06:52:35.920+0000 7f5419c49700 1 -- 172.21.15.141:0/892466492 >> [v2:172.21.15.141:3300/0,v1:172.21.15.141:6789/0] conn(0x7f541406fc50 msgr2=0x7f541410cbd0 secure :-1 s=STATE_CONNECTION_ESTABLISHED l=1).mark_down
2022-05-22T06:52:35.924 INFO:teuthology.orchestra.run.smithi141.stderr:/usr/bin/ceph:
2022-05-22T06:52:35.920+0000 7f5419c49700 1 --2- 172.21.15.141:0/892466492 >> [v2:172.21.15.141:3300/0,v1:172.21.15.141:6789/0] conn(0x7f541406fc50 0x7f541410cbd0 secure :-1 s=READY pgs=34 cs=0 l=1 rev1=1 rx=0x7f540800b1d0 tx=0x7f5408006ee0).stop
2022-05-22T06:52:35.924 INFO:teuthology.orchestra.run.smithi141.stderr:/usr/bin/ceph:
2022-05-22T06:52:35.920+0000 7f5419c49700 1 -- 172.21.15.141:0/892466492 shutdown_connections
2022-05-22T06:52:35.925 INFO:teuthology.orchestra.run.smithi141.stderr:/usr/bin/ceph:
2022-05-22T06:52:35.920+0000 7f5419c49700 1 --2- 172.21.15.141:0/892466492 >> [v2:172.21.15.141:6800/1476894321,v1:172.21.15.141:6801/1476894321] conn(0x7f540002fd50 0x7f5400032210 unknown :-1 s=CLOSED pgs=8 cs=0 l=1 rev1=1 rx=0 tx=0).stop
2022-05-22T06:52:35.925 INFO:teuthology.orchestra.run.smithi141.stderr:/usr/bin/ceph:
2022-05-22T06:52:35.920+0000 7f5419c49700 1 --2- 172.21.15.141:0/892466492 >> [v2:172.21.15.141:3300/0,v1:172.21.15.141:6789/0] conn(0x7f541406fc50 0x7f541410cbd0 unknown :-1 s=CLOSED pgs=34 cs=0 l=1 rev1=1 rx=0 tx=0).stop
2022-05-22T06:52:35.925 INFO:teuthology.orchestra.run.smithi141.stderr:/usr/bin/ceph:
2022-05-22T06:52:35.920+0000 7f5419c49700 1 -- 172.21.15.141:0/892466492 >> 172.21.15.141:0/892466492 conn(0x7f54140f6280 msgr2=0x7f54140f7e30 unknown :-1 s=STATE_NONE l=0).mark_down
2022-05-22T06:52:35.925 INFO:teuthology.orchestra.run.smithi141.stderr:/usr/bin/ceph:
2022-05-22T06:52:35.921+0000 7f5419c49700 1 -- 172.21.15.141:0/892466492 shutdown_connections
2022-05-22T06:52:35.926 INFO:teuthology.orchestra.run.smithi141.stderr:/usr/bin/ceph:
2022-05-22T06:52:35.921+0000 7f5419c49700 1 -- 172.21.15.141:0/892466492 wait complete.
2022-05-22T06:52:36.284 INFO:teuthology.orchestra.run.smithi141.stderr:Running command: /bin/podman run --rm --ipc=host --no-hosts --net=host --entrypoint /usr/bin/ceph --init -e CONTAINER_IMAGE=docker.io/ceph/ceph:v16.2.4 -e NODE_NAME=smithi141 -e CEPH_USE_RANDOM_NONCE=1 -v /var/log/ceph/a4db6a7a-d99b-11ec-be40-001a4aab830c:/var/log/ceph:z -v /tmp/ceph-tmpj7i93yv1:/etc/ceph/ceph.client.admin.keyring:z -v /tmp/ceph-tmprme1pfl8:/etc/ceph/ceph.conf:z docker.io/ceph/ceph:v16.2.4 cephadm get-pub-key
2022-05-22T06:52:36.726 INFO:teuthology.orchestra.run.smithi141.stderr:/usr/bin/ceph:
2022-05-22T06:52:36.719+0000 7fa2e9ebb700 1 Processor -- start
2022-05-22T06:52:36.726 INFO:teuthology.orchestra.run.smithi141.stderr:/usr/bin/ceph:
2022-05-22T06:52:36.719+0000 7fa2e9ebb700 1 -- start start
2022-05-22T06:52:36.726 INFO:teuthology.orchestra.run.smithi141.stderr:/usr/bin/ceph:
2022-05-22T06:52:36.719+0000 7fa2e9ebb700 1 --2- >> [v2:172.21.15.141:3300/0,v1:172.21.15.141:6789/0] conn(0x7fa2e406fc90 0x7fa2e4100be0 unknown :-1 s=NONE pgs=0 cs=0 l=0 rev1=0 rx=0 tx=0).connect
2022-05-22T06:52:36.727 INFO:teuthology.orchestra.run.smithi141.stderr:/usr/bin/ceph:
2022-05-22T06:52:36.719+0000 7fa2e9ebb700 1 -- --> [v2:172.21.15.141:3300/0,v1:172.21.15.141:6789/0] -- mon_getmap magic: 0 v1 -- 0x7fa2e40fc660 con 0x7fa2e406fc90
2022-05-22T06:52:36.727 INFO:teuthology.orchestra.run.smithi141.stderr:/usr/bin/ceph:
2022-05-22T06:52:36.720+0000 7fa2e37fe700 1 --2- >> [v2:172.21.15.141:3300/0,v1:172.21.15.141:6789/0] conn(0x7fa2e406fc90 0x7fa2e4100be0 unknown :-1 s=BANNER_CONNECTING pgs=0 cs=0 l=0 rev1=0 rx=0 tx=0)._handle_peer_banner_payload supported=1 required=0
2022-05-22T06:52:36.727 INFO:teuthology.orchestra.run.smithi141.stderr:/usr/bin/ceph:
2022-05-22T06:52:36.720+0000 7fa2e37fe700 1 --2- >> [v2:172.21.15.141:3300/0,v1:172.21.15.141:6789/0] conn(0x7fa2e406fc90 0x7fa2e4100be0 unknown :-1 s=HELLO_CONNECTING pgs=0 cs=0 l=0 rev1=1 rx=0 tx=0).handle_hello peer v2:172.21.15.141:3300/0 says I am v2:172.21.15.141:49608/0 (socket says 172.21.15.141:49608)
2022-05-22T06:52:36.727 INFO:teuthology.orchestra.run.smithi141.stderr:/usr/bin/ceph:
2022-05-22T06:52:36.720+0000 7fa2e37fe700 1 -- 172.21.15.141:0/656957707 learned_addr learned my addr 172.21.15.141:0/656957707 (peer_addr_for_me v2:172.21.15.141:0/0)
2022-05-22T06:52:36.728 INFO:teuthology.orchestra.run.smithi141.stderr:/usr/bin/ceph:
2022-05-22T06:52:36.720+0000 7fa2e37fe700 1 -- 172.21.15.141:0/656957707 --> [v2:172.21.15.141:3300/0,v1:172.21.15.141:6789/0] -- mon_subscribe({config=0+,monmap=0+}) v3 -- 0x7fa2e41010d0 con 0x7fa2e406fc90
2022-05-22T06:52:36.728 INFO:teuthology.orchestra.run.smithi141.stderr:/usr/bin/ceph:
2022-05-22T06:52:36.720+0000 7fa2e37fe700 1 --2- 172.21.15.141:0/656957707 >> [v2:172.21.15.141:3300/0,v1:172.21.15.141:6789/0] conn(0x7fa2e406fc90 0x7fa2e4100be0 secure :-1 s=READY pgs=35 cs=0 l=1 rev1=1 rx=0x7fa2cc00b5f0 tx=0x7fa2cc006ee0).ready entity=mon.0 client_cookie=70e6c7bdbaed7154 server_cookie=0 in_seq=0 out_seq=0
2022-05-22T06:52:36.728 INFO:teuthology.orchestra.run.smithi141.stderr:/usr/bin/ceph:
2022-05-22T06:52:36.720+0000 7fa2e27fc700 1 -- 172.21.15.141:0/656957707 <== mon.0 v2:172.21.15.141:3300/0 1 ==== mon_map magic: 0 v1 ==== 229+0+0 (secure 0 0 0) 0x7fa2cc00d600 con 0x7fa2e406fc90
2022-05-22T06:52:36.728 INFO:teuthology.orchestra.run.smithi141.stderr:/usr/bin/ceph:
2022-05-22T06:52:36.720+0000 7fa2e27fc700 1 -- 172.21.15.141:0/656957707 <== mon.0 v2:172.21.15.141:3300/0 2 ==== config(25 keys) v1 ==== 1010+0+0 (secure 0 0 0) 0x7fa2cc00dbd0 con 0x7fa2e406fc90
2022-05-22T06:52:36.728 INFO:teuthology.orchestra.run.smithi141.stderr:/usr/bin/ceph:
2022-05-22T06:52:36.720+0000 7fa2e27fc700 1 -- 172.21.15.141:0/656957707 <== mon.0 v2:172.21.15.141:3300/0 3 ==== mon_map magic: 0 v1 ==== 229+0+0 (secure 0 0 0) 0x7fa2cc011c00 con 0x7fa2e406fc90
2022-05-22T06:52:36.729 INFO:teuthology.orchestra.run.smithi141.stderr:/usr/bin/ceph:
2022-05-22T06:52:36.721+0000 7fa2e9ebb700 1 -- 172.21.15.141:0/656957707 >> [v2:172.21.15.141:3300/0,v1:172.21.15.141:6789/0] conn(0x7fa2e406fc90 msgr2=0x7fa2e4100be0 secure :-1 s=STATE_CONNECTION_ESTABLISHED l=1).mark_down
2022-05-22T06:52:36.729 INFO:teuthology.orchestra.run.smithi141.stderr:/usr/bin/ceph:
2022-05-22T06:52:36.721+0000 7fa2e9ebb700 1 --2- 172.21.15.141:0/656957707 >> [v2:172.21.15.141:3300/0,v1:172.21.15.141:6789/0] conn(0x7fa2e406fc90 0x7fa2e4100be0 secure :-1 s=READY pgs=35 cs=0 l=1 rev1=1 rx=0x7fa2cc00b5f0 tx=0x7fa2cc006ee0).stop
2022-05-22T06:52:36.729 INFO:teuthology.orchestra.run.smithi141.stderr:/usr/bin/ceph:
2022-05-22T06:52:36.721+0000 7fa2e9ebb700 1 -- 172.21.15.141:0/656957707 shutdown_connections
2022-05-22T06:52:36.729 INFO:teuthology.orchestra.run.smithi141.stderr:/usr/bin/ceph:
2022-05-22T06:52:36.721+0000 7fa2e9ebb700 1 --2- 172.21.15.141:0/656957707 >> [v2:172.21.15.141:3300/0,v1:172.21.15.141:6789/0] conn(0x7fa2e406fc90 0x7fa2e4100be0 unknown :-1 s=CLOSED pgs=35 cs=0 l=1 rev1=1 rx=0 tx=0).stop
2022-05-22T06:52:36.730 INFO:teuthology.orchestra.run.smithi141.stderr:/usr/bin/ceph:
2022-05-22T06:52:36.721+0000 7fa2e9ebb700 1 -- 172.21.15.141:0/656957707 >> 172.21.15.141:0/656957707 conn(0x7fa2e40f6280 msgr2=0x7fa2e40f86a0 unknown :-1 s=STATE_NONE l=0).mark_down
2022-05-22T06:52:36.730 INFO:teuthology.orchestra.run.smithi141.stderr:/usr/bin/ceph:
2022-05-22T06:52:36.721+0000 7fa2e9ebb700 1 -- 172.21.15.141:0/656957707 shutdown_connections
2022-05-22T06:52:36.730 INFO:teuthology.orchestra.run.smithi141.stderr:/usr/bin/ceph:
2022-05-22T06:52:36.721+0000 7fa2e9ebb700 1 -- 172.21.15.141:0/656957707 wait complete.
2022-05-22T06:52:36.730 INFO:teuthology.orchestra.run.smithi141.stderr:/usr/bin/ceph:
2022-05-22T06:52:36.722+0000 7fa2e9ebb700 1 Processor -- start
2022-05-22T06:52:36.731 INFO:teuthology.orchestra.run.smithi141.stderr:/usr/bin/ceph:
2022-05-22T06:52:36.722+0000 7fa2e9ebb700 1 -- start start
2022-05-22T06:52:36.731 INFO:teuthology.orchestra.run.smithi141.stderr:/usr/bin/ceph:
2022-05-22T06:52:36.722+0000 7fa2e9ebb700 1 --2- >> [v2:172.21.15.141:3300/0,v1:172.21.15.141:6789/0] conn(0x7fa2e406fc90 0x7fa2e410cbc0 unknown :-1 s=NONE pgs=0 cs=0 l=1 rev1=0 rx=0 tx=0).connect
2022-05-22T06:52:36.731 INFO:teuthology.orchestra.run.smithi141.stderr:/usr/bin/ceph:
2022-05-22T06:52:36.722+0000 7fa2e9ebb700 1 -- --> [v2:172.21.15.141:3300/0,v1:172.21.15.141:6789/0] -- mon_getmap magic: 0 v1 -- 0x7fa2e410d0b0 con 0x7fa2e406fc90
2022-05-22T06:52:36.732 INFO:teuthology.orchestra.run.smithi141.stderr:/usr/bin/ceph:
2022-05-22T06:52:36.722+0000 7fa2e37fe700 1 --2- >> [v2:172.21.15.141:3300/0,v1:172.21.15.141:6789/0] conn(0x7fa2e406fc90 0x7fa2e410cbc0 unknown :-1 s=BANNER_CONNECTING pgs=0 cs=0 l=1 rev1=0 rx=0 tx=0)._handle_peer_banner_payload supported=1 required=0
2022-05-22T06:52:36.732 INFO:teuthology.orchestra.run.smithi141.stderr:/usr/bin/ceph:
2022-05-22T06:52:36.722+0000 7fa2e37fe700 1 --2- >> [v2:172.21.15.141:3300/0,v1:172.21.15.141:6789/0] conn(0x7fa2e406fc90 0x7fa2e410cbc0 unknown :-1 s=HELLO_CONNECTING pgs=0 cs=0 l=1 rev1=1 rx=0 tx=0).handle_hello peer v2:172.21.15.141:3300/0 says I am v2:172.21.15.141:49610/0 (socket says 172.21.15.141:49610)
2022-05-22T06:52:36.732 INFO:teuthology.orchestra.run.smithi141.stderr:/usr/bin/ceph:
2022-05-22T06:52:36.722+0000 7fa2e37fe700 1 -- 172.21.15.141:0/2765466580 learned_addr learned my addr 172.21.15.141:0/2765466580 (peer_addr_for_me v2:172.21.15.141:0/0)
2022-05-22T06:52:36.732 INFO:teuthology.orchestra.run.smithi141.stderr:/usr/bin/ceph:
2022-05-22T06:52:36.722+0000 7fa2e37fe700 1 -- 172.21.15.141:0/2765466580 --> [v2:172.21.15.141:3300/0,v1:172.21.15.141:6789/0] -- mon_subscribe({config=0+,monmap=0+}) v3 -- 0x7fa2cc00b200 con 0x7fa2e406fc90
2022-05-22T06:52:36.733 INFO:teuthology.orchestra.run.smithi141.stderr:/usr/bin/ceph:
2022-05-22T06:52:36.723+0000 7fa2e37fe700 1 --2- 172.21.15.141:0/2765466580 >> [v2:172.21.15.141:3300/0,v1:172.21.15.141:6789/0] conn(0x7fa2e406fc90 0x7fa2e410cbc0 secure :-1 s=READY pgs=36 cs=0 l=1 rev1=1 rx=0x7fa2cc00e040 tx=0x7fa2cc006ee0).ready entity=mon.0 client_cookie=0 server_cookie=0 in_seq=0 out_seq=0
2022-05-22T06:52:36.733 INFO:teuthology.orchestra.run.smithi141.stderr:/usr/bin/ceph:
2022-05-22T06:52:36.723+0000 7fa2dbfff700 1 -- 172.21.15.141:0/2765466580 <== mon.0 v2:172.21.15.141:3300/0 1 ==== mon_map magic: 0 v1 ==== 229+0+0 (secure 0 0 0) 0x7fa2cc01b410 con 0x7fa2e406fc90
2022-05-22T06:52:36.733 INFO:teuthology.orchestra.run.smithi141.stderr:/usr/bin/ceph:
2022-05-22T06:52:36.723+0000 7fa2dbfff700 1 -- 172.21.15.141:0/2765466580 <== mon.0 v2:172.21.15.141:3300/0 2 ==== config(25 keys) v1 ==== 1010+0+0 (secure 0 0 0) 0x7fa2cc01b9e0 con 0x7fa2e406fc90
2022-05-22T06:52:36.733 INFO:teuthology.orchestra.run.smithi141.stderr:/usr/bin/ceph:
2022-05-22T06:52:36.723+0000 7fa2dbfff700 1 -- 172.21.15.141:0/2765466580 <== mon.0 v2:172.21.15.141:3300/0 3 ==== mon_map magic: 0 v1 ==== 229+0+0 (secure 0 0 0) 0x7fa2cc01a770 con 0x7fa2e406fc90
2022-05-22T06:52:36.733 INFO:teuthology.orchestra.run.smithi141.stderr:/usr/bin/ceph:
2022-05-22T06:52:36.723+0000 7fa2e9ebb700 1 -- 172.21.15.141:0/2765466580 --> [v2:172.21.15.141:3300/0,v1:172.21.15.141:6789/0] -- mon_subscribe({mgrmap=0+}) v3 -- 0x7fa2e410d2b0 con 0x7fa2e406fc90
2022-05-22T06:52:36.734 INFO:teuthology.orchestra.run.smithi141.stderr:/usr/bin/ceph:
2022-05-22T06:52:36.723+0000 7fa2e9ebb700 1 -- 172.21.15.141:0/2765466580 --> [v2:172.21.15.141:3300/0,v1:172.21.15.141:6789/0] -- mon_subscribe({osdmap=0}) v3 -- 0x7fa2e410d6c0 con 0x7fa2e406fc90
2022-05-22T06:52:36.734 INFO:teuthology.orchestra.run.smithi141.stderr:/usr/bin/ceph:
2022-05-22T06:52:36.724+0000 7fa2dbfff700 1 -- 172.21.15.141:0/2765466580 <== mon.0 v2:172.21.15.141:3300/0 4 ==== mgrmap(e 8) v1 ==== 36120+0+0 (secure 0 0 0) 0x7fa2cc00f070 con 0x7fa2e406fc90
2022-05-22T06:52:36.734 INFO:teuthology.orchestra.run.smithi141.stderr:/usr/bin/ceph:
2022-05-22T06:52:36.724+0000 7fa2e9ebb700 1 -- 172.21.15.141:0/2765466580 --> [v2:172.21.15.141:3300/0,v1:172.21.15.141:6789/0] -- mon_command({"prefix": "get_command_descriptions"} v 0) v1 -- 0x7fa2e4045ad0 con 0x7fa2e406fc90
2022-05-22T06:52:36.734 INFO:teuthology.orchestra.run.smithi141.stderr:/usr/bin/ceph:
2022-05-22T06:52:36.724+0000 7fa2dbfff700 1 --2- 172.21.15.141:0/2765466580 >> [v2:172.21.15.141:6800/1476894321,v1:172.21.15.141:6801/1476894321] conn(0x7fa2c402fd50 0x7fa2c4032210 unknown :-1 s=NONE pgs=0 cs=0 l=1 rev1=0 rx=0 tx=0).connect
2022-05-22T06:52:36.735 INFO:teuthology.orchestra.run.smithi141.stderr:/usr/bin/ceph:
2022-05-22T06:52:36.724+0000 7fa2dbfff700 1 -- 172.21.15.141:0/2765466580 <== mon.0 v2:172.21.15.141:3300/0 5 ==== osd_map(2..2 src has 1..2) v4 ==== 926+0+0 (secure 0 0 0) 0x7fa2cc041010 con 0x7fa2e406fc90
2022-05-22T06:52:36.735 INFO:teuthology.orchestra.run.smithi141.stderr:/usr/bin/ceph:
2022-05-22T06:52:36.724+0000 7fa2e2ffd700 1 --2- 172.21.15.141:0/2765466580 >> [v2:172.21.15.141:6800/1476894321,v1:172.21.15.141:6801/1476894321] conn(0x7fa2c402fd50 0x7fa2c4032210 unknown :-1 s=BANNER_CONNECTING pgs=0 cs=0 l=1 rev1=0 rx=0 tx=0)._handle_peer_banner_payload supported=1 required=0
2022-05-22T06:52:36.735 INFO:teuthology.orchestra.run.smithi141.stderr:/usr/bin/ceph:
2022-05-22T06:52:36.724+0000 7fa2e2ffd700 1 --2- 172.21.15.141:0/2765466580 >> [v2:172.21.15.141:6800/1476894321,v1:172.21.15.141:6801/1476894321] conn(0x7fa2c402fd50 0x7fa2c4032210 secure :-1 s=READY pgs=9 cs=0 l=1 rev1=1 rx=0x7fa2d40096a0 tx=0x7fa2d4006b40).ready entity=mgr.14114 client_cookie=0 server_cookie=0 in_seq=0 out_seq=0
2022-05-22T06:52:36.736 INFO:teuthology.orchestra.run.smithi141.stderr:/usr/bin/ceph:
