2022-09-18T12:03:04.950+0000 7fdc62ffd700 1 -- 172.21.15.94:0/4067153448 <== mon.0 v2:172.21.15.94:3300/0 5 ==== osd_map(2..2 src has 1..2) v4 ==== 936+0+0 (secure 0 0 0) 0x7fdc64049350 con 0x7fdc74075c80
2022-09-18T12:03:05.551 INFO:teuthology.orchestra.run.smithi094.stdout:/usr/bin/ceph: stderr
2022-09-18T12:03:04.950+0000 7fdc71d9b700 1 --2- 172.21.15.94:0/4067153448 >> [v2:172.21.15.94:6800/2270705418,v1:172.21.15.94:6801/2270705418] conn(0x7fdc58034b70 0x7fdc58037020 unknown :-1 s=BANNER_CONNECTING pgs=0 cs=0 l=1 rev1=0 crypto rx=0 tx=0 comp rx=0 tx=0)._handle_peer_banner_payload supported=3 required=0
2022-09-18T12:03:05.552 INFO:teuthology.orchestra.run.smithi094.stdout:/usr/bin/ceph: stderr
2022-09-18T12:03:04.950+0000 7fdc78872700 1 -- 172.21.15.94:0/4067153448 --> [v2:172.21.15.94:3300/0,v1:172.21.15.94:6789/0] -- mon_command({"prefix": "get_command_descriptions"} v 0) v1 -- 0x7fdc50005160 con 0x7fdc74075c80
2022-09-18T12:03:05.552 INFO:teuthology.orchestra.run.smithi094.stdout:/usr/bin/ceph: stderr
2022-09-18T12:03:04.951+0000 7fdc71d9b700 1 --2- 172.21.15.94:0/4067153448 >> [v2:172.21.15.94:6800/2270705418,v1:172.21.15.94:6801/2270705418] conn(0x7fdc58034b70 0x7fdc58037020 secure :-1 s=READY pgs=14 cs=0 l=1 rev1=1 crypto rx=0x7fdc68009780 tx=0x7fdc68006cc0 comp rx=0 tx=0).ready entity=mgr.14120 client_cookie=0 server_cookie=0 in_seq=0 out_seq=0
2022-09-18T12:03:05.552 INFO:teuthology.orchestra.run.smithi094.stdout:/usr/bin/ceph: stderr
2022-09-18T12:03:04.955+0000 7fdc62ffd700 1 -- 172.21.15.94:0/4067153448 <== mon.0 v2:172.21.15.94:3300/0 6 ==== mon_command_ack([{"prefix": "get_command_descriptions"}]=0 v0) v1 ==== 72+0+170412 (secure 0 0 0) 0x7fdc6402b3e0 con 0x7fdc74075c80
2022-09-18T12:03:05.552 INFO:teuthology.orchestra.run.smithi094.stdout:/usr/bin/ceph: stderr
2022-09-18T12:03:05.147+0000 7fdc78872700 1 -- 172.21.15.94:0/4067153448 --> [v2:172.21.15.94:3300/0,v1:172.21.15.94:6789/0] -- mon_command([{prefix=config set, name=mgr/cephadm/container_init}] v 0) v1 -- 0x7fdc50005410 con 0x7fdc74075c80
2022-09-18T12:03:05.553 INFO:teuthology.orchestra.run.smithi094.stdout:/usr/bin/ceph: stderr
2022-09-18T12:03:05.150+0000 7fdc62ffd700 1 -- 172.21.15.94:0/4067153448 <== mon.0 v2:172.21.15.94:3300/0 7 ==== mon_command_ack([{prefix=config set, name=mgr/cephadm/container_init}]=0 v7)=0 v7) v1 ==== 142+0+0 (secure 0 0 0) 0x7fdc64006bf0 con 0x7fdc74075c80
2022-09-18T12:03:05.553 INFO:teuthology.orchestra.run.smithi094.stdout:/usr/bin/ceph: stderr
2022-09-18T12:03:05.153+0000 7fdc78872700 1 -- 172.21.15.94:0/4067153448 >> [v2:172.21.15.94:6800/2270705418,v1:172.21.15.94:6801/2270705418] conn(0x7fdc58034b70 msgr2=0x7fdc58037020 secure :-1 s=STATE_CONNECTION_ESTABLISHED l=1).mark_down
2022-09-18T12:03:05.553 INFO:teuthology.orchestra.run.smithi094.stdout:/usr/bin/ceph: stderr
2022-09-18T12:03:05.153+0000 7fdc78872700 1 --2- 172.21.15.94:0/4067153448 >> [v2:172.21.15.94:6800/2270705418,v1:172.21.15.94:6801/2270705418] conn(0x7fdc58034b70 0x7fdc58037020 secure :-1 s=READY pgs=14 cs=0 l=1 rev1=1 crypto rx=0x7fdc68009780 tx=0x7fdc68006cc0 comp rx=0 tx=0).stop
2022-09-18T12:03:05.553 INFO:teuthology.orchestra.run.smithi094.stdout:/usr/bin/ceph: stderr
2022-09-18T12:03:05.153+0000 7fdc78872700 1 -- 172.21.15.94:0/4067153448 >> [v2:172.21.15.94:3300/0,v1:172.21.15.94:6789/0] conn(0x7fdc74075c80 msgr2=0x7fdc74101e20 secure :-1 s=STATE_CONNECTION_ESTABLISHED l=1).mark_down
2022-09-18T12:03:05.553 INFO:teuthology.orchestra.run.smithi094.stdout:/usr/bin/ceph: stderr
2022-09-18T12:03:05.153+0000 7fdc78872700 1 --2- 172.21.15.94:0/4067153448 >> [v2:172.21.15.94:3300/0,v1:172.21.15.94:6789/0] conn(0x7fdc74075c80 0x7fdc74101e20 secure :-1 s=READY pgs=52 cs=0 l=1 rev1=1 crypto rx=0x7fdc640108a0 tx=0x7fdc640090f0 comp rx=0 tx=0).stop
2022-09-18T12:03:05.554 INFO:teuthology.orchestra.run.smithi094.stdout:/usr/bin/ceph: stderr
2022-09-18T12:03:05.153+0000 7fdc78872700 1 -- 172.21.15.94:0/4067153448 shutdown_connections
2022-09-18T12:03:05.554 INFO:teuthology.orchestra.run.smithi094.stdout:/usr/bin/ceph: stderr
2022-09-18T12:03:05.153+0000 7fdc78872700 1 --2- 172.21.15.94:0/4067153448 >> [v2:172.21.15.94:6800/2270705418,v1:172.21.15.94:6801/2270705418] conn(0x7fdc58034b70 0x7fdc58037020 unknown :-1 s=CLOSED pgs=14 cs=0 l=1 rev1=1 crypto rx=0 tx=0 comp rx=0 tx=0).stop
2022-09-18T12:03:05.554 INFO:teuthology.orchestra.run.smithi094.stdout:/usr/bin/ceph: stderr
2022-09-18T12:03:05.153+0000 7fdc78872700 1 --2- 172.21.15.94:0/4067153448 >> [v2:172.21.15.94:3300/0,v1:172.21.15.94:6789/0] conn(0x7fdc74075c80 0x7fdc74101e20 unknown :-1 s=CLOSED pgs=52 cs=0 l=1 rev1=1 crypto rx=0 tx=0 comp rx=0 tx=0).stop
2022-09-18T12:03:05.554 INFO:teuthology.orchestra.run.smithi094.stdout:/usr/bin/ceph: stderr
2022-09-18T12:03:05.153+0000 7fdc78872700 1 -- 172.21.15.94:0/4067153448 >> 172.21.15.94:0/4067153448 conn(0x7fdc740fbdf0 msgr2=0x7fdc740fd4b0 unknown :-1 s=STATE_NONE l=0).mark_down
2022-09-18T12:03:05.555 INFO:teuthology.orchestra.run.smithi094.stdout:/usr/bin/ceph: stderr
2022-09-18T12:03:05.153+0000 7fdc78872700 1 -- 172.21.15.94:0/4067153448 shutdown_connections
2022-09-18T12:03:05.555 INFO:teuthology.orchestra.run.smithi094.stdout:/usr/bin/ceph: stderr
2022-09-18T12:03:05.153+0000 7fdc78872700 1 -- 172.21.15.94:0/4067153448 wait complete.
2022-09-18T12:03:06.373 INFO:journalctl@ceph.mon.a.smithi094.stdout:Sep 18 12:03:06 smithi094 ceph-mon[78378]: from='client.? 172.21.15.94:0/4067153448' entity='client.admin'
2022-09-18T12:03:06.374 INFO:journalctl@ceph.mon.a.smithi094.stdout:Sep 18 12:03:06 smithi094 ceph-mon[78378]: from='mgr.14120 172.21.15.94:0/1319849932' entity='mgr.x'
2022-09-18T12:03:06.831 INFO:teuthology.orchestra.run.smithi094.stdout:/usr/bin/ceph: stderr
2022-09-18T12:03:06.251+0000 7fcc392a9700 1 Processor -- start
2022-09-18T12:03:06.831 INFO:teuthology.orchestra.run.smithi094.stdout:/usr/bin/ceph: stderr
2022-09-18T12:03:06.251+0000 7fcc392a9700 1 -- start start
2022-09-18T12:03:06.832 INFO:teuthology.orchestra.run.smithi094.stdout:/usr/bin/ceph: stderr
2022-09-18T12:03:06.251+0000 7fcc392a9700 1 --2- >> [v2:172.21.15.94:3300/0,v1:172.21.15.94:6789/0] conn(0x7fcc34075c40 0x7fcc341067e0 unknown :-1 s=NONE pgs=0 cs=0 l=0 rev1=0 crypto rx=0 tx=0 comp rx=0 tx=0).connect
2022-09-18T12:03:06.832 INFO:teuthology.orchestra.run.smithi094.stdout:/usr/bin/ceph: stderr
2022-09-18T12:03:06.251+0000 7fcc392a9700 1 -- --> [v2:172.21.15.94:3300/0,v1:172.21.15.94:6789/0] -- mon_getmap magic: 0 v1 -- 0x7fcc34102260 con 0x7fcc34075c40
2022-09-18T12:03:06.832 INFO:teuthology.orchestra.run.smithi094.stdout:/usr/bin/ceph: stderr
2022-09-18T12:03:06.251+0000 7fcc32ffd700 1 --2- >> [v2:172.21.15.94:3300/0,v1:172.21.15.94:6789/0] conn(0x7fcc34075c40 0x7fcc341067e0 unknown :-1 s=BANNER_CONNECTING pgs=0 cs=0 l=0 rev1=0 crypto rx=0 tx=0 comp rx=0 tx=0)._handle_peer_banner_payload supported=3 required=0
2022-09-18T12:03:06.832 INFO:teuthology.orchestra.run.smithi094.stdout:/usr/bin/ceph: stderr
2022-09-18T12:03:06.251+0000 7fcc32ffd700 1 --2- >> [v2:172.21.15.94:3300/0,v1:172.21.15.94:6789/0] conn(0x7fcc34075c40 0x7fcc341067e0 unknown :-1 s=HELLO_CONNECTING pgs=0 cs=0 l=0 rev1=1 crypto rx=0 tx=0 comp rx=0 tx=0).handle_hello peer v2:172.21.15.94:3300/0 says I am v2:172.21.15.94:58716/0 (socket says 172.21.15.94:58716)
2022-09-18T12:03:06.833 INFO:teuthology.orchestra.run.smithi094.stdout:/usr/bin/ceph: stderr
2022-09-18T12:03:06.251+0000 7fcc32ffd700 1 -- 172.21.15.94:0/342537732 learned_addr learned my addr 172.21.15.94:0/342537732 (peer_addr_for_me v2:172.21.15.94:0/0)
2022-09-18T12:03:06.833 INFO:teuthology.orchestra.run.smithi094.stdout:/usr/bin/ceph: stderr
2022-09-18T12:03:06.252+0000 7fcc32ffd700 1 -- 172.21.15.94:0/342537732 --> [v2:172.21.15.94:3300/0,v1:172.21.15.94:6789/0] -- mon_subscribe({config=0+,monmap=0+}) v3 -- 0x7fcc34106d20 con 0x7fcc34075c40
2022-09-18T12:03:06.833 INFO:teuthology.orchestra.run.smithi094.stdout:/usr/bin/ceph: stderr
2022-09-18T12:03:06.252+0000 7fcc32ffd700 1 --2- 172.21.15.94:0/342537732 >> [v2:172.21.15.94:3300/0,v1:172.21.15.94:6789/0] conn(0x7fcc34075c40 0x7fcc341067e0 secure :-1 s=READY pgs=53 cs=0 l=1 rev1=1 crypto rx=0x7fcc24009730 tx=0x7fcc240090f0 comp rx=0 tx=0).ready entity=mon.0 client_cookie=f9f0f8cf0efdab59 server_cookie=0 in_seq=0 out_seq=0
2022-09-18T12:03:06.833 INFO:teuthology.orchestra.run.smithi094.stdout:/usr/bin/ceph: stderr
2022-09-18T12:03:06.252+0000 7fcc31ffb700 1 -- 172.21.15.94:0/342537732 <== mon.0 v2:172.21.15.94:3300/0 1 ==== mon_map magic: 0 v1 ==== 205+0+0 (secure 0 0 0) 0x7fcc24011630 con 0x7fcc34075c40
2022-09-18T12:03:06.833 INFO:teuthology.orchestra.run.smithi094.stdout:/usr/bin/ceph: stderr
2022-09-18T12:03:06.252+0000 7fcc31ffb700 1 -- 172.21.15.94:0/342537732 <== mon.0 v2:172.21.15.94:3300/0 2 ==== config(26 keys) v1 ==== 1080+0+0 (secure 0 0 0) 0x7fcc24011c40 con 0x7fcc34075c40
2022-09-18T12:03:06.834 INFO:teuthology.orchestra.run.smithi094.stdout:/usr/bin/ceph: stderr
2022-09-18T12:03:06.252+0000 7fcc31ffb700 1 -- 172.21.15.94:0/342537732 <== mon.0 v2:172.21.15.94:3300/0 3 ==== mon_map magic: 0 v1 ==== 205+0+0 (secure 0 0 0) 0x7fcc24010b60 con 0x7fcc34075c40
2022-09-18T12:03:06.834 INFO:teuthology.orchestra.run.smithi094.stdout:/usr/bin/ceph: stderr
2022-09-18T12:03:06.253+0000 7fcc392a9700 1 -- 172.21.15.94:0/342537732 >> [v2:172.21.15.94:3300/0,v1:172.21.15.94:6789/0] conn(0x7fcc34075c40 msgr2=0x7fcc341067e0 secure :-1 s=STATE_CONNECTION_ESTABLISHED l=1).mark_down
2022-09-18T12:03:06.834 INFO:teuthology.orchestra.run.smithi094.stdout:/usr/bin/ceph: stderr
2022-09-18T12:03:06.253+0000 7fcc392a9700 1 --2- 172.21.15.94:0/342537732 >> [v2:172.21.15.94:3300/0,v1:172.21.15.94:6789/0] conn(0x7fcc34075c40 0x7fcc341067e0 secure :-1 s=READY pgs=53 cs=0 l=1 rev1=1 crypto rx=0x7fcc24009730 tx=0x7fcc240090f0 comp rx=0 tx=0).stop
2022-09-18T12:03:06.834 INFO:teuthology.orchestra.run.smithi094.stdout:/usr/bin/ceph: stderr
2022-09-18T12:03:06.253+0000 7fcc392a9700 1 -- 172.21.15.94:0/342537732 shutdown_connections
2022-09-18T12:03:06.835 INFO:teuthology.orchestra.run.smithi094.stdout:/usr/bin/ceph: stderr
2022-09-18T12:03:06.253+0000 7fcc392a9700 1 --2- 172.21.15.94:0/342537732 >> [v2:172.21.15.94:3300/0,v1:172.21.15.94:6789/0] conn(0x7fcc34075c40 0x7fcc341067e0 unknown :-1 s=CLOSED pgs=53 cs=0 l=1 rev1=1 crypto rx=0 tx=0 comp rx=0 tx=0).stop
2022-09-18T12:03:06.835 INFO:teuthology.orchestra.run.smithi094.stdout:/usr/bin/ceph: stderr
2022-09-18T12:03:06.253+0000 7fcc392a9700 1 -- 172.21.15.94:0/342537732 >> 172.21.15.94:0/342537732 conn(0x7fcc340fbdf0 msgr2=0x7fcc340fe220 unknown :-1 s=STATE_NONE l=0).mark_down
2022-09-18T12:03:06.835 INFO:teuthology.orchestra.run.smithi094.stdout:/usr/bin/ceph: stderr
2022-09-18T12:03:06.253+0000 7fcc392a9700 1 -- 172.21.15.94:0/342537732 shutdown_connections
2022-09-18T12:03:06.835 INFO:teuthology.orchestra.run.smithi094.stdout:/usr/bin/ceph: stderr
2022-09-18T12:03:06.253+0000 7fcc392a9700 1 -- 172.21.15.94:0/342537732 wait complete.
2022-09-18T12:03:06.836 INFO:teuthology.orchestra.run.smithi094.stdout:/usr/bin/ceph: stderr
2022-09-18T12:03:06.253+0000 7fcc392a9700 1 Processor -- start
2022-09-18T12:03:06.836 INFO:teuthology.orchestra.run.smithi094.stdout:/usr/bin/ceph: stderr
2022-09-18T12:03:06.253+0000 7fcc392a9700 1 -- start start
2022-09-18T12:03:06.836 INFO:teuthology.orchestra.run.smithi094.stdout:/usr/bin/ceph: stderr
2022-09-18T12:03:06.254+0000 7fcc392a9700 1 --2- >> [v2:172.21.15.94:3300/0,v1:172.21.15.94:6789/0] conn(0x7fcc34075c40 0x7fcc341126c0 unknown :-1 s=NONE pgs=0 cs=0 l=1 rev1=0 crypto rx=0 tx=0 comp rx=0 tx=0).connect
2022-09-18T12:03:06.836 INFO:teuthology.orchestra.run.smithi094.stdout:/usr/bin/ceph: stderr
2022-09-18T12:03:06.254+0000 7fcc392a9700 1 -- --> [v2:172.21.15.94:3300/0,v1:172.21.15.94:6789/0] -- mon_getmap magic: 0 v1 -- 0x7fcc34112c00 con 0x7fcc34075c40
2022-09-18T12:03:06.837 INFO:teuthology.orchestra.run.smithi094.stdout:/usr/bin/ceph: stderr
2022-09-18T12:03:06.254+0000 7fcc32ffd700 1 --2- >> [v2:172.21.15.94:3300/0,v1:172.21.15.94:6789/0] conn(0x7fcc34075c40 0x7fcc341126c0 unknown :-1 s=BANNER_CONNECTING pgs=0 cs=0 l=1 rev1=0 crypto rx=0 tx=0 comp rx=0 tx=0)._handle_peer_banner_payload supported=3 required=0
2022-09-18T12:03:06.837 INFO:teuthology.orchestra.run.smithi094.stdout:/usr/bin/ceph: stderr
2022-09-18T12:03:06.254+0000 7fcc32ffd700 1 --2- >> [v2:172.21.15.94:3300/0,v1:172.21.15.94:6789/0] conn(0x7fcc34075c40 0x7fcc341126c0 unknown :-1 s=HELLO_CONNECTING pgs=0 cs=0 l=1 rev1=1 crypto rx=0 tx=0 comp rx=0 tx=0).handle_hello peer v2:172.21.15.94:3300/0 says I am v2:172.21.15.94:58720/0 (socket says 172.21.15.94:58720)
2022-09-18T12:03:06.837 INFO:teuthology.orchestra.run.smithi094.stdout:/usr/bin/ceph: stderr
2022-09-18T12:03:06.254+0000 7fcc32ffd700 1 -- 172.21.15.94:0/3427836217 learned_addr learned my addr 172.21.15.94:0/3427836217 (peer_addr_for_me v2:172.21.15.94:0/0)
2022-09-18T12:03:06.837 INFO:teuthology.orchestra.run.smithi094.stdout:/usr/bin/ceph: stderr
2022-09-18T12:03:06.254+0000 7fcc32ffd700 1 -- 172.21.15.94:0/3427836217 --> [v2:172.21.15.94:3300/0,v1:172.21.15.94:6789/0] -- mon_subscribe({config=0+,monmap=0+}) v3 -- 0x7fcc24009370 con 0x7fcc34075c40
2022-09-18T12:03:06.837 INFO:teuthology.orchestra.run.smithi094.stdout:/usr/bin/ceph: stderr
2022-09-18T12:03:06.254+0000 7fcc32ffd700 1 --2- 172.21.15.94:0/3427836217 >> [v2:172.21.15.94:3300/0,v1:172.21.15.94:6789/0] conn(0x7fcc34075c40 0x7fcc341126c0 secure :-1 s=READY pgs=54 cs=0 l=1 rev1=1 crypto rx=0x7fcc24010800 tx=0x7fcc240090f0 comp rx=0 tx=0).ready entity=mon.0 client_cookie=0 server_cookie=0 in_seq=0 out_seq=0
2022-09-18T12:03:06.838 INFO:teuthology.orchestra.run.smithi094.stdout:/usr/bin/ceph: stderr
2022-09-18T12:03:06.254+0000 7fcc2b7fe700 1 -- 172.21.15.94:0/3427836217 <== mon.0 v2:172.21.15.94:3300/0 1 ==== mon_map magic: 0 v1 ==== 205+0+0 (secure 0 0 0) 0x7fcc2401a640 con 0x7fcc34075c40
2022-09-18T12:03:06.838 INFO:teuthology.orchestra.run.smithi094.stdout:/usr/bin/ceph: stderr
2022-09-18T12:03:06.254+0000 7fcc392a9700 1 -- 172.21.15.94:0/3427836217 --> [v2:172.21.15.94:3300/0,v1:172.21.15.94:6789/0] -- mon_subscribe({mgrmap=0+}) v3 -- 0x7fcc34112e60 con 0x7fcc34075c40
2022-09-18T12:03:06.838 INFO:teuthology.orchestra.run.smithi094.stdout:/usr/bin/ceph: stderr
2022-09-18T12:03:06.254+0000 7fcc2b7fe700 1 -- 172.21.15.94:0/3427836217 <== mon.0 v2:172.21.15.94:3300/0 2 ==== config(26 keys) v1 ==== 1080+0+0 (secure 0 0 0) 0x7fcc2401ac50 con 0x7fcc34075c40
2022-09-18T12:03:06.838 INFO:teuthology.orchestra.run.smithi094.stdout:/usr/bin/ceph: stderr
2022-09-18T12:03:06.254+0000 7fcc2b7fe700 1 -- 172.21.15.94:0/3427836217 <== mon.0 v2:172.21.15.94:3300/0 3 ==== mon_map magic: 0 v1 ==== 205+0+0 (secure 0 0 0) 0x7fcc24022a30 con 0x7fcc34075c40
2022-09-18T12:03:06.839 INFO:teuthology.orchestra.run.smithi094.stdout:/usr/bin/ceph: stderr
2022-09-18T12:03:06.254+0000 7fcc392a9700 1 -- 172.21.15.94:0/3427836217 --> [v2:172.21.15.94:3300/0,v1:172.21.15.94:6789/0] -- mon_subscribe({osdmap=0}) v3 -- 0x7fcc34113aa0 con 0x7fcc34075c40
2022-09-18T12:03:06.839 INFO:teuthology.orchestra.run.smithi094.stdout:/usr/bin/ceph: stderr
2022-09-18T12:03:06.255+0000 7fcc2b7fe700 1 -- 172.21.15.94:0/3427836217 <== mon.0 v2:172.21.15.94:3300/0 4 ==== mgrmap(e 8) v1 ==== 41841+0+0 (secure 0 0 0) 0x7fcc24017020 con 0x7fcc34075c40
2022-09-18T12:03:06.839 INFO:teuthology.orchestra.run.smithi094.stdout:/usr/bin/ceph: stderr
2022-09-18T12:03:06.255+0000 7fcc392a9700 1 -- 172.21.15.94:0/3427836217 --> [v2:172.21.15.94:3300/0,v1:172.21.15.94:6789/0] -- mon_command({"prefix": "get_command_descriptions"} v 0) v1 -- 0x7fcc3405e960 con 0x7fcc34075c40
2022-09-18T12:03:06.839 INFO:teuthology.orchestra.run.smithi094.stdout:/usr/bin/ceph: stderr
2022-09-18T12:03:06.255+0000 7fcc2b7fe700 1 --2- 172.21.15.94:0/3427836217 >> [v2:172.21.15.94:6800/2270705418,v1:172.21.15.94:6801/2270705418] conn(0x7fcc14034b70 0x7fcc14037020 unknown :-1 s=NONE pgs=0 cs=0 l=1 rev1=0 crypto rx=0 tx=0 comp rx=0 tx=0).connect
2022-09-18T12:03:06.839 INFO:teuthology.orchestra.run.smithi094.stdout:/usr/bin/ceph: stderr
2022-09-18T12:03:06.255+0000 7fcc2b7fe700 1 -- 172.21.15.94:0/3427836217 <== mon.0 v2:172.21.15.94:3300/0 5 ==== osd_map(2..2 src has 1..2) v4 ==== 936+0+0 (secure 0 0 0) 0x7fcc240483f0 con 0x7fcc34075c40
2022-09-18T12:03:06.840 INFO:teuthology.orchestra.run.smithi094.stdout:/usr/bin/ceph: stderr
2022-09-18T12:03:06.256+0000 7fcc327fc700 1 --2- 172.21.15.94:0/3427836217 >> [v2:172.21.15.94:6800/2270705418,v1:172.21.15.94:6801/2270705418] conn(0x7fcc14034b70 0x7fcc14037020 unknown :-1 s=BANNER_CONNECTING pgs=0 cs=0 l=1 rev1=0 crypto rx=0 tx=0 comp rx=0 tx=0)._handle_peer_banner_payload supported=3 required=0
2022-09-18T12:03:06.840 INFO:teuthology.orchestra.run.smithi094.stdout:/usr/bin/ceph: stderr
2022-09-18T12:03:06.256+0000 7fcc327fc700 1 --2- 172.21.15.94:0/3427836217 >> [v2:172.21.15.94:6800/2270705418,v1:172.21.15.94:6801/2270705418] conn(0x7fcc14034b70 0x7fcc14037020 secure :-1 s=READY pgs=15 cs=0 l=1 rev1=1 crypto rx=0x7fcc1c009780 tx=0x7fcc1c006cc0 comp rx=0 tx=0).ready entity=mgr.14120 client_cookie=0 server_cookie=0 in_seq=0 out_seq=0
2022-09-18T12:03:06.840 INFO:teuthology.orchestra.run.smithi094.stdout:/usr/bin/ceph: stderr
2022-09-18T12:03:06.260+0000 7fcc2b7fe700 1 -- 172.21.15.94:0/3427836217 <== mon.0 v2:172.21.15.94:3300/0 6 ==== mon_command_ack([{"prefix": "get_command_descriptions"}]=0 v0) v1 ==== 72+0+170412 (secure 0 0 0) 0x7fcc24018740 con 0x7fcc34075c40
2022-09-18T12:03:06.840 INFO:teuthology.orchestra.run.smithi094.stdout:/usr/bin/ceph: stderr
2022-09-18T12:03:06.452+0000 7fcc392a9700 1 -- 172.21.15.94:0/3427836217 --> [v2:172.21.15.94:3300/0,v1:172.21.15.94:6789/0] -- mon_command([{prefix=config set, name=mgr/dashboard/ssl_server_port}] v 0) v1 -- 0x7fcc3404b280 con 0x7fcc34075c40
2022-09-18T12:03:06.841 INFO:teuthology.orchestra.run.smithi094.stdout:/usr/bin/ceph: stderr
2022-09-18T12:03:06.456+0000 7fcc2b7fe700 1 -- 172.21.15.94:0/3427836217 <== mon.0 v2:172.21.15.94:3300/0 7 ==== mon_command_ack([{prefix=config set, name=mgr/dashboard/ssl_server_port}]=0 v8)=0 v8) v1 ==== 130+0+0 (secure 0 0 0) 0x7fcc24018350 con 0x7fcc34075c40
2022-09-18T12:03:06.841 INFO:teuthology.orchestra.run.smithi094.stdout:/usr/bin/ceph: stderr
2022-09-18T12:03:06.458+0000 7fcc392a9700 1 -- 172.21.15.94:0/3427836217 >> [v2:172.21.15.94:6800/2270705418,v1:172.21.15.94:6801/2270705418] conn(0x7fcc14034b70 msgr2=0x7fcc14037020 secure :-1 s=STATE_CONNECTION_ESTABLISHED l=1).mark_down
2022-09-18T12:03:06.841 INFO:teuthology.orchestra.run.smithi094.stdout:/usr/bin/ceph: stderr
2022-09-18T12:03:06.458+0000 7fcc392a9700 1 --2- 172.21.15.94:0/3427836217 >> [v2:172.21.15.94:6800/2270705418,v1:172.21.15.94:6801/2270705418] conn(0x7fcc14034b70 0x7fcc14037020 secure :-1 s=READY pgs=15 cs=0 l=1 rev1=1 crypto rx=0x7fcc1c009780 tx=0x7fcc1c006cc0 comp rx=0 tx=0).stop
2022-09-18T12:03:06.841 INFO:teuthology.orchestra.run.smithi094.stdout:/usr/bin/ceph: stderr
2022-09-18T12:03:06.458+0000 7fcc392a9700 1 -- 172.21.15.94:0/3427836217 >> [v2:172.21.15.94:3300/0,v1:172.21.15.94:6789/0] conn(0x7fcc34075c40 msgr2=0x7fcc341126c0 secure :-1 s=STATE_CONNECTION_ESTABLISHED l=1).mark_down
2022-09-18T12:03:06.841 INFO:teuthology.orchestra.run.smithi094.stdout:/usr/bin/ceph: stderr
2022-09-18T12:03:06.458+0000 7fcc392a9700 1 --2- 172.21.15.94:0/3427836217 >> [v2:172.21.15.94:3300/0,v1:172.21.15.94:6789/0] conn(0x7fcc34075c40 0x7fcc341126c0 secure :-1 s=READY pgs=54 cs=0 l=1 rev1=1 crypto rx=0x7fcc24010800 tx=0x7fcc240090f0 comp rx=0 tx=0).stop
2022-09-18T12:03:06.842 INFO:teuthology.orchestra.run.smithi094.stdout:/usr/bin/ceph: stderr
2022-09-18T12:03:06.458+0000 7fcc392a9700 1 -- 172.21.15.94:0/3427836217 shutdown_connections
2022-09-18T12:03:06.842 INFO:teuthology.orchestra.run.smithi094.stdout:/usr/bin/ceph: stderr
2022-09-18T12:03:06.458+0000 7fcc392a9700 1 --2- 172.21.15.94:0/3427836217 >> [v2:172.21.15.94:6800/2270705418,v1:172.21.15.94:6801/2270705418] conn(0x7fcc14034b70 0x7fcc14037020 unknown :-1 s=CLOSED pgs=15 cs=0 l=1 rev1=1 crypto rx=0 tx=0 comp rx=0 tx=0).stop
2022-09-18T12:03:06.842 INFO:teuthology.orchestra.run.smithi094.stdout:/usr/bin/ceph: stderr
2022-09-18T12:03:06.458+0000 7fcc392a9700 1 --2- 172.21.15.94:0/3427836217 >> [v2:172.21.15.94:3300/0,v1:172.21.15.94:6789/0] conn(0x7fcc34075c40 0x7fcc341126c0 unknown :-1 s=CLOSED pgs=54 cs=0 l=1 rev1=1 crypto rx=0 tx=0 comp rx=0 tx=0).stop
2022-09-18T12:03:06.842 INFO:teuthology.orchestra.run.smithi094.stdout:/usr/bin/ceph: stderr
2022-09-18T12:03:06.458+0000 7fcc392a9700 1 -- 172.21.15.94:0/3427836217 >> 172.21.15.94:0/3427836217 conn(0x7fcc340fbdf0 msgr2=0x7fcc340fcc10 unknown :-1 s=STATE_NONE l=0).mark_down
2022-09-18T12:03:06.843 INFO:teuthology.orchestra.run.smithi094.stdout:/usr/bin/ceph: stderr
2022-09-18T12:03:06.458+0000 7fcc392a9700 1 -- 172.21.15.94:0/3427836217 shutdown_connections
2022-09-18T12:03:06.843 INFO:teuthology.orchestra.run.smithi094.stdout:/usr/bin/ceph: stderr
2022-09-18T12:03:06.458+0000 7fcc392a9700 1 -- 172.21.15.94:0/3427836217 wait complete.
2022-09-18T12:03:06.843 INFO:teuthology.orchestra.run.smithi094.stdout:Enabling the dashboard module...
2022-09-18T12:03:07.816 INFO:journalctl@ceph.mon.a.smithi094.stdout:Sep 18 12:03:07 smithi094 ceph-mon[78378]: from='client.? 172.21.15.94:0/3427836217' entity='client.admin'
2022-09-18T12:03:07.816 INFO:journalctl@ceph.mon.a.smithi094.stdout:Sep 18 12:03:07 smithi094 ceph-mon[78378]: from='mgr.14120 172.21.15.94:0/1319849932' entity='mgr.x'
2022-09-18T12:03:08.729 INFO:journalctl@ceph.mon.a.smithi094.stdout:Sep 18 12:03:08 smithi094 ceph-mon[78378]: from='client.? 172.21.15.94:0/1485548530' entity='client.admin' cmd=[{"prefix": "mgr module enable", "module": "dashboard"}]: dispatch
2022-09-18T12:03:08.730 INFO:journalctl@ceph.mgr.x.smithi094.stdout:Sep 18 12:03:08 smithi094 conmon[78790]: ignoring --setuser ceph since I am not root
2022-09-18T12:03:08.730 INFO:journalctl@ceph.mgr.x.smithi094.stdout:Sep 18 12:03:08 smithi094 conmon[78790]: ignoring --setgroup ceph since I am not root
2022-09-18T12:03:08.730 INFO:journalctl@ceph.mgr.x.smithi094.stdout:Sep 18 12:03:08 smithi094 conmon[78790]:
2022-09-18T12:03:08.630+0000 7f8e72c51000 -1 mgr[py] Module devicehealth has missing NOTIFY_TYPES member
2022-09-18T12:03:08.871 INFO:teuthology.orchestra.run.smithi094.stdout:/usr/bin/ceph: stderr
2022-09-18T12:03:07.311+0000 7f17bb504700 1 Processor -- start
2022-09-18T12:03:08.871 INFO:teuthology.orchestra.run.smithi094.stdout:/usr/bin/ceph: stderr
2022-09-18T12:03:07.312+0000 7f17bb504700 1 -- start start
2022-09-18T12:03:08.872 INFO:teuthology.orchestra.run.smithi094.stdout:/usr/bin/ceph: stderr
2022-09-18T12:03:07.312+0000 7f17bb504700 1 --2- >> [v2:172.21.15.94:3300/0,v1:172.21.15.94:6789/0] conn(0x7f17b4101d10 0x7f17b4102120 unknown :-1 s=NONE pgs=0 cs=0 l=0 rev1=0 crypto rx=0 tx=0 comp rx=0 tx=0).connect
2022-09-18T12:03:08.872 INFO:teuthology.orchestra.run.smithi094.stdout:/usr/bin/ceph: stderr
2022-09-18T12:03:07.312+0000 7f17bb504700 1 -- --> [v2:172.21.15.94:3300/0,v1:172.21.15.94:6789/0] -- mon_getmap magic: 0 v1 -- 0x7f17b41026f0 con 0x7f17b4101d10
2022-09-18T12:03:08.873 INFO:teuthology.orchestra.run.smithi094.stdout:/usr/bin/ceph: stderr
2022-09-18T12:03:07.312+0000 7f17b92a0700 1 --2- >> [v2:172.21.15.94:3300/0,v1:172.21.15.94:6789/0] conn(0x7f17b4101d10 0x7f17b4102120 unknown :-1 s=BANNER_CONNECTING pgs=0 cs=0 l=0 rev1=0 crypto rx=0 tx=0 comp rx=0 tx=0)._handle_peer_banner_payload supported=3 required=0
2022-09-18T12:03:08.873 INFO:teuthology.orchestra.run.smithi094.stdout:/usr/bin/ceph: stderr
2022-09-18T12:03:07.312+0000 7f17b92a0700 1 --2- >> [v2:172.21.15.94:3300/0,v1:172.21.15.94:6789/0] conn(0x7f17b4101d10 0x7f17b4102120 unknown :-1 s=HELLO_CONNECTING pgs=0 cs=0 l=0 rev1=1 crypto rx=0 tx=0 comp rx=0 tx=0).handle_hello peer v2:172.21.15.94:3300/0 says I am v2:172.21.15.94:58726/0 (socket says 172.21.15.94:58726)
2022-09-18T12:03:08.874 INFO:teuthology.orchestra.run.smithi094.stdout:/usr/bin/ceph: stderr
2022-09-18T12:03:07.312+0000 7f17b92a0700 1 -- 172.21.15.94:0/602390212 learned_addr learned my addr 172.21.15.94:0/602390212 (peer_addr_for_me v2:172.21.15.94:0/0)
2022-09-18T12:03:08.874 INFO:teuthology.orchestra.run.smithi094.stdout:/usr/bin/ceph: stderr
2022-09-18T12:03:07.312+0000 7f17b92a0700 1 -- 172.21.15.94:0/602390212 --> [v2:172.21.15.94:3300/0,v1:172.21.15.94:6789/0] -- mon_subscribe({config=0+,monmap=0+}) v3 -- 0x7f17b4102830 con 0x7f17b4101d10
2022-09-18T12:03:08.874 INFO:teuthology.orchestra.run.smithi094.stdout:/usr/bin/ceph: stderr
2022-09-18T12:03:07.312+0000 7f17b92a0700 1 --2- 172.21.15.94:0/602390212 >> [v2:172.21.15.94:3300/0,v1:172.21.15.94:6789/0] conn(0x7f17b4101d10 0x7f17b4102120 secure :-1 s=READY pgs=55 cs=0 l=1 rev1=1 crypto rx=0x7f17b0009730 tx=0x7f17b00090f0 comp rx=0 tx=0).ready entity=mon.0 client_cookie=8df1a486af0cbf85 server_cookie=0 in_seq=0 out_seq=0
2022-09-18T12:03:08.875 INFO:teuthology.orchestra.run.smithi094.stdout:/usr/bin/ceph: stderr
2022-09-18T12:03:07.313+0000 7f17a3fff700 1 -- 172.21.15.94:0/602390212 <== mon.0 v2:172.21.15.94:3300/0 1 ==== mon_map magic: 0 v1 ==== 205+0+0 (secure 0 0 0) 0x7f17b0011630 con 0x7f17b4101d10
2022-09-18T12:03:08.875 INFO:teuthology.orchestra.run.smithi094.stdout:/usr/bin/ceph: stderr
2022-09-18T12:03:07.313+0000 7f17a3fff700 1 -- 172.21.15.94:0/602390212 <== mon.0 v2:172.21.15.94:3300/0 2 ==== config(26 keys) v1 ==== 1080+0+0 (secure 0 0 0) 0x7f17b0011c40 con 0x7f17b4101d10
2022-09-18T12:03:08.876 INFO:teuthology.orchestra.run.smithi094.stdout:/usr/bin/ceph: stderr
2022-09-18T12:03:07.313+0000 7f17a3fff700 1 -- 172.21.15.94:0/602390212 <== mon.0 v2:172.21.15.94:3300/0 3 ==== mon_map magic: 0 v1 ==== 205+0+0 (secure 0 0 0) 0x7f17b0010b60 con 0x7f17b4101d10
2022-09-18T12:03:08.876 INFO:teuthology.orchestra.run.smithi094.stdout:/usr/bin/ceph: stderr
2022-09-18T12:03:07.313+0000 7f17bb504700 1 -- 172.21.15.94:0/602390212 >> [v2:172.21.15.94:3300/0,v1:172.21.15.94:6789/0] conn(0x7f17b4101d10 msgr2=0x7f17b4102120 secure :-1 s=STATE_CONNECTION_ESTABLISHED l=1).mark_down
2022-09-18T12:03:08.877 INFO:teuthology.orchestra.run.smithi094.stdout:/usr/bin/ceph: stderr
2022-09-18T12:03:07.313+0000 7f17bb504700 1 --2- 172.21.15.94:0/602390212 >> [v2:172.21.15.94:3300/0,v1:172.21.15.94:6789/0] conn(0x7f17b4101d10 0x7f17b4102120 secure :-1 s=READY pgs=55 cs=0 l=1 rev1=1 crypto rx=0x7f17b0009730 tx=0x7f17b00090f0 comp rx=0 tx=0).stop
2022-09-18T12:03:08.877 INFO:teuthology.orchestra.run.smithi094.stdout:/usr/bin/ceph: stderr
2022-09-18T12:03:07.313+0000 7f17bb504700 1 -- 172.21.15.94:0/602390212 shutdown_connections
2022-09-18T12:03:08.878 INFO:teuthology.orchestra.run.smithi094.stdout:/usr/bin/ceph: stderr
2022-09-18T12:03:07.313+0000 7f17bb504700 1 --2- 172.21.15.94:0/602390212 >> [v2:172.21.15.94:3300/0,v1:172.21.15.94:6789/0] conn(0x7f17b4101d10 0x7f17b4102120 unknown :-1 s=CLOSED pgs=55 cs=0 l=1 rev1=1 crypto rx=0 tx=0 comp rx=0 tx=0).stop
2022-09-18T12:03:08.878 INFO:teuthology.orchestra.run.smithi094.stdout:/usr/bin/ceph: stderr
2022-09-18T12:03:07.313+0000 7f17bb504700 1 -- 172.21.15.94:0/602390212 >> 172.21.15.94:0/602390212 conn(0x7f17b40fb570 msgr2=0x7f17b40fd9a0 unknown :-1 s=STATE_NONE l=0).mark_down
2022-09-18T12:03:08.879 INFO:teuthology.orchestra.run.smithi094.stdout:/usr/bin/ceph: stderr
2022-09-18T12:03:07.313+0000 7f17bb504700 1 -- 172.21.15.94:0/602390212 shutdown_connections
2022-09-18T12:03:08.879 INFO:teuthology.orchestra.run.smithi094.stdout:/usr/bin/ceph: stderr
2022-09-18T12:03:07.313+0000 7f17bb504700 1 -- 172.21.15.94:0/602390212 wait complete.
2022-09-18T12:03:08.880 INFO:teuthology.orchestra.run.smithi094.stdout:/usr/bin/ceph: stderr
2022-09-18T12:03:07.314+0000 7f17bb504700 1 Processor -- start
2022-09-18T12:03:08.880 INFO:teuthology.orchestra.run.smithi094.stdout:/usr/bin/ceph: stderr
2022-09-18T12:03:07.314+0000 7f17bb504700 1 -- start start
2022-09-18T12:03:08.881 INFO:teuthology.orchestra.run.smithi094.stdout:/usr/bin/ceph: stderr
2022-09-18T12:03:07.314+0000 7f17bb504700 1 --2- >> [v2:172.21.15.94:3300/0,v1:172.21.15.94:6789/0] conn(0x7f17b4112840 0x7f17b4112c50 unknown :-1 s=NONE pgs=0 cs=0 l=1 rev1=0 crypto rx=0 tx=0 comp rx=0 tx=0).connect
2022-09-18T12:03:08.881 INFO:teuthology.orchestra.run.smithi094.stdout:/usr/bin/ceph: stderr
2022-09-18T12:03:07.314+0000 7f17bb504700 1 -- --> [v2:172.21.15.94:3300/0,v1:172.21.15.94:6789/0] -- mon_getmap magic: 0 v1 -- 0x7f17b4113190 con 0x7f17b4112840
2022-09-18T12:03:08.882 INFO:teuthology.orchestra.run.smithi094.stdout:/usr/bin/ceph: stderr
2022-09-18T12:03:07.314+0000 7f17b92a0700 1 --2- >> [v2:172.21.15.94:3300/0,v1:172.21.15.94:6789/0] conn(0x7f17b4112840 0x7f17b4112c50 unknown :-1 s=BANNER_CONNECTING pgs=0 cs=0 l=1 rev1=0 crypto rx=0 tx=0 comp rx=0 tx=0)._handle_peer_banner_payload supported=3 required=0
2022-09-18T12:03:08.882 INFO:teuthology.orchestra.run.smithi094.stdout:/usr/bin/ceph: stderr
2022-09-18T12:03:07.314+0000 7f17b92a0700 1 --2- >> [v2:172.21.15.94:3300/0,v1:172.21.15.94:6789/0] conn(0x7f17b4112840 0x7f17b4112c50 unknown :-1 s=HELLO_CONNECTING pgs=0 cs=0 l=1 rev1=1 crypto rx=0 tx=0 comp rx=0 tx=0).handle_hello peer v2:172.21.15.94:3300/0 says I am v2:172.21.15.94:58738/0 (socket says 172.21.15.94:58738)
2022-09-18T12:03:08.882 INFO:teuthology.orchestra.run.smithi094.stdout:/usr/bin/ceph: stderr
2022-09-18T12:03:07.314+0000 7f17b92a0700 1 -- 172.21.15.94:0/1485548530 learned_addr learned my addr 172.21.15.94:0/1485548530 (peer_addr_for_me v2:172.21.15.94:0/0)
2022-09-18T12:03:08.883 INFO:teuthology.orchestra.run.smithi094.stdout:/usr/bin/ceph: stderr
2022-09-18T12:03:07.314+0000 7f17b92a0700 1 -- 172.21.15.94:0/1485548530 --> [v2:172.21.15.94:3300/0,v1:172.21.15.94:6789/0] -- mon_subscribe({config=0+,monmap=0+}) v3 -- 0x7f17b0009370 con 0x7f17b4112840
2022-09-18T12:03:08.883 INFO:teuthology.orchestra.run.smithi094.stdout:/usr/bin/ceph: stderr
2022-09-18T12:03:07.314+0000 7f17b92a0700 1 --2- 172.21.15.94:0/1485548530 >> [v2:172.21.15.94:3300/0,v1:172.21.15.94:6789/0] conn(0x7f17b4112840 0x7f17b4112c50 secure :-1 s=READY pgs=56 cs=0 l=1 rev1=1 crypto rx=0x7f17b00108a0 tx=0x7f17b00090f0 comp rx=0 tx=0).ready entity=mon.0 client_cookie=0 server_cookie=0 in_seq=0 out_seq=0
2022-09-18T12:03:08.884 INFO:teuthology.orchestra.run.smithi094.stdout:/usr/bin/ceph: stderr
2022-09-18T12:03:07.314+0000 7f17a1ffb700 1 -- 172.21.15.94:0/1485548530 <== mon.0 v2:172.21.15.94:3300/0 1 ==== mon_map magic: 0 v1 ==== 205+0+0 (secure 0 0 0) 0x7f17b001a640 con 0x7f17b4112840
2022-09-18T12:03:08.884 INFO:teuthology.orchestra.run.smithi094.stdout:/usr/bin/ceph: stderr
2022-09-18T12:03:07.314+0000 7f17a1ffb700 1 -- 172.21.15.94:0/1485548530 <== mon.0 v2:172.21.15.94:3300/0 2 ==== config(26 keys) v1 ==== 1080+0+0 (secure 0 0 0) 0x7f17b001ac50 con 0x7f17b4112840
2022-09-18T12:03:08.885 INFO:teuthology.orchestra.run.smithi094.stdout:/usr/bin/ceph: stderr
2022-09-18T12:03:07.314+0000 7f17bb504700 1 -- 172.21.15.94:0/1485548530 --> [v2:172.21.15.94:3300/0,v1:172.21.15.94:6789/0] -- mon_subscribe({mgrmap=0+}) v3 -- 0x7f17b4113390 con 0x7f17b4112840
2022-09-18T12:03:08.885 INFO:teuthology.orchestra.run.smithi094.stdout:/usr/bin/ceph: stderr
2022-09-18T12:03:07.315+0000 7f17a1ffb700 1 -- 172.21.15.94:0/1485548530 <== mon.0 v2:172.21.15.94:3300/0 3 ==== mon_map magic: 0 v1 ==== 205+0+0 (secure 0 0 0) 0x7f17b00248c0 con 0x7f17b4112840
2022-09-18T12:03:08.886 INFO:teuthology.orchestra.run.smithi094.stdout:/usr/bin/ceph: stderr
2022-09-18T12:03:07.315+0000 7f17bb504700 1 -- 172.21.15.94:0/1485548530 --> [v2:172.21.15.94:3300/0,v1:172.21.15.94:6789/0] -- mon_subscribe({osdmap=0}) v3 -- 0x7f17b4113e20 con 0x7f17b4112840
2022-09-18T12:03:08.886 INFO:teuthology.orchestra.run.smithi094.stdout:/usr/bin/ceph: stderr
2022-09-18T12:03:07.315+0000 7f17a1ffb700 1 -- 172.21.15.94:0/1485548530 <== mon.0 v2:172.21.15.94:3300/0 4 ==== mgrmap(e 8) v1 ==== 41841+0+0 (secure 0 0 0) 0x7f17b0017020 con 0x7f17b4112840
2022-09-18T12:03:08.886 INFO:teuthology.orchestra.run.smithi094.stdout:/usr/bin/ceph: stderr
2022-09-18T12:03:07.316+0000 7f17a1ffb700 1 --2- 172.21.15.94:0/1485548530 >> [v2:172.21.15.94:6800/2270705418,v1:172.21.15.94:6801/2270705418] conn(0x7f179c034bc0 0x7f179c037070 unknown :-1 s=NONE pgs=0 cs=0 l=1 rev1=0 crypto rx=0 tx=0 comp rx=0 tx=0).connect
2022-09-18T12:03:08.887 INFO:teuthology.orchestra.run.smithi094.stdout:/usr/bin/ceph: stderr
2022-09-18T12:03:07.316+0000 7f17a1ffb700 1 -- 172.21.15.94:0/1485548530 <== mon.0 v2:172.21.15.94:3300/0 5 ==== osd_map(2..2 src has 1..2) v4 ==== 936+0+0 (secure 0 0 0) 0x7f17b0048490 con 0x7f17b4112840
2022-09-18T12:03:08.887 INFO:teuthology.orchestra.run.smithi094.stdout:/usr/bin/ceph: stderr
2022-09-18T12:03:07.316+0000 7f17bb504700 1 -- 172.21.15.94:0/1485548530 --> [v2:172.21.15.94:3300/0,v1:172.21.15.94:6789/0] -- mon_command({"prefix": "get_command_descriptions"} v 0) v1 -- 0x7f17b404b280 con 0x7f17b4112840
2022-09-18T12:03:08.888 INFO:teuthology.orchestra.run.smithi094.stdout:/usr/bin/ceph: stderr
2022-09-18T12:03:07.316+0000 7f17b8a9f700 1 --2- 172.21.15.94:0/1485548530 >> [v2:172.21.15.94:6800/2270705418,v1:172.21.15.94:6801/2270705418] conn(0x7f179c034bc0 0x7f179c037070 unknown :-1 s=BANNER_CONNECTING pgs=0 cs=0 l=1 rev1=0 crypto rx=0 tx=0 comp rx=0 tx=0)._handle_peer_banner_payload supported=3 required=0
2022-09-18T12:03:08.888 INFO:teuthology.orchestra.run.smithi094.stdout:/usr/bin/ceph: stderr
2022-09-18T12:03:07.316+0000 7f17b8a9f700 1 --2- 172.21.15.94:0/1485548530 >> [v2:172.21.15.94:6800/2270705418,v1:172.21.15.94:6801/2270705418] conn(0x7f179c034bc0 0x7f179c037070 secure :-1 s=READY pgs=16 cs=0 l=1 rev1=1 crypto rx=0x7f17a4009780 tx=0x7f17a4006cc0 comp rx=0 tx=0).ready entity=mgr.14120 client_cookie=0 server_cookie=0 in_seq=0 out_seq=0
2022-09-18T12:03:08.889 INFO:teuthology.orchestra.run.smithi094.stdout:/usr/bin/ceph: stderr
2022-09-18T12:03:07.320+0000 7f17a1ffb700 1 -- 172.21.15.94:0/1485548530 <== mon.0 v2:172.21.15.94:3300/0 6 ==== mon_command_ack([{"prefix": "get_command_descriptions"}]=0 v0) v1 ==== 72+0+170412 (secure 0 0 0) 0x7f17b001a7a0 con 0x7f17b4112840
2022-09-18T12:03:08.889 INFO:teuthology.orchestra.run.smithi094.stdout:/usr/bin/ceph: stderr
2022-09-18T12:03:07.561+0000 7f17bb504700 1 -- 172.21.15.94:0/1485548530 --> [v2:172.21.15.94:3300/0,v1:172.21.15.94:6789/0] -- mon_command({"prefix": "mgr module enable", "module": "dashboard"} v 0) v1 -- 0x7f17b4114a60 con 0x7f17b4112840
2022-09-18T12:03:08.890 INFO:teuthology.orchestra.run.smithi094.stdout:/usr/bin/ceph: stderr
2022-09-18T12:03:08.458+0000 7f17a1ffb700 1 -- 172.21.15.94:0/1485548530 <== mon.0 v2:172.21.15.94:3300/0 7 ==== mgrmap(e 9) v1 ==== 41854+0+0 (secure 0 0 0) 0x7f17b000f050 con 0x7f17b4112840
2022-09-18T12:03:08.890 INFO:teuthology.orchestra.run.smithi094.stdout:/usr/bin/ceph: stderr
2022-09-18T12:03:08.459+0000 7f17a1ffb700 1 -- 172.21.15.94:0/1485548530 <== mon.0 v2:172.21.15.94:3300/0 8 ==== mon_command_ack([{"prefix": "mgr module enable", "module": "dashboard"}]=0 v9) v1 ==== 88+0+0 (secure 0 0 0) 0x7f17b0037aa0 con 0x7f17b4112840
2022-09-18T12:03:08.891 INFO:teuthology.orchestra.run.smithi094.stdout:/usr/bin/ceph: stderr
2022-09-18T12:03:08.462+0000 7f17bb504700 1 -- 172.21.15.94:0/1485548530 >> [v2:172.21.15.94:6800/2270705418,v1:172.21.15.94:6801/2270705418] conn(0x7f179c034bc0 msgr2=0x7f179c037070 secure :-1 s=STATE_CONNECTION_ESTABLISHED l=1).mark_down
2022-09-18T12:03:08.891 INFO:teuthology.orchestra.run.smithi094.stdout:/usr/bin/ceph: stderr
2022-09-18T12:03:08.462+0000 7f17bb504700 1 --2- 172.21.15.94:0/1485548530 >> [v2:172.21.15.94:6800/2270705418,v1:172.21.15.94:6801/2270705418] conn(0x7f179c034bc0 0x7f179c037070 secure :-1 s=READY pgs=16 cs=0 l=1 rev1=1 crypto rx=0x7f17a4009780 tx=0x7f17a4006cc0 comp rx=0 tx=0).stop
2022-09-18T12:03:08.892 INFO:teuthology.orchestra.run.smithi094.stdout:/usr/bin/ceph: stderr
2022-09-18T12:03:08.462+0000 7f17bb504700 1 -- 172.21.15.94:0/1485548530 >> [v2:172.21.15.94:3300/0,v1:172.21.15.94:6789/0] conn(0x7f17b4112840 msgr2=0x7f17b4112c50 secure :-1 s=STATE_CONNECTION_ESTABLISHED l=1).mark_down
2022-09-18T12:03:08.892 INFO:teuthology.orchestra.run.smithi094.stdout:/usr/bin/ceph: stderr
2022-09-18T12:03:08.462+0000 7f17bb504700 1 --2- 172.21.15.94:0/1485548530 >> [v2:172.21.15.94:3300/0,v1:172.21.15.94:6789/0] conn(0x7f17b4112840 0x7f17b4112c50 secure :-1 s=READY pgs=56 cs=0 l=1 rev1=1 crypto rx=0x7f17b00108a0 tx=0x7f17b00090f0 comp rx=0 tx=0).stop
2022-09-18T12:03:08.893 INFO:teuthology.orchestra.run.smithi094.stdout:/usr/bin/ceph: stderr
2022-09-18T12:03:08.462+0000 7f17bb504700 1 -- 172.21.15.94:0/1485548530 shutdown_connections
2022-09-18T12:03:08.893 INFO:teuthology.orchestra.run.smithi094.stdout:/usr/bin/ceph: stderr
2022-09-18T12:03:08.462+0000 7f17bb504700 1 --2- 172.21.15.94:0/1485548530 >> [v2:172.21.15.94:6800/2270705418,v1:172.21.15.94:6801/2270705418] conn(0x7f179c034bc0 0x7f179c037070 unknown :-1 s=CLOSED pgs=16 cs=0 l=1 rev1=1 crypto rx=0 tx=0 comp rx=0 tx=0).stop
2022-09-18T12:03:08.893 INFO:teuthology.orchestra.run.smithi094.stdout:/usr/bin/ceph: stderr
2022-09-18T12:03:08.462+0000 7f17bb504700 1 --2- 172.21.15.94:0/1485548530 >> [v2:172.21.15.94:3300/0,v1:172.21.15.94:6789/0] conn(0x7f17b4112840 0x7f17b4112c50 unknown :-1 s=CLOSED pgs=56 cs=0 l=1 rev1=1 crypto rx=0 tx=0 comp rx=0 tx=0).stop
2022-09-18T12:03:08.894 INFO:teuthology.orchestra.run.smithi094.stdout:/usr/bin/ceph: stderr
2022-09-18T12:03:08.462+0000 7f17bb504700 1 -- 172.21.15.94:0/1485548530 >> 172.21.15.94:0/1485548530 conn(0x7f17b40fb570 msgr2=0x7f17b40fd950 unknown :-1 s=STATE_NONE l=0).mark_down
2022-09-18T12:03:08.894 INFO:teuthology.orchestra.run.smithi094.stdout:/usr/bin/ceph: stderr
2022-09-18T12:03:08.462+0000 7f17bb504700 1 -- 172.21.15.94:0/1485548530 shutdown_connections
2022-09-18T12:03:08.895 INFO:teuthology.orchestra.run.smithi094.stdout:/usr/bin/ceph: stderr
2022-09-18T12:03:08.462+0000 7f17bb504700 1 -- 172.21.15.94:0/1485548530 wait complete.
2022-09-18T12:03:08.986 INFO:journalctl@ceph.mgr.x.smithi094.stdout:Sep 18 12:03:08 smithi094 conmon[78790]:
2022-09-18T12:03:08.728+0000 7f8e72c51000 -1 mgr[py] Module alerts has missing NOTIFY_TYPES member
2022-09-18T12:03:08.986 INFO:journalctl@ceph.mgr.x.smithi094.stdout:Sep 18 12:03:08 smithi094 conmon[78790]:
2022-09-18T12:03:08.905+0000 7f8e72c51000 -1 mgr[py] Module progress has missing NOTIFY_TYPES member
2022-09-18T12:03:08.987 INFO:journalctl@ceph.mgr.x.smithi094.stdout:Sep 18 12:03:08 smithi094 conmon[78790]:
2022-09-18T12:03:08.985+0000 7f8e72c51000 -1 mgr[py] Module osd_support has missing NOTIFY_TYPES member
2022-09-18T12:03:09.743 INFO:journalctl@ceph.mon.a.smithi094.stdout:Sep 18 12:03:09 smithi094 ceph-mon[78378]: from='client.? 172.21.15.94:0/1485548530' entity='client.admin' cmd='[{"prefix": "mgr module enable", "module": "dashboard"}]': finished
2022-09-18T12:03:09.744 INFO:journalctl@ceph.mon.a.smithi094.stdout:Sep 18 12:03:09 smithi094 ceph-mon[78378]: mgrmap e9: x(active, since 16s)
2022-09-18T12:03:10.009 INFO:teuthology.orchestra.run.smithi094.stdout:/usr/bin/ceph: stdout {
2022-09-18T12:03:10.009 INFO:teuthology.orchestra.run.smithi094.stdout:/usr/bin/ceph: stdout "epoch": 9,
2022-09-18T12:03:10.009 INFO:teuthology.orchestra.run.smithi094.stdout:/usr/bin/ceph: stdout "available": true,
2022-09-18T12:03:10.009 INFO:teuthology.orchestra.run.smithi094.stdout:/usr/bin/ceph: stdout "active_name": "x",
2022-09-18T12:03:10.010 INFO:teuthology.orchestra.run.smithi094.stdout:/usr/bin/ceph: stdout "num_standby": 0
2022-09-18T12:03:10.010 INFO:teuthology.orchestra.run.smithi094.stdout:/usr/bin/ceph: stdout }
2022-09-18T12:03:10.010 INFO:teuthology.orchestra.run.smithi094.stdout:/usr/bin/ceph: stderr
2022-09-18T12:03:09.360+0000 7f7933039700 1 Processor -- start
2022-09-18T12:03:10.010 INFO:teuthology.orchestra.run.smithi094.stdout:/usr/bin/ceph: stderr
2022-09-18T12:03:09.360+0000 7f7933039700 1 -- start start
2022-09-18T12:03:10.011 INFO:teuthology.orchestra.run.smithi094.stdout:/usr/bin/ceph: stderr
2022-09-18T12:03:09.360+0000 7f7933039700 1 --2- >> [v2:172.21.15.94:3300/0,v1:172.21.15.94:6789/0] conn(0x7f792c06f170 0x7f792c06d670 unknown :-1 s=NONE pgs=0 cs=0 l=0 rev1=0 crypto rx=0 tx=0 comp rx=0 tx=0).connect
2022-09-18T12:03:10.011 INFO:teuthology.orchestra.run.smithi094.stdout:/usr/bin/ceph: stderr
2022-09-18T12:03:09.360+0000 7f7933039700 1 -- --> [v2:172.21.15.94:3300/0,v1:172.21.15.94:6789/0] -- mon_getmap magic: 0 v1 -- 0x7f792c06dc40 con 0x7f792c06f170
2022-09-18T12:03:10.011 INFO:teuthology.orchestra.run.smithi094.stdout:/usr/bin/ceph: stderr
2022-09-18T12:03:09.360+0000 7f7930dd5700 1 --2- >> [v2:172.21.15.94:3300/0,v1:172.21.15.94:6789/0] conn(0x7f792c06f170 0x7f792c06d670 unknown :-1 s=BANNER_CONNECTING pgs=0 cs=0 l=0 rev1=0 crypto rx=0 tx=0 comp rx=0 tx=0)._handle_peer_banner_payload supported=3 required=0
2022-09-18T12:03:10.011 INFO:teuthology.orchestra.run.smithi094.stdout:/usr/bin/ceph: stderr
2022-09-18T12:03:09.360+0000 7f7930dd5700 1 --2- >> [v2:172.21.15.94:3300/0,v1:172.21.15.94:6789/0] conn(0x7f792c06f170 0x7f792c06d670 unknown :-1 s=HELLO_CONNECTING pgs=0 cs=0 l=0 rev1=1 crypto rx=0 tx=0 comp rx=0 tx=0).handle_hello peer v2:172.21.15.94:3300/0 says I am v2:172.21.15.94:58772/0 (socket says 172.21.15.94:58772)
2022-09-18T12:03:10.012 INFO:teuthology.orchestra.run.smithi094.stdout:/usr/bin/ceph: stderr
2022-09-18T12:03:09.360+0000 7f7930dd5700 1 -- 172.21.15.94:0/2535839909 learned_addr learned my addr 172.21.15.94:0/2535839909 (peer_addr_for_me v2:172.21.15.94:0/0)
2022-09-18T12:03:10.012 INFO:teuthology.orchestra.run.smithi094.stdout:/usr/bin/ceph: stderr
2022-09-18T12:03:09.361+0000 7f7930dd5700 1 -- 172.21.15.94:0/2535839909 --> [v2:172.21.15.94:3300/0,v1:172.21.15.94:6789/0] -- mon_subscribe({config=0+,monmap=0+}) v3 -- 0x7f792c06dd80 con 0x7f792c06f170
2022-09-18T12:03:10.012 INFO:teuthology.orchestra.run.smithi094.stdout:/usr/bin/ceph: stderr
2022-09-18T12:03:09.361+0000 7f7930dd5700 1 --2- 172.21.15.94:0/2535839909 >> [v2:172.21.15.94:3300/0,v1:172.21.15.94:6789/0] conn(0x7f792c06f170 0x7f792c06d670 secure :-1 s=READY pgs=59 cs=0 l=1 rev1=1 crypto rx=0x7f792000afd0 tx=0x7f792000ab40 comp rx=0 tx=0).ready entity=mon.0 client_cookie=723cc4e61e54185 server_cookie=0 in_seq=0 out_seq=0
2022-09-18T12:03:10.012 INFO:teuthology.orchestra.run.smithi094.stdout:/usr/bin/ceph: stderr
2022-09-18T12:03:09.361+0000 7f792b7fe700 1 -- 172.21.15.94:0/2535839909 <== mon.0 v2:172.21.15.94:3300/0 1 ==== mon_map magic: 0 v1 ==== 205+0+0 (secure 0 0 0) 0x7f792000f070 con 0x7f792c06f170
2022-09-18T12:03:10.013 INFO:teuthology.orchestra.run.smithi094.stdout:/usr/bin/ceph: stderr
2022-09-18T12:03:09.361+0000 7f792b7fe700 1 -- 172.21.15.94:0/2535839909 <== mon.0 v2:172.21.15.94:3300/0 2 ==== config(26 keys) v1 ==== 1080+0+0 (secure 0 0 0) 0x7f7920008bf0 con 0x7f792c06f170
2022-09-18T12:03:10.013 INFO:teuthology.orchestra.run.smithi094.stdout:/usr/bin/ceph: stderr
2022-09-18T12:03:09.361+0000 7f792b7fe700 1 -- 172.21.15.94:0/2535839909 <== mon.0 v2:172.21.15.94:3300/0 3 ==== mon_map magic: 0 v1 ==== 205+0+0 (secure 0 0 0) 0x7f79200138a0 con 0x7f792c06f170
2022-09-18T12:03:10.013 INFO:teuthology.orchestra.run.smithi094.stdout:/usr/bin/ceph: stderr
2022-09-18T12:03:09.362+0000 7f7933039700 1 -- 172.21.15.94:0/2535839909 >> [v2:172.21.15.94:3300/0,v1:172.21.15.94:6789/0] conn(0x7f792c06f170 msgr2=0x7f792c06d670 secure :-1 s=STATE_CONNECTION_ESTABLISHED l=1).mark_down
2022-09-18T12:03:10.013 INFO:teuthology.orchestra.run.smithi094.stdout:/usr/bin/ceph: stderr
2022-09-18T12:03:09.362+0000 7f7933039700 1 --2- 172.21.15.94:0/2535839909 >> [v2:172.21.15.94:3300/0,v1:172.21.15.94:6789/0] conn(0x7f792c06f170 0x7f792c06d670 secure :-1 s=READY pgs=59 cs=0 l=1 rev1=1 crypto rx=0x7f792000afd0 tx=0x7f792000ab40 comp rx=0 tx=0).stop
2022-09-18T12:03:10.014 INFO:teuthology.orchestra.run.smithi094.stdout:/usr/bin/ceph: stderr
2022-09-18T12:03:09.362+0000 7f7933039700 1 -- 172.21.15.94:0/2535839909 shutdown_connections
2022-09-18T12:03:10.014 INFO:teuthology.orchestra.run.smithi094.stdout:/usr/bin/ceph: stderr
2022-09-18T12:03:09.362+0000 7f7933039700 1 --2- 172.21.15.94:0/2535839909 >> [v2:172.21.15.94:3300/0,v1:172.21.15.94:6789/0] conn(0x7f792c06f170 0x7f792c06d670 unknown :-1 s=CLOSED pgs=59 cs=0 l=1 rev1=1 crypto rx=0 tx=0 comp rx=0 tx=0).stop
2022-09-18T12:03:10.014 INFO:teuthology.orchestra.run.smithi094.stdout:/usr/bin/ceph: stderr
2022-09-18T12:03:09.362+0000 7f7933039700 1 -- 172.21.15.94:0/2535839909 >> 172.21.15.94:0/2535839909 conn(0x7f792c068e20 msgr2=0x7f792c06b230 unknown :-1 s=STATE_NONE l=0).mark_down
2022-09-18T12:03:10.014 INFO:teuthology.orchestra.run.smithi094.stdout:/usr/bin/ceph: stderr
2022-09-18T12:03:09.362+0000 7f7933039700 1 -- 172.21.15.94:0/2535839909 shutdown_connections
2022-09-18T12:03:10.015 INFO:teuthology.orchestra.run.smithi094.stdout:/usr/bin/ceph: stderr
2022-09-18T12:03:09.362+0000 7f7933039700 1 -- 172.21.15.94:0/2535839909 wait complete.
2022-09-18T12:03:10.015 INFO:teuthology.orchestra.run.smithi094.stdout:/usr/bin/ceph: stderr
2022-09-18T12:03:09.363+0000 7f7933039700 1 Processor -- start
2022-09-18T12:03:10.015 INFO:teuthology.orchestra.run.smithi094.stdout:/usr/bin/ceph: stderr
2022-09-18T12:03:09.363+0000 7f7933039700 1 -- start start
2022-09-18T12:03:10.015 INFO:teuthology.orchestra.run.smithi094.stdout:/usr/bin/ceph: stderr
2022-09-18T12:03:09.363+0000 7f7933039700 1 --2- >> [v2:172.21.15.94:3300/0,v1:172.21.15.94:6789/0] conn(0x7f792c06f170 0x7f792c116a20 unknown :-1 s=NONE pgs=0 cs=0 l=1 rev1=0 crypto rx=0 tx=0 comp rx=0 tx=0).connect
2022-09-18T12:03:10.015 INFO:teuthology.orchestra.run.smithi094.stdout:/usr/bin/ceph: stderr
2022-09-18T12:03:09.363+0000 7f7933039700 1 -- --> [v2:172.21.15.94:3300/0,v1:172.21.15.94:6789/0] -- mon_getmap magic: 0 v1 -- 0x7f792c116f60 con 0x7f792c06f170
2022-09-18T12:03:10.016 INFO:teuthology.orchestra.run.smithi094.stdout:/usr/bin/ceph: stderr
2022-09-18T12:03:09.364+0000 7f7930dd5700 1 --2- >> [v2:172.21.15.94:3300/0,v1:172.21.15.94:6789/0] conn(0x7f792c06f170 0x7f792c116a20 unknown :-1 s=BANNER_CONNECTING pgs=0 cs=0 l=1 rev1=0 crypto rx=0 tx=0 comp rx=0 tx=0)._handle_peer_banner_payload supported=3 required=0
2022-09-18T12:03:10.016 INFO:teuthology.orchestra.run.smithi094.stdout:/usr/bin/ceph: stderr
2022-09-18T12:03:09.364+0000 7f7930dd5700 1 --2- >> [v2:172.21.15.94:3300/0,v1:172.21.15.94:6789/0] conn(0x7f792c06f170 0x7f792c116a20 unknown :-1 s=HELLO_CONNECTING pgs=0 cs=0 l=1 rev1=1 crypto rx=0 tx=0 comp rx=0 tx=0).handle_hello peer v2:172.21.15.94:3300/0 says I am v2:172.21.15.94:58782/0 (socket says 172.21.15.94:58782)
2022-09-18T12:03:10.016 INFO:teuthology.orchestra.run.smithi094.stdout:/usr/bin/ceph: stderr
2022-09-18T12:03:09.364+0000 7f7930dd5700 1 -- 172.21.15.94:0/4168989047 learned_addr learned my addr 172.21.15.94:0/4168989047 (peer_addr_for_me v2:172.21.15.94:0/0)
2022-09-18T12:03:10.016 INFO:teuthology.orchestra.run.smithi094.stdout:/usr/bin/ceph: stderr
2022-09-18T12:03:09.364+0000 7f7930dd5700 1 -- 172.21.15.94:0/4168989047 --> [v2:172.21.15.94:3300/0,v1:172.21.15.94:6789/0] -- mon_subscribe({config=0+,monmap=0+}) v3 -- 0x7f792000ada0 con 0x7f792c06f170
2022-09-18T12:03:10.017 INFO:teuthology.orchestra.run.smithi094.stdout:/usr/bin/ceph: stderr
2022-09-18T12:03:09.364+0000 7f7930dd5700 1 --2- 172.21.15.94:0/4168989047 >> [v2:172.21.15.94:3300/0,v1:172.21.15.94:6789/0] conn(0x7f792c06f170 0x7f792c116a20 secure :-1 s=READY pgs=60 cs=0 l=1 rev1=1 crypto rx=0x7f7920013d00 tx=0x7f792000ab40 comp rx=0 tx=0).ready entity=mon.0 client_cookie=0 server_cookie=0 in_seq=0 out_seq=0
2022-09-18T12:03:10.017 INFO:teuthology.orchestra.run.smithi094.stdout:/usr/bin/ceph: stderr
2022-09-18T12:03:09.365+0000 7f79297fa700 1 -- 172.21.15.94:0/4168989047 <== mon.0 v2:172.21.15.94:3300/0 1 ==== mon_map magic: 0 v1 ==== 205+0+0 (secure 0 0 0) 0x7f792000f070 con 0x7f792c06f170
2022-09-18T12:03:10.017 INFO:teuthology.orchestra.run.smithi094.stdout:/usr/bin/ceph: stderr
2022-09-18T12:03:09.365+0000 7f79297fa700 1 -- 172.21.15.94:0/4168989047 <== mon.0 v2:172.21.15.94:3300/0 2 ==== config(26 keys) v1 ==== 1080+0+0 (secure 0 0 0) 0x7f7920007890 con 0x7f792c06f170
2022-09-18T12:03:10.017 INFO:teuthology.orchestra.run.smithi094.stdout:/usr/bin/ceph: stderr
2022-09-18T12:03:09.365+0000 7f79297fa700 1 -- 172.21.15.94:0/4168989047 <== mon.0 v2:172.21.15.94:3300/0 3 ==== mon_map magic: 0 v1 ==== 205+0+0 (secure 0 0 0) 0x7f7920008400 con 0x7f792c06f170
2022-09-18T12:03:10.018 INFO:teuthology.orchestra.run.smithi094.stdout:/usr/bin/ceph: stderr
2022-09-18T12:03:09.365+0000 7f7933039700 1 -- 172.21.15.94:0/4168989047 --> [v2:172.21.15.94:3300/0,v1:172.21.15.94:6789/0] -- mon_subscribe({mgrmap=0+}) v3 -- 0x7f792c117160 con 0x7f792c06f170
2022-09-18T12:03:10.018 INFO:teuthology.orchestra.run.smithi094.stdout:/usr/bin/ceph: stderr
2022-09-18T12:03:09.365+0000 7f7933039700 1 -- 172.21.15.94:0/4168989047 --> [v2:172.21.15.94:3300/0,v1:172.21.15.94:6789/0] -- mon_subscribe({osdmap=0}) v3 -- 0x7f792c117570 con 0x7f792c06f170
2022-09-18T12:03:10.018 INFO:teuthology.orchestra.run.smithi094.stdout:/usr/bin/ceph: stderr
2022-09-18T12:03:09.366+0000 7f79297fa700 1 -- 172.21.15.94:0/4168989047 <== mon.0 v2:172.21.15.94:3300/0 4 ==== mgrmap(e 9) v1 ==== 41854+0+0 (secure 0 0 0) 0x7f7920028020 con 0x7f792c06f170
2022-09-18T12:03:10.018 INFO:teuthology.orchestra.run.smithi094.stdout:/usr/bin/ceph: stderr
2022-09-18T12:03:09.366+0000 7f7933039700 1 -- 172.21.15.94:0/4168989047 --> [v2:172.21.15.94:3300/0,v1:172.21.15.94:6789/0] -- mon_command({"prefix": "get_command_descriptions"} v 0) v1 -- 0x7f792c04b280 con 0x7f792c06f170
2022-09-18T12:03:10.019 INFO:teuthology.orchestra.run.smithi094.stdout:/usr/bin/ceph: stderr
