2024-03-11T18:22:10.114+0000 7f5eb6a00700 1 --2- >> [v2:172.21.15.2:3300/0,v1:172.21.15.2:6789/0] conn(0x7f5eb81097a0 0x7f5eb819d530 unknown :-1 s=BANNER_CONNECTING pgs=0 cs=0 l=1 rev1=0 crypto rx=0 tx=0 comp rx=0 tx=0)._handle_peer_banner_payload supported=3 required=0
2024-03-11T18:22:11.432 INFO:teuthology.orchestra.run.smithi002.stdout:/usr/bin/ceph: stderr
2024-03-11T18:22:10.114+0000 7f5eb6a00700 1 --2- >> [v2:172.21.15.2:3300/0,v1:172.21.15.2:6789/0] conn(0x7f5eb81097a0 0x7f5eb819d530 unknown :-1 s=HELLO_CONNECTING pgs=0 cs=0 l=1 rev1=1 crypto rx=0 tx=0 comp rx=0 tx=0).handle_hello peer v2:172.21.15.2:3300/0 says I am v2:172.21.15.2:55858/0 (socket says 172.21.15.2:55858)
2024-03-11T18:22:11.432 INFO:teuthology.orchestra.run.smithi002.stdout:/usr/bin/ceph: stderr
2024-03-11T18:22:10.114+0000 7f5eb6a00700 1 -- 172.21.15.2:0/3993328560 learned_addr learned my addr 172.21.15.2:0/3993328560 (peer_addr_for_me v2:172.21.15.2:0/0)
2024-03-11T18:22:11.432 INFO:teuthology.orchestra.run.smithi002.stdout:/usr/bin/ceph: stderr
2024-03-11T18:22:10.114+0000 7f5eb6a00700 1 -- 172.21.15.2:0/3993328560 --> [v2:172.21.15.2:3300/0,v1:172.21.15.2:6789/0] -- mon_subscribe({config=0+,monmap=0+}) v3 -- 0x7f5ea8009550 con 0x7f5eb81097a0
2024-03-11T18:22:11.432 INFO:teuthology.orchestra.run.smithi002.stdout:/usr/bin/ceph: stderr
2024-03-11T18:22:10.114+0000 7f5eb6a00700 1 --2- 172.21.15.2:0/3993328560 >> [v2:172.21.15.2:3300/0,v1:172.21.15.2:6789/0] conn(0x7f5eb81097a0 0x7f5eb819d530 secure :-1 s=READY pgs=48 cs=0 l=1 rev1=1 crypto rx=0x7f5ea8011780 tx=0x7f5ea8011b40 comp rx=0 tx=0).ready entity=mon.0 client_cookie=0 server_cookie=0 in_seq=0 out_seq=0
2024-03-11T18:22:11.432 INFO:teuthology.orchestra.run.smithi002.stdout:/usr/bin/ceph: stderr
2024-03-11T18:22:10.115+0000 7f5eaf400700 1 -- 172.21.15.2:0/3993328560 <== mon.0 v2:172.21.15.2:3300/0 1 ==== mon_map magic: 0 v1 ==== 205+0+0 (secure 0 0 0) 0x7f5ea8003af0 con 0x7f5eb81097a0
2024-03-11T18:22:11.432 INFO:teuthology.orchestra.run.smithi002.stdout:/usr/bin/ceph: stderr
2024-03-11T18:22:10.115+0000 7f5eaf400700 1 -- 172.21.15.2:0/3993328560 <== mon.0 v2:172.21.15.2:3300/0 2 ==== config(27 keys) v1 ==== 1109+0+0 (secure 0 0 0) 0x7f5ea8003c50 con 0x7f5eb81097a0
2024-03-11T18:22:11.432 INFO:teuthology.orchestra.run.smithi002.stdout:/usr/bin/ceph: stderr
2024-03-11T18:22:10.115+0000 7f5eaf400700 1 -- 172.21.15.2:0/3993328560 <== mon.0 v2:172.21.15.2:3300/0 3 ==== mon_map magic: 0 v1 ==== 205+0+0 (secure 0 0 0) 0x7f5ea80197e0 con 0x7f5eb81097a0
2024-03-11T18:22:11.432 INFO:teuthology.orchestra.run.smithi002.stdout:/usr/bin/ceph: stderr
2024-03-11T18:22:10.115+0000 7f5ebda00700 1 -- 172.21.15.2:0/3993328560 --> [v2:172.21.15.2:3300/0,v1:172.21.15.2:6789/0] -- mon_subscribe({mgrmap=0+}) v3 -- 0x7f5eb819dc70 con 0x7f5eb81097a0
2024-03-11T18:22:11.432 INFO:teuthology.orchestra.run.smithi002.stdout:/usr/bin/ceph: stderr
2024-03-11T18:22:10.115+0000 7f5ebda00700 1 -- 172.21.15.2:0/3993328560 --> [v2:172.21.15.2:3300/0,v1:172.21.15.2:6789/0] -- mon_subscribe({osdmap=0}) v3 -- 0x7f5eb819e110 con 0x7f5eb81097a0
2024-03-11T18:22:11.432 INFO:teuthology.orchestra.run.smithi002.stdout:/usr/bin/ceph: stderr
2024-03-11T18:22:10.116+0000 7f5ebda00700 1 -- 172.21.15.2:0/3993328560 --> [v2:172.21.15.2:3300/0,v1:172.21.15.2:6789/0] -- mon_command({"prefix": "get_command_descriptions"} v 0) v1 -- 0x7f5eb810db80 con 0x7f5eb81097a0
2024-03-11T18:22:11.432 INFO:teuthology.orchestra.run.smithi002.stdout:/usr/bin/ceph: stderr
2024-03-11T18:22:10.116+0000 7f5eaf400700 1 -- 172.21.15.2:0/3993328560 <== mon.0 v2:172.21.15.2:3300/0 4 ==== mgrmap(e 8) v1 ==== 45769+0+0 (secure 0 0 0) 0x7f5ea801aba0 con 0x7f5eb81097a0
2024-03-11T18:22:11.432 INFO:teuthology.orchestra.run.smithi002.stdout:/usr/bin/ceph: stderr
2024-03-11T18:22:10.117+0000 7f5eaf400700 1 --2- 172.21.15.2:0/3993328560 >> [v2:172.21.15.2:6800/2981412802,v1:172.21.15.2:6801/2981412802] conn(0x7f5e9c038d00 0x7f5e9c03b1c0 unknown :-1 s=NONE pgs=0 cs=0 l=1 rev1=0 crypto rx=0 tx=0 comp rx=0 tx=0).connect
2024-03-11T18:22:11.433 INFO:teuthology.orchestra.run.smithi002.stdout:/usr/bin/ceph: stderr
2024-03-11T18:22:10.117+0000 7f5eaf400700 1 -- 172.21.15.2:0/3993328560 <== mon.0 v2:172.21.15.2:3300/0 5 ==== osd_map(2..2 src has 1..2) v4 ==== 940+0+0 (secure 0 0 0) 0x7f5ea804d0d0 con 0x7f5eb81097a0
2024-03-11T18:22:11.433 INFO:teuthology.orchestra.run.smithi002.stdout:/usr/bin/ceph: stderr
2024-03-11T18:22:10.117+0000 7f5eb6000700 1 --2- 172.21.15.2:0/3993328560 >> [v2:172.21.15.2:6800/2981412802,v1:172.21.15.2:6801/2981412802] conn(0x7f5e9c038d00 0x7f5e9c03b1c0 unknown :-1 s=BANNER_CONNECTING pgs=0 cs=0 l=1 rev1=0 crypto rx=0 tx=0 comp rx=0 tx=0)._handle_peer_banner_payload supported=3 required=0
2024-03-11T18:22:11.433 INFO:teuthology.orchestra.run.smithi002.stdout:/usr/bin/ceph: stderr
2024-03-11T18:22:10.118+0000 7f5eb6000700 1 --2- 172.21.15.2:0/3993328560 >> [v2:172.21.15.2:6800/2981412802,v1:172.21.15.2:6801/2981412802] conn(0x7f5e9c038d00 0x7f5e9c03b1c0 secure :-1 s=READY pgs=12 cs=0 l=1 rev1=1 crypto rx=0x7f5ea4006fd0 tx=0x7f5ea4006e40 comp rx=0 tx=0).ready entity=mgr.14120 client_cookie=0 server_cookie=0 in_seq=0 out_seq=0
2024-03-11T18:22:11.433 INFO:teuthology.orchestra.run.smithi002.stdout:/usr/bin/ceph: stderr
2024-03-11T18:22:10.123+0000 7f5eaf400700 1 -- 172.21.15.2:0/3993328560 <== mon.0 v2:172.21.15.2:3300/0 6 ==== mon_command_ack([{"prefix": "get_command_descriptions"}]=0 v0) v1 ==== 72+0+183564 (secure 0 0 0) 0x7f5ea8080d20 con 0x7f5eb81097a0
2024-03-11T18:22:11.433 INFO:teuthology.orchestra.run.smithi002.stdout:/usr/bin/ceph: stderr
2024-03-11T18:22:10.375+0000 7f5ebda00700 1 -- 172.21.15.2:0/3993328560 --> [v2:172.21.15.2:6800/2981412802,v1:172.21.15.2:6801/2981412802] -- mgr_command(tid 0: {"prefix": "orch apply", "service_type": "mon", "unmanaged": true, "target": ["mon-mgr", ""]}) v1 -- 0x7f5eb81a09f0 con 0x7f5e9c038d00
2024-03-11T18:22:11.433 INFO:teuthology.orchestra.run.smithi002.stdout:/usr/bin/ceph: stderr
2024-03-11T18:22:10.382+0000 7f5eaf400700 1 -- 172.21.15.2:0/3993328560 <== mgr.14120 v2:172.21.15.2:6800/2981412802 1 ==== mgr_command_reply(tid 0: 0 ) v1 ==== 8+0+24 (secure 0 0 0) 0x7f5eb81a09f0 con 0x7f5e9c038d00
2024-03-11T18:22:11.433 INFO:teuthology.orchestra.run.smithi002.stdout:/usr/bin/ceph: stderr
2024-03-11T18:22:10.386+0000 7f5ebda00700 1 -- 172.21.15.2:0/3993328560 >> [v2:172.21.15.2:6800/2981412802,v1:172.21.15.2:6801/2981412802] conn(0x7f5e9c038d00 msgr2=0x7f5e9c03b1c0 secure :-1 s=STATE_CONNECTION_ESTABLISHED l=1).mark_down
2024-03-11T18:22:11.433 INFO:teuthology.orchestra.run.smithi002.stdout:/usr/bin/ceph: stderr
2024-03-11T18:22:10.386+0000 7f5ebda00700 1 --2- 172.21.15.2:0/3993328560 >> [v2:172.21.15.2:6800/2981412802,v1:172.21.15.2:6801/2981412802] conn(0x7f5e9c038d00 0x7f5e9c03b1c0 secure :-1 s=READY pgs=12 cs=0 l=1 rev1=1 crypto rx=0x7f5ea4006fd0 tx=0x7f5ea4006e40 comp rx=0 tx=0).stop
2024-03-11T18:22:11.433 INFO:teuthology.orchestra.run.smithi002.stdout:/usr/bin/ceph: stderr
2024-03-11T18:22:10.386+0000 7f5ebda00700 1 -- 172.21.15.2:0/3993328560 >> [v2:172.21.15.2:3300/0,v1:172.21.15.2:6789/0] conn(0x7f5eb81097a0 msgr2=0x7f5eb819d530 secure :-1 s=STATE_CONNECTION_ESTABLISHED l=1).mark_down
2024-03-11T18:22:11.433 INFO:teuthology.orchestra.run.smithi002.stdout:/usr/bin/ceph: stderr
2024-03-11T18:22:10.386+0000 7f5ebda00700 1 --2- 172.21.15.2:0/3993328560 >> [v2:172.21.15.2:3300/0,v1:172.21.15.2:6789/0] conn(0x7f5eb81097a0 0x7f5eb819d530 secure :-1 s=READY pgs=48 cs=0 l=1 rev1=1 crypto rx=0x7f5ea8011780 tx=0x7f5ea8011b40 comp rx=0 tx=0).stop
2024-03-11T18:22:11.433 INFO:teuthology.orchestra.run.smithi002.stdout:/usr/bin/ceph: stderr
2024-03-11T18:22:10.386+0000 7f5ebda00700 1 -- 172.21.15.2:0/3993328560 shutdown_connections
2024-03-11T18:22:11.433 INFO:teuthology.orchestra.run.smithi002.stdout:/usr/bin/ceph: stderr
2024-03-11T18:22:10.386+0000 7f5ebda00700 1 --2- 172.21.15.2:0/3993328560 >> [v2:172.21.15.2:6800/2981412802,v1:172.21.15.2:6801/2981412802] conn(0x7f5e9c038d00 0x7f5e9c03b1c0 unknown :-1 s=CLOSED pgs=12 cs=0 l=1 rev1=1 crypto rx=0 tx=0 comp rx=0 tx=0).stop
2024-03-11T18:22:11.433 INFO:teuthology.orchestra.run.smithi002.stdout:/usr/bin/ceph: stderr
2024-03-11T18:22:10.386+0000 7f5ebda00700 1 --2- 172.21.15.2:0/3993328560 >> [v2:172.21.15.2:3300/0,v1:172.21.15.2:6789/0] conn(0x7f5eb81097a0 0x7f5eb819d530 unknown :-1 s=CLOSED pgs=48 cs=0 l=1 rev1=1 crypto rx=0 tx=0 comp rx=0 tx=0).stop
2024-03-11T18:22:11.434 INFO:teuthology.orchestra.run.smithi002.stdout:/usr/bin/ceph: stderr
2024-03-11T18:22:10.386+0000 7f5ebda00700 1 -- 172.21.15.2:0/3993328560 >> 172.21.15.2:0/3993328560 conn(0x7f5eb807cd50 msgr2=0x7f5eb8106bc0 unknown :-1 s=STATE_NONE l=0).mark_down
2024-03-11T18:22:11.434 INFO:teuthology.orchestra.run.smithi002.stdout:/usr/bin/ceph: stderr
2024-03-11T18:22:10.386+0000 7f5ebda00700 1 -- 172.21.15.2:0/3993328560 shutdown_connections
2024-03-11T18:22:11.434 INFO:teuthology.orchestra.run.smithi002.stdout:/usr/bin/ceph: stderr
2024-03-11T18:22:10.386+0000 7f5ebda00700 1 -- 172.21.15.2:0/3993328560 wait complete.
2024-03-11T18:22:11.434 INFO:teuthology.orchestra.run.smithi002.stdout:Deploying unmanaged mgr service...
2024-03-11T18:22:11.670 INFO:journalctl@ceph.mon.a.smithi002.stdout:Mar 11 18:22:11 smithi002 ceph-mon[31328]: from='client.14142 -' entity='client.admin' cmd=[{"prefix": "orch apply", "service_type": "mon", "unmanaged": true, "target": ["mon-mgr", ""]}]: dispatch
2024-03-11T18:22:11.670 INFO:journalctl@ceph.mon.a.smithi002.stdout:Mar 11 18:22:11 smithi002 ceph-mon[31328]: Saving service mon spec with placement count:5
2024-03-11T18:22:11.670 INFO:journalctl@ceph.mon.a.smithi002.stdout:Mar 11 18:22:11 smithi002 ceph-mon[31328]: from='mgr.14120 172.21.15.2:0/4197962839' entity='mgr.x'
2024-03-11T18:22:13.178 INFO:journalctl@ceph.mon.a.smithi002.stdout:Mar 11 18:22:12 smithi002 ceph-mon[31328]: from='mgr.14120 172.21.15.2:0/4197962839' entity='mgr.x'
2024-03-11T18:22:13.178 INFO:journalctl@ceph.mon.a.smithi002.stdout:Mar 11 18:22:12 smithi002 ceph-mon[31328]: from='mgr.14120 172.21.15.2:0/4197962839' entity='mgr.x'
2024-03-11T18:22:13.178 INFO:journalctl@ceph.mon.a.smithi002.stdout:Mar 11 18:22:12 smithi002 ceph-mon[31328]: from='mgr.14120 172.21.15.2:0/4197962839' entity='mgr.x'
2024-03-11T18:22:13.477 INFO:teuthology.orchestra.run.smithi002.stdout:/usr/bin/ceph: stdout Scheduled mgr update...
2024-03-11T18:22:13.478 INFO:teuthology.orchestra.run.smithi002.stdout:/usr/bin/ceph: stderr
2024-03-11T18:22:12.517+0000 7f69ea600700 1 Processor -- start
2024-03-11T18:22:13.478 INFO:teuthology.orchestra.run.smithi002.stdout:/usr/bin/ceph: stderr
2024-03-11T18:22:12.517+0000 7f69ea600700 1 -- start start
2024-03-11T18:22:13.478 INFO:teuthology.orchestra.run.smithi002.stdout:/usr/bin/ceph: stderr
2024-03-11T18:22:12.517+0000 7f69ea600700 1 --2- >> [v2:172.21.15.2:3300/0,v1:172.21.15.2:6789/0] conn(0x7f69e407ce30 0x7f69e407b2e0 unknown :-1 s=NONE pgs=0 cs=0 l=0 rev1=0 crypto rx=0 tx=0 comp rx=0 tx=0).connect
2024-03-11T18:22:13.478 INFO:teuthology.orchestra.run.smithi002.stdout:/usr/bin/ceph: stderr
2024-03-11T18:22:12.517+0000 7f69ea600700 1 -- --> [v2:172.21.15.2:3300/0,v1:172.21.15.2:6789/0] -- mon_getmap magic: 0 v1 -- 0x7f69e407b8b0 con 0x7f69e407ce30
2024-03-11T18:22:13.478 INFO:teuthology.orchestra.run.smithi002.stdout:/usr/bin/ceph: stderr
2024-03-11T18:22:12.518+0000 7f69e3400700 1 --2- >> [v2:172.21.15.2:3300/0,v1:172.21.15.2:6789/0] conn(0x7f69e407ce30 0x7f69e407b2e0 unknown :-1 s=BANNER_CONNECTING pgs=0 cs=0 l=0 rev1=0 crypto rx=0 tx=0 comp rx=0 tx=0)._handle_peer_banner_payload supported=3 required=0
2024-03-11T18:22:13.478 INFO:teuthology.orchestra.run.smithi002.stdout:/usr/bin/ceph: stderr
2024-03-11T18:22:12.518+0000 7f69e3400700 1 --2- >> [v2:172.21.15.2:3300/0,v1:172.21.15.2:6789/0] conn(0x7f69e407ce30 0x7f69e407b2e0 unknown :-1 s=HELLO_CONNECTING pgs=0 cs=0 l=0 rev1=1 crypto rx=0 tx=0 comp rx=0 tx=0).handle_hello peer v2:172.21.15.2:3300/0 says I am v2:172.21.15.2:55866/0 (socket says 172.21.15.2:55866)
2024-03-11T18:22:13.478 INFO:teuthology.orchestra.run.smithi002.stdout:/usr/bin/ceph: stderr
2024-03-11T18:22:12.518+0000 7f69e3400700 1 -- 172.21.15.2:0/1787991626 learned_addr learned my addr 172.21.15.2:0/1787991626 (peer_addr_for_me v2:172.21.15.2:0/0)
2024-03-11T18:22:13.478 INFO:teuthology.orchestra.run.smithi002.stdout:/usr/bin/ceph: stderr
2024-03-11T18:22:12.518+0000 7f69e3400700 1 -- 172.21.15.2:0/1787991626 --> [v2:172.21.15.2:3300/0,v1:172.21.15.2:6789/0] -- mon_subscribe({config=0+,monmap=0+}) v3 -- 0x7f69e407b9f0 con 0x7f69e407ce30
2024-03-11T18:22:13.478 INFO:teuthology.orchestra.run.smithi002.stdout:/usr/bin/ceph: stderr
2024-03-11T18:22:12.519+0000 7f69e3400700 1 --2- 172.21.15.2:0/1787991626 >> [v2:172.21.15.2:3300/0,v1:172.21.15.2:6789/0] conn(0x7f69e407ce30 0x7f69e407b2e0 secure :-1 s=READY pgs=49 cs=0 l=1 rev1=1 crypto rx=0x7f69d4009e80 tx=0x7f69d400b330 comp rx=0 tx=0).ready entity=mon.0 client_cookie=8e72414a24721b0c server_cookie=0 in_seq=0 out_seq=0
2024-03-11T18:22:13.478 INFO:teuthology.orchestra.run.smithi002.stdout:/usr/bin/ceph: stderr
2024-03-11T18:22:12.519+0000 7f69e2000700 1 -- 172.21.15.2:0/1787991626 <== mon.0 v2:172.21.15.2:3300/0 1 ==== mon_map magic: 0 v1 ==== 205+0+0 (secure 0 0 0) 0x7f69d400e070 con 0x7f69e407ce30
2024-03-11T18:22:13.479 INFO:teuthology.orchestra.run.smithi002.stdout:/usr/bin/ceph: stderr
2024-03-11T18:22:12.519+0000 7f69e2000700 1 -- 172.21.15.2:0/1787991626 <== mon.0 v2:172.21.15.2:3300/0 2 ==== config(27 keys) v1 ==== 1140+0+0 (secure 0 0 0) 0x7f69d400b8c0 con 0x7f69e407ce30
2024-03-11T18:22:13.479 INFO:teuthology.orchestra.run.smithi002.stdout:/usr/bin/ceph: stderr
2024-03-11T18:22:12.519+0000 7f69e2000700 1 -- 172.21.15.2:0/1787991626 <== mon.0 v2:172.21.15.2:3300/0 3 ==== mon_map magic: 0 v1 ==== 205+0+0 (secure 0 0 0) 0x7f69d40044a0 con 0x7f69e407ce30
2024-03-11T18:22:13.479 INFO:teuthology.orchestra.run.smithi002.stdout:/usr/bin/ceph: stderr
2024-03-11T18:22:12.520+0000 7f69ea600700 1 -- 172.21.15.2:0/1787991626 >> [v2:172.21.15.2:3300/0,v1:172.21.15.2:6789/0] conn(0x7f69e407ce30 msgr2=0x7f69e407b2e0 secure :-1 s=STATE_CONNECTION_ESTABLISHED l=1).mark_down
2024-03-11T18:22:13.479 INFO:teuthology.orchestra.run.smithi002.stdout:/usr/bin/ceph: stderr
2024-03-11T18:22:12.520+0000 7f69ea600700 1 --2- 172.21.15.2:0/1787991626 >> [v2:172.21.15.2:3300/0,v1:172.21.15.2:6789/0] conn(0x7f69e407ce30 0x7f69e407b2e0 secure :-1 s=READY pgs=49 cs=0 l=1 rev1=1 crypto rx=0x7f69d4009e80 tx=0x7f69d400b330 comp rx=0 tx=0).stop
2024-03-11T18:22:13.479 INFO:teuthology.orchestra.run.smithi002.stdout:/usr/bin/ceph: stderr
2024-03-11T18:22:12.520+0000 7f69ea600700 1 -- 172.21.15.2:0/1787991626 shutdown_connections
2024-03-11T18:22:13.479 INFO:teuthology.orchestra.run.smithi002.stdout:/usr/bin/ceph: stderr
2024-03-11T18:22:12.520+0000 7f69ea600700 1 --2- 172.21.15.2:0/1787991626 >> [v2:172.21.15.2:3300/0,v1:172.21.15.2:6789/0] conn(0x7f69e407ce30 0x7f69e407b2e0 unknown :-1 s=CLOSED pgs=49 cs=0 l=1 rev1=1 crypto rx=0 tx=0 comp rx=0 tx=0).stop
2024-03-11T18:22:13.479 INFO:teuthology.orchestra.run.smithi002.stdout:/usr/bin/ceph: stderr
2024-03-11T18:22:12.520+0000 7f69ea600700 1 -- 172.21.15.2:0/1787991626 >> 172.21.15.2:0/1787991626 conn(0x7f69e4102b10 msgr2=0x7f69e4104f50 unknown :-1 s=STATE_NONE l=0).mark_down
2024-03-11T18:22:13.479 INFO:teuthology.orchestra.run.smithi002.stdout:/usr/bin/ceph: stderr
2024-03-11T18:22:12.520+0000 7f69ea600700 1 -- 172.21.15.2:0/1787991626 shutdown_connections
2024-03-11T18:22:13.479 INFO:teuthology.orchestra.run.smithi002.stdout:/usr/bin/ceph: stderr
2024-03-11T18:22:12.520+0000 7f69ea600700 1 -- 172.21.15.2:0/1787991626 wait complete.
2024-03-11T18:22:13.479 INFO:teuthology.orchestra.run.smithi002.stdout:/usr/bin/ceph: stderr
2024-03-11T18:22:12.521+0000 7f69ea600700 1 Processor -- start
2024-03-11T18:22:13.479 INFO:teuthology.orchestra.run.smithi002.stdout:/usr/bin/ceph: stderr
2024-03-11T18:22:12.522+0000 7f69ea600700 1 -- start start
2024-03-11T18:22:13.479 INFO:teuthology.orchestra.run.smithi002.stdout:/usr/bin/ceph: stderr
2024-03-11T18:22:12.522+0000 7f69ea600700 1 --2- >> [v2:172.21.15.2:3300/0,v1:172.21.15.2:6789/0] conn(0x7f69e407ce30 0x7f69e419d3c0 unknown :-1 s=NONE pgs=0 cs=0 l=1 rev1=0 crypto rx=0 tx=0 comp rx=0 tx=0).connect
2024-03-11T18:22:13.479 INFO:teuthology.orchestra.run.smithi002.stdout:/usr/bin/ceph: stderr
2024-03-11T18:22:12.522+0000 7f69ea600700 1 -- --> [v2:172.21.15.2:3300/0,v1:172.21.15.2:6789/0] -- mon_getmap magic: 0 v1 -- 0x7f69e419d900 con 0x7f69e407ce30
2024-03-11T18:22:13.479 INFO:teuthology.orchestra.run.smithi002.stdout:/usr/bin/ceph: stderr
2024-03-11T18:22:12.522+0000 7f69e3400700 1 --2- >> [v2:172.21.15.2:3300/0,v1:172.21.15.2:6789/0] conn(0x7f69e407ce30 0x7f69e419d3c0 unknown :-1 s=BANNER_CONNECTING pgs=0 cs=0 l=1 rev1=0 crypto rx=0 tx=0 comp rx=0 tx=0)._handle_peer_banner_payload supported=3 required=0
2024-03-11T18:22:13.480 INFO:teuthology.orchestra.run.smithi002.stdout:/usr/bin/ceph: stderr
2024-03-11T18:22:12.522+0000 7f69e3400700 1 --2- >> [v2:172.21.15.2:3300/0,v1:172.21.15.2:6789/0] conn(0x7f69e407ce30 0x7f69e419d3c0 unknown :-1 s=HELLO_CONNECTING pgs=0 cs=0 l=1 rev1=1 crypto rx=0 tx=0 comp rx=0 tx=0).handle_hello peer v2:172.21.15.2:3300/0 says I am v2:172.21.15.2:55870/0 (socket says 172.21.15.2:55870)
2024-03-11T18:22:13.480 INFO:teuthology.orchestra.run.smithi002.stdout:/usr/bin/ceph: stderr
2024-03-11T18:22:12.522+0000 7f69e3400700 1 -- 172.21.15.2:0/1767125994 learned_addr learned my addr 172.21.15.2:0/1767125994 (peer_addr_for_me v2:172.21.15.2:0/0)
2024-03-11T18:22:13.480 INFO:teuthology.orchestra.run.smithi002.stdout:/usr/bin/ceph: stderr
2024-03-11T18:22:12.523+0000 7f69e3400700 1 -- 172.21.15.2:0/1767125994 --> [v2:172.21.15.2:3300/0,v1:172.21.15.2:6789/0] -- mon_subscribe({config=0+,monmap=0+}) v3 -- 0x7f69d4009b30 con 0x7f69e407ce30
2024-03-11T18:22:13.480 INFO:teuthology.orchestra.run.smithi002.stdout:/usr/bin/ceph: stderr
2024-03-11T18:22:12.523+0000 7f69e3400700 1 --2- 172.21.15.2:0/1767125994 >> [v2:172.21.15.2:3300/0,v1:172.21.15.2:6789/0] conn(0x7f69e407ce30 0x7f69e419d3c0 secure :-1 s=READY pgs=50 cs=0 l=1 rev1=1 crypto rx=0x7f69d4009530 tx=0x7f69d400bd10 comp rx=0 tx=0).ready entity=mon.0 client_cookie=0 server_cookie=0 in_seq=0 out_seq=0
2024-03-11T18:22:13.480 INFO:teuthology.orchestra.run.smithi002.stdout:/usr/bin/ceph: stderr
2024-03-11T18:22:12.523+0000 7f69dbe00700 1 -- 172.21.15.2:0/1767125994 <== mon.0 v2:172.21.15.2:3300/0 1 ==== mon_map magic: 0 v1 ==== 205+0+0 (secure 0 0 0) 0x7f69d400e040 con 0x7f69e407ce30
2024-03-11T18:22:13.480 INFO:teuthology.orchestra.run.smithi002.stdout:/usr/bin/ceph: stderr
2024-03-11T18:22:12.523+0000 7f69dbe00700 1 -- 172.21.15.2:0/1767125994 <== mon.0 v2:172.21.15.2:3300/0 2 ==== config(27 keys) v1 ==== 1140+0+0 (secure 0 0 0) 0x7f69d4003d60 con 0x7f69e407ce30
2024-03-11T18:22:13.480 INFO:teuthology.orchestra.run.smithi002.stdout:/usr/bin/ceph: stderr
2024-03-11T18:22:12.523+0000 7f69dbe00700 1 -- 172.21.15.2:0/1767125994 <== mon.0 v2:172.21.15.2:3300/0 3 ==== mon_map magic: 0 v1 ==== 205+0+0 (secure 0 0 0) 0x7f69d401c730 con 0x7f69e407ce30
2024-03-11T18:22:13.480 INFO:teuthology.orchestra.run.smithi002.stdout:/usr/bin/ceph: stderr
2024-03-11T18:22:12.523+0000 7f69ea600700 1 -- 172.21.15.2:0/1767125994 --> [v2:172.21.15.2:3300/0,v1:172.21.15.2:6789/0] -- mon_subscribe({mgrmap=0+}) v3 -- 0x7f69e419db00 con 0x7f69e407ce30
2024-03-11T18:22:13.480 INFO:teuthology.orchestra.run.smithi002.stdout:/usr/bin/ceph: stderr
2024-03-11T18:22:12.523+0000 7f69ea600700 1 -- 172.21.15.2:0/1767125994 --> [v2:172.21.15.2:3300/0,v1:172.21.15.2:6789/0] -- mon_subscribe({osdmap=0}) v3 -- 0x7f69e419e000 con 0x7f69e407ce30
2024-03-11T18:22:13.480 INFO:teuthology.orchestra.run.smithi002.stdout:/usr/bin/ceph: stderr
2024-03-11T18:22:12.525+0000 7f69dbe00700 1 -- 172.21.15.2:0/1767125994 <== mon.0 v2:172.21.15.2:3300/0 4 ==== mgrmap(e 8) v1 ==== 45769+0+0 (secure 0 0 0) 0x7f69d4012b30 con 0x7f69e407ce30
2024-03-11T18:22:13.480 INFO:teuthology.orchestra.run.smithi002.stdout:/usr/bin/ceph: stderr
2024-03-11T18:22:12.525+0000 7f69ea600700 1 -- 172.21.15.2:0/1767125994 --> [v2:172.21.15.2:3300/0,v1:172.21.15.2:6789/0] -- mon_command({"prefix": "get_command_descriptions"} v 0) v1 -- 0x7f69e410d990 con 0x7f69e407ce30
2024-03-11T18:22:13.480 INFO:teuthology.orchestra.run.smithi002.stdout:/usr/bin/ceph: stderr
2024-03-11T18:22:12.525+0000 7f69dbe00700 1 --2- 172.21.15.2:0/1767125994 >> [v2:172.21.15.2:6800/2981412802,v1:172.21.15.2:6801/2981412802] conn(0x7f69c8038d00 0x7f69c803b1c0 unknown :-1 s=NONE pgs=0 cs=0 l=1 rev1=0 crypto rx=0 tx=0 comp rx=0 tx=0).connect
2024-03-11T18:22:13.481 INFO:teuthology.orchestra.run.smithi002.stdout:/usr/bin/ceph: stderr
2024-03-11T18:22:12.525+0000 7f69dbe00700 1 -- 172.21.15.2:0/1767125994 <== mon.0 v2:172.21.15.2:3300/0 5 ==== osd_map(2..2 src has 1..2) v4 ==== 940+0+0 (secure 0 0 0) 0x7f69d404cc20 con 0x7f69e407ce30
2024-03-11T18:22:13.481 INFO:teuthology.orchestra.run.smithi002.stdout:/usr/bin/ceph: stderr
2024-03-11T18:22:12.525+0000 7f69e2a00700 1 --2- 172.21.15.2:0/1767125994 >> [v2:172.21.15.2:6800/2981412802,v1:172.21.15.2:6801/2981412802] conn(0x7f69c8038d00 0x7f69c803b1c0 unknown :-1 s=BANNER_CONNECTING pgs=0 cs=0 l=1 rev1=0 crypto rx=0 tx=0 comp rx=0 tx=0)._handle_peer_banner_payload supported=3 required=0
2024-03-11T18:22:13.481 INFO:teuthology.orchestra.run.smithi002.stdout:/usr/bin/ceph: stderr
2024-03-11T18:22:12.526+0000 7f69e2a00700 1 --2- 172.21.15.2:0/1767125994 >> [v2:172.21.15.2:6800/2981412802,v1:172.21.15.2:6801/2981412802] conn(0x7f69c8038d00 0x7f69c803b1c0 secure :-1 s=READY pgs=13 cs=0 l=1 rev1=1 crypto rx=0x7f69d0006fd0 tx=0x7f69d0006e40 comp rx=0 tx=0).ready entity=mgr.14120 client_cookie=0 server_cookie=0 in_seq=0 out_seq=0
2024-03-11T18:22:13.481 INFO:teuthology.orchestra.run.smithi002.stdout:/usr/bin/ceph: stderr
2024-03-11T18:22:12.535+0000 7f69dbe00700 1 -- 172.21.15.2:0/1767125994 <== mon.0 v2:172.21.15.2:3300/0 6 ==== mon_command_ack([{"prefix": "get_command_descriptions"}]=0 v0) v1 ==== 72+0+183564 (secure 0 0 0) 0x7f69d4024c00 con 0x7f69e407ce30
2024-03-11T18:22:13.481 INFO:teuthology.orchestra.run.smithi002.stdout:/usr/bin/ceph: stderr
2024-03-11T18:22:12.777+0000 7f69ea600700 1 -- 172.21.15.2:0/1767125994 --> [v2:172.21.15.2:6800/2981412802,v1:172.21.15.2:6801/2981412802] -- mgr_command(tid 0: {"prefix": "orch apply", "service_type": "mgr", "unmanaged": true, "target": ["mon-mgr", ""]}) v1 -- 0x7f69e4103c20 con 0x7f69c8038d00
2024-03-11T18:22:13.481 INFO:teuthology.orchestra.run.smithi002.stdout:/usr/bin/ceph: stderr
2024-03-11T18:22:12.786+0000 7f69dbe00700 1 -- 172.21.15.2:0/1767125994 <== mgr.14120 v2:172.21.15.2:6800/2981412802 1 ==== mgr_command_reply(tid 0: 0 ) v1 ==== 8+0+24 (secure 0 0 0) 0x7f69e4103c20 con 0x7f69c8038d00
2024-03-11T18:22:13.481 INFO:teuthology.orchestra.run.smithi002.stdout:/usr/bin/ceph: stderr
2024-03-11T18:22:12.789+0000 7f69ea600700 1 -- 172.21.15.2:0/1767125994 >> [v2:172.21.15.2:6800/2981412802,v1:172.21.15.2:6801/2981412802] conn(0x7f69c8038d00 msgr2=0x7f69c803b1c0 secure :-1 s=STATE_CONNECTION_ESTABLISHED l=1).mark_down
2024-03-11T18:22:13.481 INFO:teuthology.orchestra.run.smithi002.stdout:/usr/bin/ceph: stderr
2024-03-11T18:22:12.789+0000 7f69ea600700 1 --2- 172.21.15.2:0/1767125994 >> [v2:172.21.15.2:6800/2981412802,v1:172.21.15.2:6801/2981412802] conn(0x7f69c8038d00 0x7f69c803b1c0 secure :-1 s=READY pgs=13 cs=0 l=1 rev1=1 crypto rx=0x7f69d0006fd0 tx=0x7f69d0006e40 comp rx=0 tx=0).stop
2024-03-11T18:22:13.481 INFO:teuthology.orchestra.run.smithi002.stdout:/usr/bin/ceph: stderr
2024-03-11T18:22:12.789+0000 7f69ea600700 1 -- 172.21.15.2:0/1767125994 >> [v2:172.21.15.2:3300/0,v1:172.21.15.2:6789/0] conn(0x7f69e407ce30 msgr2=0x7f69e419d3c0 secure :-1 s=STATE_CONNECTION_ESTABLISHED l=1).mark_down
2024-03-11T18:22:13.481 INFO:teuthology.orchestra.run.smithi002.stdout:/usr/bin/ceph: stderr
2024-03-11T18:22:12.789+0000 7f69ea600700 1 --2- 172.21.15.2:0/1767125994 >> [v2:172.21.15.2:3300/0,v1:172.21.15.2:6789/0] conn(0x7f69e407ce30 0x7f69e419d3c0 secure :-1 s=READY pgs=50 cs=0 l=1 rev1=1 crypto rx=0x7f69d4009530 tx=0x7f69d400bd10 comp rx=0 tx=0).stop
2024-03-11T18:22:13.481 INFO:teuthology.orchestra.run.smithi002.stdout:/usr/bin/ceph: stderr
2024-03-11T18:22:12.789+0000 7f69ea600700 1 -- 172.21.15.2:0/1767125994 shutdown_connections
2024-03-11T18:22:13.481 INFO:teuthology.orchestra.run.smithi002.stdout:/usr/bin/ceph: stderr
2024-03-11T18:22:12.789+0000 7f69ea600700 1 --2- 172.21.15.2:0/1767125994 >> [v2:172.21.15.2:6800/2981412802,v1:172.21.15.2:6801/2981412802] conn(0x7f69c8038d00 0x7f69c803b1c0 unknown :-1 s=CLOSED pgs=13 cs=0 l=1 rev1=1 crypto rx=0 tx=0 comp rx=0 tx=0).stop
2024-03-11T18:22:13.482 INFO:teuthology.orchestra.run.smithi002.stdout:/usr/bin/ceph: stderr
2024-03-11T18:22:12.789+0000 7f69ea600700 1 --2- 172.21.15.2:0/1767125994 >> [v2:172.21.15.2:3300/0,v1:172.21.15.2:6789/0] conn(0x7f69e407ce30 0x7f69e419d3c0 unknown :-1 s=CLOSED pgs=50 cs=0 l=1 rev1=1 crypto rx=0 tx=0 comp rx=0 tx=0).stop
2024-03-11T18:22:13.482 INFO:teuthology.orchestra.run.smithi002.stdout:/usr/bin/ceph: stderr
2024-03-11T18:22:12.789+0000 7f69ea600700 1 -- 172.21.15.2:0/1767125994 >> 172.21.15.2:0/1767125994 conn(0x7f69e4102b10 msgr2=0x7f69e4103510 unknown :-1 s=STATE_NONE l=0).mark_down
2024-03-11T18:22:13.482 INFO:teuthology.orchestra.run.smithi002.stdout:/usr/bin/ceph: stderr
2024-03-11T18:22:12.789+0000 7f69ea600700 1 -- 172.21.15.2:0/1767125994 shutdown_connections
2024-03-11T18:22:13.482 INFO:teuthology.orchestra.run.smithi002.stdout:/usr/bin/ceph: stderr
2024-03-11T18:22:12.789+0000 7f69ea600700 1 -- 172.21.15.2:0/1767125994 wait complete.
2024-03-11T18:22:14.441 INFO:journalctl@ceph.mon.a.smithi002.stdout:Mar 11 18:22:14 smithi002 ceph-mon[31328]: from='client.14144 -' entity='client.admin' cmd=[{"prefix": "orch apply", "service_type": "mgr", "unmanaged": true, "target": ["mon-mgr", ""]}]: dispatch
2024-03-11T18:22:14.442 INFO:journalctl@ceph.mon.a.smithi002.stdout:Mar 11 18:22:14 smithi002 ceph-mon[31328]: Saving service mgr spec with placement count:2
2024-03-11T18:22:14.442 INFO:journalctl@ceph.mon.a.smithi002.stdout:Mar 11 18:22:14 smithi002 ceph-mon[31328]: pgmap v3: 0 pgs: ; 0 B data, 0 B used, 0 B / 0 B avail
2024-03-11T18:22:15.585 INFO:teuthology.orchestra.run.smithi002.stdout:/usr/bin/ceph: stderr
2024-03-11T18:22:14.185+0000 7fa176e00700 1 Processor -- start
2024-03-11T18:22:15.586 INFO:teuthology.orchestra.run.smithi002.stdout:/usr/bin/ceph: stderr
2024-03-11T18:22:14.185+0000 7fa176e00700 1 -- start start
2024-03-11T18:22:15.586 INFO:teuthology.orchestra.run.smithi002.stdout:/usr/bin/ceph: stderr
2024-03-11T18:22:14.186+0000 7fa176e00700 1 --2- >> [v2:172.21.15.2:3300/0,v1:172.21.15.2:6789/0] conn(0x7fa170108020 0x7fa17010a410 unknown :-1 s=NONE pgs=0 cs=0 l=0 rev1=0 crypto rx=0 tx=0 comp rx=0 tx=0).connect
2024-03-11T18:22:15.586 INFO:teuthology.orchestra.run.smithi002.stdout:/usr/bin/ceph: stderr
2024-03-11T18:22:14.186+0000 7fa176e00700 1 -- --> [v2:172.21.15.2:3300/0,v1:172.21.15.2:6789/0] -- mon_getmap magic: 0 v1 -- 0x7fa17007ae50 con 0x7fa170108020
2024-03-11T18:22:15.586 INFO:teuthology.orchestra.run.smithi002.stdout:/usr/bin/ceph: stderr
2024-03-11T18:22:14.186+0000 7fa16fe00700 1 --2- >> [v2:172.21.15.2:3300/0,v1:172.21.15.2:6789/0] conn(0x7fa170108020 0x7fa17010a410 unknown :-1 s=BANNER_CONNECTING pgs=0 cs=0 l=0 rev1=0 crypto rx=0 tx=0 comp rx=0 tx=0)._handle_peer_banner_payload supported=3 required=0
2024-03-11T18:22:15.586 INFO:teuthology.orchestra.run.smithi002.stdout:/usr/bin/ceph: stderr
2024-03-11T18:22:14.186+0000 7fa16fe00700 1 --2- >> [v2:172.21.15.2:3300/0,v1:172.21.15.2:6789/0] conn(0x7fa170108020 0x7fa17010a410 unknown :-1 s=HELLO_CONNECTING pgs=0 cs=0 l=0 rev1=1 crypto rx=0 tx=0 comp rx=0 tx=0).handle_hello peer v2:172.21.15.2:3300/0 says I am v2:172.21.15.2:55872/0 (socket says 172.21.15.2:55872)
2024-03-11T18:22:15.586 INFO:teuthology.orchestra.run.smithi002.stdout:/usr/bin/ceph: stderr
2024-03-11T18:22:14.186+0000 7fa16fe00700 1 -- 172.21.15.2:0/3884644954 learned_addr learned my addr 172.21.15.2:0/3884644954 (peer_addr_for_me v2:172.21.15.2:0/0)
2024-03-11T18:22:15.586 INFO:teuthology.orchestra.run.smithi002.stdout:/usr/bin/ceph: stderr
2024-03-11T18:22:14.187+0000 7fa16fe00700 1 -- 172.21.15.2:0/3884644954 --> [v2:172.21.15.2:3300/0,v1:172.21.15.2:6789/0] -- mon_subscribe({config=0+,monmap=0+}) v3 -- 0x7fa17010a950 con 0x7fa170108020
2024-03-11T18:22:15.586 INFO:teuthology.orchestra.run.smithi002.stdout:/usr/bin/ceph: stderr
2024-03-11T18:22:14.187+0000 7fa16fe00700 1 --2- 172.21.15.2:0/3884644954 >> [v2:172.21.15.2:3300/0,v1:172.21.15.2:6789/0] conn(0x7fa170108020 0x7fa17010a410 secure :-1 s=READY pgs=51 cs=0 l=1 rev1=1 crypto rx=0x7fa1600098a0 tx=0x7fa160009bb0 comp rx=0 tx=0).ready entity=mon.0 client_cookie=dd2bb2374ad75de6 server_cookie=0 in_seq=0 out_seq=0
2024-03-11T18:22:15.586 INFO:teuthology.orchestra.run.smithi002.stdout:/usr/bin/ceph: stderr
2024-03-11T18:22:14.188+0000 7fa16ea00700 1 -- 172.21.15.2:0/3884644954 <== mon.0 v2:172.21.15.2:3300/0 1 ==== mon_map magic: 0 v1 ==== 205+0+0 (secure 0 0 0) 0x7fa160004160 con 0x7fa170108020
2024-03-11T18:22:15.586 INFO:teuthology.orchestra.run.smithi002.stdout:/usr/bin/ceph: stderr
2024-03-11T18:22:14.188+0000 7fa16ea00700 1 -- 172.21.15.2:0/3884644954 <== mon.0 v2:172.21.15.2:3300/0 2 ==== config(27 keys) v1 ==== 1140+0+0 (secure 0 0 0) 0x7fa1600042c0 con 0x7fa170108020
2024-03-11T18:22:15.586 INFO:teuthology.orchestra.run.smithi002.stdout:/usr/bin/ceph: stderr
2024-03-11T18:22:14.188+0000 7fa16ea00700 1 -- 172.21.15.2:0/3884644954 <== mon.0 v2:172.21.15.2:3300/0 3 ==== mon_map magic: 0 v1 ==== 205+0+0 (secure 0 0 0) 0x7fa160011a80 con 0x7fa170108020
2024-03-11T18:22:15.586 INFO:teuthology.orchestra.run.smithi002.stdout:/usr/bin/ceph: stderr
2024-03-11T18:22:14.189+0000 7fa176e00700 1 -- 172.21.15.2:0/3884644954 >> [v2:172.21.15.2:3300/0,v1:172.21.15.2:6789/0] conn(0x7fa170108020 msgr2=0x7fa17010a410 secure :-1 s=STATE_CONNECTION_ESTABLISHED l=1).mark_down
2024-03-11T18:22:15.587 INFO:teuthology.orchestra.run.smithi002.stdout:/usr/bin/ceph: stderr
2024-03-11T18:22:14.189+0000 7fa176e00700 1 --2- 172.21.15.2:0/3884644954 >> [v2:172.21.15.2:3300/0,v1:172.21.15.2:6789/0] conn(0x7fa170108020 0x7fa17010a410 secure :-1 s=READY pgs=51 cs=0 l=1 rev1=1 crypto rx=0x7fa1600098a0 tx=0x7fa160009bb0 comp rx=0 tx=0).stop
2024-03-11T18:22:15.587 INFO:teuthology.orchestra.run.smithi002.stdout:/usr/bin/ceph: stderr
2024-03-11T18:22:14.189+0000 7fa176e00700 1 -- 172.21.15.2:0/3884644954 shutdown_connections
2024-03-11T18:22:15.587 INFO:teuthology.orchestra.run.smithi002.stdout:/usr/bin/ceph: stderr
2024-03-11T18:22:14.189+0000 7fa176e00700 1 --2- 172.21.15.2:0/3884644954 >> [v2:172.21.15.2:3300/0,v1:172.21.15.2:6789/0] conn(0x7fa170108020 0x7fa17010a410 unknown :-1 s=CLOSED pgs=51 cs=0 l=1 rev1=1 crypto rx=0 tx=0 comp rx=0 tx=0).stop
2024-03-11T18:22:15.587 INFO:teuthology.orchestra.run.smithi002.stdout:/usr/bin/ceph: stderr
2024-03-11T18:22:14.189+0000 7fa176e00700 1 -- 172.21.15.2:0/3884644954 >> 172.21.15.2:0/3884644954 conn(0x7fa170101a50 msgr2=0x7fa170103e70 unknown :-1 s=STATE_NONE l=0).mark_down
2024-03-11T18:22:15.587 INFO:teuthology.orchestra.run.smithi002.stdout:/usr/bin/ceph: stderr
2024-03-11T18:22:14.189+0000 7fa176e00700 1 -- 172.21.15.2:0/3884644954 shutdown_connections
2024-03-11T18:22:15.587 INFO:teuthology.orchestra.run.smithi002.stdout:/usr/bin/ceph: stderr
2024-03-11T18:22:14.189+0000 7fa176e00700 1 -- 172.21.15.2:0/3884644954 wait complete.
2024-03-11T18:22:15.587 INFO:teuthology.orchestra.run.smithi002.stdout:/usr/bin/ceph: stderr
2024-03-11T18:22:14.190+0000 7fa176e00700 1 Processor -- start
2024-03-11T18:22:15.587 INFO:teuthology.orchestra.run.smithi002.stdout:/usr/bin/ceph: stderr
2024-03-11T18:22:14.190+0000 7fa176e00700 1 -- start start
2024-03-11T18:22:15.587 INFO:teuthology.orchestra.run.smithi002.stdout:/usr/bin/ceph: stderr
2024-03-11T18:22:14.191+0000 7fa176e00700 1 --2- >> [v2:172.21.15.2:3300/0,v1:172.21.15.2:6789/0] conn(0x7fa170108020 0x7fa17019d4d0 unknown :-1 s=NONE pgs=0 cs=0 l=1 rev1=0 crypto rx=0 tx=0 comp rx=0 tx=0).connect
2024-03-11T18:22:15.587 INFO:teuthology.orchestra.run.smithi002.stdout:/usr/bin/ceph: stderr
2024-03-11T18:22:14.191+0000 7fa176e00700 1 -- --> [v2:172.21.15.2:3300/0,v1:172.21.15.2:6789/0] -- mon_getmap magic: 0 v1 -- 0x7fa17019da10 con 0x7fa170108020
2024-03-11T18:22:15.587 INFO:teuthology.orchestra.run.smithi002.stdout:/usr/bin/ceph: stderr
2024-03-11T18:22:14.191+0000 7fa16fe00700 1 --2- >> [v2:172.21.15.2:3300/0,v1:172.21.15.2:6789/0] conn(0x7fa170108020 0x7fa17019d4d0 unknown :-1 s=BANNER_CONNECTING pgs=0 cs=0 l=1 rev1=0 crypto rx=0 tx=0 comp rx=0 tx=0)._handle_peer_banner_payload supported=3 required=0
2024-03-11T18:22:15.587 INFO:teuthology.orchestra.run.smithi002.stdout:/usr/bin/ceph: stderr
2024-03-11T18:22:14.191+0000 7fa16fe00700 1 --2- >> [v2:172.21.15.2:3300/0,v1:172.21.15.2:6789/0] conn(0x7fa170108020 0x7fa17019d4d0 unknown :-1 s=HELLO_CONNECTING pgs=0 cs=0 l=1 rev1=1 crypto rx=0 tx=0 comp rx=0 tx=0).handle_hello peer v2:172.21.15.2:3300/0 says I am v2:172.21.15.2:55874/0 (socket says 172.21.15.2:55874)
2024-03-11T18:22:15.587 INFO:teuthology.orchestra.run.smithi002.stdout:/usr/bin/ceph: stderr
2024-03-11T18:22:14.191+0000 7fa16fe00700 1 -- 172.21.15.2:0/28381509 learned_addr learned my addr 172.21.15.2:0/28381509 (peer_addr_for_me v2:172.21.15.2:0/0)
2024-03-11T18:22:15.588 INFO:teuthology.orchestra.run.smithi002.stdout:/usr/bin/ceph: stderr
2024-03-11T18:22:14.191+0000 7fa16fe00700 1 -- 172.21.15.2:0/28381509 --> [v2:172.21.15.2:3300/0,v1:172.21.15.2:6789/0] -- mon_subscribe({config=0+,monmap=0+}) v3 -- 0x7fa160009550 con 0x7fa170108020
2024-03-11T18:22:15.588 INFO:teuthology.orchestra.run.smithi002.stdout:/usr/bin/ceph: stderr
2024-03-11T18:22:14.192+0000 7fa16fe00700 1 --2- 172.21.15.2:0/28381509 >> [v2:172.21.15.2:3300/0,v1:172.21.15.2:6789/0] conn(0x7fa170108020 0x7fa17019d4d0 secure :-1 s=READY pgs=52 cs=0 l=1 rev1=1 crypto rx=0x7fa160009130 tx=0x7fa160011b00 comp rx=0 tx=0).ready entity=mon.0 client_cookie=0 server_cookie=0 in_seq=0 out_seq=0
2024-03-11T18:22:15.588 INFO:teuthology.orchestra.run.smithi002.stdout:/usr/bin/ceph: stderr
2024-03-11T18:22:14.192+0000 7fa16cc00700 1 -- 172.21.15.2:0/28381509 <== mon.0 v2:172.21.15.2:3300/0 1 ==== mon_map magic: 0 v1 ==== 205+0+0 (secure 0 0 0) 0x7fa160003aa0 con 0x7fa170108020
2024-03-11T18:22:15.588 INFO:teuthology.orchestra.run.smithi002.stdout:/usr/bin/ceph: stderr
2024-03-11T18:22:14.192+0000 7fa16cc00700 1 -- 172.21.15.2:0/28381509 <== mon.0 v2:172.21.15.2:3300/0 2 ==== config(27 keys) v1 ==== 1140+0+0 (secure 0 0 0) 0x7fa160003c00 con 0x7fa170108020
2024-03-11T18:22:15.588 INFO:teuthology.orchestra.run.smithi002.stdout:/usr/bin/ceph: stderr
2024-03-11T18:22:14.192+0000 7fa16cc00700 1 -- 172.21.15.2:0/28381509 <== mon.0 v2:172.21.15.2:3300/0 3 ==== mon_map magic: 0 v1 ==== 205+0+0 (secure 0 0 0) 0x7fa1600248a0 con 0x7fa170108020
2024-03-11T18:22:15.588 INFO:teuthology.orchestra.run.smithi002.stdout:/usr/bin/ceph: stderr
2024-03-11T18:22:14.192+0000 7fa176e00700 1 -- 172.21.15.2:0/28381509 --> [v2:172.21.15.2:3300/0,v1:172.21.15.2:6789/0] -- mon_subscribe({mgrmap=0+}) v3 -- 0x7fa17019dc10 con 0x7fa170108020
2024-03-11T18:22:15.588 INFO:teuthology.orchestra.run.smithi002.stdout:/usr/bin/ceph: stderr
2024-03-11T18:22:14.192+0000 7fa176e00700 1 -- 172.21.15.2:0/28381509 --> [v2:172.21.15.2:3300/0,v1:172.21.15.2:6789/0] -- mon_subscribe({osdmap=0}) v3 -- 0x7fa17019e0b0 con 0x7fa170108020
2024-03-11T18:22:15.588 INFO:teuthology.orchestra.run.smithi002.stdout:/usr/bin/ceph: stderr
2024-03-11T18:22:14.194+0000 7fa176e00700 1 -- 172.21.15.2:0/28381509 --> [v2:172.21.15.2:3300/0,v1:172.21.15.2:6789/0] -- mon_command({"prefix": "get_command_descriptions"} v 0) v1 -- 0x7fa17010b790 con 0x7fa170108020
2024-03-11T18:22:15.588 INFO:teuthology.orchestra.run.smithi002.stdout:/usr/bin/ceph: stderr
2024-03-11T18:22:14.194+0000 7fa16cc00700 1 -- 172.21.15.2:0/28381509 <== mon.0 v2:172.21.15.2:3300/0 4 ==== mgrmap(e 8) v1 ==== 45769+0+0 (secure 0 0 0) 0x7fa16001ac10 con 0x7fa170108020
2024-03-11T18:22:15.588 INFO:teuthology.orchestra.run.smithi002.stdout:/usr/bin/ceph: stderr
2024-03-11T18:22:14.194+0000 7fa16cc00700 1 --2- 172.21.15.2:0/28381509 >> [v2:172.21.15.2:6800/2981412802,v1:172.21.15.2:6801/2981412802] conn(0x7fa154038d00 0x7fa15403b1c0 unknown :-1 s=NONE pgs=0 cs=0 l=1 rev1=0 crypto rx=0 tx=0 comp rx=0 tx=0).connect
2024-03-11T18:22:15.591 INFO:teuthology.orchestra.run.smithi002.stdout:/usr/bin/ceph: stderr
2024-03-11T18:22:14.194+0000 7fa16cc00700 1 -- 172.21.15.2:0/28381509 <== mon.0 v2:172.21.15.2:3300/0 5 ==== osd_map(2..2 src has 1..2) v4 ==== 940+0+0 (secure 0 0 0) 0x7fa16004cee0 con 0x7fa170108020
2024-03-11T18:22:15.591 INFO:teuthology.orchestra.run.smithi002.stdout:/usr/bin/ceph: stderr
2024-03-11T18:22:14.194+0000 7fa16f400700 1 --2- 172.21.15.2:0/28381509 >> [v2:172.21.15.2:6800/2981412802,v1:172.21.15.2:6801/2981412802] conn(0x7fa154038d00 0x7fa15403b1c0 unknown :-1 s=BANNER_CONNECTING pgs=0 cs=0 l=1 rev1=0 crypto rx=0 tx=0 comp rx=0 tx=0)._handle_peer_banner_payload supported=3 required=0
2024-03-11T18:22:15.591 INFO:teuthology.orchestra.run.smithi002.stdout:/usr/bin/ceph: stderr
2024-03-11T18:22:14.195+0000 7fa16f400700 1 --2- 172.21.15.2:0/28381509 >> [v2:172.21.15.2:6800/2981412802,v1:172.21.15.2:6801/2981412802] conn(0x7fa154038d00 0x7fa15403b1c0 secure :-1 s=READY pgs=14 cs=0 l=1 rev1=1 crypto rx=0x7fa15c006fd0 tx=0x7fa15c006e40 comp rx=0 tx=0).ready entity=mgr.14120 client_cookie=0 server_cookie=0 in_seq=0 out_seq=0
2024-03-11T18:22:15.591 INFO:teuthology.orchestra.run.smithi002.stdout:/usr/bin/ceph: stderr
2024-03-11T18:22:14.199+0000 7fa16cc00700 1 -- 172.21.15.2:0/28381509 <== mon.0 v2:172.21.15.2:3300/0 6 ==== mon_command_ack([{"prefix": "get_command_descriptions"}]=0 v0) v1 ==== 72+0+183564 (secure 0 0 0) 0x7fa160018760 con 0x7fa170108020
2024-03-11T18:22:15.591 INFO:teuthology.orchestra.run.smithi002.stdout:/usr/bin/ceph: stderr
2024-03-11T18:22:14.440+0000 7fa176e00700 1 -- 172.21.15.2:0/28381509 --> [v2:172.21.15.2:3300/0,v1:172.21.15.2:6789/0] -- mon_command([{prefix=config set, name=mgr/cephadm/container_init}] v 0) v1 -- 0x7fa17010b9a0 con 0x7fa170108020
2024-03-11T18:22:15.591 INFO:teuthology.orchestra.run.smithi002.stdout:/usr/bin/ceph: stderr
2024-03-11T18:22:14.446+0000 7fa16cc00700 1 -- 172.21.15.2:0/28381509 <== mon.0 v2:172.21.15.2:3300/0 7 ==== mon_command_ack([{prefix=config set, name=mgr/cephadm/container_init}]=0 v7)=0 v7) v1 ==== 142+0+0 (secure 0 0 0) 0x7fa16000b3e0 con 0x7fa170108020
2024-03-11T18:22:15.591 INFO:teuthology.orchestra.run.smithi002.stdout:/usr/bin/ceph: stderr
2024-03-11T18:22:14.449+0000 7fa176e00700 1 -- 172.21.15.2:0/28381509 >> [v2:172.21.15.2:6800/2981412802,v1:172.21.15.2:6801/2981412802] conn(0x7fa154038d00 msgr2=0x7fa15403b1c0 secure :-1 s=STATE_CONNECTION_ESTABLISHED l=1).mark_down
2024-03-11T18:22:15.591 INFO:teuthology.orchestra.run.smithi002.stdout:/usr/bin/ceph: stderr
2024-03-11T18:22:14.449+0000 7fa176e00700 1 --2- 172.21.15.2:0/28381509 >> [v2:172.21.15.2:6800/2981412802,v1:172.21.15.2:6801/2981412802] conn(0x7fa154038d00 0x7fa15403b1c0 secure :-1 s=READY pgs=14 cs=0 l=1 rev1=1 crypto rx=0x7fa15c006fd0 tx=0x7fa15c006e40 comp rx=0 tx=0).stop
2024-03-11T18:22:15.592 INFO:teuthology.orchestra.run.smithi002.stdout:/usr/bin/ceph: stderr
2024-03-11T18:22:14.449+0000 7fa176e00700 1 -- 172.21.15.2:0/28381509 >> [v2:172.21.15.2:3300/0,v1:172.21.15.2:6789/0] conn(0x7fa170108020 msgr2=0x7fa17019d4d0 secure :-1 s=STATE_CONNECTION_ESTABLISHED l=1).mark_down
2024-03-11T18:22:15.592 INFO:teuthology.orchestra.run.smithi002.stdout:/usr/bin/ceph: stderr
2024-03-11T18:22:14.449+0000 7fa176e00700 1 --2- 172.21.15.2:0/28381509 >> [v2:172.21.15.2:3300/0,v1:172.21.15.2:6789/0] conn(0x7fa170108020 0x7fa17019d4d0 secure :-1 s=READY pgs=52 cs=0 l=1 rev1=1 crypto rx=0x7fa160009130 tx=0x7fa160011b00 comp rx=0 tx=0).stop
2024-03-11T18:22:15.592 INFO:teuthology.orchestra.run.smithi002.stdout:/usr/bin/ceph: stderr
2024-03-11T18:22:14.449+0000 7fa176e00700 1 -- 172.21.15.2:0/28381509 shutdown_connections
2024-03-11T18:22:15.592 INFO:teuthology.orchestra.run.smithi002.stdout:/usr/bin/ceph: stderr
2024-03-11T18:22:14.449+0000 7fa176e00700 1 --2- 172.21.15.2:0/28381509 >> [v2:172.21.15.2:6800/2981412802,v1:172.21.15.2:6801/2981412802] conn(0x7fa154038d00 0x7fa15403b1c0 unknown :-1 s=CLOSED pgs=14 cs=0 l=1 rev1=1 crypto rx=0 tx=0 comp rx=0 tx=0).stop
2024-03-11T18:22:15.592 INFO:teuthology.orchestra.run.smithi002.stdout:/usr/bin/ceph: stderr
2024-03-11T18:22:14.449+0000 7fa176e00700 1 --2- 172.21.15.2:0/28381509 >> [v2:172.21.15.2:3300/0,v1:172.21.15.2:6789/0] conn(0x7fa170108020 0x7fa17019d4d0 unknown :-1 s=CLOSED pgs=52 cs=0 l=1 rev1=1 crypto rx=0 tx=0 comp rx=0 tx=0).stop
2024-03-11T18:22:15.592 INFO:teuthology.orchestra.run.smithi002.stdout:/usr/bin/ceph: stderr
2024-03-11T18:22:14.449+0000 7fa176e00700 1 -- 172.21.15.2:0/28381509 >> 172.21.15.2:0/28381509 conn(0x7fa170101a50 msgr2=0x7fa1701024d0 unknown :-1 s=STATE_NONE l=0).mark_down
2024-03-11T18:22:15.592 INFO:teuthology.orchestra.run.smithi002.stdout:/usr/bin/ceph: stderr
2024-03-11T18:22:14.450+0000 7fa176e00700 1 -- 172.21.15.2:0/28381509 shutdown_connections
2024-03-11T18:22:15.592 INFO:teuthology.orchestra.run.smithi002.stdout:/usr/bin/ceph: stderr
2024-03-11T18:22:14.450+0000 7fa176e00700 1 -- 172.21.15.2:0/28381509 wait complete.
2024-03-11T18:22:15.738 INFO:journalctl@ceph.mon.a.smithi002.stdout:Mar 11 18:22:15 smithi002 ceph-mon[31328]: from='client.? 172.21.15.2:0/28381509' entity='client.admin'
2024-03-11T18:22:15.738 INFO:journalctl@ceph.mon.a.smithi002.stdout:Mar 11 18:22:15 smithi002 ceph-mon[31328]: pgmap v4: 0 pgs: ; 0 B data, 0 B used, 0 B / 0 B avail
2024-03-11T18:22:16.892 INFO:journalctl@ceph.mon.a.smithi002.stdout:Mar 11 18:22:16 smithi002 ceph-mon[31328]: from='mgr.14120 172.21.15.2:0/4197962839' entity='mgr.x'
2024-03-11T18:22:16.892 INFO:journalctl@ceph.mon.a.smithi002.stdout:Mar 11 18:22:16 smithi002 ceph-mon[31328]: from='client.? 172.21.15.2:0/3745276837' entity='client.admin'
2024-03-11T18:22:17.212 INFO:teuthology.orchestra.run.smithi002.stdout:/usr/bin/ceph: stderr
2024-03-11T18:22:16.269+0000 7f5690a00700 1 Processor -- start
2024-03-11T18:22:17.212 INFO:teuthology.orchestra.run.smithi002.stdout:/usr/bin/ceph: stderr
2024-03-11T18:22:16.270+0000 7f5690a00700 1 -- start start
2024-03-11T18:22:17.213 INFO:teuthology.orchestra.run.smithi002.stdout:/usr/bin/ceph: stderr
2024-03-11T18:22:16.270+0000 7f5690a00700 1 --2- >> [v2:172.21.15.2:3300/0,v1:172.21.15.2:6789/0] conn(0x7f568c07ce30 0x7f568c07b2e0 unknown :-1 s=NONE pgs=0 cs=0 l=0 rev1=0 crypto rx=0 tx=0 comp rx=0 tx=0).connect
2024-03-11T18:22:17.213 INFO:teuthology.orchestra.run.smithi002.stdout:/usr/bin/ceph: stderr
2024-03-11T18:22:16.270+0000 7f5690a00700 1 -- --> [v2:172.21.15.2:3300/0,v1:172.21.15.2:6789/0] -- mon_getmap magic: 0 v1 -- 0x7f568c07b8b0 con 0x7f568c07ce30
2024-03-11T18:22:17.213 INFO:teuthology.orchestra.run.smithi002.stdout:/usr/bin/ceph: stderr
2024-03-11T18:22:16.271+0000 7f5689e00700 1 --2- >> [v2:172.21.15.2:3300/0,v1:172.21.15.2:6789/0] conn(0x7f568c07ce30 0x7f568c07b2e0 unknown :-1 s=BANNER_CONNECTING pgs=0 cs=0 l=0 rev1=0 crypto rx=0 tx=0 comp rx=0 tx=0)._handle_peer_banner_payload supported=3 required=0
2024-03-11T18:22:17.213 INFO:teuthology.orchestra.run.smithi002.stdout:/usr/bin/ceph: stderr
2024-03-11T18:22:16.271+0000 7f5689e00700 1 --2- >> [v2:172.21.15.2:3300/0,v1:172.21.15.2:6789/0] conn(0x7f568c07ce30 0x7f568c07b2e0 unknown :-1 s=HELLO_CONNECTING pgs=0 cs=0 l=0 rev1=1 crypto rx=0 tx=0 comp rx=0 tx=0).handle_hello peer v2:172.21.15.2:3300/0 says I am v2:172.21.15.2:55876/0 (socket says 172.21.15.2:55876)
2024-03-11T18:22:17.213 INFO:teuthology.orchestra.run.smithi002.stdout:/usr/bin/ceph: stderr
2024-03-11T18:22:16.271+0000 7f5689e00700 1 -- 172.21.15.2:0/1241327085 learned_addr learned my addr 172.21.15.2:0/1241327085 (peer_addr_for_me v2:172.21.15.2:0/0)
2024-03-11T18:22:17.213 INFO:teuthology.orchestra.run.smithi002.stdout:/usr/bin/ceph: stderr
2024-03-11T18:22:16.271+0000 7f5689e00700 1 -- 172.21.15.2:0/1241327085 --> [v2:172.21.15.2:3300/0,v1:172.21.15.2:6789/0] -- mon_subscribe({config=0+,monmap=0+}) v3 -- 0x7f568c07b9f0 con 0x7f568c07ce30
2024-03-11T18:22:17.213 INFO:teuthology.orchestra.run.smithi002.stdout:/usr/bin/ceph: stderr
2024-03-11T18:22:16.271+0000 7f5689e00700 1 --2- 172.21.15.2:0/1241327085 >> [v2:172.21.15.2:3300/0,v1:172.21.15.2:6789/0] conn(0x7f568c07ce30 0x7f568c07b2e0 secure :-1 s=READY pgs=53 cs=0 l=1 rev1=1 crypto rx=0x7f567c0098a0 tx=0x7f567c009bb0 comp rx=0 tx=0).ready entity=mon.0 client_cookie=498aab01b79884f7 server_cookie=0 in_seq=0 out_seq=0
2024-03-11T18:22:17.213 INFO:teuthology.orchestra.run.smithi002.stdout:/usr/bin/ceph: stderr
2024-03-11T18:22:16.272+0000 7f5689400700 1 -- 172.21.15.2:0/1241327085 <== mon.0 v2:172.21.15.2:3300/0 1 ==== mon_map magic: 0 v1 ==== 205+0+0 (secure 0 0 0) 0x7f567c004160 con 0x7f568c07ce30
2024-03-11T18:22:17.213 INFO:teuthology.orchestra.run.smithi002.stdout:/usr/bin/ceph: stderr
2024-03-11T18:22:16.272+0000 7f5689400700 1 -- 172.21.15.2:0/1241327085 <== mon.0 v2:172.21.15.2:3300/0 2 ==== config(27 keys) v1 ==== 1140+0+0 (secure 0 0 0) 0x7f567c0042c0 con 0x7f568c07ce30
2024-03-11T18:22:17.213 INFO:teuthology.orchestra.run.smithi002.stdout:/usr/bin/ceph: stderr
2024-03-11T18:22:16.272+0000 7f5689400700 1 -- 172.21.15.2:0/1241327085 <== mon.0 v2:172.21.15.2:3300/0 3 ==== mon_map magic: 0 v1 ==== 205+0+0 (secure 0 0 0) 0x7f567c011a80 con 0x7f568c07ce30
2024-03-11T18:22:17.213 INFO:teuthology.orchestra.run.smithi002.stdout:/usr/bin/ceph: stderr
2024-03-11T18:22:16.273+0000 7f5690a00700 1 -- 172.21.15.2:0/1241327085 >> [v2:172.21.15.2:3300/0,v1:172.21.15.2:6789/0] conn(0x7f568c07ce30 msgr2=0x7f568c07b2e0 secure :-1 s=STATE_CONNECTION_ESTABLISHED l=1).mark_down
2024-03-11T18:22:17.214 INFO:teuthology.orchestra.run.smithi002.stdout:/usr/bin/ceph: stderr
2024-03-11T18:22:16.273+0000 7f5690a00700 1 --2- 172.21.15.2:0/1241327085 >> [v2:172.21.15.2:3300/0,v1:172.21.15.2:6789/0] conn(0x7f568c07ce30 0x7f568c07b2e0 secure :-1 s=READY pgs=53 cs=0 l=1 rev1=1 crypto rx=0x7f567c0098a0 tx=0x7f567c009bb0 comp rx=0 tx=0).stop
2024-03-11T18:22:17.214 INFO:teuthology.orchestra.run.smithi002.stdout:/usr/bin/ceph: stderr
2024-03-11T18:22:16.273+0000 7f5690a00700 1 -- 172.21.15.2:0/1241327085 shutdown_connections
2024-03-11T18:22:17.214 INFO:teuthology.orchestra.run.smithi002.stdout:/usr/bin/ceph: stderr
2024-03-11T18:22:16.273+0000 7f5690a00700 1 --2- 172.21.15.2:0/1241327085 >> [v2:172.21.15.2:3300/0,v1:172.21.15.2:6789/0] conn(0x7f568c07ce30 0x7f568c07b2e0 unknown :-1 s=CLOSED pgs=53 cs=0 l=1 rev1=1 crypto rx=0 tx=0 comp rx=0 tx=0).stop
2024-03-11T18:22:17.214 INFO:teuthology.orchestra.run.smithi002.stdout:/usr/bin/ceph: stderr
2024-03-11T18:22:16.273+0000 7f5690a00700 1 -- 172.21.15.2:0/1241327085 >> 172.21.15.2:0/1241327085 conn(0x7f568c102b10 msgr2=0x7f568c104f50 unknown :-1 s=STATE_NONE l=0).mark_down
2024-03-11T18:22:17.214 INFO:teuthology.orchestra.run.smithi002.stdout:/usr/bin/ceph: stderr
2024-03-11T18:22:16.273+0000 7f5690a00700 1 -- 172.21.15.2:0/1241327085 shutdown_connections
2024-03-11T18:22:17.214 INFO:teuthology.orchestra.run.smithi002.stdout:/usr/bin/ceph: stderr
2024-03-11T18:22:16.273+0000 7f5690a00700 1 -- 172.21.15.2:0/1241327085 wait complete.
2024-03-11T18:22:17.214 INFO:teuthology.orchestra.run.smithi002.stdout:/usr/bin/ceph: stderr
2024-03-11T18:22:16.274+0000 7f5690a00700 1 Processor -- start
2024-03-11T18:22:17.214 INFO:teuthology.orchestra.run.smithi002.stdout:/usr/bin/ceph: stderr
2024-03-11T18:22:16.274+0000 7f5690a00700 1 -- start start
2024-03-11T18:22:17.214 INFO:teuthology.orchestra.run.smithi002.stdout:/usr/bin/ceph: stderr
2024-03-11T18:22:16.275+0000 7f5690a00700 1 --2- >> [v2:172.21.15.2:3300/0,v1:172.21.15.2:6789/0] conn(0x7f568c07ce30 0x7f568c19d420 unknown :-1 s=NONE pgs=0 cs=0 l=1 rev1=0 crypto rx=0 tx=0 comp rx=0 tx=0).connect
2024-03-11T18:22:17.215 INFO:teuthology.orchestra.run.smithi002.stdout:/usr/bin/ceph: stderr
2024-03-11T18:22:16.275+0000 7f5690a00700 1 -- --> [v2:172.21.15.2:3300/0,v1:172.21.15.2:6789/0] -- mon_getmap magic: 0 v1 -- 0x7f568c19d960 con 0x7f568c07ce30
2024-03-11T18:22:17.215 INFO:teuthology.orchestra.run.smithi002.stdout:/usr/bin/ceph: stderr
2024-03-11T18:22:16.275+0000 7f5689e00700 1 --2- >> [v2:172.21.15.2:3300/0,v1:172.21.15.2:6789/0] conn(0x7f568c07ce30 0x7f568c19d420 unknown :-1 s=BANNER_CONNECTING pgs=0 cs=0 l=1 rev1=0 crypto rx=0 tx=0 comp rx=0 tx=0)._handle_peer_banner_payload supported=3 required=0
2024-03-11T18:22:17.215 INFO:teuthology.orchestra.run.smithi002.stdout:/usr/bin/ceph: stderr
2024-03-11T18:22:16.275+0000 7f5689e00700 1 --2- >> [v2:172.21.15.2:3300/0,v1:172.21.15.2:6789/0] conn(0x7f568c07ce30 0x7f568c19d420 unknown :-1 s=HELLO_CONNECTING pgs=0 cs=0 l=1 rev1=1 crypto rx=0 tx=0 comp rx=0 tx=0).handle_hello peer v2:172.21.15.2:3300/0 says I am v2:172.21.15.2:55890/0 (socket says 172.21.15.2:55890)
2024-03-11T18:22:17.215 INFO:teuthology.orchestra.run.smithi002.stdout:/usr/bin/ceph: stderr
2024-03-11T18:22:16.275+0000 7f5689e00700 1 -- 172.21.15.2:0/3745276837 learned_addr learned my addr 172.21.15.2:0/3745276837 (peer_addr_for_me v2:172.21.15.2:0/0)
2024-03-11T18:22:17.215 INFO:teuthology.orchestra.run.smithi002.stdout:/usr/bin/ceph: stderr
2024-03-11T18:22:16.275+0000 7f5689e00700 1 -- 172.21.15.2:0/3745276837 --> [v2:172.21.15.2:3300/0,v1:172.21.15.2:6789/0] -- mon_subscribe({config=0+,monmap=0+}) v3 -- 0x7f567c009550 con 0x7f568c07ce30
