2024-03-11T18:21:58.437+0000 7fa8cda00700 1 --2- >> [v2:172.21.15.2:3300/0,v1:172.21.15.2:6789/0] conn(0x7fa8c807ce50 0x7fa8c819d3b0 unknown :-1 s=NONE pgs=0 cs=0 l=1 rev1=0 crypto rx=0 tx=0 comp rx=0 tx=0).connect
2024-03-11T18:21:59.719 INFO:teuthology.orchestra.run.smithi002.stdout:/usr/bin/ceph: stderr
2024-03-11T18:21:58.437+0000 7fa8cda00700 1 -- --> [v2:172.21.15.2:3300/0,v1:172.21.15.2:6789/0] -- mon_getmap magic: 0 v1 -- 0x7fa8c819d8f0 con 0x7fa8c807ce50
2024-03-11T18:21:59.719 INFO:teuthology.orchestra.run.smithi002.stdout:/usr/bin/ceph: stderr
2024-03-11T18:21:58.437+0000 7fa8c6a00700 1 --2- >> [v2:172.21.15.2:3300/0,v1:172.21.15.2:6789/0] conn(0x7fa8c807ce50 0x7fa8c819d3b0 unknown :-1 s=BANNER_CONNECTING pgs=0 cs=0 l=1 rev1=0 crypto rx=0 tx=0 comp rx=0 tx=0)._handle_peer_banner_payload supported=3 required=0
2024-03-11T18:21:59.720 INFO:teuthology.orchestra.run.smithi002.stdout:/usr/bin/ceph: stderr
2024-03-11T18:21:58.437+0000 7fa8c6a00700 1 --2- >> [v2:172.21.15.2:3300/0,v1:172.21.15.2:6789/0] conn(0x7fa8c807ce50 0x7fa8c819d3b0 unknown :-1 s=HELLO_CONNECTING pgs=0 cs=0 l=1 rev1=1 crypto rx=0 tx=0 comp rx=0 tx=0).handle_hello peer v2:172.21.15.2:3300/0 says I am v2:172.21.15.2:42198/0 (socket says 172.21.15.2:42198)
2024-03-11T18:21:59.720 INFO:teuthology.orchestra.run.smithi002.stdout:/usr/bin/ceph: stderr
2024-03-11T18:21:58.437+0000 7fa8c6a00700 1 -- 172.21.15.2:0/2075471136 learned_addr learned my addr 172.21.15.2:0/2075471136 (peer_addr_for_me v2:172.21.15.2:0/0)
2024-03-11T18:21:59.720 INFO:teuthology.orchestra.run.smithi002.stdout:/usr/bin/ceph: stderr
2024-03-11T18:21:58.438+0000 7fa8c6a00700 1 -- 172.21.15.2:0/2075471136 --> [v2:172.21.15.2:3300/0,v1:172.21.15.2:6789/0] -- mon_subscribe({config=0+,monmap=0+}) v3 -- 0x7fa8b8009b30 con 0x7fa8c807ce50
2024-03-11T18:21:59.720 INFO:teuthology.orchestra.run.smithi002.stdout:/usr/bin/ceph: stderr
2024-03-11T18:21:58.438+0000 7fa8c6a00700 1 --2- 172.21.15.2:0/2075471136 >> [v2:172.21.15.2:3300/0,v1:172.21.15.2:6789/0] conn(0x7fa8c807ce50 0x7fa8c819d3b0 secure :-1 s=READY pgs=42 cs=0 l=1 rev1=1 crypto rx=0x7fa8b8009fd0 tx=0x7fa8b8003d70 comp rx=0 tx=0).ready entity=mon.0 client_cookie=0 server_cookie=0 in_seq=0 out_seq=0
2024-03-11T18:21:59.720 INFO:teuthology.orchestra.run.smithi002.stdout:/usr/bin/ceph: stderr
2024-03-11T18:21:58.438+0000 7fa8bf400700 1 -- 172.21.15.2:0/2075471136 <== mon.0 v2:172.21.15.2:3300/0 1 ==== mon_map magic: 0 v1 ==== 205+0+0 (secure 0 0 0) 0x7fa8b800e040 con 0x7fa8c807ce50
2024-03-11T18:21:59.720 INFO:teuthology.orchestra.run.smithi002.stdout:/usr/bin/ceph: stderr
2024-03-11T18:21:58.438+0000 7fa8bf400700 1 -- 172.21.15.2:0/2075471136 <== mon.0 v2:172.21.15.2:3300/0 2 ==== config(27 keys) v1 ==== 1109+0+0 (secure 0 0 0) 0x7fa8b80128f0 con 0x7fa8c807ce50
2024-03-11T18:21:59.720 INFO:teuthology.orchestra.run.smithi002.stdout:/usr/bin/ceph: stderr
2024-03-11T18:21:58.438+0000 7fa8cda00700 1 -- 172.21.15.2:0/2075471136 --> [v2:172.21.15.2:3300/0,v1:172.21.15.2:6789/0] -- mon_subscribe({mgrmap=0+}) v3 -- 0x7fa8c819daf0 con 0x7fa8c807ce50
2024-03-11T18:21:59.720 INFO:teuthology.orchestra.run.smithi002.stdout:/usr/bin/ceph: stderr
2024-03-11T18:21:58.438+0000 7fa8bf400700 1 -- 172.21.15.2:0/2075471136 <== mon.0 v2:172.21.15.2:3300/0 3 ==== mon_map magic: 0 v1 ==== 205+0+0 (secure 0 0 0) 0x7fa8b801c890 con 0x7fa8c807ce50
2024-03-11T18:21:59.720 INFO:teuthology.orchestra.run.smithi002.stdout:/usr/bin/ceph: stderr
2024-03-11T18:21:58.439+0000 7fa8cda00700 1 -- 172.21.15.2:0/2075471136 --> [v2:172.21.15.2:3300/0,v1:172.21.15.2:6789/0] -- mon_subscribe({osdmap=0}) v3 -- 0x7fa8c819df70 con 0x7fa8c807ce50
2024-03-11T18:21:59.720 INFO:teuthology.orchestra.run.smithi002.stdout:/usr/bin/ceph: stderr
2024-03-11T18:21:58.440+0000 7fa8bf400700 1 -- 172.21.15.2:0/2075471136 <== mon.0 v2:172.21.15.2:3300/0 4 ==== mgrmap(e 8) v1 ==== 45769+0+0 (secure 0 0 0) 0x7fa8b8012a60 con 0x7fa8c807ce50
2024-03-11T18:21:59.720 INFO:teuthology.orchestra.run.smithi002.stdout:/usr/bin/ceph: stderr
2024-03-11T18:21:58.440+0000 7fa8cda00700 1 -- 172.21.15.2:0/2075471136 --> [v2:172.21.15.2:3300/0,v1:172.21.15.2:6789/0] -- mon_command({"prefix": "get_command_descriptions"} v 0) v1 -- 0x7fa8c810d920 con 0x7fa8c807ce50
2024-03-11T18:21:59.720 INFO:teuthology.orchestra.run.smithi002.stdout:/usr/bin/ceph: stderr
2024-03-11T18:21:58.440+0000 7fa8bf400700 1 --2- 172.21.15.2:0/2075471136 >> [v2:172.21.15.2:6800/2981412802,v1:172.21.15.2:6801/2981412802] conn(0x7fa8ac038d60 0x7fa8ac03b220 unknown :-1 s=NONE pgs=0 cs=0 l=1 rev1=0 crypto rx=0 tx=0 comp rx=0 tx=0).connect
2024-03-11T18:21:59.721 INFO:teuthology.orchestra.run.smithi002.stdout:/usr/bin/ceph: stderr
2024-03-11T18:21:58.440+0000 7fa8bf400700 1 -- 172.21.15.2:0/2075471136 <== mon.0 v2:172.21.15.2:3300/0 5 ==== osd_map(2..2 src has 1..2) v4 ==== 940+0+0 (secure 0 0 0) 0x7fa8b804cda0 con 0x7fa8c807ce50
2024-03-11T18:21:59.721 INFO:teuthology.orchestra.run.smithi002.stdout:/usr/bin/ceph: stderr
2024-03-11T18:21:58.440+0000 7fa8c6000700 1 --2- 172.21.15.2:0/2075471136 >> [v2:172.21.15.2:6800/2981412802,v1:172.21.15.2:6801/2981412802] conn(0x7fa8ac038d60 0x7fa8ac03b220 unknown :-1 s=BANNER_CONNECTING pgs=0 cs=0 l=1 rev1=0 crypto rx=0 tx=0 comp rx=0 tx=0)._handle_peer_banner_payload supported=3 required=0
2024-03-11T18:21:59.721 INFO:teuthology.orchestra.run.smithi002.stdout:/usr/bin/ceph: stderr
2024-03-11T18:21:58.441+0000 7fa8c6000700 1 --2- 172.21.15.2:0/2075471136 >> [v2:172.21.15.2:6800/2981412802,v1:172.21.15.2:6801/2981412802] conn(0x7fa8ac038d60 0x7fa8ac03b220 secure :-1 s=READY pgs=9 cs=0 l=1 rev1=1 crypto rx=0x7fa8b4006fd0 tx=0x7fa8b4006e40 comp rx=0 tx=0).ready entity=mgr.14120 client_cookie=0 server_cookie=0 in_seq=0 out_seq=0
2024-03-11T18:21:59.721 INFO:teuthology.orchestra.run.smithi002.stdout:/usr/bin/ceph: stderr
2024-03-11T18:21:58.446+0000 7fa8bf400700 1 -- 172.21.15.2:0/2075471136 <== mon.0 v2:172.21.15.2:3300/0 6 ==== mon_command_ack([{"prefix": "get_command_descriptions"}]=0 v0) v1 ==== 72+0+183564 (secure 0 0 0) 0x7fa8b8024c00 con 0x7fa8c807ce50
2024-03-11T18:21:59.721 INFO:teuthology.orchestra.run.smithi002.stdout:/usr/bin/ceph: stderr
2024-03-11T18:21:58.672+0000 7fa8cda00700 1 -- 172.21.15.2:0/2075471136 --> [v2:172.21.15.2:6800/2981412802,v1:172.21.15.2:6801/2981412802] -- mgr_command(tid 0: {"prefix": "cephadm generate-key", "target": ["mon-mgr", ""]}) v1 -- 0x7fa8c8103c00 con 0x7fa8ac038d60
2024-03-11T18:21:59.721 INFO:teuthology.orchestra.run.smithi002.stdout:/usr/bin/ceph: stderr
2024-03-11T18:21:58.995+0000 7fa8bf400700 1 -- 172.21.15.2:0/2075471136 <== mgr.14120 v2:172.21.15.2:6800/2981412802 1 ==== mgr_command_reply(tid 0: 0 ) v1 ==== 8+0+0 (secure 0 0 0) 0x7fa8c8103c00 con 0x7fa8ac038d60
2024-03-11T18:21:59.721 INFO:teuthology.orchestra.run.smithi002.stdout:/usr/bin/ceph: stderr
2024-03-11T18:21:58.998+0000 7fa8cda00700 1 -- 172.21.15.2:0/2075471136 >> [v2:172.21.15.2:6800/2981412802,v1:172.21.15.2:6801/2981412802] conn(0x7fa8ac038d60 msgr2=0x7fa8ac03b220 secure :-1 s=STATE_CONNECTION_ESTABLISHED l=1).mark_down
2024-03-11T18:21:59.721 INFO:teuthology.orchestra.run.smithi002.stdout:/usr/bin/ceph: stderr
2024-03-11T18:21:58.998+0000 7fa8cda00700 1 --2- 172.21.15.2:0/2075471136 >> [v2:172.21.15.2:6800/2981412802,v1:172.21.15.2:6801/2981412802] conn(0x7fa8ac038d60 0x7fa8ac03b220 secure :-1 s=READY pgs=9 cs=0 l=1 rev1=1 crypto rx=0x7fa8b4006fd0 tx=0x7fa8b4006e40 comp rx=0 tx=0).stop
2024-03-11T18:21:59.721 INFO:teuthology.orchestra.run.smithi002.stdout:/usr/bin/ceph: stderr
2024-03-11T18:21:58.998+0000 7fa8cda00700 1 -- 172.21.15.2:0/2075471136 >> [v2:172.21.15.2:3300/0,v1:172.21.15.2:6789/0] conn(0x7fa8c807ce50 msgr2=0x7fa8c819d3b0 secure :-1 s=STATE_CONNECTION_ESTABLISHED l=1).mark_down
2024-03-11T18:21:59.721 INFO:teuthology.orchestra.run.smithi002.stdout:/usr/bin/ceph: stderr
2024-03-11T18:21:58.998+0000 7fa8cda00700 1 --2- 172.21.15.2:0/2075471136 >> [v2:172.21.15.2:3300/0,v1:172.21.15.2:6789/0] conn(0x7fa8c807ce50 0x7fa8c819d3b0 secure :-1 s=READY pgs=42 cs=0 l=1 rev1=1 crypto rx=0x7fa8b8009fd0 tx=0x7fa8b8003d70 comp rx=0 tx=0).stop
2024-03-11T18:21:59.721 INFO:teuthology.orchestra.run.smithi002.stdout:/usr/bin/ceph: stderr
2024-03-11T18:21:58.999+0000 7fa8cda00700 1 -- 172.21.15.2:0/2075471136 shutdown_connections
2024-03-11T18:21:59.721 INFO:teuthology.orchestra.run.smithi002.stdout:/usr/bin/ceph: stderr
2024-03-11T18:21:58.999+0000 7fa8cda00700 1 --2- 172.21.15.2:0/2075471136 >> [v2:172.21.15.2:6800/2981412802,v1:172.21.15.2:6801/2981412802] conn(0x7fa8ac038d60 0x7fa8ac03b220 unknown :-1 s=CLOSED pgs=9 cs=0 l=1 rev1=1 crypto rx=0 tx=0 comp rx=0 tx=0).stop
2024-03-11T18:21:59.721 INFO:teuthology.orchestra.run.smithi002.stdout:/usr/bin/ceph: stderr
2024-03-11T18:21:58.999+0000 7fa8cda00700 1 --2- 172.21.15.2:0/2075471136 >> [v2:172.21.15.2:3300/0,v1:172.21.15.2:6789/0] conn(0x7fa8c807ce50 0x7fa8c819d3b0 unknown :-1 s=CLOSED pgs=42 cs=0 l=1 rev1=1 crypto rx=0 tx=0 comp rx=0 tx=0).stop
2024-03-11T18:21:59.722 INFO:teuthology.orchestra.run.smithi002.stdout:/usr/bin/ceph: stderr
2024-03-11T18:21:58.999+0000 7fa8cda00700 1 -- 172.21.15.2:0/2075471136 >> 172.21.15.2:0/2075471136 conn(0x7fa8c8102b10 msgr2=0x7fa8c81034f0 unknown :-1 s=STATE_NONE l=0).mark_down
2024-03-11T18:21:59.722 INFO:teuthology.orchestra.run.smithi002.stdout:/usr/bin/ceph: stderr
2024-03-11T18:21:58.999+0000 7fa8cda00700 1 -- 172.21.15.2:0/2075471136 shutdown_connections
2024-03-11T18:21:59.722 INFO:teuthology.orchestra.run.smithi002.stdout:/usr/bin/ceph: stderr
2024-03-11T18:21:58.999+0000 7fa8cda00700 1 -- 172.21.15.2:0/2075471136 wait complete.
2024-03-11T18:22:00.252 INFO:journalctl@ceph.mon.a.smithi002.stdout:Mar 11 18:21:59 smithi002 ceph-mon[31328]: from='client.14136 -' entity='client.admin' cmd=[{"prefix": "cephadm generate-key", "target": ["mon-mgr", ""]}]: dispatch
2024-03-11T18:22:00.252 INFO:journalctl@ceph.mon.a.smithi002.stdout:Mar 11 18:21:59 smithi002 ceph-mon[31328]: Generating ssh key...
2024-03-11T18:22:00.252 INFO:journalctl@ceph.mon.a.smithi002.stdout:Mar 11 18:21:59 smithi002 ceph-mon[31328]: from='mgr.14120 172.21.15.2:0/4197962839' entity='mgr.x'
2024-03-11T18:22:00.252 INFO:journalctl@ceph.mon.a.smithi002.stdout:Mar 11 18:21:59 smithi002 ceph-mon[31328]: from='mgr.14120 172.21.15.2:0/4197962839' entity='mgr.x'
2024-03-11T18:22:01.213 INFO:teuthology.orchestra.run.smithi002.stdout:/usr/bin/ceph: stdout ssh-rsa AAAAB3NzaC1yc2EAAAADAQABAAABgQDBBsqXMgL1PF6q8gLCuMTw5HLg9opT3xcsuUOEILv5aFUspL+22LME/t7GyCGufbLW31c5fYNXKMsJWZPbti1nAZJwKjLyq7Q3xyK/qNEkp/AxsfinsXVXrv+FMr98iQ+FVcRRUJuCbfstglbtYq8SjQds9KhSx27Xsg/vh1L3py7D1Rd3e8dF5IF2gSkWyMvNZBNcKyNEnvyVsneLwZ52jH79IvO3JGsGefBQJW8LkANFo1CRgyKppqKi16tU9DFpaTWwoOi5GJ0gP2mm7jxQPlaljTHu/UQVy2JoBwTlKphUjrh7qyo6ZCUF0zkERPeP7trHOoLkxOskWMy9IRSLlCNv/1GNnHbUACcc3NPYPiLDPRwKYOl6rJTquzPv6h+KAP8epEHh8wIKyoItlYXJ/a++lKCKYaacNaQ2ot1sHiqrGpb1qd1e17cDy4yaFBRtBHdNciPn0qeepRvixWTH+d+JJB6t6WGk1qGFTs1lsq016e2yxkS5OEeiru5RmfM= ceph-02b83714-dfd4-11ee-95c8-87774f69a715
2024-03-11T18:22:01.215 INFO:teuthology.orchestra.run.smithi002.stdout:/usr/bin/ceph: stderr
2024-03-11T18:22:00.303+0000 7f4d5b200700 1 Processor -- start
2024-03-11T18:22:01.215 INFO:teuthology.orchestra.run.smithi002.stdout:/usr/bin/ceph: stderr
2024-03-11T18:22:00.303+0000 7f4d5b200700 1 -- start start
2024-03-11T18:22:01.215 INFO:teuthology.orchestra.run.smithi002.stdout:/usr/bin/ceph: stderr
2024-03-11T18:22:00.303+0000 7f4d5b200700 1 --2- >> [v2:172.21.15.2:3300/0,v1:172.21.15.2:6789/0] conn(0x7f4d54109770 0x7f4d54109b90 unknown :-1 s=NONE pgs=0 cs=0 l=0 rev1=0 crypto rx=0 tx=0 comp rx=0 tx=0).connect
2024-03-11T18:22:01.215 INFO:teuthology.orchestra.run.smithi002.stdout:/usr/bin/ceph: stderr
2024-03-11T18:22:00.303+0000 7f4d5b200700 1 -- --> [v2:172.21.15.2:3300/0,v1:172.21.15.2:6789/0] -- mon_getmap magic: 0 v1 -- 0x7f4d5410a160 con 0x7f4d54109770
2024-03-11T18:22:01.215 INFO:teuthology.orchestra.run.smithi002.stdout:/usr/bin/ceph: stderr
2024-03-11T18:22:00.304+0000 7f4d53e00700 1 --2- >> [v2:172.21.15.2:3300/0,v1:172.21.15.2:6789/0] conn(0x7f4d54109770 0x7f4d54109b90 unknown :-1 s=BANNER_CONNECTING pgs=0 cs=0 l=0 rev1=0 crypto rx=0 tx=0 comp rx=0 tx=0)._handle_peer_banner_payload supported=3 required=0
2024-03-11T18:22:01.215 INFO:teuthology.orchestra.run.smithi002.stdout:/usr/bin/ceph: stderr
2024-03-11T18:22:00.304+0000 7f4d53e00700 1 --2- >> [v2:172.21.15.2:3300/0,v1:172.21.15.2:6789/0] conn(0x7f4d54109770 0x7f4d54109b90 unknown :-1 s=HELLO_CONNECTING pgs=0 cs=0 l=0 rev1=1 crypto rx=0 tx=0 comp rx=0 tx=0).handle_hello peer v2:172.21.15.2:3300/0 says I am v2:172.21.15.2:42212/0 (socket says 172.21.15.2:42212)
2024-03-11T18:22:01.215 INFO:teuthology.orchestra.run.smithi002.stdout:/usr/bin/ceph: stderr
2024-03-11T18:22:00.304+0000 7f4d53e00700 1 -- 172.21.15.2:0/2196464736 learned_addr learned my addr 172.21.15.2:0/2196464736 (peer_addr_for_me v2:172.21.15.2:0/0)
2024-03-11T18:22:01.216 INFO:teuthology.orchestra.run.smithi002.stdout:/usr/bin/ceph: stderr
2024-03-11T18:22:00.304+0000 7f4d53e00700 1 -- 172.21.15.2:0/2196464736 --> [v2:172.21.15.2:3300/0,v1:172.21.15.2:6789/0] -- mon_subscribe({config=0+,monmap=0+}) v3 -- 0x7f4d5410a920 con 0x7f4d54109770
2024-03-11T18:22:01.216 INFO:teuthology.orchestra.run.smithi002.stdout:/usr/bin/ceph: stderr
2024-03-11T18:22:00.304+0000 7f4d53e00700 1 --2- 172.21.15.2:0/2196464736 >> [v2:172.21.15.2:3300/0,v1:172.21.15.2:6789/0] conn(0x7f4d54109770 0x7f4d54109b90 secure :-1 s=READY pgs=43 cs=0 l=1 rev1=1 crypto rx=0x7f4d440098a0 tx=0x7f4d44009bb0 comp rx=0 tx=0).ready entity=mon.0 client_cookie=ab501f370524e7d0 server_cookie=0 in_seq=0 out_seq=0
2024-03-11T18:22:01.216 INFO:teuthology.orchestra.run.smithi002.stdout:/usr/bin/ceph: stderr
2024-03-11T18:22:00.305+0000 7f4d53400700 1 -- 172.21.15.2:0/2196464736 <== mon.0 v2:172.21.15.2:3300/0 1 ==== mon_map magic: 0 v1 ==== 205+0+0 (secure 0 0 0) 0x7f4d44004160 con 0x7f4d54109770
2024-03-11T18:22:01.216 INFO:teuthology.orchestra.run.smithi002.stdout:/usr/bin/ceph: stderr
2024-03-11T18:22:00.305+0000 7f4d53400700 1 -- 172.21.15.2:0/2196464736 <== mon.0 v2:172.21.15.2:3300/0 2 ==== config(27 keys) v1 ==== 1109+0+0 (secure 0 0 0) 0x7f4d440042c0 con 0x7f4d54109770
2024-03-11T18:22:01.216 INFO:teuthology.orchestra.run.smithi002.stdout:/usr/bin/ceph: stderr
2024-03-11T18:22:00.305+0000 7f4d53400700 1 -- 172.21.15.2:0/2196464736 <== mon.0 v2:172.21.15.2:3300/0 3 ==== mon_map magic: 0 v1 ==== 205+0+0 (secure 0 0 0) 0x7f4d44011ac0 con 0x7f4d54109770
2024-03-11T18:22:01.221 INFO:teuthology.orchestra.run.smithi002.stdout:/usr/bin/ceph: stderr
2024-03-11T18:22:00.305+0000 7f4d5b200700 1 -- 172.21.15.2:0/2196464736 >> [v2:172.21.15.2:3300/0,v1:172.21.15.2:6789/0] conn(0x7f4d54109770 msgr2=0x7f4d54109b90 secure :-1 s=STATE_CONNECTION_ESTABLISHED l=1).mark_down
2024-03-11T18:22:01.221 INFO:teuthology.orchestra.run.smithi002.stdout:/usr/bin/ceph: stderr
2024-03-11T18:22:00.305+0000 7f4d5b200700 1 --2- 172.21.15.2:0/2196464736 >> [v2:172.21.15.2:3300/0,v1:172.21.15.2:6789/0] conn(0x7f4d54109770 0x7f4d54109b90 secure :-1 s=READY pgs=43 cs=0 l=1 rev1=1 crypto rx=0x7f4d440098a0 tx=0x7f4d44009bb0 comp rx=0 tx=0).stop
2024-03-11T18:22:01.221 INFO:teuthology.orchestra.run.smithi002.stdout:/usr/bin/ceph: stderr
2024-03-11T18:22:00.305+0000 7f4d5b200700 1 -- 172.21.15.2:0/2196464736 shutdown_connections
2024-03-11T18:22:01.221 INFO:teuthology.orchestra.run.smithi002.stdout:/usr/bin/ceph: stderr
2024-03-11T18:22:00.305+0000 7f4d5b200700 1 --2- 172.21.15.2:0/2196464736 >> [v2:172.21.15.2:3300/0,v1:172.21.15.2:6789/0] conn(0x7f4d54109770 0x7f4d54109b90 unknown :-1 s=CLOSED pgs=43 cs=0 l=1 rev1=1 crypto rx=0 tx=0 comp rx=0 tx=0).stop
2024-03-11T18:22:01.221 INFO:teuthology.orchestra.run.smithi002.stdout:/usr/bin/ceph: stderr
2024-03-11T18:22:00.305+0000 7f4d5b200700 1 -- 172.21.15.2:0/2196464736 >> 172.21.15.2:0/2196464736 conn(0x7f4d5407cba0 msgr2=0x7f4d541074b0 unknown :-1 s=STATE_NONE l=0).mark_down
2024-03-11T18:22:01.221 INFO:teuthology.orchestra.run.smithi002.stdout:/usr/bin/ceph: stderr
2024-03-11T18:22:00.306+0000 7f4d5b200700 1 -- 172.21.15.2:0/2196464736 shutdown_connections
2024-03-11T18:22:01.221 INFO:teuthology.orchestra.run.smithi002.stdout:/usr/bin/ceph: stderr
2024-03-11T18:22:00.306+0000 7f4d5b200700 1 -- 172.21.15.2:0/2196464736 wait complete.
2024-03-11T18:22:01.221 INFO:teuthology.orchestra.run.smithi002.stdout:/usr/bin/ceph: stderr
2024-03-11T18:22:00.307+0000 7f4d5b200700 1 Processor -- start
2024-03-11T18:22:01.221 INFO:teuthology.orchestra.run.smithi002.stdout:/usr/bin/ceph: stderr
2024-03-11T18:22:00.307+0000 7f4d5b200700 1 -- start start
2024-03-11T18:22:01.221 INFO:teuthology.orchestra.run.smithi002.stdout:/usr/bin/ceph: stderr
2024-03-11T18:22:00.307+0000 7f4d5b200700 1 --2- >> [v2:172.21.15.2:3300/0,v1:172.21.15.2:6789/0] conn(0x7f4d54109770 0x7f4d5419d540 unknown :-1 s=NONE pgs=0 cs=0 l=1 rev1=0 crypto rx=0 tx=0 comp rx=0 tx=0).connect
2024-03-11T18:22:01.221 INFO:teuthology.orchestra.run.smithi002.stdout:/usr/bin/ceph: stderr
2024-03-11T18:22:00.307+0000 7f4d5b200700 1 -- --> [v2:172.21.15.2:3300/0,v1:172.21.15.2:6789/0] -- mon_getmap magic: 0 v1 -- 0x7f4d5419da80 con 0x7f4d54109770
2024-03-11T18:22:01.221 INFO:teuthology.orchestra.run.smithi002.stdout:/usr/bin/ceph: stderr
2024-03-11T18:22:00.307+0000 7f4d53e00700 1 --2- >> [v2:172.21.15.2:3300/0,v1:172.21.15.2:6789/0] conn(0x7f4d54109770 0x7f4d5419d540 unknown :-1 s=BANNER_CONNECTING pgs=0 cs=0 l=1 rev1=0 crypto rx=0 tx=0 comp rx=0 tx=0)._handle_peer_banner_payload supported=3 required=0
2024-03-11T18:22:01.222 INFO:teuthology.orchestra.run.smithi002.stdout:/usr/bin/ceph: stderr
2024-03-11T18:22:00.307+0000 7f4d53e00700 1 --2- >> [v2:172.21.15.2:3300/0,v1:172.21.15.2:6789/0] conn(0x7f4d54109770 0x7f4d5419d540 unknown :-1 s=HELLO_CONNECTING pgs=0 cs=0 l=1 rev1=1 crypto rx=0 tx=0 comp rx=0 tx=0).handle_hello peer v2:172.21.15.2:3300/0 says I am v2:172.21.15.2:42228/0 (socket says 172.21.15.2:42228)
2024-03-11T18:22:01.222 INFO:teuthology.orchestra.run.smithi002.stdout:/usr/bin/ceph: stderr
2024-03-11T18:22:00.307+0000 7f4d53e00700 1 -- 172.21.15.2:0/3600612 learned_addr learned my addr 172.21.15.2:0/3600612 (peer_addr_for_me v2:172.21.15.2:0/0)
2024-03-11T18:22:01.222 INFO:teuthology.orchestra.run.smithi002.stdout:/usr/bin/ceph: stderr
2024-03-11T18:22:00.308+0000 7f4d53e00700 1 -- 172.21.15.2:0/3600612 --> [v2:172.21.15.2:3300/0,v1:172.21.15.2:6789/0] -- mon_subscribe({config=0+,monmap=0+}) v3 -- 0x7f4d44009550 con 0x7f4d54109770
2024-03-11T18:22:01.222 INFO:teuthology.orchestra.run.smithi002.stdout:/usr/bin/ceph: stderr
2024-03-11T18:22:00.308+0000 7f4d53e00700 1 --2- 172.21.15.2:0/3600612 >> [v2:172.21.15.2:3300/0,v1:172.21.15.2:6789/0] conn(0x7f4d54109770 0x7f4d5419d540 secure :-1 s=READY pgs=44 cs=0 l=1 rev1=1 crypto rx=0x7f4d44000c00 tx=0x7f4d44011b40 comp rx=0 tx=0).ready entity=mon.0 client_cookie=0 server_cookie=0 in_seq=0 out_seq=0
2024-03-11T18:22:01.222 INFO:teuthology.orchestra.run.smithi002.stdout:/usr/bin/ceph: stderr
2024-03-11T18:22:00.308+0000 7f4d51600700 1 -- 172.21.15.2:0/3600612 <== mon.0 v2:172.21.15.2:3300/0 1 ==== mon_map magic: 0 v1 ==== 205+0+0 (secure 0 0 0) 0x7f4d44003aa0 con 0x7f4d54109770
2024-03-11T18:22:01.222 INFO:teuthology.orchestra.run.smithi002.stdout:/usr/bin/ceph: stderr
2024-03-11T18:22:00.308+0000 7f4d51600700 1 -- 172.21.15.2:0/3600612 <== mon.0 v2:172.21.15.2:3300/0 2 ==== config(27 keys) v1 ==== 1109+0+0 (secure 0 0 0) 0x7f4d44003c00 con 0x7f4d54109770
2024-03-11T18:22:01.222 INFO:teuthology.orchestra.run.smithi002.stdout:/usr/bin/ceph: stderr
2024-03-11T18:22:00.308+0000 7f4d5b200700 1 -- 172.21.15.2:0/3600612 --> [v2:172.21.15.2:3300/0,v1:172.21.15.2:6789/0] -- mon_subscribe({mgrmap=0+}) v3 -- 0x7f4d5419dc80 con 0x7f4d54109770
2024-03-11T18:22:01.222 INFO:teuthology.orchestra.run.smithi002.stdout:/usr/bin/ceph: stderr
2024-03-11T18:22:00.308+0000 7f4d51600700 1 -- 172.21.15.2:0/3600612 <== mon.0 v2:172.21.15.2:3300/0 3 ==== mon_map magic: 0 v1 ==== 205+0+0 (secure 0 0 0) 0x7f4d440248a0 con 0x7f4d54109770
2024-03-11T18:22:01.222 INFO:teuthology.orchestra.run.smithi002.stdout:/usr/bin/ceph: stderr
2024-03-11T18:22:00.309+0000 7f4d5b200700 1 -- 172.21.15.2:0/3600612 --> [v2:172.21.15.2:3300/0,v1:172.21.15.2:6789/0] -- mon_subscribe({osdmap=0}) v3 -- 0x7f4d5419e120 con 0x7f4d54109770
2024-03-11T18:22:01.222 INFO:teuthology.orchestra.run.smithi002.stdout:/usr/bin/ceph: stderr
2024-03-11T18:22:00.310+0000 7f4d51600700 1 -- 172.21.15.2:0/3600612 <== mon.0 v2:172.21.15.2:3300/0 4 ==== mgrmap(e 8) v1 ==== 45769+0+0 (secure 0 0 0) 0x7f4d4401ac60 con 0x7f4d54109770
2024-03-11T18:22:01.222 INFO:teuthology.orchestra.run.smithi002.stdout:/usr/bin/ceph: stderr
2024-03-11T18:22:00.310+0000 7f4d5b200700 1 -- 172.21.15.2:0/3600612 --> [v2:172.21.15.2:3300/0,v1:172.21.15.2:6789/0] -- mon_command({"prefix": "get_command_descriptions"} v 0) v1 -- 0x7f4d5410db50 con 0x7f4d54109770
2024-03-11T18:22:01.222 INFO:teuthology.orchestra.run.smithi002.stdout:/usr/bin/ceph: stderr
2024-03-11T18:22:00.310+0000 7f4d51600700 1 --2- 172.21.15.2:0/3600612 >> [v2:172.21.15.2:6800/2981412802,v1:172.21.15.2:6801/2981412802] conn(0x7f4d38038d00 0x7f4d3803b1c0 unknown :-1 s=NONE pgs=0 cs=0 l=1 rev1=0 crypto rx=0 tx=0 comp rx=0 tx=0).connect
2024-03-11T18:22:01.223 INFO:teuthology.orchestra.run.smithi002.stdout:/usr/bin/ceph: stderr
2024-03-11T18:22:00.310+0000 7f4d51600700 1 -- 172.21.15.2:0/3600612 <== mon.0 v2:172.21.15.2:3300/0 5 ==== osd_map(2..2 src has 1..2) v4 ==== 940+0+0 (secure 0 0 0) 0x7f4d4404cd80 con 0x7f4d54109770
2024-03-11T18:22:01.223 INFO:teuthology.orchestra.run.smithi002.stdout:/usr/bin/ceph: stderr
2024-03-11T18:22:00.310+0000 7f4d4b400700 1 --2- 172.21.15.2:0/3600612 >> [v2:172.21.15.2:6800/2981412802,v1:172.21.15.2:6801/2981412802] conn(0x7f4d38038d00 0x7f4d3803b1c0 unknown :-1 s=BANNER_CONNECTING pgs=0 cs=0 l=1 rev1=0 crypto rx=0 tx=0 comp rx=0 tx=0)._handle_peer_banner_payload supported=3 required=0
2024-03-11T18:22:01.223 INFO:teuthology.orchestra.run.smithi002.stdout:/usr/bin/ceph: stderr
2024-03-11T18:22:00.311+0000 7f4d4b400700 1 --2- 172.21.15.2:0/3600612 >> [v2:172.21.15.2:6800/2981412802,v1:172.21.15.2:6801/2981412802] conn(0x7f4d38038d00 0x7f4d3803b1c0 secure :-1 s=READY pgs=10 cs=0 l=1 rev1=1 crypto rx=0x7f4d3c006fd0 tx=0x7f4d3c006e40 comp rx=0 tx=0).ready entity=mgr.14120 client_cookie=0 server_cookie=0 in_seq=0 out_seq=0
2024-03-11T18:22:01.223 INFO:teuthology.orchestra.run.smithi002.stdout:/usr/bin/ceph: stderr
2024-03-11T18:22:00.316+0000 7f4d51600700 1 -- 172.21.15.2:0/3600612 <== mon.0 v2:172.21.15.2:3300/0 6 ==== mon_command_ack([{"prefix": "get_command_descriptions"}]=0 v0) v1 ==== 72+0+183564 (secure 0 0 0) 0x7f4d44018530 con 0x7f4d54109770
2024-03-11T18:22:01.223 INFO:teuthology.orchestra.run.smithi002.stdout:/usr/bin/ceph: stderr
2024-03-11T18:22:00.538+0000 7f4d5b200700 1 -- 172.21.15.2:0/3600612 --> [v2:172.21.15.2:6800/2981412802,v1:172.21.15.2:6801/2981412802] -- mgr_command(tid 0: {"prefix": "cephadm get-pub-key", "target": ["mon-mgr", ""]}) v1 -- 0x7f4d541072c0 con 0x7f4d38038d00
2024-03-11T18:22:01.223 INFO:teuthology.orchestra.run.smithi002.stdout:/usr/bin/ceph: stderr
2024-03-11T18:22:00.539+0000 7f4d51600700 1 -- 172.21.15.2:0/3600612 <== mgr.14120 v2:172.21.15.2:6800/2981412802 1 ==== mgr_command_reply(tid 0: 0 ) v1 ==== 8+0+595 (secure 0 0 0) 0x7f4d541072c0 con 0x7f4d38038d00
2024-03-11T18:22:01.223 INFO:teuthology.orchestra.run.smithi002.stdout:/usr/bin/ceph: stderr
2024-03-11T18:22:00.542+0000 7f4d5b200700 1 -- 172.21.15.2:0/3600612 >> [v2:172.21.15.2:6800/2981412802,v1:172.21.15.2:6801/2981412802] conn(0x7f4d38038d00 msgr2=0x7f4d3803b1c0 secure :-1 s=STATE_CONNECTION_ESTABLISHED l=1).mark_down
2024-03-11T18:22:01.223 INFO:teuthology.orchestra.run.smithi002.stdout:/usr/bin/ceph: stderr
2024-03-11T18:22:00.542+0000 7f4d5b200700 1 --2- 172.21.15.2:0/3600612 >> [v2:172.21.15.2:6800/2981412802,v1:172.21.15.2:6801/2981412802] conn(0x7f4d38038d00 0x7f4d3803b1c0 secure :-1 s=READY pgs=10 cs=0 l=1 rev1=1 crypto rx=0x7f4d3c006fd0 tx=0x7f4d3c006e40 comp rx=0 tx=0).stop
2024-03-11T18:22:01.223 INFO:teuthology.orchestra.run.smithi002.stdout:/usr/bin/ceph: stderr
2024-03-11T18:22:00.543+0000 7f4d5b200700 1 -- 172.21.15.2:0/3600612 >> [v2:172.21.15.2:3300/0,v1:172.21.15.2:6789/0] conn(0x7f4d54109770 msgr2=0x7f4d5419d540 secure :-1 s=STATE_CONNECTION_ESTABLISHED l=1).mark_down
2024-03-11T18:22:01.223 INFO:teuthology.orchestra.run.smithi002.stdout:/usr/bin/ceph: stderr
2024-03-11T18:22:00.543+0000 7f4d5b200700 1 --2- 172.21.15.2:0/3600612 >> [v2:172.21.15.2:3300/0,v1:172.21.15.2:6789/0] conn(0x7f4d54109770 0x7f4d5419d540 secure :-1 s=READY pgs=44 cs=0 l=1 rev1=1 crypto rx=0x7f4d44000c00 tx=0x7f4d44011b40 comp rx=0 tx=0).stop
2024-03-11T18:22:01.223 INFO:teuthology.orchestra.run.smithi002.stdout:/usr/bin/ceph: stderr
2024-03-11T18:22:00.543+0000 7f4d5b200700 1 -- 172.21.15.2:0/3600612 shutdown_connections
2024-03-11T18:22:01.223 INFO:teuthology.orchestra.run.smithi002.stdout:/usr/bin/ceph: stderr
2024-03-11T18:22:00.543+0000 7f4d5b200700 1 --2- 172.21.15.2:0/3600612 >> [v2:172.21.15.2:6800/2981412802,v1:172.21.15.2:6801/2981412802] conn(0x7f4d38038d00 0x7f4d3803b1c0 unknown :-1 s=CLOSED pgs=10 cs=0 l=1 rev1=1 crypto rx=0 tx=0 comp rx=0 tx=0).stop
2024-03-11T18:22:01.223 INFO:teuthology.orchestra.run.smithi002.stdout:/usr/bin/ceph: stderr
2024-03-11T18:22:00.543+0000 7f4d5b200700 1 --2- 172.21.15.2:0/3600612 >> [v2:172.21.15.2:3300/0,v1:172.21.15.2:6789/0] conn(0x7f4d54109770 0x7f4d5419d540 unknown :-1 s=CLOSED pgs=44 cs=0 l=1 rev1=1 crypto rx=0 tx=0 comp rx=0 tx=0).stop
2024-03-11T18:22:01.224 INFO:teuthology.orchestra.run.smithi002.stdout:/usr/bin/ceph: stderr
2024-03-11T18:22:00.543+0000 7f4d5b200700 1 -- 172.21.15.2:0/3600612 >> 172.21.15.2:0/3600612 conn(0x7f4d5407cba0 msgr2=0x7f4d54106bb0 unknown :-1 s=STATE_NONE l=0).mark_down
2024-03-11T18:22:01.224 INFO:teuthology.orchestra.run.smithi002.stdout:/usr/bin/ceph: stderr
2024-03-11T18:22:00.543+0000 7f4d5b200700 1 -- 172.21.15.2:0/3600612 shutdown_connections
2024-03-11T18:22:01.224 INFO:teuthology.orchestra.run.smithi002.stdout:/usr/bin/ceph: stderr
2024-03-11T18:22:00.543+0000 7f4d5b200700 1 -- 172.21.15.2:0/3600612 wait complete.
2024-03-11T18:22:01.224 INFO:teuthology.orchestra.run.smithi002.stdout:Wrote public SSH key to /home/ubuntu/cephtest/ceph.pub
2024-03-11T18:22:01.224 INFO:teuthology.orchestra.run.smithi002.stdout:Adding key to root@localhost authorized_keys...
2024-03-11T18:22:01.224 INFO:teuthology.orchestra.run.smithi002.stdout:Adding host smithi002...
2024-03-11T18:22:01.480 INFO:journalctl@ceph.mon.a.smithi002.stdout:Mar 11 18:22:01 smithi002 ceph-mon[31328]: from='client.14138 -' entity='client.admin' cmd=[{"prefix": "cephadm get-pub-key", "target": ["mon-mgr", ""]}]: dispatch
2024-03-11T18:22:02.363 INFO:journalctl@ceph.mon.a.smithi002.stdout:Mar 11 18:22:02 smithi002 ceph-mon[31328]: from='client.14140 -' entity='client.admin' cmd=[{"prefix": "orch host add", "hostname": "smithi002", "addr": "172.21.15.2", "target": ["mon-mgr", ""]}]: dispatch
2024-03-11T18:22:04.501 INFO:journalctl@ceph.mon.a.smithi002.stdout:Mar 11 18:22:04 smithi002 ceph-mon[31328]: Deploying cephadm binary to smithi002
2024-03-11T18:22:09.343 INFO:teuthology.orchestra.run.smithi002.stdout:/usr/bin/ceph: stdout Added host 'smithi002' with addr '172.21.15.2'
2024-03-11T18:22:09.343 INFO:teuthology.orchestra.run.smithi002.stdout:/usr/bin/ceph: stderr
2024-03-11T18:22:01.776+0000 7f5dfec00700 1 Processor -- start
2024-03-11T18:22:09.343 INFO:teuthology.orchestra.run.smithi002.stdout:/usr/bin/ceph: stderr
2024-03-11T18:22:01.776+0000 7f5dfec00700 1 -- start start
2024-03-11T18:22:09.343 INFO:teuthology.orchestra.run.smithi002.stdout:/usr/bin/ceph: stderr
2024-03-11T18:22:01.777+0000 7f5dfec00700 1 --2- >> [v2:172.21.15.2:3300/0,v1:172.21.15.2:6789/0] conn(0x7f5df807ce70 0x7f5df807b320 unknown :-1 s=NONE pgs=0 cs=0 l=0 rev1=0 crypto rx=0 tx=0 comp rx=0 tx=0).connect
2024-03-11T18:22:09.344 INFO:teuthology.orchestra.run.smithi002.stdout:/usr/bin/ceph: stderr
2024-03-11T18:22:01.777+0000 7f5dfec00700 1 -- --> [v2:172.21.15.2:3300/0,v1:172.21.15.2:6789/0] -- mon_getmap magic: 0 v1 -- 0x7f5df807b8f0 con 0x7f5df807ce70
2024-03-11T18:22:09.345 INFO:teuthology.orchestra.run.smithi002.stdout:/usr/bin/ceph: stderr
2024-03-11T18:22:01.777+0000 7f5dfd800700 1 --2- >> [v2:172.21.15.2:3300/0,v1:172.21.15.2:6789/0] conn(0x7f5df807ce70 0x7f5df807b320 unknown :-1 s=BANNER_CONNECTING pgs=0 cs=0 l=0 rev1=0 crypto rx=0 tx=0 comp rx=0 tx=0)._handle_peer_banner_payload supported=3 required=0
2024-03-11T18:22:09.345 INFO:teuthology.orchestra.run.smithi002.stdout:/usr/bin/ceph: stderr
2024-03-11T18:22:01.777+0000 7f5dfd800700 1 --2- >> [v2:172.21.15.2:3300/0,v1:172.21.15.2:6789/0] conn(0x7f5df807ce70 0x7f5df807b320 unknown :-1 s=HELLO_CONNECTING pgs=0 cs=0 l=0 rev1=1 crypto rx=0 tx=0 comp rx=0 tx=0).handle_hello peer v2:172.21.15.2:3300/0 says I am v2:172.21.15.2:42230/0 (socket says 172.21.15.2:42230)
2024-03-11T18:22:09.345 INFO:teuthology.orchestra.run.smithi002.stdout:/usr/bin/ceph: stderr
2024-03-11T18:22:01.777+0000 7f5dfd800700 1 -- 172.21.15.2:0/2894938055 learned_addr learned my addr 172.21.15.2:0/2894938055 (peer_addr_for_me v2:172.21.15.2:0/0)
2024-03-11T18:22:09.345 INFO:teuthology.orchestra.run.smithi002.stdout:/usr/bin/ceph: stderr
2024-03-11T18:22:01.778+0000 7f5dfd800700 1 -- 172.21.15.2:0/2894938055 --> [v2:172.21.15.2:3300/0,v1:172.21.15.2:6789/0] -- mon_subscribe({config=0+,monmap=0+}) v3 -- 0x7f5df807ba30 con 0x7f5df807ce70
2024-03-11T18:22:09.345 INFO:teuthology.orchestra.run.smithi002.stdout:/usr/bin/ceph: stderr
2024-03-11T18:22:01.778+0000 7f5dfd800700 1 --2- 172.21.15.2:0/2894938055 >> [v2:172.21.15.2:3300/0,v1:172.21.15.2:6789/0] conn(0x7f5df807ce70 0x7f5df807b320 secure :-1 s=READY pgs=45 cs=0 l=1 rev1=1 crypto rx=0x7f5dec0098a0 tx=0x7f5dec009bb0 comp rx=0 tx=0).ready entity=mon.0 client_cookie=c2752ae6aad5b215 server_cookie=0 in_seq=0 out_seq=0
2024-03-11T18:22:09.345 INFO:teuthology.orchestra.run.smithi002.stdout:/usr/bin/ceph: stderr
2024-03-11T18:22:01.779+0000 7f5df7e00700 1 -- 172.21.15.2:0/2894938055 <== mon.0 v2:172.21.15.2:3300/0 1 ==== mon_map magic: 0 v1 ==== 205+0+0 (secure 0 0 0) 0x7f5dec004160 con 0x7f5df807ce70
2024-03-11T18:22:09.345 INFO:teuthology.orchestra.run.smithi002.stdout:/usr/bin/ceph: stderr
2024-03-11T18:22:01.779+0000 7f5df7e00700 1 -- 172.21.15.2:0/2894938055 <== mon.0 v2:172.21.15.2:3300/0 2 ==== config(27 keys) v1 ==== 1109+0+0 (secure 0 0 0) 0x7f5dec0042c0 con 0x7f5df807ce70
2024-03-11T18:22:09.346 INFO:teuthology.orchestra.run.smithi002.stdout:/usr/bin/ceph: stderr
2024-03-11T18:22:01.779+0000 7f5df7e00700 1 -- 172.21.15.2:0/2894938055 <== mon.0 v2:172.21.15.2:3300/0 3 ==== mon_map magic: 0 v1 ==== 205+0+0 (secure 0 0 0) 0x7f5dec011ac0 con 0x7f5df807ce70
2024-03-11T18:22:09.346 INFO:teuthology.orchestra.run.smithi002.stdout:/usr/bin/ceph: stderr
2024-03-11T18:22:01.779+0000 7f5dfec00700 1 -- 172.21.15.2:0/2894938055 >> [v2:172.21.15.2:3300/0,v1:172.21.15.2:6789/0] conn(0x7f5df807ce70 msgr2=0x7f5df807b320 secure :-1 s=STATE_CONNECTION_ESTABLISHED l=1).mark_down
2024-03-11T18:22:09.346 INFO:teuthology.orchestra.run.smithi002.stdout:/usr/bin/ceph: stderr
2024-03-11T18:22:01.779+0000 7f5dfec00700 1 --2- 172.21.15.2:0/2894938055 >> [v2:172.21.15.2:3300/0,v1:172.21.15.2:6789/0] conn(0x7f5df807ce70 0x7f5df807b320 secure :-1 s=READY pgs=45 cs=0 l=1 rev1=1 crypto rx=0x7f5dec0098a0 tx=0x7f5dec009bb0 comp rx=0 tx=0).stop
2024-03-11T18:22:09.346 INFO:teuthology.orchestra.run.smithi002.stdout:/usr/bin/ceph: stderr
2024-03-11T18:22:01.779+0000 7f5dfec00700 1 -- 172.21.15.2:0/2894938055 shutdown_connections
2024-03-11T18:22:09.348 INFO:teuthology.orchestra.run.smithi002.stdout:/usr/bin/ceph: stderr
2024-03-11T18:22:01.779+0000 7f5dfec00700 1 --2- 172.21.15.2:0/2894938055 >> [v2:172.21.15.2:3300/0,v1:172.21.15.2:6789/0] conn(0x7f5df807ce70 0x7f5df807b320 unknown :-1 s=CLOSED pgs=45 cs=0 l=1 rev1=1 crypto rx=0 tx=0 comp rx=0 tx=0).stop
2024-03-11T18:22:09.349 INFO:teuthology.orchestra.run.smithi002.stdout:/usr/bin/ceph: stderr
2024-03-11T18:22:01.779+0000 7f5dfec00700 1 -- 172.21.15.2:0/2894938055 >> 172.21.15.2:0/2894938055 conn(0x7f5df8102930 msgr2=0x7f5df8104d70 unknown :-1 s=STATE_NONE l=0).mark_down
2024-03-11T18:22:09.349 INFO:teuthology.orchestra.run.smithi002.stdout:/usr/bin/ceph: stderr
2024-03-11T18:22:01.780+0000 7f5dfec00700 1 -- 172.21.15.2:0/2894938055 shutdown_connections
2024-03-11T18:22:09.349 INFO:teuthology.orchestra.run.smithi002.stdout:/usr/bin/ceph: stderr
2024-03-11T18:22:01.780+0000 7f5dfec00700 1 -- 172.21.15.2:0/2894938055 wait complete.
2024-03-11T18:22:09.349 INFO:teuthology.orchestra.run.smithi002.stdout:/usr/bin/ceph: stderr
2024-03-11T18:22:01.781+0000 7f5dfec00700 1 Processor -- start
2024-03-11T18:22:09.349 INFO:teuthology.orchestra.run.smithi002.stdout:/usr/bin/ceph: stderr
2024-03-11T18:22:01.781+0000 7f5dfec00700 1 -- start start
2024-03-11T18:22:09.349 INFO:teuthology.orchestra.run.smithi002.stdout:/usr/bin/ceph: stderr
2024-03-11T18:22:01.781+0000 7f5dfec00700 1 --2- >> [v2:172.21.15.2:3300/0,v1:172.21.15.2:6789/0] conn(0x7f5df807ce70 0x7f5df81a17c0 unknown :-1 s=NONE pgs=0 cs=0 l=1 rev1=0 crypto rx=0 tx=0 comp rx=0 tx=0).connect
2024-03-11T18:22:09.349 INFO:teuthology.orchestra.run.smithi002.stdout:/usr/bin/ceph: stderr
2024-03-11T18:22:01.781+0000 7f5dfec00700 1 -- --> [v2:172.21.15.2:3300/0,v1:172.21.15.2:6789/0] -- mon_getmap magic: 0 v1 -- 0x7f5df81a1d00 con 0x7f5df807ce70
2024-03-11T18:22:09.349 INFO:teuthology.orchestra.run.smithi002.stdout:/usr/bin/ceph: stderr
2024-03-11T18:22:01.781+0000 7f5dfd800700 1 --2- >> [v2:172.21.15.2:3300/0,v1:172.21.15.2:6789/0] conn(0x7f5df807ce70 0x7f5df81a17c0 unknown :-1 s=BANNER_CONNECTING pgs=0 cs=0 l=1 rev1=0 crypto rx=0 tx=0 comp rx=0 tx=0)._handle_peer_banner_payload supported=3 required=0
2024-03-11T18:22:09.349 INFO:teuthology.orchestra.run.smithi002.stdout:/usr/bin/ceph: stderr
2024-03-11T18:22:01.782+0000 7f5dfd800700 1 --2- >> [v2:172.21.15.2:3300/0,v1:172.21.15.2:6789/0] conn(0x7f5df807ce70 0x7f5df81a17c0 unknown :-1 s=HELLO_CONNECTING pgs=0 cs=0 l=1 rev1=1 crypto rx=0 tx=0 comp rx=0 tx=0).handle_hello peer v2:172.21.15.2:3300/0 says I am v2:172.21.15.2:42234/0 (socket says 172.21.15.2:42234)
2024-03-11T18:22:09.349 INFO:teuthology.orchestra.run.smithi002.stdout:/usr/bin/ceph: stderr
2024-03-11T18:22:01.782+0000 7f5dfd800700 1 -- 172.21.15.2:0/1536898117 learned_addr learned my addr 172.21.15.2:0/1536898117 (peer_addr_for_me v2:172.21.15.2:0/0)
2024-03-11T18:22:09.349 INFO:teuthology.orchestra.run.smithi002.stdout:/usr/bin/ceph: stderr
2024-03-11T18:22:01.782+0000 7f5dfd800700 1 -- 172.21.15.2:0/1536898117 --> [v2:172.21.15.2:3300/0,v1:172.21.15.2:6789/0] -- mon_subscribe({config=0+,monmap=0+}) v3 -- 0x7f5dec009550 con 0x7f5df807ce70
2024-03-11T18:22:09.350 INFO:teuthology.orchestra.run.smithi002.stdout:/usr/bin/ceph: stderr
2024-03-11T18:22:01.782+0000 7f5dfd800700 1 --2- 172.21.15.2:0/1536898117 >> [v2:172.21.15.2:3300/0,v1:172.21.15.2:6789/0] conn(0x7f5df807ce70 0x7f5df81a17c0 secure :-1 s=READY pgs=46 cs=0 l=1 rev1=1 crypto rx=0x7f5dec009fb0 tx=0x7f5dec011b40 comp rx=0 tx=0).ready entity=mon.0 client_cookie=0 server_cookie=0 in_seq=0 out_seq=0
2024-03-11T18:22:09.350 INFO:teuthology.orchestra.run.smithi002.stdout:/usr/bin/ceph: stderr
2024-03-11T18:22:01.782+0000 7f5df6000700 1 -- 172.21.15.2:0/1536898117 <== mon.0 v2:172.21.15.2:3300/0 1 ==== mon_map magic: 0 v1 ==== 205+0+0 (secure 0 0 0) 0x7f5dec0038b0 con 0x7f5df807ce70
2024-03-11T18:22:09.350 INFO:teuthology.orchestra.run.smithi002.stdout:/usr/bin/ceph: stderr
2024-03-11T18:22:01.782+0000 7f5df6000700 1 -- 172.21.15.2:0/1536898117 <== mon.0 v2:172.21.15.2:3300/0 2 ==== config(27 keys) v1 ==== 1109+0+0 (secure 0 0 0) 0x7f5dec003a10 con 0x7f5df807ce70
2024-03-11T18:22:09.350 INFO:teuthology.orchestra.run.smithi002.stdout:/usr/bin/ceph: stderr
2024-03-11T18:22:01.783+0000 7f5dfec00700 1 -- 172.21.15.2:0/1536898117 --> [v2:172.21.15.2:3300/0,v1:172.21.15.2:6789/0] -- mon_subscribe({mgrmap=0+}) v3 -- 0x7f5df81a1f00 con 0x7f5df807ce70
2024-03-11T18:22:09.350 INFO:teuthology.orchestra.run.smithi002.stdout:/usr/bin/ceph: stderr
2024-03-11T18:22:01.783+0000 7f5df6000700 1 -- 172.21.15.2:0/1536898117 <== mon.0 v2:172.21.15.2:3300/0 3 ==== mon_map magic: 0 v1 ==== 205+0+0 (secure 0 0 0) 0x7f5dec019550 con 0x7f5df807ce70
2024-03-11T18:22:09.350 INFO:teuthology.orchestra.run.smithi002.stdout:/usr/bin/ceph: stderr
2024-03-11T18:22:01.783+0000 7f5dfec00700 1 -- 172.21.15.2:0/1536898117 --> [v2:172.21.15.2:3300/0,v1:172.21.15.2:6789/0] -- mon_subscribe({osdmap=0}) v3 -- 0x7f5df81a23a0 con 0x7f5df807ce70
2024-03-11T18:22:09.350 INFO:teuthology.orchestra.run.smithi002.stdout:/usr/bin/ceph: stderr
2024-03-11T18:22:01.784+0000 7f5dfec00700 1 -- 172.21.15.2:0/1536898117 --> [v2:172.21.15.2:3300/0,v1:172.21.15.2:6789/0] -- mon_command({"prefix": "get_command_descriptions"} v 0) v1 -- 0x7f5df8109370 con 0x7f5df807ce70
2024-03-11T18:22:09.350 INFO:teuthology.orchestra.run.smithi002.stdout:/usr/bin/ceph: stderr
2024-03-11T18:22:01.784+0000 7f5df6000700 1 -- 172.21.15.2:0/1536898117 <== mon.0 v2:172.21.15.2:3300/0 4 ==== mgrmap(e 8) v1 ==== 45769+0+0 (secure 0 0 0) 0x7f5dec01a430 con 0x7f5df807ce70
2024-03-11T18:22:09.350 INFO:teuthology.orchestra.run.smithi002.stdout:/usr/bin/ceph: stderr
2024-03-11T18:22:01.784+0000 7f5df6000700 1 --2- 172.21.15.2:0/1536898117 >> [v2:172.21.15.2:6800/2981412802,v1:172.21.15.2:6801/2981412802] conn(0x7f5de0038cb0 0x7f5de003b170 unknown :-1 s=NONE pgs=0 cs=0 l=1 rev1=0 crypto rx=0 tx=0 comp rx=0 tx=0).connect
2024-03-11T18:22:09.350 INFO:teuthology.orchestra.run.smithi002.stdout:/usr/bin/ceph: stderr
2024-03-11T18:22:01.784+0000 7f5df6000700 1 -- 172.21.15.2:0/1536898117 <== mon.0 v2:172.21.15.2:3300/0 5 ==== osd_map(2..2 src has 1..2) v4 ==== 940+0+0 (secure 0 0 0) 0x7f5dec04cd90 con 0x7f5df807ce70
2024-03-11T18:22:09.352 INFO:teuthology.orchestra.run.smithi002.stdout:/usr/bin/ceph: stderr
2024-03-11T18:22:01.785+0000 7f5dfce00700 1 --2- 172.21.15.2:0/1536898117 >> [v2:172.21.15.2:6800/2981412802,v1:172.21.15.2:6801/2981412802] conn(0x7f5de0038cb0 0x7f5de003b170 unknown :-1 s=BANNER_CONNECTING pgs=0 cs=0 l=1 rev1=0 crypto rx=0 tx=0 comp rx=0 tx=0)._handle_peer_banner_payload supported=3 required=0
2024-03-11T18:22:09.352 INFO:teuthology.orchestra.run.smithi002.stdout:/usr/bin/ceph: stderr
2024-03-11T18:22:01.785+0000 7f5dfce00700 1 --2- 172.21.15.2:0/1536898117 >> [v2:172.21.15.2:6800/2981412802,v1:172.21.15.2:6801/2981412802] conn(0x7f5de0038cb0 0x7f5de003b170 secure :-1 s=READY pgs=11 cs=0 l=1 rev1=1 crypto rx=0x7f5de4006fd0 tx=0x7f5de4006e40 comp rx=0 tx=0).ready entity=mgr.14120 client_cookie=0 server_cookie=0 in_seq=0 out_seq=0
2024-03-11T18:22:09.352 INFO:teuthology.orchestra.run.smithi002.stdout:/usr/bin/ceph: stderr
2024-03-11T18:22:01.790+0000 7f5df6000700 1 -- 172.21.15.2:0/1536898117 <== mon.0 v2:172.21.15.2:3300/0 6 ==== mon_command_ack([{"prefix": "get_command_descriptions"}]=0 v0) v1 ==== 72+0+183564 (secure 0 0 0) 0x7f5dec003b80 con 0x7f5df807ce70
2024-03-11T18:22:09.352 INFO:teuthology.orchestra.run.smithi002.stdout:/usr/bin/ceph: stderr
2024-03-11T18:22:02.019+0000 7f5dfec00700 1 -- 172.21.15.2:0/1536898117 --> [v2:172.21.15.2:6800/2981412802,v1:172.21.15.2:6801/2981412802] -- mgr_command(tid 0: {"prefix": "orch host add", "hostname": "smithi002", "addr": "172.21.15.2", "target": ["mon-mgr", ""]}) v1 -- 0x7f5df80620b0 con 0x7f5de0038cb0
2024-03-11T18:22:09.352 INFO:teuthology.orchestra.run.smithi002.stdout:/usr/bin/ceph: stderr
2024-03-11T18:22:08.621+0000 7f5df6000700 1 -- 172.21.15.2:0/1536898117 <== mgr.14120 v2:172.21.15.2:6800/2981412802 1 ==== mgr_command_reply(tid 0: 0 ) v1 ==== 8+0+47 (secure 0 0 0) 0x7f5df80620b0 con 0x7f5de0038cb0
2024-03-11T18:22:09.352 INFO:teuthology.orchestra.run.smithi002.stdout:/usr/bin/ceph: stderr
2024-03-11T18:22:08.625+0000 7f5dfec00700 1 -- 172.21.15.2:0/1536898117 >> [v2:172.21.15.2:6800/2981412802,v1:172.21.15.2:6801/2981412802] conn(0x7f5de0038cb0 msgr2=0x7f5de003b170 secure :-1 s=STATE_CONNECTION_ESTABLISHED l=1).mark_down
2024-03-11T18:22:09.353 INFO:teuthology.orchestra.run.smithi002.stdout:/usr/bin/ceph: stderr
2024-03-11T18:22:08.625+0000 7f5dfec00700 1 --2- 172.21.15.2:0/1536898117 >> [v2:172.21.15.2:6800/2981412802,v1:172.21.15.2:6801/2981412802] conn(0x7f5de0038cb0 0x7f5de003b170 secure :-1 s=READY pgs=11 cs=0 l=1 rev1=1 crypto rx=0x7f5de4006fd0 tx=0x7f5de4006e40 comp rx=0 tx=0).stop
2024-03-11T18:22:09.353 INFO:teuthology.orchestra.run.smithi002.stdout:/usr/bin/ceph: stderr
2024-03-11T18:22:08.625+0000 7f5dfec00700 1 -- 172.21.15.2:0/1536898117 >> [v2:172.21.15.2:3300/0,v1:172.21.15.2:6789/0] conn(0x7f5df807ce70 msgr2=0x7f5df81a17c0 secure :-1 s=STATE_CONNECTION_ESTABLISHED l=1).mark_down
2024-03-11T18:22:09.353 INFO:teuthology.orchestra.run.smithi002.stdout:/usr/bin/ceph: stderr
2024-03-11T18:22:08.625+0000 7f5dfec00700 1 --2- 172.21.15.2:0/1536898117 >> [v2:172.21.15.2:3300/0,v1:172.21.15.2:6789/0] conn(0x7f5df807ce70 0x7f5df81a17c0 secure :-1 s=READY pgs=46 cs=0 l=1 rev1=1 crypto rx=0x7f5dec009fb0 tx=0x7f5dec011b40 comp rx=0 tx=0).stop
2024-03-11T18:22:09.353 INFO:teuthology.orchestra.run.smithi002.stdout:/usr/bin/ceph: stderr
2024-03-11T18:22:08.625+0000 7f5dfec00700 1 -- 172.21.15.2:0/1536898117 shutdown_connections
2024-03-11T18:22:09.353 INFO:teuthology.orchestra.run.smithi002.stdout:/usr/bin/ceph: stderr
2024-03-11T18:22:08.625+0000 7f5dfec00700 1 --2- 172.21.15.2:0/1536898117 >> [v2:172.21.15.2:6800/2981412802,v1:172.21.15.2:6801/2981412802] conn(0x7f5de0038cb0 0x7f5de003b170 unknown :-1 s=CLOSED pgs=11 cs=0 l=1 rev1=1 crypto rx=0 tx=0 comp rx=0 tx=0).stop
2024-03-11T18:22:09.353 INFO:teuthology.orchestra.run.smithi002.stdout:/usr/bin/ceph: stderr
2024-03-11T18:22:08.625+0000 7f5dfec00700 1 --2- 172.21.15.2:0/1536898117 >> [v2:172.21.15.2:3300/0,v1:172.21.15.2:6789/0] conn(0x7f5df807ce70 0x7f5df81a17c0 unknown :-1 s=CLOSED pgs=46 cs=0 l=1 rev1=1 crypto rx=0 tx=0 comp rx=0 tx=0).stop
2024-03-11T18:22:09.353 INFO:teuthology.orchestra.run.smithi002.stdout:/usr/bin/ceph: stderr
2024-03-11T18:22:08.625+0000 7f5dfec00700 1 -- 172.21.15.2:0/1536898117 >> 172.21.15.2:0/1536898117 conn(0x7f5df8102930 msgr2=0x7f5df8104d70 unknown :-1 s=STATE_NONE l=0).mark_down
2024-03-11T18:22:09.353 INFO:teuthology.orchestra.run.smithi002.stdout:/usr/bin/ceph: stderr
2024-03-11T18:22:08.625+0000 7f5dfec00700 1 -- 172.21.15.2:0/1536898117 shutdown_connections
2024-03-11T18:22:09.353 INFO:teuthology.orchestra.run.smithi002.stdout:/usr/bin/ceph: stderr
2024-03-11T18:22:08.625+0000 7f5dfec00700 1 -- 172.21.15.2:0/1536898117 wait complete.
2024-03-11T18:22:09.353 INFO:teuthology.orchestra.run.smithi002.stdout:Deploying unmanaged mon service...
2024-03-11T18:22:09.935 INFO:journalctl@ceph.mon.a.smithi002.stdout:Mar 11 18:22:09 smithi002 ceph-mon[31328]: from='mgr.14120 172.21.15.2:0/4197962839' entity='mgr.x'
2024-03-11T18:22:09.935 INFO:journalctl@ceph.mon.a.smithi002.stdout:Mar 11 18:22:09 smithi002 ceph-mon[31328]: Added host smithi002
2024-03-11T18:22:09.935 INFO:journalctl@ceph.mon.a.smithi002.stdout:Mar 11 18:22:09 smithi002 ceph-mon[31328]: from='mgr.14120 172.21.15.2:0/4197962839' entity='mgr.x' cmd=[{"prefix": "config dump", "format": "json"}]: dispatch
2024-03-11T18:22:11.423 INFO:teuthology.orchestra.run.smithi002.stdout:/usr/bin/ceph: stdout Scheduled mon update...
2024-03-11T18:22:11.424 INFO:teuthology.orchestra.run.smithi002.stdout:/usr/bin/ceph: stderr
2024-03-11T18:22:10.108+0000 7f5ebda00700 1 Processor -- start
2024-03-11T18:22:11.424 INFO:teuthology.orchestra.run.smithi002.stdout:/usr/bin/ceph: stderr
2024-03-11T18:22:10.108+0000 7f5ebda00700 1 -- start start
2024-03-11T18:22:11.424 INFO:teuthology.orchestra.run.smithi002.stdout:/usr/bin/ceph: stderr
2024-03-11T18:22:10.108+0000 7f5ebda00700 1 --2- >> [v2:172.21.15.2:3300/0,v1:172.21.15.2:6789/0] conn(0x7f5eb81097a0 0x7f5eb8109bc0 unknown :-1 s=NONE pgs=0 cs=0 l=0 rev1=0 crypto rx=0 tx=0 comp rx=0 tx=0).connect
2024-03-11T18:22:11.424 INFO:teuthology.orchestra.run.smithi002.stdout:/usr/bin/ceph: stderr
2024-03-11T18:22:10.108+0000 7f5ebda00700 1 -- --> [v2:172.21.15.2:3300/0,v1:172.21.15.2:6789/0] -- mon_getmap magic: 0 v1 -- 0x7f5eb810a190 con 0x7f5eb81097a0
2024-03-11T18:22:11.425 INFO:teuthology.orchestra.run.smithi002.stdout:/usr/bin/ceph: stderr
2024-03-11T18:22:10.109+0000 7f5eb6a00700 1 --2- >> [v2:172.21.15.2:3300/0,v1:172.21.15.2:6789/0] conn(0x7f5eb81097a0 0x7f5eb8109bc0 unknown :-1 s=BANNER_CONNECTING pgs=0 cs=0 l=0 rev1=0 crypto rx=0 tx=0 comp rx=0 tx=0)._handle_peer_banner_payload supported=3 required=0
2024-03-11T18:22:11.425 INFO:teuthology.orchestra.run.smithi002.stdout:/usr/bin/ceph: stderr
2024-03-11T18:22:10.109+0000 7f5eb6a00700 1 --2- >> [v2:172.21.15.2:3300/0,v1:172.21.15.2:6789/0] conn(0x7f5eb81097a0 0x7f5eb8109bc0 unknown :-1 s=HELLO_CONNECTING pgs=0 cs=0 l=0 rev1=1 crypto rx=0 tx=0 comp rx=0 tx=0).handle_hello peer v2:172.21.15.2:3300/0 says I am v2:172.21.15.2:55856/0 (socket says 172.21.15.2:55856)
2024-03-11T18:22:11.425 INFO:teuthology.orchestra.run.smithi002.stdout:/usr/bin/ceph: stderr
2024-03-11T18:22:10.109+0000 7f5eb6a00700 1 -- 172.21.15.2:0/3185643042 learned_addr learned my addr 172.21.15.2:0/3185643042 (peer_addr_for_me v2:172.21.15.2:0/0)
2024-03-11T18:22:11.425 INFO:teuthology.orchestra.run.smithi002.stdout:/usr/bin/ceph: stderr
2024-03-11T18:22:10.110+0000 7f5eb6a00700 1 -- 172.21.15.2:0/3185643042 --> [v2:172.21.15.2:3300/0,v1:172.21.15.2:6789/0] -- mon_subscribe({config=0+,monmap=0+}) v3 -- 0x7f5eb810a950 con 0x7f5eb81097a0
2024-03-11T18:22:11.426 INFO:teuthology.orchestra.run.smithi002.stdout:/usr/bin/ceph: stderr
2024-03-11T18:22:10.110+0000 7f5eb6a00700 1 --2- 172.21.15.2:0/3185643042 >> [v2:172.21.15.2:3300/0,v1:172.21.15.2:6789/0] conn(0x7f5eb81097a0 0x7f5eb8109bc0 secure :-1 s=READY pgs=47 cs=0 l=1 rev1=1 crypto rx=0x7f5ea80098a0 tx=0x7f5ea8009bb0 comp rx=0 tx=0).ready entity=mon.0 client_cookie=11b04a3252f02e7 server_cookie=0 in_seq=0 out_seq=0
2024-03-11T18:22:11.426 INFO:teuthology.orchestra.run.smithi002.stdout:/usr/bin/ceph: stderr
2024-03-11T18:22:10.110+0000 7f5eb5600700 1 -- 172.21.15.2:0/3185643042 <== mon.0 v2:172.21.15.2:3300/0 1 ==== mon_map magic: 0 v1 ==== 205+0+0 (secure 0 0 0) 0x7f5ea8004160 con 0x7f5eb81097a0
2024-03-11T18:22:11.426 INFO:teuthology.orchestra.run.smithi002.stdout:/usr/bin/ceph: stderr
2024-03-11T18:22:10.110+0000 7f5eb5600700 1 -- 172.21.15.2:0/3185643042 <== mon.0 v2:172.21.15.2:3300/0 2 ==== config(27 keys) v1 ==== 1109+0+0 (secure 0 0 0) 0x7f5ea80042c0 con 0x7f5eb81097a0
2024-03-11T18:22:11.426 INFO:teuthology.orchestra.run.smithi002.stdout:/usr/bin/ceph: stderr
2024-03-11T18:22:10.110+0000 7f5eb5600700 1 -- 172.21.15.2:0/3185643042 <== mon.0 v2:172.21.15.2:3300/0 3 ==== mon_map magic: 0 v1 ==== 205+0+0 (secure 0 0 0) 0x7f5ea8011ac0 con 0x7f5eb81097a0
2024-03-11T18:22:11.426 INFO:teuthology.orchestra.run.smithi002.stdout:/usr/bin/ceph: stderr
2024-03-11T18:22:10.111+0000 7f5ebda00700 1 -- 172.21.15.2:0/3185643042 >> [v2:172.21.15.2:3300/0,v1:172.21.15.2:6789/0] conn(0x7f5eb81097a0 msgr2=0x7f5eb8109bc0 secure :-1 s=STATE_CONNECTION_ESTABLISHED l=1).mark_down
2024-03-11T18:22:11.431 INFO:teuthology.orchestra.run.smithi002.stdout:/usr/bin/ceph: stderr
2024-03-11T18:22:10.111+0000 7f5ebda00700 1 --2- 172.21.15.2:0/3185643042 >> [v2:172.21.15.2:3300/0,v1:172.21.15.2:6789/0] conn(0x7f5eb81097a0 0x7f5eb8109bc0 secure :-1 s=READY pgs=47 cs=0 l=1 rev1=1 crypto rx=0x7f5ea80098a0 tx=0x7f5ea8009bb0 comp rx=0 tx=0).stop
2024-03-11T18:22:11.431 INFO:teuthology.orchestra.run.smithi002.stdout:/usr/bin/ceph: stderr
2024-03-11T18:22:10.111+0000 7f5ebda00700 1 -- 172.21.15.2:0/3185643042 shutdown_connections
2024-03-11T18:22:11.431 INFO:teuthology.orchestra.run.smithi002.stdout:/usr/bin/ceph: stderr
2024-03-11T18:22:10.111+0000 7f5ebda00700 1 --2- 172.21.15.2:0/3185643042 >> [v2:172.21.15.2:3300/0,v1:172.21.15.2:6789/0] conn(0x7f5eb81097a0 0x7f5eb8109bc0 unknown :-1 s=CLOSED pgs=47 cs=0 l=1 rev1=1 crypto rx=0 tx=0 comp rx=0 tx=0).stop
2024-03-11T18:22:11.431 INFO:teuthology.orchestra.run.smithi002.stdout:/usr/bin/ceph: stderr
2024-03-11T18:22:10.111+0000 7f5ebda00700 1 -- 172.21.15.2:0/3185643042 >> 172.21.15.2:0/3185643042 conn(0x7f5eb807cd50 msgr2=0x7f5eb81074b0 unknown :-1 s=STATE_NONE l=0).mark_down
2024-03-11T18:22:11.431 INFO:teuthology.orchestra.run.smithi002.stdout:/usr/bin/ceph: stderr
2024-03-11T18:22:10.111+0000 7f5ebda00700 1 -- 172.21.15.2:0/3185643042 shutdown_connections
2024-03-11T18:22:11.431 INFO:teuthology.orchestra.run.smithi002.stdout:/usr/bin/ceph: stderr
2024-03-11T18:22:10.112+0000 7f5ebda00700 1 -- 172.21.15.2:0/3185643042 wait complete.
2024-03-11T18:22:11.431 INFO:teuthology.orchestra.run.smithi002.stdout:/usr/bin/ceph: stderr
2024-03-11T18:22:10.113+0000 7f5ebda00700 1 Processor -- start
2024-03-11T18:22:11.431 INFO:teuthology.orchestra.run.smithi002.stdout:/usr/bin/ceph: stderr
2024-03-11T18:22:10.113+0000 7f5ebda00700 1 -- start start
2024-03-11T18:22:11.431 INFO:teuthology.orchestra.run.smithi002.stdout:/usr/bin/ceph: stderr
2024-03-11T18:22:10.113+0000 7f5ebda00700 1 --2- >> [v2:172.21.15.2:3300/0,v1:172.21.15.2:6789/0] conn(0x7f5eb81097a0 0x7f5eb819d530 unknown :-1 s=NONE pgs=0 cs=0 l=1 rev1=0 crypto rx=0 tx=0 comp rx=0 tx=0).connect
2024-03-11T18:22:11.431 INFO:teuthology.orchestra.run.smithi002.stdout:/usr/bin/ceph: stderr
2024-03-11T18:22:10.113+0000 7f5ebda00700 1 -- --> [v2:172.21.15.2:3300/0,v1:172.21.15.2:6789/0] -- mon_getmap magic: 0 v1 -- 0x7f5eb819da70 con 0x7f5eb81097a0
2024-03-11T18:22:11.431 INFO:teuthology.orchestra.run.smithi002.stdout:/usr/bin/ceph: stderr
