2024-03-11T19:00:18.663+0000 7ff3ed3d6700 1 --2- >> [v2:172.21.15.29:3300/0,v1:172.21.15.29:6789/0] conn(0x7ff3e8105d70 0x7ff3e8106190 unknown :-1 s=NONE pgs=0 cs=0 l=0 rev1=0 crypto rx=0 tx=0 comp rx=0 tx=0).connect
2024-03-11T19:00:19.433 INFO:teuthology.orchestra.run.smithi029.stdout:/usr/bin/ceph: stderr
2024-03-11T19:00:18.663+0000 7ff3ed3d6700 1 -- --> [v2:172.21.15.29:3300/0,v1:172.21.15.29:6789/0] -- mon_getmap magic: 0 v1 -- 0x7ff3e807adf0 con 0x7ff3e8105d70
2024-03-11T19:00:19.433 INFO:teuthology.orchestra.run.smithi029.stdout:/usr/bin/ceph: stderr
2024-03-11T19:00:18.663+0000 7ff3e6ffd700 1 --2- >> [v2:172.21.15.29:3300/0,v1:172.21.15.29:6789/0] conn(0x7ff3e8105d70 0x7ff3e8106190 unknown :-1 s=BANNER_CONNECTING pgs=0 cs=0 l=0 rev1=0 crypto rx=0 tx=0 comp rx=0 tx=0)._handle_peer_banner_payload supported=3 required=0
2024-03-11T19:00:19.433 INFO:teuthology.orchestra.run.smithi029.stdout:/usr/bin/ceph: stderr
2024-03-11T19:00:18.663+0000 7ff3e6ffd700 1 --2- >> [v2:172.21.15.29:3300/0,v1:172.21.15.29:6789/0] conn(0x7ff3e8105d70 0x7ff3e8106190 unknown :-1 s=HELLO_CONNECTING pgs=0 cs=0 l=0 rev1=1 crypto rx=0 tx=0 comp rx=0 tx=0).handle_hello peer v2:172.21.15.29:3300/0 says I am v2:172.21.15.29:36928/0 (socket says 172.21.15.29:36928)
2024-03-11T19:00:19.433 INFO:teuthology.orchestra.run.smithi029.stdout:/usr/bin/ceph: stderr
2024-03-11T19:00:18.663+0000 7ff3e6ffd700 1 -- 172.21.15.29:0/1357412450 learned_addr learned my addr 172.21.15.29:0/1357412450 (peer_addr_for_me v2:172.21.15.29:0/0)
2024-03-11T19:00:19.433 INFO:teuthology.orchestra.run.smithi029.stdout:/usr/bin/ceph: stderr
2024-03-11T19:00:18.664+0000 7ff3e6ffd700 1 -- 172.21.15.29:0/1357412450 --> [v2:172.21.15.29:3300/0,v1:172.21.15.29:6789/0] -- mon_subscribe({config=0+,monmap=0+}) v3 -- 0x7ff3e807af30 con 0x7ff3e8105d70
2024-03-11T19:00:19.433 INFO:teuthology.orchestra.run.smithi029.stdout:/usr/bin/ceph: stderr
2024-03-11T19:00:18.664+0000 7ff3e6ffd700 1 --2- 172.21.15.29:0/1357412450 >> [v2:172.21.15.29:3300/0,v1:172.21.15.29:6789/0] conn(0x7ff3e8105d70 0x7ff3e8106190 secure :-1 s=READY pgs=37 cs=0 l=1 rev1=1 crypto rx=0x7ff3e0009e80 tx=0x7ff3e000b330 comp rx=0 tx=0).ready entity=mon.0 client_cookie=c1b425bead66bbbf server_cookie=0 in_seq=0 out_seq=0
2024-03-11T19:00:19.433 INFO:teuthology.orchestra.run.smithi029.stdout:/usr/bin/ceph: stderr
2024-03-11T19:00:18.664+0000 7ff3e5ffb700 1 -- 172.21.15.29:0/1357412450 <== mon.0 v2:172.21.15.29:3300/0 1 ==== mon_map magic: 0 v1 ==== 205+0+0 (secure 0 0 0) 0x7ff3e000e070 con 0x7ff3e8105d70
2024-03-11T19:00:19.433 INFO:teuthology.orchestra.run.smithi029.stdout:/usr/bin/ceph: stderr
2024-03-11T19:00:18.664+0000 7ff3e5ffb700 1 -- 172.21.15.29:0/1357412450 <== mon.0 v2:172.21.15.29:3300/0 2 ==== config(26 keys) v1 ==== 1071+0+0 (secure 0 0 0) 0x7ff3e000b8c0 con 0x7ff3e8105d70
2024-03-11T19:00:19.434 INFO:teuthology.orchestra.run.smithi029.stdout:/usr/bin/ceph: stderr
2024-03-11T19:00:18.664+0000 7ff3e5ffb700 1 -- 172.21.15.29:0/1357412450 <== mon.0 v2:172.21.15.29:3300/0 3 ==== mon_map magic: 0 v1 ==== 205+0+0 (secure 0 0 0) 0x7ff3e00044b0 con 0x7ff3e8105d70
2024-03-11T19:00:19.434 INFO:teuthology.orchestra.run.smithi029.stdout:/usr/bin/ceph: stderr
2024-03-11T19:00:18.665+0000 7ff3ed3d6700 1 -- 172.21.15.29:0/1357412450 >> [v2:172.21.15.29:3300/0,v1:172.21.15.29:6789/0] conn(0x7ff3e8105d70 msgr2=0x7ff3e8106190 secure :-1 s=STATE_CONNECTION_ESTABLISHED l=1).mark_down
2024-03-11T19:00:19.434 INFO:teuthology.orchestra.run.smithi029.stdout:/usr/bin/ceph: stderr
2024-03-11T19:00:18.665+0000 7ff3ed3d6700 1 --2- 172.21.15.29:0/1357412450 >> [v2:172.21.15.29:3300/0,v1:172.21.15.29:6789/0] conn(0x7ff3e8105d70 0x7ff3e8106190 secure :-1 s=READY pgs=37 cs=0 l=1 rev1=1 crypto rx=0x7ff3e0009e80 tx=0x7ff3e000b330 comp rx=0 tx=0).stop
2024-03-11T19:00:19.434 INFO:teuthology.orchestra.run.smithi029.stdout:/usr/bin/ceph: stderr
2024-03-11T19:00:18.665+0000 7ff3ed3d6700 1 -- 172.21.15.29:0/1357412450 shutdown_connections
2024-03-11T19:00:19.434 INFO:teuthology.orchestra.run.smithi029.stdout:/usr/bin/ceph: stderr
2024-03-11T19:00:18.665+0000 7ff3ed3d6700 1 --2- 172.21.15.29:0/1357412450 >> [v2:172.21.15.29:3300/0,v1:172.21.15.29:6789/0] conn(0x7ff3e8105d70 0x7ff3e8106190 unknown :-1 s=CLOSED pgs=37 cs=0 l=1 rev1=1 crypto rx=0 tx=0 comp rx=0 tx=0).stop
2024-03-11T19:00:19.434 INFO:teuthology.orchestra.run.smithi029.stdout:/usr/bin/ceph: stderr
2024-03-11T19:00:18.665+0000 7ff3ed3d6700 1 -- 172.21.15.29:0/1357412450 >> 172.21.15.29:0/1357412450 conn(0x7ff3e8101930 msgr2=0x7ff3e8103d50 unknown :-1 s=STATE_NONE l=0).mark_down
2024-03-11T19:00:19.434 INFO:teuthology.orchestra.run.smithi029.stdout:/usr/bin/ceph: stderr
2024-03-11T19:00:18.665+0000 7ff3ed3d6700 1 -- 172.21.15.29:0/1357412450 shutdown_connections
2024-03-11T19:00:19.434 INFO:teuthology.orchestra.run.smithi029.stdout:/usr/bin/ceph: stderr
2024-03-11T19:00:18.665+0000 7ff3ed3d6700 1 -- 172.21.15.29:0/1357412450 wait complete.
2024-03-11T19:00:19.434 INFO:teuthology.orchestra.run.smithi029.stdout:/usr/bin/ceph: stderr
2024-03-11T19:00:18.665+0000 7ff3ed3d6700 1 Processor -- start
2024-03-11T19:00:19.434 INFO:teuthology.orchestra.run.smithi029.stdout:/usr/bin/ceph: stderr
2024-03-11T19:00:18.666+0000 7ff3ed3d6700 1 -- start start
2024-03-11T19:00:19.434 INFO:teuthology.orchestra.run.smithi029.stdout:/usr/bin/ceph: stderr
2024-03-11T19:00:18.666+0000 7ff3ed3d6700 1 --2- >> [v2:172.21.15.29:3300/0,v1:172.21.15.29:6789/0] conn(0x7ff3e8105d70 0x7ff3e819d2b0 unknown :-1 s=NONE pgs=0 cs=0 l=1 rev1=0 crypto rx=0 tx=0 comp rx=0 tx=0).connect
2024-03-11T19:00:19.434 INFO:teuthology.orchestra.run.smithi029.stdout:/usr/bin/ceph: stderr
2024-03-11T19:00:18.666+0000 7ff3ed3d6700 1 -- --> [v2:172.21.15.29:3300/0,v1:172.21.15.29:6789/0] -- mon_getmap magic: 0 v1 -- 0x7ff3e819d7f0 con 0x7ff3e8105d70
2024-03-11T19:00:19.434 INFO:teuthology.orchestra.run.smithi029.stdout:/usr/bin/ceph: stderr
2024-03-11T19:00:18.666+0000 7ff3e6ffd700 1 --2- >> [v2:172.21.15.29:3300/0,v1:172.21.15.29:6789/0] conn(0x7ff3e8105d70 0x7ff3e819d2b0 unknown :-1 s=BANNER_CONNECTING pgs=0 cs=0 l=1 rev1=0 crypto rx=0 tx=0 comp rx=0 tx=0)._handle_peer_banner_payload supported=3 required=0
2024-03-11T19:00:19.434 INFO:teuthology.orchestra.run.smithi029.stdout:/usr/bin/ceph: stderr
2024-03-11T19:00:18.666+0000 7ff3e6ffd700 1 --2- >> [v2:172.21.15.29:3300/0,v1:172.21.15.29:6789/0] conn(0x7ff3e8105d70 0x7ff3e819d2b0 unknown :-1 s=HELLO_CONNECTING pgs=0 cs=0 l=1 rev1=1 crypto rx=0 tx=0 comp rx=0 tx=0).handle_hello peer v2:172.21.15.29:3300/0 says I am v2:172.21.15.29:36934/0 (socket says 172.21.15.29:36934)
2024-03-11T19:00:19.434 INFO:teuthology.orchestra.run.smithi029.stdout:/usr/bin/ceph: stderr
2024-03-11T19:00:18.666+0000 7ff3e6ffd700 1 -- 172.21.15.29:0/166958718 learned_addr learned my addr 172.21.15.29:0/166958718 (peer_addr_for_me v2:172.21.15.29:0/0)
2024-03-11T19:00:19.435 INFO:teuthology.orchestra.run.smithi029.stdout:/usr/bin/ceph: stderr
2024-03-11T19:00:18.666+0000 7ff3e6ffd700 1 -- 172.21.15.29:0/166958718 --> [v2:172.21.15.29:3300/0,v1:172.21.15.29:6789/0] -- mon_subscribe({config=0+,monmap=0+}) v3 -- 0x7ff3e0009b30 con 0x7ff3e8105d70
2024-03-11T19:00:19.435 INFO:teuthology.orchestra.run.smithi029.stdout:/usr/bin/ceph: stderr
2024-03-11T19:00:18.666+0000 7ff3e6ffd700 1 --2- 172.21.15.29:0/166958718 >> [v2:172.21.15.29:3300/0,v1:172.21.15.29:6789/0] conn(0x7ff3e8105d70 0x7ff3e819d2b0 secure :-1 s=READY pgs=38 cs=0 l=1 rev1=1 crypto rx=0x7ff3e0004070 tx=0x7ff3e00093c0 comp rx=0 tx=0).ready entity=mon.0 client_cookie=0 server_cookie=0 in_seq=0 out_seq=0
2024-03-11T19:00:19.435 INFO:teuthology.orchestra.run.smithi029.stdout:/usr/bin/ceph: stderr
2024-03-11T19:00:18.666+0000 7ff3dffff700 1 -- 172.21.15.29:0/166958718 <== mon.0 v2:172.21.15.29:3300/0 1 ==== mon_map magic: 0 v1 ==== 205+0+0 (secure 0 0 0) 0x7ff3e000e040 con 0x7ff3e8105d70
2024-03-11T19:00:19.435 INFO:teuthology.orchestra.run.smithi029.stdout:/usr/bin/ceph: stderr
2024-03-11T19:00:18.666+0000 7ff3ed3d6700 1 -- 172.21.15.29:0/166958718 --> [v2:172.21.15.29:3300/0,v1:172.21.15.29:6789/0] -- mon_subscribe({mgrmap=0+}) v3 -- 0x7ff3e819d9f0 con 0x7ff3e8105d70
2024-03-11T19:00:19.435 INFO:teuthology.orchestra.run.smithi029.stdout:/usr/bin/ceph: stderr
2024-03-11T19:00:18.666+0000 7ff3dffff700 1 -- 172.21.15.29:0/166958718 <== mon.0 v2:172.21.15.29:3300/0 2 ==== config(26 keys) v1 ==== 1071+0+0 (secure 0 0 0) 0x7ff3e000bd70 con 0x7ff3e8105d70
2024-03-11T19:00:19.435 INFO:teuthology.orchestra.run.smithi029.stdout:/usr/bin/ceph: stderr
2024-03-11T19:00:18.666+0000 7ff3dffff700 1 -- 172.21.15.29:0/166958718 <== mon.0 v2:172.21.15.29:3300/0 3 ==== mon_map magic: 0 v1 ==== 205+0+0 (secure 0 0 0) 0x7ff3e001c7a0 con 0x7ff3e8105d70
2024-03-11T19:00:19.435 INFO:teuthology.orchestra.run.smithi029.stdout:/usr/bin/ceph: stderr
2024-03-11T19:00:18.666+0000 7ff3ed3d6700 1 -- 172.21.15.29:0/166958718 --> [v2:172.21.15.29:3300/0,v1:172.21.15.29:6789/0] -- mon_subscribe({osdmap=0}) v3 -- 0x7ff3e819def0 con 0x7ff3e8105d70
2024-03-11T19:00:19.435 INFO:teuthology.orchestra.run.smithi029.stdout:/usr/bin/ceph: stderr
2024-03-11T19:00:18.667+0000 7ff3dffff700 1 -- 172.21.15.29:0/166958718 <== mon.0 v2:172.21.15.29:3300/0 4 ==== mgrmap(e 8) v1 ==== 45769+0+0 (secure 0 0 0) 0x7ff3e001c9e0 con 0x7ff3e8105d70
2024-03-11T19:00:19.435 INFO:teuthology.orchestra.run.smithi029.stdout:/usr/bin/ceph: stderr
2024-03-11T19:00:18.668+0000 7ff3ed3d6700 1 -- 172.21.15.29:0/166958718 --> [v2:172.21.15.29:3300/0,v1:172.21.15.29:6789/0] -- mon_command({"prefix": "get_command_descriptions"} v 0) v1 -- 0x7ff3e8196d80 con 0x7ff3e8105d70
2024-03-11T19:00:19.435 INFO:teuthology.orchestra.run.smithi029.stdout:/usr/bin/ceph: stderr
2024-03-11T19:00:18.668+0000 7ff3dffff700 1 --2- 172.21.15.29:0/166958718 >> [v2:172.21.15.29:6800/3585665950,v1:172.21.15.29:6801/3585665950] conn(0x7ff3d4038c60 0x7ff3d403b120 unknown :-1 s=NONE pgs=0 cs=0 l=1 rev1=0 crypto rx=0 tx=0 comp rx=0 tx=0).connect
2024-03-11T19:00:19.435 INFO:teuthology.orchestra.run.smithi029.stdout:/usr/bin/ceph: stderr
2024-03-11T19:00:18.668+0000 7ff3dffff700 1 -- 172.21.15.29:0/166958718 <== mon.0 v2:172.21.15.29:3300/0 5 ==== osd_map(2..2 src has 1..2) v4 ==== 940+0+0 (secure 0 0 0) 0x7ff3e004cea0 con 0x7ff3e8105d70
2024-03-11T19:00:19.435 INFO:teuthology.orchestra.run.smithi029.stdout:/usr/bin/ceph: stderr
2024-03-11T19:00:18.668+0000 7ff3e67fc700 1 --2- 172.21.15.29:0/166958718 >> [v2:172.21.15.29:6800/3585665950,v1:172.21.15.29:6801/3585665950] conn(0x7ff3d4038c60 0x7ff3d403b120 unknown :-1 s=BANNER_CONNECTING pgs=0 cs=0 l=1 rev1=0 crypto rx=0 tx=0 comp rx=0 tx=0)._handle_peer_banner_payload supported=3 required=0
2024-03-11T19:00:19.435 INFO:teuthology.orchestra.run.smithi029.stdout:/usr/bin/ceph: stderr
2024-03-11T19:00:18.668+0000 7ff3e67fc700 1 --2- 172.21.15.29:0/166958718 >> [v2:172.21.15.29:6800/3585665950,v1:172.21.15.29:6801/3585665950] conn(0x7ff3d4038c60 0x7ff3d403b120 secure :-1 s=READY pgs=8 cs=0 l=1 rev1=1 crypto rx=0x7ff3d0006fd0 tx=0x7ff3d0006e40 comp rx=0 tx=0).ready entity=mgr.14118 client_cookie=0 server_cookie=0 in_seq=0 out_seq=0
2024-03-11T19:00:19.436 INFO:teuthology.orchestra.run.smithi029.stdout:/usr/bin/ceph: stderr
2024-03-11T19:00:18.673+0000 7ff3dffff700 1 -- 172.21.15.29:0/166958718 <== mon.0 v2:172.21.15.29:3300/0 6 ==== mon_command_ack([{"prefix": "get_command_descriptions"}]=0 v0) v1 ==== 72+0+183564 (secure 0 0 0) 0x7ff3e0023a10 con 0x7ff3e8105d70
2024-03-11T19:00:19.436 INFO:teuthology.orchestra.run.smithi029.stdout:/usr/bin/ceph: stderr
2024-03-11T19:00:18.877+0000 7ff3ed3d6700 1 -- 172.21.15.29:0/166958718 --> [v2:172.21.15.29:6800/3585665950,v1:172.21.15.29:6801/3585665950] -- mgr_command(tid 0: {"prefix": "cephadm set-user", "user": "root", "target": ["mon-mgr", ""]}) v1 -- 0x7ff3e802da40 con 0x7ff3d4038c60
2024-03-11T19:00:19.436 INFO:teuthology.orchestra.run.smithi029.stdout:/usr/bin/ceph: stderr
2024-03-11T19:00:18.878+0000 7ff3dffff700 1 -- 172.21.15.29:0/166958718 <== mgr.14118 v2:172.21.15.29:6800/3585665950 1 ==== mgr_command_reply(tid 0: 0 ) v1 ==== 8+0+16 (secure 0 0 0) 0x7ff3e802da40 con 0x7ff3d4038c60
2024-03-11T19:00:19.436 INFO:teuthology.orchestra.run.smithi029.stdout:/usr/bin/ceph: stderr
2024-03-11T19:00:18.881+0000 7ff3ed3d6700 1 -- 172.21.15.29:0/166958718 >> [v2:172.21.15.29:6800/3585665950,v1:172.21.15.29:6801/3585665950] conn(0x7ff3d4038c60 msgr2=0x7ff3d403b120 secure :-1 s=STATE_CONNECTION_ESTABLISHED l=1).mark_down
2024-03-11T19:00:19.436 INFO:teuthology.orchestra.run.smithi029.stdout:/usr/bin/ceph: stderr
2024-03-11T19:00:18.881+0000 7ff3ed3d6700 1 --2- 172.21.15.29:0/166958718 >> [v2:172.21.15.29:6800/3585665950,v1:172.21.15.29:6801/3585665950] conn(0x7ff3d4038c60 0x7ff3d403b120 secure :-1 s=READY pgs=8 cs=0 l=1 rev1=1 crypto rx=0x7ff3d0006fd0 tx=0x7ff3d0006e40 comp rx=0 tx=0).stop
2024-03-11T19:00:19.436 INFO:teuthology.orchestra.run.smithi029.stdout:/usr/bin/ceph: stderr
2024-03-11T19:00:18.881+0000 7ff3ed3d6700 1 -- 172.21.15.29:0/166958718 >> [v2:172.21.15.29:3300/0,v1:172.21.15.29:6789/0] conn(0x7ff3e8105d70 msgr2=0x7ff3e819d2b0 secure :-1 s=STATE_CONNECTION_ESTABLISHED l=1).mark_down
2024-03-11T19:00:19.436 INFO:teuthology.orchestra.run.smithi029.stdout:/usr/bin/ceph: stderr
2024-03-11T19:00:18.881+0000 7ff3ed3d6700 1 --2- 172.21.15.29:0/166958718 >> [v2:172.21.15.29:3300/0,v1:172.21.15.29:6789/0] conn(0x7ff3e8105d70 0x7ff3e819d2b0 secure :-1 s=READY pgs=38 cs=0 l=1 rev1=1 crypto rx=0x7ff3e0004070 tx=0x7ff3e00093c0 comp rx=0 tx=0).stop
2024-03-11T19:00:19.436 INFO:teuthology.orchestra.run.smithi029.stdout:/usr/bin/ceph: stderr
2024-03-11T19:00:18.881+0000 7ff3ed3d6700 1 -- 172.21.15.29:0/166958718 shutdown_connections
2024-03-11T19:00:19.436 INFO:teuthology.orchestra.run.smithi029.stdout:/usr/bin/ceph: stderr
2024-03-11T19:00:18.881+0000 7ff3ed3d6700 1 --2- 172.21.15.29:0/166958718 >> [v2:172.21.15.29:6800/3585665950,v1:172.21.15.29:6801/3585665950] conn(0x7ff3d4038c60 0x7ff3d403b120 unknown :-1 s=CLOSED pgs=8 cs=0 l=1 rev1=1 crypto rx=0 tx=0 comp rx=0 tx=0).stop
2024-03-11T19:00:19.436 INFO:teuthology.orchestra.run.smithi029.stdout:/usr/bin/ceph: stderr
2024-03-11T19:00:18.881+0000 7ff3ed3d6700 1 --2- 172.21.15.29:0/166958718 >> [v2:172.21.15.29:3300/0,v1:172.21.15.29:6789/0] conn(0x7ff3e8105d70 0x7ff3e819d2b0 unknown :-1 s=CLOSED pgs=38 cs=0 l=1 rev1=1 crypto rx=0 tx=0 comp rx=0 tx=0).stop
2024-03-11T19:00:19.436 INFO:teuthology.orchestra.run.smithi029.stdout:/usr/bin/ceph: stderr
2024-03-11T19:00:18.881+0000 7ff3ed3d6700 1 -- 172.21.15.29:0/166958718 >> 172.21.15.29:0/166958718 conn(0x7ff3e8101930 msgr2=0x7ff3e8191800 unknown :-1 s=STATE_NONE l=0).mark_down
2024-03-11T19:00:19.436 INFO:teuthology.orchestra.run.smithi029.stdout:/usr/bin/ceph: stderr
2024-03-11T19:00:18.881+0000 7ff3ed3d6700 1 -- 172.21.15.29:0/166958718 shutdown_connections
2024-03-11T19:00:19.436 INFO:teuthology.orchestra.run.smithi029.stdout:/usr/bin/ceph: stderr
2024-03-11T19:00:18.881+0000 7ff3ed3d6700 1 -- 172.21.15.29:0/166958718 wait complete.
2024-03-11T19:00:19.436 INFO:teuthology.orchestra.run.smithi029.stdout:Generating ssh key...
2024-03-11T19:00:19.822 INFO:journalctl@ceph.mon.a.smithi029.stdout:Mar 11 19:00:19 smithi029 ceph-mon[32439]: from='client.14130 -' entity='client.admin' cmd=[{"prefix": "orch set backend", "module_name": "cephadm", "target": ["mon-mgr", ""]}]: dispatch
2024-03-11T19:00:20.905 INFO:journalctl@ceph.mon.a.smithi029.stdout:Mar 11 19:00:20 smithi029 ceph-mon[32439]: from='client.14132 -' entity='client.admin' cmd=[{"prefix": "cephadm set-user", "user": "root", "target": ["mon-mgr", ""]}]: dispatch
2024-03-11T19:00:20.905 INFO:journalctl@ceph.mgr.x.smithi029.stdout:Mar 11 19:00:20 smithi029 ceph-638915c2-dfd9-11ee-95c8-87774f69a715-mgr-x[32667]: Generating public/private rsa key pair.
2024-03-11T19:00:20.906 INFO:journalctl@ceph.mgr.x.smithi029.stdout:Mar 11 19:00:20 smithi029 ceph-638915c2-dfd9-11ee-95c8-87774f69a715-mgr-x[32667]: Your identification has been saved in /tmp/tmpte5bdoxx/key.
2024-03-11T19:00:20.906 INFO:journalctl@ceph.mgr.x.smithi029.stdout:Mar 11 19:00:20 smithi029 ceph-638915c2-dfd9-11ee-95c8-87774f69a715-mgr-x[32667]: Your public key has been saved in /tmp/tmpte5bdoxx/key.pub.
2024-03-11T19:00:20.906 INFO:journalctl@ceph.mgr.x.smithi029.stdout:Mar 11 19:00:20 smithi029 ceph-638915c2-dfd9-11ee-95c8-87774f69a715-mgr-x[32667]: The key fingerprint is:
2024-03-11T19:00:20.906 INFO:journalctl@ceph.mgr.x.smithi029.stdout:Mar 11 19:00:20 smithi029 ceph-638915c2-dfd9-11ee-95c8-87774f69a715-mgr-x[32667]: SHA256:hY67LxC7oQt/dUK4urmGdjLzy7M+jUot7zBvBgRyhwY ceph-638915c2-dfd9-11ee-95c8-87774f69a715
2024-03-11T19:00:20.906 INFO:journalctl@ceph.mgr.x.smithi029.stdout:Mar 11 19:00:20 smithi029 ceph-638915c2-dfd9-11ee-95c8-87774f69a715-mgr-x[32667]: The key's randomart image is:
2024-03-11T19:00:20.906 INFO:journalctl@ceph.mgr.x.smithi029.stdout:Mar 11 19:00:20 smithi029 ceph-638915c2-dfd9-11ee-95c8-87774f69a715-mgr-x[32667]: +---[RSA 3072]----+
2024-03-11T19:00:20.906 INFO:journalctl@ceph.mgr.x.smithi029.stdout:Mar 11 19:00:20 smithi029 ceph-638915c2-dfd9-11ee-95c8-87774f69a715-mgr-x[32667]: |E. . |
2024-03-11T19:00:20.906 INFO:journalctl@ceph.mgr.x.smithi029.stdout:Mar 11 19:00:20 smithi029 ceph-638915c2-dfd9-11ee-95c8-87774f69a715-mgr-x[32667]: |o + . . |
2024-03-11T19:00:20.906 INFO:journalctl@ceph.mgr.x.smithi029.stdout:Mar 11 19:00:20 smithi029 ceph-638915c2-dfd9-11ee-95c8-87774f69a715-mgr-x[32667]: |oo . . . . |
2024-03-11T19:00:20.906 INFO:journalctl@ceph.mgr.x.smithi029.stdout:Mar 11 19:00:20 smithi029 ceph-638915c2-dfd9-11ee-95c8-87774f69a715-mgr-x[32667]: | . o .o . |
2024-03-11T19:00:20.906 INFO:journalctl@ceph.mgr.x.smithi029.stdout:Mar 11 19:00:20 smithi029 ceph-638915c2-dfd9-11ee-95c8-87774f69a715-mgr-x[32667]: |. =. S |
2024-03-11T19:00:20.906 INFO:journalctl@ceph.mgr.x.smithi029.stdout:Mar 11 19:00:20 smithi029 ceph-638915c2-dfd9-11ee-95c8-87774f69a715-mgr-x[32667]: | .. = o.. |
2024-03-11T19:00:20.906 INFO:journalctl@ceph.mgr.x.smithi029.stdout:Mar 11 19:00:20 smithi029 ceph-638915c2-dfd9-11ee-95c8-87774f69a715-mgr-x[32667]: |.*.+o=.o |
2024-03-11T19:00:20.906 INFO:journalctl@ceph.mgr.x.smithi029.stdout:Mar 11 19:00:20 smithi029 ceph-638915c2-dfd9-11ee-95c8-87774f69a715-mgr-x[32667]: |oB@Oo... |
2024-03-11T19:00:20.907 INFO:journalctl@ceph.mgr.x.smithi029.stdout:Mar 11 19:00:20 smithi029 ceph-638915c2-dfd9-11ee-95c8-87774f69a715-mgr-x[32667]: |.o^#= .o. |
2024-03-11T19:00:20.907 INFO:journalctl@ceph.mgr.x.smithi029.stdout:Mar 11 19:00:20 smithi029 ceph-638915c2-dfd9-11ee-95c8-87774f69a715-mgr-x[32667]: +----[SHA256]-----+
2024-03-11T19:00:21.296 INFO:teuthology.orchestra.run.smithi029.stdout:/usr/bin/ceph: stderr
2024-03-11T19:00:19.849+0000 7fae69052700 1 Processor -- start
2024-03-11T19:00:21.296 INFO:teuthology.orchestra.run.smithi029.stdout:/usr/bin/ceph: stderr
2024-03-11T19:00:19.849+0000 7fae69052700 1 -- start start
2024-03-11T19:00:21.296 INFO:teuthology.orchestra.run.smithi029.stdout:/usr/bin/ceph: stderr
2024-03-11T19:00:19.849+0000 7fae69052700 1 --2- >> [v2:172.21.15.29:3300/0,v1:172.21.15.29:6789/0] conn(0x7fae64107eb0 0x7fae6410a2a0 unknown :-1 s=NONE pgs=0 cs=0 l=0 rev1=0 crypto rx=0 tx=0 comp rx=0 tx=0).connect
2024-03-11T19:00:21.296 INFO:teuthology.orchestra.run.smithi029.stdout:/usr/bin/ceph: stderr
2024-03-11T19:00:19.849+0000 7fae69052700 1 -- --> [v2:172.21.15.29:3300/0,v1:172.21.15.29:6789/0] -- mon_getmap magic: 0 v1 -- 0x7fae6407ae90 con 0x7fae64107eb0
2024-03-11T19:00:21.296 INFO:teuthology.orchestra.run.smithi029.stdout:/usr/bin/ceph: stderr
2024-03-11T19:00:19.849+0000 7fae62d9d700 1 --2- >> [v2:172.21.15.29:3300/0,v1:172.21.15.29:6789/0] conn(0x7fae64107eb0 0x7fae6410a2a0 unknown :-1 s=BANNER_CONNECTING pgs=0 cs=0 l=0 rev1=0 crypto rx=0 tx=0 comp rx=0 tx=0)._handle_peer_banner_payload supported=3 required=0
2024-03-11T19:00:21.296 INFO:teuthology.orchestra.run.smithi029.stdout:/usr/bin/ceph: stderr
2024-03-11T19:00:19.849+0000 7fae62d9d700 1 --2- >> [v2:172.21.15.29:3300/0,v1:172.21.15.29:6789/0] conn(0x7fae64107eb0 0x7fae6410a2a0 unknown :-1 s=HELLO_CONNECTING pgs=0 cs=0 l=0 rev1=1 crypto rx=0 tx=0 comp rx=0 tx=0).handle_hello peer v2:172.21.15.29:3300/0 says I am v2:172.21.15.29:36946/0 (socket says 172.21.15.29:36946)
2024-03-11T19:00:21.296 INFO:teuthology.orchestra.run.smithi029.stdout:/usr/bin/ceph: stderr
2024-03-11T19:00:19.849+0000 7fae62d9d700 1 -- 172.21.15.29:0/2370489498 learned_addr learned my addr 172.21.15.29:0/2370489498 (peer_addr_for_me v2:172.21.15.29:0/0)
2024-03-11T19:00:21.296 INFO:teuthology.orchestra.run.smithi029.stdout:/usr/bin/ceph: stderr
2024-03-11T19:00:19.850+0000 7fae62d9d700 1 -- 172.21.15.29:0/2370489498 --> [v2:172.21.15.29:3300/0,v1:172.21.15.29:6789/0] -- mon_subscribe({config=0+,monmap=0+}) v3 -- 0x7fae6410a7e0 con 0x7fae64107eb0
2024-03-11T19:00:21.296 INFO:teuthology.orchestra.run.smithi029.stdout:/usr/bin/ceph: stderr
2024-03-11T19:00:19.850+0000 7fae62d9d700 1 --2- 172.21.15.29:0/2370489498 >> [v2:172.21.15.29:3300/0,v1:172.21.15.29:6789/0] conn(0x7fae64107eb0 0x7fae6410a2a0 secure :-1 s=READY pgs=39 cs=0 l=1 rev1=1 crypto rx=0x7fae5c009e80 tx=0x7fae5c00b330 comp rx=0 tx=0).ready entity=mon.0 client_cookie=ccb84ef3fdb11103 server_cookie=0 in_seq=0 out_seq=0
2024-03-11T19:00:21.297 INFO:teuthology.orchestra.run.smithi029.stdout:/usr/bin/ceph: stderr
2024-03-11T19:00:19.850+0000 7fae61d9b700 1 -- 172.21.15.29:0/2370489498 <== mon.0 v2:172.21.15.29:3300/0 1 ==== mon_map magic: 0 v1 ==== 205+0+0 (secure 0 0 0) 0x7fae5c00e070 con 0x7fae64107eb0
2024-03-11T19:00:21.297 INFO:teuthology.orchestra.run.smithi029.stdout:/usr/bin/ceph: stderr
2024-03-11T19:00:19.850+0000 7fae61d9b700 1 -- 172.21.15.29:0/2370489498 <== mon.0 v2:172.21.15.29:3300/0 2 ==== config(26 keys) v1 ==== 1071+0+0 (secure 0 0 0) 0x7fae5c00b8c0 con 0x7fae64107eb0
2024-03-11T19:00:21.297 INFO:teuthology.orchestra.run.smithi029.stdout:/usr/bin/ceph: stderr
2024-03-11T19:00:19.850+0000 7fae61d9b700 1 -- 172.21.15.29:0/2370489498 <== mon.0 v2:172.21.15.29:3300/0 3 ==== mon_map magic: 0 v1 ==== 205+0+0 (secure 0 0 0) 0x7fae5c0044b0 con 0x7fae64107eb0
2024-03-11T19:00:21.297 INFO:teuthology.orchestra.run.smithi029.stdout:/usr/bin/ceph: stderr
2024-03-11T19:00:19.850+0000 7fae69052700 1 -- 172.21.15.29:0/2370489498 >> [v2:172.21.15.29:3300/0,v1:172.21.15.29:6789/0] conn(0x7fae64107eb0 msgr2=0x7fae6410a2a0 secure :-1 s=STATE_CONNECTION_ESTABLISHED l=1).mark_down
2024-03-11T19:00:21.297 INFO:teuthology.orchestra.run.smithi029.stdout:/usr/bin/ceph: stderr
2024-03-11T19:00:19.850+0000 7fae69052700 1 --2- 172.21.15.29:0/2370489498 >> [v2:172.21.15.29:3300/0,v1:172.21.15.29:6789/0] conn(0x7fae64107eb0 0x7fae6410a2a0 secure :-1 s=READY pgs=39 cs=0 l=1 rev1=1 crypto rx=0x7fae5c009e80 tx=0x7fae5c00b330 comp rx=0 tx=0).stop
2024-03-11T19:00:21.297 INFO:teuthology.orchestra.run.smithi029.stdout:/usr/bin/ceph: stderr
2024-03-11T19:00:19.851+0000 7fae69052700 1 -- 172.21.15.29:0/2370489498 shutdown_connections
2024-03-11T19:00:21.297 INFO:teuthology.orchestra.run.smithi029.stdout:/usr/bin/ceph: stderr
2024-03-11T19:00:19.851+0000 7fae69052700 1 --2- 172.21.15.29:0/2370489498 >> [v2:172.21.15.29:3300/0,v1:172.21.15.29:6789/0] conn(0x7fae64107eb0 0x7fae6410a2a0 unknown :-1 s=CLOSED pgs=39 cs=0 l=1 rev1=1 crypto rx=0 tx=0 comp rx=0 tx=0).stop
2024-03-11T19:00:21.297 INFO:teuthology.orchestra.run.smithi029.stdout:/usr/bin/ceph: stderr
2024-03-11T19:00:19.851+0000 7fae69052700 1 -- 172.21.15.29:0/2370489498 >> 172.21.15.29:0/2370489498 conn(0x7fae641018a0 msgr2=0x7fae64103d20 unknown :-1 s=STATE_NONE l=0).mark_down
2024-03-11T19:00:21.297 INFO:teuthology.orchestra.run.smithi029.stdout:/usr/bin/ceph: stderr
2024-03-11T19:00:19.851+0000 7fae69052700 1 -- 172.21.15.29:0/2370489498 shutdown_connections
2024-03-11T19:00:21.297 INFO:teuthology.orchestra.run.smithi029.stdout:/usr/bin/ceph: stderr
2024-03-11T19:00:19.851+0000 7fae69052700 1 -- 172.21.15.29:0/2370489498 wait complete.
2024-03-11T19:00:21.297 INFO:teuthology.orchestra.run.smithi029.stdout:/usr/bin/ceph: stderr
2024-03-11T19:00:19.851+0000 7fae69052700 1 Processor -- start
2024-03-11T19:00:21.297 INFO:teuthology.orchestra.run.smithi029.stdout:/usr/bin/ceph: stderr
2024-03-11T19:00:19.852+0000 7fae69052700 1 -- start start
2024-03-11T19:00:21.297 INFO:teuthology.orchestra.run.smithi029.stdout:/usr/bin/ceph: stderr
2024-03-11T19:00:19.852+0000 7fae69052700 1 --2- >> [v2:172.21.15.29:3300/0,v1:172.21.15.29:6789/0] conn(0x7fae64107eb0 0x7fae6419b0c0 unknown :-1 s=NONE pgs=0 cs=0 l=1 rev1=0 crypto rx=0 tx=0 comp rx=0 tx=0).connect
2024-03-11T19:00:21.297 INFO:teuthology.orchestra.run.smithi029.stdout:/usr/bin/ceph: stderr
2024-03-11T19:00:19.852+0000 7fae69052700 1 -- --> [v2:172.21.15.29:3300/0,v1:172.21.15.29:6789/0] -- mon_getmap magic: 0 v1 -- 0x7fae6419b600 con 0x7fae64107eb0
2024-03-11T19:00:21.297 INFO:teuthology.orchestra.run.smithi029.stdout:/usr/bin/ceph: stderr
2024-03-11T19:00:19.852+0000 7fae62d9d700 1 --2- >> [v2:172.21.15.29:3300/0,v1:172.21.15.29:6789/0] conn(0x7fae64107eb0 0x7fae6419b0c0 unknown :-1 s=BANNER_CONNECTING pgs=0 cs=0 l=1 rev1=0 crypto rx=0 tx=0 comp rx=0 tx=0)._handle_peer_banner_payload supported=3 required=0
2024-03-11T19:00:21.298 INFO:teuthology.orchestra.run.smithi029.stdout:/usr/bin/ceph: stderr
2024-03-11T19:00:19.852+0000 7fae62d9d700 1 --2- >> [v2:172.21.15.29:3300/0,v1:172.21.15.29:6789/0] conn(0x7fae64107eb0 0x7fae6419b0c0 unknown :-1 s=HELLO_CONNECTING pgs=0 cs=0 l=1 rev1=1 crypto rx=0 tx=0 comp rx=0 tx=0).handle_hello peer v2:172.21.15.29:3300/0 says I am v2:172.21.15.29:36956/0 (socket says 172.21.15.29:36956)
2024-03-11T19:00:21.298 INFO:teuthology.orchestra.run.smithi029.stdout:/usr/bin/ceph: stderr
2024-03-11T19:00:19.852+0000 7fae62d9d700 1 -- 172.21.15.29:0/583838555 learned_addr learned my addr 172.21.15.29:0/583838555 (peer_addr_for_me v2:172.21.15.29:0/0)
2024-03-11T19:00:21.298 INFO:teuthology.orchestra.run.smithi029.stdout:/usr/bin/ceph: stderr
2024-03-11T19:00:19.852+0000 7fae62d9d700 1 -- 172.21.15.29:0/583838555 --> [v2:172.21.15.29:3300/0,v1:172.21.15.29:6789/0] -- mon_subscribe({config=0+,monmap=0+}) v3 -- 0x7fae5c009b30 con 0x7fae64107eb0
2024-03-11T19:00:21.298 INFO:teuthology.orchestra.run.smithi029.stdout:/usr/bin/ceph: stderr
2024-03-11T19:00:19.852+0000 7fae62d9d700 1 --2- 172.21.15.29:0/583838555 >> [v2:172.21.15.29:3300/0,v1:172.21.15.29:6789/0] conn(0x7fae64107eb0 0x7fae6419b0c0 secure :-1 s=READY pgs=40 cs=0 l=1 rev1=1 crypto rx=0x7fae5c004240 tx=0x7fae5c004600 comp rx=0 tx=0).ready entity=mon.0 client_cookie=0 server_cookie=0 in_seq=0 out_seq=0
2024-03-11T19:00:21.298 INFO:teuthology.orchestra.run.smithi029.stdout:/usr/bin/ceph: stderr
2024-03-11T19:00:19.852+0000 7fae5bfff700 1 -- 172.21.15.29:0/583838555 <== mon.0 v2:172.21.15.29:3300/0 1 ==== mon_map magic: 0 v1 ==== 205+0+0 (secure 0 0 0) 0x7fae5c00e040 con 0x7fae64107eb0
2024-03-11T19:00:21.298 INFO:teuthology.orchestra.run.smithi029.stdout:/usr/bin/ceph: stderr
2024-03-11T19:00:19.852+0000 7fae5bfff700 1 -- 172.21.15.29:0/583838555 <== mon.0 v2:172.21.15.29:3300/0 2 ==== config(26 keys) v1 ==== 1071+0+0 (secure 0 0 0) 0x7fae5c00bd70 con 0x7fae64107eb0
2024-03-11T19:00:21.298 INFO:teuthology.orchestra.run.smithi029.stdout:/usr/bin/ceph: stderr
2024-03-11T19:00:19.852+0000 7fae69052700 1 -- 172.21.15.29:0/583838555 --> [v2:172.21.15.29:3300/0,v1:172.21.15.29:6789/0] -- mon_subscribe({mgrmap=0+}) v3 -- 0x7fae6419b800 con 0x7fae64107eb0
2024-03-11T19:00:21.298 INFO:teuthology.orchestra.run.smithi029.stdout:/usr/bin/ceph: stderr
2024-03-11T19:00:19.853+0000 7fae5bfff700 1 -- 172.21.15.29:0/583838555 <== mon.0 v2:172.21.15.29:3300/0 3 ==== mon_map magic: 0 v1 ==== 205+0+0 (secure 0 0 0) 0x7fae5c01c6b0 con 0x7fae64107eb0
2024-03-11T19:00:21.298 INFO:teuthology.orchestra.run.smithi029.stdout:/usr/bin/ceph: stderr
2024-03-11T19:00:19.853+0000 7fae69052700 1 -- 172.21.15.29:0/583838555 --> [v2:172.21.15.29:3300/0,v1:172.21.15.29:6789/0] -- mon_subscribe({osdmap=0}) v3 -- 0x7fae6419bd00 con 0x7fae64107eb0
2024-03-11T19:00:21.298 INFO:teuthology.orchestra.run.smithi029.stdout:/usr/bin/ceph: stderr
2024-03-11T19:00:19.853+0000 7fae5bfff700 1 -- 172.21.15.29:0/583838555 <== mon.0 v2:172.21.15.29:3300/0 4 ==== mgrmap(e 8) v1 ==== 45769+0+0 (secure 0 0 0) 0x7fae5c01c8f0 con 0x7fae64107eb0
2024-03-11T19:00:21.298 INFO:teuthology.orchestra.run.smithi029.stdout:/usr/bin/ceph: stderr
2024-03-11T19:00:19.853+0000 7fae69052700 1 -- 172.21.15.29:0/583838555 --> [v2:172.21.15.29:3300/0,v1:172.21.15.29:6789/0] -- mon_command({"prefix": "get_command_descriptions"} v 0) v1 -- 0x7fae6410b570 con 0x7fae64107eb0
2024-03-11T19:00:21.298 INFO:teuthology.orchestra.run.smithi029.stdout:/usr/bin/ceph: stderr
2024-03-11T19:00:19.854+0000 7fae5bfff700 1 --2- 172.21.15.29:0/583838555 >> [v2:172.21.15.29:6800/3585665950,v1:172.21.15.29:6801/3585665950] conn(0x7fae50038cb0 0x7fae5003b170 unknown :-1 s=NONE pgs=0 cs=0 l=1 rev1=0 crypto rx=0 tx=0 comp rx=0 tx=0).connect
2024-03-11T19:00:21.299 INFO:teuthology.orchestra.run.smithi029.stdout:/usr/bin/ceph: stderr
2024-03-11T19:00:19.854+0000 7fae5bfff700 1 -- 172.21.15.29:0/583838555 <== mon.0 v2:172.21.15.29:3300/0 5 ==== osd_map(2..2 src has 1..2) v4 ==== 940+0+0 (secure 0 0 0) 0x7fae5c04cce0 con 0x7fae64107eb0
2024-03-11T19:00:21.299 INFO:teuthology.orchestra.run.smithi029.stdout:/usr/bin/ceph: stderr
2024-03-11T19:00:19.854+0000 7fae6259c700 1 --2- 172.21.15.29:0/583838555 >> [v2:172.21.15.29:6800/3585665950,v1:172.21.15.29:6801/3585665950] conn(0x7fae50038cb0 0x7fae5003b170 unknown :-1 s=BANNER_CONNECTING pgs=0 cs=0 l=1 rev1=0 crypto rx=0 tx=0 comp rx=0 tx=0)._handle_peer_banner_payload supported=3 required=0
2024-03-11T19:00:21.299 INFO:teuthology.orchestra.run.smithi029.stdout:/usr/bin/ceph: stderr
2024-03-11T19:00:19.854+0000 7fae6259c700 1 --2- 172.21.15.29:0/583838555 >> [v2:172.21.15.29:6800/3585665950,v1:172.21.15.29:6801/3585665950] conn(0x7fae50038cb0 0x7fae5003b170 secure :-1 s=READY pgs=9 cs=0 l=1 rev1=1 crypto rx=0x7fae4c006fd0 tx=0x7fae4c006e40 comp rx=0 tx=0).ready entity=mgr.14118 client_cookie=0 server_cookie=0 in_seq=0 out_seq=0
2024-03-11T19:00:21.299 INFO:teuthology.orchestra.run.smithi029.stdout:/usr/bin/ceph: stderr
2024-03-11T19:00:19.859+0000 7fae5bfff700 1 -- 172.21.15.29:0/583838555 <== mon.0 v2:172.21.15.29:3300/0 6 ==== mon_command_ack([{"prefix": "get_command_descriptions"}]=0 v0) v1 ==== 72+0+183564 (secure 0 0 0) 0x7fae5c011570 con 0x7fae64107eb0
2024-03-11T19:00:21.299 INFO:teuthology.orchestra.run.smithi029.stdout:/usr/bin/ceph: stderr
2024-03-11T19:00:20.060+0000 7fae69052700 1 -- 172.21.15.29:0/583838555 --> [v2:172.21.15.29:6800/3585665950,v1:172.21.15.29:6801/3585665950] -- mgr_command(tid 0: {"prefix": "cephadm generate-key", "target": ["mon-mgr", ""]}) v1 -- 0x7fae64102ae0 con 0x7fae50038cb0
2024-03-11T19:00:21.299 INFO:teuthology.orchestra.run.smithi029.stdout:/usr/bin/ceph: stderr
2024-03-11T19:00:20.681+0000 7fae5bfff700 1 -- 172.21.15.29:0/583838555 <== mgr.14118 v2:172.21.15.29:6800/3585665950 1 ==== mgr_command_reply(tid 0: 0 ) v1 ==== 8+0+0 (secure 0 0 0) 0x7fae64102ae0 con 0x7fae50038cb0
2024-03-11T19:00:21.299 INFO:teuthology.orchestra.run.smithi029.stdout:/usr/bin/ceph: stderr
2024-03-11T19:00:20.683+0000 7fae69052700 1 -- 172.21.15.29:0/583838555 >> [v2:172.21.15.29:6800/3585665950,v1:172.21.15.29:6801/3585665950] conn(0x7fae50038cb0 msgr2=0x7fae5003b170 secure :-1 s=STATE_CONNECTION_ESTABLISHED l=1).mark_down
2024-03-11T19:00:21.299 INFO:teuthology.orchestra.run.smithi029.stdout:/usr/bin/ceph: stderr
2024-03-11T19:00:20.683+0000 7fae69052700 1 --2- 172.21.15.29:0/583838555 >> [v2:172.21.15.29:6800/3585665950,v1:172.21.15.29:6801/3585665950] conn(0x7fae50038cb0 0x7fae5003b170 secure :-1 s=READY pgs=9 cs=0 l=1 rev1=1 crypto rx=0x7fae4c006fd0 tx=0x7fae4c006e40 comp rx=0 tx=0).stop
2024-03-11T19:00:21.299 INFO:teuthology.orchestra.run.smithi029.stdout:/usr/bin/ceph: stderr
2024-03-11T19:00:20.683+0000 7fae69052700 1 -- 172.21.15.29:0/583838555 >> [v2:172.21.15.29:3300/0,v1:172.21.15.29:6789/0] conn(0x7fae64107eb0 msgr2=0x7fae6419b0c0 secure :-1 s=STATE_CONNECTION_ESTABLISHED l=1).mark_down
2024-03-11T19:00:21.299 INFO:teuthology.orchestra.run.smithi029.stdout:/usr/bin/ceph: stderr
2024-03-11T19:00:20.683+0000 7fae69052700 1 --2- 172.21.15.29:0/583838555 >> [v2:172.21.15.29:3300/0,v1:172.21.15.29:6789/0] conn(0x7fae64107eb0 0x7fae6419b0c0 secure :-1 s=READY pgs=40 cs=0 l=1 rev1=1 crypto rx=0x7fae5c004240 tx=0x7fae5c004600 comp rx=0 tx=0).stop
2024-03-11T19:00:21.299 INFO:teuthology.orchestra.run.smithi029.stdout:/usr/bin/ceph: stderr
2024-03-11T19:00:20.683+0000 7fae69052700 1 -- 172.21.15.29:0/583838555 shutdown_connections
2024-03-11T19:00:21.299 INFO:teuthology.orchestra.run.smithi029.stdout:/usr/bin/ceph: stderr
2024-03-11T19:00:20.683+0000 7fae69052700 1 --2- 172.21.15.29:0/583838555 >> [v2:172.21.15.29:6800/3585665950,v1:172.21.15.29:6801/3585665950] conn(0x7fae50038cb0 0x7fae5003b170 unknown :-1 s=CLOSED pgs=9 cs=0 l=1 rev1=1 crypto rx=0 tx=0 comp rx=0 tx=0).stop
2024-03-11T19:00:21.299 INFO:teuthology.orchestra.run.smithi029.stdout:/usr/bin/ceph: stderr
2024-03-11T19:00:20.683+0000 7fae69052700 1 --2- 172.21.15.29:0/583838555 >> [v2:172.21.15.29:3300/0,v1:172.21.15.29:6789/0] conn(0x7fae64107eb0 0x7fae6419b0c0 unknown :-1 s=CLOSED pgs=40 cs=0 l=1 rev1=1 crypto rx=0 tx=0 comp rx=0 tx=0).stop
2024-03-11T19:00:21.300 INFO:teuthology.orchestra.run.smithi029.stdout:/usr/bin/ceph: stderr
2024-03-11T19:00:20.683+0000 7fae69052700 1 -- 172.21.15.29:0/583838555 >> 172.21.15.29:0/583838555 conn(0x7fae641018a0 msgr2=0x7fae641023d0 unknown :-1 s=STATE_NONE l=0).mark_down
2024-03-11T19:00:21.300 INFO:teuthology.orchestra.run.smithi029.stdout:/usr/bin/ceph: stderr
2024-03-11T19:00:20.683+0000 7fae69052700 1 -- 172.21.15.29:0/583838555 shutdown_connections
2024-03-11T19:00:21.300 INFO:teuthology.orchestra.run.smithi029.stdout:/usr/bin/ceph: stderr
2024-03-11T19:00:20.683+0000 7fae69052700 1 -- 172.21.15.29:0/583838555 wait complete.
2024-03-11T19:00:21.611 INFO:journalctl@ceph.mon.a.smithi029.stdout:Mar 11 19:00:21 smithi029 ceph-mon[32439]: from='client.14134 -' entity='client.admin' cmd=[{"prefix": "cephadm generate-key", "target": ["mon-mgr", ""]}]: dispatch
2024-03-11T19:00:21.611 INFO:journalctl@ceph.mon.a.smithi029.stdout:Mar 11 19:00:21 smithi029 ceph-mon[32439]: Generating ssh key...
2024-03-11T19:00:21.611 INFO:journalctl@ceph.mon.a.smithi029.stdout:Mar 11 19:00:21 smithi029 ceph-mon[32439]: from='mgr.14118 172.21.15.29:0/3656454746' entity='mgr.x'
2024-03-11T19:00:21.611 INFO:journalctl@ceph.mon.a.smithi029.stdout:Mar 11 19:00:21 smithi029 ceph-mon[32439]: from='mgr.14118 172.21.15.29:0/3656454746' entity='mgr.x'
2024-03-11T19:00:22.494 INFO:teuthology.orchestra.run.smithi029.stdout:/usr/bin/ceph: stdout ssh-rsa AAAAB3NzaC1yc2EAAAADAQABAAABgQDP0ONkhl+F6vFrvdZYF63qAOjY6/P8wA7M06kw3BCc3LajkG/j5Ik5c2R20mSlZ7DXtfDVGxV77ORnttjoT2MCKr6qJAOOdoovc973s3Twe05VFlnpE5g6hQ3zhbD+zdZOiAydkhq42mFHLkgmCSl//K08QJLsakKvlKvAbEppkZA6aIXhoNtfXoGBT92B35Kgpw1PgusmnDs9v2WCtcQko5fFU2o1Nre+rBqsPlZR1/JJkR1B1qXRsjb0fQwMq1lCiPFyK6aVQMdsmBzOkDLh8YTqWipFQ+GHTnerwJd1IUEcFJyz0EOSJE0bhPVkANwlkDbZpb+I6xeEM4G3zjHABWJhPFRshwbX0tSFUeiIxP3TgI9EnqT1CU2IS+GvLuIRILAY8KeOoinek9xsYMwQ+TtHsyGONDMUe2uIHM9Uhdeu9ahqKodd3fHxtivMXj6k6EORB2xnPLvzYsCEv+Z+gll9rjVZRrzNloYsxe8yZgIIz1amlDOnlNLmaG77B1c= ceph-638915c2-dfd9-11ee-95c8-87774f69a715
2024-03-11T19:00:22.494 INFO:teuthology.orchestra.run.smithi029.stdout:/usr/bin/ceph: stderr
2024-03-11T19:00:21.714+0000 7fe3410ab700 1 Processor -- start
2024-03-11T19:00:22.494 INFO:teuthology.orchestra.run.smithi029.stdout:/usr/bin/ceph: stderr
2024-03-11T19:00:21.714+0000 7fe3410ab700 1 -- start start
2024-03-11T19:00:22.494 INFO:teuthology.orchestra.run.smithi029.stdout:/usr/bin/ceph: stderr
2024-03-11T19:00:21.714+0000 7fe3410ab700 1 --2- >> [v2:172.21.15.29:3300/0,v1:172.21.15.29:6789/0] conn(0x7fe33c1074d0 0x7fe33c1078f0 unknown :-1 s=NONE pgs=0 cs=0 l=0 rev1=0 crypto rx=0 tx=0 comp rx=0 tx=0).connect
2024-03-11T19:00:22.495 INFO:teuthology.orchestra.run.smithi029.stdout:/usr/bin/ceph: stderr
2024-03-11T19:00:21.714+0000 7fe3410ab700 1 -- --> [v2:172.21.15.29:3300/0,v1:172.21.15.29:6789/0] -- mon_getmap magic: 0 v1 -- 0x7fe33c107ec0 con 0x7fe33c1074d0
2024-03-11T19:00:22.495 INFO:teuthology.orchestra.run.smithi029.stdout:/usr/bin/ceph: stderr
2024-03-11T19:00:21.714+0000 7fe33ad9d700 1 --2- >> [v2:172.21.15.29:3300/0,v1:172.21.15.29:6789/0] conn(0x7fe33c1074d0 0x7fe33c1078f0 unknown :-1 s=BANNER_CONNECTING pgs=0 cs=0 l=0 rev1=0 crypto rx=0 tx=0 comp rx=0 tx=0)._handle_peer_banner_payload supported=3 required=0
2024-03-11T19:00:22.495 INFO:teuthology.orchestra.run.smithi029.stdout:/usr/bin/ceph: stderr
2024-03-11T19:00:21.714+0000 7fe33ad9d700 1 --2- >> [v2:172.21.15.29:3300/0,v1:172.21.15.29:6789/0] conn(0x7fe33c1074d0 0x7fe33c1078f0 unknown :-1 s=HELLO_CONNECTING pgs=0 cs=0 l=0 rev1=1 crypto rx=0 tx=0 comp rx=0 tx=0).handle_hello peer v2:172.21.15.29:3300/0 says I am v2:172.21.15.29:36970/0 (socket says 172.21.15.29:36970)
2024-03-11T19:00:22.495 INFO:teuthology.orchestra.run.smithi029.stdout:/usr/bin/ceph: stderr
2024-03-11T19:00:21.714+0000 7fe33ad9d700 1 -- 172.21.15.29:0/1680937226 learned_addr learned my addr 172.21.15.29:0/1680937226 (peer_addr_for_me v2:172.21.15.29:0/0)
2024-03-11T19:00:22.495 INFO:teuthology.orchestra.run.smithi029.stdout:/usr/bin/ceph: stderr
2024-03-11T19:00:21.714+0000 7fe33ad9d700 1 -- 172.21.15.29:0/1680937226 --> [v2:172.21.15.29:3300/0,v1:172.21.15.29:6789/0] -- mon_subscribe({config=0+,monmap=0+}) v3 -- 0x7fe33c108630 con 0x7fe33c1074d0
2024-03-11T19:00:22.495 INFO:teuthology.orchestra.run.smithi029.stdout:/usr/bin/ceph: stderr
2024-03-11T19:00:21.714+0000 7fe33ad9d700 1 --2- 172.21.15.29:0/1680937226 >> [v2:172.21.15.29:3300/0,v1:172.21.15.29:6789/0] conn(0x7fe33c1074d0 0x7fe33c1078f0 secure :-1 s=READY pgs=41 cs=0 l=1 rev1=1 crypto rx=0x7fe32c0098a0 tx=0x7fe32c009bb0 comp rx=0 tx=0).ready entity=mon.0 client_cookie=1b796e7994a2bb1a server_cookie=0 in_seq=0 out_seq=0
2024-03-11T19:00:22.495 INFO:teuthology.orchestra.run.smithi029.stdout:/usr/bin/ceph: stderr
2024-03-11T19:00:21.715+0000 7fe339d9b700 1 -- 172.21.15.29:0/1680937226 <== mon.0 v2:172.21.15.29:3300/0 1 ==== mon_map magic: 0 v1 ==== 205+0+0 (secure 0 0 0) 0x7fe32c004160 con 0x7fe33c1074d0
2024-03-11T19:00:22.495 INFO:teuthology.orchestra.run.smithi029.stdout:/usr/bin/ceph: stderr
2024-03-11T19:00:21.715+0000 7fe339d9b700 1 -- 172.21.15.29:0/1680937226 <== mon.0 v2:172.21.15.29:3300/0 2 ==== config(26 keys) v1 ==== 1071+0+0 (secure 0 0 0) 0x7fe32c0042c0 con 0x7fe33c1074d0
2024-03-11T19:00:22.495 INFO:teuthology.orchestra.run.smithi029.stdout:/usr/bin/ceph: stderr
2024-03-11T19:00:21.715+0000 7fe339d9b700 1 -- 172.21.15.29:0/1680937226 <== mon.0 v2:172.21.15.29:3300/0 3 ==== mon_map magic: 0 v1 ==== 205+0+0 (secure 0 0 0) 0x7fe32c011a50 con 0x7fe33c1074d0
2024-03-11T19:00:22.495 INFO:teuthology.orchestra.run.smithi029.stdout:/usr/bin/ceph: stderr
2024-03-11T19:00:21.715+0000 7fe3410ab700 1 -- 172.21.15.29:0/1680937226 >> [v2:172.21.15.29:3300/0,v1:172.21.15.29:6789/0] conn(0x7fe33c1074d0 msgr2=0x7fe33c1078f0 secure :-1 s=STATE_CONNECTION_ESTABLISHED l=1).mark_down
2024-03-11T19:00:22.495 INFO:teuthology.orchestra.run.smithi029.stdout:/usr/bin/ceph: stderr
2024-03-11T19:00:21.715+0000 7fe3410ab700 1 --2- 172.21.15.29:0/1680937226 >> [v2:172.21.15.29:3300/0,v1:172.21.15.29:6789/0] conn(0x7fe33c1074d0 0x7fe33c1078f0 secure :-1 s=READY pgs=41 cs=0 l=1 rev1=1 crypto rx=0x7fe32c0098a0 tx=0x7fe32c009bb0 comp rx=0 tx=0).stop
2024-03-11T19:00:22.495 INFO:teuthology.orchestra.run.smithi029.stdout:/usr/bin/ceph: stderr
2024-03-11T19:00:21.715+0000 7fe3410ab700 1 -- 172.21.15.29:0/1680937226 shutdown_connections
2024-03-11T19:00:22.495 INFO:teuthology.orchestra.run.smithi029.stdout:/usr/bin/ceph: stderr
2024-03-11T19:00:21.715+0000 7fe3410ab700 1 --2- 172.21.15.29:0/1680937226 >> [v2:172.21.15.29:3300/0,v1:172.21.15.29:6789/0] conn(0x7fe33c1074d0 0x7fe33c1078f0 unknown :-1 s=CLOSED pgs=41 cs=0 l=1 rev1=1 crypto rx=0 tx=0 comp rx=0 tx=0).stop
2024-03-11T19:00:22.495 INFO:teuthology.orchestra.run.smithi029.stdout:/usr/bin/ceph: stderr
2024-03-11T19:00:21.715+0000 7fe3410ab700 1 -- 172.21.15.29:0/1680937226 >> 172.21.15.29:0/1680937226 conn(0x7fe33c102ad0 msgr2=0x7fe33c104ef0 unknown :-1 s=STATE_NONE l=0).mark_down
2024-03-11T19:00:22.496 INFO:teuthology.orchestra.run.smithi029.stdout:/usr/bin/ceph: stderr
2024-03-11T19:00:21.715+0000 7fe3410ab700 1 -- 172.21.15.29:0/1680937226 shutdown_connections
2024-03-11T19:00:22.496 INFO:teuthology.orchestra.run.smithi029.stdout:/usr/bin/ceph: stderr
2024-03-11T19:00:21.715+0000 7fe3410ab700 1 -- 172.21.15.29:0/1680937226 wait complete.
2024-03-11T19:00:22.496 INFO:teuthology.orchestra.run.smithi029.stdout:/usr/bin/ceph: stderr
2024-03-11T19:00:21.716+0000 7fe3410ab700 1 Processor -- start
2024-03-11T19:00:22.496 INFO:teuthology.orchestra.run.smithi029.stdout:/usr/bin/ceph: stderr
2024-03-11T19:00:21.716+0000 7fe3410ab700 1 -- start start
2024-03-11T19:00:22.496 INFO:teuthology.orchestra.run.smithi029.stdout:/usr/bin/ceph: stderr
2024-03-11T19:00:21.716+0000 7fe3410ab700 1 --2- >> [v2:172.21.15.29:3300/0,v1:172.21.15.29:6789/0] conn(0x7fe33c1074d0 0x7fe33c19b1a0 unknown :-1 s=NONE pgs=0 cs=0 l=1 rev1=0 crypto rx=0 tx=0 comp rx=0 tx=0).connect
2024-03-11T19:00:22.496 INFO:teuthology.orchestra.run.smithi029.stdout:/usr/bin/ceph: stderr
2024-03-11T19:00:21.716+0000 7fe3410ab700 1 -- --> [v2:172.21.15.29:3300/0,v1:172.21.15.29:6789/0] -- mon_getmap magic: 0 v1 -- 0x7fe33c19b6e0 con 0x7fe33c1074d0
2024-03-11T19:00:22.496 INFO:teuthology.orchestra.run.smithi029.stdout:/usr/bin/ceph: stderr
2024-03-11T19:00:21.717+0000 7fe33ad9d700 1 --2- >> [v2:172.21.15.29:3300/0,v1:172.21.15.29:6789/0] conn(0x7fe33c1074d0 0x7fe33c19b1a0 unknown :-1 s=BANNER_CONNECTING pgs=0 cs=0 l=1 rev1=0 crypto rx=0 tx=0 comp rx=0 tx=0)._handle_peer_banner_payload supported=3 required=0
2024-03-11T19:00:22.496 INFO:teuthology.orchestra.run.smithi029.stdout:/usr/bin/ceph: stderr
2024-03-11T19:00:21.717+0000 7fe33ad9d700 1 --2- >> [v2:172.21.15.29:3300/0,v1:172.21.15.29:6789/0] conn(0x7fe33c1074d0 0x7fe33c19b1a0 unknown :-1 s=HELLO_CONNECTING pgs=0 cs=0 l=1 rev1=1 crypto rx=0 tx=0 comp rx=0 tx=0).handle_hello peer v2:172.21.15.29:3300/0 says I am v2:172.21.15.29:36986/0 (socket says 172.21.15.29:36986)
2024-03-11T19:00:22.496 INFO:teuthology.orchestra.run.smithi029.stdout:/usr/bin/ceph: stderr
2024-03-11T19:00:21.717+0000 7fe33ad9d700 1 -- 172.21.15.29:0/1785896314 learned_addr learned my addr 172.21.15.29:0/1785896314 (peer_addr_for_me v2:172.21.15.29:0/0)
2024-03-11T19:00:22.496 INFO:teuthology.orchestra.run.smithi029.stdout:/usr/bin/ceph: stderr
2024-03-11T19:00:21.717+0000 7fe33ad9d700 1 -- 172.21.15.29:0/1785896314 --> [v2:172.21.15.29:3300/0,v1:172.21.15.29:6789/0] -- mon_subscribe({config=0+,monmap=0+}) v3 -- 0x7fe32c009550 con 0x7fe33c1074d0
2024-03-11T19:00:22.496 INFO:teuthology.orchestra.run.smithi029.stdout:/usr/bin/ceph: stderr
2024-03-11T19:00:21.717+0000 7fe33ad9d700 1 --2- 172.21.15.29:0/1785896314 >> [v2:172.21.15.29:3300/0,v1:172.21.15.29:6789/0] conn(0x7fe33c1074d0 0x7fe33c19b1a0 secure :-1 s=READY pgs=42 cs=0 l=1 rev1=1 crypto rx=0x7fe32c006af0 tx=0x7fe32c011ab0 comp rx=0 tx=0).ready entity=mon.0 client_cookie=0 server_cookie=0 in_seq=0 out_seq=0
2024-03-11T19:00:22.496 INFO:teuthology.orchestra.run.smithi029.stdout:/usr/bin/ceph: stderr
2024-03-11T19:00:21.717+0000 7fe323fff700 1 -- 172.21.15.29:0/1785896314 <== mon.0 v2:172.21.15.29:3300/0 1 ==== mon_map magic: 0 v1 ==== 205+0+0 (secure 0 0 0) 0x7fe32c003930 con 0x7fe33c1074d0
2024-03-11T19:00:22.496 INFO:teuthology.orchestra.run.smithi029.stdout:/usr/bin/ceph: stderr
2024-03-11T19:00:21.717+0000 7fe323fff700 1 -- 172.21.15.29:0/1785896314 <== mon.0 v2:172.21.15.29:3300/0 2 ==== config(26 keys) v1 ==== 1071+0+0 (secure 0 0 0) 0x7fe32c003a90 con 0x7fe33c1074d0
2024-03-11T19:00:22.496 INFO:teuthology.orchestra.run.smithi029.stdout:/usr/bin/ceph: stderr
2024-03-11T19:00:21.717+0000 7fe3410ab700 1 -- 172.21.15.29:0/1785896314 --> [v2:172.21.15.29:3300/0,v1:172.21.15.29:6789/0] -- mon_subscribe({mgrmap=0+}) v3 -- 0x7fe33c19b8e0 con 0x7fe33c1074d0
2024-03-11T19:00:22.496 INFO:teuthology.orchestra.run.smithi029.stdout:/usr/bin/ceph: stderr
2024-03-11T19:00:21.717+0000 7fe323fff700 1 -- 172.21.15.29:0/1785896314 <== mon.0 v2:172.21.15.29:3300/0 3 ==== mon_map magic: 0 v1 ==== 205+0+0 (secure 0 0 0) 0x7fe32c019670 con 0x7fe33c1074d0
2024-03-11T19:00:22.497 INFO:teuthology.orchestra.run.smithi029.stdout:/usr/bin/ceph: stderr
2024-03-11T19:00:21.717+0000 7fe3410ab700 1 -- 172.21.15.29:0/1785896314 --> [v2:172.21.15.29:3300/0,v1:172.21.15.29:6789/0] -- mon_subscribe({osdmap=0}) v3 -- 0x7fe33c19bd80 con 0x7fe33c1074d0
2024-03-11T19:00:22.497 INFO:teuthology.orchestra.run.smithi029.stdout:/usr/bin/ceph: stderr
2024-03-11T19:00:21.718+0000 7fe323fff700 1 -- 172.21.15.29:0/1785896314 <== mon.0 v2:172.21.15.29:3300/0 4 ==== mgrmap(e 8) v1 ==== 45769+0+0 (secure 0 0 0) 0x7fe32c019930 con 0x7fe33c1074d0
2024-03-11T19:00:22.497 INFO:teuthology.orchestra.run.smithi029.stdout:/usr/bin/ceph: stderr
2024-03-11T19:00:21.718+0000 7fe3410ab700 1 -- 172.21.15.29:0/1785896314 --> [v2:172.21.15.29:3300/0,v1:172.21.15.29:6789/0] -- mon_command({"prefix": "get_command_descriptions"} v 0) v1 -- 0x7fe33c10b860 con 0x7fe33c1074d0
2024-03-11T19:00:22.497 INFO:teuthology.orchestra.run.smithi029.stdout:/usr/bin/ceph: stderr
2024-03-11T19:00:21.718+0000 7fe323fff700 1 --2- 172.21.15.29:0/1785896314 >> [v2:172.21.15.29:6800/3585665950,v1:172.21.15.29:6801/3585665950] conn(0x7fe324038c60 0x7fe32403b120 unknown :-1 s=NONE pgs=0 cs=0 l=1 rev1=0 crypto rx=0 tx=0 comp rx=0 tx=0).connect
2024-03-11T19:00:22.497 INFO:teuthology.orchestra.run.smithi029.stdout:/usr/bin/ceph: stderr
2024-03-11T19:00:21.718+0000 7fe323fff700 1 -- 172.21.15.29:0/1785896314 <== mon.0 v2:172.21.15.29:3300/0 5 ==== osd_map(2..2 src has 1..2) v4 ==== 940+0+0 (secure 0 0 0) 0x7fe32c04cf50 con 0x7fe33c1074d0
2024-03-11T19:00:22.497 INFO:teuthology.orchestra.run.smithi029.stdout:/usr/bin/ceph: stderr
2024-03-11T19:00:21.719+0000 7fe33a59c700 1 --2- 172.21.15.29:0/1785896314 >> [v2:172.21.15.29:6800/3585665950,v1:172.21.15.29:6801/3585665950] conn(0x7fe324038c60 0x7fe32403b120 unknown :-1 s=BANNER_CONNECTING pgs=0 cs=0 l=1 rev1=0 crypto rx=0 tx=0 comp rx=0 tx=0)._handle_peer_banner_payload supported=3 required=0
2024-03-11T19:00:22.497 INFO:teuthology.orchestra.run.smithi029.stdout:/usr/bin/ceph: stderr
2024-03-11T19:00:21.719+0000 7fe33a59c700 1 --2- 172.21.15.29:0/1785896314 >> [v2:172.21.15.29:6800/3585665950,v1:172.21.15.29:6801/3585665950] conn(0x7fe324038c60 0x7fe32403b120 secure :-1 s=READY pgs=10 cs=0 l=1 rev1=1 crypto rx=0x7fe330006fd0 tx=0x7fe330006e40 comp rx=0 tx=0).ready entity=mgr.14118 client_cookie=0 server_cookie=0 in_seq=0 out_seq=0
2024-03-11T19:00:22.497 INFO:teuthology.orchestra.run.smithi029.stdout:/usr/bin/ceph: stderr
2024-03-11T19:00:21.723+0000 7fe323fff700 1 -- 172.21.15.29:0/1785896314 <== mon.0 v2:172.21.15.29:3300/0 6 ==== mon_command_ack([{"prefix": "get_command_descriptions"}]=0 v0) v1 ==== 72+0+183564 (secure 0 0 0) 0x7fe32c02b340 con 0x7fe33c1074d0
2024-03-11T19:00:22.497 INFO:teuthology.orchestra.run.smithi029.stdout:/usr/bin/ceph: stderr
2024-03-11T19:00:21.927+0000 7fe3410ab700 1 -- 172.21.15.29:0/1785896314 --> [v2:172.21.15.29:6800/3585665950,v1:172.21.15.29:6801/3585665950] -- mgr_command(tid 0: {"prefix": "cephadm get-pub-key", "target": ["mon-mgr", ""]}) v1 -- 0x7fe33c103d60 con 0x7fe324038c60
2024-03-11T19:00:22.497 INFO:teuthology.orchestra.run.smithi029.stdout:/usr/bin/ceph: stderr
2024-03-11T19:00:21.928+0000 7fe323fff700 1 -- 172.21.15.29:0/1785896314 <== mgr.14118 v2:172.21.15.29:6800/3585665950 1 ==== mgr_command_reply(tid 0: 0 ) v1 ==== 8+0+595 (secure 0 0 0) 0x7fe33c103d60 con 0x7fe324038c60
2024-03-11T19:00:22.497 INFO:teuthology.orchestra.run.smithi029.stdout:/usr/bin/ceph: stderr
2024-03-11T19:00:21.930+0000 7fe3410ab700 1 -- 172.21.15.29:0/1785896314 >> [v2:172.21.15.29:6800/3585665950,v1:172.21.15.29:6801/3585665950] conn(0x7fe324038c60 msgr2=0x7fe32403b120 secure :-1 s=STATE_CONNECTION_ESTABLISHED l=1).mark_down
2024-03-11T19:00:22.497 INFO:teuthology.orchestra.run.smithi029.stdout:/usr/bin/ceph: stderr
2024-03-11T19:00:21.930+0000 7fe3410ab700 1 --2- 172.21.15.29:0/1785896314 >> [v2:172.21.15.29:6800/3585665950,v1:172.21.15.29:6801/3585665950] conn(0x7fe324038c60 0x7fe32403b120 secure :-1 s=READY pgs=10 cs=0 l=1 rev1=1 crypto rx=0x7fe330006fd0 tx=0x7fe330006e40 comp rx=0 tx=0).stop
2024-03-11T19:00:22.497 INFO:teuthology.orchestra.run.smithi029.stdout:/usr/bin/ceph: stderr
2024-03-11T19:00:21.930+0000 7fe3410ab700 1 -- 172.21.15.29:0/1785896314 >> [v2:172.21.15.29:3300/0,v1:172.21.15.29:6789/0] conn(0x7fe33c1074d0 msgr2=0x7fe33c19b1a0 secure :-1 s=STATE_CONNECTION_ESTABLISHED l=1).mark_down
2024-03-11T19:00:22.497 INFO:teuthology.orchestra.run.smithi029.stdout:/usr/bin/ceph: stderr
2024-03-11T19:00:21.930+0000 7fe3410ab700 1 --2- 172.21.15.29:0/1785896314 >> [v2:172.21.15.29:3300/0,v1:172.21.15.29:6789/0] conn(0x7fe33c1074d0 0x7fe33c19b1a0 secure :-1 s=READY pgs=42 cs=0 l=1 rev1=1 crypto rx=0x7fe32c006af0 tx=0x7fe32c011ab0 comp rx=0 tx=0).stop
2024-03-11T19:00:22.497 INFO:teuthology.orchestra.run.smithi029.stdout:/usr/bin/ceph: stderr
2024-03-11T19:00:21.930+0000 7fe3410ab700 1 -- 172.21.15.29:0/1785896314 shutdown_connections
2024-03-11T19:00:22.498 INFO:teuthology.orchestra.run.smithi029.stdout:/usr/bin/ceph: stderr
2024-03-11T19:00:21.930+0000 7fe3410ab700 1 --2- 172.21.15.29:0/1785896314 >> [v2:172.21.15.29:6800/3585665950,v1:172.21.15.29:6801/3585665950] conn(0x7fe324038c60 0x7fe32403b120 unknown :-1 s=CLOSED pgs=10 cs=0 l=1 rev1=1 crypto rx=0 tx=0 comp rx=0 tx=0).stop
