2024-03-11T19:00:22.498 INFO:teuthology.orchestra.run.smithi029.stdout:/usr/bin/ceph: stderr
2024-03-11T19:00:21.930+0000 7fe3410ab700 1 --2- 172.21.15.29:0/1785896314 >> [v2:172.21.15.29:3300/0,v1:172.21.15.29:6789/0] conn(0x7fe33c1074d0 0x7fe33c19b1a0 unknown :-1 s=CLOSED pgs=42 cs=0 l=1 rev1=1 crypto rx=0 tx=0 comp rx=0 tx=0).stop
2024-03-11T19:00:22.498 INFO:teuthology.orchestra.run.smithi029.stdout:/usr/bin/ceph: stderr
2024-03-11T19:00:21.930+0000 7fe3410ab700 1 -- 172.21.15.29:0/1785896314 >> 172.21.15.29:0/1785896314 conn(0x7fe33c102ad0 msgr2=0x7fe33c103650 unknown :-1 s=STATE_NONE l=0).mark_down
2024-03-11T19:00:22.498 INFO:teuthology.orchestra.run.smithi029.stdout:/usr/bin/ceph: stderr
2024-03-11T19:00:21.931+0000 7fe3410ab700 1 -- 172.21.15.29:0/1785896314 shutdown_connections
2024-03-11T19:00:22.498 INFO:teuthology.orchestra.run.smithi029.stdout:/usr/bin/ceph: stderr
2024-03-11T19:00:21.931+0000 7fe3410ab700 1 -- 172.21.15.29:0/1785896314 wait complete.
2024-03-11T19:00:22.498 INFO:teuthology.orchestra.run.smithi029.stdout:Wrote public SSH key to /home/ubuntu/cephtest/ceph.pub
2024-03-11T19:00:22.498 INFO:teuthology.orchestra.run.smithi029.stdout:Adding key to root@localhost authorized_keys...
2024-03-11T19:00:22.498 INFO:teuthology.orchestra.run.smithi029.stdout:Adding host smithi029...
2024-03-11T19:00:22.794 INFO:journalctl@ceph.mon.a.smithi029.stdout:Mar 11 19:00:22 smithi029 ceph-mon[32439]: from='client.14136 -' entity='client.admin' cmd=[{"prefix": "cephadm get-pub-key", "target": ["mon-mgr", ""]}]: dispatch
2024-03-11T19:00:23.655 INFO:journalctl@ceph.mon.a.smithi029.stdout:Mar 11 19:00:23 smithi029 ceph-mon[32439]: from='client.14138 -' entity='client.admin' cmd=[{"prefix": "orch host add", "hostname": "smithi029", "addr": "172.21.15.29", "target": ["mon-mgr", ""]}]: dispatch
2024-03-11T19:00:24.905 INFO:journalctl@ceph.mon.a.smithi029.stdout:Mar 11 19:00:24 smithi029 ceph-mon[32439]: Deploying cephadm binary to smithi029
2024-03-11T19:00:28.064 INFO:teuthology.orchestra.run.smithi029.stdout:/usr/bin/ceph: stdout Added host 'smithi029' with addr '172.21.15.29'
2024-03-11T19:00:28.064 INFO:teuthology.orchestra.run.smithi029.stdout:/usr/bin/ceph: stderr
2024-03-11T19:00:22.900+0000 7fddc8307700 1 Processor -- start
2024-03-11T19:00:28.064 INFO:teuthology.orchestra.run.smithi029.stdout:/usr/bin/ceph: stderr
2024-03-11T19:00:22.900+0000 7fddc8307700 1 -- start start
2024-03-11T19:00:28.065 INFO:teuthology.orchestra.run.smithi029.stdout:/usr/bin/ceph: stderr
2024-03-11T19:00:22.900+0000 7fddc8307700 1 --2- >> [v2:172.21.15.29:3300/0,v1:172.21.15.29:6789/0] conn(0x7fddc0107460 0x7fddc0107880 unknown :-1 s=NONE pgs=0 cs=0 l=0 rev1=0 crypto rx=0 tx=0 comp rx=0 tx=0).connect
2024-03-11T19:00:28.065 INFO:teuthology.orchestra.run.smithi029.stdout:/usr/bin/ceph: stderr
2024-03-11T19:00:22.900+0000 7fddc8307700 1 -- --> [v2:172.21.15.29:3300/0,v1:172.21.15.29:6789/0] -- mon_getmap magic: 0 v1 -- 0x7fddc0107e50 con 0x7fddc0107460
2024-03-11T19:00:28.065 INFO:teuthology.orchestra.run.smithi029.stdout:/usr/bin/ceph: stderr
2024-03-11T19:00:22.900+0000 7fddc60a3700 1 --2- >> [v2:172.21.15.29:3300/0,v1:172.21.15.29:6789/0] conn(0x7fddc0107460 0x7fddc0107880 unknown :-1 s=BANNER_CONNECTING pgs=0 cs=0 l=0 rev1=0 crypto rx=0 tx=0 comp rx=0 tx=0)._handle_peer_banner_payload supported=3 required=0
2024-03-11T19:00:28.065 INFO:teuthology.orchestra.run.smithi029.stdout:/usr/bin/ceph: stderr
2024-03-11T19:00:22.900+0000 7fddc60a3700 1 --2- >> [v2:172.21.15.29:3300/0,v1:172.21.15.29:6789/0] conn(0x7fddc0107460 0x7fddc0107880 unknown :-1 s=HELLO_CONNECTING pgs=0 cs=0 l=0 rev1=1 crypto rx=0 tx=0 comp rx=0 tx=0).handle_hello peer v2:172.21.15.29:3300/0 says I am v2:172.21.15.29:36988/0 (socket says 172.21.15.29:36988)
2024-03-11T19:00:28.065 INFO:teuthology.orchestra.run.smithi029.stdout:/usr/bin/ceph: stderr
2024-03-11T19:00:22.900+0000 7fddc60a3700 1 -- 172.21.15.29:0/2559155812 learned_addr learned my addr 172.21.15.29:0/2559155812 (peer_addr_for_me v2:172.21.15.29:0/0)
2024-03-11T19:00:28.065 INFO:teuthology.orchestra.run.smithi029.stdout:/usr/bin/ceph: stderr
2024-03-11T19:00:22.901+0000 7fddc60a3700 1 -- 172.21.15.29:0/2559155812 --> [v2:172.21.15.29:3300/0,v1:172.21.15.29:6789/0] -- mon_subscribe({config=0+,monmap=0+}) v3 -- 0x7fddc0108610 con 0x7fddc0107460
2024-03-11T19:00:28.065 INFO:teuthology.orchestra.run.smithi029.stdout:/usr/bin/ceph: stderr
2024-03-11T19:00:22.901+0000 7fddc60a3700 1 --2- 172.21.15.29:0/2559155812 >> [v2:172.21.15.29:3300/0,v1:172.21.15.29:6789/0] conn(0x7fddc0107460 0x7fddc0107880 secure :-1 s=READY pgs=43 cs=0 l=1 rev1=1 crypto rx=0x7fddbc0098a0 tx=0x7fddbc009bb0 comp rx=0 tx=0).ready entity=mon.0 client_cookie=db71004a41d3a69e server_cookie=0 in_seq=0 out_seq=0
2024-03-11T19:00:28.065 INFO:teuthology.orchestra.run.smithi029.stdout:/usr/bin/ceph: stderr
2024-03-11T19:00:22.901+0000 7fddc50a1700 1 -- 172.21.15.29:0/2559155812 <== mon.0 v2:172.21.15.29:3300/0 1 ==== mon_map magic: 0 v1 ==== 205+0+0 (secure 0 0 0) 0x7fddbc004160 con 0x7fddc0107460
2024-03-11T19:00:28.065 INFO:teuthology.orchestra.run.smithi029.stdout:/usr/bin/ceph: stderr
2024-03-11T19:00:22.901+0000 7fddc50a1700 1 -- 172.21.15.29:0/2559155812 <== mon.0 v2:172.21.15.29:3300/0 2 ==== config(26 keys) v1 ==== 1071+0+0 (secure 0 0 0) 0x7fddbc0042c0 con 0x7fddc0107460
2024-03-11T19:00:28.065 INFO:teuthology.orchestra.run.smithi029.stdout:/usr/bin/ceph: stderr
2024-03-11T19:00:22.901+0000 7fddc50a1700 1 -- 172.21.15.29:0/2559155812 <== mon.0 v2:172.21.15.29:3300/0 3 ==== mon_map magic: 0 v1 ==== 205+0+0 (secure 0 0 0) 0x7fddbc011a50 con 0x7fddc0107460
2024-03-11T19:00:28.065 INFO:teuthology.orchestra.run.smithi029.stdout:/usr/bin/ceph: stderr
2024-03-11T19:00:22.901+0000 7fddc8307700 1 -- 172.21.15.29:0/2559155812 >> [v2:172.21.15.29:3300/0,v1:172.21.15.29:6789/0] conn(0x7fddc0107460 msgr2=0x7fddc0107880 secure :-1 s=STATE_CONNECTION_ESTABLISHED l=1).mark_down
2024-03-11T19:00:28.065 INFO:teuthology.orchestra.run.smithi029.stdout:/usr/bin/ceph: stderr
2024-03-11T19:00:22.901+0000 7fddc8307700 1 --2- 172.21.15.29:0/2559155812 >> [v2:172.21.15.29:3300/0,v1:172.21.15.29:6789/0] conn(0x7fddc0107460 0x7fddc0107880 secure :-1 s=READY pgs=43 cs=0 l=1 rev1=1 crypto rx=0x7fddbc0098a0 tx=0x7fddbc009bb0 comp rx=0 tx=0).stop
2024-03-11T19:00:28.065 INFO:teuthology.orchestra.run.smithi029.stdout:/usr/bin/ceph: stderr
2024-03-11T19:00:22.902+0000 7fddc8307700 1 -- 172.21.15.29:0/2559155812 shutdown_connections
2024-03-11T19:00:28.065 INFO:teuthology.orchestra.run.smithi029.stdout:/usr/bin/ceph: stderr
2024-03-11T19:00:22.902+0000 7fddc8307700 1 --2- 172.21.15.29:0/2559155812 >> [v2:172.21.15.29:3300/0,v1:172.21.15.29:6789/0] conn(0x7fddc0107460 0x7fddc0107880 unknown :-1 s=CLOSED pgs=43 cs=0 l=1 rev1=1 crypto rx=0 tx=0 comp rx=0 tx=0).stop
2024-03-11T19:00:28.066 INFO:teuthology.orchestra.run.smithi029.stdout:/usr/bin/ceph: stderr
2024-03-11T19:00:22.902+0000 7fddc8307700 1 -- 172.21.15.29:0/2559155812 >> 172.21.15.29:0/2559155812 conn(0x7fddc0102a40 msgr2=0x7fddc0104e60 unknown :-1 s=STATE_NONE l=0).mark_down
2024-03-11T19:00:28.066 INFO:teuthology.orchestra.run.smithi029.stdout:/usr/bin/ceph: stderr
2024-03-11T19:00:22.902+0000 7fddc8307700 1 -- 172.21.15.29:0/2559155812 shutdown_connections
2024-03-11T19:00:28.066 INFO:teuthology.orchestra.run.smithi029.stdout:/usr/bin/ceph: stderr
2024-03-11T19:00:22.902+0000 7fddc8307700 1 -- 172.21.15.29:0/2559155812 wait complete.
2024-03-11T19:00:28.066 INFO:teuthology.orchestra.run.smithi029.stdout:/usr/bin/ceph: stderr
2024-03-11T19:00:22.902+0000 7fddc8307700 1 Processor -- start
2024-03-11T19:00:28.066 INFO:teuthology.orchestra.run.smithi029.stdout:/usr/bin/ceph: stderr
2024-03-11T19:00:22.902+0000 7fddc8307700 1 -- start start
2024-03-11T19:00:28.066 INFO:teuthology.orchestra.run.smithi029.stdout:/usr/bin/ceph: stderr
2024-03-11T19:00:22.902+0000 7fddc8307700 1 --2- >> [v2:172.21.15.29:3300/0,v1:172.21.15.29:6789/0] conn(0x7fddc0107460 0x7fddc019b150 unknown :-1 s=NONE pgs=0 cs=0 l=1 rev1=0 crypto rx=0 tx=0 comp rx=0 tx=0).connect
2024-03-11T19:00:28.066 INFO:teuthology.orchestra.run.smithi029.stdout:/usr/bin/ceph: stderr
2024-03-11T19:00:22.902+0000 7fddc8307700 1 -- --> [v2:172.21.15.29:3300/0,v1:172.21.15.29:6789/0] -- mon_getmap magic: 0 v1 -- 0x7fddc019b690 con 0x7fddc0107460
2024-03-11T19:00:28.066 INFO:teuthology.orchestra.run.smithi029.stdout:/usr/bin/ceph: stderr
2024-03-11T19:00:22.903+0000 7fddc60a3700 1 --2- >> [v2:172.21.15.29:3300/0,v1:172.21.15.29:6789/0] conn(0x7fddc0107460 0x7fddc019b150 unknown :-1 s=BANNER_CONNECTING pgs=0 cs=0 l=1 rev1=0 crypto rx=0 tx=0 comp rx=0 tx=0)._handle_peer_banner_payload supported=3 required=0
2024-03-11T19:00:28.066 INFO:teuthology.orchestra.run.smithi029.stdout:/usr/bin/ceph: stderr
2024-03-11T19:00:22.903+0000 7fddc60a3700 1 --2- >> [v2:172.21.15.29:3300/0,v1:172.21.15.29:6789/0] conn(0x7fddc0107460 0x7fddc019b150 unknown :-1 s=HELLO_CONNECTING pgs=0 cs=0 l=1 rev1=1 crypto rx=0 tx=0 comp rx=0 tx=0).handle_hello peer v2:172.21.15.29:3300/0 says I am v2:172.21.15.29:36998/0 (socket says 172.21.15.29:36998)
2024-03-11T19:00:28.066 INFO:teuthology.orchestra.run.smithi029.stdout:/usr/bin/ceph: stderr
2024-03-11T19:00:22.903+0000 7fddc60a3700 1 -- 172.21.15.29:0/633673834 learned_addr learned my addr 172.21.15.29:0/633673834 (peer_addr_for_me v2:172.21.15.29:0/0)
2024-03-11T19:00:28.066 INFO:teuthology.orchestra.run.smithi029.stdout:/usr/bin/ceph: stderr
2024-03-11T19:00:22.903+0000 7fddc60a3700 1 -- 172.21.15.29:0/633673834 --> [v2:172.21.15.29:3300/0,v1:172.21.15.29:6789/0] -- mon_subscribe({config=0+,monmap=0+}) v3 -- 0x7fddbc009550 con 0x7fddc0107460
2024-03-11T19:00:28.066 INFO:teuthology.orchestra.run.smithi029.stdout:/usr/bin/ceph: stderr
2024-03-11T19:00:22.903+0000 7fddc60a3700 1 --2- 172.21.15.29:0/633673834 >> [v2:172.21.15.29:3300/0,v1:172.21.15.29:6789/0] conn(0x7fddc0107460 0x7fddc019b150 secure :-1 s=READY pgs=44 cs=0 l=1 rev1=1 crypto rx=0x7fddbc006af0 tx=0x7fddbc011ab0 comp rx=0 tx=0).ready entity=mon.0 client_cookie=0 server_cookie=0 in_seq=0 out_seq=0
2024-03-11T19:00:28.066 INFO:teuthology.orchestra.run.smithi029.stdout:/usr/bin/ceph: stderr
2024-03-11T19:00:22.903+0000 7fddb77fe700 1 -- 172.21.15.29:0/633673834 <== mon.0 v2:172.21.15.29:3300/0 1 ==== mon_map magic: 0 v1 ==== 205+0+0 (secure 0 0 0) 0x7fddbc003930 con 0x7fddc0107460
2024-03-11T19:00:28.067 INFO:teuthology.orchestra.run.smithi029.stdout:/usr/bin/ceph: stderr
2024-03-11T19:00:22.903+0000 7fddb77fe700 1 -- 172.21.15.29:0/633673834 <== mon.0 v2:172.21.15.29:3300/0 2 ==== config(26 keys) v1 ==== 1071+0+0 (secure 0 0 0) 0x7fddbc003a90 con 0x7fddc0107460
2024-03-11T19:00:28.067 INFO:teuthology.orchestra.run.smithi029.stdout:/usr/bin/ceph: stderr
2024-03-11T19:00:22.903+0000 7fddc8307700 1 -- 172.21.15.29:0/633673834 --> [v2:172.21.15.29:3300/0,v1:172.21.15.29:6789/0] -- mon_subscribe({mgrmap=0+}) v3 -- 0x7fddc019b890 con 0x7fddc0107460
2024-03-11T19:00:28.067 INFO:teuthology.orchestra.run.smithi029.stdout:/usr/bin/ceph: stderr
2024-03-11T19:00:22.903+0000 7fddb77fe700 1 -- 172.21.15.29:0/633673834 <== mon.0 v2:172.21.15.29:3300/0 3 ==== mon_map magic: 0 v1 ==== 205+0+0 (secure 0 0 0) 0x7fddbc019670 con 0x7fddc0107460
2024-03-11T19:00:28.067 INFO:teuthology.orchestra.run.smithi029.stdout:/usr/bin/ceph: stderr
2024-03-11T19:00:22.903+0000 7fddc8307700 1 -- 172.21.15.29:0/633673834 --> [v2:172.21.15.29:3300/0,v1:172.21.15.29:6789/0] -- mon_subscribe({osdmap=0}) v3 -- 0x7fddc019bd30 con 0x7fddc0107460
2024-03-11T19:00:28.067 INFO:teuthology.orchestra.run.smithi029.stdout:/usr/bin/ceph: stderr
2024-03-11T19:00:22.904+0000 7fddb77fe700 1 -- 172.21.15.29:0/633673834 <== mon.0 v2:172.21.15.29:3300/0 4 ==== mgrmap(e 8) v1 ==== 45769+0+0 (secure 0 0 0) 0x7fddbc01aa30 con 0x7fddc0107460
2024-03-11T19:00:28.067 INFO:teuthology.orchestra.run.smithi029.stdout:/usr/bin/ceph: stderr
2024-03-11T19:00:22.904+0000 7fddc8307700 1 -- 172.21.15.29:0/633673834 --> [v2:172.21.15.29:3300/0,v1:172.21.15.29:6789/0] -- mon_command({"prefix": "get_command_descriptions"} v 0) v1 -- 0x7fddc010b840 con 0x7fddc0107460
2024-03-11T19:00:28.067 INFO:teuthology.orchestra.run.smithi029.stdout:/usr/bin/ceph: stderr
2024-03-11T19:00:22.904+0000 7fddb77fe700 1 --2- 172.21.15.29:0/633673834 >> [v2:172.21.15.29:6800/3585665950,v1:172.21.15.29:6801/3585665950] conn(0x7fddac038cb0 0x7fddac03b170 unknown :-1 s=NONE pgs=0 cs=0 l=1 rev1=0 crypto rx=0 tx=0 comp rx=0 tx=0).connect
2024-03-11T19:00:28.067 INFO:teuthology.orchestra.run.smithi029.stdout:/usr/bin/ceph: stderr
2024-03-11T19:00:22.904+0000 7fddb77fe700 1 -- 172.21.15.29:0/633673834 <== mon.0 v2:172.21.15.29:3300/0 5 ==== osd_map(2..2 src has 1..2) v4 ==== 940+0+0 (secure 0 0 0) 0x7fddbc04cf10 con 0x7fddc0107460
2024-03-11T19:00:28.067 INFO:teuthology.orchestra.run.smithi029.stdout:/usr/bin/ceph: stderr
2024-03-11T19:00:22.904+0000 7fddc58a2700 1 --2- 172.21.15.29:0/633673834 >> [v2:172.21.15.29:6800/3585665950,v1:172.21.15.29:6801/3585665950] conn(0x7fddac038cb0 0x7fddac03b170 unknown :-1 s=BANNER_CONNECTING pgs=0 cs=0 l=1 rev1=0 crypto rx=0 tx=0 comp rx=0 tx=0)._handle_peer_banner_payload supported=3 required=0
2024-03-11T19:00:28.067 INFO:teuthology.orchestra.run.smithi029.stdout:/usr/bin/ceph: stderr
2024-03-11T19:00:22.905+0000 7fddc58a2700 1 --2- 172.21.15.29:0/633673834 >> [v2:172.21.15.29:6800/3585665950,v1:172.21.15.29:6801/3585665950] conn(0x7fddac038cb0 0x7fddac03b170 secure :-1 s=READY pgs=11 cs=0 l=1 rev1=1 crypto rx=0x7fddb0006fd0 tx=0x7fddb0006e40 comp rx=0 tx=0).ready entity=mgr.14118 client_cookie=0 server_cookie=0 in_seq=0 out_seq=0
2024-03-11T19:00:28.067 INFO:teuthology.orchestra.run.smithi029.stdout:/usr/bin/ceph: stderr
2024-03-11T19:00:22.909+0000 7fddb77fe700 1 -- 172.21.15.29:0/633673834 <== mon.0 v2:172.21.15.29:3300/0 6 ==== mon_command_ack([{"prefix": "get_command_descriptions"}]=0 v0) v1 ==== 72+0+183564 (secure 0 0 0) 0x7fddbc018760 con 0x7fddc0107460
2024-03-11T19:00:28.067 INFO:teuthology.orchestra.run.smithi029.stdout:/usr/bin/ceph: stderr
2024-03-11T19:00:23.115+0000 7fddc8307700 1 -- 172.21.15.29:0/633673834 --> [v2:172.21.15.29:6800/3585665950,v1:172.21.15.29:6801/3585665950] -- mgr_command(tid 0: {"prefix": "orch host add", "hostname": "smithi029", "addr": "172.21.15.29", "target": ["mon-mgr", ""]}) v1 -- 0x7fddc0103ce0 con 0x7fddac038cb0
2024-03-11T19:00:28.067 INFO:teuthology.orchestra.run.smithi029.stdout:/usr/bin/ceph: stderr
2024-03-11T19:00:27.533+0000 7fddb77fe700 1 -- 172.21.15.29:0/633673834 <== mgr.14118 v2:172.21.15.29:6800/3585665950 1 ==== mgr_command_reply(tid 0: 0 ) v1 ==== 8+0+48 (secure 0 0 0) 0x7fddc0103ce0 con 0x7fddac038cb0
2024-03-11T19:00:28.067 INFO:teuthology.orchestra.run.smithi029.stdout:/usr/bin/ceph: stderr
2024-03-11T19:00:27.536+0000 7fddc8307700 1 -- 172.21.15.29:0/633673834 >> [v2:172.21.15.29:6800/3585665950,v1:172.21.15.29:6801/3585665950] conn(0x7fddac038cb0 msgr2=0x7fddac03b170 secure :-1 s=STATE_CONNECTION_ESTABLISHED l=1).mark_down
2024-03-11T19:00:28.067 INFO:teuthology.orchestra.run.smithi029.stdout:/usr/bin/ceph: stderr
2024-03-11T19:00:27.536+0000 7fddc8307700 1 --2- 172.21.15.29:0/633673834 >> [v2:172.21.15.29:6800/3585665950,v1:172.21.15.29:6801/3585665950] conn(0x7fddac038cb0 0x7fddac03b170 secure :-1 s=READY pgs=11 cs=0 l=1 rev1=1 crypto rx=0x7fddb0006fd0 tx=0x7fddb0006e40 comp rx=0 tx=0).stop
2024-03-11T19:00:28.068 INFO:teuthology.orchestra.run.smithi029.stdout:/usr/bin/ceph: stderr
2024-03-11T19:00:27.536+0000 7fddc8307700 1 -- 172.21.15.29:0/633673834 >> [v2:172.21.15.29:3300/0,v1:172.21.15.29:6789/0] conn(0x7fddc0107460 msgr2=0x7fddc019b150 secure :-1 s=STATE_CONNECTION_ESTABLISHED l=1).mark_down
2024-03-11T19:00:28.068 INFO:teuthology.orchestra.run.smithi029.stdout:/usr/bin/ceph: stderr
2024-03-11T19:00:27.536+0000 7fddc8307700 1 --2- 172.21.15.29:0/633673834 >> [v2:172.21.15.29:3300/0,v1:172.21.15.29:6789/0] conn(0x7fddc0107460 0x7fddc019b150 secure :-1 s=READY pgs=44 cs=0 l=1 rev1=1 crypto rx=0x7fddbc006af0 tx=0x7fddbc011ab0 comp rx=0 tx=0).stop
2024-03-11T19:00:28.068 INFO:teuthology.orchestra.run.smithi029.stdout:/usr/bin/ceph: stderr
2024-03-11T19:00:27.536+0000 7fddc8307700 1 -- 172.21.15.29:0/633673834 shutdown_connections
2024-03-11T19:00:28.068 INFO:teuthology.orchestra.run.smithi029.stdout:/usr/bin/ceph: stderr
2024-03-11T19:00:27.536+0000 7fddc8307700 1 --2- 172.21.15.29:0/633673834 >> [v2:172.21.15.29:6800/3585665950,v1:172.21.15.29:6801/3585665950] conn(0x7fddac038cb0 0x7fddac03b170 unknown :-1 s=CLOSED pgs=11 cs=0 l=1 rev1=1 crypto rx=0 tx=0 comp rx=0 tx=0).stop
2024-03-11T19:00:28.068 INFO:teuthology.orchestra.run.smithi029.stdout:/usr/bin/ceph: stderr
2024-03-11T19:00:27.536+0000 7fddc8307700 1 --2- 172.21.15.29:0/633673834 >> [v2:172.21.15.29:3300/0,v1:172.21.15.29:6789/0] conn(0x7fddc0107460 0x7fddc019b150 unknown :-1 s=CLOSED pgs=44 cs=0 l=1 rev1=1 crypto rx=0 tx=0 comp rx=0 tx=0).stop
2024-03-11T19:00:28.068 INFO:teuthology.orchestra.run.smithi029.stdout:/usr/bin/ceph: stderr
2024-03-11T19:00:27.536+0000 7fddc8307700 1 -- 172.21.15.29:0/633673834 >> 172.21.15.29:0/633673834 conn(0x7fddc0102a40 msgr2=0x7fddc01035d0 unknown :-1 s=STATE_NONE l=0).mark_down
2024-03-11T19:00:28.068 INFO:teuthology.orchestra.run.smithi029.stdout:/usr/bin/ceph: stderr
2024-03-11T19:00:27.536+0000 7fddc8307700 1 -- 172.21.15.29:0/633673834 shutdown_connections
2024-03-11T19:00:28.068 INFO:teuthology.orchestra.run.smithi029.stdout:/usr/bin/ceph: stderr
2024-03-11T19:00:27.536+0000 7fddc8307700 1 -- 172.21.15.29:0/633673834 wait complete.
2024-03-11T19:00:28.068 INFO:teuthology.orchestra.run.smithi029.stdout:Deploying unmanaged mon service...
2024-03-11T19:00:28.656 INFO:journalctl@ceph.mon.a.smithi029.stdout:Mar 11 19:00:28 smithi029 ceph-mon[32439]: from='mgr.14118 172.21.15.29:0/3656454746' entity='mgr.x'
2024-03-11T19:00:28.656 INFO:journalctl@ceph.mon.a.smithi029.stdout:Mar 11 19:00:28 smithi029 ceph-mon[32439]: Added host smithi029
2024-03-11T19:00:28.656 INFO:journalctl@ceph.mon.a.smithi029.stdout:Mar 11 19:00:28 smithi029 ceph-mon[32439]: from='mgr.14118 172.21.15.29:0/3656454746' entity='mgr.x' cmd=[{"prefix": "config dump", "format": "json"}]: dispatch
2024-03-11T19:00:30.002 INFO:journalctl@ceph.mon.a.smithi029.stdout:Mar 11 19:00:29 smithi029 ceph-mon[32439]: from='client.14140 -' entity='client.admin' cmd=[{"prefix": "orch apply", "service_type": "mon", "unmanaged": true, "target": ["mon-mgr", ""]}]: dispatch
2024-03-11T19:00:30.002 INFO:journalctl@ceph.mon.a.smithi029.stdout:Mar 11 19:00:29 smithi029 ceph-mon[32439]: Saving service mon spec with placement count:5
2024-03-11T19:00:30.002 INFO:journalctl@ceph.mon.a.smithi029.stdout:Mar 11 19:00:29 smithi029 ceph-mon[32439]: from='mgr.14118 172.21.15.29:0/3656454746' entity='mgr.x'
2024-03-11T19:00:30.466 INFO:teuthology.orchestra.run.smithi029.stdout:/usr/bin/ceph: stdout Scheduled mon update...
2024-03-11T19:00:30.466 INFO:teuthology.orchestra.run.smithi029.stdout:/usr/bin/ceph: stderr
2024-03-11T19:00:28.481+0000 7fa3725a2700 1 Processor -- start
2024-03-11T19:00:30.467 INFO:teuthology.orchestra.run.smithi029.stdout:/usr/bin/ceph: stderr
2024-03-11T19:00:28.481+0000 7fa3725a2700 1 -- start start
2024-03-11T19:00:30.467 INFO:teuthology.orchestra.run.smithi029.stdout:/usr/bin/ceph: stderr
2024-03-11T19:00:28.481+0000 7fa3725a2700 1 --2- >> [v2:172.21.15.29:3300/0,v1:172.21.15.29:6789/0] conn(0x7fa36c1072f0 0x7fa36c107710 unknown :-1 s=NONE pgs=0 cs=0 l=0 rev1=0 crypto rx=0 tx=0 comp rx=0 tx=0).connect
2024-03-11T19:00:30.467 INFO:teuthology.orchestra.run.smithi029.stdout:/usr/bin/ceph: stderr
2024-03-11T19:00:28.481+0000 7fa3725a2700 1 -- --> [v2:172.21.15.29:3300/0,v1:172.21.15.29:6789/0] -- mon_getmap magic: 0 v1 -- 0x7fa36c107ce0 con 0x7fa36c1072f0
2024-03-11T19:00:30.467 INFO:teuthology.orchestra.run.smithi029.stdout:/usr/bin/ceph: stderr
2024-03-11T19:00:28.481+0000 7fa3715a0700 1 --2- >> [v2:172.21.15.29:3300/0,v1:172.21.15.29:6789/0] conn(0x7fa36c1072f0 0x7fa36c107710 unknown :-1 s=BANNER_CONNECTING pgs=0 cs=0 l=0 rev1=0 crypto rx=0 tx=0 comp rx=0 tx=0)._handle_peer_banner_payload supported=3 required=0
2024-03-11T19:00:30.467 INFO:teuthology.orchestra.run.smithi029.stdout:/usr/bin/ceph: stderr
2024-03-11T19:00:28.481+0000 7fa3715a0700 1 --2- >> [v2:172.21.15.29:3300/0,v1:172.21.15.29:6789/0] conn(0x7fa36c1072f0 0x7fa36c107710 unknown :-1 s=HELLO_CONNECTING pgs=0 cs=0 l=0 rev1=1 crypto rx=0 tx=0 comp rx=0 tx=0).handle_hello peer v2:172.21.15.29:3300/0 says I am v2:172.21.15.29:56636/0 (socket says 172.21.15.29:56636)
2024-03-11T19:00:30.467 INFO:teuthology.orchestra.run.smithi029.stdout:/usr/bin/ceph: stderr
2024-03-11T19:00:28.481+0000 7fa3715a0700 1 -- 172.21.15.29:0/3546359242 learned_addr learned my addr 172.21.15.29:0/3546359242 (peer_addr_for_me v2:172.21.15.29:0/0)
2024-03-11T19:00:30.467 INFO:teuthology.orchestra.run.smithi029.stdout:/usr/bin/ceph: stderr
2024-03-11T19:00:28.481+0000 7fa3715a0700 1 -- 172.21.15.29:0/3546359242 --> [v2:172.21.15.29:3300/0,v1:172.21.15.29:6789/0] -- mon_subscribe({config=0+,monmap=0+}) v3 -- 0x7fa36c108450 con 0x7fa36c1072f0
2024-03-11T19:00:30.467 INFO:teuthology.orchestra.run.smithi029.stdout:/usr/bin/ceph: stderr
2024-03-11T19:00:28.482+0000 7fa3715a0700 1 --2- 172.21.15.29:0/3546359242 >> [v2:172.21.15.29:3300/0,v1:172.21.15.29:6789/0] conn(0x7fa36c1072f0 0x7fa36c107710 secure :-1 s=READY pgs=45 cs=0 l=1 rev1=1 crypto rx=0x7fa3680098a0 tx=0x7fa368009bb0 comp rx=0 tx=0).ready entity=mon.0 client_cookie=57857c2b9b218772 server_cookie=0 in_seq=0 out_seq=0
2024-03-11T19:00:30.467 INFO:teuthology.orchestra.run.smithi029.stdout:/usr/bin/ceph: stderr
2024-03-11T19:00:28.482+0000 7fa363fff700 1 -- 172.21.15.29:0/3546359242 <== mon.0 v2:172.21.15.29:3300/0 1 ==== mon_map magic: 0 v1 ==== 205+0+0 (secure 0 0 0) 0x7fa368004160 con 0x7fa36c1072f0
2024-03-11T19:00:30.467 INFO:teuthology.orchestra.run.smithi029.stdout:/usr/bin/ceph: stderr
2024-03-11T19:00:28.482+0000 7fa363fff700 1 -- 172.21.15.29:0/3546359242 <== mon.0 v2:172.21.15.29:3300/0 2 ==== config(26 keys) v1 ==== 1071+0+0 (secure 0 0 0) 0x7fa3680042c0 con 0x7fa36c1072f0
2024-03-11T19:00:30.467 INFO:teuthology.orchestra.run.smithi029.stdout:/usr/bin/ceph: stderr
2024-03-11T19:00:28.482+0000 7fa363fff700 1 -- 172.21.15.29:0/3546359242 <== mon.0 v2:172.21.15.29:3300/0 3 ==== mon_map magic: 0 v1 ==== 205+0+0 (secure 0 0 0) 0x7fa368011a50 con 0x7fa36c1072f0
2024-03-11T19:00:30.467 INFO:teuthology.orchestra.run.smithi029.stdout:/usr/bin/ceph: stderr
2024-03-11T19:00:28.482+0000 7fa3725a2700 1 -- 172.21.15.29:0/3546359242 >> [v2:172.21.15.29:3300/0,v1:172.21.15.29:6789/0] conn(0x7fa36c1072f0 msgr2=0x7fa36c107710 secure :-1 s=STATE_CONNECTION_ESTABLISHED l=1).mark_down
2024-03-11T19:00:30.467 INFO:teuthology.orchestra.run.smithi029.stdout:/usr/bin/ceph: stderr
2024-03-11T19:00:28.482+0000 7fa3725a2700 1 --2- 172.21.15.29:0/3546359242 >> [v2:172.21.15.29:3300/0,v1:172.21.15.29:6789/0] conn(0x7fa36c1072f0 0x7fa36c107710 secure :-1 s=READY pgs=45 cs=0 l=1 rev1=1 crypto rx=0x7fa3680098a0 tx=0x7fa368009bb0 comp rx=0 tx=0).stop
2024-03-11T19:00:30.467 INFO:teuthology.orchestra.run.smithi029.stdout:/usr/bin/ceph: stderr
2024-03-11T19:00:28.482+0000 7fa3725a2700 1 -- 172.21.15.29:0/3546359242 shutdown_connections
2024-03-11T19:00:30.468 INFO:teuthology.orchestra.run.smithi029.stdout:/usr/bin/ceph: stderr
2024-03-11T19:00:28.482+0000 7fa3725a2700 1 --2- 172.21.15.29:0/3546359242 >> [v2:172.21.15.29:3300/0,v1:172.21.15.29:6789/0] conn(0x7fa36c1072f0 0x7fa36c107710 unknown :-1 s=CLOSED pgs=45 cs=0 l=1 rev1=1 crypto rx=0 tx=0 comp rx=0 tx=0).stop
2024-03-11T19:00:30.468 INFO:teuthology.orchestra.run.smithi029.stdout:/usr/bin/ceph: stderr
2024-03-11T19:00:28.482+0000 7fa3725a2700 1 -- 172.21.15.29:0/3546359242 >> 172.21.15.29:0/3546359242 conn(0x7fa36c1028b0 msgr2=0x7fa36c104cd0 unknown :-1 s=STATE_NONE l=0).mark_down
2024-03-11T19:00:30.468 INFO:teuthology.orchestra.run.smithi029.stdout:/usr/bin/ceph: stderr
2024-03-11T19:00:28.483+0000 7fa3725a2700 1 -- 172.21.15.29:0/3546359242 shutdown_connections
2024-03-11T19:00:30.468 INFO:teuthology.orchestra.run.smithi029.stdout:/usr/bin/ceph: stderr
2024-03-11T19:00:28.483+0000 7fa3725a2700 1 -- 172.21.15.29:0/3546359242 wait complete.
2024-03-11T19:00:30.468 INFO:teuthology.orchestra.run.smithi029.stdout:/usr/bin/ceph: stderr
2024-03-11T19:00:28.483+0000 7fa3725a2700 1 Processor -- start
2024-03-11T19:00:30.468 INFO:teuthology.orchestra.run.smithi029.stdout:/usr/bin/ceph: stderr
2024-03-11T19:00:28.483+0000 7fa3725a2700 1 -- start start
2024-03-11T19:00:30.468 INFO:teuthology.orchestra.run.smithi029.stdout:/usr/bin/ceph: stderr
2024-03-11T19:00:28.483+0000 7fa3725a2700 1 --2- >> [v2:172.21.15.29:3300/0,v1:172.21.15.29:6789/0] conn(0x7fa36c1072f0 0x7fa36c19af90 unknown :-1 s=NONE pgs=0 cs=0 l=1 rev1=0 crypto rx=0 tx=0 comp rx=0 tx=0).connect
2024-03-11T19:00:30.468 INFO:teuthology.orchestra.run.smithi029.stdout:/usr/bin/ceph: stderr
2024-03-11T19:00:28.483+0000 7fa3725a2700 1 -- --> [v2:172.21.15.29:3300/0,v1:172.21.15.29:6789/0] -- mon_getmap magic: 0 v1 -- 0x7fa36c19b4d0 con 0x7fa36c1072f0
2024-03-11T19:00:30.468 INFO:teuthology.orchestra.run.smithi029.stdout:/usr/bin/ceph: stderr
2024-03-11T19:00:28.483+0000 7fa3715a0700 1 --2- >> [v2:172.21.15.29:3300/0,v1:172.21.15.29:6789/0] conn(0x7fa36c1072f0 0x7fa36c19af90 unknown :-1 s=BANNER_CONNECTING pgs=0 cs=0 l=1 rev1=0 crypto rx=0 tx=0 comp rx=0 tx=0)._handle_peer_banner_payload supported=3 required=0
2024-03-11T19:00:30.468 INFO:teuthology.orchestra.run.smithi029.stdout:/usr/bin/ceph: stderr
2024-03-11T19:00:28.483+0000 7fa3715a0700 1 --2- >> [v2:172.21.15.29:3300/0,v1:172.21.15.29:6789/0] conn(0x7fa36c1072f0 0x7fa36c19af90 unknown :-1 s=HELLO_CONNECTING pgs=0 cs=0 l=1 rev1=1 crypto rx=0 tx=0 comp rx=0 tx=0).handle_hello peer v2:172.21.15.29:3300/0 says I am v2:172.21.15.29:56640/0 (socket says 172.21.15.29:56640)
2024-03-11T19:00:30.468 INFO:teuthology.orchestra.run.smithi029.stdout:/usr/bin/ceph: stderr
2024-03-11T19:00:28.483+0000 7fa3715a0700 1 -- 172.21.15.29:0/771129742 learned_addr learned my addr 172.21.15.29:0/771129742 (peer_addr_for_me v2:172.21.15.29:0/0)
2024-03-11T19:00:30.469 INFO:teuthology.orchestra.run.smithi029.stdout:/usr/bin/ceph: stderr
2024-03-11T19:00:28.484+0000 7fa3715a0700 1 -- 172.21.15.29:0/771129742 --> [v2:172.21.15.29:3300/0,v1:172.21.15.29:6789/0] -- mon_subscribe({config=0+,monmap=0+}) v3 -- 0x7fa368009550 con 0x7fa36c1072f0
2024-03-11T19:00:30.469 INFO:teuthology.orchestra.run.smithi029.stdout:/usr/bin/ceph: stderr
2024-03-11T19:00:28.484+0000 7fa3715a0700 1 --2- 172.21.15.29:0/771129742 >> [v2:172.21.15.29:3300/0,v1:172.21.15.29:6789/0] conn(0x7fa36c1072f0 0x7fa36c19af90 secure :-1 s=READY pgs=46 cs=0 l=1 rev1=1 crypto rx=0x7fa368006af0 tx=0x7fa368011ab0 comp rx=0 tx=0).ready entity=mon.0 client_cookie=0 server_cookie=0 in_seq=0 out_seq=0
2024-03-11T19:00:30.469 INFO:teuthology.orchestra.run.smithi029.stdout:/usr/bin/ceph: stderr
2024-03-11T19:00:28.484+0000 7fa3627fc700 1 -- 172.21.15.29:0/771129742 <== mon.0 v2:172.21.15.29:3300/0 1 ==== mon_map magic: 0 v1 ==== 205+0+0 (secure 0 0 0) 0x7fa368003930 con 0x7fa36c1072f0
2024-03-11T19:00:30.469 INFO:teuthology.orchestra.run.smithi029.stdout:/usr/bin/ceph: stderr
2024-03-11T19:00:28.484+0000 7fa3627fc700 1 -- 172.21.15.29:0/771129742 <== mon.0 v2:172.21.15.29:3300/0 2 ==== config(26 keys) v1 ==== 1071+0+0 (secure 0 0 0) 0x7fa368003a90 con 0x7fa36c1072f0
2024-03-11T19:00:30.469 INFO:teuthology.orchestra.run.smithi029.stdout:/usr/bin/ceph: stderr
2024-03-11T19:00:28.484+0000 7fa3725a2700 1 -- 172.21.15.29:0/771129742 --> [v2:172.21.15.29:3300/0,v1:172.21.15.29:6789/0] -- mon_subscribe({mgrmap=0+}) v3 -- 0x7fa36c19b6d0 con 0x7fa36c1072f0
2024-03-11T19:00:30.469 INFO:teuthology.orchestra.run.smithi029.stdout:/usr/bin/ceph: stderr
2024-03-11T19:00:28.484+0000 7fa3627fc700 1 -- 172.21.15.29:0/771129742 <== mon.0 v2:172.21.15.29:3300/0 3 ==== mon_map magic: 0 v1 ==== 205+0+0 (secure 0 0 0) 0x7fa368019670 con 0x7fa36c1072f0
2024-03-11T19:00:30.469 INFO:teuthology.orchestra.run.smithi029.stdout:/usr/bin/ceph: stderr
2024-03-11T19:00:28.484+0000 7fa3725a2700 1 -- 172.21.15.29:0/771129742 --> [v2:172.21.15.29:3300/0,v1:172.21.15.29:6789/0] -- mon_subscribe({osdmap=0}) v3 -- 0x7fa36c19bb70 con 0x7fa36c1072f0
2024-03-11T19:00:30.469 INFO:teuthology.orchestra.run.smithi029.stdout:/usr/bin/ceph: stderr
2024-03-11T19:00:28.485+0000 7fa3627fc700 1 -- 172.21.15.29:0/771129742 <== mon.0 v2:172.21.15.29:3300/0 4 ==== mgrmap(e 8) v1 ==== 45769+0+0 (secure 0 0 0) 0x7fa3680198e0 con 0x7fa36c1072f0
2024-03-11T19:00:30.469 INFO:teuthology.orchestra.run.smithi029.stdout:/usr/bin/ceph: stderr
2024-03-11T19:00:28.485+0000 7fa3627fc700 1 --2- 172.21.15.29:0/771129742 >> [v2:172.21.15.29:6800/3585665950,v1:172.21.15.29:6801/3585665950] conn(0x7fa358038cb0 0x7fa35803b170 unknown :-1 s=NONE pgs=0 cs=0 l=1 rev1=0 crypto rx=0 tx=0 comp rx=0 tx=0).connect
2024-03-11T19:00:30.469 INFO:teuthology.orchestra.run.smithi029.stdout:/usr/bin/ceph: stderr
2024-03-11T19:00:28.485+0000 7fa3725a2700 1 -- 172.21.15.29:0/771129742 --> [v2:172.21.15.29:3300/0,v1:172.21.15.29:6789/0] -- mon_command({"prefix": "get_command_descriptions"} v 0) v1 -- 0x7fa36c10b680 con 0x7fa36c1072f0
2024-03-11T19:00:30.469 INFO:teuthology.orchestra.run.smithi029.stdout:/usr/bin/ceph: stderr
2024-03-11T19:00:28.485+0000 7fa3627fc700 1 -- 172.21.15.29:0/771129742 <== mon.0 v2:172.21.15.29:3300/0 5 ==== osd_map(2..2 src has 1..2) v4 ==== 940+0+0 (secure 0 0 0) 0x7fa36804d130 con 0x7fa36c1072f0
2024-03-11T19:00:30.469 INFO:teuthology.orchestra.run.smithi029.stdout:/usr/bin/ceph: stderr
2024-03-11T19:00:28.485+0000 7fa370d9f700 1 --2- 172.21.15.29:0/771129742 >> [v2:172.21.15.29:6800/3585665950,v1:172.21.15.29:6801/3585665950] conn(0x7fa358038cb0 0x7fa35803b170 unknown :-1 s=BANNER_CONNECTING pgs=0 cs=0 l=1 rev1=0 crypto rx=0 tx=0 comp rx=0 tx=0)._handle_peer_banner_payload supported=3 required=0
2024-03-11T19:00:30.469 INFO:teuthology.orchestra.run.smithi029.stdout:/usr/bin/ceph: stderr
2024-03-11T19:00:28.486+0000 7fa370d9f700 1 --2- 172.21.15.29:0/771129742 >> [v2:172.21.15.29:6800/3585665950,v1:172.21.15.29:6801/3585665950] conn(0x7fa358038cb0 0x7fa35803b170 secure :-1 s=READY pgs=12 cs=0 l=1 rev1=1 crypto rx=0x7fa35c006fd0 tx=0x7fa35c006e40 comp rx=0 tx=0).ready entity=mgr.14118 client_cookie=0 server_cookie=0 in_seq=0 out_seq=0
2024-03-11T19:00:30.469 INFO:teuthology.orchestra.run.smithi029.stdout:/usr/bin/ceph: stderr
2024-03-11T19:00:28.490+0000 7fa3627fc700 1 -- 172.21.15.29:0/771129742 <== mon.0 v2:172.21.15.29:3300/0 6 ==== mon_command_ack([{"prefix": "get_command_descriptions"}]=0 v0) v1 ==== 72+0+183564 (secure 0 0 0) 0x7fa368018c20 con 0x7fa36c1072f0
2024-03-11T19:00:30.470 INFO:teuthology.orchestra.run.smithi029.stdout:/usr/bin/ceph: stderr
2024-03-11T19:00:28.706+0000 7fa3725a2700 1 -- 172.21.15.29:0/771129742 --> [v2:172.21.15.29:6800/3585665950,v1:172.21.15.29:6801/3585665950] -- mgr_command(tid 0: {"prefix": "orch apply", "service_type": "mon", "unmanaged": true, "target": ["mon-mgr", ""]}) v1 -- 0x7fa36c103b70 con 0x7fa358038cb0
2024-03-11T19:00:30.470 INFO:teuthology.orchestra.run.smithi029.stdout:/usr/bin/ceph: stderr
2024-03-11T19:00:28.711+0000 7fa3627fc700 1 -- 172.21.15.29:0/771129742 <== mgr.14118 v2:172.21.15.29:6800/3585665950 1 ==== mgr_command_reply(tid 0: 0 ) v1 ==== 8+0+24 (secure 0 0 0) 0x7fa36c103b70 con 0x7fa358038cb0
2024-03-11T19:00:30.470 INFO:teuthology.orchestra.run.smithi029.stdout:/usr/bin/ceph: stderr
2024-03-11T19:00:28.713+0000 7fa3725a2700 1 -- 172.21.15.29:0/771129742 >> [v2:172.21.15.29:6800/3585665950,v1:172.21.15.29:6801/3585665950] conn(0x7fa358038cb0 msgr2=0x7fa35803b170 secure :-1 s=STATE_CONNECTION_ESTABLISHED l=1).mark_down
2024-03-11T19:00:30.470 INFO:teuthology.orchestra.run.smithi029.stdout:/usr/bin/ceph: stderr
2024-03-11T19:00:28.713+0000 7fa3725a2700 1 --2- 172.21.15.29:0/771129742 >> [v2:172.21.15.29:6800/3585665950,v1:172.21.15.29:6801/3585665950] conn(0x7fa358038cb0 0x7fa35803b170 secure :-1 s=READY pgs=12 cs=0 l=1 rev1=1 crypto rx=0x7fa35c006fd0 tx=0x7fa35c006e40 comp rx=0 tx=0).stop
2024-03-11T19:00:30.470 INFO:teuthology.orchestra.run.smithi029.stdout:/usr/bin/ceph: stderr
2024-03-11T19:00:28.713+0000 7fa3725a2700 1 -- 172.21.15.29:0/771129742 >> [v2:172.21.15.29:3300/0,v1:172.21.15.29:6789/0] conn(0x7fa36c1072f0 msgr2=0x7fa36c19af90 secure :-1 s=STATE_CONNECTION_ESTABLISHED l=1).mark_down
2024-03-11T19:00:30.470 INFO:teuthology.orchestra.run.smithi029.stdout:/usr/bin/ceph: stderr
2024-03-11T19:00:28.713+0000 7fa3725a2700 1 --2- 172.21.15.29:0/771129742 >> [v2:172.21.15.29:3300/0,v1:172.21.15.29:6789/0] conn(0x7fa36c1072f0 0x7fa36c19af90 secure :-1 s=READY pgs=46 cs=0 l=1 rev1=1 crypto rx=0x7fa368006af0 tx=0x7fa368011ab0 comp rx=0 tx=0).stop
2024-03-11T19:00:30.470 INFO:teuthology.orchestra.run.smithi029.stdout:/usr/bin/ceph: stderr
2024-03-11T19:00:28.713+0000 7fa3725a2700 1 -- 172.21.15.29:0/771129742 shutdown_connections
2024-03-11T19:00:30.470 INFO:teuthology.orchestra.run.smithi029.stdout:/usr/bin/ceph: stderr
2024-03-11T19:00:28.713+0000 7fa3725a2700 1 --2- 172.21.15.29:0/771129742 >> [v2:172.21.15.29:6800/3585665950,v1:172.21.15.29:6801/3585665950] conn(0x7fa358038cb0 0x7fa35803b170 unknown :-1 s=CLOSED pgs=12 cs=0 l=1 rev1=1 crypto rx=0 tx=0 comp rx=0 tx=0).stop
2024-03-11T19:00:30.470 INFO:teuthology.orchestra.run.smithi029.stdout:/usr/bin/ceph: stderr
2024-03-11T19:00:28.713+0000 7fa3725a2700 1 --2- 172.21.15.29:0/771129742 >> [v2:172.21.15.29:3300/0,v1:172.21.15.29:6789/0] conn(0x7fa36c1072f0 0x7fa36c19af90 unknown :-1 s=CLOSED pgs=46 cs=0 l=1 rev1=1 crypto rx=0 tx=0 comp rx=0 tx=0).stop
2024-03-11T19:00:30.470 INFO:teuthology.orchestra.run.smithi029.stdout:/usr/bin/ceph: stderr
2024-03-11T19:00:28.713+0000 7fa3725a2700 1 -- 172.21.15.29:0/771129742 >> 172.21.15.29:0/771129742 conn(0x7fa36c1028b0 msgr2=0x7fa36c103460 unknown :-1 s=STATE_NONE l=0).mark_down
2024-03-11T19:00:30.470 INFO:teuthology.orchestra.run.smithi029.stdout:/usr/bin/ceph: stderr
2024-03-11T19:00:28.713+0000 7fa3725a2700 1 -- 172.21.15.29:0/771129742 shutdown_connections
2024-03-11T19:00:30.470 INFO:teuthology.orchestra.run.smithi029.stdout:/usr/bin/ceph: stderr
2024-03-11T19:00:28.713+0000 7fa3725a2700 1 -- 172.21.15.29:0/771129742 wait complete.
2024-03-11T19:00:30.470 INFO:teuthology.orchestra.run.smithi029.stdout:Deploying unmanaged mgr service...
2024-03-11T19:00:31.366 INFO:journalctl@ceph.mon.a.smithi029.stdout:Mar 11 19:00:31 smithi029 ceph-mon[32439]: from='mgr.14118 172.21.15.29:0/3656454746' entity='mgr.x'
2024-03-11T19:00:31.366 INFO:journalctl@ceph.mon.a.smithi029.stdout:Mar 11 19:00:31 smithi029 ceph-mon[32439]: from='mgr.14118 172.21.15.29:0/3656454746' entity='mgr.x'
2024-03-11T19:00:32.304 INFO:teuthology.orchestra.run.smithi029.stdout:/usr/bin/ceph: stdout Scheduled mgr update...
2024-03-11T19:00:32.304 INFO:teuthology.orchestra.run.smithi029.stdout:/usr/bin/ceph: stderr
2024-03-11T19:00:30.904+0000 7f185e827700 1 Processor -- start
2024-03-11T19:00:32.304 INFO:teuthology.orchestra.run.smithi029.stdout:/usr/bin/ceph: stderr
2024-03-11T19:00:30.904+0000 7f185e827700 1 -- start start
2024-03-11T19:00:32.305 INFO:teuthology.orchestra.run.smithi029.stdout:/usr/bin/ceph: stderr
2024-03-11T19:00:30.904+0000 7f185e827700 1 --2- >> [v2:172.21.15.29:3300/0,v1:172.21.15.29:6789/0] conn(0x7f185807ce50 0x7f185807b300 unknown :-1 s=NONE pgs=0 cs=0 l=0 rev1=0 crypto rx=0 tx=0 comp rx=0 tx=0).connect
2024-03-11T19:00:32.305 INFO:teuthology.orchestra.run.smithi029.stdout:/usr/bin/ceph: stderr
2024-03-11T19:00:30.904+0000 7f185e827700 1 -- --> [v2:172.21.15.29:3300/0,v1:172.21.15.29:6789/0] -- mon_getmap magic: 0 v1 -- 0x7f185807b8d0 con 0x7f185807ce50
2024-03-11T19:00:32.305 INFO:teuthology.orchestra.run.smithi029.stdout:/usr/bin/ceph: stderr
2024-03-11T19:00:30.905+0000 7f1857fff700 1 --2- >> [v2:172.21.15.29:3300/0,v1:172.21.15.29:6789/0] conn(0x7f185807ce50 0x7f185807b300 unknown :-1 s=BANNER_CONNECTING pgs=0 cs=0 l=0 rev1=0 crypto rx=0 tx=0 comp rx=0 tx=0)._handle_peer_banner_payload supported=3 required=0
2024-03-11T19:00:32.305 INFO:teuthology.orchestra.run.smithi029.stdout:/usr/bin/ceph: stderr
2024-03-11T19:00:30.905+0000 7f1857fff700 1 --2- >> [v2:172.21.15.29:3300/0,v1:172.21.15.29:6789/0] conn(0x7f185807ce50 0x7f185807b300 unknown :-1 s=HELLO_CONNECTING pgs=0 cs=0 l=0 rev1=1 crypto rx=0 tx=0 comp rx=0 tx=0).handle_hello peer v2:172.21.15.29:3300/0 says I am v2:172.21.15.29:56648/0 (socket says 172.21.15.29:56648)
2024-03-11T19:00:32.305 INFO:teuthology.orchestra.run.smithi029.stdout:/usr/bin/ceph: stderr
2024-03-11T19:00:30.905+0000 7f1857fff700 1 -- 172.21.15.29:0/2553949898 learned_addr learned my addr 172.21.15.29:0/2553949898 (peer_addr_for_me v2:172.21.15.29:0/0)
2024-03-11T19:00:32.305 INFO:teuthology.orchestra.run.smithi029.stdout:/usr/bin/ceph: stderr
2024-03-11T19:00:30.905+0000 7f1857fff700 1 -- 172.21.15.29:0/2553949898 --> [v2:172.21.15.29:3300/0,v1:172.21.15.29:6789/0] -- mon_subscribe({config=0+,monmap=0+}) v3 -- 0x7f185807ba10 con 0x7f185807ce50
2024-03-11T19:00:32.305 INFO:teuthology.orchestra.run.smithi029.stdout:/usr/bin/ceph: stderr
2024-03-11T19:00:30.905+0000 7f1857fff700 1 --2- 172.21.15.29:0/2553949898 >> [v2:172.21.15.29:3300/0,v1:172.21.15.29:6789/0] conn(0x7f185807ce50 0x7f185807b300 secure :-1 s=READY pgs=47 cs=0 l=1 rev1=1 crypto rx=0x7f18400098a0 tx=0x7f1840009bb0 comp rx=0 tx=0).ready entity=mon.0 client_cookie=fb12eb95c209af09 server_cookie=0 in_seq=0 out_seq=0
2024-03-11T19:00:32.305 INFO:teuthology.orchestra.run.smithi029.stdout:/usr/bin/ceph: stderr
2024-03-11T19:00:30.905+0000 7f1856ffd700 1 -- 172.21.15.29:0/2553949898 <== mon.0 v2:172.21.15.29:3300/0 1 ==== mon_map magic: 0 v1 ==== 205+0+0 (secure 0 0 0) 0x7f1840004160 con 0x7f185807ce50
2024-03-11T19:00:32.305 INFO:teuthology.orchestra.run.smithi029.stdout:/usr/bin/ceph: stderr
2024-03-11T19:00:30.905+0000 7f1856ffd700 1 -- 172.21.15.29:0/2553949898 <== mon.0 v2:172.21.15.29:3300/0 2 ==== config(26 keys) v1 ==== 1102+0+0 (secure 0 0 0) 0x7f18400042c0 con 0x7f185807ce50
2024-03-11T19:00:32.305 INFO:teuthology.orchestra.run.smithi029.stdout:/usr/bin/ceph: stderr
2024-03-11T19:00:30.905+0000 7f1856ffd700 1 -- 172.21.15.29:0/2553949898 <== mon.0 v2:172.21.15.29:3300/0 3 ==== mon_map magic: 0 v1 ==== 205+0+0 (secure 0 0 0) 0x7f18400119b0 con 0x7f185807ce50
2024-03-11T19:00:32.305 INFO:teuthology.orchestra.run.smithi029.stdout:/usr/bin/ceph: stderr
2024-03-11T19:00:30.906+0000 7f185e827700 1 -- 172.21.15.29:0/2553949898 >> [v2:172.21.15.29:3300/0,v1:172.21.15.29:6789/0] conn(0x7f185807ce50 msgr2=0x7f185807b300 secure :-1 s=STATE_CONNECTION_ESTABLISHED l=1).mark_down
2024-03-11T19:00:32.305 INFO:teuthology.orchestra.run.smithi029.stdout:/usr/bin/ceph: stderr
2024-03-11T19:00:30.906+0000 7f185e827700 1 --2- 172.21.15.29:0/2553949898 >> [v2:172.21.15.29:3300/0,v1:172.21.15.29:6789/0] conn(0x7f185807ce50 0x7f185807b300 secure :-1 s=READY pgs=47 cs=0 l=1 rev1=1 crypto rx=0x7f18400098a0 tx=0x7f1840009bb0 comp rx=0 tx=0).stop
2024-03-11T19:00:32.305 INFO:teuthology.orchestra.run.smithi029.stdout:/usr/bin/ceph: stderr
2024-03-11T19:00:30.906+0000 7f185e827700 1 -- 172.21.15.29:0/2553949898 shutdown_connections
2024-03-11T19:00:32.306 INFO:teuthology.orchestra.run.smithi029.stdout:/usr/bin/ceph: stderr
2024-03-11T19:00:30.906+0000 7f185e827700 1 --2- 172.21.15.29:0/2553949898 >> [v2:172.21.15.29:3300/0,v1:172.21.15.29:6789/0] conn(0x7f185807ce50 0x7f185807b300 unknown :-1 s=CLOSED pgs=47 cs=0 l=1 rev1=1 crypto rx=0 tx=0 comp rx=0 tx=0).stop
2024-03-11T19:00:32.306 INFO:teuthology.orchestra.run.smithi029.stdout:/usr/bin/ceph: stderr
2024-03-11T19:00:30.906+0000 7f185e827700 1 -- 172.21.15.29:0/2553949898 >> 172.21.15.29:0/2553949898 conn(0x7f1858102a40 msgr2=0x7f1858104e60 unknown :-1 s=STATE_NONE l=0).mark_down
2024-03-11T19:00:32.306 INFO:teuthology.orchestra.run.smithi029.stdout:/usr/bin/ceph: stderr
2024-03-11T19:00:30.907+0000 7f185e827700 1 -- 172.21.15.29:0/2553949898 shutdown_connections
2024-03-11T19:00:32.306 INFO:teuthology.orchestra.run.smithi029.stdout:/usr/bin/ceph: stderr
2024-03-11T19:00:30.907+0000 7f185e827700 1 -- 172.21.15.29:0/2553949898 wait complete.
2024-03-11T19:00:32.306 INFO:teuthology.orchestra.run.smithi029.stdout:/usr/bin/ceph: stderr
2024-03-11T19:00:30.907+0000 7f185e827700 1 Processor -- start
2024-03-11T19:00:32.306 INFO:teuthology.orchestra.run.smithi029.stdout:/usr/bin/ceph: stderr
2024-03-11T19:00:30.907+0000 7f185e827700 1 -- start start
2024-03-11T19:00:32.306 INFO:teuthology.orchestra.run.smithi029.stdout:/usr/bin/ceph: stderr
2024-03-11T19:00:30.907+0000 7f185e827700 1 --2- >> [v2:172.21.15.29:3300/0,v1:172.21.15.29:6789/0] conn(0x7f185807ce50 0x7f185819d310 unknown :-1 s=NONE pgs=0 cs=0 l=1 rev1=0 crypto rx=0 tx=0 comp rx=0 tx=0).connect
2024-03-11T19:00:32.306 INFO:teuthology.orchestra.run.smithi029.stdout:/usr/bin/ceph: stderr
2024-03-11T19:00:30.907+0000 7f185e827700 1 -- --> [v2:172.21.15.29:3300/0,v1:172.21.15.29:6789/0] -- mon_getmap magic: 0 v1 -- 0x7f185819d850 con 0x7f185807ce50
2024-03-11T19:00:32.306 INFO:teuthology.orchestra.run.smithi029.stdout:/usr/bin/ceph: stderr
2024-03-11T19:00:30.908+0000 7f1857fff700 1 --2- >> [v2:172.21.15.29:3300/0,v1:172.21.15.29:6789/0] conn(0x7f185807ce50 0x7f185819d310 unknown :-1 s=BANNER_CONNECTING pgs=0 cs=0 l=1 rev1=0 crypto rx=0 tx=0 comp rx=0 tx=0)._handle_peer_banner_payload supported=3 required=0
2024-03-11T19:00:32.306 INFO:teuthology.orchestra.run.smithi029.stdout:/usr/bin/ceph: stderr
2024-03-11T19:00:30.908+0000 7f1857fff700 1 --2- >> [v2:172.21.15.29:3300/0,v1:172.21.15.29:6789/0] conn(0x7f185807ce50 0x7f185819d310 unknown :-1 s=HELLO_CONNECTING pgs=0 cs=0 l=1 rev1=1 crypto rx=0 tx=0 comp rx=0 tx=0).handle_hello peer v2:172.21.15.29:3300/0 says I am v2:172.21.15.29:56660/0 (socket says 172.21.15.29:56660)
2024-03-11T19:00:32.306 INFO:teuthology.orchestra.run.smithi029.stdout:/usr/bin/ceph: stderr
2024-03-11T19:00:30.908+0000 7f1857fff700 1 -- 172.21.15.29:0/2178902012 learned_addr learned my addr 172.21.15.29:0/2178902012 (peer_addr_for_me v2:172.21.15.29:0/0)
2024-03-11T19:00:32.306 INFO:teuthology.orchestra.run.smithi029.stdout:/usr/bin/ceph: stderr
2024-03-11T19:00:30.908+0000 7f1857fff700 1 -- 172.21.15.29:0/2178902012 --> [v2:172.21.15.29:3300/0,v1:172.21.15.29:6789/0] -- mon_subscribe({config=0+,monmap=0+}) v3 -- 0x7f1840009550 con 0x7f185807ce50
2024-03-11T19:00:32.307 INFO:teuthology.orchestra.run.smithi029.stdout:/usr/bin/ceph: stderr
2024-03-11T19:00:30.908+0000 7f1857fff700 1 --2- 172.21.15.29:0/2178902012 >> [v2:172.21.15.29:3300/0,v1:172.21.15.29:6789/0] conn(0x7f185807ce50 0x7f185819d310 secure :-1 s=READY pgs=48 cs=0 l=1 rev1=1 crypto rx=0x7f1840011980 tx=0x7f1840011a60 comp rx=0 tx=0).ready entity=mon.0 client_cookie=0 server_cookie=0 in_seq=0 out_seq=0
2024-03-11T19:00:32.307 INFO:teuthology.orchestra.run.smithi029.stdout:/usr/bin/ceph: stderr
2024-03-11T19:00:30.908+0000 7f18557fa700 1 -- 172.21.15.29:0/2178902012 <== mon.0 v2:172.21.15.29:3300/0 1 ==== mon_map magic: 0 v1 ==== 205+0+0 (secure 0 0 0) 0x7f18400038b0 con 0x7f185807ce50
2024-03-11T19:00:32.307 INFO:teuthology.orchestra.run.smithi029.stdout:/usr/bin/ceph: stderr
2024-03-11T19:00:30.908+0000 7f185e827700 1 -- 172.21.15.29:0/2178902012 --> [v2:172.21.15.29:3300/0,v1:172.21.15.29:6789/0] -- mon_subscribe({mgrmap=0+}) v3 -- 0x7f185819da50 con 0x7f185807ce50
2024-03-11T19:00:32.307 INFO:teuthology.orchestra.run.smithi029.stdout:/usr/bin/ceph: stderr
2024-03-11T19:00:30.908+0000 7f18557fa700 1 -- 172.21.15.29:0/2178902012 <== mon.0 v2:172.21.15.29:3300/0 2 ==== config(26 keys) v1 ==== 1102+0+0 (secure 0 0 0) 0x7f1840003a10 con 0x7f185807ce50
2024-03-11T19:00:32.307 INFO:teuthology.orchestra.run.smithi029.stdout:/usr/bin/ceph: stderr
2024-03-11T19:00:30.908+0000 7f18557fa700 1 -- 172.21.15.29:0/2178902012 <== mon.0 v2:172.21.15.29:3300/0 3 ==== mon_map magic: 0 v1 ==== 205+0+0 (secure 0 0 0) 0x7f18400195e0 con 0x7f185807ce50
2024-03-11T19:00:32.307 INFO:teuthology.orchestra.run.smithi029.stdout:/usr/bin/ceph: stderr
2024-03-11T19:00:30.908+0000 7f185e827700 1 -- 172.21.15.29:0/2178902012 --> [v2:172.21.15.29:3300/0,v1:172.21.15.29:6789/0] -- mon_subscribe({osdmap=0}) v3 -- 0x7f185819def0 con 0x7f185807ce50
2024-03-11T19:00:32.307 INFO:teuthology.orchestra.run.smithi029.stdout:/usr/bin/ceph: stderr
2024-03-11T19:00:30.909+0000 7f18557fa700 1 -- 172.21.15.29:0/2178902012 <== mon.0 v2:172.21.15.29:3300/0 4 ==== mgrmap(e 8) v1 ==== 45769+0+0 (secure 0 0 0) 0x7f1840019840 con 0x7f185807ce50
2024-03-11T19:00:32.307 INFO:teuthology.orchestra.run.smithi029.stdout:/usr/bin/ceph: stderr
2024-03-11T19:00:30.909+0000 7f18557fa700 1 --2- 172.21.15.29:0/2178902012 >> [v2:172.21.15.29:6800/3585665950,v1:172.21.15.29:6801/3585665950] conn(0x7f1844038c60 0x7f184403b120 unknown :-1 s=NONE pgs=0 cs=0 l=1 rev1=0 crypto rx=0 tx=0 comp rx=0 tx=0).connect
2024-03-11T19:00:32.307 INFO:teuthology.orchestra.run.smithi029.stdout:/usr/bin/ceph: stderr
2024-03-11T19:00:30.909+0000 7f18557fa700 1 -- 172.21.15.29:0/2178902012 <== mon.0 v2:172.21.15.29:3300/0 5 ==== osd_map(2..2 src has 1..2) v4 ==== 940+0+0 (secure 0 0 0) 0x7f184004ce70 con 0x7f185807ce50
2024-03-11T19:00:32.307 INFO:teuthology.orchestra.run.smithi029.stdout:/usr/bin/ceph: stderr
2024-03-11T19:00:30.909+0000 7f18577fe700 1 --2- 172.21.15.29:0/2178902012 >> [v2:172.21.15.29:6800/3585665950,v1:172.21.15.29:6801/3585665950] conn(0x7f1844038c60 0x7f184403b120 unknown :-1 s=BANNER_CONNECTING pgs=0 cs=0 l=1 rev1=0 crypto rx=0 tx=0 comp rx=0 tx=0)._handle_peer_banner_payload supported=3 required=0
2024-03-11T19:00:32.307 INFO:teuthology.orchestra.run.smithi029.stdout:/usr/bin/ceph: stderr
2024-03-11T19:00:30.910+0000 7f185e827700 1 -- 172.21.15.29:0/2178902012 --> [v2:172.21.15.29:3300/0,v1:172.21.15.29:6789/0] -- mon_command({"prefix": "get_command_descriptions"} v 0) v1 -- 0x7f185810d800 con 0x7f185807ce50
2024-03-11T19:00:32.307 INFO:teuthology.orchestra.run.smithi029.stdout:/usr/bin/ceph: stderr
2024-03-11T19:00:30.910+0000 7f18577fe700 1 --2- 172.21.15.29:0/2178902012 >> [v2:172.21.15.29:6800/3585665950,v1:172.21.15.29:6801/3585665950] conn(0x7f1844038c60 0x7f184403b120 secure :-1 s=READY pgs=13 cs=0 l=1 rev1=1 crypto rx=0x7f1848006fd0 tx=0x7f1848006e40 comp rx=0 tx=0).ready entity=mgr.14118 client_cookie=0 server_cookie=0 in_seq=0 out_seq=0
2024-03-11T19:00:32.308 INFO:teuthology.orchestra.run.smithi029.stdout:/usr/bin/ceph: stderr
2024-03-11T19:00:30.914+0000 7f18557fa700 1 -- 172.21.15.29:0/2178902012 <== mon.0 v2:172.21.15.29:3300/0 6 ==== mon_command_ack([{"prefix": "get_command_descriptions"}]=0 v0) v1 ==== 72+0+183564 (secure 0 0 0) 0x7f184002b340 con 0x7f185807ce50
2024-03-11T19:00:32.308 INFO:teuthology.orchestra.run.smithi029.stdout:/usr/bin/ceph: stderr
2024-03-11T19:00:31.181+0000 7f185e827700 1 -- 172.21.15.29:0/2178902012 --> [v2:172.21.15.29:6800/3585665950,v1:172.21.15.29:6801/3585665950] -- mgr_command(tid 0: {"prefix": "orch apply", "service_type": "mgr", "unmanaged": true, "target": ["mon-mgr", ""]}) v1 -- 0x7f1858103cc0 con 0x7f1844038c60
2024-03-11T19:00:32.308 INFO:teuthology.orchestra.run.smithi029.stdout:/usr/bin/ceph: stderr
2024-03-11T19:00:31.186+0000 7f18557fa700 1 -- 172.21.15.29:0/2178902012 <== mgr.14118 v2:172.21.15.29:6800/3585665950 1 ==== mgr_command_reply(tid 0: 0 ) v1 ==== 8+0+24 (secure 0 0 0) 0x7f1858103cc0 con 0x7f1844038c60
2024-03-11T19:00:32.308 INFO:teuthology.orchestra.run.smithi029.stdout:/usr/bin/ceph: stderr
2024-03-11T19:00:31.188+0000 7f185e827700 1 -- 172.21.15.29:0/2178902012 >> [v2:172.21.15.29:6800/3585665950,v1:172.21.15.29:6801/3585665950] conn(0x7f1844038c60 msgr2=0x7f184403b120 secure :-1 s=STATE_CONNECTION_ESTABLISHED l=1).mark_down
2024-03-11T19:00:32.308 INFO:teuthology.orchestra.run.smithi029.stdout:/usr/bin/ceph: stderr
2024-03-11T19:00:31.188+0000 7f185e827700 1 --2- 172.21.15.29:0/2178902012 >> [v2:172.21.15.29:6800/3585665950,v1:172.21.15.29:6801/3585665950] conn(0x7f1844038c60 0x7f184403b120 secure :-1 s=READY pgs=13 cs=0 l=1 rev1=1 crypto rx=0x7f1848006fd0 tx=0x7f1848006e40 comp rx=0 tx=0).stop
2024-03-11T19:00:32.308 INFO:teuthology.orchestra.run.smithi029.stdout:/usr/bin/ceph: stderr
2024-03-11T19:00:31.188+0000 7f185e827700 1 -- 172.21.15.29:0/2178902012 >> [v2:172.21.15.29:3300/0,v1:172.21.15.29:6789/0] conn(0x7f185807ce50 msgr2=0x7f185819d310 secure :-1 s=STATE_CONNECTION_ESTABLISHED l=1).mark_down
2024-03-11T19:00:32.308 INFO:teuthology.orchestra.run.smithi029.stdout:/usr/bin/ceph: stderr
2024-03-11T19:00:31.188+0000 7f185e827700 1 --2- 172.21.15.29:0/2178902012 >> [v2:172.21.15.29:3300/0,v1:172.21.15.29:6789/0] conn(0x7f185807ce50 0x7f185819d310 secure :-1 s=READY pgs=48 cs=0 l=1 rev1=1 crypto rx=0x7f1840011980 tx=0x7f1840011a60 comp rx=0 tx=0).stop
2024-03-11T19:00:32.308 INFO:teuthology.orchestra.run.smithi029.stdout:/usr/bin/ceph: stderr
2024-03-11T19:00:31.188+0000 7f185e827700 1 -- 172.21.15.29:0/2178902012 shutdown_connections
2024-03-11T19:00:32.308 INFO:teuthology.orchestra.run.smithi029.stdout:/usr/bin/ceph: stderr
2024-03-11T19:00:31.188+0000 7f185e827700 1 --2- 172.21.15.29:0/2178902012 >> [v2:172.21.15.29:6800/3585665950,v1:172.21.15.29:6801/3585665950] conn(0x7f1844038c60 0x7f184403b120 unknown :-1 s=CLOSED pgs=13 cs=0 l=1 rev1=1 crypto rx=0 tx=0 comp rx=0 tx=0).stop
2024-03-11T19:00:32.308 INFO:teuthology.orchestra.run.smithi029.stdout:/usr/bin/ceph: stderr
2024-03-11T19:00:31.188+0000 7f185e827700 1 --2- 172.21.15.29:0/2178902012 >> [v2:172.21.15.29:3300/0,v1:172.21.15.29:6789/0] conn(0x7f185807ce50 0x7f185819d310 unknown :-1 s=CLOSED pgs=48 cs=0 l=1 rev1=1 crypto rx=0 tx=0 comp rx=0 tx=0).stop
2024-03-11T19:00:32.308 INFO:teuthology.orchestra.run.smithi029.stdout:/usr/bin/ceph: stderr
