2024-03-11T19:09:15.178 INFO:teuthology.orchestra.run.smithi042.stdout:/usr/bin/ceph: stderr
2024-03-11T19:09:14.379+0000 7f035cf47700 1 --2- 172.21.15.42:0/3728351744 >> [v2:172.21.15.42:3300/0,v1:172.21.15.42:6789/0] conn(0x7f03581067f0 0x7f035819b7d0 secure :-1 s=READY pgs=40 cs=0 l=1 rev1=1 crypto rx=0x7f03480118e0 tx=0x7f0348011ca0 comp rx=0 tx=0).ready entity=mon.0 client_cookie=0 server_cookie=0 in_seq=0 out_seq=0
2024-03-11T19:09:15.179 INFO:teuthology.orchestra.run.smithi042.stdout:/usr/bin/ceph: stderr
2024-03-11T19:09:14.379+0000 7f0355ffb700 1 -- 172.21.15.42:0/3728351744 <== mon.0 v2:172.21.15.42:3300/0 1 ==== mon_map magic: 0 v1 ==== 205+0+0 (secure 0 0 0) 0x7f0348003970 con 0x7f03581067f0
2024-03-11T19:09:15.179 INFO:teuthology.orchestra.run.smithi042.stdout:/usr/bin/ceph: stderr
2024-03-11T19:09:14.379+0000 7f0355ffb700 1 -- 172.21.15.42:0/3728351744 <== mon.0 v2:172.21.15.42:3300/0 2 ==== config(29 keys) v1 ==== 1178+0+0 (secure 0 0 0) 0x7f0348003ad0 con 0x7f03581067f0
2024-03-11T19:09:15.179 INFO:teuthology.orchestra.run.smithi042.stdout:/usr/bin/ceph: stderr
2024-03-11T19:09:14.379+0000 7f0355ffb700 1 -- 172.21.15.42:0/3728351744 <== mon.0 v2:172.21.15.42:3300/0 3 ==== mon_map magic: 0 v1 ==== 205+0+0 (secure 0 0 0) 0x7f0348019630 con 0x7f03581067f0
2024-03-11T19:09:15.179 INFO:teuthology.orchestra.run.smithi042.stdout:/usr/bin/ceph: stderr
2024-03-11T19:09:14.379+0000 7f035f1ab700 1 -- 172.21.15.42:0/3728351744 --> [v2:172.21.15.42:3300/0,v1:172.21.15.42:6789/0] -- mon_subscribe({mgrmap=0+}) v3 -- 0x7f035819bf10 con 0x7f03581067f0
2024-03-11T19:09:15.179 INFO:teuthology.orchestra.run.smithi042.stdout:/usr/bin/ceph: stderr
2024-03-11T19:09:14.380+0000 7f035f1ab700 1 -- 172.21.15.42:0/3728351744 --> [v2:172.21.15.42:3300/0,v1:172.21.15.42:6789/0] -- mon_subscribe({osdmap=0}) v3 -- 0x7f035819c3b0 con 0x7f03581067f0
2024-03-11T19:09:15.179 INFO:teuthology.orchestra.run.smithi042.stdout:/usr/bin/ceph: stderr
2024-03-11T19:09:14.380+0000 7f0355ffb700 1 -- 172.21.15.42:0/3728351744 <== mon.0 v2:172.21.15.42:3300/0 4 ==== mgrmap(e 8) v1 ==== 45769+0+0 (secure 0 0 0) 0x7f0348003c40 con 0x7f03581067f0
2024-03-11T19:09:15.179 INFO:teuthology.orchestra.run.smithi042.stdout:/usr/bin/ceph: stderr
2024-03-11T19:09:14.380+0000 7f035f1ab700 1 -- 172.21.15.42:0/3728351744 --> [v2:172.21.15.42:3300/0,v1:172.21.15.42:6789/0] -- mon_command({"prefix": "get_command_descriptions"} v 0) v1 -- 0x7f0358195920 con 0x7f03581067f0
2024-03-11T19:09:15.179 INFO:teuthology.orchestra.run.smithi042.stdout:/usr/bin/ceph: stderr
2024-03-11T19:09:14.381+0000 7f0355ffb700 1 --2- 172.21.15.42:0/3728351744 >> [v2:172.21.15.42:6800/316601979,v1:172.21.15.42:6801/316601979] conn(0x7f0340038c60 0x7f034003b120 unknown :-1 s=NONE pgs=0 cs=0 l=1 rev1=0 crypto rx=0 tx=0 comp rx=0 tx=0).connect
2024-03-11T19:09:15.179 INFO:teuthology.orchestra.run.smithi042.stdout:/usr/bin/ceph: stderr
2024-03-11T19:09:14.381+0000 7f0355ffb700 1 -- 172.21.15.42:0/3728351744 <== mon.0 v2:172.21.15.42:3300/0 5 ==== osd_map(2..2 src has 1..2) v4 ==== 940+0+0 (secure 0 0 0) 0x7f034804cb20 con 0x7f03581067f0
2024-03-11T19:09:15.179 INFO:teuthology.orchestra.run.smithi042.stdout:/usr/bin/ceph: stderr
2024-03-11T19:09:14.381+0000 7f0357fff700 1 --2- 172.21.15.42:0/3728351744 >> [v2:172.21.15.42:6800/316601979,v1:172.21.15.42:6801/316601979] conn(0x7f0340038c60 0x7f034003b120 unknown :-1 s=BANNER_CONNECTING pgs=0 cs=0 l=1 rev1=0 crypto rx=0 tx=0 comp rx=0 tx=0)._handle_peer_banner_payload supported=3 required=0
2024-03-11T19:09:15.180 INFO:teuthology.orchestra.run.smithi042.stdout:/usr/bin/ceph: stderr
2024-03-11T19:09:14.381+0000 7f0357fff700 1 --2- 172.21.15.42:0/3728351744 >> [v2:172.21.15.42:6800/316601979,v1:172.21.15.42:6801/316601979] conn(0x7f0340038c60 0x7f034003b120 secure :-1 s=READY pgs=8 cs=0 l=1 rev1=1 crypto rx=0x7f034c006fd0 tx=0x7f034c006e40 comp rx=0 tx=0).ready entity=mgr.14120 client_cookie=0 server_cookie=0 in_seq=0 out_seq=0
2024-03-11T19:09:15.180 INFO:teuthology.orchestra.run.smithi042.stdout:/usr/bin/ceph: stderr
2024-03-11T19:09:14.386+0000 7f0355ffb700 1 -- 172.21.15.42:0/3728351744 <== mon.0 v2:172.21.15.42:3300/0 6 ==== mon_command_ack([{"prefix": "get_command_descriptions"}]=0 v0) v1 ==== 72+0+183564 (secure 0 0 0) 0x7f0348023c20 con 0x7f03581067f0
2024-03-11T19:09:15.180 INFO:teuthology.orchestra.run.smithi042.stdout:/usr/bin/ceph: stderr
2024-03-11T19:09:14.590+0000 7f035f1ab700 1 -- 172.21.15.42:0/3728351744 --> [v2:172.21.15.42:6800/316601979,v1:172.21.15.42:6801/316601979] -- mgr_command(tid 0: {"prefix": "cephadm set-user", "user": "root", "target": ["mon-mgr", ""]}) v1 -- 0x7f035802da40 con 0x7f0340038c60
2024-03-11T19:09:15.180 INFO:teuthology.orchestra.run.smithi042.stdout:/usr/bin/ceph: stderr
2024-03-11T19:09:14.591+0000 7f0355ffb700 1 -- 172.21.15.42:0/3728351744 <== mgr.14120 v2:172.21.15.42:6800/316601979 1 ==== mgr_command_reply(tid 0: 0 ) v1 ==== 8+0+16 (secure 0 0 0) 0x7f035802da40 con 0x7f0340038c60
2024-03-11T19:09:15.180 INFO:teuthology.orchestra.run.smithi042.stdout:/usr/bin/ceph: stderr
2024-03-11T19:09:14.593+0000 7f035f1ab700 1 -- 172.21.15.42:0/3728351744 >> [v2:172.21.15.42:6800/316601979,v1:172.21.15.42:6801/316601979] conn(0x7f0340038c60 msgr2=0x7f034003b120 secure :-1 s=STATE_CONNECTION_ESTABLISHED l=1).mark_down
2024-03-11T19:09:15.180 INFO:teuthology.orchestra.run.smithi042.stdout:/usr/bin/ceph: stderr
2024-03-11T19:09:14.593+0000 7f035f1ab700 1 --2- 172.21.15.42:0/3728351744 >> [v2:172.21.15.42:6800/316601979,v1:172.21.15.42:6801/316601979] conn(0x7f0340038c60 0x7f034003b120 secure :-1 s=READY pgs=8 cs=0 l=1 rev1=1 crypto rx=0x7f034c006fd0 tx=0x7f034c006e40 comp rx=0 tx=0).stop
2024-03-11T19:09:15.180 INFO:teuthology.orchestra.run.smithi042.stdout:/usr/bin/ceph: stderr
2024-03-11T19:09:14.593+0000 7f035f1ab700 1 -- 172.21.15.42:0/3728351744 >> [v2:172.21.15.42:3300/0,v1:172.21.15.42:6789/0] conn(0x7f03581067f0 msgr2=0x7f035819b7d0 secure :-1 s=STATE_CONNECTION_ESTABLISHED l=1).mark_down
2024-03-11T19:09:15.180 INFO:teuthology.orchestra.run.smithi042.stdout:/usr/bin/ceph: stderr
2024-03-11T19:09:14.593+0000 7f035f1ab700 1 --2- 172.21.15.42:0/3728351744 >> [v2:172.21.15.42:3300/0,v1:172.21.15.42:6789/0] conn(0x7f03581067f0 0x7f035819b7d0 secure :-1 s=READY pgs=40 cs=0 l=1 rev1=1 crypto rx=0x7f03480118e0 tx=0x7f0348011ca0 comp rx=0 tx=0).stop
2024-03-11T19:09:15.180 INFO:teuthology.orchestra.run.smithi042.stdout:/usr/bin/ceph: stderr
2024-03-11T19:09:14.593+0000 7f035f1ab700 1 -- 172.21.15.42:0/3728351744 shutdown_connections
2024-03-11T19:09:15.180 INFO:teuthology.orchestra.run.smithi042.stdout:/usr/bin/ceph: stderr
2024-03-11T19:09:14.593+0000 7f035f1ab700 1 --2- 172.21.15.42:0/3728351744 >> [v2:172.21.15.42:6800/316601979,v1:172.21.15.42:6801/316601979] conn(0x7f0340038c60 0x7f034003b120 unknown :-1 s=CLOSED pgs=8 cs=0 l=1 rev1=1 crypto rx=0 tx=0 comp rx=0 tx=0).stop
2024-03-11T19:09:15.180 INFO:teuthology.orchestra.run.smithi042.stdout:/usr/bin/ceph: stderr
2024-03-11T19:09:14.593+0000 7f035f1ab700 1 --2- 172.21.15.42:0/3728351744 >> [v2:172.21.15.42:3300/0,v1:172.21.15.42:6789/0] conn(0x7f03581067f0 0x7f035819b7d0 unknown :-1 s=CLOSED pgs=40 cs=0 l=1 rev1=1 crypto rx=0 tx=0 comp rx=0 tx=0).stop
2024-03-11T19:09:15.180 INFO:teuthology.orchestra.run.smithi042.stdout:/usr/bin/ceph: stderr
2024-03-11T19:09:14.593+0000 7f035f1ab700 1 -- 172.21.15.42:0/3728351744 >> 172.21.15.42:0/3728351744 conn(0x7f0358101e70 msgr2=0x7f0358102d40 unknown :-1 s=STATE_NONE l=0).mark_down
2024-03-11T19:09:15.180 INFO:teuthology.orchestra.run.smithi042.stdout:/usr/bin/ceph: stderr
2024-03-11T19:09:14.593+0000 7f035f1ab700 1 -- 172.21.15.42:0/3728351744 shutdown_connections
2024-03-11T19:09:15.180 INFO:teuthology.orchestra.run.smithi042.stdout:/usr/bin/ceph: stderr
2024-03-11T19:09:14.593+0000 7f035f1ab700 1 -- 172.21.15.42:0/3728351744 wait complete.
2024-03-11T19:09:15.181 INFO:teuthology.orchestra.run.smithi042.stdout:Generating ssh key...
2024-03-11T19:09:15.461 INFO:journalctl@ceph.mon.a.smithi042.stdout:Mar 11 19:09:15 smithi042 ceph-mon[32312]: from='client.14134 -' entity='client.admin' cmd=[{"prefix": "cephadm set-user", "user": "root", "target": ["mon-mgr", ""]}]: dispatch
2024-03-11T19:09:16.242 INFO:journalctl@ceph.mgr.x.smithi042.stdout:Mar 11 19:09:15 smithi042 ceph-9fcd5024-dfda-11ee-95c8-87774f69a715-mgr-x[32544]: Generating public/private rsa key pair.
2024-03-11T19:09:16.242 INFO:journalctl@ceph.mgr.x.smithi042.stdout:Mar 11 19:09:15 smithi042 ceph-9fcd5024-dfda-11ee-95c8-87774f69a715-mgr-x[32544]: Your identification has been saved in /tmp/tmp9nytm2a4/key.
2024-03-11T19:09:16.242 INFO:journalctl@ceph.mgr.x.smithi042.stdout:Mar 11 19:09:15 smithi042 ceph-9fcd5024-dfda-11ee-95c8-87774f69a715-mgr-x[32544]: Your public key has been saved in /tmp/tmp9nytm2a4/key.pub.
2024-03-11T19:09:16.242 INFO:journalctl@ceph.mgr.x.smithi042.stdout:Mar 11 19:09:15 smithi042 ceph-9fcd5024-dfda-11ee-95c8-87774f69a715-mgr-x[32544]: The key fingerprint is:
2024-03-11T19:09:16.242 INFO:journalctl@ceph.mgr.x.smithi042.stdout:Mar 11 19:09:15 smithi042 ceph-9fcd5024-dfda-11ee-95c8-87774f69a715-mgr-x[32544]: SHA256:wmYMMJJeB8rrnK6VP55m6IZroX44r7tFxDzY4dDdzPY ceph-9fcd5024-dfda-11ee-95c8-87774f69a715
2024-03-11T19:09:16.243 INFO:journalctl@ceph.mgr.x.smithi042.stdout:Mar 11 19:09:15 smithi042 ceph-9fcd5024-dfda-11ee-95c8-87774f69a715-mgr-x[32544]: The key's randomart image is:
2024-03-11T19:09:16.243 INFO:journalctl@ceph.mgr.x.smithi042.stdout:Mar 11 19:09:15 smithi042 ceph-9fcd5024-dfda-11ee-95c8-87774f69a715-mgr-x[32544]: +---[RSA 3072]----+
2024-03-11T19:09:16.243 INFO:journalctl@ceph.mgr.x.smithi042.stdout:Mar 11 19:09:15 smithi042 ceph-9fcd5024-dfda-11ee-95c8-87774f69a715-mgr-x[32544]: |.o+oo + |
2024-03-11T19:09:16.243 INFO:journalctl@ceph.mgr.x.smithi042.stdout:Mar 11 19:09:15 smithi042 ceph-9fcd5024-dfda-11ee-95c8-87774f69a715-mgr-x[32544]: |o.O=.o = |
2024-03-11T19:09:16.243 INFO:journalctl@ceph.mgr.x.smithi042.stdout:Mar 11 19:09:15 smithi042 ceph-9fcd5024-dfda-11ee-95c8-87774f69a715-mgr-x[32544]: |.+.Bo . . |
2024-03-11T19:09:16.243 INFO:journalctl@ceph.mgr.x.smithi042.stdout:Mar 11 19:09:15 smithi042 ceph-9fcd5024-dfda-11ee-95c8-87774f69a715-mgr-x[32544]: | .o .+ E |
2024-03-11T19:09:16.243 INFO:journalctl@ceph.mgr.x.smithi042.stdout:Mar 11 19:09:15 smithi042 ceph-9fcd5024-dfda-11ee-95c8-87774f69a715-mgr-x[32544]: | . . * S |
2024-03-11T19:09:16.243 INFO:journalctl@ceph.mgr.x.smithi042.stdout:Mar 11 19:09:15 smithi042 ceph-9fcd5024-dfda-11ee-95c8-87774f69a715-mgr-x[32544]: |o.o. o . |
2024-03-11T19:09:16.243 INFO:journalctl@ceph.mgr.x.smithi042.stdout:Mar 11 19:09:15 smithi042 ceph-9fcd5024-dfda-11ee-95c8-87774f69a715-mgr-x[32544]: |.==o |
2024-03-11T19:09:16.243 INFO:journalctl@ceph.mgr.x.smithi042.stdout:Mar 11 19:09:15 smithi042 ceph-9fcd5024-dfda-11ee-95c8-87774f69a715-mgr-x[32544]: |+=+o+. |
2024-03-11T19:09:16.243 INFO:journalctl@ceph.mgr.x.smithi042.stdout:Mar 11 19:09:15 smithi042 ceph-9fcd5024-dfda-11ee-95c8-87774f69a715-mgr-x[32544]: |*XO=+. |
2024-03-11T19:09:16.243 INFO:journalctl@ceph.mgr.x.smithi042.stdout:Mar 11 19:09:15 smithi042 ceph-9fcd5024-dfda-11ee-95c8-87774f69a715-mgr-x[32544]: +----[SHA256]-----+
2024-03-11T19:09:16.340 INFO:teuthology.orchestra.run.smithi042.stdout:/usr/bin/ceph: stderr
2024-03-11T19:09:15.565+0000 7f052c735700 1 Processor -- start
2024-03-11T19:09:16.340 INFO:teuthology.orchestra.run.smithi042.stdout:/usr/bin/ceph: stderr
2024-03-11T19:09:15.566+0000 7f052c735700 1 -- start start
2024-03-11T19:09:16.340 INFO:teuthology.orchestra.run.smithi042.stdout:/usr/bin/ceph: stderr
2024-03-11T19:09:15.566+0000 7f052c735700 1 --2- >> [v2:172.21.15.42:3300/0,v1:172.21.15.42:6789/0] conn(0x7f05241083a0 0x7f052410a790 unknown :-1 s=NONE pgs=0 cs=0 l=0 rev1=0 crypto rx=0 tx=0 comp rx=0 tx=0).connect
2024-03-11T19:09:16.340 INFO:teuthology.orchestra.run.smithi042.stdout:/usr/bin/ceph: stderr
2024-03-11T19:09:15.566+0000 7f052c735700 1 -- --> [v2:172.21.15.42:3300/0,v1:172.21.15.42:6789/0] -- mon_getmap magic: 0 v1 -- 0x7f0524075590 con 0x7f05241083a0
2024-03-11T19:09:16.340 INFO:teuthology.orchestra.run.smithi042.stdout:/usr/bin/ceph: stderr
2024-03-11T19:09:15.566+0000 7f052a4d1700 1 --2- >> [v2:172.21.15.42:3300/0,v1:172.21.15.42:6789/0] conn(0x7f05241083a0 0x7f052410a790 unknown :-1 s=BANNER_CONNECTING pgs=0 cs=0 l=0 rev1=0 crypto rx=0 tx=0 comp rx=0 tx=0)._handle_peer_banner_payload supported=3 required=0
2024-03-11T19:09:16.341 INFO:teuthology.orchestra.run.smithi042.stdout:/usr/bin/ceph: stderr
2024-03-11T19:09:15.566+0000 7f052a4d1700 1 --2- >> [v2:172.21.15.42:3300/0,v1:172.21.15.42:6789/0] conn(0x7f05241083a0 0x7f052410a790 unknown :-1 s=HELLO_CONNECTING pgs=0 cs=0 l=0 rev1=1 crypto rx=0 tx=0 comp rx=0 tx=0).handle_hello peer v2:172.21.15.42:3300/0 says I am v2:172.21.15.42:35482/0 (socket says 172.21.15.42:35482)
2024-03-11T19:09:16.341 INFO:teuthology.orchestra.run.smithi042.stdout:/usr/bin/ceph: stderr
2024-03-11T19:09:15.566+0000 7f052a4d1700 1 -- 172.21.15.42:0/3330334003 learned_addr learned my addr 172.21.15.42:0/3330334003 (peer_addr_for_me v2:172.21.15.42:0/0)
2024-03-11T19:09:16.341 INFO:teuthology.orchestra.run.smithi042.stdout:/usr/bin/ceph: stderr
2024-03-11T19:09:15.566+0000 7f052a4d1700 1 -- 172.21.15.42:0/3330334003 --> [v2:172.21.15.42:3300/0,v1:172.21.15.42:6789/0] -- mon_subscribe({config=0+,monmap=0+}) v3 -- 0x7f052410acd0 con 0x7f05241083a0
2024-03-11T19:09:16.341 INFO:teuthology.orchestra.run.smithi042.stdout:/usr/bin/ceph: stderr
2024-03-11T19:09:15.567+0000 7f052a4d1700 1 --2- 172.21.15.42:0/3330334003 >> [v2:172.21.15.42:3300/0,v1:172.21.15.42:6789/0] conn(0x7f05241083a0 0x7f052410a790 secure :-1 s=READY pgs=41 cs=0 l=1 rev1=1 crypto rx=0x7f05180098a0 tx=0x7f0518009bb0 comp rx=0 tx=0).ready entity=mon.0 client_cookie=259c489bd8553953 server_cookie=0 in_seq=0 out_seq=0
2024-03-11T19:09:16.341 INFO:teuthology.orchestra.run.smithi042.stdout:/usr/bin/ceph: stderr
2024-03-11T19:09:15.567+0000 7f05294cf700 1 -- 172.21.15.42:0/3330334003 <== mon.0 v2:172.21.15.42:3300/0 1 ==== mon_map magic: 0 v1 ==== 205+0+0 (secure 0 0 0) 0x7f0518004160 con 0x7f05241083a0
2024-03-11T19:09:16.341 INFO:teuthology.orchestra.run.smithi042.stdout:/usr/bin/ceph: stderr
2024-03-11T19:09:15.567+0000 7f05294cf700 1 -- 172.21.15.42:0/3330334003 <== mon.0 v2:172.21.15.42:3300/0 2 ==== config(29 keys) v1 ==== 1178+0+0 (secure 0 0 0) 0x7f05180042c0 con 0x7f05241083a0
2024-03-11T19:09:16.341 INFO:teuthology.orchestra.run.smithi042.stdout:/usr/bin/ceph: stderr
2024-03-11T19:09:15.567+0000 7f05294cf700 1 -- 172.21.15.42:0/3330334003 <== mon.0 v2:172.21.15.42:3300/0 3 ==== mon_map magic: 0 v1 ==== 205+0+0 (secure 0 0 0) 0x7f0518011c20 con 0x7f05241083a0
2024-03-11T19:09:16.341 INFO:teuthology.orchestra.run.smithi042.stdout:/usr/bin/ceph: stderr
2024-03-11T19:09:15.567+0000 7f052c735700 1 -- 172.21.15.42:0/3330334003 >> [v2:172.21.15.42:3300/0,v1:172.21.15.42:6789/0] conn(0x7f05241083a0 msgr2=0x7f052410a790 secure :-1 s=STATE_CONNECTION_ESTABLISHED l=1).mark_down
2024-03-11T19:09:16.341 INFO:teuthology.orchestra.run.smithi042.stdout:/usr/bin/ceph: stderr
2024-03-11T19:09:15.567+0000 7f052c735700 1 --2- 172.21.15.42:0/3330334003 >> [v2:172.21.15.42:3300/0,v1:172.21.15.42:6789/0] conn(0x7f05241083a0 0x7f052410a790 secure :-1 s=READY pgs=41 cs=0 l=1 rev1=1 crypto rx=0x7f05180098a0 tx=0x7f0518009bb0 comp rx=0 tx=0).stop
2024-03-11T19:09:16.341 INFO:teuthology.orchestra.run.smithi042.stdout:/usr/bin/ceph: stderr
2024-03-11T19:09:15.567+0000 7f052c735700 1 -- 172.21.15.42:0/3330334003 shutdown_connections
2024-03-11T19:09:16.341 INFO:teuthology.orchestra.run.smithi042.stdout:/usr/bin/ceph: stderr
2024-03-11T19:09:15.567+0000 7f052c735700 1 --2- 172.21.15.42:0/3330334003 >> [v2:172.21.15.42:3300/0,v1:172.21.15.42:6789/0] conn(0x7f05241083a0 0x7f052410a790 unknown :-1 s=CLOSED pgs=41 cs=0 l=1 rev1=1 crypto rx=0 tx=0 comp rx=0 tx=0).stop
2024-03-11T19:09:16.342 INFO:teuthology.orchestra.run.smithi042.stdout:/usr/bin/ceph: stderr
2024-03-11T19:09:15.567+0000 7f052c735700 1 -- 172.21.15.42:0/3330334003 >> 172.21.15.42:0/3330334003 conn(0x7f0524101e70 msgr2=0x7f0524104290 unknown :-1 s=STATE_NONE l=0).mark_down
2024-03-11T19:09:16.342 INFO:teuthology.orchestra.run.smithi042.stdout:/usr/bin/ceph: stderr
2024-03-11T19:09:15.567+0000 7f052c735700 1 -- 172.21.15.42:0/3330334003 shutdown_connections
2024-03-11T19:09:16.342 INFO:teuthology.orchestra.run.smithi042.stdout:/usr/bin/ceph: stderr
2024-03-11T19:09:15.567+0000 7f052c735700 1 -- 172.21.15.42:0/3330334003 wait complete.
2024-03-11T19:09:16.342 INFO:teuthology.orchestra.run.smithi042.stdout:/usr/bin/ceph: stderr
2024-03-11T19:09:15.568+0000 7f052c735700 1 Processor -- start
2024-03-11T19:09:16.342 INFO:teuthology.orchestra.run.smithi042.stdout:/usr/bin/ceph: stderr
2024-03-11T19:09:15.568+0000 7f052c735700 1 -- start start
2024-03-11T19:09:16.342 INFO:teuthology.orchestra.run.smithi042.stdout:/usr/bin/ceph: stderr
2024-03-11T19:09:15.568+0000 7f052c735700 1 --2- >> [v2:172.21.15.42:3300/0,v1:172.21.15.42:6789/0] conn(0x7f05241083a0 0x7f052419b760 unknown :-1 s=NONE pgs=0 cs=0 l=1 rev1=0 crypto rx=0 tx=0 comp rx=0 tx=0).connect
2024-03-11T19:09:16.342 INFO:teuthology.orchestra.run.smithi042.stdout:/usr/bin/ceph: stderr
2024-03-11T19:09:15.568+0000 7f052c735700 1 -- --> [v2:172.21.15.42:3300/0,v1:172.21.15.42:6789/0] -- mon_getmap magic: 0 v1 -- 0x7f052419bca0 con 0x7f05241083a0
2024-03-11T19:09:16.342 INFO:teuthology.orchestra.run.smithi042.stdout:/usr/bin/ceph: stderr
2024-03-11T19:09:15.568+0000 7f052a4d1700 1 --2- >> [v2:172.21.15.42:3300/0,v1:172.21.15.42:6789/0] conn(0x7f05241083a0 0x7f052419b760 unknown :-1 s=BANNER_CONNECTING pgs=0 cs=0 l=1 rev1=0 crypto rx=0 tx=0 comp rx=0 tx=0)._handle_peer_banner_payload supported=3 required=0
2024-03-11T19:09:16.342 INFO:teuthology.orchestra.run.smithi042.stdout:/usr/bin/ceph: stderr
2024-03-11T19:09:15.568+0000 7f052a4d1700 1 --2- >> [v2:172.21.15.42:3300/0,v1:172.21.15.42:6789/0] conn(0x7f05241083a0 0x7f052419b760 unknown :-1 s=HELLO_CONNECTING pgs=0 cs=0 l=1 rev1=1 crypto rx=0 tx=0 comp rx=0 tx=0).handle_hello peer v2:172.21.15.42:3300/0 says I am v2:172.21.15.42:35498/0 (socket says 172.21.15.42:35498)
2024-03-11T19:09:16.342 INFO:teuthology.orchestra.run.smithi042.stdout:/usr/bin/ceph: stderr
2024-03-11T19:09:15.568+0000 7f052a4d1700 1 -- 172.21.15.42:0/237186377 learned_addr learned my addr 172.21.15.42:0/237186377 (peer_addr_for_me v2:172.21.15.42:0/0)
2024-03-11T19:09:16.342 INFO:teuthology.orchestra.run.smithi042.stdout:/usr/bin/ceph: stderr
2024-03-11T19:09:15.569+0000 7f052a4d1700 1 -- 172.21.15.42:0/237186377 --> [v2:172.21.15.42:3300/0,v1:172.21.15.42:6789/0] -- mon_subscribe({config=0+,monmap=0+}) v3 -- 0x7f0518009550 con 0x7f05241083a0
2024-03-11T19:09:16.342 INFO:teuthology.orchestra.run.smithi042.stdout:/usr/bin/ceph: stderr
2024-03-11T19:09:15.569+0000 7f052a4d1700 1 --2- 172.21.15.42:0/237186377 >> [v2:172.21.15.42:3300/0,v1:172.21.15.42:6789/0] conn(0x7f05241083a0 0x7f052419b760 secure :-1 s=READY pgs=42 cs=0 l=1 rev1=1 crypto rx=0x7f0518000c00 tx=0x7f0518011ca0 comp rx=0 tx=0).ready entity=mon.0 client_cookie=0 server_cookie=0 in_seq=0 out_seq=0
2024-03-11T19:09:16.342 INFO:teuthology.orchestra.run.smithi042.stdout:/usr/bin/ceph: stderr
2024-03-11T19:09:15.569+0000 7f05177fe700 1 -- 172.21.15.42:0/237186377 <== mon.0 v2:172.21.15.42:3300/0 1 ==== mon_map magic: 0 v1 ==== 205+0+0 (secure 0 0 0) 0x7f05180039c0 con 0x7f05241083a0
2024-03-11T19:09:16.343 INFO:teuthology.orchestra.run.smithi042.stdout:/usr/bin/ceph: stderr
2024-03-11T19:09:15.569+0000 7f05177fe700 1 -- 172.21.15.42:0/237186377 <== mon.0 v2:172.21.15.42:3300/0 2 ==== config(29 keys) v1 ==== 1178+0+0 (secure 0 0 0) 0x7f0518011e90 con 0x7f05241083a0
2024-03-11T19:09:16.343 INFO:teuthology.orchestra.run.smithi042.stdout:/usr/bin/ceph: stderr
2024-03-11T19:09:15.569+0000 7f052c735700 1 -- 172.21.15.42:0/237186377 --> [v2:172.21.15.42:3300/0,v1:172.21.15.42:6789/0] -- mon_subscribe({mgrmap=0+}) v3 -- 0x7f052419bea0 con 0x7f05241083a0
2024-03-11T19:09:16.343 INFO:teuthology.orchestra.run.smithi042.stdout:/usr/bin/ceph: stderr
2024-03-11T19:09:15.569+0000 7f05177fe700 1 -- 172.21.15.42:0/237186377 <== mon.0 v2:172.21.15.42:3300/0 3 ==== mon_map magic: 0 v1 ==== 205+0+0 (secure 0 0 0) 0x7f051801a5c0 con 0x7f05241083a0
2024-03-11T19:09:16.343 INFO:teuthology.orchestra.run.smithi042.stdout:/usr/bin/ceph: stderr
2024-03-11T19:09:15.569+0000 7f052c735700 1 -- 172.21.15.42:0/237186377 --> [v2:172.21.15.42:3300/0,v1:172.21.15.42:6789/0] -- mon_subscribe({osdmap=0}) v3 -- 0x7f052419c340 con 0x7f05241083a0
2024-03-11T19:09:16.343 INFO:teuthology.orchestra.run.smithi042.stdout:/usr/bin/ceph: stderr
2024-03-11T19:09:15.570+0000 7f05177fe700 1 -- 172.21.15.42:0/237186377 <== mon.0 v2:172.21.15.42:3300/0 4 ==== mgrmap(e 8) v1 ==== 45769+0+0 (secure 0 0 0) 0x7f0518003b20 con 0x7f05241083a0
2024-03-11T19:09:16.343 INFO:teuthology.orchestra.run.smithi042.stdout:/usr/bin/ceph: stderr
2024-03-11T19:09:15.570+0000 7f05177fe700 1 --2- 172.21.15.42:0/237186377 >> [v2:172.21.15.42:6800/316601979,v1:172.21.15.42:6801/316601979] conn(0x7f0510038d00 0x7f051003b1c0 unknown :-1 s=NONE pgs=0 cs=0 l=1 rev1=0 crypto rx=0 tx=0 comp rx=0 tx=0).connect
2024-03-11T19:09:16.343 INFO:teuthology.orchestra.run.smithi042.stdout:/usr/bin/ceph: stderr
2024-03-11T19:09:15.570+0000 7f052c735700 1 -- 172.21.15.42:0/237186377 --> [v2:172.21.15.42:3300/0,v1:172.21.15.42:6789/0] -- mon_command({"prefix": "get_command_descriptions"} v 0) v1 -- 0x7f052410bb90 con 0x7f05241083a0
2024-03-11T19:09:16.343 INFO:teuthology.orchestra.run.smithi042.stdout:/usr/bin/ceph: stderr
2024-03-11T19:09:15.570+0000 7f05177fe700 1 -- 172.21.15.42:0/237186377 <== mon.0 v2:172.21.15.42:3300/0 5 ==== osd_map(2..2 src has 1..2) v4 ==== 940+0+0 (secure 0 0 0) 0x7f051804c860 con 0x7f05241083a0
2024-03-11T19:09:16.343 INFO:teuthology.orchestra.run.smithi042.stdout:/usr/bin/ceph: stderr
2024-03-11T19:09:15.570+0000 7f0529cd0700 1 --2- 172.21.15.42:0/237186377 >> [v2:172.21.15.42:6800/316601979,v1:172.21.15.42:6801/316601979] conn(0x7f0510038d00 0x7f051003b1c0 unknown :-1 s=BANNER_CONNECTING pgs=0 cs=0 l=1 rev1=0 crypto rx=0 tx=0 comp rx=0 tx=0)._handle_peer_banner_payload supported=3 required=0
2024-03-11T19:09:16.343 INFO:teuthology.orchestra.run.smithi042.stdout:/usr/bin/ceph: stderr
2024-03-11T19:09:15.571+0000 7f0529cd0700 1 --2- 172.21.15.42:0/237186377 >> [v2:172.21.15.42:6800/316601979,v1:172.21.15.42:6801/316601979] conn(0x7f0510038d00 0x7f051003b1c0 secure :-1 s=READY pgs=9 cs=0 l=1 rev1=1 crypto rx=0x7f0520006fd0 tx=0x7f0520006e40 comp rx=0 tx=0).ready entity=mgr.14120 client_cookie=0 server_cookie=0 in_seq=0 out_seq=0
2024-03-11T19:09:16.343 INFO:teuthology.orchestra.run.smithi042.stdout:/usr/bin/ceph: stderr
2024-03-11T19:09:15.575+0000 7f05177fe700 1 -- 172.21.15.42:0/237186377 <== mon.0 v2:172.21.15.42:3300/0 6 ==== mon_command_ack([{"prefix": "get_command_descriptions"}]=0 v0) v1 ==== 72+0+183564 (secure 0 0 0) 0x7f0518024440 con 0x7f05241083a0
2024-03-11T19:09:16.343 INFO:teuthology.orchestra.run.smithi042.stdout:/usr/bin/ceph: stderr
2024-03-11T19:09:15.777+0000 7f052c735700 1 -- 172.21.15.42:0/237186377 --> [v2:172.21.15.42:6800/316601979,v1:172.21.15.42:6801/316601979] -- mgr_command(tid 0: {"prefix": "cephadm generate-key", "target": ["mon-mgr", ""]}) v1 -- 0x7f0524103070 con 0x7f0510038d00
2024-03-11T19:09:16.343 INFO:teuthology.orchestra.run.smithi042.stdout:/usr/bin/ceph: stderr
2024-03-11T19:09:15.850+0000 7f05177fe700 1 -- 172.21.15.42:0/237186377 <== mgr.14120 v2:172.21.15.42:6800/316601979 1 ==== mgr_command_reply(tid 0: 0 ) v1 ==== 8+0+0 (secure 0 0 0) 0x7f0524103070 con 0x7f0510038d00
2024-03-11T19:09:16.343 INFO:teuthology.orchestra.run.smithi042.stdout:/usr/bin/ceph: stderr
2024-03-11T19:09:15.853+0000 7f052c735700 1 -- 172.21.15.42:0/237186377 >> [v2:172.21.15.42:6800/316601979,v1:172.21.15.42:6801/316601979] conn(0x7f0510038d00 msgr2=0x7f051003b1c0 secure :-1 s=STATE_CONNECTION_ESTABLISHED l=1).mark_down
2024-03-11T19:09:16.344 INFO:teuthology.orchestra.run.smithi042.stdout:/usr/bin/ceph: stderr
2024-03-11T19:09:15.853+0000 7f052c735700 1 --2- 172.21.15.42:0/237186377 >> [v2:172.21.15.42:6800/316601979,v1:172.21.15.42:6801/316601979] conn(0x7f0510038d00 0x7f051003b1c0 secure :-1 s=READY pgs=9 cs=0 l=1 rev1=1 crypto rx=0x7f0520006fd0 tx=0x7f0520006e40 comp rx=0 tx=0).stop
2024-03-11T19:09:16.344 INFO:teuthology.orchestra.run.smithi042.stdout:/usr/bin/ceph: stderr
2024-03-11T19:09:15.853+0000 7f052c735700 1 -- 172.21.15.42:0/237186377 >> [v2:172.21.15.42:3300/0,v1:172.21.15.42:6789/0] conn(0x7f05241083a0 msgr2=0x7f052419b760 secure :-1 s=STATE_CONNECTION_ESTABLISHED l=1).mark_down
2024-03-11T19:09:16.344 INFO:teuthology.orchestra.run.smithi042.stdout:/usr/bin/ceph: stderr
2024-03-11T19:09:15.853+0000 7f052c735700 1 --2- 172.21.15.42:0/237186377 >> [v2:172.21.15.42:3300/0,v1:172.21.15.42:6789/0] conn(0x7f05241083a0 0x7f052419b760 secure :-1 s=READY pgs=42 cs=0 l=1 rev1=1 crypto rx=0x7f0518000c00 tx=0x7f0518011ca0 comp rx=0 tx=0).stop
2024-03-11T19:09:16.344 INFO:teuthology.orchestra.run.smithi042.stdout:/usr/bin/ceph: stderr
2024-03-11T19:09:15.853+0000 7f052c735700 1 -- 172.21.15.42:0/237186377 shutdown_connections
2024-03-11T19:09:16.344 INFO:teuthology.orchestra.run.smithi042.stdout:/usr/bin/ceph: stderr
2024-03-11T19:09:15.853+0000 7f052c735700 1 --2- 172.21.15.42:0/237186377 >> [v2:172.21.15.42:6800/316601979,v1:172.21.15.42:6801/316601979] conn(0x7f0510038d00 0x7f051003b1c0 unknown :-1 s=CLOSED pgs=9 cs=0 l=1 rev1=1 crypto rx=0 tx=0 comp rx=0 tx=0).stop
2024-03-11T19:09:16.344 INFO:teuthology.orchestra.run.smithi042.stdout:/usr/bin/ceph: stderr
2024-03-11T19:09:15.853+0000 7f052c735700 1 --2- 172.21.15.42:0/237186377 >> [v2:172.21.15.42:3300/0,v1:172.21.15.42:6789/0] conn(0x7f05241083a0 0x7f052419b760 unknown :-1 s=CLOSED pgs=42 cs=0 l=1 rev1=1 crypto rx=0 tx=0 comp rx=0 tx=0).stop
2024-03-11T19:09:16.344 INFO:teuthology.orchestra.run.smithi042.stdout:/usr/bin/ceph: stderr
2024-03-11T19:09:15.853+0000 7f052c735700 1 -- 172.21.15.42:0/237186377 >> 172.21.15.42:0/237186377 conn(0x7f0524101e70 msgr2=0x7f0524102960 unknown :-1 s=STATE_NONE l=0).mark_down
2024-03-11T19:09:16.344 INFO:teuthology.orchestra.run.smithi042.stdout:/usr/bin/ceph: stderr
2024-03-11T19:09:15.853+0000 7f052c735700 1 -- 172.21.15.42:0/237186377 shutdown_connections
2024-03-11T19:09:16.344 INFO:teuthology.orchestra.run.smithi042.stdout:/usr/bin/ceph: stderr
2024-03-11T19:09:15.853+0000 7f052c735700 1 -- 172.21.15.42:0/237186377 wait complete.
2024-03-11T19:09:17.241 INFO:journalctl@ceph.mon.a.smithi042.stdout:Mar 11 19:09:16 smithi042 ceph-mon[32312]: from='client.14136 -' entity='client.admin' cmd=[{"prefix": "cephadm generate-key", "target": ["mon-mgr", ""]}]: dispatch
2024-03-11T19:09:17.242 INFO:journalctl@ceph.mon.a.smithi042.stdout:Mar 11 19:09:16 smithi042 ceph-mon[32312]: Generating ssh key...
2024-03-11T19:09:17.242 INFO:journalctl@ceph.mon.a.smithi042.stdout:Mar 11 19:09:16 smithi042 ceph-mon[32312]: from='mgr.14120 172.21.15.42:0/594493063' entity='mgr.x'
2024-03-11T19:09:17.242 INFO:journalctl@ceph.mon.a.smithi042.stdout:Mar 11 19:09:16 smithi042 ceph-mon[32312]: from='mgr.14120 172.21.15.42:0/594493063' entity='mgr.x'
2024-03-11T19:09:17.573 INFO:teuthology.orchestra.run.smithi042.stdout:/usr/bin/ceph: stdout ssh-rsa AAAAB3NzaC1yc2EAAAADAQABAAABgQC5m0C+9/7BJnajeH8UZOOCdOPzNpUDFiqlbTot7aJ05UQAt6y6h6XwIdEKfODuSXtiX9vwGaUQ1qE2Z/Ap57AbiOWIa2UZl1210ZQs8J8dD42nbQT1ZxpWRKpmz4UNW4Jg3hKpDKlAbHkHrDGMMVAyi5hvGJlEb6uSl+21ieleGfUYdZek6w99CZ91FrrCaYMOvf6BrHawaiPGuSrzm9w/vXij3a6iAw6MRzeD9kDoRKfZn4n17eKNz6x9wsQNU9BtQ1dckVQ40ecNMXTw5rYfwTr8S8uM87UoFmy58TiC/f7O/0/rJUiPJraBNDvU8QxFi4fU4VIVzRfBQmlmgCYXgTa5g2ATEaH7V2HRu0Ifr+jh6p/t/pLud+STV3XApsOhunsrvG1T/P9Qz/zagH2Ey+lWkya3tsPzXu7zj16dhgE+pSf+L9xKwWifl9/Ev46iL7rehNXY5AY6KDkVvt92RYEKCE5cMnITrA6iNV6iUsi82RwzUW5Co9jtgKcQqzk= ceph-9fcd5024-dfda-11ee-95c8-87774f69a715
2024-03-11T19:09:17.573 INFO:teuthology.orchestra.run.smithi042.stdout:/usr/bin/ceph: stderr
2024-03-11T19:09:16.787+0000 7fb068dc5700 1 Processor -- start
2024-03-11T19:09:17.573 INFO:teuthology.orchestra.run.smithi042.stdout:/usr/bin/ceph: stderr
2024-03-11T19:09:16.787+0000 7fb068dc5700 1 -- start start
2024-03-11T19:09:17.573 INFO:teuthology.orchestra.run.smithi042.stdout:/usr/bin/ceph: stderr
2024-03-11T19:09:16.787+0000 7fb068dc5700 1 --2- >> [v2:172.21.15.42:3300/0,v1:172.21.15.42:6789/0] conn(0x7fb064106d30 0x7fb064107150 unknown :-1 s=NONE pgs=0 cs=0 l=0 rev1=0 crypto rx=0 tx=0 comp rx=0 tx=0).connect
2024-03-11T19:09:17.573 INFO:teuthology.orchestra.run.smithi042.stdout:/usr/bin/ceph: stderr
2024-03-11T19:09:16.787+0000 7fb068dc5700 1 -- --> [v2:172.21.15.42:3300/0,v1:172.21.15.42:6789/0] -- mon_getmap magic: 0 v1 -- 0x7fb064107720 con 0x7fb064106d30
2024-03-11T19:09:17.574 INFO:teuthology.orchestra.run.smithi042.stdout:/usr/bin/ceph: stderr
2024-03-11T19:09:16.787+0000 7fb06259c700 1 --2- >> [v2:172.21.15.42:3300/0,v1:172.21.15.42:6789/0] conn(0x7fb064106d30 0x7fb064107150 unknown :-1 s=BANNER_CONNECTING pgs=0 cs=0 l=0 rev1=0 crypto rx=0 tx=0 comp rx=0 tx=0)._handle_peer_banner_payload supported=3 required=0
2024-03-11T19:09:17.574 INFO:teuthology.orchestra.run.smithi042.stdout:/usr/bin/ceph: stderr
2024-03-11T19:09:16.787+0000 7fb06259c700 1 --2- >> [v2:172.21.15.42:3300/0,v1:172.21.15.42:6789/0] conn(0x7fb064106d30 0x7fb064107150 unknown :-1 s=HELLO_CONNECTING pgs=0 cs=0 l=0 rev1=1 crypto rx=0 tx=0 comp rx=0 tx=0).handle_hello peer v2:172.21.15.42:3300/0 says I am v2:172.21.15.42:35504/0 (socket says 172.21.15.42:35504)
2024-03-11T19:09:17.574 INFO:teuthology.orchestra.run.smithi042.stdout:/usr/bin/ceph: stderr
2024-03-11T19:09:16.787+0000 7fb06259c700 1 -- 172.21.15.42:0/1312727596 learned_addr learned my addr 172.21.15.42:0/1312727596 (peer_addr_for_me v2:172.21.15.42:0/0)
2024-03-11T19:09:17.574 INFO:teuthology.orchestra.run.smithi042.stdout:/usr/bin/ceph: stderr
2024-03-11T19:09:16.788+0000 7fb06259c700 1 -- 172.21.15.42:0/1312727596 --> [v2:172.21.15.42:3300/0,v1:172.21.15.42:6789/0] -- mon_subscribe({config=0+,monmap=0+}) v3 -- 0x7fb064107a50 con 0x7fb064106d30
2024-03-11T19:09:17.574 INFO:teuthology.orchestra.run.smithi042.stdout:/usr/bin/ceph: stderr
2024-03-11T19:09:16.788+0000 7fb06259c700 1 --2- 172.21.15.42:0/1312727596 >> [v2:172.21.15.42:3300/0,v1:172.21.15.42:6789/0] conn(0x7fb064106d30 0x7fb064107150 secure :-1 s=READY pgs=43 cs=0 l=1 rev1=1 crypto rx=0x7fb0540098a0 tx=0x7fb054009bb0 comp rx=0 tx=0).ready entity=mon.0 client_cookie=5831899b57bdba83 server_cookie=0 in_seq=0 out_seq=0
2024-03-11T19:09:17.574 INFO:teuthology.orchestra.run.smithi042.stdout:/usr/bin/ceph: stderr
2024-03-11T19:09:16.788+0000 7fb06159a700 1 -- 172.21.15.42:0/1312727596 <== mon.0 v2:172.21.15.42:3300/0 1 ==== mon_map magic: 0 v1 ==== 205+0+0 (secure 0 0 0) 0x7fb054004160 con 0x7fb064106d30
2024-03-11T19:09:17.574 INFO:teuthology.orchestra.run.smithi042.stdout:/usr/bin/ceph: stderr
2024-03-11T19:09:16.788+0000 7fb06159a700 1 -- 172.21.15.42:0/1312727596 <== mon.0 v2:172.21.15.42:3300/0 2 ==== config(29 keys) v1 ==== 1178+0+0 (secure 0 0 0) 0x7fb0540042c0 con 0x7fb064106d30
2024-03-11T19:09:17.574 INFO:teuthology.orchestra.run.smithi042.stdout:/usr/bin/ceph: stderr
2024-03-11T19:09:16.788+0000 7fb06159a700 1 -- 172.21.15.42:0/1312727596 <== mon.0 v2:172.21.15.42:3300/0 3 ==== mon_map magic: 0 v1 ==== 205+0+0 (secure 0 0 0) 0x7fb054011c20 con 0x7fb064106d30
2024-03-11T19:09:17.574 INFO:teuthology.orchestra.run.smithi042.stdout:/usr/bin/ceph: stderr
2024-03-11T19:09:16.789+0000 7fb068dc5700 1 -- 172.21.15.42:0/1312727596 >> [v2:172.21.15.42:3300/0,v1:172.21.15.42:6789/0] conn(0x7fb064106d30 msgr2=0x7fb064107150 secure :-1 s=STATE_CONNECTION_ESTABLISHED l=1).mark_down
2024-03-11T19:09:17.574 INFO:teuthology.orchestra.run.smithi042.stdout:/usr/bin/ceph: stderr
2024-03-11T19:09:16.789+0000 7fb068dc5700 1 --2- 172.21.15.42:0/1312727596 >> [v2:172.21.15.42:3300/0,v1:172.21.15.42:6789/0] conn(0x7fb064106d30 0x7fb064107150 secure :-1 s=READY pgs=43 cs=0 l=1 rev1=1 crypto rx=0x7fb0540098a0 tx=0x7fb054009bb0 comp rx=0 tx=0).stop
2024-03-11T19:09:17.574 INFO:teuthology.orchestra.run.smithi042.stdout:/usr/bin/ceph: stderr
2024-03-11T19:09:16.789+0000 7fb068dc5700 1 -- 172.21.15.42:0/1312727596 shutdown_connections
2024-03-11T19:09:17.574 INFO:teuthology.orchestra.run.smithi042.stdout:/usr/bin/ceph: stderr
2024-03-11T19:09:16.789+0000 7fb068dc5700 1 --2- 172.21.15.42:0/1312727596 >> [v2:172.21.15.42:3300/0,v1:172.21.15.42:6789/0] conn(0x7fb064106d30 0x7fb064107150 unknown :-1 s=CLOSED pgs=43 cs=0 l=1 rev1=1 crypto rx=0 tx=0 comp rx=0 tx=0).stop
2024-03-11T19:09:17.574 INFO:teuthology.orchestra.run.smithi042.stdout:/usr/bin/ceph: stderr
2024-03-11T19:09:16.789+0000 7fb068dc5700 1 -- 172.21.15.42:0/1312727596 >> 172.21.15.42:0/1312727596 conn(0x7fb064101570 msgr2=0x7fb064103990 unknown :-1 s=STATE_NONE l=0).mark_down
2024-03-11T19:09:17.574 INFO:teuthology.orchestra.run.smithi042.stdout:/usr/bin/ceph: stderr
2024-03-11T19:09:16.789+0000 7fb068dc5700 1 -- 172.21.15.42:0/1312727596 shutdown_connections
2024-03-11T19:09:17.575 INFO:teuthology.orchestra.run.smithi042.stdout:/usr/bin/ceph: stderr
2024-03-11T19:09:16.789+0000 7fb068dc5700 1 -- 172.21.15.42:0/1312727596 wait complete.
2024-03-11T19:09:17.575 INFO:teuthology.orchestra.run.smithi042.stdout:/usr/bin/ceph: stderr
2024-03-11T19:09:16.789+0000 7fb068dc5700 1 Processor -- start
2024-03-11T19:09:17.575 INFO:teuthology.orchestra.run.smithi042.stdout:/usr/bin/ceph: stderr
2024-03-11T19:09:16.790+0000 7fb068dc5700 1 -- start start
2024-03-11T19:09:17.575 INFO:teuthology.orchestra.run.smithi042.stdout:/usr/bin/ceph: stderr
2024-03-11T19:09:16.790+0000 7fb068dc5700 1 --2- >> [v2:172.21.15.42:3300/0,v1:172.21.15.42:6789/0] conn(0x7fb064106d30 0x7fb06419b7c0 unknown :-1 s=NONE pgs=0 cs=0 l=1 rev1=0 crypto rx=0 tx=0 comp rx=0 tx=0).connect
2024-03-11T19:09:17.575 INFO:teuthology.orchestra.run.smithi042.stdout:/usr/bin/ceph: stderr
2024-03-11T19:09:16.790+0000 7fb068dc5700 1 -- --> [v2:172.21.15.42:3300/0,v1:172.21.15.42:6789/0] -- mon_getmap magic: 0 v1 -- 0x7fb06419bd00 con 0x7fb064106d30
2024-03-11T19:09:17.575 INFO:teuthology.orchestra.run.smithi042.stdout:/usr/bin/ceph: stderr
2024-03-11T19:09:16.790+0000 7fb06259c700 1 --2- >> [v2:172.21.15.42:3300/0,v1:172.21.15.42:6789/0] conn(0x7fb064106d30 0x7fb06419b7c0 unknown :-1 s=BANNER_CONNECTING pgs=0 cs=0 l=1 rev1=0 crypto rx=0 tx=0 comp rx=0 tx=0)._handle_peer_banner_payload supported=3 required=0
2024-03-11T19:09:17.575 INFO:teuthology.orchestra.run.smithi042.stdout:/usr/bin/ceph: stderr
2024-03-11T19:09:16.790+0000 7fb06259c700 1 --2- >> [v2:172.21.15.42:3300/0,v1:172.21.15.42:6789/0] conn(0x7fb064106d30 0x7fb06419b7c0 unknown :-1 s=HELLO_CONNECTING pgs=0 cs=0 l=1 rev1=1 crypto rx=0 tx=0 comp rx=0 tx=0).handle_hello peer v2:172.21.15.42:3300/0 says I am v2:172.21.15.42:35512/0 (socket says 172.21.15.42:35512)
2024-03-11T19:09:17.575 INFO:teuthology.orchestra.run.smithi042.stdout:/usr/bin/ceph: stderr
2024-03-11T19:09:16.790+0000 7fb06259c700 1 -- 172.21.15.42:0/803773263 learned_addr learned my addr 172.21.15.42:0/803773263 (peer_addr_for_me v2:172.21.15.42:0/0)
2024-03-11T19:09:17.575 INFO:teuthology.orchestra.run.smithi042.stdout:/usr/bin/ceph: stderr
2024-03-11T19:09:16.790+0000 7fb06259c700 1 -- 172.21.15.42:0/803773263 --> [v2:172.21.15.42:3300/0,v1:172.21.15.42:6789/0] -- mon_subscribe({config=0+,monmap=0+}) v3 -- 0x7fb054009550 con 0x7fb064106d30
2024-03-11T19:09:17.575 INFO:teuthology.orchestra.run.smithi042.stdout:/usr/bin/ceph: stderr
2024-03-11T19:09:16.790+0000 7fb06259c700 1 --2- 172.21.15.42:0/803773263 >> [v2:172.21.15.42:3300/0,v1:172.21.15.42:6789/0] conn(0x7fb064106d30 0x7fb06419b7c0 secure :-1 s=READY pgs=44 cs=0 l=1 rev1=1 crypto rx=0x7fb054011670 tx=0x7fb054003980 comp rx=0 tx=0).ready entity=mon.0 client_cookie=0 server_cookie=0 in_seq=0 out_seq=0
2024-03-11T19:09:17.575 INFO:teuthology.orchestra.run.smithi042.stdout:/usr/bin/ceph: stderr
2024-03-11T19:09:16.790+0000 7fb0537fe700 1 -- 172.21.15.42:0/803773263 <== mon.0 v2:172.21.15.42:3300/0 1 ==== mon_map magic: 0 v1 ==== 205+0+0 (secure 0 0 0) 0x7fb054011d30 con 0x7fb064106d30
2024-03-11T19:09:17.575 INFO:teuthology.orchestra.run.smithi042.stdout:/usr/bin/ceph: stderr
2024-03-11T19:09:16.790+0000 7fb0537fe700 1 -- 172.21.15.42:0/803773263 <== mon.0 v2:172.21.15.42:3300/0 2 ==== config(29 keys) v1 ==== 1178+0+0 (secure 0 0 0) 0x7fb05401a430 con 0x7fb064106d30
2024-03-11T19:09:17.575 INFO:teuthology.orchestra.run.smithi042.stdout:/usr/bin/ceph: stderr
2024-03-11T19:09:16.790+0000 7fb068dc5700 1 -- 172.21.15.42:0/803773263 --> [v2:172.21.15.42:3300/0,v1:172.21.15.42:6789/0] -- mon_subscribe({mgrmap=0+}) v3 -- 0x7fb06419bf00 con 0x7fb064106d30
2024-03-11T19:09:17.575 INFO:teuthology.orchestra.run.smithi042.stdout:/usr/bin/ceph: stderr
2024-03-11T19:09:16.790+0000 7fb0537fe700 1 -- 172.21.15.42:0/803773263 <== mon.0 v2:172.21.15.42:3300/0 3 ==== mon_map magic: 0 v1 ==== 205+0+0 (secure 0 0 0) 0x7fb0540195e0 con 0x7fb064106d30
2024-03-11T19:09:17.575 INFO:teuthology.orchestra.run.smithi042.stdout:/usr/bin/ceph: stderr
2024-03-11T19:09:16.791+0000 7fb068dc5700 1 -- 172.21.15.42:0/803773263 --> [v2:172.21.15.42:3300/0,v1:172.21.15.42:6789/0] -- mon_subscribe({osdmap=0}) v3 -- 0x7fb06419c3a0 con 0x7fb064106d30
2024-03-11T19:09:17.576 INFO:teuthology.orchestra.run.smithi042.stdout:/usr/bin/ceph: stderr
2024-03-11T19:09:16.791+0000 7fb0537fe700 1 -- 172.21.15.42:0/803773263 <== mon.0 v2:172.21.15.42:3300/0 4 ==== mgrmap(e 8) v1 ==== 45769+0+0 (secure 0 0 0) 0x7fb0540198a0 con 0x7fb064106d30
2024-03-11T19:09:17.576 INFO:teuthology.orchestra.run.smithi042.stdout:/usr/bin/ceph: stderr
2024-03-11T19:09:16.791+0000 7fb0537fe700 1 --2- 172.21.15.42:0/803773263 >> [v2:172.21.15.42:6800/316601979,v1:172.21.15.42:6801/316601979] conn(0x7fb04c038c60 0x7fb04c03b120 unknown :-1 s=NONE pgs=0 cs=0 l=1 rev1=0 crypto rx=0 tx=0 comp rx=0 tx=0).connect
2024-03-11T19:09:17.576 INFO:teuthology.orchestra.run.smithi042.stdout:/usr/bin/ceph: stderr
2024-03-11T19:09:16.791+0000 7fb068dc5700 1 -- 172.21.15.42:0/803773263 --> [v2:172.21.15.42:3300/0,v1:172.21.15.42:6789/0] -- mon_command({"prefix": "get_command_descriptions"} v 0) v1 -- 0x7fb064195950 con 0x7fb064106d30
2024-03-11T19:09:17.576 INFO:teuthology.orchestra.run.smithi042.stdout:/usr/bin/ceph: stderr
2024-03-11T19:09:16.791+0000 7fb0537fe700 1 -- 172.21.15.42:0/803773263 <== mon.0 v2:172.21.15.42:3300/0 5 ==== osd_map(2..2 src has 1..2) v4 ==== 940+0+0 (secure 0 0 0) 0x7fb05404cb50 con 0x7fb064106d30
2024-03-11T19:09:17.576 INFO:teuthology.orchestra.run.smithi042.stdout:/usr/bin/ceph: stderr
2024-03-11T19:09:16.792+0000 7fb061d9b700 1 --2- 172.21.15.42:0/803773263 >> [v2:172.21.15.42:6800/316601979,v1:172.21.15.42:6801/316601979] conn(0x7fb04c038c60 0x7fb04c03b120 unknown :-1 s=BANNER_CONNECTING pgs=0 cs=0 l=1 rev1=0 crypto rx=0 tx=0 comp rx=0 tx=0)._handle_peer_banner_payload supported=3 required=0
2024-03-11T19:09:17.576 INFO:teuthology.orchestra.run.smithi042.stdout:/usr/bin/ceph: stderr
2024-03-11T19:09:16.792+0000 7fb061d9b700 1 --2- 172.21.15.42:0/803773263 >> [v2:172.21.15.42:6800/316601979,v1:172.21.15.42:6801/316601979] conn(0x7fb04c038c60 0x7fb04c03b120 secure :-1 s=READY pgs=10 cs=0 l=1 rev1=1 crypto rx=0x7fb058006fd0 tx=0x7fb058006e40 comp rx=0 tx=0).ready entity=mgr.14120 client_cookie=0 server_cookie=0 in_seq=0 out_seq=0
2024-03-11T19:09:17.576 INFO:teuthology.orchestra.run.smithi042.stdout:/usr/bin/ceph: stderr
2024-03-11T19:09:16.797+0000 7fb0537fe700 1 -- 172.21.15.42:0/803773263 <== mon.0 v2:172.21.15.42:3300/0 6 ==== mon_command_ack([{"prefix": "get_command_descriptions"}]=0 v0) v1 ==== 72+0+183564 (secure 0 0 0) 0x7fb05404ce60 con 0x7fb064106d30
2024-03-11T19:09:17.576 INFO:teuthology.orchestra.run.smithi042.stdout:/usr/bin/ceph: stderr
2024-03-11T19:09:16.999+0000 7fb068dc5700 1 -- 172.21.15.42:0/803773263 --> [v2:172.21.15.42:6800/316601979,v1:172.21.15.42:6801/316601979] -- mgr_command(tid 0: {"prefix": "cephadm get-pub-key", "target": ["mon-mgr", ""]}) v1 -- 0x7fb06402da20 con 0x7fb04c038c60
2024-03-11T19:09:17.576 INFO:teuthology.orchestra.run.smithi042.stdout:/usr/bin/ceph: stderr
2024-03-11T19:09:17.000+0000 7fb0537fe700 1 -- 172.21.15.42:0/803773263 <== mgr.14120 v2:172.21.15.42:6800/316601979 1 ==== mgr_command_reply(tid 0: 0 ) v1 ==== 8+0+595 (secure 0 0 0) 0x7fb06402da20 con 0x7fb04c038c60
2024-03-11T19:09:17.576 INFO:teuthology.orchestra.run.smithi042.stdout:/usr/bin/ceph: stderr
2024-03-11T19:09:17.002+0000 7fb068dc5700 1 -- 172.21.15.42:0/803773263 >> [v2:172.21.15.42:6800/316601979,v1:172.21.15.42:6801/316601979] conn(0x7fb04c038c60 msgr2=0x7fb04c03b120 secure :-1 s=STATE_CONNECTION_ESTABLISHED l=1).mark_down
2024-03-11T19:09:17.576 INFO:teuthology.orchestra.run.smithi042.stdout:/usr/bin/ceph: stderr
2024-03-11T19:09:17.002+0000 7fb068dc5700 1 --2- 172.21.15.42:0/803773263 >> [v2:172.21.15.42:6800/316601979,v1:172.21.15.42:6801/316601979] conn(0x7fb04c038c60 0x7fb04c03b120 secure :-1 s=READY pgs=10 cs=0 l=1 rev1=1 crypto rx=0x7fb058006fd0 tx=0x7fb058006e40 comp rx=0 tx=0).stop
2024-03-11T19:09:17.576 INFO:teuthology.orchestra.run.smithi042.stdout:/usr/bin/ceph: stderr
2024-03-11T19:09:17.002+0000 7fb068dc5700 1 -- 172.21.15.42:0/803773263 >> [v2:172.21.15.42:3300/0,v1:172.21.15.42:6789/0] conn(0x7fb064106d30 msgr2=0x7fb06419b7c0 secure :-1 s=STATE_CONNECTION_ESTABLISHED l=1).mark_down
2024-03-11T19:09:17.576 INFO:teuthology.orchestra.run.smithi042.stdout:/usr/bin/ceph: stderr
2024-03-11T19:09:17.002+0000 7fb068dc5700 1 --2- 172.21.15.42:0/803773263 >> [v2:172.21.15.42:3300/0,v1:172.21.15.42:6789/0] conn(0x7fb064106d30 0x7fb06419b7c0 secure :-1 s=READY pgs=44 cs=0 l=1 rev1=1 crypto rx=0x7fb054011670 tx=0x7fb054003980 comp rx=0 tx=0).stop
2024-03-11T19:09:17.576 INFO:teuthology.orchestra.run.smithi042.stdout:/usr/bin/ceph: stderr
2024-03-11T19:09:17.002+0000 7fb068dc5700 1 -- 172.21.15.42:0/803773263 shutdown_connections
2024-03-11T19:09:17.576 INFO:teuthology.orchestra.run.smithi042.stdout:/usr/bin/ceph: stderr
2024-03-11T19:09:17.002+0000 7fb068dc5700 1 --2- 172.21.15.42:0/803773263 >> [v2:172.21.15.42:6800/316601979,v1:172.21.15.42:6801/316601979] conn(0x7fb04c038c60 0x7fb04c03b120 unknown :-1 s=CLOSED pgs=10 cs=0 l=1 rev1=1 crypto rx=0 tx=0 comp rx=0 tx=0).stop
2024-03-11T19:09:17.577 INFO:teuthology.orchestra.run.smithi042.stdout:/usr/bin/ceph: stderr
2024-03-11T19:09:17.002+0000 7fb068dc5700 1 --2- 172.21.15.42:0/803773263 >> [v2:172.21.15.42:3300/0,v1:172.21.15.42:6789/0] conn(0x7fb064106d30 0x7fb06419b7c0 unknown :-1 s=CLOSED pgs=44 cs=0 l=1 rev1=1 crypto rx=0 tx=0 comp rx=0 tx=0).stop
2024-03-11T19:09:17.577 INFO:teuthology.orchestra.run.smithi042.stdout:/usr/bin/ceph: stderr
2024-03-11T19:09:17.002+0000 7fb068dc5700 1 -- 172.21.15.42:0/803773263 >> 172.21.15.42:0/803773263 conn(0x7fb064101570 msgr2=0x7fb064102410 unknown :-1 s=STATE_NONE l=0).mark_down
2024-03-11T19:09:17.577 INFO:teuthology.orchestra.run.smithi042.stdout:/usr/bin/ceph: stderr
2024-03-11T19:09:17.002+0000 7fb068dc5700 1 -- 172.21.15.42:0/803773263 shutdown_connections
2024-03-11T19:09:17.577 INFO:teuthology.orchestra.run.smithi042.stdout:/usr/bin/ceph: stderr
2024-03-11T19:09:17.002+0000 7fb068dc5700 1 -- 172.21.15.42:0/803773263 wait complete.
2024-03-11T19:09:17.577 INFO:teuthology.orchestra.run.smithi042.stdout:Wrote public SSH key to /home/ubuntu/cephtest/ceph.pub
2024-03-11T19:09:17.577 INFO:teuthology.orchestra.run.smithi042.stdout:Adding key to root@localhost authorized_keys...
2024-03-11T19:09:17.577 INFO:teuthology.orchestra.run.smithi042.stdout:Adding host smithi042...
2024-03-11T19:09:17.933 INFO:journalctl@ceph.mon.a.smithi042.stdout:Mar 11 19:09:17 smithi042 ceph-mon[32312]: from='client.14138 -' entity='client.admin' cmd=[{"prefix": "cephadm get-pub-key", "target": ["mon-mgr", ""]}]: dispatch
2024-03-11T19:09:19.378 INFO:journalctl@ceph.mon.a.smithi042.stdout:Mar 11 19:09:19 smithi042 ceph-mon[32312]: from='client.14140 -' entity='client.admin' cmd=[{"prefix": "orch host add", "hostname": "smithi042", "addr": "172.21.15.42", "target": ["mon-mgr", ""]}]: dispatch
2024-03-11T19:09:19.378 INFO:journalctl@ceph.mon.a.smithi042.stdout:Mar 11 19:09:19 smithi042 ceph-mon[32312]: Deploying cephadm binary to smithi042
2024-03-11T19:09:23.197 INFO:teuthology.orchestra.run.smithi042.stdout:/usr/bin/ceph: stdout Added host 'smithi042' with addr '172.21.15.42'
2024-03-11T19:09:23.197 INFO:teuthology.orchestra.run.smithi042.stdout:/usr/bin/ceph: stderr
2024-03-11T19:09:17.965+0000 7fb3cd253700 1 Processor -- start
2024-03-11T19:09:23.197 INFO:teuthology.orchestra.run.smithi042.stdout:/usr/bin/ceph: stderr
2024-03-11T19:09:17.965+0000 7fb3cd253700 1 -- start start
2024-03-11T19:09:23.197 INFO:teuthology.orchestra.run.smithi042.stdout:/usr/bin/ceph: stderr
2024-03-11T19:09:17.965+0000 7fb3cd253700 1 --2- >> [v2:172.21.15.42:3300/0,v1:172.21.15.42:6789/0] conn(0x7fb3c8107940 0x7fb3c8107d60 unknown :-1 s=NONE pgs=0 cs=0 l=0 rev1=0 crypto rx=0 tx=0 comp rx=0 tx=0).connect
2024-03-11T19:09:23.198 INFO:teuthology.orchestra.run.smithi042.stdout:/usr/bin/ceph: stderr
2024-03-11T19:09:17.965+0000 7fb3cd253700 1 -- --> [v2:172.21.15.42:3300/0,v1:172.21.15.42:6789/0] -- mon_getmap magic: 0 v1 -- 0x7fb3c8108330 con 0x7fb3c8107940
2024-03-11T19:09:23.198 INFO:teuthology.orchestra.run.smithi042.stdout:/usr/bin/ceph: stderr
2024-03-11T19:09:17.965+0000 7fb3c6d9d700 1 --2- >> [v2:172.21.15.42:3300/0,v1:172.21.15.42:6789/0] conn(0x7fb3c8107940 0x7fb3c8107d60 unknown :-1 s=BANNER_CONNECTING pgs=0 cs=0 l=0 rev1=0 crypto rx=0 tx=0 comp rx=0 tx=0)._handle_peer_banner_payload supported=3 required=0
2024-03-11T19:09:23.198 INFO:teuthology.orchestra.run.smithi042.stdout:/usr/bin/ceph: stderr
2024-03-11T19:09:17.965+0000 7fb3c6d9d700 1 --2- >> [v2:172.21.15.42:3300/0,v1:172.21.15.42:6789/0] conn(0x7fb3c8107940 0x7fb3c8107d60 unknown :-1 s=HELLO_CONNECTING pgs=0 cs=0 l=0 rev1=1 crypto rx=0 tx=0 comp rx=0 tx=0).handle_hello peer v2:172.21.15.42:3300/0 says I am v2:172.21.15.42:35516/0 (socket says 172.21.15.42:35516)
2024-03-11T19:09:23.198 INFO:teuthology.orchestra.run.smithi042.stdout:/usr/bin/ceph: stderr
2024-03-11T19:09:17.965+0000 7fb3c6d9d700 1 -- 172.21.15.42:0/727805696 learned_addr learned my addr 172.21.15.42:0/727805696 (peer_addr_for_me v2:172.21.15.42:0/0)
2024-03-11T19:09:23.198 INFO:teuthology.orchestra.run.smithi042.stdout:/usr/bin/ceph: stderr
2024-03-11T19:09:17.965+0000 7fb3c6d9d700 1 -- 172.21.15.42:0/727805696 --> [v2:172.21.15.42:3300/0,v1:172.21.15.42:6789/0] -- mon_subscribe({config=0+,monmap=0+}) v3 -- 0x7fb3c8108af0 con 0x7fb3c8107940
2024-03-11T19:09:23.198 INFO:teuthology.orchestra.run.smithi042.stdout:/usr/bin/ceph: stderr
2024-03-11T19:09:17.966+0000 7fb3c6d9d700 1 --2- 172.21.15.42:0/727805696 >> [v2:172.21.15.42:3300/0,v1:172.21.15.42:6789/0] conn(0x7fb3c8107940 0x7fb3c8107d60 secure :-1 s=READY pgs=45 cs=0 l=1 rev1=1 crypto rx=0x7fb3b80098a0 tx=0x7fb3b8009bb0 comp rx=0 tx=0).ready entity=mon.0 client_cookie=ad8e1908e1e596d1 server_cookie=0 in_seq=0 out_seq=0
2024-03-11T19:09:23.198 INFO:teuthology.orchestra.run.smithi042.stdout:/usr/bin/ceph: stderr
2024-03-11T19:09:17.966+0000 7fb3c5d9b700 1 -- 172.21.15.42:0/727805696 <== mon.0 v2:172.21.15.42:3300/0 1 ==== mon_map magic: 0 v1 ==== 205+0+0 (secure 0 0 0) 0x7fb3b8004160 con 0x7fb3c8107940
2024-03-11T19:09:23.198 INFO:teuthology.orchestra.run.smithi042.stdout:/usr/bin/ceph: stderr
2024-03-11T19:09:17.966+0000 7fb3c5d9b700 1 -- 172.21.15.42:0/727805696 <== mon.0 v2:172.21.15.42:3300/0 2 ==== config(29 keys) v1 ==== 1178+0+0 (secure 0 0 0) 0x7fb3b80042c0 con 0x7fb3c8107940
2024-03-11T19:09:23.198 INFO:teuthology.orchestra.run.smithi042.stdout:/usr/bin/ceph: stderr
2024-03-11T19:09:17.966+0000 7fb3c5d9b700 1 -- 172.21.15.42:0/727805696 <== mon.0 v2:172.21.15.42:3300/0 3 ==== mon_map magic: 0 v1 ==== 205+0+0 (secure 0 0 0) 0x7fb3b8011c20 con 0x7fb3c8107940
2024-03-11T19:09:23.198 INFO:teuthology.orchestra.run.smithi042.stdout:/usr/bin/ceph: stderr
2024-03-11T19:09:17.966+0000 7fb3cd253700 1 -- 172.21.15.42:0/727805696 >> [v2:172.21.15.42:3300/0,v1:172.21.15.42:6789/0] conn(0x7fb3c8107940 msgr2=0x7fb3c8107d60 secure :-1 s=STATE_CONNECTION_ESTABLISHED l=1).mark_down
2024-03-11T19:09:23.199 INFO:teuthology.orchestra.run.smithi042.stdout:/usr/bin/ceph: stderr
2024-03-11T19:09:17.966+0000 7fb3cd253700 1 --2- 172.21.15.42:0/727805696 >> [v2:172.21.15.42:3300/0,v1:172.21.15.42:6789/0] conn(0x7fb3c8107940 0x7fb3c8107d60 secure :-1 s=READY pgs=45 cs=0 l=1 rev1=1 crypto rx=0x7fb3b80098a0 tx=0x7fb3b8009bb0 comp rx=0 tx=0).stop
2024-03-11T19:09:23.199 INFO:teuthology.orchestra.run.smithi042.stdout:/usr/bin/ceph: stderr
2024-03-11T19:09:17.966+0000 7fb3cd253700 1 -- 172.21.15.42:0/727805696 shutdown_connections
2024-03-11T19:09:23.199 INFO:teuthology.orchestra.run.smithi042.stdout:/usr/bin/ceph: stderr
2024-03-11T19:09:17.966+0000 7fb3cd253700 1 --2- 172.21.15.42:0/727805696 >> [v2:172.21.15.42:3300/0,v1:172.21.15.42:6789/0] conn(0x7fb3c8107940 0x7fb3c8107d60 unknown :-1 s=CLOSED pgs=45 cs=0 l=1 rev1=1 crypto rx=0 tx=0 comp rx=0 tx=0).stop
2024-03-11T19:09:23.199 INFO:teuthology.orchestra.run.smithi042.stdout:/usr/bin/ceph: stderr
2024-03-11T19:09:17.966+0000 7fb3cd253700 1 -- 172.21.15.42:0/727805696 >> 172.21.15.42:0/727805696 conn(0x7fb3c8102f20 msgr2=0x7fb3c8105340 unknown :-1 s=STATE_NONE l=0).mark_down
2024-03-11T19:09:23.199 INFO:teuthology.orchestra.run.smithi042.stdout:/usr/bin/ceph: stderr
2024-03-11T19:09:17.967+0000 7fb3cd253700 1 -- 172.21.15.42:0/727805696 shutdown_connections
2024-03-11T19:09:23.199 INFO:teuthology.orchestra.run.smithi042.stdout:/usr/bin/ceph: stderr
2024-03-11T19:09:17.967+0000 7fb3cd253700 1 -- 172.21.15.42:0/727805696 wait complete.
