2024-03-11T19:09:34.007 INFO:teuthology.orchestra.run.smithi042.stdout:/usr/bin/ceph: stderr
2024-03-11T19:09:33.127+0000 7f1482bf6700 1 Processor -- start
2024-03-11T19:09:34.007 INFO:teuthology.orchestra.run.smithi042.stdout:/usr/bin/ceph: stderr
2024-03-11T19:09:33.127+0000 7f1482bf6700 1 -- start start
2024-03-11T19:09:34.007 INFO:teuthology.orchestra.run.smithi042.stdout:/usr/bin/ceph: stderr
2024-03-11T19:09:33.127+0000 7f1482bf6700 1 --2- >> [v2:172.21.15.42:3300/0,v1:172.21.15.42:6789/0] conn(0x7f147c1067f0 0x7f147c19b790 unknown :-1 s=NONE pgs=0 cs=0 l=1 rev1=0 crypto rx=0 tx=0 comp rx=0 tx=0).connect
2024-03-11T19:09:34.007 INFO:teuthology.orchestra.run.smithi042.stdout:/usr/bin/ceph: stderr
2024-03-11T19:09:33.127+0000 7f1482bf6700 1 -- --> [v2:172.21.15.42:3300/0,v1:172.21.15.42:6789/0] -- mon_getmap magic: 0 v1 -- 0x7f147c19bcd0 con 0x7f147c1067f0
2024-03-11T19:09:34.007 INFO:teuthology.orchestra.run.smithi042.stdout:/usr/bin/ceph: stderr
2024-03-11T19:09:33.127+0000 7f1480992700 1 --2- >> [v2:172.21.15.42:3300/0,v1:172.21.15.42:6789/0] conn(0x7f147c1067f0 0x7f147c19b790 unknown :-1 s=BANNER_CONNECTING pgs=0 cs=0 l=1 rev1=0 crypto rx=0 tx=0 comp rx=0 tx=0)._handle_peer_banner_payload supported=3 required=0
2024-03-11T19:09:34.007 INFO:teuthology.orchestra.run.smithi042.stdout:/usr/bin/ceph: stderr
2024-03-11T19:09:33.127+0000 7f1480992700 1 --2- >> [v2:172.21.15.42:3300/0,v1:172.21.15.42:6789/0] conn(0x7f147c1067f0 0x7f147c19b790 unknown :-1 s=HELLO_CONNECTING pgs=0 cs=0 l=1 rev1=1 crypto rx=0 tx=0 comp rx=0 tx=0).handle_hello peer v2:172.21.15.42:3300/0 says I am v2:172.21.15.42:36342/0 (socket says 172.21.15.42:36342)
2024-03-11T19:09:34.008 INFO:teuthology.orchestra.run.smithi042.stdout:/usr/bin/ceph: stderr
2024-03-11T19:09:33.127+0000 7f1480992700 1 -- 172.21.15.42:0/2430053021 learned_addr learned my addr 172.21.15.42:0/2430053021 (peer_addr_for_me v2:172.21.15.42:0/0)
2024-03-11T19:09:34.008 INFO:teuthology.orchestra.run.smithi042.stdout:/usr/bin/ceph: stderr
2024-03-11T19:09:33.127+0000 7f1480992700 1 -- 172.21.15.42:0/2430053021 --> [v2:172.21.15.42:3300/0,v1:172.21.15.42:6789/0] -- mon_subscribe({config=0+,monmap=0+}) v3 -- 0x7f1470009550 con 0x7f147c1067f0
2024-03-11T19:09:34.008 INFO:teuthology.orchestra.run.smithi042.stdout:/usr/bin/ceph: stderr
2024-03-11T19:09:33.127+0000 7f1480992700 1 --2- 172.21.15.42:0/2430053021 >> [v2:172.21.15.42:3300/0,v1:172.21.15.42:6789/0] conn(0x7f147c1067f0 0x7f147c19b790 secure :-1 s=READY pgs=60 cs=0 l=1 rev1=1 crypto rx=0x7f14700118e0 tx=0x7f1470011d10 comp rx=0 tx=0).ready entity=mon.0 client_cookie=0 server_cookie=0 in_seq=0 out_seq=0
2024-03-11T19:09:34.008 INFO:teuthology.orchestra.run.smithi042.stdout:/usr/bin/ceph: stderr
2024-03-11T19:09:33.128+0000 7f1479ffb700 1 -- 172.21.15.42:0/2430053021 <== mon.0 v2:172.21.15.42:3300/0 1 ==== mon_map magic: 0 v1 ==== 205+0+0 (secure 0 0 0) 0x7f1470011ea0 con 0x7f147c1067f0
2024-03-11T19:09:34.008 INFO:teuthology.orchestra.run.smithi042.stdout:/usr/bin/ceph: stderr
2024-03-11T19:09:33.128+0000 7f1482bf6700 1 -- 172.21.15.42:0/2430053021 --> [v2:172.21.15.42:3300/0,v1:172.21.15.42:6789/0] -- mon_subscribe({mgrmap=0+}) v3 -- 0x7f147c19bed0 con 0x7f147c1067f0
2024-03-11T19:09:34.008 INFO:teuthology.orchestra.run.smithi042.stdout:/usr/bin/ceph: stderr
2024-03-11T19:09:33.128+0000 7f1479ffb700 1 -- 172.21.15.42:0/2430053021 <== mon.0 v2:172.21.15.42:3300/0 2 ==== config(29 keys) v1 ==== 1209+0+0 (secure 0 0 0) 0x7f147001a430 con 0x7f147c1067f0
2024-03-11T19:09:34.008 INFO:teuthology.orchestra.run.smithi042.stdout:/usr/bin/ceph: stderr
2024-03-11T19:09:33.128+0000 7f1479ffb700 1 -- 172.21.15.42:0/2430053021 <== mon.0 v2:172.21.15.42:3300/0 3 ==== mon_map magic: 0 v1 ==== 205+0+0 (secure 0 0 0) 0x7f1470024580 con 0x7f147c1067f0
2024-03-11T19:09:34.008 INFO:teuthology.orchestra.run.smithi042.stdout:/usr/bin/ceph: stderr
2024-03-11T19:09:33.128+0000 7f1482bf6700 1 -- 172.21.15.42:0/2430053021 --> [v2:172.21.15.42:3300/0,v1:172.21.15.42:6789/0] -- mon_subscribe({osdmap=0}) v3 -- 0x7f147c19c370 con 0x7f147c1067f0
2024-03-11T19:09:34.008 INFO:teuthology.orchestra.run.smithi042.stdout:/usr/bin/ceph: stderr
2024-03-11T19:09:33.129+0000 7f1482bf6700 1 -- 172.21.15.42:0/2430053021 --> [v2:172.21.15.42:3300/0,v1:172.21.15.42:6789/0] -- mon_command({"prefix": "get_command_descriptions"} v 0) v1 -- 0x7f147c195950 con 0x7f147c1067f0
2024-03-11T19:09:34.008 INFO:teuthology.orchestra.run.smithi042.stdout:/usr/bin/ceph: stderr
2024-03-11T19:09:33.129+0000 7f1479ffb700 1 -- 172.21.15.42:0/2430053021 <== mon.0 v2:172.21.15.42:3300/0 4 ==== mgrmap(e 9) v1 ==== 45782+0+0 (secure 0 0 0) 0x7f147002d3f0 con 0x7f147c1067f0
2024-03-11T19:09:34.008 INFO:teuthology.orchestra.run.smithi042.stdout:/usr/bin/ceph: stderr
2024-03-11T19:09:33.129+0000 7f1479ffb700 1 --2- 172.21.15.42:0/2430053021 >> [v2:172.21.15.42:6800/316601979,v1:172.21.15.42:6801/316601979] conn(0x7f146c038d10 0x7f146c03b1d0 unknown :-1 s=NONE pgs=0 cs=0 l=1 rev1=0 crypto rx=0 tx=0 comp rx=0 tx=0).connect
2024-03-11T19:09:34.008 INFO:teuthology.orchestra.run.smithi042.stdout:/usr/bin/ceph: stderr
2024-03-11T19:09:33.129+0000 7f1479ffb700 1 -- 172.21.15.42:0/2430053021 <== mon.0 v2:172.21.15.42:3300/0 5 ==== osd_map(2..2 src has 1..2) v4 ==== 940+0+0 (secure 0 0 0) 0x7f147004cc40 con 0x7f147c1067f0
2024-03-11T19:09:34.008 INFO:teuthology.orchestra.run.smithi042.stdout:/usr/bin/ceph: stderr
2024-03-11T19:09:33.129+0000 7f147bfff700 1 -- 172.21.15.42:0/2430053021 >> [v2:172.21.15.42:6800/316601979,v1:172.21.15.42:6801/316601979] conn(0x7f146c038d10 msgr2=0x7f146c03b1d0 unknown :-1 s=STATE_CONNECTING_RE l=1).process reconnect failed to v2:172.21.15.42:6800/316601979
2024-03-11T19:09:34.008 INFO:teuthology.orchestra.run.smithi042.stdout:/usr/bin/ceph: stderr
2024-03-11T19:09:33.129+0000 7f147bfff700 1 --2- 172.21.15.42:0/2430053021 >> [v2:172.21.15.42:6800/316601979,v1:172.21.15.42:6801/316601979] conn(0x7f146c038d10 0x7f146c03b1d0 unknown :-1 s=START_CONNECT pgs=0 cs=0 l=1 rev1=0 crypto rx=0 tx=0 comp rx=0 tx=0)._fault waiting 0.200000
2024-03-11T19:09:34.008 INFO:teuthology.orchestra.run.smithi042.stdout:/usr/bin/ceph: stderr
2024-03-11T19:09:33.138+0000 7f1479ffb700 1 -- 172.21.15.42:0/2430053021 <== mon.0 v2:172.21.15.42:3300/0 6 ==== mon_command_ack([{"prefix": "get_command_descriptions"}]=0 v0) v1 ==== 72+0+183564 (secure 0 0 0) 0x7f1470010970 con 0x7f147c1067f0
2024-03-11T19:09:34.008 INFO:teuthology.orchestra.run.smithi042.stdout:/usr/bin/ceph: stderr
2024-03-11T19:09:33.330+0000 7f147bfff700 1 -- 172.21.15.42:0/2430053021 >> [v2:172.21.15.42:6800/316601979,v1:172.21.15.42:6801/316601979] conn(0x7f146c038d10 msgr2=0x7f146c03b1d0 unknown :-1 s=STATE_CONNECTING_RE l=1).process reconnect failed to v2:172.21.15.42:6800/316601979
2024-03-11T19:09:34.009 INFO:teuthology.orchestra.run.smithi042.stdout:/usr/bin/ceph: stderr
2024-03-11T19:09:33.330+0000 7f147bfff700 1 --2- 172.21.15.42:0/2430053021 >> [v2:172.21.15.42:6800/316601979,v1:172.21.15.42:6801/316601979] conn(0x7f146c038d10 0x7f146c03b1d0 unknown :-1 s=START_CONNECT pgs=0 cs=0 l=1 rev1=0 crypto rx=0 tx=0 comp rx=0 tx=0)._fault waiting 0.400000
2024-03-11T19:09:34.009 INFO:teuthology.orchestra.run.smithi042.stdout:/usr/bin/ceph: stderr
2024-03-11T19:09:33.400+0000 7f1482bf6700 1 -- 172.21.15.42:0/2430053021 --> [v2:172.21.15.42:3300/0,v1:172.21.15.42:6789/0] -- mon_command({"prefix": "mgr stat"} v 0) v1 -- 0x7f147c02d8e0 con 0x7f147c1067f0
2024-03-11T19:09:34.009 INFO:teuthology.orchestra.run.smithi042.stdout:/usr/bin/ceph: stderr
2024-03-11T19:09:33.401+0000 7f1479ffb700 1 -- 172.21.15.42:0/2430053021 <== mon.0 v2:172.21.15.42:3300/0 7 ==== mon_command_ack([{"prefix": "mgr stat"}]=0 v9) v1 ==== 56+0+88 (secure 0 0 0) 0x7f1470010380 con 0x7f147c1067f0
2024-03-11T19:09:34.009 INFO:teuthology.orchestra.run.smithi042.stdout:/usr/bin/ceph: stderr
2024-03-11T19:09:33.403+0000 7f1482bf6700 1 -- 172.21.15.42:0/2430053021 >> [v2:172.21.15.42:6800/316601979,v1:172.21.15.42:6801/316601979] conn(0x7f146c038d10 msgr2=0x7f146c03b1d0 unknown :-1 s=STATE_CONNECTING l=1).mark_down
2024-03-11T19:09:34.009 INFO:teuthology.orchestra.run.smithi042.stdout:/usr/bin/ceph: stderr
2024-03-11T19:09:33.403+0000 7f1482bf6700 1 --2- 172.21.15.42:0/2430053021 >> [v2:172.21.15.42:6800/316601979,v1:172.21.15.42:6801/316601979] conn(0x7f146c038d10 0x7f146c03b1d0 unknown :-1 s=START_CONNECT pgs=0 cs=0 l=1 rev1=0 crypto rx=0 tx=0 comp rx=0 tx=0).stop
2024-03-11T19:09:34.009 INFO:teuthology.orchestra.run.smithi042.stdout:/usr/bin/ceph: stderr
2024-03-11T19:09:33.403+0000 7f1482bf6700 1 -- 172.21.15.42:0/2430053021 >> [v2:172.21.15.42:3300/0,v1:172.21.15.42:6789/0] conn(0x7f147c1067f0 msgr2=0x7f147c19b790 secure :-1 s=STATE_CONNECTION_ESTABLISHED l=1).mark_down
2024-03-11T19:09:34.009 INFO:teuthology.orchestra.run.smithi042.stdout:/usr/bin/ceph: stderr
2024-03-11T19:09:33.403+0000 7f1482bf6700 1 --2- 172.21.15.42:0/2430053021 >> [v2:172.21.15.42:3300/0,v1:172.21.15.42:6789/0] conn(0x7f147c1067f0 0x7f147c19b790 secure :-1 s=READY pgs=60 cs=0 l=1 rev1=1 crypto rx=0x7f14700118e0 tx=0x7f1470011d10 comp rx=0 tx=0).stop
2024-03-11T19:09:34.009 INFO:teuthology.orchestra.run.smithi042.stdout:/usr/bin/ceph: stderr
2024-03-11T19:09:33.403+0000 7f1482bf6700 1 -- 172.21.15.42:0/2430053021 shutdown_connections
2024-03-11T19:09:34.009 INFO:teuthology.orchestra.run.smithi042.stdout:/usr/bin/ceph: stderr
2024-03-11T19:09:33.403+0000 7f1482bf6700 1 --2- 172.21.15.42:0/2430053021 >> [v2:172.21.15.42:6800/316601979,v1:172.21.15.42:6801/316601979] conn(0x7f146c038d10 0x7f146c03b1d0 unknown :-1 s=CLOSED pgs=0 cs=0 l=1 rev1=0 crypto rx=0 tx=0 comp rx=0 tx=0).stop
2024-03-11T19:09:34.009 INFO:teuthology.orchestra.run.smithi042.stdout:/usr/bin/ceph: stderr
2024-03-11T19:09:33.403+0000 7f1482bf6700 1 --2- 172.21.15.42:0/2430053021 >> [v2:172.21.15.42:3300/0,v1:172.21.15.42:6789/0] conn(0x7f147c1067f0 0x7f147c19b790 unknown :-1 s=CLOSED pgs=60 cs=0 l=1 rev1=1 crypto rx=0 tx=0 comp rx=0 tx=0).stop
2024-03-11T19:09:34.009 INFO:teuthology.orchestra.run.smithi042.stdout:/usr/bin/ceph: stderr
2024-03-11T19:09:33.403+0000 7f1482bf6700 1 -- 172.21.15.42:0/2430053021 >> 172.21.15.42:0/2430053021 conn(0x7f147c101e70 msgr2=0x7f147c102ca0 unknown :-1 s=STATE_NONE l=0).mark_down
2024-03-11T19:09:34.009 INFO:teuthology.orchestra.run.smithi042.stdout:/usr/bin/ceph: stderr
2024-03-11T19:09:33.403+0000 7f1482bf6700 1 -- 172.21.15.42:0/2430053021 shutdown_connections
2024-03-11T19:09:34.009 INFO:teuthology.orchestra.run.smithi042.stdout:/usr/bin/ceph: stderr
2024-03-11T19:09:33.403+0000 7f1482bf6700 1 -- 172.21.15.42:0/2430053021 wait complete.
2024-03-11T19:09:34.009 INFO:teuthology.orchestra.run.smithi042.stdout:Waiting for the mgr to restart...
2024-03-11T19:09:34.009 INFO:teuthology.orchestra.run.smithi042.stdout:Waiting for mgr epoch 9...
2024-03-11T19:09:34.278 INFO:journalctl@ceph.mon.a.smithi042.stdout:Mar 11 19:09:34 smithi042 ceph-mon[32312]: from='client.? 172.21.15.42:0/2430053021' entity='client.admin' cmd=[{"prefix": "mgr stat"}]: dispatch
2024-03-11T19:09:34.278 INFO:journalctl@ceph.mgr.x.smithi042.stdout:Mar 11 19:09:34 smithi042 ceph-9fcd5024-dfda-11ee-95c8-87774f69a715-mgr-x[32544]:
2024-03-11T19:09:34.173+0000 7f5b07728200 -1 mgr[py] Module rgw has missing NOTIFY_TYPES member
2024-03-11T19:09:34.543 INFO:journalctl@ceph.mgr.x.smithi042.stdout:Mar 11 19:09:34 smithi042 ceph-9fcd5024-dfda-11ee-95c8-87774f69a715-mgr-x[32544]:
2024-03-11T19:09:34.289+0000 7f5b07728200 -1 mgr[py] Module rbd_support has missing NOTIFY_TYPES member
2024-03-11T19:09:34.544 INFO:journalctl@ceph.mgr.x.smithi042.stdout:Mar 11 19:09:34 smithi042 ceph-9fcd5024-dfda-11ee-95c8-87774f69a715-mgr-x[32544]:
2024-03-11T19:09:34.377+0000 7f5b07728200 -1 mgr[py] Module progress has missing NOTIFY_TYPES member
2024-03-11T19:09:34.544 INFO:journalctl@ceph.mgr.x.smithi042.stdout:Mar 11 19:09:34 smithi042 ceph-9fcd5024-dfda-11ee-95c8-87774f69a715-mgr-x[32544]:
2024-03-11T19:09:34.476+0000 7f5b07728200 -1 mgr[py] Module pg_autoscaler has missing NOTIFY_TYPES member
2024-03-11T19:09:34.991 INFO:journalctl@ceph.mgr.x.smithi042.stdout:Mar 11 19:09:34 smithi042 ceph-9fcd5024-dfda-11ee-95c8-87774f69a715-mgr-x[32544]:
2024-03-11T19:09:34.657+0000 7f5b07728200 -1 mgr[py] Module devicehealth has missing NOTIFY_TYPES member
2024-03-11T19:09:35.951 INFO:journalctl@ceph.mgr.x.smithi042.stdout:Mar 11 19:09:35 smithi042 ceph-9fcd5024-dfda-11ee-95c8-87774f69a715-mgr-x[32544]:
2024-03-11T19:09:35.645+0000 7f5b07728200 -1 mgr[py] Module rook has missing NOTIFY_TYPES member
2024-03-11T19:09:35.951 INFO:journalctl@ceph.mgr.x.smithi042.stdout:Mar 11 19:09:35 smithi042 ceph-9fcd5024-dfda-11ee-95c8-87774f69a715-mgr-x[32544]:
2024-03-11T19:09:35.780+0000 7f5b07728200 -1 mgr[py] Module diskprediction_local has missing NOTIFY_TYPES member
2024-03-11T19:09:36.220 INFO:journalctl@ceph.mgr.x.smithi042.stdout:Mar 11 19:09:36 smithi042 ceph-9fcd5024-dfda-11ee-95c8-87774f69a715-mgr-x[32544]:
2024-03-11T19:09:36.124+0000 7f5b07728200 -1 mgr[py] Module selftest has missing NOTIFY_TYPES member
2024-03-11T19:09:36.220 INFO:journalctl@ceph.mgr.x.smithi042.stdout:Mar 11 19:09:36 smithi042 ceph-9fcd5024-dfda-11ee-95c8-87774f69a715-mgr-x[32544]:
2024-03-11T19:09:36.217+0000 7f5b07728200 -1 mgr[py] Module telegraf has missing NOTIFY_TYPES member
2024-03-11T19:09:36.491 INFO:journalctl@ceph.mgr.x.smithi042.stdout:Mar 11 19:09:36 smithi042 ceph-9fcd5024-dfda-11ee-95c8-87774f69a715-mgr-x[32544]:
2024-03-11T19:09:36.419+0000 7f5b07728200 -1 mgr[py] Module test_orchestrator has missing NOTIFY_TYPES member
2024-03-11T19:09:36.910 INFO:journalctl@ceph.mgr.x.smithi042.stdout:Mar 11 19:09:36 smithi042 ceph-9fcd5024-dfda-11ee-95c8-87774f69a715-mgr-x[32544]:
2024-03-11T19:09:36.612+0000 7f5b07728200 -1 mgr[py] Module crash has missing NOTIFY_TYPES member
2024-03-11T19:09:37.173 INFO:journalctl@ceph.mgr.x.smithi042.stdout:Mar 11 19:09:36 smithi042 ceph-9fcd5024-dfda-11ee-95c8-87774f69a715-mgr-x[32544]:
2024-03-11T19:09:36.907+0000 7f5b07728200 -1 mgr[py] Module orchestrator has missing NOTIFY_TYPES member
2024-03-11T19:09:37.173 INFO:journalctl@ceph.mgr.x.smithi042.stdout:Mar 11 19:09:37 smithi042 ceph-9fcd5024-dfda-11ee-95c8-87774f69a715-mgr-x[32544]:
2024-03-11T19:09:37.169+0000 7f5b07728200 -1 mgr[py] Module osd_support has missing NOTIFY_TYPES member
2024-03-11T19:09:37.491 INFO:journalctl@ceph.mgr.x.smithi042.stdout:Mar 11 19:09:37 smithi042 ceph-9fcd5024-dfda-11ee-95c8-87774f69a715-mgr-x[32544]:
2024-03-11T19:09:37.414+0000 7f5b07728200 -1 mgr[py] Module volumes has missing NOTIFY_TYPES member
2024-03-11T19:09:38.741 INFO:journalctl@ceph.mgr.x.smithi042.stdout:Mar 11 19:09:38 smithi042 ceph-9fcd5024-dfda-11ee-95c8-87774f69a715-mgr-x[32544]:
2024-03-11T19:09:38.247+0000 7f5b07728200 -1 mgr[py] Module telemetry has missing NOTIFY_TYPES member
2024-03-11T19:09:39.161 INFO:journalctl@ceph.mgr.x.smithi042.stdout:Mar 11 19:09:38 smithi042 ceph-9fcd5024-dfda-11ee-95c8-87774f69a715-mgr-x[32544]:
2024-03-11T19:09:38.832+0000 7f5b07728200 -1 mgr[py] Module prometheus has missing NOTIFY_TYPES member
2024-03-11T19:09:39.161 INFO:journalctl@ceph.mgr.x.smithi042.stdout:Mar 11 19:09:38 smithi042 ceph-9fcd5024-dfda-11ee-95c8-87774f69a715-mgr-x[32544]:
2024-03-11T19:09:38.934+0000 7f5b07728200 -1 mgr[py] Module status has missing NOTIFY_TYPES member
2024-03-11T19:09:39.162 INFO:journalctl@ceph.mgr.x.smithi042.stdout:Mar 11 19:09:39 smithi042 ceph-9fcd5024-dfda-11ee-95c8-87774f69a715-mgr-x[32544]:
2024-03-11T19:09:39.158+0000 7f5b07728200 -1 mgr[py] Module nfs has missing NOTIFY_TYPES member
2024-03-11T19:09:39.492 INFO:journalctl@ceph.mon.a.smithi042.stdout:Mar 11 19:09:39 smithi042 ceph-mon[32312]: Active manager daemon x restarted
2024-03-11T19:09:39.492 INFO:journalctl@ceph.mon.a.smithi042.stdout:Mar 11 19:09:39 smithi042 ceph-mon[32312]: Activating manager daemon x
2024-03-11T19:09:39.492 INFO:journalctl@ceph.mon.a.smithi042.stdout:Mar 11 19:09:39 smithi042 ceph-mon[32312]: osdmap e3: 0 total, 0 up, 0 in
2024-03-11T19:09:39.492 INFO:journalctl@ceph.mon.a.smithi042.stdout:Mar 11 19:09:39 smithi042 ceph-mon[32312]: mgrmap e10: x(active, starting, since 0.00299949s)
2024-03-11T19:09:39.492 INFO:journalctl@ceph.mon.a.smithi042.stdout:Mar 11 19:09:39 smithi042 ceph-mon[32312]: from='mgr.14152 172.21.15.42:0/2627744702' entity='mgr.x' cmd=[{"prefix": "mon metadata", "id": "a"}]: dispatch
2024-03-11T19:09:39.492 INFO:journalctl@ceph.mon.a.smithi042.stdout:Mar 11 19:09:39 smithi042 ceph-mon[32312]: from='mgr.14152 172.21.15.42:0/2627744702' entity='mgr.x' cmd=[{"prefix": "mgr metadata", "who": "x", "id": "x"}]: dispatch
2024-03-11T19:09:39.492 INFO:journalctl@ceph.mon.a.smithi042.stdout:Mar 11 19:09:39 smithi042 ceph-mon[32312]: from='mgr.14152 172.21.15.42:0/2627744702' entity='mgr.x' cmd=[{"prefix": "mds metadata"}]: dispatch
2024-03-11T19:09:39.492 INFO:journalctl@ceph.mon.a.smithi042.stdout:Mar 11 19:09:39 smithi042 ceph-mon[32312]: from='mgr.14152 172.21.15.42:0/2627744702' entity='mgr.x' cmd=[{"prefix": "osd metadata"}]: dispatch
2024-03-11T19:09:39.492 INFO:journalctl@ceph.mon.a.smithi042.stdout:Mar 11 19:09:39 smithi042 ceph-mon[32312]: from='mgr.14152 172.21.15.42:0/2627744702' entity='mgr.x' cmd=[{"prefix": "mon metadata"}]: dispatch
2024-03-11T19:09:39.493 INFO:journalctl@ceph.mon.a.smithi042.stdout:Mar 11 19:09:39 smithi042 ceph-mon[32312]: Manager daemon x is now available
2024-03-11T19:09:39.493 INFO:journalctl@ceph.mon.a.smithi042.stdout:Mar 11 19:09:39 smithi042 ceph-mon[32312]: from='mgr.14152 172.21.15.42:0/2627744702' entity='mgr.x' cmd=[{"prefix": "config dump", "format": "json"}]: dispatch
2024-03-11T19:09:39.493 INFO:journalctl@ceph.mon.a.smithi042.stdout:Mar 11 19:09:39 smithi042 ceph-mon[32312]: from='mgr.14152 172.21.15.42:0/2627744702' entity='mgr.x' cmd=[{"prefix": "config dump", "format": "json"}]: dispatch
2024-03-11T19:09:40.448 INFO:journalctl@ceph.mon.a.smithi042.stdout:Mar 11 19:09:40 smithi042 ceph-mon[32312]: from='mgr.14152 172.21.15.42:0/2627744702' entity='mgr.x' cmd=[{"prefix":"config rm","who":"mgr","name":"mgr/rbd_support/x/mirror_snapshot_schedule"}]: dispatch
2024-03-11T19:09:40.448 INFO:journalctl@ceph.mon.a.smithi042.stdout:Mar 11 19:09:40 smithi042 ceph-mon[32312]: from='mgr.14152 172.21.15.42:0/2627744702' entity='mgr.x' cmd=[{"prefix":"config rm","who":"mgr","name":"mgr/rbd_support/x/trash_purge_schedule"}]: dispatch
2024-03-11T19:09:40.448 INFO:journalctl@ceph.mon.a.smithi042.stdout:Mar 11 19:09:40 smithi042 ceph-mon[32312]: [11/Mar/2024:19:09:40] ENGINE Bus STARTING
2024-03-11T19:09:40.448 INFO:journalctl@ceph.mon.a.smithi042.stdout:Mar 11 19:09:40 smithi042 ceph-mon[32312]: mgrmap e11: x(active, since 1.00552s)
2024-03-11T19:09:41.030 INFO:teuthology.orchestra.run.smithi042.stdout:/usr/bin/ceph: stdout {
2024-03-11T19:09:41.030 INFO:teuthology.orchestra.run.smithi042.stdout:/usr/bin/ceph: stdout "mgrmap_epoch": 11,
2024-03-11T19:09:41.030 INFO:teuthology.orchestra.run.smithi042.stdout:/usr/bin/ceph: stdout "initialized": true
2024-03-11T19:09:41.030 INFO:teuthology.orchestra.run.smithi042.stdout:/usr/bin/ceph: stdout }
2024-03-11T19:09:41.030 INFO:teuthology.orchestra.run.smithi042.stdout:/usr/bin/ceph: stderr
2024-03-11T19:09:34.540+0000 7f5991107700 1 Processor -- start
2024-03-11T19:09:41.030 INFO:teuthology.orchestra.run.smithi042.stdout:/usr/bin/ceph: stderr
2024-03-11T19:09:34.540+0000 7f5991107700 1 -- start start
2024-03-11T19:09:41.030 INFO:teuthology.orchestra.run.smithi042.stdout:/usr/bin/ceph: stderr
2024-03-11T19:09:34.540+0000 7f5991107700 1 --2- >> [v2:172.21.15.42:3300/0,v1:172.21.15.42:6789/0] conn(0x7f598c107930 0x7f598c107d50 unknown :-1 s=NONE pgs=0 cs=0 l=0 rev1=0 crypto rx=0 tx=0 comp rx=0 tx=0).connect
2024-03-11T19:09:41.031 INFO:teuthology.orchestra.run.smithi042.stdout:/usr/bin/ceph: stderr
2024-03-11T19:09:34.540+0000 7f5991107700 1 -- --> [v2:172.21.15.42:3300/0,v1:172.21.15.42:6789/0] -- mon_getmap magic: 0 v1 -- 0x7f598c108320 con 0x7f598c107930
2024-03-11T19:09:41.031 INFO:teuthology.orchestra.run.smithi042.stdout:/usr/bin/ceph: stderr
2024-03-11T19:09:34.540+0000 7f598ad9d700 1 --2- >> [v2:172.21.15.42:3300/0,v1:172.21.15.42:6789/0] conn(0x7f598c107930 0x7f598c107d50 unknown :-1 s=BANNER_CONNECTING pgs=0 cs=0 l=0 rev1=0 crypto rx=0 tx=0 comp rx=0 tx=0)._handle_peer_banner_payload supported=3 required=0
2024-03-11T19:09:41.031 INFO:teuthology.orchestra.run.smithi042.stdout:/usr/bin/ceph: stderr
2024-03-11T19:09:34.540+0000 7f598ad9d700 1 --2- >> [v2:172.21.15.42:3300/0,v1:172.21.15.42:6789/0] conn(0x7f598c107930 0x7f598c107d50 unknown :-1 s=HELLO_CONNECTING pgs=0 cs=0 l=0 rev1=1 crypto rx=0 tx=0 comp rx=0 tx=0).handle_hello peer v2:172.21.15.42:3300/0 says I am v2:172.21.15.42:36354/0 (socket says 172.21.15.42:36354)
2024-03-11T19:09:41.038 INFO:teuthology.orchestra.run.smithi042.stdout:/usr/bin/ceph: stderr
2024-03-11T19:09:34.540+0000 7f598ad9d700 1 -- 172.21.15.42:0/2844885313 learned_addr learned my addr 172.21.15.42:0/2844885313 (peer_addr_for_me v2:172.21.15.42:0/0)
2024-03-11T19:09:41.038 INFO:teuthology.orchestra.run.smithi042.stdout:/usr/bin/ceph: stderr
2024-03-11T19:09:34.541+0000 7f598ad9d700 1 -- 172.21.15.42:0/2844885313 --> [v2:172.21.15.42:3300/0,v1:172.21.15.42:6789/0] -- mon_subscribe({config=0+,monmap=0+}) v3 -- 0x7f598c108b30 con 0x7f598c107930
2024-03-11T19:09:41.038 INFO:teuthology.orchestra.run.smithi042.stdout:/usr/bin/ceph: stderr
2024-03-11T19:09:34.541+0000 7f598ad9d700 1 --2- 172.21.15.42:0/2844885313 >> [v2:172.21.15.42:3300/0,v1:172.21.15.42:6789/0] conn(0x7f598c107930 0x7f598c107d50 secure :-1 s=READY pgs=61 cs=0 l=1 rev1=1 crypto rx=0x7f59800098a0 tx=0x7f5980009bb0 comp rx=0 tx=0).ready entity=mon.0 client_cookie=bf55e2cd41e5895b server_cookie=0 in_seq=0 out_seq=0
2024-03-11T19:09:41.038 INFO:teuthology.orchestra.run.smithi042.stdout:/usr/bin/ceph: stderr
2024-03-11T19:09:34.541+0000 7f5989d9b700 1 -- 172.21.15.42:0/2844885313 <== mon.0 v2:172.21.15.42:3300/0 1 ==== mon_map magic: 0 v1 ==== 205+0+0 (secure 0 0 0) 0x7f5980004160 con 0x7f598c107930
2024-03-11T19:09:41.038 INFO:teuthology.orchestra.run.smithi042.stdout:/usr/bin/ceph: stderr
2024-03-11T19:09:34.541+0000 7f5989d9b700 1 -- 172.21.15.42:0/2844885313 <== mon.0 v2:172.21.15.42:3300/0 2 ==== config(29 keys) v1 ==== 1209+0+0 (secure 0 0 0) 0x7f5980003bc0 con 0x7f598c107930
2024-03-11T19:09:41.039 INFO:teuthology.orchestra.run.smithi042.stdout:/usr/bin/ceph: stderr
2024-03-11T19:09:34.541+0000 7f5989d9b700 1 -- 172.21.15.42:0/2844885313 <== mon.0 v2:172.21.15.42:3300/0 3 ==== mon_map magic: 0 v1 ==== 205+0+0 (secure 0 0 0) 0x7f5980011be0 con 0x7f598c107930
2024-03-11T19:09:41.039 INFO:teuthology.orchestra.run.smithi042.stdout:/usr/bin/ceph: stderr
2024-03-11T19:09:34.542+0000 7f5991107700 1 -- 172.21.15.42:0/2844885313 >> [v2:172.21.15.42:3300/0,v1:172.21.15.42:6789/0] conn(0x7f598c107930 msgr2=0x7f598c107d50 secure :-1 s=STATE_CONNECTION_ESTABLISHED l=1).mark_down
2024-03-11T19:09:41.039 INFO:teuthology.orchestra.run.smithi042.stdout:/usr/bin/ceph: stderr
2024-03-11T19:09:34.542+0000 7f5991107700 1 --2- 172.21.15.42:0/2844885313 >> [v2:172.21.15.42:3300/0,v1:172.21.15.42:6789/0] conn(0x7f598c107930 0x7f598c107d50 secure :-1 s=READY pgs=61 cs=0 l=1 rev1=1 crypto rx=0x7f59800098a0 tx=0x7f5980009bb0 comp rx=0 tx=0).stop
2024-03-11T19:09:41.039 INFO:teuthology.orchestra.run.smithi042.stdout:/usr/bin/ceph: stderr
2024-03-11T19:09:34.542+0000 7f5991107700 1 -- 172.21.15.42:0/2844885313 shutdown_connections
2024-03-11T19:09:41.039 INFO:teuthology.orchestra.run.smithi042.stdout:/usr/bin/ceph: stderr
2024-03-11T19:09:34.542+0000 7f5991107700 1 --2- 172.21.15.42:0/2844885313 >> [v2:172.21.15.42:3300/0,v1:172.21.15.42:6789/0] conn(0x7f598c107930 0x7f598c107d50 unknown :-1 s=CLOSED pgs=61 cs=0 l=1 rev1=1 crypto rx=0 tx=0 comp rx=0 tx=0).stop
2024-03-11T19:09:41.039 INFO:teuthology.orchestra.run.smithi042.stdout:/usr/bin/ceph: stderr
2024-03-11T19:09:34.542+0000 7f5991107700 1 -- 172.21.15.42:0/2844885313 >> 172.21.15.42:0/2844885313 conn(0x7f598c102ef0 msgr2=0x7f598c105310 unknown :-1 s=STATE_NONE l=0).mark_down
2024-03-11T19:09:41.039 INFO:teuthology.orchestra.run.smithi042.stdout:/usr/bin/ceph: stderr
2024-03-11T19:09:34.542+0000 7f5991107700 1 -- 172.21.15.42:0/2844885313 shutdown_connections
2024-03-11T19:09:41.039 INFO:teuthology.orchestra.run.smithi042.stdout:/usr/bin/ceph: stderr
2024-03-11T19:09:34.542+0000 7f5991107700 1 -- 172.21.15.42:0/2844885313 wait complete.
2024-03-11T19:09:41.039 INFO:teuthology.orchestra.run.smithi042.stdout:/usr/bin/ceph: stderr
2024-03-11T19:09:34.543+0000 7f5991107700 1 Processor -- start
2024-03-11T19:09:41.039 INFO:teuthology.orchestra.run.smithi042.stdout:/usr/bin/ceph: stderr
2024-03-11T19:09:34.543+0000 7f5991107700 1 -- start start
2024-03-11T19:09:41.039 INFO:teuthology.orchestra.run.smithi042.stdout:/usr/bin/ceph: stderr
2024-03-11T19:09:34.543+0000 7f5991107700 1 --2- >> [v2:172.21.15.42:3300/0,v1:172.21.15.42:6789/0] conn(0x7f598c107930 0x7f598c19b7b0 unknown :-1 s=NONE pgs=0 cs=0 l=1 rev1=0 crypto rx=0 tx=0 comp rx=0 tx=0).connect
2024-03-11T19:09:41.039 INFO:teuthology.orchestra.run.smithi042.stdout:/usr/bin/ceph: stderr
2024-03-11T19:09:34.543+0000 7f5991107700 1 -- --> [v2:172.21.15.42:3300/0,v1:172.21.15.42:6789/0] -- mon_getmap magic: 0 v1 -- 0x7f598c19bcf0 con 0x7f598c107930
2024-03-11T19:09:41.039 INFO:teuthology.orchestra.run.smithi042.stdout:/usr/bin/ceph: stderr
2024-03-11T19:09:34.543+0000 7f598ad9d700 1 --2- >> [v2:172.21.15.42:3300/0,v1:172.21.15.42:6789/0] conn(0x7f598c107930 0x7f598c19b7b0 unknown :-1 s=BANNER_CONNECTING pgs=0 cs=0 l=1 rev1=0 crypto rx=0 tx=0 comp rx=0 tx=0)._handle_peer_banner_payload supported=3 required=0
2024-03-11T19:09:41.040 INFO:teuthology.orchestra.run.smithi042.stdout:/usr/bin/ceph: stderr
2024-03-11T19:09:34.543+0000 7f598ad9d700 1 --2- >> [v2:172.21.15.42:3300/0,v1:172.21.15.42:6789/0] conn(0x7f598c107930 0x7f598c19b7b0 unknown :-1 s=HELLO_CONNECTING pgs=0 cs=0 l=1 rev1=1 crypto rx=0 tx=0 comp rx=0 tx=0).handle_hello peer v2:172.21.15.42:3300/0 says I am v2:172.21.15.42:36368/0 (socket says 172.21.15.42:36368)
2024-03-11T19:09:41.040 INFO:teuthology.orchestra.run.smithi042.stdout:/usr/bin/ceph: stderr
2024-03-11T19:09:34.543+0000 7f598ad9d700 1 -- 172.21.15.42:0/580823430 learned_addr learned my addr 172.21.15.42:0/580823430 (peer_addr_for_me v2:172.21.15.42:0/0)
2024-03-11T19:09:41.040 INFO:teuthology.orchestra.run.smithi042.stdout:/usr/bin/ceph: stderr
2024-03-11T19:09:34.543+0000 7f598ad9d700 1 -- 172.21.15.42:0/580823430 --> [v2:172.21.15.42:3300/0,v1:172.21.15.42:6789/0] -- mon_subscribe({config=0+,monmap=0+}) v3 -- 0x7f5980009550 con 0x7f598c107930
2024-03-11T19:09:41.040 INFO:teuthology.orchestra.run.smithi042.stdout:/usr/bin/ceph: stderr
2024-03-11T19:09:34.544+0000 7f598ad9d700 1 --2- 172.21.15.42:0/580823430 >> [v2:172.21.15.42:3300/0,v1:172.21.15.42:6789/0] conn(0x7f598c107930 0x7f598c19b7b0 secure :-1 s=READY pgs=62 cs=0 l=1 rev1=1 crypto rx=0x7f59800118e0 tx=0x7f5980011ca0 comp rx=0 tx=0).ready entity=mon.0 client_cookie=0 server_cookie=0 in_seq=0 out_seq=0
2024-03-11T19:09:41.040 INFO:teuthology.orchestra.run.smithi042.stdout:/usr/bin/ceph: stderr
2024-03-11T19:09:34.544+0000 7f5973fff700 1 -- 172.21.15.42:0/580823430 <== mon.0 v2:172.21.15.42:3300/0 1 ==== mon_map magic: 0 v1 ==== 205+0+0 (secure 0 0 0) 0x7f5980011ea0 con 0x7f598c107930
2024-03-11T19:09:41.040 INFO:teuthology.orchestra.run.smithi042.stdout:/usr/bin/ceph: stderr
2024-03-11T19:09:34.544+0000 7f5973fff700 1 -- 172.21.15.42:0/580823430 <== mon.0 v2:172.21.15.42:3300/0 2 ==== config(29 keys) v1 ==== 1209+0+0 (secure 0 0 0) 0x7f598001a430 con 0x7f598c107930
2024-03-11T19:09:41.040 INFO:teuthology.orchestra.run.smithi042.stdout:/usr/bin/ceph: stderr
2024-03-11T19:09:34.544+0000 7f5991107700 1 -- 172.21.15.42:0/580823430 --> [v2:172.21.15.42:3300/0,v1:172.21.15.42:6789/0] -- mon_subscribe({mgrmap=0+}) v3 -- 0x7f598c19bef0 con 0x7f598c107930
2024-03-11T19:09:41.040 INFO:teuthology.orchestra.run.smithi042.stdout:/usr/bin/ceph: stderr
2024-03-11T19:09:34.544+0000 7f5973fff700 1 -- 172.21.15.42:0/580823430 <== mon.0 v2:172.21.15.42:3300/0 3 ==== mon_map magic: 0 v1 ==== 205+0+0 (secure 0 0 0) 0x7f5980024580 con 0x7f598c107930
2024-03-11T19:09:41.040 INFO:teuthology.orchestra.run.smithi042.stdout:/usr/bin/ceph: stderr
2024-03-11T19:09:34.544+0000 7f5991107700 1 -- 172.21.15.42:0/580823430 --> [v2:172.21.15.42:3300/0,v1:172.21.15.42:6789/0] -- mon_subscribe({osdmap=0}) v3 -- 0x7f598c19c390 con 0x7f598c107930
2024-03-11T19:09:41.040 INFO:teuthology.orchestra.run.smithi042.stdout:/usr/bin/ceph: stderr
2024-03-11T19:09:34.545+0000 7f5973fff700 1 -- 172.21.15.42:0/580823430 <== mon.0 v2:172.21.15.42:3300/0 4 ==== mgrmap(e 9) v1 ==== 45782+0+0 (secure 0 0 0) 0x7f598002d3f0 con 0x7f598c107930
2024-03-11T19:09:41.040 INFO:teuthology.orchestra.run.smithi042.stdout:/usr/bin/ceph: stderr
2024-03-11T19:09:34.545+0000 7f5973fff700 1 --2- 172.21.15.42:0/580823430 >> [v2:172.21.15.42:6800/316601979,v1:172.21.15.42:6801/316601979] conn(0x7f5974038cb0 0x7f597403b170 unknown :-1 s=NONE pgs=0 cs=0 l=1 rev1=0 crypto rx=0 tx=0 comp rx=0 tx=0).connect
2024-03-11T19:09:41.040 INFO:teuthology.orchestra.run.smithi042.stdout:/usr/bin/ceph: stderr
2024-03-11T19:09:34.545+0000 7f5973fff700 1 -- 172.21.15.42:0/580823430 --> [v2:172.21.15.42:6800/316601979,v1:172.21.15.42:6801/316601979] -- command(tid 0: {"prefix": "get_command_descriptions"}) v1 -- 0x7f597403b880 con 0x7f5974038cb0
2024-03-11T19:09:41.040 INFO:teuthology.orchestra.run.smithi042.stdout:/usr/bin/ceph: stderr
2024-03-11T19:09:34.545+0000 7f5973fff700 1 -- 172.21.15.42:0/580823430 <== mon.0 v2:172.21.15.42:3300/0 5 ==== osd_map(2..2 src has 1..2) v4 ==== 940+0+0 (secure 0 0 0) 0x7f598004c980 con 0x7f598c107930
2024-03-11T19:09:41.040 INFO:teuthology.orchestra.run.smithi042.stdout:/usr/bin/ceph: stderr
2024-03-11T19:09:34.545+0000 7f598a59c700 1 -- 172.21.15.42:0/580823430 >> [v2:172.21.15.42:6800/316601979,v1:172.21.15.42:6801/316601979] conn(0x7f5974038cb0 msgr2=0x7f597403b170 unknown :-1 s=STATE_CONNECTING_RE l=1).process reconnect failed to v2:172.21.15.42:6800/316601979
2024-03-11T19:09:41.041 INFO:teuthology.orchestra.run.smithi042.stdout:/usr/bin/ceph: stderr
2024-03-11T19:09:34.545+0000 7f598a59c700 1 --2- 172.21.15.42:0/580823430 >> [v2:172.21.15.42:6800/316601979,v1:172.21.15.42:6801/316601979] conn(0x7f5974038cb0 0x7f597403b170 unknown :-1 s=START_CONNECT pgs=0 cs=0 l=1 rev1=0 crypto rx=0 tx=0 comp rx=0 tx=0)._fault waiting 0.200000
2024-03-11T19:09:41.041 INFO:teuthology.orchestra.run.smithi042.stdout:/usr/bin/ceph: stderr
2024-03-11T19:09:34.746+0000 7f598a59c700 1 -- 172.21.15.42:0/580823430 >> [v2:172.21.15.42:6800/316601979,v1:172.21.15.42:6801/316601979] conn(0x7f5974038cb0 msgr2=0x7f597403b170 unknown :-1 s=STATE_CONNECTING_RE l=1).process reconnect failed to v2:172.21.15.42:6800/316601979
2024-03-11T19:09:41.041 INFO:teuthology.orchestra.run.smithi042.stdout:/usr/bin/ceph: stderr
2024-03-11T19:09:34.746+0000 7f598a59c700 1 --2- 172.21.15.42:0/580823430 >> [v2:172.21.15.42:6800/316601979,v1:172.21.15.42:6801/316601979] conn(0x7f5974038cb0 0x7f597403b170 unknown :-1 s=START_CONNECT pgs=0 cs=0 l=1 rev1=0 crypto rx=0 tx=0 comp rx=0 tx=0)._fault waiting 0.400000
2024-03-11T19:09:41.041 INFO:teuthology.orchestra.run.smithi042.stdout:/usr/bin/ceph: stderr
2024-03-11T19:09:35.147+0000 7f598a59c700 1 -- 172.21.15.42:0/580823430 >> [v2:172.21.15.42:6800/316601979,v1:172.21.15.42:6801/316601979] conn(0x7f5974038cb0 msgr2=0x7f597403b170 unknown :-1 s=STATE_CONNECTING_RE l=1).process reconnect failed to v2:172.21.15.42:6800/316601979
2024-03-11T19:09:41.041 INFO:teuthology.orchestra.run.smithi042.stdout:/usr/bin/ceph: stderr
2024-03-11T19:09:35.147+0000 7f598a59c700 1 --2- 172.21.15.42:0/580823430 >> [v2:172.21.15.42:6800/316601979,v1:172.21.15.42:6801/316601979] conn(0x7f5974038cb0 0x7f597403b170 unknown :-1 s=START_CONNECT pgs=0 cs=0 l=1 rev1=0 crypto rx=0 tx=0 comp rx=0 tx=0)._fault waiting 0.800000
2024-03-11T19:09:41.041 INFO:teuthology.orchestra.run.smithi042.stdout:/usr/bin/ceph: stderr
2024-03-11T19:09:35.948+0000 7f598a59c700 1 -- 172.21.15.42:0/580823430 >> [v2:172.21.15.42:6800/316601979,v1:172.21.15.42:6801/316601979] conn(0x7f5974038cb0 msgr2=0x7f597403b170 unknown :-1 s=STATE_CONNECTING_RE l=1).process reconnect failed to v2:172.21.15.42:6800/316601979
2024-03-11T19:09:41.041 INFO:teuthology.orchestra.run.smithi042.stdout:/usr/bin/ceph: stderr
2024-03-11T19:09:35.948+0000 7f598a59c700 1 --2- 172.21.15.42:0/580823430 >> [v2:172.21.15.42:6800/316601979,v1:172.21.15.42:6801/316601979] conn(0x7f5974038cb0 0x7f597403b170 unknown :-1 s=START_CONNECT pgs=0 cs=0 l=1 rev1=0 crypto rx=0 tx=0 comp rx=0 tx=0)._fault waiting 1.600000
2024-03-11T19:09:41.041 INFO:teuthology.orchestra.run.smithi042.stdout:/usr/bin/ceph: stderr
2024-03-11T19:09:37.549+0000 7f598a59c700 1 -- 172.21.15.42:0/580823430 >> [v2:172.21.15.42:6800/316601979,v1:172.21.15.42:6801/316601979] conn(0x7f5974038cb0 msgr2=0x7f597403b170 unknown :-1 s=STATE_CONNECTING_RE l=1).process reconnect failed to v2:172.21.15.42:6800/316601979
2024-03-11T19:09:41.041 INFO:teuthology.orchestra.run.smithi042.stdout:/usr/bin/ceph: stderr
2024-03-11T19:09:37.549+0000 7f598a59c700 1 --2- 172.21.15.42:0/580823430 >> [v2:172.21.15.42:6800/316601979,v1:172.21.15.42:6801/316601979] conn(0x7f5974038cb0 0x7f597403b170 unknown :-1 s=START_CONNECT pgs=0 cs=0 l=1 rev1=0 crypto rx=0 tx=0 comp rx=0 tx=0)._fault waiting 3.200000
2024-03-11T19:09:41.041 INFO:teuthology.orchestra.run.smithi042.stdout:/usr/bin/ceph: stderr
2024-03-11T19:09:39.172+0000 7f5973fff700 1 -- 172.21.15.42:0/580823430 <== mon.0 v2:172.21.15.42:3300/0 6 ==== mgrmap(e 10) v1 ==== 45549+0+0 (secure 0 0 0) 0x7f5980021d60 con 0x7f598c107930
2024-03-11T19:09:41.041 INFO:teuthology.orchestra.run.smithi042.stdout:/usr/bin/ceph: stderr
2024-03-11T19:09:39.173+0000 7f5973fff700 1 -- 172.21.15.42:0/580823430 >> [v2:172.21.15.42:6800/316601979,v1:172.21.15.42:6801/316601979] conn(0x7f5974038cb0 msgr2=0x7f597403b170 unknown :-1 s=STATE_CONNECTING l=1).mark_down
2024-03-11T19:09:41.041 INFO:teuthology.orchestra.run.smithi042.stdout:/usr/bin/ceph: stderr
2024-03-11T19:09:39.173+0000 7f5973fff700 1 --2- 172.21.15.42:0/580823430 >> [v2:172.21.15.42:6800/316601979,v1:172.21.15.42:6801/316601979] conn(0x7f5974038cb0 0x7f597403b170 unknown :-1 s=START_CONNECT pgs=0 cs=0 l=1 rev1=0 crypto rx=0 tx=0 comp rx=0 tx=0).stop
2024-03-11T19:09:41.042 INFO:teuthology.orchestra.run.smithi042.stdout:/usr/bin/ceph: stderr
2024-03-11T19:09:40.173+0000 7f5973fff700 1 -- 172.21.15.42:0/580823430 <== mon.0 v2:172.21.15.42:3300/0 7 ==== mgrmap(e 11) v1 ==== 45676+0+0 (secure 0 0 0) 0x7f598004e0c0 con 0x7f598c107930
2024-03-11T19:09:41.042 INFO:teuthology.orchestra.run.smithi042.stdout:/usr/bin/ceph: stderr
2024-03-11T19:09:40.173+0000 7f5973fff700 1 --2- 172.21.15.42:0/580823430 >> [v2:172.21.15.42:6800/1483364761,v1:172.21.15.42:6801/1483364761] conn(0x7f597403c730 0x7f597403eb20 unknown :-1 s=NONE pgs=0 cs=0 l=1 rev1=0 crypto rx=0 tx=0 comp rx=0 tx=0).connect
2024-03-11T19:09:41.042 INFO:teuthology.orchestra.run.smithi042.stdout:/usr/bin/ceph: stderr
2024-03-11T19:09:40.174+0000 7f5973fff700 1 -- 172.21.15.42:0/580823430 --> [v2:172.21.15.42:6800/1483364761,v1:172.21.15.42:6801/1483364761] -- command(tid 0: {"prefix": "get_command_descriptions"}) v1 -- 0x7f597403b880 con 0x7f597403c730
2024-03-11T19:09:41.042 INFO:teuthology.orchestra.run.smithi042.stdout:/usr/bin/ceph: stderr
2024-03-11T19:09:40.174+0000 7f598a59c700 1 --2- 172.21.15.42:0/580823430 >> [v2:172.21.15.42:6800/1483364761,v1:172.21.15.42:6801/1483364761] conn(0x7f597403c730 0x7f597403eb20 unknown :-1 s=BANNER_CONNECTING pgs=0 cs=0 l=1 rev1=0 crypto rx=0 tx=0 comp rx=0 tx=0)._handle_peer_banner_payload supported=3 required=0
2024-03-11T19:09:41.042 INFO:teuthology.orchestra.run.smithi042.stdout:/usr/bin/ceph: stderr
2024-03-11T19:09:40.174+0000 7f598a59c700 1 --2- 172.21.15.42:0/580823430 >> [v2:172.21.15.42:6800/1483364761,v1:172.21.15.42:6801/1483364761] conn(0x7f597403c730 0x7f597403eb20 secure :-1 s=READY pgs=2 cs=0 l=1 rev1=1 crypto rx=0x7f597c003a10 tx=0x7f597c0092b0 comp rx=0 tx=0).ready entity=mgr.14152 client_cookie=0 server_cookie=0 in_seq=0 out_seq=0
2024-03-11T19:09:41.042 INFO:teuthology.orchestra.run.smithi042.stdout:/usr/bin/ceph: stderr
2024-03-11T19:09:40.175+0000 7f5973fff700 1 -- 172.21.15.42:0/580823430 <== mgr.14152 v2:172.21.15.42:6800/1483364761 1 ==== command_reply(tid 0: 0 ) v1 ==== 8+0+7774 (secure 0 0 0) 0x7f597403b880 con 0x7f597403c730
2024-03-11T19:09:41.042 INFO:teuthology.orchestra.run.smithi042.stdout:/usr/bin/ceph: stderr
2024-03-11T19:09:40.182+0000 7f5991107700 1 -- 172.21.15.42:0/580823430 --> [v2:172.21.15.42:6800/1483364761,v1:172.21.15.42:6801/1483364761] -- command(tid 1: {"prefix": "mgr_status"}) v1 -- 0x7f598c10bd60 con 0x7f597403c730
2024-03-11T19:09:41.042 INFO:teuthology.orchestra.run.smithi042.stdout:/usr/bin/ceph: stderr
2024-03-11T19:09:40.182+0000 7f5973fff700 1 -- 172.21.15.42:0/580823430 <== mgr.14152 v2:172.21.15.42:6800/1483364761 2 ==== command_reply(tid 1: 0 ) v1 ==== 8+0+52 (secure 0 0 0) 0x7f598c10bd60 con 0x7f597403c730
2024-03-11T19:09:41.042 INFO:teuthology.orchestra.run.smithi042.stdout:/usr/bin/ceph: stderr
2024-03-11T19:09:40.182+0000 7f5991107700 1 -- 172.21.15.42:0/580823430 >> [v2:172.21.15.42:6800/1483364761,v1:172.21.15.42:6801/1483364761] conn(0x7f597403c730 msgr2=0x7f597403eb20 secure :-1 s=STATE_CONNECTION_ESTABLISHED l=1).mark_down
2024-03-11T19:09:41.042 INFO:teuthology.orchestra.run.smithi042.stdout:/usr/bin/ceph: stderr
2024-03-11T19:09:40.182+0000 7f5991107700 1 --2- 172.21.15.42:0/580823430 >> [v2:172.21.15.42:6800/1483364761,v1:172.21.15.42:6801/1483364761] conn(0x7f597403c730 0x7f597403eb20 secure :-1 s=READY pgs=2 cs=0 l=1 rev1=1 crypto rx=0x7f597c003a10 tx=0x7f597c0092b0 comp rx=0 tx=0).stop
2024-03-11T19:09:41.043 INFO:teuthology.orchestra.run.smithi042.stdout:/usr/bin/ceph: stderr
2024-03-11T19:09:40.182+0000 7f5991107700 1 -- 172.21.15.42:0/580823430 >> [v2:172.21.15.42:3300/0,v1:172.21.15.42:6789/0] conn(0x7f598c107930 msgr2=0x7f598c19b7b0 secure :-1 s=STATE_CONNECTION_ESTABLISHED l=1).mark_down
2024-03-11T19:09:41.043 INFO:teuthology.orchestra.run.smithi042.stdout:/usr/bin/ceph: stderr
2024-03-11T19:09:40.182+0000 7f5991107700 1 --2- 172.21.15.42:0/580823430 >> [v2:172.21.15.42:3300/0,v1:172.21.15.42:6789/0] conn(0x7f598c107930 0x7f598c19b7b0 secure :-1 s=READY pgs=62 cs=0 l=1 rev1=1 crypto rx=0x7f59800118e0 tx=0x7f5980011ca0 comp rx=0 tx=0).stop
2024-03-11T19:09:41.043 INFO:teuthology.orchestra.run.smithi042.stdout:/usr/bin/ceph: stderr
2024-03-11T19:09:40.182+0000 7f5991107700 1 -- 172.21.15.42:0/580823430 shutdown_connections
2024-03-11T19:09:41.043 INFO:teuthology.orchestra.run.smithi042.stdout:/usr/bin/ceph: stderr
2024-03-11T19:09:40.182+0000 7f5991107700 1 --2- 172.21.15.42:0/580823430 >> [v2:172.21.15.42:6800/1483364761,v1:172.21.15.42:6801/1483364761] conn(0x7f597403c730 0x7f597403eb20 unknown :-1 s=CLOSED pgs=2 cs=0 l=1 rev1=1 crypto rx=0 tx=0 comp rx=0 tx=0).stop
2024-03-11T19:09:41.043 INFO:teuthology.orchestra.run.smithi042.stdout:/usr/bin/ceph: stderr
2024-03-11T19:09:40.182+0000 7f5991107700 1 --2- 172.21.15.42:0/580823430 >> [v2:172.21.15.42:3300/0,v1:172.21.15.42:6789/0] conn(0x7f598c107930 0x7f598c19b7b0 unknown :-1 s=CLOSED pgs=62 cs=0 l=1 rev1=1 crypto rx=0 tx=0 comp rx=0 tx=0).stop
2024-03-11T19:09:41.043 INFO:teuthology.orchestra.run.smithi042.stdout:/usr/bin/ceph: stderr
2024-03-11T19:09:40.182+0000 7f5991107700 1 --2- 172.21.15.42:0/580823430 >> [v2:172.21.15.42:6800/316601979,v1:172.21.15.42:6801/316601979] conn(0x7f5974038cb0 0x7f597403b170 unknown :-1 s=CLOSED pgs=0 cs=0 l=1 rev1=0 crypto rx=0 tx=0 comp rx=0 tx=0).stop
2024-03-11T19:09:41.043 INFO:teuthology.orchestra.run.smithi042.stdout:/usr/bin/ceph: stderr
2024-03-11T19:09:40.182+0000 7f5991107700 1 -- 172.21.15.42:0/580823430 >> 172.21.15.42:0/580823430 conn(0x7f598c102ef0 msgr2=0x7f598c1039e0 unknown :-1 s=STATE_NONE l=0).mark_down
2024-03-11T19:09:41.043 INFO:teuthology.orchestra.run.smithi042.stdout:/usr/bin/ceph: stderr
2024-03-11T19:09:40.182+0000 7f5991107700 1 -- 172.21.15.42:0/580823430 shutdown_connections
2024-03-11T19:09:41.043 INFO:teuthology.orchestra.run.smithi042.stdout:/usr/bin/ceph: stderr
2024-03-11T19:09:40.183+0000 7f5991107700 1 -- 172.21.15.42:0/580823430 wait complete.
2024-03-11T19:09:41.043 INFO:teuthology.orchestra.run.smithi042.stdout:mgr epoch 9 is available
2024-03-11T19:09:41.043 INFO:teuthology.orchestra.run.smithi042.stdout:Generating a dashboard self-signed certificate...
2024-03-11T19:09:42.416 INFO:journalctl@ceph.mon.a.smithi042.stdout:Mar 11 19:09:42 smithi042 ceph-mon[32312]: from='client.14156 -' entity='client.admin' cmd=[{"prefix": "get_command_descriptions"}]: dispatch
2024-03-11T19:09:42.417 INFO:journalctl@ceph.mon.a.smithi042.stdout:Mar 11 19:09:42 smithi042 ceph-mon[32312]: from='client.14156 -' entity='client.admin' cmd=[{"prefix": "mgr_status"}]: dispatch
2024-03-11T19:09:42.417 INFO:journalctl@ceph.mon.a.smithi042.stdout:Mar 11 19:09:42 smithi042 ceph-mon[32312]: [11/Mar/2024:19:09:40] ENGINE Serving on http://172.21.15.42:8765
2024-03-11T19:09:42.417 INFO:journalctl@ceph.mon.a.smithi042.stdout:Mar 11 19:09:42 smithi042 ceph-mon[32312]: [11/Mar/2024:19:09:40] ENGINE Serving on https://172.21.15.42:7150
2024-03-11T19:09:42.417 INFO:journalctl@ceph.mon.a.smithi042.stdout:Mar 11 19:09:42 smithi042 ceph-mon[32312]: [11/Mar/2024:19:09:40] ENGINE Bus STARTED
2024-03-11T19:09:42.417 INFO:journalctl@ceph.mon.a.smithi042.stdout:Mar 11 19:09:42 smithi042 ceph-mon[32312]: from='mgr.14152 172.21.15.42:0/2627744702' entity='mgr.x'
2024-03-11T19:09:42.417 INFO:journalctl@ceph.mon.a.smithi042.stdout:Mar 11 19:09:42 smithi042 ceph-mon[32312]: from='mgr.14152 172.21.15.42:0/2627744702' entity='mgr.x'
2024-03-11T19:09:42.417 INFO:journalctl@ceph.mon.a.smithi042.stdout:Mar 11 19:09:42 smithi042 ceph-mon[32312]: from='mgr.14152 172.21.15.42:0/2627744702' entity='mgr.x'
2024-03-11T19:09:42.426 INFO:teuthology.orchestra.run.smithi042.stdout:/usr/bin/ceph: stdout Self-signed certificate created
2024-03-11T19:09:42.426 INFO:teuthology.orchestra.run.smithi042.stdout:/usr/bin/ceph: stderr
2024-03-11T19:09:41.487+0000 7fe41cb02700 1 Processor -- start
2024-03-11T19:09:42.426 INFO:teuthology.orchestra.run.smithi042.stdout:/usr/bin/ceph: stderr
2024-03-11T19:09:41.487+0000 7fe41cb02700 1 -- start start
2024-03-11T19:09:42.427 INFO:teuthology.orchestra.run.smithi042.stdout:/usr/bin/ceph: stderr
2024-03-11T19:09:41.488+0000 7fe41cb02700 1 --2- >> [v2:172.21.15.42:3300/0,v1:172.21.15.42:6789/0] conn(0x7fe418108f00 0x7fe418109320 unknown :-1 s=NONE pgs=0 cs=0 l=0 rev1=0 crypto rx=0 tx=0 comp rx=0 tx=0).connect
2024-03-11T19:09:42.427 INFO:teuthology.orchestra.run.smithi042.stdout:/usr/bin/ceph: stderr
2024-03-11T19:09:41.488+0000 7fe41cb02700 1 -- --> [v2:172.21.15.42:3300/0,v1:172.21.15.42:6789/0] -- mon_getmap magic: 0 v1 -- 0x7fe4181098f0 con 0x7fe418108f00
2024-03-11T19:09:42.427 INFO:teuthology.orchestra.run.smithi042.stdout:/usr/bin/ceph: stderr
2024-03-11T19:09:41.488+0000 7fe41659c700 1 --2- >> [v2:172.21.15.42:3300/0,v1:172.21.15.42:6789/0] conn(0x7fe418108f00 0x7fe418109320 unknown :-1 s=BANNER_CONNECTING pgs=0 cs=0 l=0 rev1=0 crypto rx=0 tx=0 comp rx=0 tx=0)._handle_peer_banner_payload supported=3 required=0
2024-03-11T19:09:42.427 INFO:teuthology.orchestra.run.smithi042.stdout:/usr/bin/ceph: stderr
2024-03-11T19:09:41.488+0000 7fe41659c700 1 --2- >> [v2:172.21.15.42:3300/0,v1:172.21.15.42:6789/0] conn(0x7fe418108f00 0x7fe418109320 unknown :-1 s=HELLO_CONNECTING pgs=0 cs=0 l=0 rev1=1 crypto rx=0 tx=0 comp rx=0 tx=0).handle_hello peer v2:172.21.15.42:3300/0 says I am v2:172.21.15.42:48012/0 (socket says 172.21.15.42:48012)
2024-03-11T19:09:42.427 INFO:teuthology.orchestra.run.smithi042.stdout:/usr/bin/ceph: stderr
2024-03-11T19:09:41.488+0000 7fe41659c700 1 -- 172.21.15.42:0/1109216843 learned_addr learned my addr 172.21.15.42:0/1109216843 (peer_addr_for_me v2:172.21.15.42:0/0)
2024-03-11T19:09:42.427 INFO:teuthology.orchestra.run.smithi042.stdout:/usr/bin/ceph: stderr
2024-03-11T19:09:41.488+0000 7fe41659c700 1 -- 172.21.15.42:0/1109216843 --> [v2:172.21.15.42:3300/0,v1:172.21.15.42:6789/0] -- mon_subscribe({config=0+,monmap=0+}) v3 -- 0x7fe418109a30 con 0x7fe418108f00
2024-03-11T19:09:42.428 INFO:teuthology.orchestra.run.smithi042.stdout:/usr/bin/ceph: stderr
2024-03-11T19:09:41.488+0000 7fe41659c700 1 --2- 172.21.15.42:0/1109216843 >> [v2:172.21.15.42:3300/0,v1:172.21.15.42:6789/0] conn(0x7fe418108f00 0x7fe418109320 secure :-1 s=READY pgs=70 cs=0 l=1 rev1=1 crypto rx=0x7fe4080098a0 tx=0x7fe408009bb0 comp rx=0 tx=0).ready entity=mon.0 client_cookie=a6aacd8b949084f9 server_cookie=0 in_seq=0 out_seq=0
2024-03-11T19:09:42.428 INFO:teuthology.orchestra.run.smithi042.stdout:/usr/bin/ceph: stderr
2024-03-11T19:09:41.488+0000 7fe41559a700 1 -- 172.21.15.42:0/1109216843 <== mon.0 v2:172.21.15.42:3300/0 1 ==== mon_map magic: 0 v1 ==== 205+0+0 (secure 0 0 0) 0x7fe408004160 con 0x7fe418108f00
2024-03-11T19:09:42.428 INFO:teuthology.orchestra.run.smithi042.stdout:/usr/bin/ceph: stderr
2024-03-11T19:09:41.488+0000 7fe41559a700 1 -- 172.21.15.42:0/1109216843 <== mon.0 v2:172.21.15.42:3300/0 2 ==== config(29 keys) v1 ==== 1209+0+0 (secure 0 0 0) 0x7fe408003bc0 con 0x7fe418108f00
2024-03-11T19:09:42.428 INFO:teuthology.orchestra.run.smithi042.stdout:/usr/bin/ceph: stderr
2024-03-11T19:09:41.488+0000 7fe41559a700 1 -- 172.21.15.42:0/1109216843 <== mon.0 v2:172.21.15.42:3300/0 3 ==== mon_map magic: 0 v1 ==== 205+0+0 (secure 0 0 0) 0x7fe408011be0 con 0x7fe418108f00
2024-03-11T19:09:42.428 INFO:teuthology.orchestra.run.smithi042.stdout:/usr/bin/ceph: stderr
2024-03-11T19:09:41.489+0000 7fe41cb02700 1 -- 172.21.15.42:0/1109216843 >> [v2:172.21.15.42:3300/0,v1:172.21.15.42:6789/0] conn(0x7fe418108f00 msgr2=0x7fe418109320 secure :-1 s=STATE_CONNECTION_ESTABLISHED l=1).mark_down
2024-03-11T19:09:42.428 INFO:teuthology.orchestra.run.smithi042.stdout:/usr/bin/ceph: stderr
2024-03-11T19:09:41.489+0000 7fe41cb02700 1 --2- 172.21.15.42:0/1109216843 >> [v2:172.21.15.42:3300/0,v1:172.21.15.42:6789/0] conn(0x7fe418108f00 0x7fe418109320 secure :-1 s=READY pgs=70 cs=0 l=1 rev1=1 crypto rx=0x7fe4080098a0 tx=0x7fe408009bb0 comp rx=0 tx=0).stop
2024-03-11T19:09:42.429 INFO:teuthology.orchestra.run.smithi042.stdout:/usr/bin/ceph: stderr
2024-03-11T19:09:41.489+0000 7fe41cb02700 1 -- 172.21.15.42:0/1109216843 shutdown_connections
2024-03-11T19:09:42.429 INFO:teuthology.orchestra.run.smithi042.stdout:/usr/bin/ceph: stderr
2024-03-11T19:09:41.489+0000 7fe41cb02700 1 --2- 172.21.15.42:0/1109216843 >> [v2:172.21.15.42:3300/0,v1:172.21.15.42:6789/0] conn(0x7fe418108f00 0x7fe418109320 unknown :-1 s=CLOSED pgs=70 cs=0 l=1 rev1=1 crypto rx=0 tx=0 comp rx=0 tx=0).stop
2024-03-11T19:09:42.429 INFO:teuthology.orchestra.run.smithi042.stdout:/usr/bin/ceph: stderr
2024-03-11T19:09:41.489+0000 7fe41cb02700 1 -- 172.21.15.42:0/1109216843 >> 172.21.15.42:0/1109216843 conn(0x7fe418101560 msgr2=0x7fe418103980 unknown :-1 s=STATE_NONE l=0).mark_down
2024-03-11T19:09:42.429 INFO:teuthology.orchestra.run.smithi042.stdout:/usr/bin/ceph: stderr
2024-03-11T19:09:41.489+0000 7fe41cb02700 1 -- 172.21.15.42:0/1109216843 shutdown_connections
2024-03-11T19:09:42.429 INFO:teuthology.orchestra.run.smithi042.stdout:/usr/bin/ceph: stderr
2024-03-11T19:09:41.489+0000 7fe41cb02700 1 -- 172.21.15.42:0/1109216843 wait complete.
2024-03-11T19:09:42.429 INFO:teuthology.orchestra.run.smithi042.stdout:/usr/bin/ceph: stderr
2024-03-11T19:09:41.490+0000 7fe41cb02700 1 Processor -- start
2024-03-11T19:09:42.429 INFO:teuthology.orchestra.run.smithi042.stdout:/usr/bin/ceph: stderr
2024-03-11T19:09:41.490+0000 7fe41cb02700 1 -- start start
2024-03-11T19:09:42.430 INFO:teuthology.orchestra.run.smithi042.stdout:/usr/bin/ceph: stderr
2024-03-11T19:09:41.490+0000 7fe41cb02700 1 --2- >> [v2:172.21.15.42:3300/0,v1:172.21.15.42:6789/0] conn(0x7fe418108f00 0x7fe41819b7d0 unknown :-1 s=NONE pgs=0 cs=0 l=1 rev1=0 crypto rx=0 tx=0 comp rx=0 tx=0).connect
2024-03-11T19:09:42.430 INFO:teuthology.orchestra.run.smithi042.stdout:/usr/bin/ceph: stderr
2024-03-11T19:09:41.490+0000 7fe41cb02700 1 -- --> [v2:172.21.15.42:3300/0,v1:172.21.15.42:6789/0] -- mon_getmap magic: 0 v1 -- 0x7fe41819bd10 con 0x7fe418108f00
2024-03-11T19:09:42.430 INFO:teuthology.orchestra.run.smithi042.stdout:/usr/bin/ceph: stderr
2024-03-11T19:09:41.490+0000 7fe41659c700 1 --2- >> [v2:172.21.15.42:3300/0,v1:172.21.15.42:6789/0] conn(0x7fe418108f00 0x7fe41819b7d0 unknown :-1 s=BANNER_CONNECTING pgs=0 cs=0 l=1 rev1=0 crypto rx=0 tx=0 comp rx=0 tx=0)._handle_peer_banner_payload supported=3 required=0
2024-03-11T19:09:42.430 INFO:teuthology.orchestra.run.smithi042.stdout:/usr/bin/ceph: stderr
2024-03-11T19:09:41.490+0000 7fe41659c700 1 --2- >> [v2:172.21.15.42:3300/0,v1:172.21.15.42:6789/0] conn(0x7fe418108f00 0x7fe41819b7d0 unknown :-1 s=HELLO_CONNECTING pgs=0 cs=0 l=1 rev1=1 crypto rx=0 tx=0 comp rx=0 tx=0).handle_hello peer v2:172.21.15.42:3300/0 says I am v2:172.21.15.42:48018/0 (socket says 172.21.15.42:48018)
2024-03-11T19:09:42.430 INFO:teuthology.orchestra.run.smithi042.stdout:/usr/bin/ceph: stderr
2024-03-11T19:09:41.490+0000 7fe41659c700 1 -- 172.21.15.42:0/2756439712 learned_addr learned my addr 172.21.15.42:0/2756439712 (peer_addr_for_me v2:172.21.15.42:0/0)
2024-03-11T19:09:42.430 INFO:teuthology.orchestra.run.smithi042.stdout:/usr/bin/ceph: stderr
2024-03-11T19:09:41.491+0000 7fe41659c700 1 -- 172.21.15.42:0/2756439712 --> [v2:172.21.15.42:3300/0,v1:172.21.15.42:6789/0] -- mon_subscribe({config=0+,monmap=0+}) v3 -- 0x7fe408009550 con 0x7fe418108f00
