2024-03-11T19:09:42.430 INFO:teuthology.orchestra.run.smithi042.stdout:/usr/bin/ceph: stderr
2024-03-11T19:09:41.491+0000 7fe41659c700 1 --2- 172.21.15.42:0/2756439712 >> [v2:172.21.15.42:3300/0,v1:172.21.15.42:6789/0] conn(0x7fe418108f00 0x7fe41819b7d0 secure :-1 s=READY pgs=71 cs=0 l=1 rev1=1 crypto rx=0x7fe4080118e0 tx=0x7fe408011de0 comp rx=0 tx=0).ready entity=mon.0 client_cookie=0 server_cookie=0 in_seq=0 out_seq=0
2024-03-11T19:09:42.430 INFO:teuthology.orchestra.run.smithi042.stdout:/usr/bin/ceph: stderr
2024-03-11T19:09:41.491+0000 7fe40f7fe700 1 -- 172.21.15.42:0/2756439712 <== mon.0 v2:172.21.15.42:3300/0 1 ==== mon_map magic: 0 v1 ==== 205+0+0 (secure 0 0 0) 0x7fe408011ea0 con 0x7fe418108f00
2024-03-11T19:09:42.431 INFO:teuthology.orchestra.run.smithi042.stdout:/usr/bin/ceph: stderr
2024-03-11T19:09:41.491+0000 7fe41cb02700 1 -- 172.21.15.42:0/2756439712 --> [v2:172.21.15.42:3300/0,v1:172.21.15.42:6789/0] -- mon_subscribe({mgrmap=0+}) v3 -- 0x7fe41819bf10 con 0x7fe418108f00
2024-03-11T19:09:42.431 INFO:teuthology.orchestra.run.smithi042.stdout:/usr/bin/ceph: stderr
2024-03-11T19:09:41.491+0000 7fe40f7fe700 1 -- 172.21.15.42:0/2756439712 <== mon.0 v2:172.21.15.42:3300/0 2 ==== config(29 keys) v1 ==== 1209+0+0 (secure 0 0 0) 0x7fe40801a430 con 0x7fe418108f00
2024-03-11T19:09:42.431 INFO:teuthology.orchestra.run.smithi042.stdout:/usr/bin/ceph: stderr
2024-03-11T19:09:41.491+0000 7fe40f7fe700 1 -- 172.21.15.42:0/2756439712 <== mon.0 v2:172.21.15.42:3300/0 3 ==== mon_map magic: 0 v1 ==== 205+0+0 (secure 0 0 0) 0x7fe408019530 con 0x7fe418108f00
2024-03-11T19:09:42.431 INFO:teuthology.orchestra.run.smithi042.stdout:/usr/bin/ceph: stderr
2024-03-11T19:09:41.491+0000 7fe41cb02700 1 -- 172.21.15.42:0/2756439712 --> [v2:172.21.15.42:3300/0,v1:172.21.15.42:6789/0] -- mon_subscribe({osdmap=0}) v3 -- 0x7fe41819c3b0 con 0x7fe418108f00
2024-03-11T19:09:42.431 INFO:teuthology.orchestra.run.smithi042.stdout:/usr/bin/ceph: stderr
2024-03-11T19:09:41.492+0000 7fe40f7fe700 1 -- 172.21.15.42:0/2756439712 <== mon.0 v2:172.21.15.42:3300/0 4 ==== mgrmap(e 11) v1 ==== 45676+0+0 (secure 0 0 0) 0x7fe4080197f0 con 0x7fe418108f00
2024-03-11T19:09:42.431 INFO:teuthology.orchestra.run.smithi042.stdout:/usr/bin/ceph: stderr
2024-03-11T19:09:41.492+0000 7fe40f7fe700 1 --2- 172.21.15.42:0/2756439712 >> [v2:172.21.15.42:6800/1483364761,v1:172.21.15.42:6801/1483364761] conn(0x7fe404038b80 0x7fe40403b040 unknown :-1 s=NONE pgs=0 cs=0 l=1 rev1=0 crypto rx=0 tx=0 comp rx=0 tx=0).connect
2024-03-11T19:09:42.431 INFO:teuthology.orchestra.run.smithi042.stdout:/usr/bin/ceph: stderr
2024-03-11T19:09:41.492+0000 7fe40f7fe700 1 -- 172.21.15.42:0/2756439712 <== mon.0 v2:172.21.15.42:3300/0 5 ==== osd_map(3..3 src has 1..3) v4 ==== 1155+0+0 (secure 0 0 0) 0x7fe40804cb20 con 0x7fe418108f00
2024-03-11T19:09:42.431 INFO:teuthology.orchestra.run.smithi042.stdout:/usr/bin/ceph: stderr
2024-03-11T19:09:41.492+0000 7fe415d9b700 1 --2- 172.21.15.42:0/2756439712 >> [v2:172.21.15.42:6800/1483364761,v1:172.21.15.42:6801/1483364761] conn(0x7fe404038b80 0x7fe40403b040 unknown :-1 s=BANNER_CONNECTING pgs=0 cs=0 l=1 rev1=0 crypto rx=0 tx=0 comp rx=0 tx=0)._handle_peer_banner_payload supported=3 required=0
2024-03-11T19:09:42.432 INFO:teuthology.orchestra.run.smithi042.stdout:/usr/bin/ceph: stderr
2024-03-11T19:09:41.492+0000 7fe41cb02700 1 -- 172.21.15.42:0/2756439712 --> [v2:172.21.15.42:3300/0,v1:172.21.15.42:6789/0] -- mon_command({"prefix": "get_command_descriptions"} v 0) v1 -- 0x7fe4180632a0 con 0x7fe418108f00
2024-03-11T19:09:42.432 INFO:teuthology.orchestra.run.smithi042.stdout:/usr/bin/ceph: stderr
2024-03-11T19:09:41.493+0000 7fe415d9b700 1 --2- 172.21.15.42:0/2756439712 >> [v2:172.21.15.42:6800/1483364761,v1:172.21.15.42:6801/1483364761] conn(0x7fe404038b80 0x7fe40403b040 secure :-1 s=READY pgs=7 cs=0 l=1 rev1=1 crypto rx=0x7fe400006fd0 tx=0x7fe400006e40 comp rx=0 tx=0).ready entity=mgr.14152 client_cookie=0 server_cookie=0 in_seq=0 out_seq=0
2024-03-11T19:09:42.432 INFO:teuthology.orchestra.run.smithi042.stdout:/usr/bin/ceph: stderr
2024-03-11T19:09:41.497+0000 7fe40f7fe700 1 -- 172.21.15.42:0/2756439712 <== mon.0 v2:172.21.15.42:3300/0 6 ==== mon_command_ack([{"prefix": "get_command_descriptions"}]=0 v0) v1 ==== 72+0+183564 (secure 0 0 0) 0x7fe408019b40 con 0x7fe418108f00
2024-03-11T19:09:42.432 INFO:teuthology.orchestra.run.smithi042.stdout:/usr/bin/ceph: stderr
2024-03-11T19:09:41.731+0000 7fe41cb02700 1 -- 172.21.15.42:0/2756439712 --> [v2:172.21.15.42:6800/1483364761,v1:172.21.15.42:6801/1483364761] -- mgr_command(tid 0: {"prefix": "dashboard create-self-signed-cert", "target": ["mon-mgr", ""]}) v1 -- 0x7fe4181027a0 con 0x7fe404038b80
2024-03-11T19:09:42.432 INFO:teuthology.orchestra.run.smithi042.stdout:/usr/bin/ceph: stderr
2024-03-11T19:09:41.838+0000 7fe40f7fe700 1 -- 172.21.15.42:0/2756439712 <== mgr.14152 v2:172.21.15.42:6800/1483364761 1 ==== mgr_command_reply(tid 0: 0 ) v1 ==== 8+0+32 (secure 0 0 0) 0x7fe4181027a0 con 0x7fe404038b80
2024-03-11T19:09:42.432 INFO:teuthology.orchestra.run.smithi042.stdout:/usr/bin/ceph: stderr
2024-03-11T19:09:41.840+0000 7fe41cb02700 1 -- 172.21.15.42:0/2756439712 >> [v2:172.21.15.42:6800/1483364761,v1:172.21.15.42:6801/1483364761] conn(0x7fe404038b80 msgr2=0x7fe40403b040 secure :-1 s=STATE_CONNECTION_ESTABLISHED l=1).mark_down
2024-03-11T19:09:42.433 INFO:teuthology.orchestra.run.smithi042.stdout:/usr/bin/ceph: stderr
2024-03-11T19:09:41.840+0000 7fe41cb02700 1 --2- 172.21.15.42:0/2756439712 >> [v2:172.21.15.42:6800/1483364761,v1:172.21.15.42:6801/1483364761] conn(0x7fe404038b80 0x7fe40403b040 secure :-1 s=READY pgs=7 cs=0 l=1 rev1=1 crypto rx=0x7fe400006fd0 tx=0x7fe400006e40 comp rx=0 tx=0).stop
2024-03-11T19:09:42.433 INFO:teuthology.orchestra.run.smithi042.stdout:/usr/bin/ceph: stderr
2024-03-11T19:09:41.840+0000 7fe41cb02700 1 -- 172.21.15.42:0/2756439712 >> [v2:172.21.15.42:3300/0,v1:172.21.15.42:6789/0] conn(0x7fe418108f00 msgr2=0x7fe41819b7d0 secure :-1 s=STATE_CONNECTION_ESTABLISHED l=1).mark_down
2024-03-11T19:09:42.433 INFO:teuthology.orchestra.run.smithi042.stdout:/usr/bin/ceph: stderr
2024-03-11T19:09:41.840+0000 7fe41cb02700 1 --2- 172.21.15.42:0/2756439712 >> [v2:172.21.15.42:3300/0,v1:172.21.15.42:6789/0] conn(0x7fe418108f00 0x7fe41819b7d0 secure :-1 s=READY pgs=71 cs=0 l=1 rev1=1 crypto rx=0x7fe4080118e0 tx=0x7fe408011de0 comp rx=0 tx=0).stop
2024-03-11T19:09:42.433 INFO:teuthology.orchestra.run.smithi042.stdout:/usr/bin/ceph: stderr
2024-03-11T19:09:41.840+0000 7fe41cb02700 1 -- 172.21.15.42:0/2756439712 shutdown_connections
2024-03-11T19:09:42.433 INFO:teuthology.orchestra.run.smithi042.stdout:/usr/bin/ceph: stderr
2024-03-11T19:09:41.840+0000 7fe41cb02700 1 --2- 172.21.15.42:0/2756439712 >> [v2:172.21.15.42:6800/1483364761,v1:172.21.15.42:6801/1483364761] conn(0x7fe404038b80 0x7fe40403b040 unknown :-1 s=CLOSED pgs=7 cs=0 l=1 rev1=1 crypto rx=0 tx=0 comp rx=0 tx=0).stop
2024-03-11T19:09:42.433 INFO:teuthology.orchestra.run.smithi042.stdout:/usr/bin/ceph: stderr
2024-03-11T19:09:41.840+0000 7fe41cb02700 1 --2- 172.21.15.42:0/2756439712 >> [v2:172.21.15.42:3300/0,v1:172.21.15.42:6789/0] conn(0x7fe418108f00 0x7fe41819b7d0 unknown :-1 s=CLOSED pgs=71 cs=0 l=1 rev1=1 crypto rx=0 tx=0 comp rx=0 tx=0).stop
2024-03-11T19:09:42.434 INFO:teuthology.orchestra.run.smithi042.stdout:/usr/bin/ceph: stderr
2024-03-11T19:09:41.840+0000 7fe41cb02700 1 -- 172.21.15.42:0/2756439712 >> 172.21.15.42:0/2756439712 conn(0x7fe418101560 msgr2=0x7fe418102090 unknown :-1 s=STATE_NONE l=0).mark_down
2024-03-11T19:09:42.434 INFO:teuthology.orchestra.run.smithi042.stdout:/usr/bin/ceph: stderr
2024-03-11T19:09:41.841+0000 7fe41cb02700 1 -- 172.21.15.42:0/2756439712 shutdown_connections
2024-03-11T19:09:42.434 INFO:teuthology.orchestra.run.smithi042.stdout:/usr/bin/ceph: stderr
2024-03-11T19:09:41.841+0000 7fe41cb02700 1 -- 172.21.15.42:0/2756439712 wait complete.
2024-03-11T19:09:42.434 INFO:teuthology.orchestra.run.smithi042.stdout:Creating initial admin user...
2024-03-11T19:09:43.357 INFO:journalctl@ceph.mon.a.smithi042.stdout:Mar 11 19:09:43 smithi042 ceph-mon[32312]: from='client.14164 -' entity='client.admin' cmd=[{"prefix": "dashboard create-self-signed-cert", "target": ["mon-mgr", ""]}]: dispatch
2024-03-11T19:09:43.357 INFO:journalctl@ceph.mon.a.smithi042.stdout:Mar 11 19:09:43 smithi042 ceph-mon[32312]: mgrmap e12: x(active, since 2s)
2024-03-11T19:09:43.357 INFO:journalctl@ceph.mon.a.smithi042.stdout:Mar 11 19:09:43 smithi042 ceph-mon[32312]: from='mgr.14152 172.21.15.42:0/2627744702' entity='mgr.x'
2024-03-11T19:09:44.152 INFO:journalctl@ceph.mon.a.smithi042.stdout:Mar 11 19:09:44 smithi042 ceph-mon[32312]: from='client.14166 -' entity='client.admin' cmd=[{"prefix": "dashboard ac-user-create", "username": "admin", "rolename": "administrator", "force_password": true, "pwd_update_required": true, "target": ["mon-mgr", ""]}]: dispatch
2024-03-11T19:09:44.152 INFO:journalctl@ceph.mon.a.smithi042.stdout:Mar 11 19:09:44 smithi042 ceph-mon[32312]: from='mgr.14152 172.21.15.42:0/2627744702' entity='mgr.x'
2024-03-11T19:09:44.680 INFO:teuthology.orchestra.run.smithi042.stdout:/usr/bin/ceph: stdout {"username": "admin", "password": "$2b$12$g9TdtUSXVF36L0npSYxQ3u/GxuHqgWHiD6pWxfSOWuwWnc6Zk/./6", "roles": ["administrator"], "name": null, "email": null, "lastUpdate": 1710184183, "enabled": true, "pwdExpirationDate": null, "pwdUpdateRequired": true}
2024-03-11T19:09:44.680 INFO:teuthology.orchestra.run.smithi042.stdout:/usr/bin/ceph: stderr
2024-03-11T19:09:42.867+0000 7fafd2e71700 1 Processor -- start
2024-03-11T19:09:44.680 INFO:teuthology.orchestra.run.smithi042.stdout:/usr/bin/ceph: stderr
2024-03-11T19:09:42.867+0000 7fafd2e71700 1 -- start start
2024-03-11T19:09:44.680 INFO:teuthology.orchestra.run.smithi042.stdout:/usr/bin/ceph: stderr
2024-03-11T19:09:42.867+0000 7fafd2e71700 1 --2- >> [v2:172.21.15.42:3300/0,v1:172.21.15.42:6789/0] conn(0x7fafcc106240 0x7fafcc106660 unknown :-1 s=NONE pgs=0 cs=0 l=0 rev1=0 crypto rx=0 tx=0 comp rx=0 tx=0).connect
2024-03-11T19:09:44.680 INFO:teuthology.orchestra.run.smithi042.stdout:/usr/bin/ceph: stderr
2024-03-11T19:09:42.867+0000 7fafd2e71700 1 -- --> [v2:172.21.15.42:3300/0,v1:172.21.15.42:6789/0] -- mon_getmap magic: 0 v1 -- 0x7fafcc075530 con 0x7fafcc106240
2024-03-11T19:09:44.680 INFO:teuthology.orchestra.run.smithi042.stdout:/usr/bin/ceph: stderr
2024-03-11T19:09:42.868+0000 7fafd0c0d700 1 --2- >> [v2:172.21.15.42:3300/0,v1:172.21.15.42:6789/0] conn(0x7fafcc106240 0x7fafcc106660 unknown :-1 s=BANNER_CONNECTING pgs=0 cs=0 l=0 rev1=0 crypto rx=0 tx=0 comp rx=0 tx=0)._handle_peer_banner_payload supported=3 required=0
2024-03-11T19:09:44.680 INFO:teuthology.orchestra.run.smithi042.stdout:/usr/bin/ceph: stderr
2024-03-11T19:09:42.868+0000 7fafd0c0d700 1 --2- >> [v2:172.21.15.42:3300/0,v1:172.21.15.42:6789/0] conn(0x7fafcc106240 0x7fafcc106660 unknown :-1 s=HELLO_CONNECTING pgs=0 cs=0 l=0 rev1=1 crypto rx=0 tx=0 comp rx=0 tx=0).handle_hello peer v2:172.21.15.42:3300/0 says I am v2:172.21.15.42:48024/0 (socket says 172.21.15.42:48024)
2024-03-11T19:09:44.680 INFO:teuthology.orchestra.run.smithi042.stdout:/usr/bin/ceph: stderr
2024-03-11T19:09:42.868+0000 7fafd0c0d700 1 -- 172.21.15.42:0/1947116182 learned_addr learned my addr 172.21.15.42:0/1947116182 (peer_addr_for_me v2:172.21.15.42:0/0)
2024-03-11T19:09:44.681 INFO:teuthology.orchestra.run.smithi042.stdout:/usr/bin/ceph: stderr
2024-03-11T19:09:42.868+0000 7fafd0c0d700 1 -- 172.21.15.42:0/1947116182 --> [v2:172.21.15.42:3300/0,v1:172.21.15.42:6789/0] -- mon_subscribe({config=0+,monmap=0+}) v3 -- 0x7fafcc075670 con 0x7fafcc106240
2024-03-11T19:09:44.681 INFO:teuthology.orchestra.run.smithi042.stdout:/usr/bin/ceph: stderr
2024-03-11T19:09:42.868+0000 7fafd0c0d700 1 --2- 172.21.15.42:0/1947116182 >> [v2:172.21.15.42:3300/0,v1:172.21.15.42:6789/0] conn(0x7fafcc106240 0x7fafcc106660 secure :-1 s=READY pgs=72 cs=0 l=1 rev1=1 crypto rx=0x7fafc00098a0 tx=0x7fafc0009bb0 comp rx=0 tx=0).ready entity=mon.0 client_cookie=aa0477916e7e087 server_cookie=0 in_seq=0 out_seq=0
2024-03-11T19:09:44.681 INFO:teuthology.orchestra.run.smithi042.stdout:/usr/bin/ceph: stderr
2024-03-11T19:09:42.868+0000 7fafcb7fe700 1 -- 172.21.15.42:0/1947116182 <== mon.0 v2:172.21.15.42:3300/0 1 ==== mon_map magic: 0 v1 ==== 205+0+0 (secure 0 0 0) 0x7fafc0004160 con 0x7fafcc106240
2024-03-11T19:09:44.681 INFO:teuthology.orchestra.run.smithi042.stdout:/usr/bin/ceph: stderr
2024-03-11T19:09:42.868+0000 7fafcb7fe700 1 -- 172.21.15.42:0/1947116182 <== mon.0 v2:172.21.15.42:3300/0 2 ==== config(29 keys) v1 ==== 1209+0+0 (secure 0 0 0) 0x7fafc0003bc0 con 0x7fafcc106240
2024-03-11T19:09:44.681 INFO:teuthology.orchestra.run.smithi042.stdout:/usr/bin/ceph: stderr
2024-03-11T19:09:42.868+0000 7fafcb7fe700 1 -- 172.21.15.42:0/1947116182 <== mon.0 v2:172.21.15.42:3300/0 3 ==== mon_map magic: 0 v1 ==== 205+0+0 (secure 0 0 0) 0x7fafc0011be0 con 0x7fafcc106240
2024-03-11T19:09:44.681 INFO:teuthology.orchestra.run.smithi042.stdout:/usr/bin/ceph: stderr
2024-03-11T19:09:42.869+0000 7fafd2e71700 1 -- 172.21.15.42:0/1947116182 >> [v2:172.21.15.42:3300/0,v1:172.21.15.42:6789/0] conn(0x7fafcc106240 msgr2=0x7fafcc106660 secure :-1 s=STATE_CONNECTION_ESTABLISHED l=1).mark_down
2024-03-11T19:09:44.681 INFO:teuthology.orchestra.run.smithi042.stdout:/usr/bin/ceph: stderr
2024-03-11T19:09:42.869+0000 7fafd2e71700 1 --2- 172.21.15.42:0/1947116182 >> [v2:172.21.15.42:3300/0,v1:172.21.15.42:6789/0] conn(0x7fafcc106240 0x7fafcc106660 secure :-1 s=READY pgs=72 cs=0 l=1 rev1=1 crypto rx=0x7fafc00098a0 tx=0x7fafc0009bb0 comp rx=0 tx=0).stop
2024-03-11T19:09:44.681 INFO:teuthology.orchestra.run.smithi042.stdout:/usr/bin/ceph: stderr
2024-03-11T19:09:42.869+0000 7fafd2e71700 1 -- 172.21.15.42:0/1947116182 shutdown_connections
2024-03-11T19:09:44.681 INFO:teuthology.orchestra.run.smithi042.stdout:/usr/bin/ceph: stderr
2024-03-11T19:09:42.869+0000 7fafd2e71700 1 --2- 172.21.15.42:0/1947116182 >> [v2:172.21.15.42:3300/0,v1:172.21.15.42:6789/0] conn(0x7fafcc106240 0x7fafcc106660 unknown :-1 s=CLOSED pgs=72 cs=0 l=1 rev1=1 crypto rx=0 tx=0 comp rx=0 tx=0).stop
2024-03-11T19:09:44.681 INFO:teuthology.orchestra.run.smithi042.stdout:/usr/bin/ceph: stderr
2024-03-11T19:09:42.869+0000 7fafd2e71700 1 -- 172.21.15.42:0/1947116182 >> 172.21.15.42:0/1947116182 conn(0x7fafcc101e80 msgr2=0x7fafcc1042a0 unknown :-1 s=STATE_NONE l=0).mark_down
2024-03-11T19:09:44.681 INFO:teuthology.orchestra.run.smithi042.stdout:/usr/bin/ceph: stderr
2024-03-11T19:09:42.869+0000 7fafd2e71700 1 -- 172.21.15.42:0/1947116182 shutdown_connections
2024-03-11T19:09:44.681 INFO:teuthology.orchestra.run.smithi042.stdout:/usr/bin/ceph: stderr
2024-03-11T19:09:42.869+0000 7fafd2e71700 1 -- 172.21.15.42:0/1947116182 wait complete.
2024-03-11T19:09:44.681 INFO:teuthology.orchestra.run.smithi042.stdout:/usr/bin/ceph: stderr
2024-03-11T19:09:42.870+0000 7fafd2e71700 1 Processor -- start
2024-03-11T19:09:44.681 INFO:teuthology.orchestra.run.smithi042.stdout:/usr/bin/ceph: stderr
2024-03-11T19:09:42.870+0000 7fafd2e71700 1 -- start start
2024-03-11T19:09:44.682 INFO:teuthology.orchestra.run.smithi042.stdout:/usr/bin/ceph: stderr
2024-03-11T19:09:42.870+0000 7fafd2e71700 1 --2- >> [v2:172.21.15.42:3300/0,v1:172.21.15.42:6789/0] conn(0x7fafcc106240 0x7fafcc19d970 unknown :-1 s=NONE pgs=0 cs=0 l=1 rev1=0 crypto rx=0 tx=0 comp rx=0 tx=0).connect
2024-03-11T19:09:44.682 INFO:teuthology.orchestra.run.smithi042.stdout:/usr/bin/ceph: stderr
2024-03-11T19:09:42.870+0000 7fafd2e71700 1 -- --> [v2:172.21.15.42:3300/0,v1:172.21.15.42:6789/0] -- mon_getmap magic: 0 v1 -- 0x7fafcc19deb0 con 0x7fafcc106240
2024-03-11T19:09:44.682 INFO:teuthology.orchestra.run.smithi042.stdout:/usr/bin/ceph: stderr
2024-03-11T19:09:42.870+0000 7fafd0c0d700 1 --2- >> [v2:172.21.15.42:3300/0,v1:172.21.15.42:6789/0] conn(0x7fafcc106240 0x7fafcc19d970 unknown :-1 s=BANNER_CONNECTING pgs=0 cs=0 l=1 rev1=0 crypto rx=0 tx=0 comp rx=0 tx=0)._handle_peer_banner_payload supported=3 required=0
2024-03-11T19:09:44.682 INFO:teuthology.orchestra.run.smithi042.stdout:/usr/bin/ceph: stderr
2024-03-11T19:09:42.870+0000 7fafd0c0d700 1 --2- >> [v2:172.21.15.42:3300/0,v1:172.21.15.42:6789/0] conn(0x7fafcc106240 0x7fafcc19d970 unknown :-1 s=HELLO_CONNECTING pgs=0 cs=0 l=1 rev1=1 crypto rx=0 tx=0 comp rx=0 tx=0).handle_hello peer v2:172.21.15.42:3300/0 says I am v2:172.21.15.42:48028/0 (socket says 172.21.15.42:48028)
2024-03-11T19:09:44.682 INFO:teuthology.orchestra.run.smithi042.stdout:/usr/bin/ceph: stderr
2024-03-11T19:09:42.870+0000 7fafd0c0d700 1 -- 172.21.15.42:0/1111625647 learned_addr learned my addr 172.21.15.42:0/1111625647 (peer_addr_for_me v2:172.21.15.42:0/0)
2024-03-11T19:09:44.682 INFO:teuthology.orchestra.run.smithi042.stdout:/usr/bin/ceph: stderr
2024-03-11T19:09:42.870+0000 7fafd0c0d700 1 -- 172.21.15.42:0/1111625647 --> [v2:172.21.15.42:3300/0,v1:172.21.15.42:6789/0] -- mon_subscribe({config=0+,monmap=0+}) v3 -- 0x7fafc0009550 con 0x7fafcc106240
2024-03-11T19:09:44.682 INFO:teuthology.orchestra.run.smithi042.stdout:/usr/bin/ceph: stderr
2024-03-11T19:09:42.870+0000 7fafd0c0d700 1 --2- 172.21.15.42:0/1111625647 >> [v2:172.21.15.42:3300/0,v1:172.21.15.42:6789/0] conn(0x7fafcc106240 0x7fafcc19d970 secure :-1 s=READY pgs=73 cs=0 l=1 rev1=1 crypto rx=0x7fafc0000c00 tx=0x7fafc0011d10 comp rx=0 tx=0).ready entity=mon.0 client_cookie=0 server_cookie=0 in_seq=0 out_seq=0
2024-03-11T19:09:44.682 INFO:teuthology.orchestra.run.smithi042.stdout:/usr/bin/ceph: stderr
2024-03-11T19:09:42.870+0000 7fafc9ffb700 1 -- 172.21.15.42:0/1111625647 <== mon.0 v2:172.21.15.42:3300/0 1 ==== mon_map magic: 0 v1 ==== 205+0+0 (secure 0 0 0) 0x7fafc0004130 con 0x7fafcc106240
2024-03-11T19:09:44.682 INFO:teuthology.orchestra.run.smithi042.stdout:/usr/bin/ceph: stderr
2024-03-11T19:09:42.870+0000 7fafc9ffb700 1 -- 172.21.15.42:0/1111625647 <== mon.0 v2:172.21.15.42:3300/0 2 ==== config(29 keys) v1 ==== 1209+0+0 (secure 0 0 0) 0x7fafc0004290 con 0x7fafcc106240
2024-03-11T19:09:44.682 INFO:teuthology.orchestra.run.smithi042.stdout:/usr/bin/ceph: stderr
2024-03-11T19:09:42.871+0000 7fafd2e71700 1 -- 172.21.15.42:0/1111625647 --> [v2:172.21.15.42:3300/0,v1:172.21.15.42:6789/0] -- mon_subscribe({mgrmap=0+}) v3 -- 0x7fafcc19e0b0 con 0x7fafcc106240
2024-03-11T19:09:44.682 INFO:teuthology.orchestra.run.smithi042.stdout:/usr/bin/ceph: stderr
2024-03-11T19:09:42.871+0000 7fafc9ffb700 1 -- 172.21.15.42:0/1111625647 <== mon.0 v2:172.21.15.42:3300/0 3 ==== mon_map magic: 0 v1 ==== 205+0+0 (secure 0 0 0) 0x7fafc0024870 con 0x7fafcc106240
2024-03-11T19:09:44.682 INFO:teuthology.orchestra.run.smithi042.stdout:/usr/bin/ceph: stderr
2024-03-11T19:09:42.871+0000 7fafd2e71700 1 -- 172.21.15.42:0/1111625647 --> [v2:172.21.15.42:3300/0,v1:172.21.15.42:6789/0] -- mon_subscribe({osdmap=0}) v3 -- 0x7fafcc19e550 con 0x7fafcc106240
2024-03-11T19:09:44.682 INFO:teuthology.orchestra.run.smithi042.stdout:/usr/bin/ceph: stderr
2024-03-11T19:09:42.871+0000 7fafc9ffb700 1 -- 172.21.15.42:0/1111625647 <== mon.0 v2:172.21.15.42:3300/0 4 ==== mgrmap(e 12) v1 ==== 45782+0+0 (secure 0 0 0) 0x7fafc0024ae0 con 0x7fafcc106240
2024-03-11T19:09:44.682 INFO:teuthology.orchestra.run.smithi042.stdout:/usr/bin/ceph: stderr
2024-03-11T19:09:42.872+0000 7fafc9ffb700 1 --2- 172.21.15.42:0/1111625647 >> [v2:172.21.15.42:6800/1483364761,v1:172.21.15.42:6801/1483364761] conn(0x7fafbc038d60 0x7fafbc03b220 unknown :-1 s=NONE pgs=0 cs=0 l=1 rev1=0 crypto rx=0 tx=0 comp rx=0 tx=0).connect
2024-03-11T19:09:44.683 INFO:teuthology.orchestra.run.smithi042.stdout:/usr/bin/ceph: stderr
2024-03-11T19:09:42.872+0000 7fafc9ffb700 1 -- 172.21.15.42:0/1111625647 <== mon.0 v2:172.21.15.42:3300/0 5 ==== osd_map(3..3 src has 1..3) v4 ==== 1155+0+0 (secure 0 0 0) 0x7fafc004df70 con 0x7fafcc106240
2024-03-11T19:09:44.683 INFO:teuthology.orchestra.run.smithi042.stdout:/usr/bin/ceph: stderr
2024-03-11T19:09:42.872+0000 7fafd2e71700 1 -- 172.21.15.42:0/1111625647 --> [v2:172.21.15.42:3300/0,v1:172.21.15.42:6789/0] -- mon_command({"prefix": "get_command_descriptions"} v 0) v1 -- 0x7fafcc197660 con 0x7fafcc106240
2024-03-11T19:09:44.683 INFO:teuthology.orchestra.run.smithi042.stdout:/usr/bin/ceph: stderr
2024-03-11T19:09:42.872+0000 7fafcbfff700 1 --2- 172.21.15.42:0/1111625647 >> [v2:172.21.15.42:6800/1483364761,v1:172.21.15.42:6801/1483364761] conn(0x7fafbc038d60 0x7fafbc03b220 unknown :-1 s=BANNER_CONNECTING pgs=0 cs=0 l=1 rev1=0 crypto rx=0 tx=0 comp rx=0 tx=0)._handle_peer_banner_payload supported=3 required=0
2024-03-11T19:09:44.683 INFO:teuthology.orchestra.run.smithi042.stdout:/usr/bin/ceph: stderr
2024-03-11T19:09:42.872+0000 7fafcbfff700 1 --2- 172.21.15.42:0/1111625647 >> [v2:172.21.15.42:6800/1483364761,v1:172.21.15.42:6801/1483364761] conn(0x7fafbc038d60 0x7fafbc03b220 secure :-1 s=READY pgs=8 cs=0 l=1 rev1=1 crypto rx=0x7fafb8006fd0 tx=0x7fafb8006e40 comp rx=0 tx=0).ready entity=mgr.14152 client_cookie=0 server_cookie=0 in_seq=0 out_seq=0
2024-03-11T19:09:44.683 INFO:teuthology.orchestra.run.smithi042.stdout:/usr/bin/ceph: stderr
2024-03-11T19:09:42.877+0000 7fafc9ffb700 1 -- 172.21.15.42:0/1111625647 <== mon.0 v2:172.21.15.42:3300/0 6 ==== mon_command_ack([{"prefix": "get_command_descriptions"}]=0 v0) v1 ==== 72+0+183564 (secure 0 0 0) 0x7fafc0024de0 con 0x7fafcc106240
2024-03-11T19:09:44.683 INFO:teuthology.orchestra.run.smithi042.stdout:/usr/bin/ceph: stderr
2024-03-11T19:09:43.107+0000 7fafd2e71700 1 -- 172.21.15.42:0/1111625647 --> [v2:172.21.15.42:6800/1483364761,v1:172.21.15.42:6801/1483364761] -- mgr_command(tid 0: {"prefix": "dashboard ac-user-create", "username": "admin", "rolename": "administrator", "force_password": true, "pwd_update_required": true, "target": ["mon-mgr", ""]}) v1 -- 0x7fafcc0630c0 con 0x7fafbc038d60
2024-03-11T19:09:44.683 INFO:teuthology.orchestra.run.smithi042.stdout:/usr/bin/ceph: stderr
2024-03-11T19:09:43.353+0000 7fafc9ffb700 1 -- 172.21.15.42:0/1111625647 <== mgr.14152 v2:172.21.15.42:6800/1483364761 1 ==== mgr_command_reply(tid 0: 0 ) v1 ==== 8+0+252 (secure 0 0 0) 0x7fafcc0630c0 con 0x7fafbc038d60
2024-03-11T19:09:44.683 INFO:teuthology.orchestra.run.smithi042.stdout:/usr/bin/ceph: stderr
2024-03-11T19:09:43.356+0000 7fafd2e71700 1 -- 172.21.15.42:0/1111625647 >> [v2:172.21.15.42:6800/1483364761,v1:172.21.15.42:6801/1483364761] conn(0x7fafbc038d60 msgr2=0x7fafbc03b220 secure :-1 s=STATE_CONNECTION_ESTABLISHED l=1).mark_down
2024-03-11T19:09:44.683 INFO:teuthology.orchestra.run.smithi042.stdout:/usr/bin/ceph: stderr
2024-03-11T19:09:43.356+0000 7fafd2e71700 1 --2- 172.21.15.42:0/1111625647 >> [v2:172.21.15.42:6800/1483364761,v1:172.21.15.42:6801/1483364761] conn(0x7fafbc038d60 0x7fafbc03b220 secure :-1 s=READY pgs=8 cs=0 l=1 rev1=1 crypto rx=0x7fafb8006fd0 tx=0x7fafb8006e40 comp rx=0 tx=0).stop
2024-03-11T19:09:44.683 INFO:teuthology.orchestra.run.smithi042.stdout:/usr/bin/ceph: stderr
2024-03-11T19:09:43.356+0000 7fafd2e71700 1 -- 172.21.15.42:0/1111625647 >> [v2:172.21.15.42:3300/0,v1:172.21.15.42:6789/0] conn(0x7fafcc106240 msgr2=0x7fafcc19d970 secure :-1 s=STATE_CONNECTION_ESTABLISHED l=1).mark_down
2024-03-11T19:09:44.683 INFO:teuthology.orchestra.run.smithi042.stdout:/usr/bin/ceph: stderr
2024-03-11T19:09:43.356+0000 7fafd2e71700 1 --2- 172.21.15.42:0/1111625647 >> [v2:172.21.15.42:3300/0,v1:172.21.15.42:6789/0] conn(0x7fafcc106240 0x7fafcc19d970 secure :-1 s=READY pgs=73 cs=0 l=1 rev1=1 crypto rx=0x7fafc0000c00 tx=0x7fafc0011d10 comp rx=0 tx=0).stop
2024-03-11T19:09:44.683 INFO:teuthology.orchestra.run.smithi042.stdout:/usr/bin/ceph: stderr
2024-03-11T19:09:43.356+0000 7fafd2e71700 1 -- 172.21.15.42:0/1111625647 shutdown_connections
2024-03-11T19:09:44.683 INFO:teuthology.orchestra.run.smithi042.stdout:/usr/bin/ceph: stderr
2024-03-11T19:09:43.356+0000 7fafd2e71700 1 --2- 172.21.15.42:0/1111625647 >> [v2:172.21.15.42:6800/1483364761,v1:172.21.15.42:6801/1483364761] conn(0x7fafbc038d60 0x7fafbc03b220 unknown :-1 s=CLOSED pgs=8 cs=0 l=1 rev1=1 crypto rx=0 tx=0 comp rx=0 tx=0).stop
2024-03-11T19:09:44.683 INFO:teuthology.orchestra.run.smithi042.stdout:/usr/bin/ceph: stderr
2024-03-11T19:09:43.356+0000 7fafd2e71700 1 --2- 172.21.15.42:0/1111625647 >> [v2:172.21.15.42:3300/0,v1:172.21.15.42:6789/0] conn(0x7fafcc106240 0x7fafcc19d970 unknown :-1 s=CLOSED pgs=73 cs=0 l=1 rev1=1 crypto rx=0 tx=0 comp rx=0 tx=0).stop
2024-03-11T19:09:44.684 INFO:teuthology.orchestra.run.smithi042.stdout:/usr/bin/ceph: stderr
2024-03-11T19:09:43.356+0000 7fafd2e71700 1 -- 172.21.15.42:0/1111625647 >> 172.21.15.42:0/1111625647 conn(0x7fafcc101e80 msgr2=0x7fafcc1947a0 unknown :-1 s=STATE_NONE l=0).mark_down
2024-03-11T19:09:44.684 INFO:teuthology.orchestra.run.smithi042.stdout:/usr/bin/ceph: stderr
2024-03-11T19:09:43.356+0000 7fafd2e71700 1 -- 172.21.15.42:0/1111625647 shutdown_connections
2024-03-11T19:09:44.684 INFO:teuthology.orchestra.run.smithi042.stdout:/usr/bin/ceph: stderr
2024-03-11T19:09:43.356+0000 7fafd2e71700 1 -- 172.21.15.42:0/1111625647 wait complete.
2024-03-11T19:09:44.684 INFO:teuthology.orchestra.run.smithi042.stdout:Fetching dashboard port number...
2024-03-11T19:09:45.879 INFO:teuthology.orchestra.run.smithi042.stdout:/usr/bin/ceph: stdout 8443
2024-03-11T19:09:45.879 INFO:teuthology.orchestra.run.smithi042.stdout:/usr/bin/ceph: stderr
2024-03-11T19:09:45.080+0000 7f3d016c4700 1 Processor -- start
2024-03-11T19:09:45.879 INFO:teuthology.orchestra.run.smithi042.stdout:/usr/bin/ceph: stderr
2024-03-11T19:09:45.080+0000 7f3d016c4700 1 -- start start
2024-03-11T19:09:45.879 INFO:teuthology.orchestra.run.smithi042.stdout:/usr/bin/ceph: stderr
2024-03-11T19:09:45.080+0000 7f3d016c4700 1 --2- >> [v2:172.21.15.42:3300/0,v1:172.21.15.42:6789/0] conn(0x7f3cfc106820 0x7f3cfc106c40 unknown :-1 s=NONE pgs=0 cs=0 l=0 rev1=0 crypto rx=0 tx=0 comp rx=0 tx=0).connect
2024-03-11T19:09:45.879 INFO:teuthology.orchestra.run.smithi042.stdout:/usr/bin/ceph: stderr
2024-03-11T19:09:45.080+0000 7f3d016c4700 1 -- --> [v2:172.21.15.42:3300/0,v1:172.21.15.42:6789/0] -- mon_getmap magic: 0 v1 -- 0x7f3cfc107210 con 0x7f3cfc106820
2024-03-11T19:09:45.879 INFO:teuthology.orchestra.run.smithi042.stdout:/usr/bin/ceph: stderr
2024-03-11T19:09:45.080+0000 7f3cfaffd700 1 --2- >> [v2:172.21.15.42:3300/0,v1:172.21.15.42:6789/0] conn(0x7f3cfc106820 0x7f3cfc106c40 unknown :-1 s=BANNER_CONNECTING pgs=0 cs=0 l=0 rev1=0 crypto rx=0 tx=0 comp rx=0 tx=0)._handle_peer_banner_payload supported=3 required=0
2024-03-11T19:09:45.880 INFO:teuthology.orchestra.run.smithi042.stdout:/usr/bin/ceph: stderr
2024-03-11T19:09:45.080+0000 7f3cfaffd700 1 --2- >> [v2:172.21.15.42:3300/0,v1:172.21.15.42:6789/0] conn(0x7f3cfc106820 0x7f3cfc106c40 unknown :-1 s=HELLO_CONNECTING pgs=0 cs=0 l=0 rev1=1 crypto rx=0 tx=0 comp rx=0 tx=0).handle_hello peer v2:172.21.15.42:3300/0 says I am v2:172.21.15.42:48032/0 (socket says 172.21.15.42:48032)
2024-03-11T19:09:45.880 INFO:teuthology.orchestra.run.smithi042.stdout:/usr/bin/ceph: stderr
2024-03-11T19:09:45.080+0000 7f3cfaffd700 1 -- 172.21.15.42:0/3939028793 learned_addr learned my addr 172.21.15.42:0/3939028793 (peer_addr_for_me v2:172.21.15.42:0/0)
2024-03-11T19:09:45.880 INFO:teuthology.orchestra.run.smithi042.stdout:/usr/bin/ceph: stderr
2024-03-11T19:09:45.081+0000 7f3cfaffd700 1 -- 172.21.15.42:0/3939028793 --> [v2:172.21.15.42:3300/0,v1:172.21.15.42:6789/0] -- mon_subscribe({config=0+,monmap=0+}) v3 -- 0x7f3cfc107a20 con 0x7f3cfc106820
2024-03-11T19:09:45.880 INFO:teuthology.orchestra.run.smithi042.stdout:/usr/bin/ceph: stderr
2024-03-11T19:09:45.081+0000 7f3cfaffd700 1 --2- 172.21.15.42:0/3939028793 >> [v2:172.21.15.42:3300/0,v1:172.21.15.42:6789/0] conn(0x7f3cfc106820 0x7f3cfc106c40 secure :-1 s=READY pgs=74 cs=0 l=1 rev1=1 crypto rx=0x7f3cf40098a0 tx=0x7f3cf4009bb0 comp rx=0 tx=0).ready entity=mon.0 client_cookie=43b014fb2ba3cd95 server_cookie=0 in_seq=0 out_seq=0
2024-03-11T19:09:45.880 INFO:teuthology.orchestra.run.smithi042.stdout:/usr/bin/ceph: stderr
2024-03-11T19:09:45.081+0000 7f3cf9ffb700 1 -- 172.21.15.42:0/3939028793 <== mon.0 v2:172.21.15.42:3300/0 1 ==== mon_map magic: 0 v1 ==== 205+0+0 (secure 0 0 0) 0x7f3cf4004160 con 0x7f3cfc106820
2024-03-11T19:09:45.880 INFO:teuthology.orchestra.run.smithi042.stdout:/usr/bin/ceph: stderr
2024-03-11T19:09:45.081+0000 7f3cf9ffb700 1 -- 172.21.15.42:0/3939028793 <== mon.0 v2:172.21.15.42:3300/0 2 ==== config(29 keys) v1 ==== 1209+0+0 (secure 0 0 0) 0x7f3cf4003bc0 con 0x7f3cfc106820
2024-03-11T19:09:45.880 INFO:teuthology.orchestra.run.smithi042.stdout:/usr/bin/ceph: stderr
2024-03-11T19:09:45.081+0000 7f3cf9ffb700 1 -- 172.21.15.42:0/3939028793 <== mon.0 v2:172.21.15.42:3300/0 3 ==== mon_map magic: 0 v1 ==== 205+0+0 (secure 0 0 0) 0x7f3cf4011be0 con 0x7f3cfc106820
2024-03-11T19:09:45.880 INFO:teuthology.orchestra.run.smithi042.stdout:/usr/bin/ceph: stderr
2024-03-11T19:09:45.082+0000 7f3d016c4700 1 -- 172.21.15.42:0/3939028793 >> [v2:172.21.15.42:3300/0,v1:172.21.15.42:6789/0] conn(0x7f3cfc106820 msgr2=0x7f3cfc106c40 secure :-1 s=STATE_CONNECTION_ESTABLISHED l=1).mark_down
2024-03-11T19:09:45.880 INFO:teuthology.orchestra.run.smithi042.stdout:/usr/bin/ceph: stderr
2024-03-11T19:09:45.082+0000 7f3d016c4700 1 --2- 172.21.15.42:0/3939028793 >> [v2:172.21.15.42:3300/0,v1:172.21.15.42:6789/0] conn(0x7f3cfc106820 0x7f3cfc106c40 secure :-1 s=READY pgs=74 cs=0 l=1 rev1=1 crypto rx=0x7f3cf40098a0 tx=0x7f3cf4009bb0 comp rx=0 tx=0).stop
2024-03-11T19:09:45.880 INFO:teuthology.orchestra.run.smithi042.stdout:/usr/bin/ceph: stderr
2024-03-11T19:09:45.082+0000 7f3d016c4700 1 -- 172.21.15.42:0/3939028793 shutdown_connections
2024-03-11T19:09:45.880 INFO:teuthology.orchestra.run.smithi042.stdout:/usr/bin/ceph: stderr
2024-03-11T19:09:45.082+0000 7f3d016c4700 1 --2- 172.21.15.42:0/3939028793 >> [v2:172.21.15.42:3300/0,v1:172.21.15.42:6789/0] conn(0x7f3cfc106820 0x7f3cfc106c40 unknown :-1 s=CLOSED pgs=74 cs=0 l=1 rev1=1 crypto rx=0 tx=0 comp rx=0 tx=0).stop
2024-03-11T19:09:45.880 INFO:teuthology.orchestra.run.smithi042.stdout:/usr/bin/ceph: stderr
2024-03-11T19:09:45.082+0000 7f3d016c4700 1 -- 172.21.15.42:0/3939028793 >> 172.21.15.42:0/3939028793 conn(0x7f3cfc101ec0 msgr2=0x7f3cfc1042e0 unknown :-1 s=STATE_NONE l=0).mark_down
2024-03-11T19:09:45.880 INFO:teuthology.orchestra.run.smithi042.stdout:/usr/bin/ceph: stderr
2024-03-11T19:09:45.082+0000 7f3d016c4700 1 -- 172.21.15.42:0/3939028793 shutdown_connections
2024-03-11T19:09:45.881 INFO:teuthology.orchestra.run.smithi042.stdout:/usr/bin/ceph: stderr
2024-03-11T19:09:45.082+0000 7f3d016c4700 1 -- 172.21.15.42:0/3939028793 wait complete.
2024-03-11T19:09:45.881 INFO:teuthology.orchestra.run.smithi042.stdout:/usr/bin/ceph: stderr
2024-03-11T19:09:45.082+0000 7f3d016c4700 1 Processor -- start
2024-03-11T19:09:45.881 INFO:teuthology.orchestra.run.smithi042.stdout:/usr/bin/ceph: stderr
2024-03-11T19:09:45.082+0000 7f3d016c4700 1 -- start start
2024-03-11T19:09:45.881 INFO:teuthology.orchestra.run.smithi042.stdout:/usr/bin/ceph: stderr
2024-03-11T19:09:45.083+0000 7f3d016c4700 1 --2- >> [v2:172.21.15.42:3300/0,v1:172.21.15.42:6789/0] conn(0x7f3cfc106820 0x7f3cfc075170 unknown :-1 s=NONE pgs=0 cs=0 l=1 rev1=0 crypto rx=0 tx=0 comp rx=0 tx=0).connect
2024-03-11T19:09:45.881 INFO:teuthology.orchestra.run.smithi042.stdout:/usr/bin/ceph: stderr
2024-03-11T19:09:45.083+0000 7f3d016c4700 1 -- --> [v2:172.21.15.42:3300/0,v1:172.21.15.42:6789/0] -- mon_getmap magic: 0 v1 -- 0x7f3cfc0756b0 con 0x7f3cfc106820
2024-03-11T19:09:45.881 INFO:teuthology.orchestra.run.smithi042.stdout:/usr/bin/ceph: stderr
2024-03-11T19:09:45.083+0000 7f3cfaffd700 1 --2- >> [v2:172.21.15.42:3300/0,v1:172.21.15.42:6789/0] conn(0x7f3cfc106820 0x7f3cfc075170 unknown :-1 s=BANNER_CONNECTING pgs=0 cs=0 l=1 rev1=0 crypto rx=0 tx=0 comp rx=0 tx=0)._handle_peer_banner_payload supported=3 required=0
2024-03-11T19:09:45.881 INFO:teuthology.orchestra.run.smithi042.stdout:/usr/bin/ceph: stderr
2024-03-11T19:09:45.083+0000 7f3cfaffd700 1 --2- >> [v2:172.21.15.42:3300/0,v1:172.21.15.42:6789/0] conn(0x7f3cfc106820 0x7f3cfc075170 unknown :-1 s=HELLO_CONNECTING pgs=0 cs=0 l=1 rev1=1 crypto rx=0 tx=0 comp rx=0 tx=0).handle_hello peer v2:172.21.15.42:3300/0 says I am v2:172.21.15.42:48036/0 (socket says 172.21.15.42:48036)
2024-03-11T19:09:45.881 INFO:teuthology.orchestra.run.smithi042.stdout:/usr/bin/ceph: stderr
2024-03-11T19:09:45.083+0000 7f3cfaffd700 1 -- 172.21.15.42:0/3015562487 learned_addr learned my addr 172.21.15.42:0/3015562487 (peer_addr_for_me v2:172.21.15.42:0/0)
2024-03-11T19:09:45.881 INFO:teuthology.orchestra.run.smithi042.stdout:/usr/bin/ceph: stderr
2024-03-11T19:09:45.083+0000 7f3cfaffd700 1 -- 172.21.15.42:0/3015562487 --> [v2:172.21.15.42:3300/0,v1:172.21.15.42:6789/0] -- mon_subscribe({config=0+,monmap=0+}) v3 -- 0x7f3cf4009550 con 0x7f3cfc106820
2024-03-11T19:09:45.881 INFO:teuthology.orchestra.run.smithi042.stdout:/usr/bin/ceph: stderr
2024-03-11T19:09:45.083+0000 7f3cfaffd700 1 --2- 172.21.15.42:0/3015562487 >> [v2:172.21.15.42:3300/0,v1:172.21.15.42:6789/0] conn(0x7f3cfc106820 0x7f3cfc075170 secure :-1 s=READY pgs=75 cs=0 l=1 rev1=1 crypto rx=0x7f3cf40118e0 tx=0x7f3cf4011ca0 comp rx=0 tx=0).ready entity=mon.0 client_cookie=0 server_cookie=0 in_seq=0 out_seq=0
2024-03-11T19:09:45.881 INFO:teuthology.orchestra.run.smithi042.stdout:/usr/bin/ceph: stderr
2024-03-11T19:09:45.083+0000 7f3cf3fff700 1 -- 172.21.15.42:0/3015562487 <== mon.0 v2:172.21.15.42:3300/0 1 ==== mon_map magic: 0 v1 ==== 205+0+0 (secure 0 0 0) 0x7f3cf4011ea0 con 0x7f3cfc106820
2024-03-11T19:09:45.881 INFO:teuthology.orchestra.run.smithi042.stdout:/usr/bin/ceph: stderr
2024-03-11T19:09:45.083+0000 7f3cf3fff700 1 -- 172.21.15.42:0/3015562487 <== mon.0 v2:172.21.15.42:3300/0 2 ==== config(29 keys) v1 ==== 1209+0+0 (secure 0 0 0) 0x7f3cf401a430 con 0x7f3cfc106820
2024-03-11T19:09:45.881 INFO:teuthology.orchestra.run.smithi042.stdout:/usr/bin/ceph: stderr
2024-03-11T19:09:45.083+0000 7f3d016c4700 1 -- 172.21.15.42:0/3015562487 --> [v2:172.21.15.42:3300/0,v1:172.21.15.42:6789/0] -- mon_subscribe({mgrmap=0+}) v3 -- 0x7f3cfc19e510 con 0x7f3cfc106820
2024-03-11T19:09:45.881 INFO:teuthology.orchestra.run.smithi042.stdout:/usr/bin/ceph: stderr
2024-03-11T19:09:45.083+0000 7f3cf3fff700 1 -- 172.21.15.42:0/3015562487 <== mon.0 v2:172.21.15.42:3300/0 3 ==== mon_map magic: 0 v1 ==== 205+0+0 (secure 0 0 0) 0x7f3cf4024580 con 0x7f3cfc106820
2024-03-11T19:09:45.882 INFO:teuthology.orchestra.run.smithi042.stdout:/usr/bin/ceph: stderr
2024-03-11T19:09:45.083+0000 7f3d016c4700 1 -- 172.21.15.42:0/3015562487 --> [v2:172.21.15.42:3300/0,v1:172.21.15.42:6789/0] -- mon_subscribe({osdmap=0}) v3 -- 0x7f3cfc19e9b0 con 0x7f3cfc106820
2024-03-11T19:09:45.882 INFO:teuthology.orchestra.run.smithi042.stdout:/usr/bin/ceph: stderr
2024-03-11T19:09:45.084+0000 7f3cf3fff700 1 -- 172.21.15.42:0/3015562487 <== mon.0 v2:172.21.15.42:3300/0 4 ==== mgrmap(e 12) v1 ==== 45782+0+0 (secure 0 0 0) 0x7f3cf402d3f0 con 0x7f3cfc106820
2024-03-11T19:09:45.882 INFO:teuthology.orchestra.run.smithi042.stdout:/usr/bin/ceph: stderr
2024-03-11T19:09:45.084+0000 7f3d016c4700 1 -- 172.21.15.42:0/3015562487 --> [v2:172.21.15.42:3300/0,v1:172.21.15.42:6789/0] -- mon_command({"prefix": "get_command_descriptions"} v 0) v1 -- 0x7f3cfc10ac50 con 0x7f3cfc106820
2024-03-11T19:09:45.882 INFO:teuthology.orchestra.run.smithi042.stdout:/usr/bin/ceph: stderr
2024-03-11T19:09:45.084+0000 7f3cf3fff700 1 --2- 172.21.15.42:0/3015562487 >> [v2:172.21.15.42:6800/1483364761,v1:172.21.15.42:6801/1483364761] conn(0x7f3ce8038d10 0x7f3ce803b1d0 unknown :-1 s=NONE pgs=0 cs=0 l=1 rev1=0 crypto rx=0 tx=0 comp rx=0 tx=0).connect
2024-03-11T19:09:45.882 INFO:teuthology.orchestra.run.smithi042.stdout:/usr/bin/ceph: stderr
2024-03-11T19:09:45.084+0000 7f3cf3fff700 1 -- 172.21.15.42:0/3015562487 <== mon.0 v2:172.21.15.42:3300/0 5 ==== osd_map(3..3 src has 1..3) v4 ==== 1155+0+0 (secure 0 0 0) 0x7f3cf404cba0 con 0x7f3cfc106820
2024-03-11T19:09:45.882 INFO:teuthology.orchestra.run.smithi042.stdout:/usr/bin/ceph: stderr
2024-03-11T19:09:45.085+0000 7f3cfa7fc700 1 --2- 172.21.15.42:0/3015562487 >> [v2:172.21.15.42:6800/1483364761,v1:172.21.15.42:6801/1483364761] conn(0x7f3ce8038d10 0x7f3ce803b1d0 unknown :-1 s=BANNER_CONNECTING pgs=0 cs=0 l=1 rev1=0 crypto rx=0 tx=0 comp rx=0 tx=0)._handle_peer_banner_payload supported=3 required=0
2024-03-11T19:09:45.882 INFO:teuthology.orchestra.run.smithi042.stdout:/usr/bin/ceph: stderr
2024-03-11T19:09:45.085+0000 7f3cfa7fc700 1 --2- 172.21.15.42:0/3015562487 >> [v2:172.21.15.42:6800/1483364761,v1:172.21.15.42:6801/1483364761] conn(0x7f3ce8038d10 0x7f3ce803b1d0 secure :-1 s=READY pgs=9 cs=0 l=1 rev1=1 crypto rx=0x7f3ce4006fd0 tx=0x7f3ce4006e40 comp rx=0 tx=0).ready entity=mgr.14152 client_cookie=0 server_cookie=0 in_seq=0 out_seq=0
2024-03-11T19:09:45.882 INFO:teuthology.orchestra.run.smithi042.stdout:/usr/bin/ceph: stderr
2024-03-11T19:09:45.089+0000 7f3cf3fff700 1 -- 172.21.15.42:0/3015562487 <== mon.0 v2:172.21.15.42:3300/0 6 ==== mon_command_ack([{"prefix": "get_command_descriptions"}]=0 v0) v1 ==== 72+0+183564 (secure 0 0 0) 0x7f3cf4010950 con 0x7f3cfc106820
2024-03-11T19:09:45.882 INFO:teuthology.orchestra.run.smithi042.stdout:/usr/bin/ceph: stderr
2024-03-11T19:09:45.258+0000 7f3cf3fff700 1 -- 172.21.15.42:0/3015562487 <== mon.0 v2:172.21.15.42:3300/0 7 ==== mgrmap(e 13) v1 ==== 45825+0+0 (secure 0 0 0) 0x7f3cf40193c0 con 0x7f3cfc106820
2024-03-11T19:09:45.882 INFO:teuthology.orchestra.run.smithi042.stdout:/usr/bin/ceph: stderr
2024-03-11T19:09:45.290+0000 7f3d016c4700 1 -- 172.21.15.42:0/3015562487 --> [v2:172.21.15.42:3300/0,v1:172.21.15.42:6789/0] -- mon_command({"prefix": "config get", "who": "mgr", "key": "mgr/dashboard/ssl_server_port"} v 0) v1 -- 0x7f3cfc19ebf0 con 0x7f3cfc106820
2024-03-11T19:09:45.882 INFO:teuthology.orchestra.run.smithi042.stdout:/usr/bin/ceph: stderr
2024-03-11T19:09:45.290+0000 7f3cf3fff700 1 -- 172.21.15.42:0/3015562487 <== mon.0 v2:172.21.15.42:3300/0 8 ==== mon_command_ack([{"prefix": "config get", "who": "mgr", "key": "mgr/dashboard/ssl_server_port"}]=0 v8) v1 ==== 112+0+5 (secure 0 0 0) 0x7f3cf4010740 con 0x7f3cfc106820
2024-03-11T19:09:45.882 INFO:teuthology.orchestra.run.smithi042.stdout:/usr/bin/ceph: stderr
2024-03-11T19:09:45.292+0000 7f3d016c4700 1 -- 172.21.15.42:0/3015562487 >> [v2:172.21.15.42:6800/1483364761,v1:172.21.15.42:6801/1483364761] conn(0x7f3ce8038d10 msgr2=0x7f3ce803b1d0 secure :-1 s=STATE_CONNECTION_ESTABLISHED l=1).mark_down
2024-03-11T19:09:45.882 INFO:teuthology.orchestra.run.smithi042.stdout:/usr/bin/ceph: stderr
2024-03-11T19:09:45.292+0000 7f3d016c4700 1 --2- 172.21.15.42:0/3015562487 >> [v2:172.21.15.42:6800/1483364761,v1:172.21.15.42:6801/1483364761] conn(0x7f3ce8038d10 0x7f3ce803b1d0 secure :-1 s=READY pgs=9 cs=0 l=1 rev1=1 crypto rx=0x7f3ce4006fd0 tx=0x7f3ce4006e40 comp rx=0 tx=0).stop
2024-03-11T19:09:45.882 INFO:teuthology.orchestra.run.smithi042.stdout:/usr/bin/ceph: stderr
2024-03-11T19:09:45.292+0000 7f3d016c4700 1 -- 172.21.15.42:0/3015562487 >> [v2:172.21.15.42:3300/0,v1:172.21.15.42:6789/0] conn(0x7f3cfc106820 msgr2=0x7f3cfc075170 secure :-1 s=STATE_CONNECTION_ESTABLISHED l=1).mark_down
2024-03-11T19:09:45.883 INFO:teuthology.orchestra.run.smithi042.stdout:/usr/bin/ceph: stderr
2024-03-11T19:09:45.292+0000 7f3d016c4700 1 --2- 172.21.15.42:0/3015562487 >> [v2:172.21.15.42:3300/0,v1:172.21.15.42:6789/0] conn(0x7f3cfc106820 0x7f3cfc075170 secure :-1 s=READY pgs=75 cs=0 l=1 rev1=1 crypto rx=0x7f3cf40118e0 tx=0x7f3cf4011ca0 comp rx=0 tx=0).stop
2024-03-11T19:09:45.883 INFO:teuthology.orchestra.run.smithi042.stdout:/usr/bin/ceph: stderr
2024-03-11T19:09:45.292+0000 7f3d016c4700 1 -- 172.21.15.42:0/3015562487 shutdown_connections
2024-03-11T19:09:45.883 INFO:teuthology.orchestra.run.smithi042.stdout:/usr/bin/ceph: stderr
2024-03-11T19:09:45.292+0000 7f3d016c4700 1 --2- 172.21.15.42:0/3015562487 >> [v2:172.21.15.42:6800/1483364761,v1:172.21.15.42:6801/1483364761] conn(0x7f3ce8038d10 0x7f3ce803b1d0 unknown :-1 s=CLOSED pgs=9 cs=0 l=1 rev1=1 crypto rx=0 tx=0 comp rx=0 tx=0).stop
2024-03-11T19:09:45.883 INFO:teuthology.orchestra.run.smithi042.stdout:/usr/bin/ceph: stderr
2024-03-11T19:09:45.292+0000 7f3d016c4700 1 --2- 172.21.15.42:0/3015562487 >> [v2:172.21.15.42:3300/0,v1:172.21.15.42:6789/0] conn(0x7f3cfc106820 0x7f3cfc075170 unknown :-1 s=CLOSED pgs=75 cs=0 l=1 rev1=1 crypto rx=0 tx=0 comp rx=0 tx=0).stop
2024-03-11T19:09:45.883 INFO:teuthology.orchestra.run.smithi042.stdout:/usr/bin/ceph: stderr
2024-03-11T19:09:45.292+0000 7f3d016c4700 1 -- 172.21.15.42:0/3015562487 >> 172.21.15.42:0/3015562487 conn(0x7f3cfc101ec0 msgr2=0x7f3cfc1029d0 unknown :-1 s=STATE_NONE l=0).mark_down
2024-03-11T19:09:45.883 INFO:teuthology.orchestra.run.smithi042.stdout:/usr/bin/ceph: stderr
2024-03-11T19:09:45.292+0000 7f3d016c4700 1 -- 172.21.15.42:0/3015562487 shutdown_connections
2024-03-11T19:09:45.883 INFO:teuthology.orchestra.run.smithi042.stdout:/usr/bin/ceph: stderr
2024-03-11T19:09:45.292+0000 7f3d016c4700 1 -- 172.21.15.42:0/3015562487 wait complete.
2024-03-11T19:09:45.886 INFO:teuthology.orchestra.run.smithi042.stdout:Non-zero exit code 1 from systemctl is-enabled firewalld.service
2024-03-11T19:09:45.886 INFO:teuthology.orchestra.run.smithi042.stdout:systemctl: stdout disabled
2024-03-11T19:09:45.894 INFO:teuthology.orchestra.run.smithi042.stdout:Non-zero exit code 3 from systemctl is-active firewalld.service
2024-03-11T19:09:45.894 INFO:teuthology.orchestra.run.smithi042.stdout:systemctl: stdout inactive
2024-03-11T19:09:45.894 INFO:teuthology.orchestra.run.smithi042.stdout:firewalld.service is not enabled
2024-03-11T19:09:45.894 INFO:teuthology.orchestra.run.smithi042.stdout:Not possible to open ports <[8443]>. firewalld.service is not available
2024-03-11T19:09:45.896 INFO:teuthology.orchestra.run.smithi042.stdout:Ceph Dashboard is now available at:
2024-03-11T19:09:45.896 INFO:teuthology.orchestra.run.smithi042.stdout:
2024-03-11T19:09:45.896 INFO:teuthology.orchestra.run.smithi042.stdout: URL: https://smithi042.front.sepia.ceph.com:8443/
2024-03-11T19:09:45.896 INFO:teuthology.orchestra.run.smithi042.stdout: User: admin
2024-03-11T19:09:45.896 INFO:teuthology.orchestra.run.smithi042.stdout: Password: gsghtqekx8
2024-03-11T19:09:45.896 INFO:teuthology.orchestra.run.smithi042.stdout:
2024-03-11T19:09:45.897 INFO:teuthology.orchestra.run.smithi042.stdout:Saving cluster configuration to /var/lib/ceph/9fcd5024-dfda-11ee-95c8-87774f69a715/config directory
2024-03-11T19:09:45.897 INFO:teuthology.orchestra.run.smithi042.stdout:Enabling autotune for osd_memory_target
2024-03-11T19:09:46.491 INFO:journalctl@ceph.mon.a.smithi042.stdout:Mar 11 19:09:46 smithi042 ceph-mon[32312]: mgrmap e13: x(active, since 6s)
2024-03-11T19:09:46.491 INFO:journalctl@ceph.mon.a.smithi042.stdout:Mar 11 19:09:46 smithi042 ceph-mon[32312]: from='client.? 172.21.15.42:0/3015562487' entity='client.admin' cmd=[{"prefix": "config get", "who": "mgr", "key": "mgr/dashboard/ssl_server_port"}]: dispatch
2024-03-11T19:09:47.179 INFO:teuthology.orchestra.run.smithi042.stdout:/usr/bin/ceph: stderr
2024-03-11T19:09:46.354+0000 7f32dbe7e700 1 Processor -- start
2024-03-11T19:09:47.179 INFO:teuthology.orchestra.run.smithi042.stdout:/usr/bin/ceph: stderr
2024-03-11T19:09:46.355+0000 7f32dbe7e700 1 -- start start
2024-03-11T19:09:47.179 INFO:teuthology.orchestra.run.smithi042.stdout:/usr/bin/ceph: stderr
2024-03-11T19:09:46.355+0000 7f32dbe7e700 1 --2- >> [v2:172.21.15.42:3300/0,v1:172.21.15.42:6789/0] conn(0x7f32d4106d40 0x7f32d4107160 unknown :-1 s=NONE pgs=0 cs=0 l=0 rev1=0 crypto rx=0 tx=0 comp rx=0 tx=0).connect
2024-03-11T19:09:47.179 INFO:teuthology.orchestra.run.smithi042.stdout:/usr/bin/ceph: stderr
2024-03-11T19:09:46.355+0000 7f32dbe7e700 1 -- --> [v2:172.21.15.42:3300/0,v1:172.21.15.42:6789/0] -- mon_getmap magic: 0 v1 -- 0x7f32d4107730 con 0x7f32d4106d40
2024-03-11T19:09:47.179 INFO:teuthology.orchestra.run.smithi042.stdout:/usr/bin/ceph: stderr
2024-03-11T19:09:46.355+0000 7f32d9c1a700 1 --2- >> [v2:172.21.15.42:3300/0,v1:172.21.15.42:6789/0] conn(0x7f32d4106d40 0x7f32d4107160 unknown :-1 s=BANNER_CONNECTING pgs=0 cs=0 l=0 rev1=0 crypto rx=0 tx=0 comp rx=0 tx=0)._handle_peer_banner_payload supported=3 required=0
2024-03-11T19:09:47.179 INFO:teuthology.orchestra.run.smithi042.stdout:/usr/bin/ceph: stderr
2024-03-11T19:09:46.355+0000 7f32d9c1a700 1 --2- >> [v2:172.21.15.42:3300/0,v1:172.21.15.42:6789/0] conn(0x7f32d4106d40 0x7f32d4107160 unknown :-1 s=HELLO_CONNECTING pgs=0 cs=0 l=0 rev1=1 crypto rx=0 tx=0 comp rx=0 tx=0).handle_hello peer v2:172.21.15.42:3300/0 says I am v2:172.21.15.42:48040/0 (socket says 172.21.15.42:48040)
2024-03-11T19:09:47.179 INFO:teuthology.orchestra.run.smithi042.stdout:/usr/bin/ceph: stderr
2024-03-11T19:09:46.355+0000 7f32d9c1a700 1 -- 172.21.15.42:0/1765154334 learned_addr learned my addr 172.21.15.42:0/1765154334 (peer_addr_for_me v2:172.21.15.42:0/0)
2024-03-11T19:09:47.179 INFO:teuthology.orchestra.run.smithi042.stdout:/usr/bin/ceph: stderr
2024-03-11T19:09:46.355+0000 7f32d9c1a700 1 -- 172.21.15.42:0/1765154334 --> [v2:172.21.15.42:3300/0,v1:172.21.15.42:6789/0] -- mon_subscribe({config=0+,monmap=0+}) v3 -- 0x7f32d4107a60 con 0x7f32d4106d40
2024-03-11T19:09:47.179 INFO:teuthology.orchestra.run.smithi042.stdout:/usr/bin/ceph: stderr
2024-03-11T19:09:46.356+0000 7f32d9c1a700 1 --2- 172.21.15.42:0/1765154334 >> [v2:172.21.15.42:3300/0,v1:172.21.15.42:6789/0] conn(0x7f32d4106d40 0x7f32d4107160 secure :-1 s=READY pgs=76 cs=0 l=1 rev1=1 crypto rx=0x7f32d00098a0 tx=0x7f32d0009bb0 comp rx=0 tx=0).ready entity=mon.0 client_cookie=1e28abf587c0f7b3 server_cookie=0 in_seq=0 out_seq=0
2024-03-11T19:09:47.179 INFO:teuthology.orchestra.run.smithi042.stdout:/usr/bin/ceph: stderr
2024-03-11T19:09:46.356+0000 7f32d8c18700 1 -- 172.21.15.42:0/1765154334 <== mon.0 v2:172.21.15.42:3300/0 1 ==== mon_map magic: 0 v1 ==== 205+0+0 (secure 0 0 0) 0x7f32d0004160 con 0x7f32d4106d40
2024-03-11T19:09:47.179 INFO:teuthology.orchestra.run.smithi042.stdout:/usr/bin/ceph: stderr
2024-03-11T19:09:46.356+0000 7f32d8c18700 1 -- 172.21.15.42:0/1765154334 <== mon.0 v2:172.21.15.42:3300/0 2 ==== config(29 keys) v1 ==== 1209+0+0 (secure 0 0 0) 0x7f32d0003bc0 con 0x7f32d4106d40
2024-03-11T19:09:47.179 INFO:teuthology.orchestra.run.smithi042.stdout:/usr/bin/ceph: stderr
2024-03-11T19:09:46.356+0000 7f32d8c18700 1 -- 172.21.15.42:0/1765154334 <== mon.0 v2:172.21.15.42:3300/0 3 ==== mon_map magic: 0 v1 ==== 205+0+0 (secure 0 0 0) 0x7f32d0011be0 con 0x7f32d4106d40
2024-03-11T19:09:47.180 INFO:teuthology.orchestra.run.smithi042.stdout:/usr/bin/ceph: stderr
2024-03-11T19:09:46.356+0000 7f32dbe7e700 1 -- 172.21.15.42:0/1765154334 >> [v2:172.21.15.42:3300/0,v1:172.21.15.42:6789/0] conn(0x7f32d4106d40 msgr2=0x7f32d4107160 secure :-1 s=STATE_CONNECTION_ESTABLISHED l=1).mark_down
2024-03-11T19:09:47.180 INFO:teuthology.orchestra.run.smithi042.stdout:/usr/bin/ceph: stderr
2024-03-11T19:09:46.356+0000 7f32dbe7e700 1 --2- 172.21.15.42:0/1765154334 >> [v2:172.21.15.42:3300/0,v1:172.21.15.42:6789/0] conn(0x7f32d4106d40 0x7f32d4107160 secure :-1 s=READY pgs=76 cs=0 l=1 rev1=1 crypto rx=0x7f32d00098a0 tx=0x7f32d0009bb0 comp rx=0 tx=0).stop
2024-03-11T19:09:47.180 INFO:teuthology.orchestra.run.smithi042.stdout:/usr/bin/ceph: stderr
2024-03-11T19:09:46.356+0000 7f32dbe7e700 1 -- 172.21.15.42:0/1765154334 shutdown_connections
2024-03-11T19:09:47.180 INFO:teuthology.orchestra.run.smithi042.stdout:/usr/bin/ceph: stderr
2024-03-11T19:09:46.356+0000 7f32dbe7e700 1 --2- 172.21.15.42:0/1765154334 >> [v2:172.21.15.42:3300/0,v1:172.21.15.42:6789/0] conn(0x7f32d4106d40 0x7f32d4107160 unknown :-1 s=CLOSED pgs=76 cs=0 l=1 rev1=1 crypto rx=0 tx=0 comp rx=0 tx=0).stop
2024-03-11T19:09:47.180 INFO:teuthology.orchestra.run.smithi042.stdout:/usr/bin/ceph: stderr
2024-03-11T19:09:46.356+0000 7f32dbe7e700 1 -- 172.21.15.42:0/1765154334 >> 172.21.15.42:0/1765154334 conn(0x7f32d41015c0 msgr2=0x7f32d41039e0 unknown :-1 s=STATE_NONE l=0).mark_down
2024-03-11T19:09:47.180 INFO:teuthology.orchestra.run.smithi042.stdout:/usr/bin/ceph: stderr
2024-03-11T19:09:46.356+0000 7f32dbe7e700 1 -- 172.21.15.42:0/1765154334 shutdown_connections
2024-03-11T19:09:47.180 INFO:teuthology.orchestra.run.smithi042.stdout:/usr/bin/ceph: stderr
2024-03-11T19:09:46.357+0000 7f32dbe7e700 1 -- 172.21.15.42:0/1765154334 wait complete.
2024-03-11T19:09:47.180 INFO:teuthology.orchestra.run.smithi042.stdout:/usr/bin/ceph: stderr
2024-03-11T19:09:46.357+0000 7f32dbe7e700 1 Processor -- start
2024-03-11T19:09:47.180 INFO:teuthology.orchestra.run.smithi042.stdout:/usr/bin/ceph: stderr
2024-03-11T19:09:46.357+0000 7f32dbe7e700 1 -- start start
2024-03-11T19:09:47.180 INFO:teuthology.orchestra.run.smithi042.stdout:/usr/bin/ceph: stderr
2024-03-11T19:09:46.357+0000 7f32dbe7e700 1 --2- >> [v2:172.21.15.42:3300/0,v1:172.21.15.42:6789/0] conn(0x7f32d4106d40 0x7f32d41996b0 unknown :-1 s=NONE pgs=0 cs=0 l=1 rev1=0 crypto rx=0 tx=0 comp rx=0 tx=0).connect
2024-03-11T19:09:47.180 INFO:teuthology.orchestra.run.smithi042.stdout:/usr/bin/ceph: stderr
2024-03-11T19:09:46.357+0000 7f32dbe7e700 1 -- --> [v2:172.21.15.42:3300/0,v1:172.21.15.42:6789/0] -- mon_getmap magic: 0 v1 -- 0x7f32d4199bf0 con 0x7f32d4106d40
2024-03-11T19:09:47.180 INFO:teuthology.orchestra.run.smithi042.stdout:/usr/bin/ceph: stderr
2024-03-11T19:09:46.357+0000 7f32d9c1a700 1 --2- >> [v2:172.21.15.42:3300/0,v1:172.21.15.42:6789/0] conn(0x7f32d4106d40 0x7f32d41996b0 unknown :-1 s=BANNER_CONNECTING pgs=0 cs=0 l=1 rev1=0 crypto rx=0 tx=0 comp rx=0 tx=0)._handle_peer_banner_payload supported=3 required=0
2024-03-11T19:09:47.180 INFO:teuthology.orchestra.run.smithi042.stdout:/usr/bin/ceph: stderr
