2024-03-11T19:09:28.956 INFO:teuthology.orchestra.run.smithi042.stdout:/usr/bin/ceph: stderr
2024-03-11T19:09:28.043+0000 7f0d2affd700 1 --2- >> [v2:172.21.15.42:3300/0,v1:172.21.15.42:6789/0] conn(0x7f0d2c107de0 0x7f0d2c1995b0 unknown :-1 s=BANNER_CONNECTING pgs=0 cs=0 l=1 rev1=0 crypto rx=0 tx=0 comp rx=0 tx=0)._handle_peer_banner_payload supported=3 required=0
2024-03-11T19:09:28.956 INFO:teuthology.orchestra.run.smithi042.stdout:/usr/bin/ceph: stderr
2024-03-11T19:09:28.043+0000 7f0d2affd700 1 --2- >> [v2:172.21.15.42:3300/0,v1:172.21.15.42:6789/0] conn(0x7f0d2c107de0 0x7f0d2c1995b0 unknown :-1 s=HELLO_CONNECTING pgs=0 cs=0 l=1 rev1=1 crypto rx=0 tx=0 comp rx=0 tx=0).handle_hello peer v2:172.21.15.42:3300/0 says I am v2:172.21.15.42:57704/0 (socket says 172.21.15.42:57704)
2024-03-11T19:09:28.956 INFO:teuthology.orchestra.run.smithi042.stdout:/usr/bin/ceph: stderr
2024-03-11T19:09:28.043+0000 7f0d2affd700 1 -- 172.21.15.42:0/2910807957 learned_addr learned my addr 172.21.15.42:0/2910807957 (peer_addr_for_me v2:172.21.15.42:0/0)
2024-03-11T19:09:28.956 INFO:teuthology.orchestra.run.smithi042.stdout:/usr/bin/ceph: stderr
2024-03-11T19:09:28.044+0000 7f0d2affd700 1 -- 172.21.15.42:0/2910807957 --> [v2:172.21.15.42:3300/0,v1:172.21.15.42:6789/0] -- mon_subscribe({config=0+,monmap=0+}) v3 -- 0x7f0d2400bd40 con 0x7f0d2c107de0
2024-03-11T19:09:28.956 INFO:teuthology.orchestra.run.smithi042.stdout:/usr/bin/ceph: stderr
2024-03-11T19:09:28.044+0000 7f0d2affd700 1 --2- 172.21.15.42:0/2910807957 >> [v2:172.21.15.42:3300/0,v1:172.21.15.42:6789/0] conn(0x7f0d2c107de0 0x7f0d2c1995b0 secure :-1 s=READY pgs=52 cs=0 l=1 rev1=1 crypto rx=0x7f0d2400d150 tx=0x7f0d2400af40 comp rx=0 tx=0).ready entity=mon.0 client_cookie=0 server_cookie=0 in_seq=0 out_seq=0
2024-03-11T19:09:28.957 INFO:teuthology.orchestra.run.smithi042.stdout:/usr/bin/ceph: stderr
2024-03-11T19:09:28.044+0000 7f0d308d2700 1 -- 172.21.15.42:0/2910807957 <== mon.0 v2:172.21.15.42:3300/0 1 ==== mon_map magic: 0 v1 ==== 205+0+0 (secure 0 0 0) 0x7f0d24010040 con 0x7f0d2c107de0
2024-03-11T19:09:28.957 INFO:teuthology.orchestra.run.smithi042.stdout:/usr/bin/ceph: stderr
2024-03-11T19:09:28.044+0000 7f0d308d2700 1 -- 172.21.15.42:0/2910807957 <== mon.0 v2:172.21.15.42:3300/0 2 ==== config(29 keys) v1 ==== 1209+0+0 (secure 0 0 0) 0x7f0d24003d60 con 0x7f0d2c107de0
2024-03-11T19:09:28.957 INFO:teuthology.orchestra.run.smithi042.stdout:/usr/bin/ceph: stderr
2024-03-11T19:09:28.044+0000 7f0d318d4700 1 -- 172.21.15.42:0/2910807957 --> [v2:172.21.15.42:3300/0,v1:172.21.15.42:6789/0] -- mon_subscribe({mgrmap=0+}) v3 -- 0x7f0d2c199cf0 con 0x7f0d2c107de0
2024-03-11T19:09:28.957 INFO:teuthology.orchestra.run.smithi042.stdout:/usr/bin/ceph: stderr
2024-03-11T19:09:28.044+0000 7f0d308d2700 1 -- 172.21.15.42:0/2910807957 <== mon.0 v2:172.21.15.42:3300/0 3 ==== mon_map magic: 0 v1 ==== 205+0+0 (secure 0 0 0) 0x7f0d24014a50 con 0x7f0d2c107de0
2024-03-11T19:09:28.957 INFO:teuthology.orchestra.run.smithi042.stdout:/usr/bin/ceph: stderr
2024-03-11T19:09:28.044+0000 7f0d318d4700 1 -- 172.21.15.42:0/2910807957 --> [v2:172.21.15.42:3300/0,v1:172.21.15.42:6789/0] -- mon_subscribe({osdmap=0}) v3 -- 0x7f0d2c19a1f0 con 0x7f0d2c107de0
2024-03-11T19:09:28.957 INFO:teuthology.orchestra.run.smithi042.stdout:/usr/bin/ceph: stderr
2024-03-11T19:09:28.045+0000 7f0d308d2700 1 -- 172.21.15.42:0/2910807957 <== mon.0 v2:172.21.15.42:3300/0 4 ==== mgrmap(e 8) v1 ==== 45769+0+0 (secure 0 0 0) 0x7f0d24014cd0 con 0x7f0d2c107de0
2024-03-11T19:09:28.957 INFO:teuthology.orchestra.run.smithi042.stdout:/usr/bin/ceph: stderr
2024-03-11T19:09:28.045+0000 7f0d318d4700 1 -- 172.21.15.42:0/2910807957 --> [v2:172.21.15.42:3300/0,v1:172.21.15.42:6789/0] -- mon_command({"prefix": "get_command_descriptions"} v 0) v1 -- 0x7f0d2c1058e0 con 0x7f0d2c107de0
2024-03-11T19:09:28.957 INFO:teuthology.orchestra.run.smithi042.stdout:/usr/bin/ceph: stderr
2024-03-11T19:09:28.045+0000 7f0d308d2700 1 --2- 172.21.15.42:0/2910807957 >> [v2:172.21.15.42:6800/316601979,v1:172.21.15.42:6801/316601979] conn(0x7f0d18038c60 0x7f0d1803b120 unknown :-1 s=NONE pgs=0 cs=0 l=1 rev1=0 crypto rx=0 tx=0 comp rx=0 tx=0).connect
2024-03-11T19:09:28.957 INFO:teuthology.orchestra.run.smithi042.stdout:/usr/bin/ceph: stderr
2024-03-11T19:09:28.046+0000 7f0d308d2700 1 -- 172.21.15.42:0/2910807957 <== mon.0 v2:172.21.15.42:3300/0 5 ==== osd_map(2..2 src has 1..2) v4 ==== 940+0+0 (secure 0 0 0) 0x7f0d2404ee40 con 0x7f0d2c107de0
2024-03-11T19:09:28.957 INFO:teuthology.orchestra.run.smithi042.stdout:/usr/bin/ceph: stderr
2024-03-11T19:09:28.046+0000 7f0d2a7fc700 1 --2- 172.21.15.42:0/2910807957 >> [v2:172.21.15.42:6800/316601979,v1:172.21.15.42:6801/316601979] conn(0x7f0d18038c60 0x7f0d1803b120 unknown :-1 s=BANNER_CONNECTING pgs=0 cs=0 l=1 rev1=0 crypto rx=0 tx=0 comp rx=0 tx=0)._handle_peer_banner_payload supported=3 required=0
2024-03-11T19:09:28.957 INFO:teuthology.orchestra.run.smithi042.stdout:/usr/bin/ceph: stderr
2024-03-11T19:09:28.046+0000 7f0d2a7fc700 1 --2- 172.21.15.42:0/2910807957 >> [v2:172.21.15.42:6800/316601979,v1:172.21.15.42:6801/316601979] conn(0x7f0d18038c60 0x7f0d1803b120 secure :-1 s=READY pgs=14 cs=0 l=1 rev1=1 crypto rx=0x7f0d14006fd0 tx=0x7f0d14006e40 comp rx=0 tx=0).ready entity=mgr.14120 client_cookie=0 server_cookie=0 in_seq=0 out_seq=0
2024-03-11T19:09:28.957 INFO:teuthology.orchestra.run.smithi042.stdout:/usr/bin/ceph: stderr
2024-03-11T19:09:28.050+0000 7f0d308d2700 1 -- 172.21.15.42:0/2910807957 <== mon.0 v2:172.21.15.42:3300/0 6 ==== mon_command_ack([{"prefix": "get_command_descriptions"}]=0 v0) v1 ==== 72+0+183564 (secure 0 0 0) 0x7f0d24026e80 con 0x7f0d2c107de0
2024-03-11T19:09:28.957 INFO:teuthology.orchestra.run.smithi042.stdout:/usr/bin/ceph: stderr
2024-03-11T19:09:28.252+0000 7f0d318d4700 1 -- 172.21.15.42:0/2910807957 --> [v2:172.21.15.42:3300/0,v1:172.21.15.42:6789/0] -- mon_command([{prefix=config set, name=mgr/cephadm/container_init}] v 0) v1 -- 0x7f0d2c192c80 con 0x7f0d2c107de0
2024-03-11T19:09:28.957 INFO:teuthology.orchestra.run.smithi042.stdout:/usr/bin/ceph: stderr
2024-03-11T19:09:28.254+0000 7f0d308d2700 1 -- 172.21.15.42:0/2910807957 <== mon.0 v2:172.21.15.42:3300/0 7 ==== mon_command_ack([{prefix=config set, name=mgr/cephadm/container_init}]=0 v7)=0 v7) v1 ==== 142+0+0 (secure 0 0 0) 0x7f0d2402c0d0 con 0x7f0d2c107de0
2024-03-11T19:09:28.957 INFO:teuthology.orchestra.run.smithi042.stdout:/usr/bin/ceph: stderr
2024-03-11T19:09:28.256+0000 7f0d318d4700 1 -- 172.21.15.42:0/2910807957 >> [v2:172.21.15.42:6800/316601979,v1:172.21.15.42:6801/316601979] conn(0x7f0d18038c60 msgr2=0x7f0d1803b120 secure :-1 s=STATE_CONNECTION_ESTABLISHED l=1).mark_down
2024-03-11T19:09:28.958 INFO:teuthology.orchestra.run.smithi042.stdout:/usr/bin/ceph: stderr
2024-03-11T19:09:28.256+0000 7f0d318d4700 1 --2- 172.21.15.42:0/2910807957 >> [v2:172.21.15.42:6800/316601979,v1:172.21.15.42:6801/316601979] conn(0x7f0d18038c60 0x7f0d1803b120 secure :-1 s=READY pgs=14 cs=0 l=1 rev1=1 crypto rx=0x7f0d14006fd0 tx=0x7f0d14006e40 comp rx=0 tx=0).stop
2024-03-11T19:09:28.958 INFO:teuthology.orchestra.run.smithi042.stdout:/usr/bin/ceph: stderr
2024-03-11T19:09:28.256+0000 7f0d318d4700 1 -- 172.21.15.42:0/2910807957 >> [v2:172.21.15.42:3300/0,v1:172.21.15.42:6789/0] conn(0x7f0d2c107de0 msgr2=0x7f0d2c1995b0 secure :-1 s=STATE_CONNECTION_ESTABLISHED l=1).mark_down
2024-03-11T19:09:28.958 INFO:teuthology.orchestra.run.smithi042.stdout:/usr/bin/ceph: stderr
2024-03-11T19:09:28.256+0000 7f0d318d4700 1 --2- 172.21.15.42:0/2910807957 >> [v2:172.21.15.42:3300/0,v1:172.21.15.42:6789/0] conn(0x7f0d2c107de0 0x7f0d2c1995b0 secure :-1 s=READY pgs=52 cs=0 l=1 rev1=1 crypto rx=0x7f0d2400d150 tx=0x7f0d2400af40 comp rx=0 tx=0).stop
2024-03-11T19:09:28.958 INFO:teuthology.orchestra.run.smithi042.stdout:/usr/bin/ceph: stderr
2024-03-11T19:09:28.256+0000 7f0d318d4700 1 -- 172.21.15.42:0/2910807957 shutdown_connections
2024-03-11T19:09:28.958 INFO:teuthology.orchestra.run.smithi042.stdout:/usr/bin/ceph: stderr
2024-03-11T19:09:28.256+0000 7f0d318d4700 1 --2- 172.21.15.42:0/2910807957 >> [v2:172.21.15.42:6800/316601979,v1:172.21.15.42:6801/316601979] conn(0x7f0d18038c60 0x7f0d1803b120 unknown :-1 s=CLOSED pgs=14 cs=0 l=1 rev1=1 crypto rx=0 tx=0 comp rx=0 tx=0).stop
2024-03-11T19:09:28.958 INFO:teuthology.orchestra.run.smithi042.stdout:/usr/bin/ceph: stderr
2024-03-11T19:09:28.256+0000 7f0d318d4700 1 --2- 172.21.15.42:0/2910807957 >> [v2:172.21.15.42:3300/0,v1:172.21.15.42:6789/0] conn(0x7f0d2c107de0 0x7f0d2c1995b0 unknown :-1 s=CLOSED pgs=52 cs=0 l=1 rev1=1 crypto rx=0 tx=0 comp rx=0 tx=0).stop
2024-03-11T19:09:28.958 INFO:teuthology.orchestra.run.smithi042.stdout:/usr/bin/ceph: stderr
2024-03-11T19:09:28.256+0000 7f0d318d4700 1 -- 172.21.15.42:0/2910807957 >> 172.21.15.42:0/2910807957 conn(0x7f0d2c101560 msgr2=0x7f0d2c18fd40 unknown :-1 s=STATE_NONE l=0).mark_down
2024-03-11T19:09:28.958 INFO:teuthology.orchestra.run.smithi042.stdout:/usr/bin/ceph: stderr
2024-03-11T19:09:28.257+0000 7f0d318d4700 1 -- 172.21.15.42:0/2910807957 shutdown_connections
2024-03-11T19:09:28.958 INFO:teuthology.orchestra.run.smithi042.stdout:/usr/bin/ceph: stderr
2024-03-11T19:09:28.257+0000 7f0d318d4700 1 -- 172.21.15.42:0/2910807957 wait complete.
2024-03-11T19:09:29.491 INFO:journalctl@ceph.mon.a.smithi042.stdout:Mar 11 19:09:29 smithi042 ceph-mon[32312]: from='client.? 172.21.15.42:0/2910807957' entity='client.admin'
2024-03-11T19:09:29.491 INFO:journalctl@ceph.mon.a.smithi042.stdout:Mar 11 19:09:29 smithi042 ceph-mon[32312]: from='mgr.14120 172.21.15.42:0/594493063' entity='mgr.x'
2024-03-11T19:09:30.698 INFO:journalctl@ceph.mon.a.smithi042.stdout:Mar 11 19:09:30 smithi042 ceph-mon[32312]: from='client.? 172.21.15.42:0/743809726' entity='client.admin'
2024-03-11T19:09:31.034 INFO:teuthology.orchestra.run.smithi042.stdout:/usr/bin/ceph: stderr
2024-03-11T19:09:29.424+0000 7fe172a8f700 1 Processor -- start
2024-03-11T19:09:31.034 INFO:teuthology.orchestra.run.smithi042.stdout:/usr/bin/ceph: stderr
2024-03-11T19:09:29.424+0000 7fe172a8f700 1 -- start start
2024-03-11T19:09:31.034 INFO:teuthology.orchestra.run.smithi042.stdout:/usr/bin/ceph: stderr
2024-03-11T19:09:29.424+0000 7fe172a8f700 1 --2- >> [v2:172.21.15.42:3300/0,v1:172.21.15.42:6789/0] conn(0x7fe16c107920 0x7fe16c107d40 unknown :-1 s=NONE pgs=0 cs=0 l=0 rev1=0 crypto rx=0 tx=0 comp rx=0 tx=0).connect
2024-03-11T19:09:31.034 INFO:teuthology.orchestra.run.smithi042.stdout:/usr/bin/ceph: stderr
2024-03-11T19:09:29.424+0000 7fe172a8f700 1 -- --> [v2:172.21.15.42:3300/0,v1:172.21.15.42:6789/0] -- mon_getmap magic: 0 v1 -- 0x7fe16c108310 con 0x7fe16c107920
2024-03-11T19:09:31.035 INFO:teuthology.orchestra.run.smithi042.stdout:/usr/bin/ceph: stderr
2024-03-11T19:09:29.424+0000 7fe17082b700 1 --2- >> [v2:172.21.15.42:3300/0,v1:172.21.15.42:6789/0] conn(0x7fe16c107920 0x7fe16c107d40 unknown :-1 s=BANNER_CONNECTING pgs=0 cs=0 l=0 rev1=0 crypto rx=0 tx=0 comp rx=0 tx=0)._handle_peer_banner_payload supported=3 required=0
2024-03-11T19:09:31.035 INFO:teuthology.orchestra.run.smithi042.stdout:/usr/bin/ceph: stderr
2024-03-11T19:09:29.424+0000 7fe17082b700 1 --2- >> [v2:172.21.15.42:3300/0,v1:172.21.15.42:6789/0] conn(0x7fe16c107920 0x7fe16c107d40 unknown :-1 s=HELLO_CONNECTING pgs=0 cs=0 l=0 rev1=1 crypto rx=0 tx=0 comp rx=0 tx=0).handle_hello peer v2:172.21.15.42:3300/0 says I am v2:172.21.15.42:57716/0 (socket says 172.21.15.42:57716)
2024-03-11T19:09:31.035 INFO:teuthology.orchestra.run.smithi042.stdout:/usr/bin/ceph: stderr
2024-03-11T19:09:29.424+0000 7fe17082b700 1 -- 172.21.15.42:0/1944089292 learned_addr learned my addr 172.21.15.42:0/1944089292 (peer_addr_for_me v2:172.21.15.42:0/0)
2024-03-11T19:09:31.035 INFO:teuthology.orchestra.run.smithi042.stdout:/usr/bin/ceph: stderr
2024-03-11T19:09:29.424+0000 7fe17082b700 1 -- 172.21.15.42:0/1944089292 --> [v2:172.21.15.42:3300/0,v1:172.21.15.42:6789/0] -- mon_subscribe({config=0+,monmap=0+}) v3 -- 0x7fe16c108b20 con 0x7fe16c107920
2024-03-11T19:09:31.035 INFO:teuthology.orchestra.run.smithi042.stdout:/usr/bin/ceph: stderr
2024-03-11T19:09:29.424+0000 7fe17082b700 1 --2- 172.21.15.42:0/1944089292 >> [v2:172.21.15.42:3300/0,v1:172.21.15.42:6789/0] conn(0x7fe16c107920 0x7fe16c107d40 secure :-1 s=READY pgs=53 cs=0 l=1 rev1=1 crypto rx=0x7fe1600098a0 tx=0x7fe160009bb0 comp rx=0 tx=0).ready entity=mon.0 client_cookie=a2a7193606369fa4 server_cookie=0 in_seq=0 out_seq=0
2024-03-11T19:09:31.035 INFO:teuthology.orchestra.run.smithi042.stdout:/usr/bin/ceph: stderr
2024-03-11T19:09:29.425+0000 7fe16b7fe700 1 -- 172.21.15.42:0/1944089292 <== mon.0 v2:172.21.15.42:3300/0 1 ==== mon_map magic: 0 v1 ==== 205+0+0 (secure 0 0 0) 0x7fe160004160 con 0x7fe16c107920
2024-03-11T19:09:31.035 INFO:teuthology.orchestra.run.smithi042.stdout:/usr/bin/ceph: stderr
2024-03-11T19:09:29.425+0000 7fe16b7fe700 1 -- 172.21.15.42:0/1944089292 <== mon.0 v2:172.21.15.42:3300/0 2 ==== config(29 keys) v1 ==== 1209+0+0 (secure 0 0 0) 0x7fe160003bc0 con 0x7fe16c107920
2024-03-11T19:09:31.035 INFO:teuthology.orchestra.run.smithi042.stdout:/usr/bin/ceph: stderr
2024-03-11T19:09:29.425+0000 7fe16b7fe700 1 -- 172.21.15.42:0/1944089292 <== mon.0 v2:172.21.15.42:3300/0 3 ==== mon_map magic: 0 v1 ==== 205+0+0 (secure 0 0 0) 0x7fe160011be0 con 0x7fe16c107920
2024-03-11T19:09:31.035 INFO:teuthology.orchestra.run.smithi042.stdout:/usr/bin/ceph: stderr
2024-03-11T19:09:29.425+0000 7fe172a8f700 1 -- 172.21.15.42:0/1944089292 >> [v2:172.21.15.42:3300/0,v1:172.21.15.42:6789/0] conn(0x7fe16c107920 msgr2=0x7fe16c107d40 secure :-1 s=STATE_CONNECTION_ESTABLISHED l=1).mark_down
2024-03-11T19:09:31.035 INFO:teuthology.orchestra.run.smithi042.stdout:/usr/bin/ceph: stderr
2024-03-11T19:09:29.425+0000 7fe172a8f700 1 --2- 172.21.15.42:0/1944089292 >> [v2:172.21.15.42:3300/0,v1:172.21.15.42:6789/0] conn(0x7fe16c107920 0x7fe16c107d40 secure :-1 s=READY pgs=53 cs=0 l=1 rev1=1 crypto rx=0x7fe1600098a0 tx=0x7fe160009bb0 comp rx=0 tx=0).stop
2024-03-11T19:09:31.035 INFO:teuthology.orchestra.run.smithi042.stdout:/usr/bin/ceph: stderr
2024-03-11T19:09:29.425+0000 7fe172a8f700 1 -- 172.21.15.42:0/1944089292 shutdown_connections
2024-03-11T19:09:31.035 INFO:teuthology.orchestra.run.smithi042.stdout:/usr/bin/ceph: stderr
2024-03-11T19:09:29.425+0000 7fe172a8f700 1 --2- 172.21.15.42:0/1944089292 >> [v2:172.21.15.42:3300/0,v1:172.21.15.42:6789/0] conn(0x7fe16c107920 0x7fe16c107d40 unknown :-1 s=CLOSED pgs=53 cs=0 l=1 rev1=1 crypto rx=0 tx=0 comp rx=0 tx=0).stop
2024-03-11T19:09:31.035 INFO:teuthology.orchestra.run.smithi042.stdout:/usr/bin/ceph: stderr
2024-03-11T19:09:29.425+0000 7fe172a8f700 1 -- 172.21.15.42:0/1944089292 >> 172.21.15.42:0/1944089292 conn(0x7fe16c102f20 msgr2=0x7fe16c105340 unknown :-1 s=STATE_NONE l=0).mark_down
2024-03-11T19:09:31.035 INFO:teuthology.orchestra.run.smithi042.stdout:/usr/bin/ceph: stderr
2024-03-11T19:09:29.425+0000 7fe172a8f700 1 -- 172.21.15.42:0/1944089292 shutdown_connections
2024-03-11T19:09:31.036 INFO:teuthology.orchestra.run.smithi042.stdout:/usr/bin/ceph: stderr
2024-03-11T19:09:29.425+0000 7fe172a8f700 1 -- 172.21.15.42:0/1944089292 wait complete.
2024-03-11T19:09:31.036 INFO:teuthology.orchestra.run.smithi042.stdout:/usr/bin/ceph: stderr
2024-03-11T19:09:29.426+0000 7fe172a8f700 1 Processor -- start
2024-03-11T19:09:31.036 INFO:teuthology.orchestra.run.smithi042.stdout:/usr/bin/ceph: stderr
2024-03-11T19:09:29.426+0000 7fe172a8f700 1 -- start start
2024-03-11T19:09:31.036 INFO:teuthology.orchestra.run.smithi042.stdout:/usr/bin/ceph: stderr
2024-03-11T19:09:29.426+0000 7fe172a8f700 1 --2- >> [v2:172.21.15.42:3300/0,v1:172.21.15.42:6789/0] conn(0x7fe16c107920 0x7fe16c07ca40 unknown :-1 s=NONE pgs=0 cs=0 l=1 rev1=0 crypto rx=0 tx=0 comp rx=0 tx=0).connect
2024-03-11T19:09:31.036 INFO:teuthology.orchestra.run.smithi042.stdout:/usr/bin/ceph: stderr
2024-03-11T19:09:29.426+0000 7fe172a8f700 1 -- --> [v2:172.21.15.42:3300/0,v1:172.21.15.42:6789/0] -- mon_getmap magic: 0 v1 -- 0x7fe16c07cf80 con 0x7fe16c107920
2024-03-11T19:09:31.036 INFO:teuthology.orchestra.run.smithi042.stdout:/usr/bin/ceph: stderr
2024-03-11T19:09:29.426+0000 7fe17082b700 1 --2- >> [v2:172.21.15.42:3300/0,v1:172.21.15.42:6789/0] conn(0x7fe16c107920 0x7fe16c07ca40 unknown :-1 s=BANNER_CONNECTING pgs=0 cs=0 l=1 rev1=0 crypto rx=0 tx=0 comp rx=0 tx=0)._handle_peer_banner_payload supported=3 required=0
2024-03-11T19:09:31.036 INFO:teuthology.orchestra.run.smithi042.stdout:/usr/bin/ceph: stderr
2024-03-11T19:09:29.426+0000 7fe17082b700 1 --2- >> [v2:172.21.15.42:3300/0,v1:172.21.15.42:6789/0] conn(0x7fe16c107920 0x7fe16c07ca40 unknown :-1 s=HELLO_CONNECTING pgs=0 cs=0 l=1 rev1=1 crypto rx=0 tx=0 comp rx=0 tx=0).handle_hello peer v2:172.21.15.42:3300/0 says I am v2:172.21.15.42:57730/0 (socket says 172.21.15.42:57730)
2024-03-11T19:09:31.036 INFO:teuthology.orchestra.run.smithi042.stdout:/usr/bin/ceph: stderr
2024-03-11T19:09:29.426+0000 7fe17082b700 1 -- 172.21.15.42:0/743809726 learned_addr learned my addr 172.21.15.42:0/743809726 (peer_addr_for_me v2:172.21.15.42:0/0)
2024-03-11T19:09:31.036 INFO:teuthology.orchestra.run.smithi042.stdout:/usr/bin/ceph: stderr
2024-03-11T19:09:29.426+0000 7fe17082b700 1 -- 172.21.15.42:0/743809726 --> [v2:172.21.15.42:3300/0,v1:172.21.15.42:6789/0] -- mon_subscribe({config=0+,monmap=0+}) v3 -- 0x7fe160009550 con 0x7fe16c107920
2024-03-11T19:09:31.036 INFO:teuthology.orchestra.run.smithi042.stdout:/usr/bin/ceph: stderr
2024-03-11T19:09:29.427+0000 7fe17082b700 1 --2- 172.21.15.42:0/743809726 >> [v2:172.21.15.42:3300/0,v1:172.21.15.42:6789/0] conn(0x7fe16c107920 0x7fe16c07ca40 secure :-1 s=READY pgs=54 cs=0 l=1 rev1=1 crypto rx=0x7fe1600118e0 tx=0x7fe160011ca0 comp rx=0 tx=0).ready entity=mon.0 client_cookie=0 server_cookie=0 in_seq=0 out_seq=0
2024-03-11T19:09:31.036 INFO:teuthology.orchestra.run.smithi042.stdout:/usr/bin/ceph: stderr
2024-03-11T19:09:29.427+0000 7fe169ffb700 1 -- 172.21.15.42:0/743809726 <== mon.0 v2:172.21.15.42:3300/0 1 ==== mon_map magic: 0 v1 ==== 205+0+0 (secure 0 0 0) 0x7fe160011ea0 con 0x7fe16c107920
2024-03-11T19:09:31.036 INFO:teuthology.orchestra.run.smithi042.stdout:/usr/bin/ceph: stderr
2024-03-11T19:09:29.427+0000 7fe169ffb700 1 -- 172.21.15.42:0/743809726 <== mon.0 v2:172.21.15.42:3300/0 2 ==== config(29 keys) v1 ==== 1209+0+0 (secure 0 0 0) 0x7fe16001a430 con 0x7fe16c107920
2024-03-11T19:09:31.036 INFO:teuthology.orchestra.run.smithi042.stdout:/usr/bin/ceph: stderr
2024-03-11T19:09:29.427+0000 7fe169ffb700 1 -- 172.21.15.42:0/743809726 <== mon.0 v2:172.21.15.42:3300/0 3 ==== mon_map magic: 0 v1 ==== 205+0+0 (secure 0 0 0) 0x7fe160024580 con 0x7fe16c107920
2024-03-11T19:09:31.036 INFO:teuthology.orchestra.run.smithi042.stdout:/usr/bin/ceph: stderr
2024-03-11T19:09:29.427+0000 7fe172a8f700 1 -- 172.21.15.42:0/743809726 --> [v2:172.21.15.42:3300/0,v1:172.21.15.42:6789/0] -- mon_subscribe({mgrmap=0+}) v3 -- 0x7fe16c07b170 con 0x7fe16c107920
2024-03-11T19:09:31.036 INFO:teuthology.orchestra.run.smithi042.stdout:/usr/bin/ceph: stderr
2024-03-11T19:09:29.427+0000 7fe172a8f700 1 -- 172.21.15.42:0/743809726 --> [v2:172.21.15.42:3300/0,v1:172.21.15.42:6789/0] -- mon_subscribe({osdmap=0}) v3 -- 0x7fe16c07b550 con 0x7fe16c107920
2024-03-11T19:09:31.037 INFO:teuthology.orchestra.run.smithi042.stdout:/usr/bin/ceph: stderr
2024-03-11T19:09:29.428+0000 7fe169ffb700 1 -- 172.21.15.42:0/743809726 <== mon.0 v2:172.21.15.42:3300/0 4 ==== mgrmap(e 8) v1 ==== 45769+0+0 (secure 0 0 0) 0x7fe16002d3f0 con 0x7fe16c107920
2024-03-11T19:09:31.037 INFO:teuthology.orchestra.run.smithi042.stdout:/usr/bin/ceph: stderr
2024-03-11T19:09:29.428+0000 7fe169ffb700 1 --2- 172.21.15.42:0/743809726 >> [v2:172.21.15.42:6800/316601979,v1:172.21.15.42:6801/316601979] conn(0x7fe15c038d10 0x7fe15c03b1d0 unknown :-1 s=NONE pgs=0 cs=0 l=1 rev1=0 crypto rx=0 tx=0 comp rx=0 tx=0).connect
2024-03-11T19:09:31.037 INFO:teuthology.orchestra.run.smithi042.stdout:/usr/bin/ceph: stderr
2024-03-11T19:09:29.428+0000 7fe169ffb700 1 -- 172.21.15.42:0/743809726 <== mon.0 v2:172.21.15.42:3300/0 5 ==== osd_map(2..2 src has 1..2) v4 ==== 940+0+0 (secure 0 0 0) 0x7fe16004c8b0 con 0x7fe16c107920
2024-03-11T19:09:31.037 INFO:teuthology.orchestra.run.smithi042.stdout:/usr/bin/ceph: stderr
2024-03-11T19:09:29.428+0000 7fe16bfff700 1 --2- 172.21.15.42:0/743809726 >> [v2:172.21.15.42:6800/316601979,v1:172.21.15.42:6801/316601979] conn(0x7fe15c038d10 0x7fe15c03b1d0 unknown :-1 s=BANNER_CONNECTING pgs=0 cs=0 l=1 rev1=0 crypto rx=0 tx=0 comp rx=0 tx=0)._handle_peer_banner_payload supported=3 required=0
2024-03-11T19:09:31.037 INFO:teuthology.orchestra.run.smithi042.stdout:/usr/bin/ceph: stderr
2024-03-11T19:09:29.429+0000 7fe172a8f700 1 -- 172.21.15.42:0/743809726 --> [v2:172.21.15.42:3300/0,v1:172.21.15.42:6789/0] -- mon_command({"prefix": "get_command_descriptions"} v 0) v1 -- 0x7fe16c0632a0 con 0x7fe16c107920
2024-03-11T19:09:31.037 INFO:teuthology.orchestra.run.smithi042.stdout:/usr/bin/ceph: stderr
2024-03-11T19:09:29.429+0000 7fe16bfff700 1 --2- 172.21.15.42:0/743809726 >> [v2:172.21.15.42:6800/316601979,v1:172.21.15.42:6801/316601979] conn(0x7fe15c038d10 0x7fe15c03b1d0 secure :-1 s=READY pgs=15 cs=0 l=1 rev1=1 crypto rx=0x7fe158006fd0 tx=0x7fe158006e40 comp rx=0 tx=0).ready entity=mgr.14120 client_cookie=0 server_cookie=0 in_seq=0 out_seq=0
2024-03-11T19:09:31.037 INFO:teuthology.orchestra.run.smithi042.stdout:/usr/bin/ceph: stderr
2024-03-11T19:09:29.434+0000 7fe169ffb700 1 -- 172.21.15.42:0/743809726 <== mon.0 v2:172.21.15.42:3300/0 6 ==== mon_command_ack([{"prefix": "get_command_descriptions"}]=0 v0) v1 ==== 72+0+183564 (secure 0 0 0) 0x7fe16002d6f0 con 0x7fe16c107920
2024-03-11T19:09:31.037 INFO:teuthology.orchestra.run.smithi042.stdout:/usr/bin/ceph: stderr
2024-03-11T19:09:29.642+0000 7fe172a8f700 1 -- 172.21.15.42:0/743809726 --> [v2:172.21.15.42:3300/0,v1:172.21.15.42:6789/0] -- mon_command([{prefix=config set, name=mgr/dashboard/ssl_server_port}] v 0) v1 -- 0x7fe16c07b960 con 0x7fe16c107920
2024-03-11T19:09:31.037 INFO:teuthology.orchestra.run.smithi042.stdout:/usr/bin/ceph: stderr
2024-03-11T19:09:29.645+0000 7fe169ffb700 1 -- 172.21.15.42:0/743809726 <== mon.0 v2:172.21.15.42:3300/0 7 ==== mon_command_ack([{prefix=config set, name=mgr/dashboard/ssl_server_port}]=0 v8)=0 v8) v1 ==== 130+0+0 (secure 0 0 0) 0x7fe160010380 con 0x7fe16c107920
2024-03-11T19:09:31.037 INFO:teuthology.orchestra.run.smithi042.stdout:/usr/bin/ceph: stderr
2024-03-11T19:09:29.647+0000 7fe172a8f700 1 -- 172.21.15.42:0/743809726 >> [v2:172.21.15.42:6800/316601979,v1:172.21.15.42:6801/316601979] conn(0x7fe15c038d10 msgr2=0x7fe15c03b1d0 secure :-1 s=STATE_CONNECTION_ESTABLISHED l=1).mark_down
2024-03-11T19:09:31.037 INFO:teuthology.orchestra.run.smithi042.stdout:/usr/bin/ceph: stderr
2024-03-11T19:09:29.647+0000 7fe172a8f700 1 --2- 172.21.15.42:0/743809726 >> [v2:172.21.15.42:6800/316601979,v1:172.21.15.42:6801/316601979] conn(0x7fe15c038d10 0x7fe15c03b1d0 secure :-1 s=READY pgs=15 cs=0 l=1 rev1=1 crypto rx=0x7fe158006fd0 tx=0x7fe158006e40 comp rx=0 tx=0).stop
2024-03-11T19:09:31.037 INFO:teuthology.orchestra.run.smithi042.stdout:/usr/bin/ceph: stderr
2024-03-11T19:09:29.647+0000 7fe172a8f700 1 -- 172.21.15.42:0/743809726 >> [v2:172.21.15.42:3300/0,v1:172.21.15.42:6789/0] conn(0x7fe16c107920 msgr2=0x7fe16c07ca40 secure :-1 s=STATE_CONNECTION_ESTABLISHED l=1).mark_down
2024-03-11T19:09:31.037 INFO:teuthology.orchestra.run.smithi042.stdout:/usr/bin/ceph: stderr
2024-03-11T19:09:29.647+0000 7fe172a8f700 1 --2- 172.21.15.42:0/743809726 >> [v2:172.21.15.42:3300/0,v1:172.21.15.42:6789/0] conn(0x7fe16c107920 0x7fe16c07ca40 secure :-1 s=READY pgs=54 cs=0 l=1 rev1=1 crypto rx=0x7fe1600118e0 tx=0x7fe160011ca0 comp rx=0 tx=0).stop
2024-03-11T19:09:31.037 INFO:teuthology.orchestra.run.smithi042.stdout:/usr/bin/ceph: stderr
2024-03-11T19:09:29.647+0000 7fe172a8f700 1 -- 172.21.15.42:0/743809726 shutdown_connections
2024-03-11T19:09:31.038 INFO:teuthology.orchestra.run.smithi042.stdout:/usr/bin/ceph: stderr
2024-03-11T19:09:29.647+0000 7fe172a8f700 1 --2- 172.21.15.42:0/743809726 >> [v2:172.21.15.42:6800/316601979,v1:172.21.15.42:6801/316601979] conn(0x7fe15c038d10 0x7fe15c03b1d0 unknown :-1 s=CLOSED pgs=15 cs=0 l=1 rev1=1 crypto rx=0 tx=0 comp rx=0 tx=0).stop
2024-03-11T19:09:31.038 INFO:teuthology.orchestra.run.smithi042.stdout:/usr/bin/ceph: stderr
2024-03-11T19:09:29.647+0000 7fe172a8f700 1 --2- 172.21.15.42:0/743809726 >> [v2:172.21.15.42:3300/0,v1:172.21.15.42:6789/0] conn(0x7fe16c107920 0x7fe16c07ca40 unknown :-1 s=CLOSED pgs=54 cs=0 l=1 rev1=1 crypto rx=0 tx=0 comp rx=0 tx=0).stop
2024-03-11T19:09:31.038 INFO:teuthology.orchestra.run.smithi042.stdout:/usr/bin/ceph: stderr
2024-03-11T19:09:29.647+0000 7fe172a8f700 1 -- 172.21.15.42:0/743809726 >> 172.21.15.42:0/743809726 conn(0x7fe16c102f20 msgr2=0x7fe16c103a30 unknown :-1 s=STATE_NONE l=0).mark_down
2024-03-11T19:09:31.038 INFO:teuthology.orchestra.run.smithi042.stdout:/usr/bin/ceph: stderr
2024-03-11T19:09:29.647+0000 7fe172a8f700 1 -- 172.21.15.42:0/743809726 shutdown_connections
2024-03-11T19:09:31.038 INFO:teuthology.orchestra.run.smithi042.stdout:/usr/bin/ceph: stderr
2024-03-11T19:09:29.647+0000 7fe172a8f700 1 -- 172.21.15.42:0/743809726 wait complete.
2024-03-11T19:09:31.038 INFO:teuthology.orchestra.run.smithi042.stdout:Enabling the dashboard module...
2024-03-11T19:09:32.423 INFO:journalctl@ceph.mon.a.smithi042.stdout:Mar 11 19:09:32 smithi042 ceph-mon[32312]: pgmap v3: 0 pgs: ; 0 B data, 0 B used, 0 B / 0 B avail
2024-03-11T19:09:32.424 INFO:journalctl@ceph.mon.a.smithi042.stdout:Mar 11 19:09:32 smithi042 ceph-mon[32312]: from='client.? 172.21.15.42:0/3817188918' entity='client.admin' cmd=[{"prefix": "mgr module enable", "module": "dashboard"}]: dispatch
2024-03-11T19:09:32.424 INFO:journalctl@ceph.mgr.x.smithi042.stdout:Mar 11 19:09:32 smithi042 ceph-9fcd5024-dfda-11ee-95c8-87774f69a715-mgr-x[32544]: ignoring --setuser ceph since I am not root
2024-03-11T19:09:32.424 INFO:journalctl@ceph.mgr.x.smithi042.stdout:Mar 11 19:09:32 smithi042 ceph-9fcd5024-dfda-11ee-95c8-87774f69a715-mgr-x[32544]: ignoring --setgroup ceph since I am not root
2024-03-11T19:09:32.709 INFO:teuthology.orchestra.run.smithi042.stdout:/usr/bin/ceph: stderr
2024-03-11T19:09:31.521+0000 7f2242f8d700 1 Processor -- start
2024-03-11T19:09:32.709 INFO:teuthology.orchestra.run.smithi042.stdout:/usr/bin/ceph: stderr
2024-03-11T19:09:31.521+0000 7f2242f8d700 1 -- start start
2024-03-11T19:09:32.709 INFO:teuthology.orchestra.run.smithi042.stdout:/usr/bin/ceph: stderr
2024-03-11T19:09:31.521+0000 7f2242f8d700 1 --2- >> [v2:172.21.15.42:3300/0,v1:172.21.15.42:6789/0] conn(0x7f223c106820 0x7f223c106c40 unknown :-1 s=NONE pgs=0 cs=0 l=0 rev1=0 crypto rx=0 tx=0 comp rx=0 tx=0).connect
2024-03-11T19:09:32.709 INFO:teuthology.orchestra.run.smithi042.stdout:/usr/bin/ceph: stderr
2024-03-11T19:09:31.521+0000 7f2242f8d700 1 -- --> [v2:172.21.15.42:3300/0,v1:172.21.15.42:6789/0] -- mon_getmap magic: 0 v1 -- 0x7f223c107210 con 0x7f223c106820
2024-03-11T19:09:32.709 INFO:teuthology.orchestra.run.smithi042.stdout:/usr/bin/ceph: stderr
2024-03-11T19:09:31.521+0000 7f2240d29700 1 --2- >> [v2:172.21.15.42:3300/0,v1:172.21.15.42:6789/0] conn(0x7f223c106820 0x7f223c106c40 unknown :-1 s=BANNER_CONNECTING pgs=0 cs=0 l=0 rev1=0 crypto rx=0 tx=0 comp rx=0 tx=0)._handle_peer_banner_payload supported=3 required=0
2024-03-11T19:09:32.709 INFO:teuthology.orchestra.run.smithi042.stdout:/usr/bin/ceph: stderr
2024-03-11T19:09:31.521+0000 7f2240d29700 1 --2- >> [v2:172.21.15.42:3300/0,v1:172.21.15.42:6789/0] conn(0x7f223c106820 0x7f223c106c40 unknown :-1 s=HELLO_CONNECTING pgs=0 cs=0 l=0 rev1=1 crypto rx=0 tx=0 comp rx=0 tx=0).handle_hello peer v2:172.21.15.42:3300/0 says I am v2:172.21.15.42:36296/0 (socket says 172.21.15.42:36296)
2024-03-11T19:09:32.709 INFO:teuthology.orchestra.run.smithi042.stdout:/usr/bin/ceph: stderr
2024-03-11T19:09:31.521+0000 7f2240d29700 1 -- 172.21.15.42:0/542535245 learned_addr learned my addr 172.21.15.42:0/542535245 (peer_addr_for_me v2:172.21.15.42:0/0)
2024-03-11T19:09:32.710 INFO:teuthology.orchestra.run.smithi042.stdout:/usr/bin/ceph: stderr
2024-03-11T19:09:31.522+0000 7f2240d29700 1 -- 172.21.15.42:0/542535245 --> [v2:172.21.15.42:3300/0,v1:172.21.15.42:6789/0] -- mon_subscribe({config=0+,monmap=0+}) v3 -- 0x7f223c107a20 con 0x7f223c106820
2024-03-11T19:09:32.710 INFO:teuthology.orchestra.run.smithi042.stdout:/usr/bin/ceph: stderr
2024-03-11T19:09:31.522+0000 7f2240d29700 1 --2- 172.21.15.42:0/542535245 >> [v2:172.21.15.42:3300/0,v1:172.21.15.42:6789/0] conn(0x7f223c106820 0x7f223c106c40 secure :-1 s=READY pgs=55 cs=0 l=1 rev1=1 crypto rx=0x7f223000bb40 tx=0x7f223000be50 comp rx=0 tx=0).ready entity=mon.0 client_cookie=78d1572b8c20393f server_cookie=0 in_seq=0 out_seq=0
2024-03-11T19:09:32.710 INFO:teuthology.orchestra.run.smithi042.stdout:/usr/bin/ceph: stderr
2024-03-11T19:09:31.522+0000 7f223b7fe700 1 -- 172.21.15.42:0/542535245 <== mon.0 v2:172.21.15.42:3300/0 1 ==== mon_map magic: 0 v1 ==== 205+0+0 (secure 0 0 0) 0x7f223000dbe0 con 0x7f223c106820
2024-03-11T19:09:32.710 INFO:teuthology.orchestra.run.smithi042.stdout:/usr/bin/ceph: stderr
2024-03-11T19:09:31.522+0000 7f223b7fe700 1 -- 172.21.15.42:0/542535245 <== mon.0 v2:172.21.15.42:3300/0 2 ==== config(29 keys) v1 ==== 1209+0+0 (secure 0 0 0) 0x7f2230004550 con 0x7f223c106820
2024-03-11T19:09:32.710 INFO:teuthology.orchestra.run.smithi042.stdout:/usr/bin/ceph: stderr
2024-03-11T19:09:31.522+0000 7f223b7fe700 1 -- 172.21.15.42:0/542535245 <== mon.0 v2:172.21.15.42:3300/0 3 ==== mon_map magic: 0 v1 ==== 205+0+0 (secure 0 0 0) 0x7f2230010600 con 0x7f223c106820
2024-03-11T19:09:32.710 INFO:teuthology.orchestra.run.smithi042.stdout:/usr/bin/ceph: stderr
2024-03-11T19:09:31.522+0000 7f2242f8d700 1 -- 172.21.15.42:0/542535245 >> [v2:172.21.15.42:3300/0,v1:172.21.15.42:6789/0] conn(0x7f223c106820 msgr2=0x7f223c106c40 secure :-1 s=STATE_CONNECTION_ESTABLISHED l=1).mark_down
2024-03-11T19:09:32.710 INFO:teuthology.orchestra.run.smithi042.stdout:/usr/bin/ceph: stderr
2024-03-11T19:09:31.522+0000 7f2242f8d700 1 --2- 172.21.15.42:0/542535245 >> [v2:172.21.15.42:3300/0,v1:172.21.15.42:6789/0] conn(0x7f223c106820 0x7f223c106c40 secure :-1 s=READY pgs=55 cs=0 l=1 rev1=1 crypto rx=0x7f223000bb40 tx=0x7f223000be50 comp rx=0 tx=0).stop
2024-03-11T19:09:32.710 INFO:teuthology.orchestra.run.smithi042.stdout:/usr/bin/ceph: stderr
2024-03-11T19:09:31.523+0000 7f2242f8d700 1 -- 172.21.15.42:0/542535245 shutdown_connections
2024-03-11T19:09:32.710 INFO:teuthology.orchestra.run.smithi042.stdout:/usr/bin/ceph: stderr
2024-03-11T19:09:31.523+0000 7f2242f8d700 1 --2- 172.21.15.42:0/542535245 >> [v2:172.21.15.42:3300/0,v1:172.21.15.42:6789/0] conn(0x7f223c106820 0x7f223c106c40 unknown :-1 s=CLOSED pgs=55 cs=0 l=1 rev1=1 crypto rx=0 tx=0 comp rx=0 tx=0).stop
2024-03-11T19:09:32.710 INFO:teuthology.orchestra.run.smithi042.stdout:/usr/bin/ceph: stderr
2024-03-11T19:09:31.523+0000 7f2242f8d700 1 -- 172.21.15.42:0/542535245 >> 172.21.15.42:0/542535245 conn(0x7f223c101ec0 msgr2=0x7f223c1042e0 unknown :-1 s=STATE_NONE l=0).mark_down
2024-03-11T19:09:32.710 INFO:teuthology.orchestra.run.smithi042.stdout:/usr/bin/ceph: stderr
2024-03-11T19:09:31.523+0000 7f2242f8d700 1 -- 172.21.15.42:0/542535245 shutdown_connections
2024-03-11T19:09:32.710 INFO:teuthology.orchestra.run.smithi042.stdout:/usr/bin/ceph: stderr
2024-03-11T19:09:31.523+0000 7f2242f8d700 1 -- 172.21.15.42:0/542535245 wait complete.
2024-03-11T19:09:32.711 INFO:teuthology.orchestra.run.smithi042.stdout:/usr/bin/ceph: stderr
2024-03-11T19:09:31.523+0000 7f2242f8d700 1 Processor -- start
2024-03-11T19:09:32.711 INFO:teuthology.orchestra.run.smithi042.stdout:/usr/bin/ceph: stderr
2024-03-11T19:09:31.523+0000 7f2242f8d700 1 -- start start
2024-03-11T19:09:32.711 INFO:teuthology.orchestra.run.smithi042.stdout:/usr/bin/ceph: stderr
2024-03-11T19:09:31.523+0000 7f2242f8d700 1 --2- >> [v2:172.21.15.42:3300/0,v1:172.21.15.42:6789/0] conn(0x7f223c106820 0x7f223c19da20 unknown :-1 s=NONE pgs=0 cs=0 l=1 rev1=0 crypto rx=0 tx=0 comp rx=0 tx=0).connect
2024-03-11T19:09:32.711 INFO:teuthology.orchestra.run.smithi042.stdout:/usr/bin/ceph: stderr
2024-03-11T19:09:31.523+0000 7f2242f8d700 1 -- --> [v2:172.21.15.42:3300/0,v1:172.21.15.42:6789/0] -- mon_getmap magic: 0 v1 -- 0x7f223c19df60 con 0x7f223c106820
2024-03-11T19:09:32.711 INFO:teuthology.orchestra.run.smithi042.stdout:/usr/bin/ceph: stderr
2024-03-11T19:09:31.524+0000 7f2240d29700 1 --2- >> [v2:172.21.15.42:3300/0,v1:172.21.15.42:6789/0] conn(0x7f223c106820 0x7f223c19da20 unknown :-1 s=BANNER_CONNECTING pgs=0 cs=0 l=1 rev1=0 crypto rx=0 tx=0 comp rx=0 tx=0)._handle_peer_banner_payload supported=3 required=0
2024-03-11T19:09:32.711 INFO:teuthology.orchestra.run.smithi042.stdout:/usr/bin/ceph: stderr
2024-03-11T19:09:31.524+0000 7f2240d29700 1 --2- >> [v2:172.21.15.42:3300/0,v1:172.21.15.42:6789/0] conn(0x7f223c106820 0x7f223c19da20 unknown :-1 s=HELLO_CONNECTING pgs=0 cs=0 l=1 rev1=1 crypto rx=0 tx=0 comp rx=0 tx=0).handle_hello peer v2:172.21.15.42:3300/0 says I am v2:172.21.15.42:36308/0 (socket says 172.21.15.42:36308)
2024-03-11T19:09:32.711 INFO:teuthology.orchestra.run.smithi042.stdout:/usr/bin/ceph: stderr
2024-03-11T19:09:31.524+0000 7f2240d29700 1 -- 172.21.15.42:0/3817188918 learned_addr learned my addr 172.21.15.42:0/3817188918 (peer_addr_for_me v2:172.21.15.42:0/0)
2024-03-11T19:09:32.711 INFO:teuthology.orchestra.run.smithi042.stdout:/usr/bin/ceph: stderr
2024-03-11T19:09:31.524+0000 7f2240d29700 1 -- 172.21.15.42:0/3817188918 --> [v2:172.21.15.42:3300/0,v1:172.21.15.42:6789/0] -- mon_subscribe({config=0+,monmap=0+}) v3 -- 0x7f223000b7f0 con 0x7f223c106820
2024-03-11T19:09:32.711 INFO:teuthology.orchestra.run.smithi042.stdout:/usr/bin/ceph: stderr
2024-03-11T19:09:31.524+0000 7f2240d29700 1 --2- 172.21.15.42:0/3817188918 >> [v2:172.21.15.42:3300/0,v1:172.21.15.42:6789/0] conn(0x7f223c106820 0x7f223c19da20 secure :-1 s=READY pgs=56 cs=0 l=1 rev1=1 crypto rx=0x7f22300046e0 tx=0x7f22300041e0 comp rx=0 tx=0).ready entity=mon.0 client_cookie=0 server_cookie=0 in_seq=0 out_seq=0
2024-03-11T19:09:32.711 INFO:teuthology.orchestra.run.smithi042.stdout:/usr/bin/ceph: stderr
2024-03-11T19:09:31.524+0000 7f2239ffb700 1 -- 172.21.15.42:0/3817188918 <== mon.0 v2:172.21.15.42:3300/0 1 ==== mon_map magic: 0 v1 ==== 205+0+0 (secure 0 0 0) 0x7f2230010680 con 0x7f223c106820
2024-03-11T19:09:32.711 INFO:teuthology.orchestra.run.smithi042.stdout:/usr/bin/ceph: stderr
2024-03-11T19:09:31.524+0000 7f2239ffb700 1 -- 172.21.15.42:0/3817188918 <== mon.0 v2:172.21.15.42:3300/0 2 ==== config(29 keys) v1 ==== 1209+0+0 (secure 0 0 0) 0x7f2230010d00 con 0x7f223c106820
2024-03-11T19:09:32.711 INFO:teuthology.orchestra.run.smithi042.stdout:/usr/bin/ceph: stderr
2024-03-11T19:09:31.524+0000 7f2242f8d700 1 -- 172.21.15.42:0/3817188918 --> [v2:172.21.15.42:3300/0,v1:172.21.15.42:6789/0] -- mon_subscribe({mgrmap=0+}) v3 -- 0x7f223c19e160 con 0x7f223c106820
2024-03-11T19:09:32.711 INFO:teuthology.orchestra.run.smithi042.stdout:/usr/bin/ceph: stderr
2024-03-11T19:09:31.524+0000 7f2239ffb700 1 -- 172.21.15.42:0/3817188918 <== mon.0 v2:172.21.15.42:3300/0 3 ==== mon_map magic: 0 v1 ==== 205+0+0 (secure 0 0 0) 0x7f2230021df0 con 0x7f223c106820
2024-03-11T19:09:32.711 INFO:teuthology.orchestra.run.smithi042.stdout:/usr/bin/ceph: stderr
2024-03-11T19:09:31.524+0000 7f2242f8d700 1 -- 172.21.15.42:0/3817188918 --> [v2:172.21.15.42:3300/0,v1:172.21.15.42:6789/0] -- mon_subscribe({osdmap=0}) v3 -- 0x7f223c19e5a0 con 0x7f223c106820
2024-03-11T19:09:32.712 INFO:teuthology.orchestra.run.smithi042.stdout:/usr/bin/ceph: stderr
2024-03-11T19:09:31.525+0000 7f2239ffb700 1 -- 172.21.15.42:0/3817188918 <== mon.0 v2:172.21.15.42:3300/0 4 ==== mgrmap(e 8) v1 ==== 45769+0+0 (secure 0 0 0) 0x7f22300193f0 con 0x7f223c106820
2024-03-11T19:09:32.712 INFO:teuthology.orchestra.run.smithi042.stdout:/usr/bin/ceph: stderr
2024-03-11T19:09:31.525+0000 7f2239ffb700 1 --2- 172.21.15.42:0/3817188918 >> [v2:172.21.15.42:6800/316601979,v1:172.21.15.42:6801/316601979] conn(0x7f222c038cb0 0x7f222c03b170 unknown :-1 s=NONE pgs=0 cs=0 l=1 rev1=0 crypto rx=0 tx=0 comp rx=0 tx=0).connect
2024-03-11T19:09:32.712 INFO:teuthology.orchestra.run.smithi042.stdout:/usr/bin/ceph: stderr
2024-03-11T19:09:31.525+0000 7f2239ffb700 1 -- 172.21.15.42:0/3817188918 <== mon.0 v2:172.21.15.42:3300/0 5 ==== osd_map(2..2 src has 1..2) v4 ==== 940+0+0 (secure 0 0 0) 0x7f223004d070 con 0x7f223c106820
2024-03-11T19:09:32.712 INFO:teuthology.orchestra.run.smithi042.stdout:/usr/bin/ceph: stderr
2024-03-11T19:09:31.525+0000 7f2242f8d700 1 -- 172.21.15.42:0/3817188918 --> [v2:172.21.15.42:3300/0,v1:172.21.15.42:6789/0] -- mon_command({"prefix": "get_command_descriptions"} v 0) v1 -- 0x7f223c0746f0 con 0x7f223c106820
2024-03-11T19:09:32.712 INFO:teuthology.orchestra.run.smithi042.stdout:/usr/bin/ceph: stderr
2024-03-11T19:09:31.526+0000 7f223bfff700 1 --2- 172.21.15.42:0/3817188918 >> [v2:172.21.15.42:6800/316601979,v1:172.21.15.42:6801/316601979] conn(0x7f222c038cb0 0x7f222c03b170 unknown :-1 s=BANNER_CONNECTING pgs=0 cs=0 l=1 rev1=0 crypto rx=0 tx=0 comp rx=0 tx=0)._handle_peer_banner_payload supported=3 required=0
2024-03-11T19:09:32.712 INFO:teuthology.orchestra.run.smithi042.stdout:/usr/bin/ceph: stderr
2024-03-11T19:09:31.526+0000 7f223bfff700 1 --2- 172.21.15.42:0/3817188918 >> [v2:172.21.15.42:6800/316601979,v1:172.21.15.42:6801/316601979] conn(0x7f222c038cb0 0x7f222c03b170 secure :-1 s=READY pgs=16 cs=0 l=1 rev1=1 crypto rx=0x7f2228006fd0 tx=0x7f2228006e40 comp rx=0 tx=0).ready entity=mgr.14120 client_cookie=0 server_cookie=0 in_seq=0 out_seq=0
2024-03-11T19:09:32.712 INFO:teuthology.orchestra.run.smithi042.stdout:/usr/bin/ceph: stderr
2024-03-11T19:09:31.531+0000 7f2239ffb700 1 -- 172.21.15.42:0/3817188918 <== mon.0 v2:172.21.15.42:3300/0 6 ==== mon_command_ack([{"prefix": "get_command_descriptions"}]=0 v0) v1 ==== 72+0+183564 (secure 0 0 0) 0x7f223000e950 con 0x7f223c106820
2024-03-11T19:09:32.712 INFO:teuthology.orchestra.run.smithi042.stdout:/usr/bin/ceph: stderr
2024-03-11T19:09:31.793+0000 7f2242f8d700 1 -- 172.21.15.42:0/3817188918 --> [v2:172.21.15.42:3300/0,v1:172.21.15.42:6789/0] -- mon_command({"prefix": "mgr module enable", "module": "dashboard"} v 0) v1 -- 0x7f223c192ce0 con 0x7f223c106820
2024-03-11T19:09:32.713 INFO:teuthology.orchestra.run.smithi042.stdout:/usr/bin/ceph: stderr
2024-03-11T19:09:32.104+0000 7f2239ffb700 1 -- 172.21.15.42:0/3817188918 <== mon.0 v2:172.21.15.42:3300/0 7 ==== mon_command_ack([{"prefix": "mgr module enable", "module": "dashboard"}]=0 v9) v1 ==== 88+0+0 (secure 0 0 0) 0x7f2230032070 con 0x7f223c106820
2024-03-11T19:09:32.713 INFO:teuthology.orchestra.run.smithi042.stdout:/usr/bin/ceph: stderr
2024-03-11T19:09:32.106+0000 7f2239ffb700 1 -- 172.21.15.42:0/3817188918 <== mon.0 v2:172.21.15.42:3300/0 8 ==== mgrmap(e 9) v1 ==== 45782+0+0 (secure 0 0 0) 0x7f2230017da0 con 0x7f223c106820
2024-03-11T19:09:32.713 INFO:teuthology.orchestra.run.smithi042.stdout:/usr/bin/ceph: stderr
2024-03-11T19:09:32.108+0000 7f2242f8d700 1 -- 172.21.15.42:0/3817188918 >> [v2:172.21.15.42:6800/316601979,v1:172.21.15.42:6801/316601979] conn(0x7f222c038cb0 msgr2=0x7f222c03b170 secure :-1 s=STATE_CONNECTION_ESTABLISHED l=1).mark_down
2024-03-11T19:09:32.713 INFO:teuthology.orchestra.run.smithi042.stdout:/usr/bin/ceph: stderr
2024-03-11T19:09:32.108+0000 7f2242f8d700 1 --2- 172.21.15.42:0/3817188918 >> [v2:172.21.15.42:6800/316601979,v1:172.21.15.42:6801/316601979] conn(0x7f222c038cb0 0x7f222c03b170 secure :-1 s=READY pgs=16 cs=0 l=1 rev1=1 crypto rx=0x7f2228006fd0 tx=0x7f2228006e40 comp rx=0 tx=0).stop
2024-03-11T19:09:32.713 INFO:teuthology.orchestra.run.smithi042.stdout:/usr/bin/ceph: stderr
2024-03-11T19:09:32.108+0000 7f2242f8d700 1 -- 172.21.15.42:0/3817188918 >> [v2:172.21.15.42:3300/0,v1:172.21.15.42:6789/0] conn(0x7f223c106820 msgr2=0x7f223c19da20 secure :-1 s=STATE_CONNECTION_ESTABLISHED l=1).mark_down
2024-03-11T19:09:32.713 INFO:teuthology.orchestra.run.smithi042.stdout:/usr/bin/ceph: stderr
2024-03-11T19:09:32.108+0000 7f2242f8d700 1 --2- 172.21.15.42:0/3817188918 >> [v2:172.21.15.42:3300/0,v1:172.21.15.42:6789/0] conn(0x7f223c106820 0x7f223c19da20 secure :-1 s=READY pgs=56 cs=0 l=1 rev1=1 crypto rx=0x7f22300046e0 tx=0x7f22300041e0 comp rx=0 tx=0).stop
2024-03-11T19:09:32.713 INFO:teuthology.orchestra.run.smithi042.stdout:/usr/bin/ceph: stderr
2024-03-11T19:09:32.108+0000 7f2242f8d700 1 -- 172.21.15.42:0/3817188918 shutdown_connections
2024-03-11T19:09:32.713 INFO:teuthology.orchestra.run.smithi042.stdout:/usr/bin/ceph: stderr
2024-03-11T19:09:32.108+0000 7f2242f8d700 1 --2- 172.21.15.42:0/3817188918 >> [v2:172.21.15.42:6800/316601979,v1:172.21.15.42:6801/316601979] conn(0x7f222c038cb0 0x7f222c03b170 unknown :-1 s=CLOSED pgs=16 cs=0 l=1 rev1=1 crypto rx=0 tx=0 comp rx=0 tx=0).stop
2024-03-11T19:09:32.713 INFO:teuthology.orchestra.run.smithi042.stdout:/usr/bin/ceph: stderr
2024-03-11T19:09:32.108+0000 7f2242f8d700 1 --2- 172.21.15.42:0/3817188918 >> [v2:172.21.15.42:3300/0,v1:172.21.15.42:6789/0] conn(0x7f223c106820 0x7f223c19da20 unknown :-1 s=CLOSED pgs=56 cs=0 l=1 rev1=1 crypto rx=0 tx=0 comp rx=0 tx=0).stop
2024-03-11T19:09:32.713 INFO:teuthology.orchestra.run.smithi042.stdout:/usr/bin/ceph: stderr
2024-03-11T19:09:32.108+0000 7f2242f8d700 1 -- 172.21.15.42:0/3817188918 >> 172.21.15.42:0/3817188918 conn(0x7f223c101ec0 msgr2=0x7f223c18fda0 unknown :-1 s=STATE_NONE l=0).mark_down
2024-03-11T19:09:32.713 INFO:teuthology.orchestra.run.smithi042.stdout:/usr/bin/ceph: stderr
2024-03-11T19:09:32.108+0000 7f2242f8d700 1 -- 172.21.15.42:0/3817188918 shutdown_connections
2024-03-11T19:09:32.713 INFO:teuthology.orchestra.run.smithi042.stdout:/usr/bin/ceph: stderr
2024-03-11T19:09:32.108+0000 7f2242f8d700 1 -- 172.21.15.42:0/3817188918 wait complete.
2024-03-11T19:09:32.939 INFO:journalctl@ceph.mgr.x.smithi042.stdout:Mar 11 19:09:32 smithi042 ceph-9fcd5024-dfda-11ee-95c8-87774f69a715-mgr-x[32544]:
2024-03-11T19:09:32.685+0000 7f5b07728200 -1 mgr[py] Module osd_perf_query has missing NOTIFY_TYPES member
2024-03-11T19:09:32.939 INFO:journalctl@ceph.mgr.x.smithi042.stdout:Mar 11 19:09:32 smithi042 ceph-9fcd5024-dfda-11ee-95c8-87774f69a715-mgr-x[32544]:
2024-03-11T19:09:32.786+0000 7f5b07728200 -1 mgr[py] Module snap_schedule has missing NOTIFY_TYPES member
2024-03-11T19:09:33.241 INFO:journalctl@ceph.mon.a.smithi042.stdout:Mar 11 19:09:33 smithi042 ceph-mon[32312]: from='client.? 172.21.15.42:0/3817188918' entity='client.admin' cmd='[{"prefix": "mgr module enable", "module": "dashboard"}]': finished
2024-03-11T19:09:33.242 INFO:journalctl@ceph.mon.a.smithi042.stdout:Mar 11 19:09:33 smithi042 ceph-mon[32312]: mgrmap e9: x(active, since 21s)
2024-03-11T19:09:33.705 INFO:journalctl@ceph.mgr.x.smithi042.stdout:Mar 11 19:09:33 smithi042 ceph-9fcd5024-dfda-11ee-95c8-87774f69a715-mgr-x[32544]:
2024-03-11T19:09:33.466+0000 7f5b07728200 -1 mgr[py] Module zabbix has missing NOTIFY_TYPES member
2024-03-11T19:09:33.705 INFO:journalctl@ceph.mgr.x.smithi042.stdout:Mar 11 19:09:33 smithi042 ceph-9fcd5024-dfda-11ee-95c8-87774f69a715-mgr-x[32544]:
2024-03-11T19:09:33.565+0000 7f5b07728200 -1 mgr[py] Module balancer has missing NOTIFY_TYPES member
2024-03-11T19:09:33.991 INFO:journalctl@ceph.mgr.x.smithi042.stdout:Mar 11 19:09:33 smithi042 ceph-9fcd5024-dfda-11ee-95c8-87774f69a715-mgr-x[32544]:
2024-03-11T19:09:33.712+0000 7f5b07728200 -1 mgr[py] Module influx has missing NOTIFY_TYPES member
2024-03-11T19:09:33.992 INFO:journalctl@ceph.mgr.x.smithi042.stdout:Mar 11 19:09:33 smithi042 ceph-9fcd5024-dfda-11ee-95c8-87774f69a715-mgr-x[32544]:
2024-03-11T19:09:33.810+0000 7f5b07728200 -1 mgr[py] Module alerts has missing NOTIFY_TYPES member
2024-03-11T19:09:33.992 INFO:journalctl@ceph.mgr.x.smithi042.stdout:Mar 11 19:09:33 smithi042 ceph-9fcd5024-dfda-11ee-95c8-87774f69a715-mgr-x[32544]:
2024-03-11T19:09:33.896+0000 7f5b07728200 -1 mgr[py] Module iostat has missing NOTIFY_TYPES member
2024-03-11T19:09:34.005 INFO:teuthology.orchestra.run.smithi042.stdout:/usr/bin/ceph: stdout {
2024-03-11T19:09:34.006 INFO:teuthology.orchestra.run.smithi042.stdout:/usr/bin/ceph: stdout "epoch": 9,
2024-03-11T19:09:34.006 INFO:teuthology.orchestra.run.smithi042.stdout:/usr/bin/ceph: stdout "available": true,
2024-03-11T19:09:34.006 INFO:teuthology.orchestra.run.smithi042.stdout:/usr/bin/ceph: stdout "active_name": "x",
2024-03-11T19:09:34.006 INFO:teuthology.orchestra.run.smithi042.stdout:/usr/bin/ceph: stdout "num_standby": 0
2024-03-11T19:09:34.006 INFO:teuthology.orchestra.run.smithi042.stdout:/usr/bin/ceph: stdout }
2024-03-11T19:09:34.006 INFO:teuthology.orchestra.run.smithi042.stdout:/usr/bin/ceph: stderr
2024-03-11T19:09:33.124+0000 7f1482bf6700 1 Processor -- start
2024-03-11T19:09:34.006 INFO:teuthology.orchestra.run.smithi042.stdout:/usr/bin/ceph: stderr
2024-03-11T19:09:33.124+0000 7f1482bf6700 1 -- start start
2024-03-11T19:09:34.006 INFO:teuthology.orchestra.run.smithi042.stdout:/usr/bin/ceph: stderr
2024-03-11T19:09:33.124+0000 7f1482bf6700 1 --2- >> [v2:172.21.15.42:3300/0,v1:172.21.15.42:6789/0] conn(0x7f147c1067f0 0x7f147c106c10 unknown :-1 s=NONE pgs=0 cs=0 l=0 rev1=0 crypto rx=0 tx=0 comp rx=0 tx=0).connect
2024-03-11T19:09:34.006 INFO:teuthology.orchestra.run.smithi042.stdout:/usr/bin/ceph: stderr
2024-03-11T19:09:33.124+0000 7f1482bf6700 1 -- --> [v2:172.21.15.42:3300/0,v1:172.21.15.42:6789/0] -- mon_getmap magic: 0 v1 -- 0x7f147c1071e0 con 0x7f147c1067f0
2024-03-11T19:09:34.006 INFO:teuthology.orchestra.run.smithi042.stdout:/usr/bin/ceph: stderr
2024-03-11T19:09:33.125+0000 7f1480992700 1 --2- >> [v2:172.21.15.42:3300/0,v1:172.21.15.42:6789/0] conn(0x7f147c1067f0 0x7f147c106c10 unknown :-1 s=BANNER_CONNECTING pgs=0 cs=0 l=0 rev1=0 crypto rx=0 tx=0 comp rx=0 tx=0)._handle_peer_banner_payload supported=3 required=0
2024-03-11T19:09:34.006 INFO:teuthology.orchestra.run.smithi042.stdout:/usr/bin/ceph: stderr
2024-03-11T19:09:33.125+0000 7f1480992700 1 --2- >> [v2:172.21.15.42:3300/0,v1:172.21.15.42:6789/0] conn(0x7f147c1067f0 0x7f147c106c10 unknown :-1 s=HELLO_CONNECTING pgs=0 cs=0 l=0 rev1=1 crypto rx=0 tx=0 comp rx=0 tx=0).handle_hello peer v2:172.21.15.42:3300/0 says I am v2:172.21.15.42:36334/0 (socket says 172.21.15.42:36334)
2024-03-11T19:09:34.006 INFO:teuthology.orchestra.run.smithi042.stdout:/usr/bin/ceph: stderr
2024-03-11T19:09:33.125+0000 7f1480992700 1 -- 172.21.15.42:0/384711943 learned_addr learned my addr 172.21.15.42:0/384711943 (peer_addr_for_me v2:172.21.15.42:0/0)
2024-03-11T19:09:34.006 INFO:teuthology.orchestra.run.smithi042.stdout:/usr/bin/ceph: stderr
2024-03-11T19:09:33.125+0000 7f1480992700 1 -- 172.21.15.42:0/384711943 --> [v2:172.21.15.42:3300/0,v1:172.21.15.42:6789/0] -- mon_subscribe({config=0+,monmap=0+}) v3 -- 0x7f147c1079f0 con 0x7f147c1067f0
2024-03-11T19:09:34.006 INFO:teuthology.orchestra.run.smithi042.stdout:/usr/bin/ceph: stderr
2024-03-11T19:09:33.125+0000 7f1480992700 1 --2- 172.21.15.42:0/384711943 >> [v2:172.21.15.42:3300/0,v1:172.21.15.42:6789/0] conn(0x7f147c1067f0 0x7f147c106c10 secure :-1 s=READY pgs=59 cs=0 l=1 rev1=1 crypto rx=0x7f14700098a0 tx=0x7f1470009bb0 comp rx=0 tx=0).ready entity=mon.0 client_cookie=84f609a6d611518e server_cookie=0 in_seq=0 out_seq=0
2024-03-11T19:09:34.006 INFO:teuthology.orchestra.run.smithi042.stdout:/usr/bin/ceph: stderr
2024-03-11T19:09:33.125+0000 7f147b7fe700 1 -- 172.21.15.42:0/384711943 <== mon.0 v2:172.21.15.42:3300/0 1 ==== mon_map magic: 0 v1 ==== 205+0+0 (secure 0 0 0) 0x7f1470004160 con 0x7f147c1067f0
2024-03-11T19:09:34.007 INFO:teuthology.orchestra.run.smithi042.stdout:/usr/bin/ceph: stderr
2024-03-11T19:09:33.125+0000 7f147b7fe700 1 -- 172.21.15.42:0/384711943 <== mon.0 v2:172.21.15.42:3300/0 2 ==== config(29 keys) v1 ==== 1209+0+0 (secure 0 0 0) 0x7f1470003bc0 con 0x7f147c1067f0
2024-03-11T19:09:34.007 INFO:teuthology.orchestra.run.smithi042.stdout:/usr/bin/ceph: stderr
2024-03-11T19:09:33.125+0000 7f147b7fe700 1 -- 172.21.15.42:0/384711943 <== mon.0 v2:172.21.15.42:3300/0 3 ==== mon_map magic: 0 v1 ==== 205+0+0 (secure 0 0 0) 0x7f1470011be0 con 0x7f147c1067f0
2024-03-11T19:09:34.007 INFO:teuthology.orchestra.run.smithi042.stdout:/usr/bin/ceph: stderr
2024-03-11T19:09:33.126+0000 7f1482bf6700 1 -- 172.21.15.42:0/384711943 >> [v2:172.21.15.42:3300/0,v1:172.21.15.42:6789/0] conn(0x7f147c1067f0 msgr2=0x7f147c106c10 secure :-1 s=STATE_CONNECTION_ESTABLISHED l=1).mark_down
2024-03-11T19:09:34.007 INFO:teuthology.orchestra.run.smithi042.stdout:/usr/bin/ceph: stderr
2024-03-11T19:09:33.126+0000 7f1482bf6700 1 --2- 172.21.15.42:0/384711943 >> [v2:172.21.15.42:3300/0,v1:172.21.15.42:6789/0] conn(0x7f147c1067f0 0x7f147c106c10 secure :-1 s=READY pgs=59 cs=0 l=1 rev1=1 crypto rx=0x7f14700098a0 tx=0x7f1470009bb0 comp rx=0 tx=0).stop
2024-03-11T19:09:34.007 INFO:teuthology.orchestra.run.smithi042.stdout:/usr/bin/ceph: stderr
2024-03-11T19:09:33.126+0000 7f1482bf6700 1 -- 172.21.15.42:0/384711943 shutdown_connections
2024-03-11T19:09:34.007 INFO:teuthology.orchestra.run.smithi042.stdout:/usr/bin/ceph: stderr
2024-03-11T19:09:33.126+0000 7f1482bf6700 1 --2- 172.21.15.42:0/384711943 >> [v2:172.21.15.42:3300/0,v1:172.21.15.42:6789/0] conn(0x7f147c1067f0 0x7f147c106c10 unknown :-1 s=CLOSED pgs=59 cs=0 l=1 rev1=1 crypto rx=0 tx=0 comp rx=0 tx=0).stop
2024-03-11T19:09:34.007 INFO:teuthology.orchestra.run.smithi042.stdout:/usr/bin/ceph: stderr
2024-03-11T19:09:33.126+0000 7f1482bf6700 1 -- 172.21.15.42:0/384711943 >> 172.21.15.42:0/384711943 conn(0x7f147c101e70 msgr2=0x7f147c104290 unknown :-1 s=STATE_NONE l=0).mark_down
2024-03-11T19:09:34.007 INFO:teuthology.orchestra.run.smithi042.stdout:/usr/bin/ceph: stderr
2024-03-11T19:09:33.126+0000 7f1482bf6700 1 -- 172.21.15.42:0/384711943 shutdown_connections
2024-03-11T19:09:34.007 INFO:teuthology.orchestra.run.smithi042.stdout:/usr/bin/ceph: stderr
2024-03-11T19:09:33.126+0000 7f1482bf6700 1 -- 172.21.15.42:0/384711943 wait complete.
