2024-03-11T19:08:58.371 INFO:teuthology.orchestra.run.smithi042.stdout:/usr/bin/ceph: stdout "num_standbys": 0,
2024-03-11T19:08:58.371 INFO:teuthology.orchestra.run.smithi042.stdout:/usr/bin/ceph: stdout "modules": [
2024-03-11T19:08:58.371 INFO:teuthology.orchestra.run.smithi042.stdout:/usr/bin/ceph: stdout "iostat",
2024-03-11T19:08:58.371 INFO:teuthology.orchestra.run.smithi042.stdout:/usr/bin/ceph: stdout "nfs",
2024-03-11T19:08:58.371 INFO:teuthology.orchestra.run.smithi042.stdout:/usr/bin/ceph: stdout "restful"
2024-03-11T19:08:58.371 INFO:teuthology.orchestra.run.smithi042.stdout:/usr/bin/ceph: stdout ],
2024-03-11T19:08:58.371 INFO:teuthology.orchestra.run.smithi042.stdout:/usr/bin/ceph: stdout "services": {}
2024-03-11T19:08:58.371 INFO:teuthology.orchestra.run.smithi042.stdout:/usr/bin/ceph: stdout },
2024-03-11T19:08:58.371 INFO:teuthology.orchestra.run.smithi042.stdout:/usr/bin/ceph: stdout "servicemap": {
2024-03-11T19:08:58.371 INFO:teuthology.orchestra.run.smithi042.stdout:/usr/bin/ceph: stdout "epoch": 1,
2024-03-11T19:08:58.371 INFO:teuthology.orchestra.run.smithi042.stdout:/usr/bin/ceph: stdout "modified": "2024-03-11T19:08:43.311516+0000",
2024-03-11T19:08:58.371 INFO:teuthology.orchestra.run.smithi042.stdout:/usr/bin/ceph: stdout "services": {}
2024-03-11T19:08:58.371 INFO:teuthology.orchestra.run.smithi042.stdout:/usr/bin/ceph: stdout },
2024-03-11T19:08:58.372 INFO:teuthology.orchestra.run.smithi042.stdout:/usr/bin/ceph: stdout "progress_events": {}
2024-03-11T19:08:58.372 INFO:teuthology.orchestra.run.smithi042.stdout:/usr/bin/ceph: stdout }
2024-03-11T19:08:58.372 INFO:teuthology.orchestra.run.smithi042.stdout:/usr/bin/ceph: stderr
2024-03-11T19:08:57.688+0000 7f9fa6bbf700 1 Processor -- start
2024-03-11T19:08:58.372 INFO:teuthology.orchestra.run.smithi042.stdout:/usr/bin/ceph: stderr
2024-03-11T19:08:57.688+0000 7f9fa6bbf700 1 -- start start
2024-03-11T19:08:58.372 INFO:teuthology.orchestra.run.smithi042.stdout:/usr/bin/ceph: stderr
2024-03-11T19:08:57.688+0000 7f9fa6bbf700 1 --2- >> [v2:172.21.15.42:3300/0,v1:172.21.15.42:6789/0] conn(0x7f9fa007cdb0 0x7f9fa007b210 unknown :-1 s=NONE pgs=0 cs=0 l=0 rev1=0 crypto rx=0 tx=0 comp rx=0 tx=0).connect
2024-03-11T19:08:58.372 INFO:teuthology.orchestra.run.smithi042.stdout:/usr/bin/ceph: stderr
2024-03-11T19:08:57.688+0000 7f9fa6bbf700 1 -- --> [v2:172.21.15.42:3300/0,v1:172.21.15.42:6789/0] -- mon_getmap magic: 0 v1 -- 0x7f9fa007b7e0 con 0x7f9fa007cdb0
2024-03-11T19:08:58.372 INFO:teuthology.orchestra.run.smithi042.stdout:/usr/bin/ceph: stderr
2024-03-11T19:08:57.688+0000 7f9fa495b700 1 --2- >> [v2:172.21.15.42:3300/0,v1:172.21.15.42:6789/0] conn(0x7f9fa007cdb0 0x7f9fa007b210 unknown :-1 s=BANNER_CONNECTING pgs=0 cs=0 l=0 rev1=0 crypto rx=0 tx=0 comp rx=0 tx=0)._handle_peer_banner_payload supported=3 required=0
2024-03-11T19:08:58.372 INFO:teuthology.orchestra.run.smithi042.stdout:/usr/bin/ceph: stderr
2024-03-11T19:08:57.688+0000 7f9fa495b700 1 --2- >> [v2:172.21.15.42:3300/0,v1:172.21.15.42:6789/0] conn(0x7f9fa007cdb0 0x7f9fa007b210 unknown :-1 s=HELLO_CONNECTING pgs=0 cs=0 l=0 rev1=1 crypto rx=0 tx=0 comp rx=0 tx=0).handle_hello peer v2:172.21.15.42:3300/0 says I am v2:172.21.15.42:58076/0 (socket says 172.21.15.42:58076)
2024-03-11T19:08:58.372 INFO:teuthology.orchestra.run.smithi042.stdout:/usr/bin/ceph: stderr
2024-03-11T19:08:57.688+0000 7f9fa495b700 1 -- 172.21.15.42:0/2564134830 learned_addr learned my addr 172.21.15.42:0/2564134830 (peer_addr_for_me v2:172.21.15.42:0/0)
2024-03-11T19:08:58.372 INFO:teuthology.orchestra.run.smithi042.stdout:/usr/bin/ceph: stderr
2024-03-11T19:08:57.689+0000 7f9fa495b700 1 -- 172.21.15.42:0/2564134830 --> [v2:172.21.15.42:3300/0,v1:172.21.15.42:6789/0] -- mon_subscribe({config=0+,monmap=0+}) v3 -- 0x7f9fa007b920 con 0x7f9fa007cdb0
2024-03-11T19:08:58.372 INFO:teuthology.orchestra.run.smithi042.stdout:/usr/bin/ceph: stderr
2024-03-11T19:08:57.689+0000 7f9fa495b700 1 --2- 172.21.15.42:0/2564134830 >> [v2:172.21.15.42:3300/0,v1:172.21.15.42:6789/0] conn(0x7f9fa007cdb0 0x7f9fa007b210 secure :-1 s=READY pgs=9 cs=0 l=1 rev1=1 crypto rx=0x7f9f940098a0 tx=0x7f9f94009bb0 comp rx=0 tx=0).ready entity=mon.0 client_cookie=fc52aae73d5f3c5 server_cookie=0 in_seq=0 out_seq=0
2024-03-11T19:08:58.372 INFO:teuthology.orchestra.run.smithi042.stdout:/usr/bin/ceph: stderr
2024-03-11T19:08:57.689+0000 7f9f9f7fe700 1 -- 172.21.15.42:0/2564134830 <== mon.0 v2:172.21.15.42:3300/0 1 ==== mon_map magic: 0 v1 ==== 205+0+0 (secure 0 0 0) 0x7f9f94004160 con 0x7f9fa007cdb0
2024-03-11T19:08:58.372 INFO:teuthology.orchestra.run.smithi042.stdout:/usr/bin/ceph: stderr
2024-03-11T19:08:57.689+0000 7f9f9f7fe700 1 -- 172.21.15.42:0/2564134830 <== mon.0 v2:172.21.15.42:3300/0 2 ==== config(29 keys) v1 ==== 1178+0+0 (secure 0 0 0) 0x7f9f940042c0 con 0x7f9fa007cdb0
2024-03-11T19:08:58.372 INFO:teuthology.orchestra.run.smithi042.stdout:/usr/bin/ceph: stderr
2024-03-11T19:08:57.689+0000 7f9f9f7fe700 1 -- 172.21.15.42:0/2564134830 <== mon.0 v2:172.21.15.42:3300/0 3 ==== mon_map magic: 0 v1 ==== 205+0+0 (secure 0 0 0) 0x7f9f94011c20 con 0x7f9fa007cdb0
2024-03-11T19:08:58.373 INFO:teuthology.orchestra.run.smithi042.stdout:/usr/bin/ceph: stderr
2024-03-11T19:08:57.690+0000 7f9fa6bbf700 1 -- 172.21.15.42:0/2564134830 >> [v2:172.21.15.42:3300/0,v1:172.21.15.42:6789/0] conn(0x7f9fa007cdb0 msgr2=0x7f9fa007b210 secure :-1 s=STATE_CONNECTION_ESTABLISHED l=1).mark_down
2024-03-11T19:08:58.373 INFO:teuthology.orchestra.run.smithi042.stdout:/usr/bin/ceph: stderr
2024-03-11T19:08:57.690+0000 7f9fa6bbf700 1 --2- 172.21.15.42:0/2564134830 >> [v2:172.21.15.42:3300/0,v1:172.21.15.42:6789/0] conn(0x7f9fa007cdb0 0x7f9fa007b210 secure :-1 s=READY pgs=9 cs=0 l=1 rev1=1 crypto rx=0x7f9f940098a0 tx=0x7f9f94009bb0 comp rx=0 tx=0).stop
2024-03-11T19:08:58.373 INFO:teuthology.orchestra.run.smithi042.stdout:/usr/bin/ceph: stderr
2024-03-11T19:08:57.690+0000 7f9fa6bbf700 1 -- 172.21.15.42:0/2564134830 shutdown_connections
2024-03-11T19:08:58.373 INFO:teuthology.orchestra.run.smithi042.stdout:/usr/bin/ceph: stderr
2024-03-11T19:08:57.690+0000 7f9fa6bbf700 1 --2- 172.21.15.42:0/2564134830 >> [v2:172.21.15.42:3300/0,v1:172.21.15.42:6789/0] conn(0x7f9fa007cdb0 0x7f9fa007b210 unknown :-1 s=CLOSED pgs=9 cs=0 l=1 rev1=1 crypto rx=0 tx=0 comp rx=0 tx=0).stop
2024-03-11T19:08:58.373 INFO:teuthology.orchestra.run.smithi042.stdout:/usr/bin/ceph: stderr
2024-03-11T19:08:57.690+0000 7f9fa6bbf700 1 -- 172.21.15.42:0/2564134830 >> 172.21.15.42:0/2564134830 conn(0x7f9fa0102f20 msgr2=0x7f9fa0105340 unknown :-1 s=STATE_NONE l=0).mark_down
2024-03-11T19:08:58.373 INFO:teuthology.orchestra.run.smithi042.stdout:/usr/bin/ceph: stderr
2024-03-11T19:08:57.690+0000 7f9fa6bbf700 1 -- 172.21.15.42:0/2564134830 shutdown_connections
2024-03-11T19:08:58.373 INFO:teuthology.orchestra.run.smithi042.stdout:/usr/bin/ceph: stderr
2024-03-11T19:08:57.690+0000 7f9fa6bbf700 1 -- 172.21.15.42:0/2564134830 wait complete.
2024-03-11T19:08:58.373 INFO:teuthology.orchestra.run.smithi042.stdout:/usr/bin/ceph: stderr
2024-03-11T19:08:57.690+0000 7f9fa6bbf700 1 Processor -- start
2024-03-11T19:08:58.373 INFO:teuthology.orchestra.run.smithi042.stdout:/usr/bin/ceph: stderr
2024-03-11T19:08:57.691+0000 7f9fa6bbf700 1 -- start start
2024-03-11T19:08:58.373 INFO:teuthology.orchestra.run.smithi042.stdout:/usr/bin/ceph: stderr
2024-03-11T19:08:57.691+0000 7f9fa6bbf700 1 --2- >> [v2:172.21.15.42:3300/0,v1:172.21.15.42:6789/0] conn(0x7f9fa007cdb0 0x7f9fa019da10 unknown :-1 s=NONE pgs=0 cs=0 l=1 rev1=0 crypto rx=0 tx=0 comp rx=0 tx=0).connect
2024-03-11T19:08:58.373 INFO:teuthology.orchestra.run.smithi042.stdout:/usr/bin/ceph: stderr
2024-03-11T19:08:57.691+0000 7f9fa6bbf700 1 -- --> [v2:172.21.15.42:3300/0,v1:172.21.15.42:6789/0] -- mon_getmap magic: 0 v1 -- 0x7f9fa019df50 con 0x7f9fa007cdb0
2024-03-11T19:08:58.373 INFO:teuthology.orchestra.run.smithi042.stdout:/usr/bin/ceph: stderr
2024-03-11T19:08:57.691+0000 7f9fa495b700 1 --2- >> [v2:172.21.15.42:3300/0,v1:172.21.15.42:6789/0] conn(0x7f9fa007cdb0 0x7f9fa019da10 unknown :-1 s=BANNER_CONNECTING pgs=0 cs=0 l=1 rev1=0 crypto rx=0 tx=0 comp rx=0 tx=0)._handle_peer_banner_payload supported=3 required=0
2024-03-11T19:08:58.373 INFO:teuthology.orchestra.run.smithi042.stdout:/usr/bin/ceph: stderr
2024-03-11T19:08:57.691+0000 7f9fa495b700 1 --2- >> [v2:172.21.15.42:3300/0,v1:172.21.15.42:6789/0] conn(0x7f9fa007cdb0 0x7f9fa019da10 unknown :-1 s=HELLO_CONNECTING pgs=0 cs=0 l=1 rev1=1 crypto rx=0 tx=0 comp rx=0 tx=0).handle_hello peer v2:172.21.15.42:3300/0 says I am v2:172.21.15.42:58086/0 (socket says 172.21.15.42:58086)
2024-03-11T19:08:58.373 INFO:teuthology.orchestra.run.smithi042.stdout:/usr/bin/ceph: stderr
2024-03-11T19:08:57.691+0000 7f9fa495b700 1 -- 172.21.15.42:0/3951423222 learned_addr learned my addr 172.21.15.42:0/3951423222 (peer_addr_for_me v2:172.21.15.42:0/0)
2024-03-11T19:08:58.373 INFO:teuthology.orchestra.run.smithi042.stdout:/usr/bin/ceph: stderr
2024-03-11T19:08:57.691+0000 7f9fa495b700 1 -- 172.21.15.42:0/3951423222 --> [v2:172.21.15.42:3300/0,v1:172.21.15.42:6789/0] -- mon_subscribe({config=0+,monmap=0+}) v3 -- 0x7f9f94009550 con 0x7f9fa007cdb0
2024-03-11T19:08:58.374 INFO:teuthology.orchestra.run.smithi042.stdout:/usr/bin/ceph: stderr
2024-03-11T19:08:57.691+0000 7f9fa495b700 1 --2- 172.21.15.42:0/3951423222 >> [v2:172.21.15.42:3300/0,v1:172.21.15.42:6789/0] conn(0x7f9fa007cdb0 0x7f9fa019da10 secure :-1 s=READY pgs=10 cs=0 l=1 rev1=1 crypto rx=0x7f9f94011670 tx=0x7f9f94011ca0 comp rx=0 tx=0).ready entity=mon.0 client_cookie=0 server_cookie=0 in_seq=0 out_seq=0
2024-03-11T19:08:58.374 INFO:teuthology.orchestra.run.smithi042.stdout:/usr/bin/ceph: stderr
2024-03-11T19:08:57.691+0000 7f9f9dffb700 1 -- 172.21.15.42:0/3951423222 <== mon.0 v2:172.21.15.42:3300/0 1 ==== mon_map magic: 0 v1 ==== 205+0+0 (secure 0 0 0) 0x7f9f940039e0 con 0x7f9fa007cdb0
2024-03-11T19:08:58.374 INFO:teuthology.orchestra.run.smithi042.stdout:/usr/bin/ceph: stderr
2024-03-11T19:08:57.691+0000 7f9f9dffb700 1 -- 172.21.15.42:0/3951423222 <== mon.0 v2:172.21.15.42:3300/0 2 ==== config(29 keys) v1 ==== 1178+0+0 (secure 0 0 0) 0x7f9f94003b40 con 0x7f9fa007cdb0
2024-03-11T19:08:58.374 INFO:teuthology.orchestra.run.smithi042.stdout:/usr/bin/ceph: stderr
2024-03-11T19:08:57.691+0000 7f9f9dffb700 1 -- 172.21.15.42:0/3951423222 <== mon.0 v2:172.21.15.42:3300/0 3 ==== mon_map magic: 0 v1 ==== 205+0+0 (secure 0 0 0) 0x7f9f94024730 con 0x7f9fa007cdb0
2024-03-11T19:08:58.374 INFO:teuthology.orchestra.run.smithi042.stdout:/usr/bin/ceph: stderr
2024-03-11T19:08:57.692+0000 7f9fa6bbf700 1 -- 172.21.15.42:0/3951423222 --> [v2:172.21.15.42:3300/0,v1:172.21.15.42:6789/0] -- mon_subscribe({mgrmap=0+}) v3 -- 0x7f9fa019e150 con 0x7f9fa007cdb0
2024-03-11T19:08:58.374 INFO:teuthology.orchestra.run.smithi042.stdout:/usr/bin/ceph: stderr
2024-03-11T19:08:57.692+0000 7f9fa6bbf700 1 -- 172.21.15.42:0/3951423222 --> [v2:172.21.15.42:3300/0,v1:172.21.15.42:6789/0] -- mon_subscribe({osdmap=0}) v3 -- 0x7f9fa019e5f0 con 0x7f9fa007cdb0
2024-03-11T19:08:58.374 INFO:teuthology.orchestra.run.smithi042.stdout:/usr/bin/ceph: stderr
2024-03-11T19:08:57.692+0000 7f9f9dffb700 1 -- 172.21.15.42:0/3951423222 <== mon.0 v2:172.21.15.42:3300/0 4 ==== mgrmap(e 1) v1 ==== 807+0+0 (secure 0 0 0) 0x7f9f94024d30 con 0x7f9fa007cdb0
2024-03-11T19:08:58.374 INFO:teuthology.orchestra.run.smithi042.stdout:/usr/bin/ceph: stderr
2024-03-11T19:08:57.692+0000 7f9f9dffb700 1 -- 172.21.15.42:0/3951423222 <== mon.0 v2:172.21.15.42:3300/0 5 ==== osd_map(1..1 src has 1..1) v4 ==== 725+0+0 (secure 0 0 0) 0x7f9f9402ddd0 con 0x7f9fa007cdb0
2024-03-11T19:08:58.374 INFO:teuthology.orchestra.run.smithi042.stdout:/usr/bin/ceph: stderr
2024-03-11T19:08:57.693+0000 7f9fa6bbf700 1 -- 172.21.15.42:0/3951423222 --> [v2:172.21.15.42:3300/0,v1:172.21.15.42:6789/0] -- mon_command({"prefix": "get_command_descriptions"} v 0) v1 -- 0x7f9fa010de20 con 0x7f9fa007cdb0
2024-03-11T19:08:58.374 INFO:teuthology.orchestra.run.smithi042.stdout:/usr/bin/ceph: stderr
2024-03-11T19:08:57.695+0000 7f9f9dffb700 1 -- 172.21.15.42:0/3951423222 <== mon.0 v2:172.21.15.42:3300/0 6 ==== mon_command_ack([{"prefix": "get_command_descriptions"}]=0 v0) v1 ==== 72+0+73141 (secure 0 0 0) 0x7f9f94003cb0 con 0x7f9fa007cdb0
2024-03-11T19:08:58.374 INFO:teuthology.orchestra.run.smithi042.stdout:/usr/bin/ceph: stderr
2024-03-11T19:08:57.769+0000 7f9fa6bbf700 1 -- 172.21.15.42:0/3951423222 --> [v2:172.21.15.42:3300/0,v1:172.21.15.42:6789/0] -- mon_command({"prefix": "status", "format": "json-pretty"} v 0) v1 -- 0x7f9fa010e030 con 0x7f9fa007cdb0
2024-03-11T19:08:58.374 INFO:teuthology.orchestra.run.smithi042.stdout:/usr/bin/ceph: stderr
2024-03-11T19:08:57.769+0000 7f9f9dffb700 1 -- 172.21.15.42:0/3951423222 <== mon.0 v2:172.21.15.42:3300/0 7 ==== mon_command_ack([{"prefix": "status", "format": "json-pretty"}]=0 v0) v1 ==== 79+0+1239 (secure 0 0 0) 0x7f9f9401ab50 con 0x7f9fa007cdb0
2024-03-11T19:08:58.374 INFO:teuthology.orchestra.run.smithi042.stdout:/usr/bin/ceph: stderr
2024-03-11T19:08:57.770+0000 7f9fa6bbf700 1 -- 172.21.15.42:0/3951423222 >> [v2:172.21.15.42:3300/0,v1:172.21.15.42:6789/0] conn(0x7f9fa007cdb0 msgr2=0x7f9fa019da10 secure :-1 s=STATE_CONNECTION_ESTABLISHED l=1).mark_down
2024-03-11T19:08:58.374 INFO:teuthology.orchestra.run.smithi042.stdout:/usr/bin/ceph: stderr
2024-03-11T19:08:57.770+0000 7f9fa6bbf700 1 --2- 172.21.15.42:0/3951423222 >> [v2:172.21.15.42:3300/0,v1:172.21.15.42:6789/0] conn(0x7f9fa007cdb0 0x7f9fa019da10 secure :-1 s=READY pgs=10 cs=0 l=1 rev1=1 crypto rx=0x7f9f94011670 tx=0x7f9f94011ca0 comp rx=0 tx=0).stop
2024-03-11T19:08:58.375 INFO:teuthology.orchestra.run.smithi042.stdout:/usr/bin/ceph: stderr
2024-03-11T19:08:57.770+0000 7f9fa6bbf700 1 -- 172.21.15.42:0/3951423222 shutdown_connections
2024-03-11T19:08:58.375 INFO:teuthology.orchestra.run.smithi042.stdout:/usr/bin/ceph: stderr
2024-03-11T19:08:57.770+0000 7f9fa6bbf700 1 --2- 172.21.15.42:0/3951423222 >> [v2:172.21.15.42:3300/0,v1:172.21.15.42:6789/0] conn(0x7f9fa007cdb0 0x7f9fa019da10 unknown :-1 s=CLOSED pgs=10 cs=0 l=1 rev1=1 crypto rx=0 tx=0 comp rx=0 tx=0).stop
2024-03-11T19:08:58.375 INFO:teuthology.orchestra.run.smithi042.stdout:/usr/bin/ceph: stderr
2024-03-11T19:08:57.770+0000 7f9fa6bbf700 1 -- 172.21.15.42:0/3951423222 >> 172.21.15.42:0/3951423222 conn(0x7f9fa0102f20 msgr2=0x7f9fa0103b20 unknown :-1 s=STATE_NONE l=0).mark_down
2024-03-11T19:08:58.375 INFO:teuthology.orchestra.run.smithi042.stdout:/usr/bin/ceph: stderr
2024-03-11T19:08:57.770+0000 7f9fa6bbf700 1 -- 172.21.15.42:0/3951423222 shutdown_connections
2024-03-11T19:08:58.375 INFO:teuthology.orchestra.run.smithi042.stdout:/usr/bin/ceph: stderr
2024-03-11T19:08:57.770+0000 7f9fa6bbf700 1 -- 172.21.15.42:0/3951423222 wait complete.
2024-03-11T19:08:58.375 INFO:teuthology.orchestra.run.smithi042.stdout:mgr not available, waiting (3/15)...
2024-03-11T19:08:59.242 INFO:journalctl@ceph.mon.a.smithi042.stdout:Mar 11 19:08:58 smithi042 ceph-mon[32312]: Activating manager daemon x
2024-03-11T19:08:59.242 INFO:journalctl@ceph.mon.a.smithi042.stdout:Mar 11 19:08:58 smithi042 ceph-mon[32312]: mgrmap e2: x(active, starting, since 0.00331876s)
2024-03-11T19:08:59.242 INFO:journalctl@ceph.mon.a.smithi042.stdout:Mar 11 19:08:58 smithi042 ceph-mon[32312]: from='mgr.14100 172.21.15.42:0/3014495913' entity='mgr.x' cmd=[{"prefix": "mds metadata"}]: dispatch
2024-03-11T19:08:59.242 INFO:journalctl@ceph.mon.a.smithi042.stdout:Mar 11 19:08:58 smithi042 ceph-mon[32312]: from='mgr.14100 172.21.15.42:0/3014495913' entity='mgr.x' cmd=[{"prefix": "osd metadata"}]: dispatch
2024-03-11T19:08:59.242 INFO:journalctl@ceph.mon.a.smithi042.stdout:Mar 11 19:08:58 smithi042 ceph-mon[32312]: from='mgr.14100 172.21.15.42:0/3014495913' entity='mgr.x' cmd=[{"prefix": "mon metadata"}]: dispatch
2024-03-11T19:08:59.242 INFO:journalctl@ceph.mon.a.smithi042.stdout:Mar 11 19:08:58 smithi042 ceph-mon[32312]: from='mgr.14100 172.21.15.42:0/3014495913' entity='mgr.x' cmd=[{"prefix": "mon metadata", "id": "a"}]: dispatch
2024-03-11T19:08:59.243 INFO:journalctl@ceph.mon.a.smithi042.stdout:Mar 11 19:08:58 smithi042 ceph-mon[32312]: from='mgr.14100 172.21.15.42:0/3014495913' entity='mgr.x' cmd=[{"prefix": "mgr metadata", "who": "x", "id": "x"}]: dispatch
2024-03-11T19:08:59.243 INFO:journalctl@ceph.mon.a.smithi042.stdout:Mar 11 19:08:58 smithi042 ceph-mon[32312]: Manager daemon x is now available
2024-03-11T19:08:59.243 INFO:journalctl@ceph.mon.a.smithi042.stdout:Mar 11 19:08:58 smithi042 ceph-mon[32312]: from='mgr.14100 172.21.15.42:0/3014495913' entity='mgr.x' cmd=[{"prefix":"config rm","who":"mgr","name":"mgr/rbd_support/x/mirror_snapshot_schedule"}]: dispatch
2024-03-11T19:08:59.243 INFO:journalctl@ceph.mon.a.smithi042.stdout:Mar 11 19:08:58 smithi042 ceph-mon[32312]: from='mgr.14100 172.21.15.42:0/3014495913' entity='mgr.x' cmd=[{"prefix":"config rm","who":"mgr","name":"mgr/rbd_support/x/trash_purge_schedule"}]: dispatch
2024-03-11T19:08:59.243 INFO:journalctl@ceph.mon.a.smithi042.stdout:Mar 11 19:08:58 smithi042 ceph-mon[32312]: from='mgr.14100 172.21.15.42:0/3014495913' entity='mgr.x'
2024-03-11T19:08:59.243 INFO:journalctl@ceph.mon.a.smithi042.stdout:Mar 11 19:08:58 smithi042 ceph-mon[32312]: from='mgr.14100 172.21.15.42:0/3014495913' entity='mgr.x'
2024-03-11T19:08:59.243 INFO:journalctl@ceph.mon.a.smithi042.stdout:Mar 11 19:08:58 smithi042 ceph-mon[32312]: from='mgr.14100 172.21.15.42:0/3014495913' entity='mgr.x'
2024-03-11T19:09:00.491 INFO:journalctl@ceph.mon.a.smithi042.stdout:Mar 11 19:09:00 smithi042 ceph-mon[32312]: mgrmap e3: x(active, since 1.00663s)
2024-03-11T19:09:01.640 INFO:teuthology.orchestra.run.smithi042.stdout:/usr/bin/ceph: stdout
2024-03-11T19:09:01.641 INFO:teuthology.orchestra.run.smithi042.stdout:/usr/bin/ceph: stdout {
2024-03-11T19:09:01.641 INFO:teuthology.orchestra.run.smithi042.stdout:/usr/bin/ceph: stdout "fsid": "9fcd5024-dfda-11ee-95c8-87774f69a715",
2024-03-11T19:09:01.641 INFO:teuthology.orchestra.run.smithi042.stdout:/usr/bin/ceph: stdout "health": {
2024-03-11T19:09:01.641 INFO:teuthology.orchestra.run.smithi042.stdout:/usr/bin/ceph: stdout "status": "HEALTH_OK",
2024-03-11T19:09:01.641 INFO:teuthology.orchestra.run.smithi042.stdout:/usr/bin/ceph: stdout "checks": {},
2024-03-11T19:09:01.641 INFO:teuthology.orchestra.run.smithi042.stdout:/usr/bin/ceph: stdout "mutes": []
2024-03-11T19:09:01.641 INFO:teuthology.orchestra.run.smithi042.stdout:/usr/bin/ceph: stdout },
2024-03-11T19:09:01.641 INFO:teuthology.orchestra.run.smithi042.stdout:/usr/bin/ceph: stdout "election_epoch": 5,
2024-03-11T19:09:01.641 INFO:teuthology.orchestra.run.smithi042.stdout:/usr/bin/ceph: stdout "quorum": [
2024-03-11T19:09:01.641 INFO:teuthology.orchestra.run.smithi042.stdout:/usr/bin/ceph: stdout 0
2024-03-11T19:09:01.641 INFO:teuthology.orchestra.run.smithi042.stdout:/usr/bin/ceph: stdout ],
2024-03-11T19:09:01.641 INFO:teuthology.orchestra.run.smithi042.stdout:/usr/bin/ceph: stdout "quorum_names": [
2024-03-11T19:09:01.641 INFO:teuthology.orchestra.run.smithi042.stdout:/usr/bin/ceph: stdout "a"
2024-03-11T19:09:01.642 INFO:teuthology.orchestra.run.smithi042.stdout:/usr/bin/ceph: stdout ],
2024-03-11T19:09:01.642 INFO:teuthology.orchestra.run.smithi042.stdout:/usr/bin/ceph: stdout "quorum_age": 12,
2024-03-11T19:09:01.642 INFO:teuthology.orchestra.run.smithi042.stdout:/usr/bin/ceph: stdout "monmap": {
2024-03-11T19:09:01.642 INFO:teuthology.orchestra.run.smithi042.stdout:/usr/bin/ceph: stdout "epoch": 1,
2024-03-11T19:09:01.642 INFO:teuthology.orchestra.run.smithi042.stdout:/usr/bin/ceph: stdout "min_mon_release_name": "squid",
2024-03-11T19:09:01.642 INFO:teuthology.orchestra.run.smithi042.stdout:/usr/bin/ceph: stdout "num_mons": 1
2024-03-11T19:09:01.642 INFO:teuthology.orchestra.run.smithi042.stdout:/usr/bin/ceph: stdout },
2024-03-11T19:09:01.642 INFO:teuthology.orchestra.run.smithi042.stdout:/usr/bin/ceph: stdout "osdmap": {
2024-03-11T19:09:01.642 INFO:teuthology.orchestra.run.smithi042.stdout:/usr/bin/ceph: stdout "epoch": 1,
2024-03-11T19:09:01.642 INFO:teuthology.orchestra.run.smithi042.stdout:/usr/bin/ceph: stdout "num_osds": 0,
2024-03-11T19:09:01.642 INFO:teuthology.orchestra.run.smithi042.stdout:/usr/bin/ceph: stdout "num_up_osds": 0,
2024-03-11T19:09:01.642 INFO:teuthology.orchestra.run.smithi042.stdout:/usr/bin/ceph: stdout "osd_up_since": 0,
2024-03-11T19:09:01.642 INFO:teuthology.orchestra.run.smithi042.stdout:/usr/bin/ceph: stdout "num_in_osds": 0,
2024-03-11T19:09:01.642 INFO:teuthology.orchestra.run.smithi042.stdout:/usr/bin/ceph: stdout "osd_in_since": 0,
2024-03-11T19:09:01.642 INFO:teuthology.orchestra.run.smithi042.stdout:/usr/bin/ceph: stdout "num_remapped_pgs": 0
2024-03-11T19:09:01.643 INFO:teuthology.orchestra.run.smithi042.stdout:/usr/bin/ceph: stdout },
2024-03-11T19:09:01.643 INFO:teuthology.orchestra.run.smithi042.stdout:/usr/bin/ceph: stdout "pgmap": {
2024-03-11T19:09:01.643 INFO:teuthology.orchestra.run.smithi042.stdout:/usr/bin/ceph: stdout "pgs_by_state": [],
2024-03-11T19:09:01.643 INFO:teuthology.orchestra.run.smithi042.stdout:/usr/bin/ceph: stdout "num_pgs": 0,
2024-03-11T19:09:01.643 INFO:teuthology.orchestra.run.smithi042.stdout:/usr/bin/ceph: stdout "num_pools": 0,
2024-03-11T19:09:01.643 INFO:teuthology.orchestra.run.smithi042.stdout:/usr/bin/ceph: stdout "num_objects": 0,
2024-03-11T19:09:01.643 INFO:teuthology.orchestra.run.smithi042.stdout:/usr/bin/ceph: stdout "data_bytes": 0,
2024-03-11T19:09:01.643 INFO:teuthology.orchestra.run.smithi042.stdout:/usr/bin/ceph: stdout "bytes_used": 0,
2024-03-11T19:09:01.643 INFO:teuthology.orchestra.run.smithi042.stdout:/usr/bin/ceph: stdout "bytes_avail": 0,
2024-03-11T19:09:01.643 INFO:teuthology.orchestra.run.smithi042.stdout:/usr/bin/ceph: stdout "bytes_total": 0
2024-03-11T19:09:01.643 INFO:teuthology.orchestra.run.smithi042.stdout:/usr/bin/ceph: stdout },
2024-03-11T19:09:01.643 INFO:teuthology.orchestra.run.smithi042.stdout:/usr/bin/ceph: stdout "fsmap": {
2024-03-11T19:09:01.643 INFO:teuthology.orchestra.run.smithi042.stdout:/usr/bin/ceph: stdout "epoch": 1,
2024-03-11T19:09:01.643 INFO:teuthology.orchestra.run.smithi042.stdout:/usr/bin/ceph: stdout "by_rank": [],
2024-03-11T19:09:01.643 INFO:teuthology.orchestra.run.smithi042.stdout:/usr/bin/ceph: stdout "up:standby": 0
2024-03-11T19:09:01.644 INFO:teuthology.orchestra.run.smithi042.stdout:/usr/bin/ceph: stdout },
2024-03-11T19:09:01.644 INFO:teuthology.orchestra.run.smithi042.stdout:/usr/bin/ceph: stdout "mgrmap": {
2024-03-11T19:09:01.644 INFO:teuthology.orchestra.run.smithi042.stdout:/usr/bin/ceph: stdout "available": true,
2024-03-11T19:09:01.644 INFO:teuthology.orchestra.run.smithi042.stdout:/usr/bin/ceph: stdout "num_standbys": 0,
2024-03-11T19:09:01.644 INFO:teuthology.orchestra.run.smithi042.stdout:/usr/bin/ceph: stdout "modules": [
2024-03-11T19:09:01.644 INFO:teuthology.orchestra.run.smithi042.stdout:/usr/bin/ceph: stdout "iostat",
2024-03-11T19:09:01.644 INFO:teuthology.orchestra.run.smithi042.stdout:/usr/bin/ceph: stdout "nfs",
2024-03-11T19:09:01.644 INFO:teuthology.orchestra.run.smithi042.stdout:/usr/bin/ceph: stdout "restful"
2024-03-11T19:09:01.644 INFO:teuthology.orchestra.run.smithi042.stdout:/usr/bin/ceph: stdout ],
2024-03-11T19:09:01.644 INFO:teuthology.orchestra.run.smithi042.stdout:/usr/bin/ceph: stdout "services": {}
2024-03-11T19:09:01.644 INFO:teuthology.orchestra.run.smithi042.stdout:/usr/bin/ceph: stdout },
2024-03-11T19:09:01.644 INFO:teuthology.orchestra.run.smithi042.stdout:/usr/bin/ceph: stdout "servicemap": {
2024-03-11T19:09:01.644 INFO:teuthology.orchestra.run.smithi042.stdout:/usr/bin/ceph: stdout "epoch": 1,
2024-03-11T19:09:01.645 INFO:teuthology.orchestra.run.smithi042.stdout:/usr/bin/ceph: stdout "modified": "2024-03-11T19:08:43.311516+0000",
2024-03-11T19:09:01.645 INFO:teuthology.orchestra.run.smithi042.stdout:/usr/bin/ceph: stdout "services": {}
2024-03-11T19:09:01.645 INFO:teuthology.orchestra.run.smithi042.stdout:/usr/bin/ceph: stdout },
2024-03-11T19:09:01.645 INFO:teuthology.orchestra.run.smithi042.stdout:/usr/bin/ceph: stdout "progress_events": {}
2024-03-11T19:09:01.645 INFO:teuthology.orchestra.run.smithi042.stdout:/usr/bin/ceph: stdout }
2024-03-11T19:09:01.645 INFO:teuthology.orchestra.run.smithi042.stdout:/usr/bin/ceph: stderr
2024-03-11T19:09:00.785+0000 7ff016ad6700 1 Processor -- start
2024-03-11T19:09:01.645 INFO:teuthology.orchestra.run.smithi042.stdout:/usr/bin/ceph: stderr
2024-03-11T19:09:00.785+0000 7ff016ad6700 1 -- start start
2024-03-11T19:09:01.645 INFO:teuthology.orchestra.run.smithi042.stdout:/usr/bin/ceph: stderr
2024-03-11T19:09:00.785+0000 7ff016ad6700 1 --2- >> [v2:172.21.15.42:3300/0,v1:172.21.15.42:6789/0] conn(0x7ff0101083f0 0x7ff01010a7e0 unknown :-1 s=NONE pgs=0 cs=0 l=0 rev1=0 crypto rx=0 tx=0 comp rx=0 tx=0).connect
2024-03-11T19:09:01.645 INFO:teuthology.orchestra.run.smithi042.stdout:/usr/bin/ceph: stderr
2024-03-11T19:09:00.785+0000 7ff016ad6700 1 -- --> [v2:172.21.15.42:3300/0,v1:172.21.15.42:6789/0] -- mon_getmap magic: 0 v1 -- 0x7ff010075550 con 0x7ff0101083f0
2024-03-11T19:09:01.645 INFO:teuthology.orchestra.run.smithi042.stdout:/usr/bin/ceph: stderr
2024-03-11T19:09:00.785+0000 7ff014872700 1 --2- >> [v2:172.21.15.42:3300/0,v1:172.21.15.42:6789/0] conn(0x7ff0101083f0 0x7ff01010a7e0 unknown :-1 s=BANNER_CONNECTING pgs=0 cs=0 l=0 rev1=0 crypto rx=0 tx=0 comp rx=0 tx=0)._handle_peer_banner_payload supported=3 required=0
2024-03-11T19:09:01.645 INFO:teuthology.orchestra.run.smithi042.stdout:/usr/bin/ceph: stderr
2024-03-11T19:09:00.785+0000 7ff014872700 1 --2- >> [v2:172.21.15.42:3300/0,v1:172.21.15.42:6789/0] conn(0x7ff0101083f0 0x7ff01010a7e0 unknown :-1 s=HELLO_CONNECTING pgs=0 cs=0 l=0 rev1=1 crypto rx=0 tx=0 comp rx=0 tx=0).handle_hello peer v2:172.21.15.42:3300/0 says I am v2:172.21.15.42:51726/0 (socket says 172.21.15.42:51726)
2024-03-11T19:09:01.645 INFO:teuthology.orchestra.run.smithi042.stdout:/usr/bin/ceph: stderr
2024-03-11T19:09:00.785+0000 7ff014872700 1 -- 172.21.15.42:0/1342528262 learned_addr learned my addr 172.21.15.42:0/1342528262 (peer_addr_for_me v2:172.21.15.42:0/0)
2024-03-11T19:09:01.645 INFO:teuthology.orchestra.run.smithi042.stdout:/usr/bin/ceph: stderr
2024-03-11T19:09:00.785+0000 7ff014872700 1 -- 172.21.15.42:0/1342528262 --> [v2:172.21.15.42:3300/0,v1:172.21.15.42:6789/0] -- mon_subscribe({config=0+,monmap=0+}) v3 -- 0x7ff01010ad20 con 0x7ff0101083f0
2024-03-11T19:09:01.645 INFO:teuthology.orchestra.run.smithi042.stdout:/usr/bin/ceph: stderr
2024-03-11T19:09:00.785+0000 7ff014872700 1 --2- 172.21.15.42:0/1342528262 >> [v2:172.21.15.42:3300/0,v1:172.21.15.42:6789/0] conn(0x7ff0101083f0 0x7ff01010a7e0 secure :-1 s=READY pgs=18 cs=0 l=1 rev1=1 crypto rx=0x7ff0040098a0 tx=0x7ff004009bb0 comp rx=0 tx=0).ready entity=mon.0 client_cookie=d15c62354af92b35 server_cookie=0 in_seq=0 out_seq=0
2024-03-11T19:09:01.646 INFO:teuthology.orchestra.run.smithi042.stdout:/usr/bin/ceph: stderr
2024-03-11T19:09:00.786+0000 7ff00f7fe700 1 -- 172.21.15.42:0/1342528262 <== mon.0 v2:172.21.15.42:3300/0 1 ==== mon_map magic: 0 v1 ==== 205+0+0 (secure 0 0 0) 0x7ff004004160 con 0x7ff0101083f0
2024-03-11T19:09:01.646 INFO:teuthology.orchestra.run.smithi042.stdout:/usr/bin/ceph: stderr
2024-03-11T19:09:00.786+0000 7ff00f7fe700 1 -- 172.21.15.42:0/1342528262 <== mon.0 v2:172.21.15.42:3300/0 2 ==== config(29 keys) v1 ==== 1178+0+0 (secure 0 0 0) 0x7ff0040042c0 con 0x7ff0101083f0
2024-03-11T19:09:01.646 INFO:teuthology.orchestra.run.smithi042.stdout:/usr/bin/ceph: stderr
2024-03-11T19:09:00.786+0000 7ff00f7fe700 1 -- 172.21.15.42:0/1342528262 <== mon.0 v2:172.21.15.42:3300/0 3 ==== mon_map magic: 0 v1 ==== 205+0+0 (secure 0 0 0) 0x7ff004011c20 con 0x7ff0101083f0
2024-03-11T19:09:01.646 INFO:teuthology.orchestra.run.smithi042.stdout:/usr/bin/ceph: stderr
2024-03-11T19:09:00.786+0000 7ff016ad6700 1 -- 172.21.15.42:0/1342528262 >> [v2:172.21.15.42:3300/0,v1:172.21.15.42:6789/0] conn(0x7ff0101083f0 msgr2=0x7ff01010a7e0 secure :-1 s=STATE_CONNECTION_ESTABLISHED l=1).mark_down
2024-03-11T19:09:01.646 INFO:teuthology.orchestra.run.smithi042.stdout:/usr/bin/ceph: stderr
2024-03-11T19:09:00.786+0000 7ff016ad6700 1 --2- 172.21.15.42:0/1342528262 >> [v2:172.21.15.42:3300/0,v1:172.21.15.42:6789/0] conn(0x7ff0101083f0 0x7ff01010a7e0 secure :-1 s=READY pgs=18 cs=0 l=1 rev1=1 crypto rx=0x7ff0040098a0 tx=0x7ff004009bb0 comp rx=0 tx=0).stop
2024-03-11T19:09:01.646 INFO:teuthology.orchestra.run.smithi042.stdout:/usr/bin/ceph: stderr
2024-03-11T19:09:00.786+0000 7ff016ad6700 1 -- 172.21.15.42:0/1342528262 shutdown_connections
2024-03-11T19:09:01.646 INFO:teuthology.orchestra.run.smithi042.stdout:/usr/bin/ceph: stderr
2024-03-11T19:09:00.786+0000 7ff016ad6700 1 --2- 172.21.15.42:0/1342528262 >> [v2:172.21.15.42:3300/0,v1:172.21.15.42:6789/0] conn(0x7ff0101083f0 0x7ff01010a7e0 unknown :-1 s=CLOSED pgs=18 cs=0 l=1 rev1=1 crypto rx=0 tx=0 comp rx=0 tx=0).stop
2024-03-11T19:09:01.646 INFO:teuthology.orchestra.run.smithi042.stdout:/usr/bin/ceph: stderr
2024-03-11T19:09:00.786+0000 7ff016ad6700 1 -- 172.21.15.42:0/1342528262 >> 172.21.15.42:0/1342528262 conn(0x7ff010101ec0 msgr2=0x7ff0101042e0 unknown :-1 s=STATE_NONE l=0).mark_down
2024-03-11T19:09:01.646 INFO:teuthology.orchestra.run.smithi042.stdout:/usr/bin/ceph: stderr
2024-03-11T19:09:00.786+0000 7ff016ad6700 1 -- 172.21.15.42:0/1342528262 shutdown_connections
2024-03-11T19:09:01.646 INFO:teuthology.orchestra.run.smithi042.stdout:/usr/bin/ceph: stderr
2024-03-11T19:09:00.786+0000 7ff016ad6700 1 -- 172.21.15.42:0/1342528262 wait complete.
2024-03-11T19:09:01.646 INFO:teuthology.orchestra.run.smithi042.stdout:/usr/bin/ceph: stderr
2024-03-11T19:09:00.787+0000 7ff016ad6700 1 Processor -- start
2024-03-11T19:09:01.646 INFO:teuthology.orchestra.run.smithi042.stdout:/usr/bin/ceph: stderr
2024-03-11T19:09:00.787+0000 7ff016ad6700 1 -- start start
2024-03-11T19:09:01.646 INFO:teuthology.orchestra.run.smithi042.stdout:/usr/bin/ceph: stderr
2024-03-11T19:09:00.787+0000 7ff016ad6700 1 --2- >> [v2:172.21.15.42:3300/0,v1:172.21.15.42:6789/0] conn(0x7ff0101083f0 0x7ff010107c70 unknown :-1 s=NONE pgs=0 cs=0 l=1 rev1=0 crypto rx=0 tx=0 comp rx=0 tx=0).connect
2024-03-11T19:09:01.647 INFO:teuthology.orchestra.run.smithi042.stdout:/usr/bin/ceph: stderr
2024-03-11T19:09:00.787+0000 7ff016ad6700 1 -- --> [v2:172.21.15.42:3300/0,v1:172.21.15.42:6789/0] -- mon_getmap magic: 0 v1 -- 0x7ff0101081b0 con 0x7ff0101083f0
2024-03-11T19:09:01.647 INFO:teuthology.orchestra.run.smithi042.stdout:/usr/bin/ceph: stderr
2024-03-11T19:09:00.787+0000 7ff014872700 1 --2- >> [v2:172.21.15.42:3300/0,v1:172.21.15.42:6789/0] conn(0x7ff0101083f0 0x7ff010107c70 unknown :-1 s=BANNER_CONNECTING pgs=0 cs=0 l=1 rev1=0 crypto rx=0 tx=0 comp rx=0 tx=0)._handle_peer_banner_payload supported=3 required=0
2024-03-11T19:09:01.647 INFO:teuthology.orchestra.run.smithi042.stdout:/usr/bin/ceph: stderr
2024-03-11T19:09:00.787+0000 7ff014872700 1 --2- >> [v2:172.21.15.42:3300/0,v1:172.21.15.42:6789/0] conn(0x7ff0101083f0 0x7ff010107c70 unknown :-1 s=HELLO_CONNECTING pgs=0 cs=0 l=1 rev1=1 crypto rx=0 tx=0 comp rx=0 tx=0).handle_hello peer v2:172.21.15.42:3300/0 says I am v2:172.21.15.42:51736/0 (socket says 172.21.15.42:51736)
2024-03-11T19:09:01.647 INFO:teuthology.orchestra.run.smithi042.stdout:/usr/bin/ceph: stderr
2024-03-11T19:09:00.787+0000 7ff014872700 1 -- 172.21.15.42:0/828871730 learned_addr learned my addr 172.21.15.42:0/828871730 (peer_addr_for_me v2:172.21.15.42:0/0)
2024-03-11T19:09:01.647 INFO:teuthology.orchestra.run.smithi042.stdout:/usr/bin/ceph: stderr
2024-03-11T19:09:00.787+0000 7ff014872700 1 -- 172.21.15.42:0/828871730 --> [v2:172.21.15.42:3300/0,v1:172.21.15.42:6789/0] -- mon_subscribe({config=0+,monmap=0+}) v3 -- 0x7ff004009550 con 0x7ff0101083f0
2024-03-11T19:09:01.647 INFO:teuthology.orchestra.run.smithi042.stdout:/usr/bin/ceph: stderr
2024-03-11T19:09:00.788+0000 7ff014872700 1 --2- 172.21.15.42:0/828871730 >> [v2:172.21.15.42:3300/0,v1:172.21.15.42:6789/0] conn(0x7ff0101083f0 0x7ff010107c70 secure :-1 s=READY pgs=19 cs=0 l=1 rev1=1 crypto rx=0x7ff0040117a0 tx=0x7ff004011ca0 comp rx=0 tx=0).ready entity=mon.0 client_cookie=0 server_cookie=0 in_seq=0 out_seq=0
2024-03-11T19:09:01.647 INFO:teuthology.orchestra.run.smithi042.stdout:/usr/bin/ceph: stderr
2024-03-11T19:09:00.788+0000 7ff00dffb700 1 -- 172.21.15.42:0/828871730 <== mon.0 v2:172.21.15.42:3300/0 1 ==== mon_map magic: 0 v1 ==== 205+0+0 (secure 0 0 0) 0x7ff004003970 con 0x7ff0101083f0
2024-03-11T19:09:01.647 INFO:teuthology.orchestra.run.smithi042.stdout:/usr/bin/ceph: stderr
2024-03-11T19:09:00.788+0000 7ff016ad6700 1 -- 172.21.15.42:0/828871730 --> [v2:172.21.15.42:3300/0,v1:172.21.15.42:6789/0] -- mon_subscribe({mgrmap=0+}) v3 -- 0x7ff0101063a0 con 0x7ff0101083f0
2024-03-11T19:09:01.647 INFO:teuthology.orchestra.run.smithi042.stdout:/usr/bin/ceph: stderr
2024-03-11T19:09:00.788+0000 7ff00dffb700 1 -- 172.21.15.42:0/828871730 <== mon.0 v2:172.21.15.42:3300/0 2 ==== config(29 keys) v1 ==== 1178+0+0 (secure 0 0 0) 0x7ff004003ad0 con 0x7ff0101083f0
2024-03-11T19:09:01.647 INFO:teuthology.orchestra.run.smithi042.stdout:/usr/bin/ceph: stderr
2024-03-11T19:09:00.788+0000 7ff00dffb700 1 -- 172.21.15.42:0/828871730 <== mon.0 v2:172.21.15.42:3300/0 3 ==== mon_map magic: 0 v1 ==== 205+0+0 (secure 0 0 0) 0x7ff00401a690 con 0x7ff0101083f0
2024-03-11T19:09:01.647 INFO:teuthology.orchestra.run.smithi042.stdout:/usr/bin/ceph: stderr
2024-03-11T19:09:00.788+0000 7ff016ad6700 1 -- 172.21.15.42:0/828871730 --> [v2:172.21.15.42:3300/0,v1:172.21.15.42:6789/0] -- mon_subscribe({osdmap=0}) v3 -- 0x7ff010106840 con 0x7ff0101083f0
2024-03-11T19:09:01.647 INFO:teuthology.orchestra.run.smithi042.stdout:/usr/bin/ceph: stderr
2024-03-11T19:09:00.789+0000 7ff00dffb700 1 -- 172.21.15.42:0/828871730 <== mon.0 v2:172.21.15.42:3300/0 4 ==== mgrmap(e 3) v1 ==== 45652+0+0 (secure 0 0 0) 0x7ff00401a900 con 0x7ff0101083f0
2024-03-11T19:09:01.647 INFO:teuthology.orchestra.run.smithi042.stdout:/usr/bin/ceph: stderr
2024-03-11T19:09:00.789+0000 7ff00dffb700 1 --2- 172.21.15.42:0/828871730 >> [v2:172.21.15.42:6800/973576295,v1:172.21.15.42:6801/973576295] conn(0x7ff000038b00 0x7ff00003afc0 unknown :-1 s=NONE pgs=0 cs=0 l=1 rev1=0 crypto rx=0 tx=0 comp rx=0 tx=0).connect
2024-03-11T19:09:01.647 INFO:teuthology.orchestra.run.smithi042.stdout:/usr/bin/ceph: stderr
2024-03-11T19:09:00.789+0000 7ff00dffb700 1 -- 172.21.15.42:0/828871730 <== mon.0 v2:172.21.15.42:3300/0 5 ==== osd_map(1..1 src has 1..1) v4 ==== 725+0+0 (secure 0 0 0) 0x7ff00404ca50 con 0x7ff0101083f0
2024-03-11T19:09:01.648 INFO:teuthology.orchestra.run.smithi042.stdout:/usr/bin/ceph: stderr
2024-03-11T19:09:00.789+0000 7ff00ffff700 1 --2- 172.21.15.42:0/828871730 >> [v2:172.21.15.42:6800/973576295,v1:172.21.15.42:6801/973576295] conn(0x7ff000038b00 0x7ff00003afc0 unknown :-1 s=BANNER_CONNECTING pgs=0 cs=0 l=1 rev1=0 crypto rx=0 tx=0 comp rx=0 tx=0)._handle_peer_banner_payload supported=3 required=0
2024-03-11T19:09:01.648 INFO:teuthology.orchestra.run.smithi042.stdout:/usr/bin/ceph: stderr
2024-03-11T19:09:00.789+0000 7ff016ad6700 1 -- 172.21.15.42:0/828871730 --> [v2:172.21.15.42:3300/0,v1:172.21.15.42:6789/0] -- mon_command({"prefix": "get_command_descriptions"} v 0) v1 -- 0x7ff0100632a0 con 0x7ff0101083f0
2024-03-11T19:09:01.648 INFO:teuthology.orchestra.run.smithi042.stdout:/usr/bin/ceph: stderr
2024-03-11T19:09:00.790+0000 7ff00ffff700 1 --2- 172.21.15.42:0/828871730 >> [v2:172.21.15.42:6800/973576295,v1:172.21.15.42:6801/973576295] conn(0x7ff000038b00 0x7ff00003afc0 secure :-1 s=READY pgs=6 cs=0 l=1 rev1=1 crypto rx=0x7feffc006fd0 tx=0x7feffc006e40 comp rx=0 tx=0).ready entity=mgr.14100 client_cookie=0 server_cookie=0 in_seq=0 out_seq=0
2024-03-11T19:09:01.648 INFO:teuthology.orchestra.run.smithi042.stdout:/usr/bin/ceph: stderr
2024-03-11T19:09:00.795+0000 7ff00dffb700 1 -- 172.21.15.42:0/828871730 <== mon.0 v2:172.21.15.42:3300/0 6 ==== mon_command_ack([{"prefix": "get_command_descriptions"}]=0 v0) v1 ==== 72+0+183564 (secure 0 0 0) 0x7ff00401abb0 con 0x7ff0101083f0
2024-03-11T19:09:01.648 INFO:teuthology.orchestra.run.smithi042.stdout:/usr/bin/ceph: stderr
2024-03-11T19:09:01.015+0000 7ff00dffb700 1 -- 172.21.15.42:0/828871730 <== mon.0 v2:172.21.15.42:3300/0 7 ==== mgrmap(e 4) v1 ==== 45758+0+0 (secure 0 0 0) 0x7ff00402d910 con 0x7ff0101083f0
2024-03-11T19:09:01.648 INFO:teuthology.orchestra.run.smithi042.stdout:/usr/bin/ceph: stderr
2024-03-11T19:09:01.089+0000 7ff016ad6700 1 -- 172.21.15.42:0/828871730 --> [v2:172.21.15.42:3300/0,v1:172.21.15.42:6789/0] -- mon_command({"prefix": "status", "format": "json-pretty"} v 0) v1 -- 0x7ff01010bda0 con 0x7ff0101083f0
2024-03-11T19:09:01.648 INFO:teuthology.orchestra.run.smithi042.stdout:/usr/bin/ceph: stderr
2024-03-11T19:09:01.089+0000 7ff00dffb700 1 -- 172.21.15.42:0/828871730 <== mon.0 v2:172.21.15.42:3300/0 8 ==== mon_command_ack([{"prefix": "status", "format": "json-pretty"}]=0 v0) v1 ==== 79+0+1239 (secure 0 0 0) 0x7ff00401abb0 con 0x7ff0101083f0
2024-03-11T19:09:01.648 INFO:teuthology.orchestra.run.smithi042.stdout:/usr/bin/ceph: stderr
2024-03-11T19:09:01.091+0000 7ff016ad6700 1 -- 172.21.15.42:0/828871730 >> [v2:172.21.15.42:6800/973576295,v1:172.21.15.42:6801/973576295] conn(0x7ff000038b00 msgr2=0x7ff00003afc0 secure :-1 s=STATE_CONNECTION_ESTABLISHED l=1).mark_down
2024-03-11T19:09:01.648 INFO:teuthology.orchestra.run.smithi042.stdout:/usr/bin/ceph: stderr
2024-03-11T19:09:01.091+0000 7ff016ad6700 1 --2- 172.21.15.42:0/828871730 >> [v2:172.21.15.42:6800/973576295,v1:172.21.15.42:6801/973576295] conn(0x7ff000038b00 0x7ff00003afc0 secure :-1 s=READY pgs=6 cs=0 l=1 rev1=1 crypto rx=0x7feffc006fd0 tx=0x7feffc006e40 comp rx=0 tx=0).stop
2024-03-11T19:09:01.648 INFO:teuthology.orchestra.run.smithi042.stdout:/usr/bin/ceph: stderr
2024-03-11T19:09:01.091+0000 7ff016ad6700 1 -- 172.21.15.42:0/828871730 >> [v2:172.21.15.42:3300/0,v1:172.21.15.42:6789/0] conn(0x7ff0101083f0 msgr2=0x7ff010107c70 secure :-1 s=STATE_CONNECTION_ESTABLISHED l=1).mark_down
2024-03-11T19:09:01.648 INFO:teuthology.orchestra.run.smithi042.stdout:/usr/bin/ceph: stderr
2024-03-11T19:09:01.091+0000 7ff016ad6700 1 --2- 172.21.15.42:0/828871730 >> [v2:172.21.15.42:3300/0,v1:172.21.15.42:6789/0] conn(0x7ff0101083f0 0x7ff010107c70 secure :-1 s=READY pgs=19 cs=0 l=1 rev1=1 crypto rx=0x7ff0040117a0 tx=0x7ff004011ca0 comp rx=0 tx=0).stop
2024-03-11T19:09:01.648 INFO:teuthology.orchestra.run.smithi042.stdout:/usr/bin/ceph: stderr
2024-03-11T19:09:01.091+0000 7ff016ad6700 1 -- 172.21.15.42:0/828871730 shutdown_connections
2024-03-11T19:09:01.648 INFO:teuthology.orchestra.run.smithi042.stdout:/usr/bin/ceph: stderr
2024-03-11T19:09:01.091+0000 7ff016ad6700 1 --2- 172.21.15.42:0/828871730 >> [v2:172.21.15.42:6800/973576295,v1:172.21.15.42:6801/973576295] conn(0x7ff000038b00 0x7ff00003afc0 unknown :-1 s=CLOSED pgs=6 cs=0 l=1 rev1=1 crypto rx=0 tx=0 comp rx=0 tx=0).stop
2024-03-11T19:09:01.648 INFO:teuthology.orchestra.run.smithi042.stdout:/usr/bin/ceph: stderr
2024-03-11T19:09:01.091+0000 7ff016ad6700 1 --2- 172.21.15.42:0/828871730 >> [v2:172.21.15.42:3300/0,v1:172.21.15.42:6789/0] conn(0x7ff0101083f0 0x7ff010107c70 unknown :-1 s=CLOSED pgs=19 cs=0 l=1 rev1=1 crypto rx=0 tx=0 comp rx=0 tx=0).stop
2024-03-11T19:09:01.649 INFO:teuthology.orchestra.run.smithi042.stdout:/usr/bin/ceph: stderr
2024-03-11T19:09:01.091+0000 7ff016ad6700 1 -- 172.21.15.42:0/828871730 >> 172.21.15.42:0/828871730 conn(0x7ff010101ec0 msgr2=0x7ff010102aa0 unknown :-1 s=STATE_NONE l=0).mark_down
2024-03-11T19:09:01.649 INFO:teuthology.orchestra.run.smithi042.stdout:/usr/bin/ceph: stderr
2024-03-11T19:09:01.092+0000 7ff016ad6700 1 -- 172.21.15.42:0/828871730 shutdown_connections
2024-03-11T19:09:01.649 INFO:teuthology.orchestra.run.smithi042.stdout:/usr/bin/ceph: stderr
2024-03-11T19:09:01.092+0000 7ff016ad6700 1 -- 172.21.15.42:0/828871730 wait complete.
2024-03-11T19:09:01.649 INFO:teuthology.orchestra.run.smithi042.stdout:mgr is available
2024-03-11T19:09:02.276 INFO:journalctl@ceph.mon.a.smithi042.stdout:Mar 11 19:09:02 smithi042 ceph-mon[32312]: mgrmap e4: x(active, since 3s)
2024-03-11T19:09:02.276 INFO:journalctl@ceph.mon.a.smithi042.stdout:Mar 11 19:09:02 smithi042 ceph-mon[32312]: from='client.? 172.21.15.42:0/828871730' entity='client.admin' cmd=[{"prefix": "status", "format": "json-pretty"}]: dispatch
2024-03-11T19:09:02.801 INFO:teuthology.orchestra.run.smithi042.stdout:/usr/bin/ceph: stdout
2024-03-11T19:09:02.801 INFO:teuthology.orchestra.run.smithi042.stdout:/usr/bin/ceph: stdout [global]
2024-03-11T19:09:02.801 INFO:teuthology.orchestra.run.smithi042.stdout:/usr/bin/ceph: stdout fsid = 9fcd5024-dfda-11ee-95c8-87774f69a715
2024-03-11T19:09:02.801 INFO:teuthology.orchestra.run.smithi042.stdout:/usr/bin/ceph: stdout mon_osd_allow_pg_remap = true
2024-03-11T19:09:02.801 INFO:teuthology.orchestra.run.smithi042.stdout:/usr/bin/ceph: stdout mon_osd_allow_primary_affinity = true
2024-03-11T19:09:02.801 INFO:teuthology.orchestra.run.smithi042.stdout:/usr/bin/ceph: stdout mon_warn_on_no_sortbitwise = false
2024-03-11T19:09:02.801 INFO:teuthology.orchestra.run.smithi042.stdout:/usr/bin/ceph: stdout osd_crush_chooseleaf_type = 0
2024-03-11T19:09:02.801 INFO:teuthology.orchestra.run.smithi042.stdout:/usr/bin/ceph: stdout
2024-03-11T19:09:02.801 INFO:teuthology.orchestra.run.smithi042.stdout:/usr/bin/ceph: stdout [mgr]
2024-03-11T19:09:02.801 INFO:teuthology.orchestra.run.smithi042.stdout:/usr/bin/ceph: stdout mgr/telemetry/nag = false
2024-03-11T19:09:02.802 INFO:teuthology.orchestra.run.smithi042.stdout:/usr/bin/ceph: stdout
2024-03-11T19:09:02.802 INFO:teuthology.orchestra.run.smithi042.stdout:/usr/bin/ceph: stdout [osd]
2024-03-11T19:09:02.802 INFO:teuthology.orchestra.run.smithi042.stdout:/usr/bin/ceph: stdout mon_osd_backfillfull_ratio = 0.85
2024-03-11T19:09:02.802 INFO:teuthology.orchestra.run.smithi042.stdout:/usr/bin/ceph: stdout mon_osd_full_ratio = 0.9
2024-03-11T19:09:02.802 INFO:teuthology.orchestra.run.smithi042.stdout:/usr/bin/ceph: stdout mon_osd_nearfull_ratio = 0.8
2024-03-11T19:09:02.803 INFO:teuthology.orchestra.run.smithi042.stdout:/usr/bin/ceph: stdout osd_map_max_advance = 10
2024-03-11T19:09:02.803 INFO:teuthology.orchestra.run.smithi042.stdout:/usr/bin/ceph: stdout osd_sloppy_crc = true
2024-03-11T19:09:02.803 INFO:teuthology.orchestra.run.smithi042.stdout:/usr/bin/ceph: stderr
2024-03-11T19:09:02.050+0000 7fdff8458700 1 Processor -- start
2024-03-11T19:09:02.803 INFO:teuthology.orchestra.run.smithi042.stdout:/usr/bin/ceph: stderr
2024-03-11T19:09:02.050+0000 7fdff8458700 1 -- start start
2024-03-11T19:09:02.803 INFO:teuthology.orchestra.run.smithi042.stdout:/usr/bin/ceph: stderr
2024-03-11T19:09:02.050+0000 7fdff8458700 1 --2- >> [v2:172.21.15.42:3300/0,v1:172.21.15.42:6789/0] conn(0x7fdff0106d00 0x7fdff0107120 unknown :-1 s=NONE pgs=0 cs=0 l=0 rev1=0 crypto rx=0 tx=0 comp rx=0 tx=0).connect
2024-03-11T19:09:02.803 INFO:teuthology.orchestra.run.smithi042.stdout:/usr/bin/ceph: stderr
2024-03-11T19:09:02.050+0000 7fdff8458700 1 -- --> [v2:172.21.15.42:3300/0,v1:172.21.15.42:6789/0] -- mon_getmap magic: 0 v1 -- 0x7fdff01076f0 con 0x7fdff0106d00
2024-03-11T19:09:02.803 INFO:teuthology.orchestra.run.smithi042.stdout:/usr/bin/ceph: stderr
2024-03-11T19:09:02.050+0000 7fdff61f4700 1 --2- >> [v2:172.21.15.42:3300/0,v1:172.21.15.42:6789/0] conn(0x7fdff0106d00 0x7fdff0107120 unknown :-1 s=BANNER_CONNECTING pgs=0 cs=0 l=0 rev1=0 crypto rx=0 tx=0 comp rx=0 tx=0)._handle_peer_banner_payload supported=3 required=0
2024-03-11T19:09:02.805 INFO:teuthology.orchestra.run.smithi042.stdout:/usr/bin/ceph: stderr
2024-03-11T19:09:02.050+0000 7fdff61f4700 1 --2- >> [v2:172.21.15.42:3300/0,v1:172.21.15.42:6789/0] conn(0x7fdff0106d00 0x7fdff0107120 unknown :-1 s=HELLO_CONNECTING pgs=0 cs=0 l=0 rev1=1 crypto rx=0 tx=0 comp rx=0 tx=0).handle_hello peer v2:172.21.15.42:3300/0 says I am v2:172.21.15.42:51742/0 (socket says 172.21.15.42:51742)
2024-03-11T19:09:02.805 INFO:teuthology.orchestra.run.smithi042.stdout:/usr/bin/ceph: stderr
2024-03-11T19:09:02.050+0000 7fdff61f4700 1 -- 172.21.15.42:0/896140898 learned_addr learned my addr 172.21.15.42:0/896140898 (peer_addr_for_me v2:172.21.15.42:0/0)
2024-03-11T19:09:02.805 INFO:teuthology.orchestra.run.smithi042.stdout:/usr/bin/ceph: stderr
2024-03-11T19:09:02.050+0000 7fdff61f4700 1 -- 172.21.15.42:0/896140898 --> [v2:172.21.15.42:3300/0,v1:172.21.15.42:6789/0] -- mon_subscribe({config=0+,monmap=0+}) v3 -- 0x7fdff0107a20 con 0x7fdff0106d00
2024-03-11T19:09:02.805 INFO:teuthology.orchestra.run.smithi042.stdout:/usr/bin/ceph: stderr
2024-03-11T19:09:02.051+0000 7fdff61f4700 1 --2- 172.21.15.42:0/896140898 >> [v2:172.21.15.42:3300/0,v1:172.21.15.42:6789/0] conn(0x7fdff0106d00 0x7fdff0107120 secure :-1 s=READY pgs=20 cs=0 l=1 rev1=1 crypto rx=0x7fdfec0098a0 tx=0x7fdfec009bb0 comp rx=0 tx=0).ready entity=mon.0 client_cookie=30b9992d0f0a09f server_cookie=0 in_seq=0 out_seq=0
2024-03-11T19:09:02.805 INFO:teuthology.orchestra.run.smithi042.stdout:/usr/bin/ceph: stderr
2024-03-11T19:09:02.051+0000 7fdff51f2700 1 -- 172.21.15.42:0/896140898 <== mon.0 v2:172.21.15.42:3300/0 1 ==== mon_map magic: 0 v1 ==== 205+0+0 (secure 0 0 0) 0x7fdfec004160 con 0x7fdff0106d00
2024-03-11T19:09:02.805 INFO:teuthology.orchestra.run.smithi042.stdout:/usr/bin/ceph: stderr
2024-03-11T19:09:02.051+0000 7fdff51f2700 1 -- 172.21.15.42:0/896140898 <== mon.0 v2:172.21.15.42:3300/0 2 ==== config(29 keys) v1 ==== 1178+0+0 (secure 0 0 0) 0x7fdfec0042c0 con 0x7fdff0106d00
2024-03-11T19:09:02.805 INFO:teuthology.orchestra.run.smithi042.stdout:/usr/bin/ceph: stderr
2024-03-11T19:09:02.051+0000 7fdff51f2700 1 -- 172.21.15.42:0/896140898 <== mon.0 v2:172.21.15.42:3300/0 3 ==== mon_map magic: 0 v1 ==== 205+0+0 (secure 0 0 0) 0x7fdfec011c20 con 0x7fdff0106d00
2024-03-11T19:09:02.805 INFO:teuthology.orchestra.run.smithi042.stdout:/usr/bin/ceph: stderr
2024-03-11T19:09:02.051+0000 7fdff8458700 1 -- 172.21.15.42:0/896140898 >> [v2:172.21.15.42:3300/0,v1:172.21.15.42:6789/0] conn(0x7fdff0106d00 msgr2=0x7fdff0107120 secure :-1 s=STATE_CONNECTION_ESTABLISHED l=1).mark_down
2024-03-11T19:09:02.805 INFO:teuthology.orchestra.run.smithi042.stdout:/usr/bin/ceph: stderr
2024-03-11T19:09:02.051+0000 7fdff8458700 1 --2- 172.21.15.42:0/896140898 >> [v2:172.21.15.42:3300/0,v1:172.21.15.42:6789/0] conn(0x7fdff0106d00 0x7fdff0107120 secure :-1 s=READY pgs=20 cs=0 l=1 rev1=1 crypto rx=0x7fdfec0098a0 tx=0x7fdfec009bb0 comp rx=0 tx=0).stop
2024-03-11T19:09:02.806 INFO:teuthology.orchestra.run.smithi042.stdout:/usr/bin/ceph: stderr
2024-03-11T19:09:02.052+0000 7fdff8458700 1 -- 172.21.15.42:0/896140898 shutdown_connections
2024-03-11T19:09:02.806 INFO:teuthology.orchestra.run.smithi042.stdout:/usr/bin/ceph: stderr
2024-03-11T19:09:02.052+0000 7fdff8458700 1 --2- 172.21.15.42:0/896140898 >> [v2:172.21.15.42:3300/0,v1:172.21.15.42:6789/0] conn(0x7fdff0106d00 0x7fdff0107120 unknown :-1 s=CLOSED pgs=20 cs=0 l=1 rev1=1 crypto rx=0 tx=0 comp rx=0 tx=0).stop
2024-03-11T19:09:02.806 INFO:teuthology.orchestra.run.smithi042.stdout:/usr/bin/ceph: stderr
2024-03-11T19:09:02.052+0000 7fdff8458700 1 -- 172.21.15.42:0/896140898 >> 172.21.15.42:0/896140898 conn(0x7fdff0101560 msgr2=0x7fdff0103980 unknown :-1 s=STATE_NONE l=0).mark_down
2024-03-11T19:09:02.806 INFO:teuthology.orchestra.run.smithi042.stdout:/usr/bin/ceph: stderr
2024-03-11T19:09:02.052+0000 7fdff8458700 1 -- 172.21.15.42:0/896140898 shutdown_connections
2024-03-11T19:09:02.806 INFO:teuthology.orchestra.run.smithi042.stdout:/usr/bin/ceph: stderr
2024-03-11T19:09:02.052+0000 7fdff8458700 1 -- 172.21.15.42:0/896140898 wait complete.
2024-03-11T19:09:02.806 INFO:teuthology.orchestra.run.smithi042.stdout:/usr/bin/ceph: stderr
2024-03-11T19:09:02.052+0000 7fdff8458700 1 Processor -- start
2024-03-11T19:09:02.806 INFO:teuthology.orchestra.run.smithi042.stdout:/usr/bin/ceph: stderr
2024-03-11T19:09:02.052+0000 7fdff8458700 1 -- start start
2024-03-11T19:09:02.806 INFO:teuthology.orchestra.run.smithi042.stdout:/usr/bin/ceph: stderr
2024-03-11T19:09:02.052+0000 7fdff8458700 1 --2- >> [v2:172.21.15.42:3300/0,v1:172.21.15.42:6789/0] conn(0x7fdff0106d00 0x7fdff01919f0 unknown :-1 s=NONE pgs=0 cs=0 l=1 rev1=0 crypto rx=0 tx=0 comp rx=0 tx=0).connect
2024-03-11T19:09:02.806 INFO:teuthology.orchestra.run.smithi042.stdout:/usr/bin/ceph: stderr
2024-03-11T19:09:02.052+0000 7fdff8458700 1 -- --> [v2:172.21.15.42:3300/0,v1:172.21.15.42:6789/0] -- mon_getmap magic: 0 v1 -- 0x7fdff0191f30 con 0x7fdff0106d00
2024-03-11T19:09:02.806 INFO:teuthology.orchestra.run.smithi042.stdout:/usr/bin/ceph: stderr
2024-03-11T19:09:02.053+0000 7fdff61f4700 1 --2- >> [v2:172.21.15.42:3300/0,v1:172.21.15.42:6789/0] conn(0x7fdff0106d00 0x7fdff01919f0 unknown :-1 s=BANNER_CONNECTING pgs=0 cs=0 l=1 rev1=0 crypto rx=0 tx=0 comp rx=0 tx=0)._handle_peer_banner_payload supported=3 required=0
2024-03-11T19:09:02.806 INFO:teuthology.orchestra.run.smithi042.stdout:/usr/bin/ceph: stderr
2024-03-11T19:09:02.053+0000 7fdff61f4700 1 --2- >> [v2:172.21.15.42:3300/0,v1:172.21.15.42:6789/0] conn(0x7fdff0106d00 0x7fdff01919f0 unknown :-1 s=HELLO_CONNECTING pgs=0 cs=0 l=1 rev1=1 crypto rx=0 tx=0 comp rx=0 tx=0).handle_hello peer v2:172.21.15.42:3300/0 says I am v2:172.21.15.42:51756/0 (socket says 172.21.15.42:51756)
2024-03-11T19:09:02.806 INFO:teuthology.orchestra.run.smithi042.stdout:/usr/bin/ceph: stderr
2024-03-11T19:09:02.053+0000 7fdff61f4700 1 -- 172.21.15.42:0/3122926055 learned_addr learned my addr 172.21.15.42:0/3122926055 (peer_addr_for_me v2:172.21.15.42:0/0)
2024-03-11T19:09:02.806 INFO:teuthology.orchestra.run.smithi042.stdout:/usr/bin/ceph: stderr
2024-03-11T19:09:02.053+0000 7fdff61f4700 1 -- 172.21.15.42:0/3122926055 --> [v2:172.21.15.42:3300/0,v1:172.21.15.42:6789/0] -- mon_subscribe({config=0+,monmap=0+}) v3 -- 0x7fdfec009550 con 0x7fdff0106d00
