2024-03-11T19:10:50.871+0000 7f50ebe00700 1 --2- 172.21.15.72:0/386297550 >> [v2:172.21.15.72:6800/1095172224,v1:172.21.15.72:6801/1095172224] conn(0x7f50d4038cb0 0x7f50d403b170 unknown :-1 s=START_CONNECT pgs=0 cs=0 l=1 rev1=0 crypto rx=0 tx=0 comp rx=0 tx=0)._fault waiting 0.400000
2024-03-11T19:10:58.222 INFO:teuthology.orchestra.run.smithi072.stdout:/usr/bin/ceph: stderr
2024-03-11T19:10:51.272+0000 7f50ebe00700 1 -- 172.21.15.72:0/386297550 >> [v2:172.21.15.72:6800/1095172224,v1:172.21.15.72:6801/1095172224] conn(0x7f50d4038cb0 msgr2=0x7f50d403b170 unknown :-1 s=STATE_CONNECTING_RE l=1).process reconnect failed to v2:172.21.15.72:6800/1095172224
2024-03-11T19:10:58.222 INFO:teuthology.orchestra.run.smithi072.stdout:/usr/bin/ceph: stderr
2024-03-11T19:10:51.272+0000 7f50ebe00700 1 --2- 172.21.15.72:0/386297550 >> [v2:172.21.15.72:6800/1095172224,v1:172.21.15.72:6801/1095172224] conn(0x7f50d4038cb0 0x7f50d403b170 unknown :-1 s=START_CONNECT pgs=0 cs=0 l=1 rev1=0 crypto rx=0 tx=0 comp rx=0 tx=0)._fault waiting 0.800000
2024-03-11T19:10:58.222 INFO:teuthology.orchestra.run.smithi072.stdout:/usr/bin/ceph: stderr
2024-03-11T19:10:52.073+0000 7f50ebe00700 1 -- 172.21.15.72:0/386297550 >> [v2:172.21.15.72:6800/1095172224,v1:172.21.15.72:6801/1095172224] conn(0x7f50d4038cb0 msgr2=0x7f50d403b170 unknown :-1 s=STATE_CONNECTING_RE l=1).process reconnect failed to v2:172.21.15.72:6800/1095172224
2024-03-11T19:10:58.222 INFO:teuthology.orchestra.run.smithi072.stdout:/usr/bin/ceph: stderr
2024-03-11T19:10:52.073+0000 7f50ebe00700 1 --2- 172.21.15.72:0/386297550 >> [v2:172.21.15.72:6800/1095172224,v1:172.21.15.72:6801/1095172224] conn(0x7f50d4038cb0 0x7f50d403b170 unknown :-1 s=START_CONNECT pgs=0 cs=0 l=1 rev1=0 crypto rx=0 tx=0 comp rx=0 tx=0)._fault waiting 1.600000
2024-03-11T19:10:58.222 INFO:teuthology.orchestra.run.smithi072.stdout:/usr/bin/ceph: stderr
2024-03-11T19:10:53.675+0000 7f50ebe00700 1 -- 172.21.15.72:0/386297550 >> [v2:172.21.15.72:6800/1095172224,v1:172.21.15.72:6801/1095172224] conn(0x7f50d4038cb0 msgr2=0x7f50d403b170 unknown :-1 s=STATE_CONNECTING_RE l=1).process reconnect failed to v2:172.21.15.72:6800/1095172224
2024-03-11T19:10:58.222 INFO:teuthology.orchestra.run.smithi072.stdout:/usr/bin/ceph: stderr
2024-03-11T19:10:53.675+0000 7f50ebe00700 1 --2- 172.21.15.72:0/386297550 >> [v2:172.21.15.72:6800/1095172224,v1:172.21.15.72:6801/1095172224] conn(0x7f50d4038cb0 0x7f50d403b170 unknown :-1 s=START_CONNECT pgs=0 cs=0 l=1 rev1=0 crypto rx=0 tx=0 comp rx=0 tx=0)._fault waiting 3.200000
2024-03-11T19:10:58.222 INFO:teuthology.orchestra.run.smithi072.stdout:/usr/bin/ceph: stderr
2024-03-11T19:10:56.567+0000 7f50e9600700 1 -- 172.21.15.72:0/386297550 <== mon.0 v2:172.21.15.72:3300/0 6 ==== mgrmap(e 6) v1 ==== 45536+0+0 (secure 0 0 0) 0x7f50e0021d30 con 0x7f50ec07ce60
2024-03-11T19:10:58.222 INFO:teuthology.orchestra.run.smithi072.stdout:/usr/bin/ceph: stderr
2024-03-11T19:10:56.567+0000 7f50e9600700 1 -- 172.21.15.72:0/386297550 >> [v2:172.21.15.72:6800/1095172224,v1:172.21.15.72:6801/1095172224] conn(0x7f50d4038cb0 msgr2=0x7f50d403b170 unknown :-1 s=STATE_CONNECTING l=1).mark_down
2024-03-11T19:10:58.222 INFO:teuthology.orchestra.run.smithi072.stdout:/usr/bin/ceph: stderr
2024-03-11T19:10:56.567+0000 7f50e9600700 1 --2- 172.21.15.72:0/386297550 >> [v2:172.21.15.72:6800/1095172224,v1:172.21.15.72:6801/1095172224] conn(0x7f50d4038cb0 0x7f50d403b170 unknown :-1 s=START_CONNECT pgs=0 cs=0 l=1 rev1=0 crypto rx=0 tx=0 comp rx=0 tx=0).stop
2024-03-11T19:10:58.222 INFO:teuthology.orchestra.run.smithi072.stdout:/usr/bin/ceph: stderr
2024-03-11T19:10:57.571+0000 7f50e9600700 1 -- 172.21.15.72:0/386297550 <== mon.0 v2:172.21.15.72:3300/0 7 ==== mgrmap(e 7) v1 ==== 45663+0+0 (secure 0 0 0) 0x7f50e004e350 con 0x7f50ec07ce60
2024-03-11T19:10:58.222 INFO:teuthology.orchestra.run.smithi072.stdout:/usr/bin/ceph: stderr
2024-03-11T19:10:57.572+0000 7f50e9600700 1 --2- 172.21.15.72:0/386297550 >> [v2:172.21.15.72:6800/2769969675,v1:172.21.15.72:6801/2769969675] conn(0x7f50d403c5a0 0x7f50d403e990 unknown :-1 s=NONE pgs=0 cs=0 l=1 rev1=0 crypto rx=0 tx=0 comp rx=0 tx=0).connect
2024-03-11T19:10:58.223 INFO:teuthology.orchestra.run.smithi072.stdout:/usr/bin/ceph: stderr
2024-03-11T19:10:57.572+0000 7f50e9600700 1 -- 172.21.15.72:0/386297550 --> [v2:172.21.15.72:6800/2769969675,v1:172.21.15.72:6801/2769969675] -- command(tid 0: {"prefix": "get_command_descriptions"}) v1 -- 0x7f50d403b880 con 0x7f50d403c5a0
2024-03-11T19:10:58.223 INFO:teuthology.orchestra.run.smithi072.stdout:/usr/bin/ceph: stderr
2024-03-11T19:10:57.575+0000 7f50ebe00700 1 --2- 172.21.15.72:0/386297550 >> [v2:172.21.15.72:6800/2769969675,v1:172.21.15.72:6801/2769969675] conn(0x7f50d403c5a0 0x7f50d403e990 unknown :-1 s=BANNER_CONNECTING pgs=0 cs=0 l=1 rev1=0 crypto rx=0 tx=0 comp rx=0 tx=0)._handle_peer_banner_payload supported=3 required=0
2024-03-11T19:10:58.223 INFO:teuthology.orchestra.run.smithi072.stdout:/usr/bin/ceph: stderr
2024-03-11T19:10:57.577+0000 7f50ebe00700 1 --2- 172.21.15.72:0/386297550 >> [v2:172.21.15.72:6800/2769969675,v1:172.21.15.72:6801/2769969675] conn(0x7f50d403c5a0 0x7f50d403e990 secure :-1 s=READY pgs=3 cs=0 l=1 rev1=1 crypto rx=0x7f50d8003a10 tx=0x7f50d8009290 comp rx=0 tx=0).ready entity=mgr.14120 client_cookie=0 server_cookie=0 in_seq=0 out_seq=0
2024-03-11T19:10:58.223 INFO:teuthology.orchestra.run.smithi072.stdout:/usr/bin/ceph: stderr
2024-03-11T19:10:57.579+0000 7f50e9600700 1 -- 172.21.15.72:0/386297550 <== mgr.14120 v2:172.21.15.72:6800/2769969675 1 ==== command_reply(tid 0: 0 ) v1 ==== 8+0+7774 (secure 0 0 0) 0x7f50d403b880 con 0x7f50d403c5a0
2024-03-11T19:10:58.223 INFO:teuthology.orchestra.run.smithi072.stdout:/usr/bin/ceph: stderr
2024-03-11T19:10:57.588+0000 7f50f3800700 1 -- 172.21.15.72:0/386297550 --> [v2:172.21.15.72:6800/2769969675,v1:172.21.15.72:6801/2769969675] -- command(tid 1: {"prefix": "mgr_status"}) v1 -- 0x7f50ec10da80 con 0x7f50d403c5a0
2024-03-11T19:10:58.223 INFO:teuthology.orchestra.run.smithi072.stdout:/usr/bin/ceph: stderr
2024-03-11T19:10:57.589+0000 7f50e9600700 1 -- 172.21.15.72:0/386297550 <== mgr.14120 v2:172.21.15.72:6800/2769969675 2 ==== command_reply(tid 1: 0 ) v1 ==== 8+0+51 (secure 0 0 0) 0x7f50ec10da80 con 0x7f50d403c5a0
2024-03-11T19:10:58.223 INFO:teuthology.orchestra.run.smithi072.stdout:/usr/bin/ceph: stderr
2024-03-11T19:10:57.590+0000 7f50f3800700 1 -- 172.21.15.72:0/386297550 >> [v2:172.21.15.72:6800/2769969675,v1:172.21.15.72:6801/2769969675] conn(0x7f50d403c5a0 msgr2=0x7f50d403e990 secure :-1 s=STATE_CONNECTION_ESTABLISHED l=1).mark_down
2024-03-11T19:10:58.223 INFO:teuthology.orchestra.run.smithi072.stdout:/usr/bin/ceph: stderr
2024-03-11T19:10:57.590+0000 7f50f3800700 1 --2- 172.21.15.72:0/386297550 >> [v2:172.21.15.72:6800/2769969675,v1:172.21.15.72:6801/2769969675] conn(0x7f50d403c5a0 0x7f50d403e990 secure :-1 s=READY pgs=3 cs=0 l=1 rev1=1 crypto rx=0x7f50d8003a10 tx=0x7f50d8009290 comp rx=0 tx=0).stop
2024-03-11T19:10:58.223 INFO:teuthology.orchestra.run.smithi072.stdout:/usr/bin/ceph: stderr
2024-03-11T19:10:57.590+0000 7f50f3800700 1 -- 172.21.15.72:0/386297550 >> [v2:172.21.15.72:3300/0,v1:172.21.15.72:6789/0] conn(0x7f50ec07ce60 msgr2=0x7f50ec19d6a0 secure :-1 s=STATE_CONNECTION_ESTABLISHED l=1).mark_down
2024-03-11T19:10:58.223 INFO:teuthology.orchestra.run.smithi072.stdout:/usr/bin/ceph: stderr
2024-03-11T19:10:57.590+0000 7f50f3800700 1 --2- 172.21.15.72:0/386297550 >> [v2:172.21.15.72:3300/0,v1:172.21.15.72:6789/0] conn(0x7f50ec07ce60 0x7f50ec19d6a0 secure :-1 s=READY pgs=29 cs=0 l=1 rev1=1 crypto rx=0x7f50e0011a70 tx=0x7f50e0011b50 comp rx=0 tx=0).stop
2024-03-11T19:10:58.223 INFO:teuthology.orchestra.run.smithi072.stdout:/usr/bin/ceph: stderr
2024-03-11T19:10:57.590+0000 7f50f3800700 1 -- 172.21.15.72:0/386297550 shutdown_connections
2024-03-11T19:10:58.223 INFO:teuthology.orchestra.run.smithi072.stdout:/usr/bin/ceph: stderr
2024-03-11T19:10:57.590+0000 7f50f3800700 1 --2- 172.21.15.72:0/386297550 >> [v2:172.21.15.72:6800/2769969675,v1:172.21.15.72:6801/2769969675] conn(0x7f50d403c5a0 0x7f50d403e990 unknown :-1 s=CLOSED pgs=3 cs=0 l=1 rev1=1 crypto rx=0 tx=0 comp rx=0 tx=0).stop
2024-03-11T19:10:58.223 INFO:teuthology.orchestra.run.smithi072.stdout:/usr/bin/ceph: stderr
2024-03-11T19:10:57.590+0000 7f50f3800700 1 --2- 172.21.15.72:0/386297550 >> [v2:172.21.15.72:3300/0,v1:172.21.15.72:6789/0] conn(0x7f50ec07ce60 0x7f50ec19d6a0 unknown :-1 s=CLOSED pgs=29 cs=0 l=1 rev1=1 crypto rx=0 tx=0 comp rx=0 tx=0).stop
2024-03-11T19:10:58.223 INFO:teuthology.orchestra.run.smithi072.stdout:/usr/bin/ceph: stderr
2024-03-11T19:10:57.590+0000 7f50f3800700 1 --2- 172.21.15.72:0/386297550 >> [v2:172.21.15.72:6800/1095172224,v1:172.21.15.72:6801/1095172224] conn(0x7f50d4038cb0 0x7f50d403b170 unknown :-1 s=CLOSED pgs=0 cs=0 l=1 rev1=0 crypto rx=0 tx=0 comp rx=0 tx=0).stop
2024-03-11T19:10:58.224 INFO:teuthology.orchestra.run.smithi072.stdout:/usr/bin/ceph: stderr
2024-03-11T19:10:57.590+0000 7f50f3800700 1 -- 172.21.15.72:0/386297550 >> 172.21.15.72:0/386297550 conn(0x7f50ec102cd0 msgr2=0x7f50ec1038d0 unknown :-1 s=STATE_NONE l=0).mark_down
2024-03-11T19:10:58.224 INFO:teuthology.orchestra.run.smithi072.stdout:/usr/bin/ceph: stderr
2024-03-11T19:10:57.590+0000 7f50f3800700 1 -- 172.21.15.72:0/386297550 shutdown_connections
2024-03-11T19:10:58.224 INFO:teuthology.orchestra.run.smithi072.stdout:/usr/bin/ceph: stderr
2024-03-11T19:10:57.590+0000 7f50f3800700 1 -- 172.21.15.72:0/386297550 wait complete.
2024-03-11T19:10:58.224 INFO:teuthology.orchestra.run.smithi072.stdout:mgr epoch 5 is available
2024-03-11T19:10:58.224 INFO:teuthology.orchestra.run.smithi072.stdout:Setting orchestrator backend to cephadm...
2024-03-11T19:10:58.761 INFO:journalctl@ceph.mon.a.smithi072.stdout:Mar 11 19:10:58 smithi072 ceph-mon[31695]: [11/Mar/2024:19:10:57] ENGINE Bus STARTING
2024-03-11T19:10:58.761 INFO:journalctl@ceph.mon.a.smithi072.stdout:Mar 11 19:10:58 smithi072 ceph-mon[31695]: [11/Mar/2024:19:10:57] ENGINE Serving on https://172.21.15.72:7150
2024-03-11T19:10:58.761 INFO:journalctl@ceph.mon.a.smithi072.stdout:Mar 11 19:10:58 smithi072 ceph-mon[31695]: [11/Mar/2024:19:10:57] ENGINE Serving on http://172.21.15.72:8765
2024-03-11T19:10:58.761 INFO:journalctl@ceph.mon.a.smithi072.stdout:Mar 11 19:10:58 smithi072 ceph-mon[31695]: [11/Mar/2024:19:10:57] ENGINE Bus STARTED
2024-03-11T19:10:58.761 INFO:journalctl@ceph.mon.a.smithi072.stdout:Mar 11 19:10:58 smithi072 ceph-mon[31695]: from='client.14124 -' entity='client.admin' cmd=[{"prefix": "get_command_descriptions"}]: dispatch
2024-03-11T19:10:58.761 INFO:journalctl@ceph.mon.a.smithi072.stdout:Mar 11 19:10:58 smithi072 ceph-mon[31695]: from='client.14124 -' entity='client.admin' cmd=[{"prefix": "mgr_status"}]: dispatch
2024-03-11T19:10:59.680 INFO:journalctl@ceph.mon.a.smithi072.stdout:Mar 11 19:10:59 smithi072 ceph-mon[31695]: mgrmap e8: x(active, since 2s)
2024-03-11T19:10:59.680 INFO:journalctl@ceph.mon.a.smithi072.stdout:Mar 11 19:10:59 smithi072 ceph-mon[31695]: from='mgr.14120 172.21.15.72:0/4152239445' entity='mgr.x'
2024-03-11T19:10:59.680 INFO:journalctl@ceph.mon.a.smithi072.stdout:Mar 11 19:10:59 smithi072 ceph-mon[31695]: from='mgr.14120 172.21.15.72:0/4152239445' entity='mgr.x' cmd=[{"prefix": "config dump", "format": "json"}]: dispatch
2024-03-11T19:10:59.725 INFO:teuthology.orchestra.run.smithi072.stdout:/usr/bin/ceph: stderr
2024-03-11T19:10:58.829+0000 7f6744000700 1 Processor -- start
2024-03-11T19:10:59.725 INFO:teuthology.orchestra.run.smithi072.stdout:/usr/bin/ceph: stderr
2024-03-11T19:10:58.829+0000 7f6744000700 1 -- start start
2024-03-11T19:10:59.725 INFO:teuthology.orchestra.run.smithi072.stdout:/usr/bin/ceph: stderr
2024-03-11T19:10:58.830+0000 7f6744000700 1 --2- >> [v2:172.21.15.72:3300/0,v1:172.21.15.72:6789/0] conn(0x7f673c107690 0x7f673c107ab0 unknown :-1 s=NONE pgs=0 cs=0 l=0 rev1=0 crypto rx=0 tx=0 comp rx=0 tx=0).connect
2024-03-11T19:10:59.725 INFO:teuthology.orchestra.run.smithi072.stdout:/usr/bin/ceph: stderr
2024-03-11T19:10:58.830+0000 7f6744000700 1 -- --> [v2:172.21.15.72:3300/0,v1:172.21.15.72:6789/0] -- mon_getmap magic: 0 v1 -- 0x7f673c108080 con 0x7f673c107690
2024-03-11T19:10:59.725 INFO:teuthology.orchestra.run.smithi072.stdout:/usr/bin/ceph: stderr
2024-03-11T19:10:58.830+0000 7f6741600700 1 --2- >> [v2:172.21.15.72:3300/0,v1:172.21.15.72:6789/0] conn(0x7f673c107690 0x7f673c107ab0 unknown :-1 s=BANNER_CONNECTING pgs=0 cs=0 l=0 rev1=0 crypto rx=0 tx=0 comp rx=0 tx=0)._handle_peer_banner_payload supported=3 required=0
2024-03-11T19:10:59.725 INFO:teuthology.orchestra.run.smithi072.stdout:/usr/bin/ceph: stderr
2024-03-11T19:10:58.830+0000 7f6741600700 1 --2- >> [v2:172.21.15.72:3300/0,v1:172.21.15.72:6789/0] conn(0x7f673c107690 0x7f673c107ab0 unknown :-1 s=HELLO_CONNECTING pgs=0 cs=0 l=0 rev1=1 crypto rx=0 tx=0 comp rx=0 tx=0).handle_hello peer v2:172.21.15.72:3300/0 says I am v2:172.21.15.72:40118/0 (socket says 172.21.15.72:40118)
2024-03-11T19:10:59.725 INFO:teuthology.orchestra.run.smithi072.stdout:/usr/bin/ceph: stderr
2024-03-11T19:10:58.830+0000 7f6741600700 1 -- 172.21.15.72:0/1675408475 learned_addr learned my addr 172.21.15.72:0/1675408475 (peer_addr_for_me v2:172.21.15.72:0/0)
2024-03-11T19:10:59.725 INFO:teuthology.orchestra.run.smithi072.stdout:/usr/bin/ceph: stderr
2024-03-11T19:10:58.831+0000 7f6741600700 1 -- 172.21.15.72:0/1675408475 --> [v2:172.21.15.72:3300/0,v1:172.21.15.72:6789/0] -- mon_subscribe({config=0+,monmap=0+}) v3 -- 0x7f673c108840 con 0x7f673c107690
2024-03-11T19:10:59.725 INFO:teuthology.orchestra.run.smithi072.stdout:/usr/bin/ceph: stderr
2024-03-11T19:10:58.831+0000 7f6741600700 1 --2- 172.21.15.72:0/1675408475 >> [v2:172.21.15.72:3300/0,v1:172.21.15.72:6789/0] conn(0x7f673c107690 0x7f673c107ab0 secure :-1 s=READY pgs=37 cs=0 l=1 rev1=1 crypto rx=0x7f67300098a0 tx=0x7f6730009bb0 comp rx=0 tx=0).ready entity=mon.0 client_cookie=a5caae0ea3aa72f1 server_cookie=0 in_seq=0 out_seq=0
2024-03-11T19:10:59.725 INFO:teuthology.orchestra.run.smithi072.stdout:/usr/bin/ceph: stderr
2024-03-11T19:10:58.831+0000 7f673be00700 1 -- 172.21.15.72:0/1675408475 <== mon.0 v2:172.21.15.72:3300/0 1 ==== mon_map magic: 0 v1 ==== 205+0+0 (secure 0 0 0) 0x7f6730004160 con 0x7f673c107690
2024-03-11T19:10:59.725 INFO:teuthology.orchestra.run.smithi072.stdout:/usr/bin/ceph: stderr
2024-03-11T19:10:58.831+0000 7f673be00700 1 -- 172.21.15.72:0/1675408475 <== mon.0 v2:172.21.15.72:3300/0 2 ==== config(27 keys) v1 ==== 1109+0+0 (secure 0 0 0) 0x7f67300042c0 con 0x7f673c107690
2024-03-11T19:10:59.725 INFO:teuthology.orchestra.run.smithi072.stdout:/usr/bin/ceph: stderr
2024-03-11T19:10:58.832+0000 7f673be00700 1 -- 172.21.15.72:0/1675408475 <== mon.0 v2:172.21.15.72:3300/0 3 ==== mon_map magic: 0 v1 ==== 205+0+0 (secure 0 0 0) 0x7f6730011ac0 con 0x7f673c107690
2024-03-11T19:10:59.726 INFO:teuthology.orchestra.run.smithi072.stdout:/usr/bin/ceph: stderr
2024-03-11T19:10:58.832+0000 7f6744000700 1 -- 172.21.15.72:0/1675408475 >> [v2:172.21.15.72:3300/0,v1:172.21.15.72:6789/0] conn(0x7f673c107690 msgr2=0x7f673c107ab0 secure :-1 s=STATE_CONNECTION_ESTABLISHED l=1).mark_down
2024-03-11T19:10:59.726 INFO:teuthology.orchestra.run.smithi072.stdout:/usr/bin/ceph: stderr
2024-03-11T19:10:58.832+0000 7f6744000700 1 --2- 172.21.15.72:0/1675408475 >> [v2:172.21.15.72:3300/0,v1:172.21.15.72:6789/0] conn(0x7f673c107690 0x7f673c107ab0 secure :-1 s=READY pgs=37 cs=0 l=1 rev1=1 crypto rx=0x7f67300098a0 tx=0x7f6730009bb0 comp rx=0 tx=0).stop
2024-03-11T19:10:59.726 INFO:teuthology.orchestra.run.smithi072.stdout:/usr/bin/ceph: stderr
2024-03-11T19:10:58.832+0000 7f6744000700 1 -- 172.21.15.72:0/1675408475 shutdown_connections
2024-03-11T19:10:59.726 INFO:teuthology.orchestra.run.smithi072.stdout:/usr/bin/ceph: stderr
2024-03-11T19:10:58.832+0000 7f6744000700 1 --2- 172.21.15.72:0/1675408475 >> [v2:172.21.15.72:3300/0,v1:172.21.15.72:6789/0] conn(0x7f673c107690 0x7f673c107ab0 unknown :-1 s=CLOSED pgs=37 cs=0 l=1 rev1=1 crypto rx=0 tx=0 comp rx=0 tx=0).stop
2024-03-11T19:10:59.726 INFO:teuthology.orchestra.run.smithi072.stdout:/usr/bin/ceph: stderr
2024-03-11T19:10:58.832+0000 7f6744000700 1 -- 172.21.15.72:0/1675408475 >> 172.21.15.72:0/1675408475 conn(0x7f673c102cd0 msgr2=0x7f673c1050f0 unknown :-1 s=STATE_NONE l=0).mark_down
2024-03-11T19:10:59.726 INFO:teuthology.orchestra.run.smithi072.stdout:/usr/bin/ceph: stderr
2024-03-11T19:10:58.832+0000 7f6744000700 1 -- 172.21.15.72:0/1675408475 shutdown_connections
2024-03-11T19:10:59.726 INFO:teuthology.orchestra.run.smithi072.stdout:/usr/bin/ceph: stderr
2024-03-11T19:10:58.832+0000 7f6744000700 1 -- 172.21.15.72:0/1675408475 wait complete.
2024-03-11T19:10:59.726 INFO:teuthology.orchestra.run.smithi072.stdout:/usr/bin/ceph: stderr
2024-03-11T19:10:58.833+0000 7f6744000700 1 Processor -- start
2024-03-11T19:10:59.726 INFO:teuthology.orchestra.run.smithi072.stdout:/usr/bin/ceph: stderr
2024-03-11T19:10:58.834+0000 7f6744000700 1 -- start start
2024-03-11T19:10:59.726 INFO:teuthology.orchestra.run.smithi072.stdout:/usr/bin/ceph: stderr
2024-03-11T19:10:58.834+0000 7f6744000700 1 --2- >> [v2:172.21.15.72:3300/0,v1:172.21.15.72:6789/0] conn(0x7f673c107690 0x7f673c07cb80 unknown :-1 s=NONE pgs=0 cs=0 l=1 rev1=0 crypto rx=0 tx=0 comp rx=0 tx=0).connect
2024-03-11T19:10:59.726 INFO:teuthology.orchestra.run.smithi072.stdout:/usr/bin/ceph: stderr
2024-03-11T19:10:58.834+0000 7f6744000700 1 -- --> [v2:172.21.15.72:3300/0,v1:172.21.15.72:6789/0] -- mon_getmap magic: 0 v1 -- 0x7f673c07d0c0 con 0x7f673c107690
2024-03-11T19:10:59.726 INFO:teuthology.orchestra.run.smithi072.stdout:/usr/bin/ceph: stderr
2024-03-11T19:10:58.834+0000 7f6741600700 1 --2- >> [v2:172.21.15.72:3300/0,v1:172.21.15.72:6789/0] conn(0x7f673c107690 0x7f673c07cb80 unknown :-1 s=BANNER_CONNECTING pgs=0 cs=0 l=1 rev1=0 crypto rx=0 tx=0 comp rx=0 tx=0)._handle_peer_banner_payload supported=3 required=0
2024-03-11T19:10:59.726 INFO:teuthology.orchestra.run.smithi072.stdout:/usr/bin/ceph: stderr
2024-03-11T19:10:58.834+0000 7f6741600700 1 --2- >> [v2:172.21.15.72:3300/0,v1:172.21.15.72:6789/0] conn(0x7f673c107690 0x7f673c07cb80 unknown :-1 s=HELLO_CONNECTING pgs=0 cs=0 l=1 rev1=1 crypto rx=0 tx=0 comp rx=0 tx=0).handle_hello peer v2:172.21.15.72:3300/0 says I am v2:172.21.15.72:40120/0 (socket says 172.21.15.72:40120)
2024-03-11T19:10:59.726 INFO:teuthology.orchestra.run.smithi072.stdout:/usr/bin/ceph: stderr
2024-03-11T19:10:58.834+0000 7f6741600700 1 -- 172.21.15.72:0/2157385812 learned_addr learned my addr 172.21.15.72:0/2157385812 (peer_addr_for_me v2:172.21.15.72:0/0)
2024-03-11T19:10:59.726 INFO:teuthology.orchestra.run.smithi072.stdout:/usr/bin/ceph: stderr
2024-03-11T19:10:58.835+0000 7f6741600700 1 -- 172.21.15.72:0/2157385812 --> [v2:172.21.15.72:3300/0,v1:172.21.15.72:6789/0] -- mon_subscribe({config=0+,monmap=0+}) v3 -- 0x7f6730009550 con 0x7f673c107690
2024-03-11T19:10:59.727 INFO:teuthology.orchestra.run.smithi072.stdout:/usr/bin/ceph: stderr
2024-03-11T19:10:58.835+0000 7f6741600700 1 --2- 172.21.15.72:0/2157385812 >> [v2:172.21.15.72:3300/0,v1:172.21.15.72:6789/0] conn(0x7f673c107690 0x7f673c07cb80 secure :-1 s=READY pgs=38 cs=0 l=1 rev1=1 crypto rx=0x7f6730003f70 tx=0x7f6730011b40 comp rx=0 tx=0).ready entity=mon.0 client_cookie=0 server_cookie=0 in_seq=0 out_seq=0
2024-03-11T19:10:59.727 INFO:teuthology.orchestra.run.smithi072.stdout:/usr/bin/ceph: stderr
2024-03-11T19:10:58.835+0000 7f673a000700 1 -- 172.21.15.72:0/2157385812 <== mon.0 v2:172.21.15.72:3300/0 1 ==== mon_map magic: 0 v1 ==== 205+0+0 (secure 0 0 0) 0x7f67300039f0 con 0x7f673c107690
2024-03-11T19:10:59.727 INFO:teuthology.orchestra.run.smithi072.stdout:/usr/bin/ceph: stderr
2024-03-11T19:10:58.835+0000 7f673a000700 1 -- 172.21.15.72:0/2157385812 <== mon.0 v2:172.21.15.72:3300/0 2 ==== config(27 keys) v1 ==== 1109+0+0 (secure 0 0 0) 0x7f6730003b50 con 0x7f673c107690
2024-03-11T19:10:59.727 INFO:teuthology.orchestra.run.smithi072.stdout:/usr/bin/ceph: stderr
2024-03-11T19:10:58.835+0000 7f6744000700 1 -- 172.21.15.72:0/2157385812 --> [v2:172.21.15.72:3300/0,v1:172.21.15.72:6789/0] -- mon_subscribe({mgrmap=0+}) v3 -- 0x7f673c07b2b0 con 0x7f673c107690
2024-03-11T19:10:59.727 INFO:teuthology.orchestra.run.smithi072.stdout:/usr/bin/ceph: stderr
2024-03-11T19:10:58.835+0000 7f673a000700 1 -- 172.21.15.72:0/2157385812 <== mon.0 v2:172.21.15.72:3300/0 3 ==== mon_map magic: 0 v1 ==== 205+0+0 (secure 0 0 0) 0x7f673001a690 con 0x7f673c107690
2024-03-11T19:10:59.727 INFO:teuthology.orchestra.run.smithi072.stdout:/usr/bin/ceph: stderr
2024-03-11T19:10:58.835+0000 7f6744000700 1 -- 172.21.15.72:0/2157385812 --> [v2:172.21.15.72:3300/0,v1:172.21.15.72:6789/0] -- mon_subscribe({osdmap=0}) v3 -- 0x7f673c07b750 con 0x7f673c107690
2024-03-11T19:10:59.727 INFO:teuthology.orchestra.run.smithi072.stdout:/usr/bin/ceph: stderr
2024-03-11T19:10:58.836+0000 7f673a000700 1 -- 172.21.15.72:0/2157385812 <== mon.0 v2:172.21.15.72:3300/0 4 ==== mgrmap(e 8) v1 ==== 45769+0+0 (secure 0 0 0) 0x7f673001a960 con 0x7f673c107690
2024-03-11T19:10:59.727 INFO:teuthology.orchestra.run.smithi072.stdout:/usr/bin/ceph: stderr
2024-03-11T19:10:58.836+0000 7f6744000700 1 -- 172.21.15.72:0/2157385812 --> [v2:172.21.15.72:3300/0,v1:172.21.15.72:6789/0] -- mon_command({"prefix": "get_command_descriptions"} v 0) v1 -- 0x7f673c10ba70 con 0x7f673c107690
2024-03-11T19:10:59.727 INFO:teuthology.orchestra.run.smithi072.stdout:/usr/bin/ceph: stderr
2024-03-11T19:10:58.837+0000 7f673a000700 1 --2- 172.21.15.72:0/2157385812 >> [v2:172.21.15.72:6800/2769969675,v1:172.21.15.72:6801/2769969675] conn(0x7f6724038cb0 0x7f672403b170 unknown :-1 s=NONE pgs=0 cs=0 l=1 rev1=0 crypto rx=0 tx=0 comp rx=0 tx=0).connect
2024-03-11T19:10:59.727 INFO:teuthology.orchestra.run.smithi072.stdout:/usr/bin/ceph: stderr
2024-03-11T19:10:58.837+0000 7f673a000700 1 -- 172.21.15.72:0/2157385812 <== mon.0 v2:172.21.15.72:3300/0 5 ==== osd_map(2..2 src has 1..2) v4 ==== 940+0+0 (secure 0 0 0) 0x7f673004d0f0 con 0x7f673c107690
2024-03-11T19:10:59.727 INFO:teuthology.orchestra.run.smithi072.stdout:/usr/bin/ceph: stderr
2024-03-11T19:10:58.837+0000 7f6740c00700 1 --2- 172.21.15.72:0/2157385812 >> [v2:172.21.15.72:6800/2769969675,v1:172.21.15.72:6801/2769969675] conn(0x7f6724038cb0 0x7f672403b170 unknown :-1 s=BANNER_CONNECTING pgs=0 cs=0 l=1 rev1=0 crypto rx=0 tx=0 comp rx=0 tx=0)._handle_peer_banner_payload supported=3 required=0
2024-03-11T19:10:59.727 INFO:teuthology.orchestra.run.smithi072.stdout:/usr/bin/ceph: stderr
2024-03-11T19:10:58.838+0000 7f6740c00700 1 --2- 172.21.15.72:0/2157385812 >> [v2:172.21.15.72:6800/2769969675,v1:172.21.15.72:6801/2769969675] conn(0x7f6724038cb0 0x7f672403b170 secure :-1 s=READY pgs=7 cs=0 l=1 rev1=1 crypto rx=0x7f6728006fd0 tx=0x7f6728006e40 comp rx=0 tx=0).ready entity=mgr.14120 client_cookie=0 server_cookie=0 in_seq=0 out_seq=0
2024-03-11T19:10:59.727 INFO:teuthology.orchestra.run.smithi072.stdout:/usr/bin/ceph: stderr
2024-03-11T19:10:58.843+0000 7f673a000700 1 -- 172.21.15.72:0/2157385812 <== mon.0 v2:172.21.15.72:3300/0 6 ==== mon_command_ack([{"prefix": "get_command_descriptions"}]=0 v0) v1 ==== 72+0+183564 (secure 0 0 0) 0x7f6730080d20 con 0x7f673c107690
2024-03-11T19:10:59.728 INFO:teuthology.orchestra.run.smithi072.stdout:/usr/bin/ceph: stderr
2024-03-11T19:10:59.078+0000 7f6744000700 1 -- 172.21.15.72:0/2157385812 --> [v2:172.21.15.72:6800/2769969675,v1:172.21.15.72:6801/2769969675] -- mgr_command(tid 0: {"prefix": "orch set backend", "module_name": "cephadm", "target": ["mon-mgr", ""]}) v1 -- 0x7f673c07be40 con 0x7f6724038cb0
2024-03-11T19:10:59.728 INFO:teuthology.orchestra.run.smithi072.stdout:/usr/bin/ceph: stderr
2024-03-11T19:10:59.091+0000 7f673a000700 1 -- 172.21.15.72:0/2157385812 <== mgr.14120 v2:172.21.15.72:6800/2769969675 1 ==== mgr_command_reply(tid 0: 0 ) v1 ==== 8+0+0 (secure 0 0 0) 0x7f673c07be40 con 0x7f6724038cb0
2024-03-11T19:10:59.728 INFO:teuthology.orchestra.run.smithi072.stdout:/usr/bin/ceph: stderr
2024-03-11T19:10:59.095+0000 7f6744000700 1 -- 172.21.15.72:0/2157385812 >> [v2:172.21.15.72:6800/2769969675,v1:172.21.15.72:6801/2769969675] conn(0x7f6724038cb0 msgr2=0x7f672403b170 secure :-1 s=STATE_CONNECTION_ESTABLISHED l=1).mark_down
2024-03-11T19:10:59.728 INFO:teuthology.orchestra.run.smithi072.stdout:/usr/bin/ceph: stderr
2024-03-11T19:10:59.095+0000 7f6744000700 1 --2- 172.21.15.72:0/2157385812 >> [v2:172.21.15.72:6800/2769969675,v1:172.21.15.72:6801/2769969675] conn(0x7f6724038cb0 0x7f672403b170 secure :-1 s=READY pgs=7 cs=0 l=1 rev1=1 crypto rx=0x7f6728006fd0 tx=0x7f6728006e40 comp rx=0 tx=0).stop
2024-03-11T19:10:59.729 INFO:teuthology.orchestra.run.smithi072.stdout:/usr/bin/ceph: stderr
2024-03-11T19:10:59.095+0000 7f6744000700 1 -- 172.21.15.72:0/2157385812 >> [v2:172.21.15.72:3300/0,v1:172.21.15.72:6789/0] conn(0x7f673c107690 msgr2=0x7f673c07cb80 secure :-1 s=STATE_CONNECTION_ESTABLISHED l=1).mark_down
2024-03-11T19:10:59.729 INFO:teuthology.orchestra.run.smithi072.stdout:/usr/bin/ceph: stderr
2024-03-11T19:10:59.095+0000 7f6744000700 1 --2- 172.21.15.72:0/2157385812 >> [v2:172.21.15.72:3300/0,v1:172.21.15.72:6789/0] conn(0x7f673c107690 0x7f673c07cb80 secure :-1 s=READY pgs=38 cs=0 l=1 rev1=1 crypto rx=0x7f6730003f70 tx=0x7f6730011b40 comp rx=0 tx=0).stop
2024-03-11T19:10:59.729 INFO:teuthology.orchestra.run.smithi072.stdout:/usr/bin/ceph: stderr
2024-03-11T19:10:59.095+0000 7f6744000700 1 -- 172.21.15.72:0/2157385812 shutdown_connections
2024-03-11T19:10:59.729 INFO:teuthology.orchestra.run.smithi072.stdout:/usr/bin/ceph: stderr
2024-03-11T19:10:59.095+0000 7f6744000700 1 --2- 172.21.15.72:0/2157385812 >> [v2:172.21.15.72:6800/2769969675,v1:172.21.15.72:6801/2769969675] conn(0x7f6724038cb0 0x7f672403b170 unknown :-1 s=CLOSED pgs=7 cs=0 l=1 rev1=1 crypto rx=0 tx=0 comp rx=0 tx=0).stop
2024-03-11T19:10:59.729 INFO:teuthology.orchestra.run.smithi072.stdout:/usr/bin/ceph: stderr
2024-03-11T19:10:59.095+0000 7f6744000700 1 --2- 172.21.15.72:0/2157385812 >> [v2:172.21.15.72:3300/0,v1:172.21.15.72:6789/0] conn(0x7f673c107690 0x7f673c07cb80 unknown :-1 s=CLOSED pgs=38 cs=0 l=1 rev1=1 crypto rx=0 tx=0 comp rx=0 tx=0).stop
2024-03-11T19:10:59.729 INFO:teuthology.orchestra.run.smithi072.stdout:/usr/bin/ceph: stderr
2024-03-11T19:10:59.095+0000 7f6744000700 1 -- 172.21.15.72:0/2157385812 >> 172.21.15.72:0/2157385812 conn(0x7f673c102cd0 msgr2=0x7f673c1037e0 unknown :-1 s=STATE_NONE l=0).mark_down
2024-03-11T19:10:59.729 INFO:teuthology.orchestra.run.smithi072.stdout:/usr/bin/ceph: stderr
2024-03-11T19:10:59.095+0000 7f6744000700 1 -- 172.21.15.72:0/2157385812 shutdown_connections
2024-03-11T19:10:59.729 INFO:teuthology.orchestra.run.smithi072.stdout:/usr/bin/ceph: stderr
2024-03-11T19:10:59.095+0000 7f6744000700 1 -- 172.21.15.72:0/2157385812 wait complete.
2024-03-11T19:11:00.887 INFO:journalctl@ceph.mon.a.smithi072.stdout:Mar 11 19:11:00 smithi072 ceph-mon[31695]: from='client.14132 -' entity='client.admin' cmd=[{"prefix": "orch set backend", "module_name": "cephadm", "target": ["mon-mgr", ""]}]: dispatch
2024-03-11T19:11:01.270 INFO:teuthology.orchestra.run.smithi072.stdout:/usr/bin/ceph: stdout value unchanged
2024-03-11T19:11:01.271 INFO:teuthology.orchestra.run.smithi072.stdout:/usr/bin/ceph: stderr
2024-03-11T19:11:00.308+0000 7f033e000700 1 Processor -- start
2024-03-11T19:11:01.271 INFO:teuthology.orchestra.run.smithi072.stdout:/usr/bin/ceph: stderr
2024-03-11T19:11:00.309+0000 7f033e000700 1 -- start start
2024-03-11T19:11:01.271 INFO:teuthology.orchestra.run.smithi072.stdout:/usr/bin/ceph: stderr
2024-03-11T19:11:00.309+0000 7f033e000700 1 --2- >> [v2:172.21.15.72:3300/0,v1:172.21.15.72:6789/0] conn(0x7f03381096f0 0x7f0338109b10 unknown :-1 s=NONE pgs=0 cs=0 l=0 rev1=0 crypto rx=0 tx=0 comp rx=0 tx=0).connect
2024-03-11T19:11:01.271 INFO:teuthology.orchestra.run.smithi072.stdout:/usr/bin/ceph: stderr
2024-03-11T19:11:00.309+0000 7f033e000700 1 -- --> [v2:172.21.15.72:3300/0,v1:172.21.15.72:6789/0] -- mon_getmap magic: 0 v1 -- 0x7f033810a0e0 con 0x7f03381096f0
2024-03-11T19:11:01.271 INFO:teuthology.orchestra.run.smithi072.stdout:/usr/bin/ceph: stderr
2024-03-11T19:11:00.310+0000 7f033cc00700 1 --2- >> [v2:172.21.15.72:3300/0,v1:172.21.15.72:6789/0] conn(0x7f03381096f0 0x7f0338109b10 unknown :-1 s=BANNER_CONNECTING pgs=0 cs=0 l=0 rev1=0 crypto rx=0 tx=0 comp rx=0 tx=0)._handle_peer_banner_payload supported=3 required=0
2024-03-11T19:11:01.271 INFO:teuthology.orchestra.run.smithi072.stdout:/usr/bin/ceph: stderr
2024-03-11T19:11:00.310+0000 7f033cc00700 1 --2- >> [v2:172.21.15.72:3300/0,v1:172.21.15.72:6789/0] conn(0x7f03381096f0 0x7f0338109b10 unknown :-1 s=HELLO_CONNECTING pgs=0 cs=0 l=0 rev1=1 crypto rx=0 tx=0 comp rx=0 tx=0).handle_hello peer v2:172.21.15.72:3300/0 says I am v2:172.21.15.72:40124/0 (socket says 172.21.15.72:40124)
2024-03-11T19:11:01.271 INFO:teuthology.orchestra.run.smithi072.stdout:/usr/bin/ceph: stderr
2024-03-11T19:11:00.310+0000 7f033cc00700 1 -- 172.21.15.72:0/3889511170 learned_addr learned my addr 172.21.15.72:0/3889511170 (peer_addr_for_me v2:172.21.15.72:0/0)
2024-03-11T19:11:01.271 INFO:teuthology.orchestra.run.smithi072.stdout:/usr/bin/ceph: stderr
2024-03-11T19:11:00.310+0000 7f033cc00700 1 -- 172.21.15.72:0/3889511170 --> [v2:172.21.15.72:3300/0,v1:172.21.15.72:6789/0] -- mon_subscribe({config=0+,monmap=0+}) v3 -- 0x7f033810a8a0 con 0x7f03381096f0
2024-03-11T19:11:01.271 INFO:teuthology.orchestra.run.smithi072.stdout:/usr/bin/ceph: stderr
2024-03-11T19:11:00.311+0000 7f033cc00700 1 --2- 172.21.15.72:0/3889511170 >> [v2:172.21.15.72:3300/0,v1:172.21.15.72:6789/0] conn(0x7f03381096f0 0x7f0338109b10 secure :-1 s=READY pgs=39 cs=0 l=1 rev1=1 crypto rx=0x7f032c0098a0 tx=0x7f032c009bb0 comp rx=0 tx=0).ready entity=mon.0 client_cookie=b98f2f99e8c25c0b server_cookie=0 in_seq=0 out_seq=0
2024-03-11T19:11:01.272 INFO:teuthology.orchestra.run.smithi072.stdout:/usr/bin/ceph: stderr
2024-03-11T19:11:00.311+0000 7f0337400700 1 -- 172.21.15.72:0/3889511170 <== mon.0 v2:172.21.15.72:3300/0 1 ==== mon_map magic: 0 v1 ==== 205+0+0 (secure 0 0 0) 0x7f032c004160 con 0x7f03381096f0
2024-03-11T19:11:01.272 INFO:teuthology.orchestra.run.smithi072.stdout:/usr/bin/ceph: stderr
2024-03-11T19:11:00.311+0000 7f0337400700 1 -- 172.21.15.72:0/3889511170 <== mon.0 v2:172.21.15.72:3300/0 2 ==== config(27 keys) v1 ==== 1109+0+0 (secure 0 0 0) 0x7f032c0042c0 con 0x7f03381096f0
2024-03-11T19:11:01.272 INFO:teuthology.orchestra.run.smithi072.stdout:/usr/bin/ceph: stderr
2024-03-11T19:11:00.311+0000 7f0337400700 1 -- 172.21.15.72:0/3889511170 <== mon.0 v2:172.21.15.72:3300/0 3 ==== mon_map magic: 0 v1 ==== 205+0+0 (secure 0 0 0) 0x7f032c011ac0 con 0x7f03381096f0
2024-03-11T19:11:01.272 INFO:teuthology.orchestra.run.smithi072.stdout:/usr/bin/ceph: stderr
2024-03-11T19:11:00.312+0000 7f033e000700 1 -- 172.21.15.72:0/3889511170 >> [v2:172.21.15.72:3300/0,v1:172.21.15.72:6789/0] conn(0x7f03381096f0 msgr2=0x7f0338109b10 secure :-1 s=STATE_CONNECTION_ESTABLISHED l=1).mark_down
2024-03-11T19:11:01.272 INFO:teuthology.orchestra.run.smithi072.stdout:/usr/bin/ceph: stderr
2024-03-11T19:11:00.312+0000 7f033e000700 1 --2- 172.21.15.72:0/3889511170 >> [v2:172.21.15.72:3300/0,v1:172.21.15.72:6789/0] conn(0x7f03381096f0 0x7f0338109b10 secure :-1 s=READY pgs=39 cs=0 l=1 rev1=1 crypto rx=0x7f032c0098a0 tx=0x7f032c009bb0 comp rx=0 tx=0).stop
2024-03-11T19:11:01.272 INFO:teuthology.orchestra.run.smithi072.stdout:/usr/bin/ceph: stderr
2024-03-11T19:11:00.312+0000 7f033e000700 1 -- 172.21.15.72:0/3889511170 shutdown_connections
2024-03-11T19:11:01.272 INFO:teuthology.orchestra.run.smithi072.stdout:/usr/bin/ceph: stderr
2024-03-11T19:11:00.312+0000 7f033e000700 1 --2- 172.21.15.72:0/3889511170 >> [v2:172.21.15.72:3300/0,v1:172.21.15.72:6789/0] conn(0x7f03381096f0 0x7f0338109b10 unknown :-1 s=CLOSED pgs=39 cs=0 l=1 rev1=1 crypto rx=0 tx=0 comp rx=0 tx=0).stop
2024-03-11T19:11:01.272 INFO:teuthology.orchestra.run.smithi072.stdout:/usr/bin/ceph: stderr
2024-03-11T19:11:00.312+0000 7f033e000700 1 -- 172.21.15.72:0/3889511170 >> 172.21.15.72:0/3889511170 conn(0x7f033807cc20 msgr2=0x7f03381074e0 unknown :-1 s=STATE_NONE l=0).mark_down
2024-03-11T19:11:01.272 INFO:teuthology.orchestra.run.smithi072.stdout:/usr/bin/ceph: stderr
2024-03-11T19:11:00.312+0000 7f033e000700 1 -- 172.21.15.72:0/3889511170 shutdown_connections
2024-03-11T19:11:01.272 INFO:teuthology.orchestra.run.smithi072.stdout:/usr/bin/ceph: stderr
2024-03-11T19:11:00.312+0000 7f033e000700 1 -- 172.21.15.72:0/3889511170 wait complete.
2024-03-11T19:11:01.273 INFO:teuthology.orchestra.run.smithi072.stdout:/usr/bin/ceph: stderr
2024-03-11T19:11:00.313+0000 7f033e000700 1 Processor -- start
2024-03-11T19:11:01.273 INFO:teuthology.orchestra.run.smithi072.stdout:/usr/bin/ceph: stderr
2024-03-11T19:11:00.313+0000 7f033e000700 1 -- start start
2024-03-11T19:11:01.273 INFO:teuthology.orchestra.run.smithi072.stdout:/usr/bin/ceph: stderr
2024-03-11T19:11:00.314+0000 7f033e000700 1 --2- >> [v2:172.21.15.72:3300/0,v1:172.21.15.72:6789/0] conn(0x7f03381096f0 0x7f033819d4a0 unknown :-1 s=NONE pgs=0 cs=0 l=1 rev1=0 crypto rx=0 tx=0 comp rx=0 tx=0).connect
2024-03-11T19:11:01.273 INFO:teuthology.orchestra.run.smithi072.stdout:/usr/bin/ceph: stderr
2024-03-11T19:11:00.314+0000 7f033e000700 1 -- --> [v2:172.21.15.72:3300/0,v1:172.21.15.72:6789/0] -- mon_getmap magic: 0 v1 -- 0x7f033819d9e0 con 0x7f03381096f0
2024-03-11T19:11:01.273 INFO:teuthology.orchestra.run.smithi072.stdout:/usr/bin/ceph: stderr
2024-03-11T19:11:00.314+0000 7f033cc00700 1 --2- >> [v2:172.21.15.72:3300/0,v1:172.21.15.72:6789/0] conn(0x7f03381096f0 0x7f033819d4a0 unknown :-1 s=BANNER_CONNECTING pgs=0 cs=0 l=1 rev1=0 crypto rx=0 tx=0 comp rx=0 tx=0)._handle_peer_banner_payload supported=3 required=0
2024-03-11T19:11:01.273 INFO:teuthology.orchestra.run.smithi072.stdout:/usr/bin/ceph: stderr
2024-03-11T19:11:00.314+0000 7f033cc00700 1 --2- >> [v2:172.21.15.72:3300/0,v1:172.21.15.72:6789/0] conn(0x7f03381096f0 0x7f033819d4a0 unknown :-1 s=HELLO_CONNECTING pgs=0 cs=0 l=1 rev1=1 crypto rx=0 tx=0 comp rx=0 tx=0).handle_hello peer v2:172.21.15.72:3300/0 says I am v2:172.21.15.72:40138/0 (socket says 172.21.15.72:40138)
2024-03-11T19:11:01.273 INFO:teuthology.orchestra.run.smithi072.stdout:/usr/bin/ceph: stderr
2024-03-11T19:11:00.314+0000 7f033cc00700 1 -- 172.21.15.72:0/1025148806 learned_addr learned my addr 172.21.15.72:0/1025148806 (peer_addr_for_me v2:172.21.15.72:0/0)
2024-03-11T19:11:01.273 INFO:teuthology.orchestra.run.smithi072.stdout:/usr/bin/ceph: stderr
2024-03-11T19:11:00.314+0000 7f033cc00700 1 -- 172.21.15.72:0/1025148806 --> [v2:172.21.15.72:3300/0,v1:172.21.15.72:6789/0] -- mon_subscribe({config=0+,monmap=0+}) v3 -- 0x7f032c009550 con 0x7f03381096f0
2024-03-11T19:11:01.273 INFO:teuthology.orchestra.run.smithi072.stdout:/usr/bin/ceph: stderr
2024-03-11T19:11:00.315+0000 7f033cc00700 1 --2- 172.21.15.72:0/1025148806 >> [v2:172.21.15.72:3300/0,v1:172.21.15.72:6789/0] conn(0x7f03381096f0 0x7f033819d4a0 secure :-1 s=READY pgs=40 cs=0 l=1 rev1=1 crypto rx=0x7f032c009fb0 tx=0x7f032c011b20 comp rx=0 tx=0).ready entity=mon.0 client_cookie=0 server_cookie=0 in_seq=0 out_seq=0
2024-03-11T19:11:01.273 INFO:teuthology.orchestra.run.smithi072.stdout:/usr/bin/ceph: stderr
2024-03-11T19:11:00.315+0000 7f0335600700 1 -- 172.21.15.72:0/1025148806 <== mon.0 v2:172.21.15.72:3300/0 1 ==== mon_map magic: 0 v1 ==== 205+0+0 (secure 0 0 0) 0x7f032c0038b0 con 0x7f03381096f0
2024-03-11T19:11:01.273 INFO:teuthology.orchestra.run.smithi072.stdout:/usr/bin/ceph: stderr
2024-03-11T19:11:00.315+0000 7f0335600700 1 -- 172.21.15.72:0/1025148806 <== mon.0 v2:172.21.15.72:3300/0 2 ==== config(27 keys) v1 ==== 1109+0+0 (secure 0 0 0) 0x7f032c003a10 con 0x7f03381096f0
2024-03-11T19:11:01.273 INFO:teuthology.orchestra.run.smithi072.stdout:/usr/bin/ceph: stderr
2024-03-11T19:11:00.315+0000 7f033e000700 1 -- 172.21.15.72:0/1025148806 --> [v2:172.21.15.72:3300/0,v1:172.21.15.72:6789/0] -- mon_subscribe({mgrmap=0+}) v3 -- 0x7f033819dbe0 con 0x7f03381096f0
2024-03-11T19:11:01.274 INFO:teuthology.orchestra.run.smithi072.stdout:/usr/bin/ceph: stderr
2024-03-11T19:11:00.315+0000 7f0335600700 1 -- 172.21.15.72:0/1025148806 <== mon.0 v2:172.21.15.72:3300/0 3 ==== mon_map magic: 0 v1 ==== 205+0+0 (secure 0 0 0) 0x7f032c0195e0 con 0x7f03381096f0
2024-03-11T19:11:01.274 INFO:teuthology.orchestra.run.smithi072.stdout:/usr/bin/ceph: stderr
2024-03-11T19:11:00.315+0000 7f033e000700 1 -- 172.21.15.72:0/1025148806 --> [v2:172.21.15.72:3300/0,v1:172.21.15.72:6789/0] -- mon_subscribe({osdmap=0}) v3 -- 0x7f033819e080 con 0x7f03381096f0
2024-03-11T19:11:01.274 INFO:teuthology.orchestra.run.smithi072.stdout:/usr/bin/ceph: stderr
2024-03-11T19:11:00.316+0000 7f033e000700 1 -- 172.21.15.72:0/1025148806 --> [v2:172.21.15.72:3300/0,v1:172.21.15.72:6789/0] -- mon_command({"prefix": "get_command_descriptions"} v 0) v1 -- 0x7f033810dad0 con 0x7f03381096f0
2024-03-11T19:11:01.274 INFO:teuthology.orchestra.run.smithi072.stdout:/usr/bin/ceph: stderr
2024-03-11T19:11:00.316+0000 7f0335600700 1 -- 172.21.15.72:0/1025148806 <== mon.0 v2:172.21.15.72:3300/0 4 ==== mgrmap(e 8) v1 ==== 45769+0+0 (secure 0 0 0) 0x7f032c01a430 con 0x7f03381096f0
2024-03-11T19:11:01.274 INFO:teuthology.orchestra.run.smithi072.stdout:/usr/bin/ceph: stderr
2024-03-11T19:11:00.317+0000 7f0335600700 1 --2- 172.21.15.72:0/1025148806 >> [v2:172.21.15.72:6800/2769969675,v1:172.21.15.72:6801/2769969675] conn(0x7f0320038cb0 0x7f032003b170 unknown :-1 s=NONE pgs=0 cs=0 l=1 rev1=0 crypto rx=0 tx=0 comp rx=0 tx=0).connect
2024-03-11T19:11:01.274 INFO:teuthology.orchestra.run.smithi072.stdout:/usr/bin/ceph: stderr
2024-03-11T19:11:00.317+0000 7f0335600700 1 -- 172.21.15.72:0/1025148806 <== mon.0 v2:172.21.15.72:3300/0 5 ==== osd_map(2..2 src has 1..2) v4 ==== 940+0+0 (secure 0 0 0) 0x7f032c04ce80 con 0x7f03381096f0
2024-03-11T19:11:01.274 INFO:teuthology.orchestra.run.smithi072.stdout:/usr/bin/ceph: stderr
2024-03-11T19:11:00.317+0000 7f0337e00700 1 --2- 172.21.15.72:0/1025148806 >> [v2:172.21.15.72:6800/2769969675,v1:172.21.15.72:6801/2769969675] conn(0x7f0320038cb0 0x7f032003b170 unknown :-1 s=BANNER_CONNECTING pgs=0 cs=0 l=1 rev1=0 crypto rx=0 tx=0 comp rx=0 tx=0)._handle_peer_banner_payload supported=3 required=0
2024-03-11T19:11:01.274 INFO:teuthology.orchestra.run.smithi072.stdout:/usr/bin/ceph: stderr
2024-03-11T19:11:00.318+0000 7f0337e00700 1 --2- 172.21.15.72:0/1025148806 >> [v2:172.21.15.72:6800/2769969675,v1:172.21.15.72:6801/2769969675] conn(0x7f0320038cb0 0x7f032003b170 secure :-1 s=READY pgs=8 cs=0 l=1 rev1=1 crypto rx=0x7f0324006fd0 tx=0x7f0324006e40 comp rx=0 tx=0).ready entity=mgr.14120 client_cookie=0 server_cookie=0 in_seq=0 out_seq=0
2024-03-11T19:11:01.274 INFO:teuthology.orchestra.run.smithi072.stdout:/usr/bin/ceph: stderr
2024-03-11T19:11:00.322+0000 7f0335600700 1 -- 172.21.15.72:0/1025148806 <== mon.0 v2:172.21.15.72:3300/0 6 ==== mon_command_ack([{"prefix": "get_command_descriptions"}]=0 v0) v1 ==== 72+0+183564 (secure 0 0 0) 0x7f032c003b80 con 0x7f03381096f0
2024-03-11T19:11:01.274 INFO:teuthology.orchestra.run.smithi072.stdout:/usr/bin/ceph: stderr
2024-03-11T19:11:00.541+0000 7f033e000700 1 -- 172.21.15.72:0/1025148806 --> [v2:172.21.15.72:6800/2769969675,v1:172.21.15.72:6801/2769969675] -- mgr_command(tid 0: {"prefix": "cephadm set-user", "user": "root", "target": ["mon-mgr", ""]}) v1 -- 0x7f033810dad0 con 0x7f0320038cb0
2024-03-11T19:11:01.274 INFO:teuthology.orchestra.run.smithi072.stdout:/usr/bin/ceph: stderr
2024-03-11T19:11:00.543+0000 7f0335600700 1 -- 172.21.15.72:0/1025148806 <== mgr.14120 v2:172.21.15.72:6800/2769969675 1 ==== mgr_command_reply(tid 0: 0 ) v1 ==== 8+0+16 (secure 0 0 0) 0x7f033810dad0 con 0x7f0320038cb0
2024-03-11T19:11:01.275 INFO:teuthology.orchestra.run.smithi072.stdout:/usr/bin/ceph: stderr
2024-03-11T19:11:00.545+0000 7f033e000700 1 -- 172.21.15.72:0/1025148806 >> [v2:172.21.15.72:6800/2769969675,v1:172.21.15.72:6801/2769969675] conn(0x7f0320038cb0 msgr2=0x7f032003b170 secure :-1 s=STATE_CONNECTION_ESTABLISHED l=1).mark_down
2024-03-11T19:11:01.275 INFO:teuthology.orchestra.run.smithi072.stdout:/usr/bin/ceph: stderr
2024-03-11T19:11:00.545+0000 7f033e000700 1 --2- 172.21.15.72:0/1025148806 >> [v2:172.21.15.72:6800/2769969675,v1:172.21.15.72:6801/2769969675] conn(0x7f0320038cb0 0x7f032003b170 secure :-1 s=READY pgs=8 cs=0 l=1 rev1=1 crypto rx=0x7f0324006fd0 tx=0x7f0324006e40 comp rx=0 tx=0).stop
2024-03-11T19:11:01.275 INFO:teuthology.orchestra.run.smithi072.stdout:/usr/bin/ceph: stderr
2024-03-11T19:11:00.545+0000 7f033e000700 1 -- 172.21.15.72:0/1025148806 >> [v2:172.21.15.72:3300/0,v1:172.21.15.72:6789/0] conn(0x7f03381096f0 msgr2=0x7f033819d4a0 secure :-1 s=STATE_CONNECTION_ESTABLISHED l=1).mark_down
2024-03-11T19:11:01.275 INFO:teuthology.orchestra.run.smithi072.stdout:/usr/bin/ceph: stderr
2024-03-11T19:11:00.545+0000 7f033e000700 1 --2- 172.21.15.72:0/1025148806 >> [v2:172.21.15.72:3300/0,v1:172.21.15.72:6789/0] conn(0x7f03381096f0 0x7f033819d4a0 secure :-1 s=READY pgs=40 cs=0 l=1 rev1=1 crypto rx=0x7f032c009fb0 tx=0x7f032c011b20 comp rx=0 tx=0).stop
2024-03-11T19:11:01.275 INFO:teuthology.orchestra.run.smithi072.stdout:/usr/bin/ceph: stderr
2024-03-11T19:11:00.546+0000 7f033e000700 1 -- 172.21.15.72:0/1025148806 shutdown_connections
2024-03-11T19:11:01.275 INFO:teuthology.orchestra.run.smithi072.stdout:/usr/bin/ceph: stderr
2024-03-11T19:11:00.546+0000 7f033e000700 1 --2- 172.21.15.72:0/1025148806 >> [v2:172.21.15.72:6800/2769969675,v1:172.21.15.72:6801/2769969675] conn(0x7f0320038cb0 0x7f032003b170 unknown :-1 s=CLOSED pgs=8 cs=0 l=1 rev1=1 crypto rx=0 tx=0 comp rx=0 tx=0).stop
2024-03-11T19:11:01.275 INFO:teuthology.orchestra.run.smithi072.stdout:/usr/bin/ceph: stderr
2024-03-11T19:11:00.546+0000 7f033e000700 1 --2- 172.21.15.72:0/1025148806 >> [v2:172.21.15.72:3300/0,v1:172.21.15.72:6789/0] conn(0x7f03381096f0 0x7f033819d4a0 unknown :-1 s=CLOSED pgs=40 cs=0 l=1 rev1=1 crypto rx=0 tx=0 comp rx=0 tx=0).stop
2024-03-11T19:11:01.275 INFO:teuthology.orchestra.run.smithi072.stdout:/usr/bin/ceph: stderr
2024-03-11T19:11:00.546+0000 7f033e000700 1 -- 172.21.15.72:0/1025148806 >> 172.21.15.72:0/1025148806 conn(0x7f033807cc20 msgr2=0x7f0338106c10 unknown :-1 s=STATE_NONE l=0).mark_down
2024-03-11T19:11:01.275 INFO:teuthology.orchestra.run.smithi072.stdout:/usr/bin/ceph: stderr
2024-03-11T19:11:00.546+0000 7f033e000700 1 -- 172.21.15.72:0/1025148806 shutdown_connections
2024-03-11T19:11:01.275 INFO:teuthology.orchestra.run.smithi072.stdout:/usr/bin/ceph: stderr
2024-03-11T19:11:00.546+0000 7f033e000700 1 -- 172.21.15.72:0/1025148806 wait complete.
2024-03-11T19:11:01.275 INFO:teuthology.orchestra.run.smithi072.stdout:Generating ssh key...
2024-03-11T19:11:01.816 INFO:journalctl@ceph.mon.a.smithi072.stdout:Mar 11 19:11:01 smithi072 ceph-mon[31695]: from='client.14134 -' entity='client.admin' cmd=[{"prefix": "cephadm set-user", "user": "root", "target": ["mon-mgr", ""]}]: dispatch
2024-03-11T19:11:02.430 INFO:journalctl@ceph.mgr.x.smithi072.stdout:Mar 11 19:11:02 smithi072 ceph-d6472314-dfda-11ee-95c8-87774f69a715-mgr-x[31920]: Generating public/private rsa key pair.
2024-03-11T19:11:02.430 INFO:journalctl@ceph.mgr.x.smithi072.stdout:Mar 11 19:11:02 smithi072 ceph-d6472314-dfda-11ee-95c8-87774f69a715-mgr-x[31920]: Your identification has been saved in /tmp/tmpi610b48l/key.
2024-03-11T19:11:02.430 INFO:journalctl@ceph.mgr.x.smithi072.stdout:Mar 11 19:11:02 smithi072 ceph-d6472314-dfda-11ee-95c8-87774f69a715-mgr-x[31920]: Your public key has been saved in /tmp/tmpi610b48l/key.pub.
2024-03-11T19:11:02.430 INFO:journalctl@ceph.mgr.x.smithi072.stdout:Mar 11 19:11:02 smithi072 ceph-d6472314-dfda-11ee-95c8-87774f69a715-mgr-x[31920]: The key fingerprint is:
2024-03-11T19:11:02.430 INFO:journalctl@ceph.mgr.x.smithi072.stdout:Mar 11 19:11:02 smithi072 ceph-d6472314-dfda-11ee-95c8-87774f69a715-mgr-x[31920]: SHA256:VXSTy8Cmn7YuEIvzQjqVyTVr5v9GMnYLRdrpLJqKMf8 ceph-d6472314-dfda-11ee-95c8-87774f69a715
2024-03-11T19:11:02.431 INFO:journalctl@ceph.mgr.x.smithi072.stdout:Mar 11 19:11:02 smithi072 ceph-d6472314-dfda-11ee-95c8-87774f69a715-mgr-x[31920]: The key's randomart image is:
2024-03-11T19:11:02.431 INFO:journalctl@ceph.mgr.x.smithi072.stdout:Mar 11 19:11:02 smithi072 ceph-d6472314-dfda-11ee-95c8-87774f69a715-mgr-x[31920]: +---[RSA 3072]----+
2024-03-11T19:11:02.431 INFO:journalctl@ceph.mgr.x.smithi072.stdout:Mar 11 19:11:02 smithi072 ceph-d6472314-dfda-11ee-95c8-87774f69a715-mgr-x[31920]: | oo o. |
2024-03-11T19:11:02.431 INFO:journalctl@ceph.mgr.x.smithi072.stdout:Mar 11 19:11:02 smithi072 ceph-d6472314-dfda-11ee-95c8-87774f69a715-mgr-x[31920]: | .=... |
2024-03-11T19:11:02.431 INFO:journalctl@ceph.mgr.x.smithi072.stdout:Mar 11 19:11:02 smithi072 ceph-d6472314-dfda-11ee-95c8-87774f69a715-mgr-x[31920]: | .* + . |
2024-03-11T19:11:02.431 INFO:journalctl@ceph.mgr.x.smithi072.stdout:Mar 11 19:11:02 smithi072 ceph-d6472314-dfda-11ee-95c8-87774f69a715-mgr-x[31920]: | +.o + o |
2024-03-11T19:11:02.431 INFO:journalctl@ceph.mgr.x.smithi072.stdout:Mar 11 19:11:02 smithi072 ceph-d6472314-dfda-11ee-95c8-87774f69a715-mgr-x[31920]: | . =S= = . |
2024-03-11T19:11:02.431 INFO:journalctl@ceph.mgr.x.smithi072.stdout:Mar 11 19:11:02 smithi072 ceph-d6472314-dfda-11ee-95c8-87774f69a715-mgr-x[31920]: | O * * O |
2024-03-11T19:11:02.431 INFO:journalctl@ceph.mgr.x.smithi072.stdout:Mar 11 19:11:02 smithi072 ceph-d6472314-dfda-11ee-95c8-87774f69a715-mgr-x[31920]: | o+ * = O o |
2024-03-11T19:11:02.431 INFO:journalctl@ceph.mgr.x.smithi072.stdout:Mar 11 19:11:02 smithi072 ceph-d6472314-dfda-11ee-95c8-87774f69a715-mgr-x[31920]: | o=. = . + |
2024-03-11T19:11:02.431 INFO:journalctl@ceph.mgr.x.smithi072.stdout:Mar 11 19:11:02 smithi072 ceph-d6472314-dfda-11ee-95c8-87774f69a715-mgr-x[31920]: | ..o+E..=o |
2024-03-11T19:11:02.431 INFO:journalctl@ceph.mgr.x.smithi072.stdout:Mar 11 19:11:02 smithi072 ceph-d6472314-dfda-11ee-95c8-87774f69a715-mgr-x[31920]: +----[SHA256]-----+
2024-03-11T19:11:02.883 INFO:teuthology.orchestra.run.smithi072.stdout:/usr/bin/ceph: stderr
2024-03-11T19:11:01.812+0000 7fee69600700 1 Processor -- start
2024-03-11T19:11:02.883 INFO:teuthology.orchestra.run.smithi072.stdout:/usr/bin/ceph: stderr
2024-03-11T19:11:01.812+0000 7fee69600700 1 -- start start
2024-03-11T19:11:02.884 INFO:teuthology.orchestra.run.smithi072.stdout:/usr/bin/ceph: stderr
2024-03-11T19:11:01.813+0000 7fee69600700 1 --2- >> [v2:172.21.15.72:3300/0,v1:172.21.15.72:6789/0] conn(0x7fee641076c0 0x7fee64107ae0 unknown :-1 s=NONE pgs=0 cs=0 l=0 rev1=0 crypto rx=0 tx=0 comp rx=0 tx=0).connect
2024-03-11T19:11:02.884 INFO:teuthology.orchestra.run.smithi072.stdout:/usr/bin/ceph: stderr
2024-03-11T19:11:01.813+0000 7fee69600700 1 -- --> [v2:172.21.15.72:3300/0,v1:172.21.15.72:6789/0] -- mon_getmap magic: 0 v1 -- 0x7fee641080b0 con 0x7fee641076c0
2024-03-11T19:11:02.884 INFO:teuthology.orchestra.run.smithi072.stdout:/usr/bin/ceph: stderr
2024-03-11T19:11:01.813+0000 7fee62a00700 1 --2- >> [v2:172.21.15.72:3300/0,v1:172.21.15.72:6789/0] conn(0x7fee641076c0 0x7fee64107ae0 unknown :-1 s=BANNER_CONNECTING pgs=0 cs=0 l=0 rev1=0 crypto rx=0 tx=0 comp rx=0 tx=0)._handle_peer_banner_payload supported=3 required=0
2024-03-11T19:11:02.884 INFO:teuthology.orchestra.run.smithi072.stdout:/usr/bin/ceph: stderr
2024-03-11T19:11:01.813+0000 7fee62a00700 1 --2- >> [v2:172.21.15.72:3300/0,v1:172.21.15.72:6789/0] conn(0x7fee641076c0 0x7fee64107ae0 unknown :-1 s=HELLO_CONNECTING pgs=0 cs=0 l=0 rev1=1 crypto rx=0 tx=0 comp rx=0 tx=0).handle_hello peer v2:172.21.15.72:3300/0 says I am v2:172.21.15.72:40146/0 (socket says 172.21.15.72:40146)
2024-03-11T19:11:02.884 INFO:teuthology.orchestra.run.smithi072.stdout:/usr/bin/ceph: stderr
2024-03-11T19:11:01.813+0000 7fee62a00700 1 -- 172.21.15.72:0/3232166228 learned_addr learned my addr 172.21.15.72:0/3232166228 (peer_addr_for_me v2:172.21.15.72:0/0)
2024-03-11T19:11:02.884 INFO:teuthology.orchestra.run.smithi072.stdout:/usr/bin/ceph: stderr
2024-03-11T19:11:01.814+0000 7fee62a00700 1 -- 172.21.15.72:0/3232166228 --> [v2:172.21.15.72:3300/0,v1:172.21.15.72:6789/0] -- mon_subscribe({config=0+,monmap=0+}) v3 -- 0x7fee64108870 con 0x7fee641076c0
2024-03-11T19:11:02.884 INFO:teuthology.orchestra.run.smithi072.stdout:/usr/bin/ceph: stderr
2024-03-11T19:11:01.814+0000 7fee62a00700 1 --2- 172.21.15.72:0/3232166228 >> [v2:172.21.15.72:3300/0,v1:172.21.15.72:6789/0] conn(0x7fee641076c0 0x7fee64107ae0 secure :-1 s=READY pgs=41 cs=0 l=1 rev1=1 crypto rx=0x7fee540098a0 tx=0x7fee54009bb0 comp rx=0 tx=0).ready entity=mon.0 client_cookie=3c2b55b711646e90 server_cookie=0 in_seq=0 out_seq=0
2024-03-11T19:11:02.884 INFO:teuthology.orchestra.run.smithi072.stdout:/usr/bin/ceph: stderr
2024-03-11T19:11:01.814+0000 7fee61600700 1 -- 172.21.15.72:0/3232166228 <== mon.0 v2:172.21.15.72:3300/0 1 ==== mon_map magic: 0 v1 ==== 205+0+0 (secure 0 0 0) 0x7fee54004160 con 0x7fee641076c0
2024-03-11T19:11:02.884 INFO:teuthology.orchestra.run.smithi072.stdout:/usr/bin/ceph: stderr
2024-03-11T19:11:01.814+0000 7fee61600700 1 -- 172.21.15.72:0/3232166228 <== mon.0 v2:172.21.15.72:3300/0 2 ==== config(27 keys) v1 ==== 1109+0+0 (secure 0 0 0) 0x7fee540042c0 con 0x7fee641076c0
2024-03-11T19:11:02.884 INFO:teuthology.orchestra.run.smithi072.stdout:/usr/bin/ceph: stderr
2024-03-11T19:11:01.814+0000 7fee61600700 1 -- 172.21.15.72:0/3232166228 <== mon.0 v2:172.21.15.72:3300/0 3 ==== mon_map magic: 0 v1 ==== 205+0+0 (secure 0 0 0) 0x7fee54011ac0 con 0x7fee641076c0
2024-03-11T19:11:02.884 INFO:teuthology.orchestra.run.smithi072.stdout:/usr/bin/ceph: stderr
2024-03-11T19:11:01.815+0000 7fee69600700 1 -- 172.21.15.72:0/3232166228 >> [v2:172.21.15.72:3300/0,v1:172.21.15.72:6789/0] conn(0x7fee641076c0 msgr2=0x7fee64107ae0 secure :-1 s=STATE_CONNECTION_ESTABLISHED l=1).mark_down
2024-03-11T19:11:02.884 INFO:teuthology.orchestra.run.smithi072.stdout:/usr/bin/ceph: stderr
