2024-03-11T19:30:11.544 INFO:teuthology.orchestra.run.smithi083.stdout:/usr/bin/ceph: stderr
2024-03-11T19:30:10.646+0000 7fc416ffd700 1 -- 172.21.15.83:0/2562459396 learned_addr learned my addr 172.21.15.83:0/2562459396 (peer_addr_for_me v2:172.21.15.83:0/0)
2024-03-11T19:30:11.544 INFO:teuthology.orchestra.run.smithi083.stdout:/usr/bin/ceph: stderr
2024-03-11T19:30:10.646+0000 7fc416ffd700 1 -- 172.21.15.83:0/2562459396 --> [v2:172.21.15.83:3300/0,v1:172.21.15.83:6789/0] -- mon_subscribe({config=0+,monmap=0+}) v3 -- 0x7fc40c009550 con 0x7fc4181080b0
2024-03-11T19:30:11.544 INFO:teuthology.orchestra.run.smithi083.stdout:/usr/bin/ceph: stderr
2024-03-11T19:30:10.646+0000 7fc416ffd700 1 --2- 172.21.15.83:0/2562459396 >> [v2:172.21.15.83:3300/0,v1:172.21.15.83:6789/0] conn(0x7fc4181080b0 0x7fc41819b3b0 secure :-1 s=READY pgs=71 cs=0 l=1 rev1=1 crypto rx=0x7fc40c003f20 tx=0x7fc40c011b00 comp rx=0 tx=0).ready entity=mon.0 client_cookie=0 server_cookie=0 in_seq=0 out_seq=0
2024-03-11T19:30:11.544 INFO:teuthology.orchestra.run.smithi083.stdout:/usr/bin/ceph: stderr
2024-03-11T19:30:10.647+0000 7fc3fffff700 1 -- 172.21.15.83:0/2562459396 <== mon.0 v2:172.21.15.83:3300/0 1 ==== mon_map magic: 0 v1 ==== 205+0+0 (secure 0 0 0) 0x7fc40c0039f0 con 0x7fc4181080b0
2024-03-11T19:30:11.544 INFO:teuthology.orchestra.run.smithi083.stdout:/usr/bin/ceph: stderr
2024-03-11T19:30:10.647+0000 7fc41d6bf700 1 -- 172.21.15.83:0/2562459396 --> [v2:172.21.15.83:3300/0,v1:172.21.15.83:6789/0] -- mon_subscribe({mgrmap=0+}) v3 -- 0x7fc41819baf0 con 0x7fc4181080b0
2024-03-11T19:30:11.544 INFO:teuthology.orchestra.run.smithi083.stdout:/usr/bin/ceph: stderr
2024-03-11T19:30:10.647+0000 7fc3fffff700 1 -- 172.21.15.83:0/2562459396 <== mon.0 v2:172.21.15.83:3300/0 2 ==== config(27 keys) v1 ==== 1140+0+0 (secure 0 0 0) 0x7fc40c003b50 con 0x7fc4181080b0
2024-03-11T19:30:11.544 INFO:teuthology.orchestra.run.smithi083.stdout:/usr/bin/ceph: stderr
2024-03-11T19:30:10.647+0000 7fc3fffff700 1 -- 172.21.15.83:0/2562459396 <== mon.0 v2:172.21.15.83:3300/0 3 ==== mon_map magic: 0 v1 ==== 205+0+0 (secure 0 0 0) 0x7fc40c01a6d0 con 0x7fc4181080b0
2024-03-11T19:30:11.544 INFO:teuthology.orchestra.run.smithi083.stdout:/usr/bin/ceph: stderr
2024-03-11T19:30:10.647+0000 7fc41d6bf700 1 -- 172.21.15.83:0/2562459396 --> [v2:172.21.15.83:3300/0,v1:172.21.15.83:6789/0] -- mon_subscribe({osdmap=0}) v3 -- 0x7fc41819bf90 con 0x7fc4181080b0
2024-03-11T19:30:11.544 INFO:teuthology.orchestra.run.smithi083.stdout:/usr/bin/ceph: stderr
2024-03-11T19:30:10.647+0000 7fc3fffff700 1 -- 172.21.15.83:0/2562459396 <== mon.0 v2:172.21.15.83:3300/0 4 ==== mgrmap(e 11) v1 ==== 45676+0+0 (secure 0 0 0) 0x7fc40c01a990 con 0x7fc4181080b0
2024-03-11T19:30:11.544 INFO:teuthology.orchestra.run.smithi083.stdout:/usr/bin/ceph: stderr
2024-03-11T19:30:10.648+0000 7fc41d6bf700 1 -- 172.21.15.83:0/2562459396 --> [v2:172.21.15.83:3300/0,v1:172.21.15.83:6789/0] -- mon_command({"prefix": "get_command_descriptions"} v 0) v1 -- 0x7fc41810b820 con 0x7fc4181080b0
2024-03-11T19:30:11.544 INFO:teuthology.orchestra.run.smithi083.stdout:/usr/bin/ceph: stderr
2024-03-11T19:30:10.648+0000 7fc3fffff700 1 --2- 172.21.15.83:0/2562459396 >> [v2:172.21.15.83:6800/3477661212,v1:172.21.15.83:6801/3477661212] conn(0x7fc400038ba0 0x7fc40003b060 unknown :-1 s=NONE pgs=0 cs=0 l=1 rev1=0 crypto rx=0 tx=0 comp rx=0 tx=0).connect
2024-03-11T19:30:11.545 INFO:teuthology.orchestra.run.smithi083.stdout:/usr/bin/ceph: stderr
2024-03-11T19:30:10.648+0000 7fc3fffff700 1 -- 172.21.15.83:0/2562459396 <== mon.0 v2:172.21.15.83:3300/0 5 ==== osd_map(3..3 src has 1..3) v4 ==== 1155+0+0 (secure 0 0 0) 0x7fc40c04cec0 con 0x7fc4181080b0
2024-03-11T19:30:11.545 INFO:teuthology.orchestra.run.smithi083.stdout:/usr/bin/ceph: stderr
2024-03-11T19:30:10.648+0000 7fc4167fc700 1 --2- 172.21.15.83:0/2562459396 >> [v2:172.21.15.83:6800/3477661212,v1:172.21.15.83:6801/3477661212] conn(0x7fc400038ba0 0x7fc40003b060 unknown :-1 s=BANNER_CONNECTING pgs=0 cs=0 l=1 rev1=0 crypto rx=0 tx=0 comp rx=0 tx=0)._handle_peer_banner_payload supported=3 required=0
2024-03-11T19:30:11.545 INFO:teuthology.orchestra.run.smithi083.stdout:/usr/bin/ceph: stderr
2024-03-11T19:30:10.648+0000 7fc4167fc700 1 --2- 172.21.15.83:0/2562459396 >> [v2:172.21.15.83:6800/3477661212,v1:172.21.15.83:6801/3477661212] conn(0x7fc400038ba0 0x7fc40003b060 secure :-1 s=READY pgs=7 cs=0 l=1 rev1=1 crypto rx=0x7fc408006fd0 tx=0x7fc408006e40 comp rx=0 tx=0).ready entity=mgr.14152 client_cookie=0 server_cookie=0 in_seq=0 out_seq=0
2024-03-11T19:30:11.545 INFO:teuthology.orchestra.run.smithi083.stdout:/usr/bin/ceph: stderr
2024-03-11T19:30:10.653+0000 7fc3fffff700 1 -- 172.21.15.83:0/2562459396 <== mon.0 v2:172.21.15.83:3300/0 6 ==== mon_command_ack([{"prefix": "get_command_descriptions"}]=0 v0) v1 ==== 72+0+183564 (secure 0 0 0) 0x7fc40c022740 con 0x7fc4181080b0
2024-03-11T19:30:11.545 INFO:teuthology.orchestra.run.smithi083.stdout:/usr/bin/ceph: stderr
2024-03-11T19:30:10.862+0000 7fc41d6bf700 1 -- 172.21.15.83:0/2562459396 --> [v2:172.21.15.83:6800/3477661212,v1:172.21.15.83:6801/3477661212] -- mgr_command(tid 0: {"prefix": "dashboard create-self-signed-cert", "target": ["mon-mgr", ""]}) v1 -- 0x7fc418102cc0 con 0x7fc400038ba0
2024-03-11T19:30:11.545 INFO:teuthology.orchestra.run.smithi083.stdout:/usr/bin/ceph: stderr
2024-03-11T19:30:11.021+0000 7fc3fffff700 1 -- 172.21.15.83:0/2562459396 <== mgr.14152 v2:172.21.15.83:6800/3477661212 1 ==== mgr_command_reply(tid 0: 0 ) v1 ==== 8+0+32 (secure 0 0 0) 0x7fc418102cc0 con 0x7fc400038ba0
2024-03-11T19:30:11.545 INFO:teuthology.orchestra.run.smithi083.stdout:/usr/bin/ceph: stderr
2024-03-11T19:30:11.023+0000 7fc41d6bf700 1 -- 172.21.15.83:0/2562459396 >> [v2:172.21.15.83:6800/3477661212,v1:172.21.15.83:6801/3477661212] conn(0x7fc400038ba0 msgr2=0x7fc40003b060 secure :-1 s=STATE_CONNECTION_ESTABLISHED l=1).mark_down
2024-03-11T19:30:11.545 INFO:teuthology.orchestra.run.smithi083.stdout:/usr/bin/ceph: stderr
2024-03-11T19:30:11.023+0000 7fc41d6bf700 1 --2- 172.21.15.83:0/2562459396 >> [v2:172.21.15.83:6800/3477661212,v1:172.21.15.83:6801/3477661212] conn(0x7fc400038ba0 0x7fc40003b060 secure :-1 s=READY pgs=7 cs=0 l=1 rev1=1 crypto rx=0x7fc408006fd0 tx=0x7fc408006e40 comp rx=0 tx=0).stop
2024-03-11T19:30:11.545 INFO:teuthology.orchestra.run.smithi083.stdout:/usr/bin/ceph: stderr
2024-03-11T19:30:11.023+0000 7fc41d6bf700 1 -- 172.21.15.83:0/2562459396 >> [v2:172.21.15.83:3300/0,v1:172.21.15.83:6789/0] conn(0x7fc4181080b0 msgr2=0x7fc41819b3b0 secure :-1 s=STATE_CONNECTION_ESTABLISHED l=1).mark_down
2024-03-11T19:30:11.545 INFO:teuthology.orchestra.run.smithi083.stdout:/usr/bin/ceph: stderr
2024-03-11T19:30:11.023+0000 7fc41d6bf700 1 --2- 172.21.15.83:0/2562459396 >> [v2:172.21.15.83:3300/0,v1:172.21.15.83:6789/0] conn(0x7fc4181080b0 0x7fc41819b3b0 secure :-1 s=READY pgs=71 cs=0 l=1 rev1=1 crypto rx=0x7fc40c003f20 tx=0x7fc40c011b00 comp rx=0 tx=0).stop
2024-03-11T19:30:11.545 INFO:teuthology.orchestra.run.smithi083.stdout:/usr/bin/ceph: stderr
2024-03-11T19:30:11.023+0000 7fc41d6bf700 1 -- 172.21.15.83:0/2562459396 shutdown_connections
2024-03-11T19:30:11.545 INFO:teuthology.orchestra.run.smithi083.stdout:/usr/bin/ceph: stderr
2024-03-11T19:30:11.023+0000 7fc41d6bf700 1 --2- 172.21.15.83:0/2562459396 >> [v2:172.21.15.83:6800/3477661212,v1:172.21.15.83:6801/3477661212] conn(0x7fc400038ba0 0x7fc40003b060 unknown :-1 s=CLOSED pgs=7 cs=0 l=1 rev1=1 crypto rx=0 tx=0 comp rx=0 tx=0).stop
2024-03-11T19:30:11.545 INFO:teuthology.orchestra.run.smithi083.stdout:/usr/bin/ceph: stderr
2024-03-11T19:30:11.023+0000 7fc41d6bf700 1 --2- 172.21.15.83:0/2562459396 >> [v2:172.21.15.83:3300/0,v1:172.21.15.83:6789/0] conn(0x7fc4181080b0 0x7fc41819b3b0 unknown :-1 s=CLOSED pgs=71 cs=0 l=1 rev1=1 crypto rx=0 tx=0 comp rx=0 tx=0).stop
2024-03-11T19:30:11.545 INFO:teuthology.orchestra.run.smithi083.stdout:/usr/bin/ceph: stderr
2024-03-11T19:30:11.023+0000 7fc41d6bf700 1 -- 172.21.15.83:0/2562459396 >> 172.21.15.83:0/2562459396 conn(0x7fc418101ac0 msgr2=0x7fc4181025b0 unknown :-1 s=STATE_NONE l=0).mark_down
2024-03-11T19:30:11.546 INFO:teuthology.orchestra.run.smithi083.stdout:/usr/bin/ceph: stderr
2024-03-11T19:30:11.024+0000 7fc41d6bf700 1 -- 172.21.15.83:0/2562459396 shutdown_connections
2024-03-11T19:30:11.546 INFO:teuthology.orchestra.run.smithi083.stdout:/usr/bin/ceph: stderr
2024-03-11T19:30:11.024+0000 7fc41d6bf700 1 -- 172.21.15.83:0/2562459396 wait complete.
2024-03-11T19:30:11.546 INFO:teuthology.orchestra.run.smithi083.stdout:Creating initial admin user...
2024-03-11T19:30:12.317 INFO:journalctl@ceph.mon.a.smithi083.stdout:Mar 11 19:30:12 smithi083 ceph-mon[31864]: from='client.14164 -' entity='client.admin' cmd=[{"prefix": "dashboard create-self-signed-cert", "target": ["mon-mgr", ""]}]: dispatch
2024-03-11T19:30:12.318 INFO:journalctl@ceph.mon.a.smithi083.stdout:Mar 11 19:30:12 smithi083 ceph-mon[31864]: from='mgr.14152 172.21.15.83:0/2681041491' entity='mgr.x'
2024-03-11T19:30:12.318 INFO:journalctl@ceph.mon.a.smithi083.stdout:Mar 11 19:30:12 smithi083 ceph-mon[31864]: from='mgr.14152 172.21.15.83:0/2681041491' entity='mgr.x'
2024-03-11T19:30:12.318 INFO:journalctl@ceph.mon.a.smithi083.stdout:Mar 11 19:30:12 smithi083 ceph-mon[31864]: mgrmap e12: x(active, since 2s)
2024-03-11T19:30:12.318 INFO:journalctl@ceph.mon.a.smithi083.stdout:Mar 11 19:30:12 smithi083 ceph-mon[31864]: from='mgr.14152 172.21.15.83:0/2681041491' entity='mgr.x'
2024-03-11T19:30:13.658 INFO:journalctl@ceph.mon.a.smithi083.stdout:Mar 11 19:30:13 smithi083 ceph-mon[31864]: from='client.14166 -' entity='client.admin' cmd=[{"prefix": "dashboard ac-user-create", "username": "admin", "rolename": "administrator", "force_password": true, "pwd_update_required": true, "target": ["mon-mgr", ""]}]: dispatch
2024-03-11T19:30:13.658 INFO:journalctl@ceph.mon.a.smithi083.stdout:Mar 11 19:30:13 smithi083 ceph-mon[31864]: from='mgr.14152 172.21.15.83:0/2681041491' entity='mgr.x'
2024-03-11T19:30:13.941 INFO:teuthology.orchestra.run.smithi083.stdout:/usr/bin/ceph: stdout {"username": "admin", "password": "$2b$12$14uAHKeFhFvsxXXoscZFrO3rZL4AD3LMIm6g/gb4CQyIZKyIW/OWK", "roles": ["administrator"], "name": null, "email": null, "lastUpdate": 1710185412, "enabled": true, "pwdExpirationDate": null, "pwdUpdateRequired": true}
2024-03-11T19:30:13.941 INFO:teuthology.orchestra.run.smithi083.stdout:/usr/bin/ceph: stderr
2024-03-11T19:30:11.939+0000 7fede574e700 1 Processor -- start
2024-03-11T19:30:13.941 INFO:teuthology.orchestra.run.smithi083.stdout:/usr/bin/ceph: stderr
2024-03-11T19:30:11.939+0000 7fede574e700 1 -- start start
2024-03-11T19:30:13.941 INFO:teuthology.orchestra.run.smithi083.stdout:/usr/bin/ceph: stderr
2024-03-11T19:30:11.940+0000 7fede574e700 1 --2- >> [v2:172.21.15.83:3300/0,v1:172.21.15.83:6789/0] conn(0x7fede01080b0 0x7fede010a4a0 unknown :-1 s=NONE pgs=0 cs=0 l=0 rev1=0 crypto rx=0 tx=0 comp rx=0 tx=0).connect
2024-03-11T19:30:13.941 INFO:teuthology.orchestra.run.smithi083.stdout:/usr/bin/ceph: stderr
2024-03-11T19:30:11.940+0000 7fede574e700 1 -- --> [v2:172.21.15.83:3300/0,v1:172.21.15.83:6789/0] -- mon_getmap magic: 0 v1 -- 0x7fede00754f0 con 0x7fede01080b0
2024-03-11T19:30:13.941 INFO:teuthology.orchestra.run.smithi083.stdout:/usr/bin/ceph: stderr
2024-03-11T19:30:11.940+0000 7feddeffd700 1 --2- >> [v2:172.21.15.83:3300/0,v1:172.21.15.83:6789/0] conn(0x7fede01080b0 0x7fede010a4a0 unknown :-1 s=BANNER_CONNECTING pgs=0 cs=0 l=0 rev1=0 crypto rx=0 tx=0 comp rx=0 tx=0)._handle_peer_banner_payload supported=3 required=0
2024-03-11T19:30:13.941 INFO:teuthology.orchestra.run.smithi083.stdout:/usr/bin/ceph: stderr
2024-03-11T19:30:11.940+0000 7feddeffd700 1 --2- >> [v2:172.21.15.83:3300/0,v1:172.21.15.83:6789/0] conn(0x7fede01080b0 0x7fede010a4a0 unknown :-1 s=HELLO_CONNECTING pgs=0 cs=0 l=0 rev1=1 crypto rx=0 tx=0 comp rx=0 tx=0).handle_hello peer v2:172.21.15.83:3300/0 says I am v2:172.21.15.83:32880/0 (socket says 172.21.15.83:32880)
2024-03-11T19:30:13.942 INFO:teuthology.orchestra.run.smithi083.stdout:/usr/bin/ceph: stderr
2024-03-11T19:30:11.940+0000 7feddeffd700 1 -- 172.21.15.83:0/3424349188 learned_addr learned my addr 172.21.15.83:0/3424349188 (peer_addr_for_me v2:172.21.15.83:0/0)
2024-03-11T19:30:13.942 INFO:teuthology.orchestra.run.smithi083.stdout:/usr/bin/ceph: stderr
2024-03-11T19:30:11.940+0000 7feddeffd700 1 -- 172.21.15.83:0/3424349188 --> [v2:172.21.15.83:3300/0,v1:172.21.15.83:6789/0] -- mon_subscribe({config=0+,monmap=0+}) v3 -- 0x7fede010a9e0 con 0x7fede01080b0
2024-03-11T19:30:13.942 INFO:teuthology.orchestra.run.smithi083.stdout:/usr/bin/ceph: stderr
2024-03-11T19:30:11.940+0000 7feddeffd700 1 --2- 172.21.15.83:0/3424349188 >> [v2:172.21.15.83:3300/0,v1:172.21.15.83:6789/0] conn(0x7fede01080b0 0x7fede010a4a0 secure :-1 s=READY pgs=72 cs=0 l=1 rev1=1 crypto rx=0x7fedd00098a0 tx=0x7fedd0009bb0 comp rx=0 tx=0).ready entity=mon.0 client_cookie=cfc0ec21469ccbc7 server_cookie=0 in_seq=0 out_seq=0
2024-03-11T19:30:13.942 INFO:teuthology.orchestra.run.smithi083.stdout:/usr/bin/ceph: stderr
2024-03-11T19:30:11.940+0000 7fedddffb700 1 -- 172.21.15.83:0/3424349188 <== mon.0 v2:172.21.15.83:3300/0 1 ==== mon_map magic: 0 v1 ==== 205+0+0 (secure 0 0 0) 0x7fedd0004160 con 0x7fede01080b0
2024-03-11T19:30:13.942 INFO:teuthology.orchestra.run.smithi083.stdout:/usr/bin/ceph: stderr
2024-03-11T19:30:11.940+0000 7fedddffb700 1 -- 172.21.15.83:0/3424349188 <== mon.0 v2:172.21.15.83:3300/0 2 ==== config(27 keys) v1 ==== 1140+0+0 (secure 0 0 0) 0x7fedd00042c0 con 0x7fede01080b0
2024-03-11T19:30:13.942 INFO:teuthology.orchestra.run.smithi083.stdout:/usr/bin/ceph: stderr
2024-03-11T19:30:11.940+0000 7fedddffb700 1 -- 172.21.15.83:0/3424349188 <== mon.0 v2:172.21.15.83:3300/0 3 ==== mon_map magic: 0 v1 ==== 205+0+0 (secure 0 0 0) 0x7fedd0011a80 con 0x7fede01080b0
2024-03-11T19:30:13.942 INFO:teuthology.orchestra.run.smithi083.stdout:/usr/bin/ceph: stderr
2024-03-11T19:30:11.941+0000 7fede574e700 1 -- 172.21.15.83:0/3424349188 >> [v2:172.21.15.83:3300/0,v1:172.21.15.83:6789/0] conn(0x7fede01080b0 msgr2=0x7fede010a4a0 secure :-1 s=STATE_CONNECTION_ESTABLISHED l=1).mark_down
2024-03-11T19:30:13.942 INFO:teuthology.orchestra.run.smithi083.stdout:/usr/bin/ceph: stderr
2024-03-11T19:30:11.941+0000 7fede574e700 1 --2- 172.21.15.83:0/3424349188 >> [v2:172.21.15.83:3300/0,v1:172.21.15.83:6789/0] conn(0x7fede01080b0 0x7fede010a4a0 secure :-1 s=READY pgs=72 cs=0 l=1 rev1=1 crypto rx=0x7fedd00098a0 tx=0x7fedd0009bb0 comp rx=0 tx=0).stop
2024-03-11T19:30:13.942 INFO:teuthology.orchestra.run.smithi083.stdout:/usr/bin/ceph: stderr
2024-03-11T19:30:11.941+0000 7fede574e700 1 -- 172.21.15.83:0/3424349188 shutdown_connections
2024-03-11T19:30:13.942 INFO:teuthology.orchestra.run.smithi083.stdout:/usr/bin/ceph: stderr
2024-03-11T19:30:11.941+0000 7fede574e700 1 --2- 172.21.15.83:0/3424349188 >> [v2:172.21.15.83:3300/0,v1:172.21.15.83:6789/0] conn(0x7fede01080b0 0x7fede010a4a0 unknown :-1 s=CLOSED pgs=72 cs=0 l=1 rev1=1 crypto rx=0 tx=0 comp rx=0 tx=0).stop
2024-03-11T19:30:13.942 INFO:teuthology.orchestra.run.smithi083.stdout:/usr/bin/ceph: stderr
2024-03-11T19:30:11.941+0000 7fede574e700 1 -- 172.21.15.83:0/3424349188 >> 172.21.15.83:0/3424349188 conn(0x7fede0101ac0 msgr2=0x7fede0103ee0 unknown :-1 s=STATE_NONE l=0).mark_down
2024-03-11T19:30:13.942 INFO:teuthology.orchestra.run.smithi083.stdout:/usr/bin/ceph: stderr
2024-03-11T19:30:11.941+0000 7fede574e700 1 -- 172.21.15.83:0/3424349188 shutdown_connections
2024-03-11T19:30:13.942 INFO:teuthology.orchestra.run.smithi083.stdout:/usr/bin/ceph: stderr
2024-03-11T19:30:11.941+0000 7fede574e700 1 -- 172.21.15.83:0/3424349188 wait complete.
2024-03-11T19:30:13.943 INFO:teuthology.orchestra.run.smithi083.stdout:/usr/bin/ceph: stderr
2024-03-11T19:30:11.942+0000 7fede574e700 1 Processor -- start
2024-03-11T19:30:13.943 INFO:teuthology.orchestra.run.smithi083.stdout:/usr/bin/ceph: stderr
2024-03-11T19:30:11.942+0000 7fede574e700 1 -- start start
2024-03-11T19:30:13.943 INFO:teuthology.orchestra.run.smithi083.stdout:/usr/bin/ceph: stderr
2024-03-11T19:30:11.942+0000 7fede574e700 1 --2- >> [v2:172.21.15.83:3300/0,v1:172.21.15.83:6789/0] conn(0x7fede01080b0 0x7fede019b380 unknown :-1 s=NONE pgs=0 cs=0 l=1 rev1=0 crypto rx=0 tx=0 comp rx=0 tx=0).connect
2024-03-11T19:30:13.943 INFO:teuthology.orchestra.run.smithi083.stdout:/usr/bin/ceph: stderr
2024-03-11T19:30:11.942+0000 7fede574e700 1 -- --> [v2:172.21.15.83:3300/0,v1:172.21.15.83:6789/0] -- mon_getmap magic: 0 v1 -- 0x7fede019b8c0 con 0x7fede01080b0
2024-03-11T19:30:13.943 INFO:teuthology.orchestra.run.smithi083.stdout:/usr/bin/ceph: stderr
2024-03-11T19:30:11.942+0000 7feddeffd700 1 --2- >> [v2:172.21.15.83:3300/0,v1:172.21.15.83:6789/0] conn(0x7fede01080b0 0x7fede019b380 unknown :-1 s=BANNER_CONNECTING pgs=0 cs=0 l=1 rev1=0 crypto rx=0 tx=0 comp rx=0 tx=0)._handle_peer_banner_payload supported=3 required=0
2024-03-11T19:30:13.943 INFO:teuthology.orchestra.run.smithi083.stdout:/usr/bin/ceph: stderr
2024-03-11T19:30:11.942+0000 7feddeffd700 1 --2- >> [v2:172.21.15.83:3300/0,v1:172.21.15.83:6789/0] conn(0x7fede01080b0 0x7fede019b380 unknown :-1 s=HELLO_CONNECTING pgs=0 cs=0 l=1 rev1=1 crypto rx=0 tx=0 comp rx=0 tx=0).handle_hello peer v2:172.21.15.83:3300/0 says I am v2:172.21.15.83:32890/0 (socket says 172.21.15.83:32890)
2024-03-11T19:30:13.943 INFO:teuthology.orchestra.run.smithi083.stdout:/usr/bin/ceph: stderr
2024-03-11T19:30:11.942+0000 7feddeffd700 1 -- 172.21.15.83:0/2567063010 learned_addr learned my addr 172.21.15.83:0/2567063010 (peer_addr_for_me v2:172.21.15.83:0/0)
2024-03-11T19:30:13.943 INFO:teuthology.orchestra.run.smithi083.stdout:/usr/bin/ceph: stderr
2024-03-11T19:30:11.943+0000 7feddeffd700 1 -- 172.21.15.83:0/2567063010 --> [v2:172.21.15.83:3300/0,v1:172.21.15.83:6789/0] -- mon_subscribe({config=0+,monmap=0+}) v3 -- 0x7fedd0009550 con 0x7fede01080b0
2024-03-11T19:30:13.943 INFO:teuthology.orchestra.run.smithi083.stdout:/usr/bin/ceph: stderr
2024-03-11T19:30:11.943+0000 7feddeffd700 1 --2- 172.21.15.83:0/2567063010 >> [v2:172.21.15.83:3300/0,v1:172.21.15.83:6789/0] conn(0x7fede01080b0 0x7fede019b380 secure :-1 s=READY pgs=73 cs=0 l=1 rev1=1 crypto rx=0x7fedd0003f20 tx=0x7fedd0011b00 comp rx=0 tx=0).ready entity=mon.0 client_cookie=0 server_cookie=0 in_seq=0 out_seq=0
2024-03-11T19:30:13.943 INFO:teuthology.orchestra.run.smithi083.stdout:/usr/bin/ceph: stderr
2024-03-11T19:30:11.943+0000 7fedc7fff700 1 -- 172.21.15.83:0/2567063010 <== mon.0 v2:172.21.15.83:3300/0 1 ==== mon_map magic: 0 v1 ==== 205+0+0 (secure 0 0 0) 0x7fedd00039f0 con 0x7fede01080b0
2024-03-11T19:30:13.943 INFO:teuthology.orchestra.run.smithi083.stdout:/usr/bin/ceph: stderr
2024-03-11T19:30:11.943+0000 7fede574e700 1 -- 172.21.15.83:0/2567063010 --> [v2:172.21.15.83:3300/0,v1:172.21.15.83:6789/0] -- mon_subscribe({mgrmap=0+}) v3 -- 0x7fede019bac0 con 0x7fede01080b0
2024-03-11T19:30:13.943 INFO:teuthology.orchestra.run.smithi083.stdout:/usr/bin/ceph: stderr
2024-03-11T19:30:11.943+0000 7fedc7fff700 1 -- 172.21.15.83:0/2567063010 <== mon.0 v2:172.21.15.83:3300/0 2 ==== config(27 keys) v1 ==== 1140+0+0 (secure 0 0 0) 0x7fedd0003b50 con 0x7fede01080b0
2024-03-11T19:30:13.943 INFO:teuthology.orchestra.run.smithi083.stdout:/usr/bin/ceph: stderr
2024-03-11T19:30:11.943+0000 7fedc7fff700 1 -- 172.21.15.83:0/2567063010 <== mon.0 v2:172.21.15.83:3300/0 3 ==== mon_map magic: 0 v1 ==== 205+0+0 (secure 0 0 0) 0x7fedd001a6d0 con 0x7fede01080b0
2024-03-11T19:30:13.944 INFO:teuthology.orchestra.run.smithi083.stdout:/usr/bin/ceph: stderr
2024-03-11T19:30:11.943+0000 7fede574e700 1 -- 172.21.15.83:0/2567063010 --> [v2:172.21.15.83:3300/0,v1:172.21.15.83:6789/0] -- mon_subscribe({osdmap=0}) v3 -- 0x7fede019bf60 con 0x7fede01080b0
2024-03-11T19:30:13.944 INFO:teuthology.orchestra.run.smithi083.stdout:/usr/bin/ceph: stderr
2024-03-11T19:30:11.944+0000 7fedc7fff700 1 -- 172.21.15.83:0/2567063010 <== mon.0 v2:172.21.15.83:3300/0 4 ==== mgrmap(e 12) v1 ==== 45782+0+0 (secure 0 0 0) 0x7fedd001aa10 con 0x7fede01080b0
2024-03-11T19:30:13.944 INFO:teuthology.orchestra.run.smithi083.stdout:/usr/bin/ceph: stderr
2024-03-11T19:30:11.944+0000 7fedc7fff700 1 --2- 172.21.15.83:0/2567063010 >> [v2:172.21.15.83:6800/3477661212,v1:172.21.15.83:6801/3477661212] conn(0x7fedc8038cb0 0x7fedc803b170 unknown :-1 s=NONE pgs=0 cs=0 l=1 rev1=0 crypto rx=0 tx=0 comp rx=0 tx=0).connect
2024-03-11T19:30:13.944 INFO:teuthology.orchestra.run.smithi083.stdout:/usr/bin/ceph: stderr
2024-03-11T19:30:11.944+0000 7fedc7fff700 1 -- 172.21.15.83:0/2567063010 <== mon.0 v2:172.21.15.83:3300/0 5 ==== osd_map(3..3 src has 1..3) v4 ==== 1155+0+0 (secure 0 0 0) 0x7fedd004d1b0 con 0x7fede01080b0
2024-03-11T19:30:13.944 INFO:teuthology.orchestra.run.smithi083.stdout:/usr/bin/ceph: stderr
2024-03-11T19:30:11.944+0000 7fedde7fc700 1 --2- 172.21.15.83:0/2567063010 >> [v2:172.21.15.83:6800/3477661212,v1:172.21.15.83:6801/3477661212] conn(0x7fedc8038cb0 0x7fedc803b170 unknown :-1 s=BANNER_CONNECTING pgs=0 cs=0 l=1 rev1=0 crypto rx=0 tx=0 comp rx=0 tx=0)._handle_peer_banner_payload supported=3 required=0
2024-03-11T19:30:13.944 INFO:teuthology.orchestra.run.smithi083.stdout:/usr/bin/ceph: stderr
2024-03-11T19:30:11.944+0000 7fede574e700 1 -- 172.21.15.83:0/2567063010 --> [v2:172.21.15.83:3300/0,v1:172.21.15.83:6789/0] -- mon_command({"prefix": "get_command_descriptions"} v 0) v1 -- 0x7fede010b820 con 0x7fede01080b0
2024-03-11T19:30:13.944 INFO:teuthology.orchestra.run.smithi083.stdout:/usr/bin/ceph: stderr
2024-03-11T19:30:11.944+0000 7fedde7fc700 1 --2- 172.21.15.83:0/2567063010 >> [v2:172.21.15.83:6800/3477661212,v1:172.21.15.83:6801/3477661212] conn(0x7fedc8038cb0 0x7fedc803b170 secure :-1 s=READY pgs=8 cs=0 l=1 rev1=1 crypto rx=0x7fedd4006fd0 tx=0x7fedd4006e40 comp rx=0 tx=0).ready entity=mgr.14152 client_cookie=0 server_cookie=0 in_seq=0 out_seq=0
2024-03-11T19:30:13.944 INFO:teuthology.orchestra.run.smithi083.stdout:/usr/bin/ceph: stderr
2024-03-11T19:30:11.953+0000 7fedc7fff700 1 -- 172.21.15.83:0/2567063010 <== mon.0 v2:172.21.15.83:3300/0 6 ==== mon_command_ack([{"prefix": "get_command_descriptions"}]=0 v0) v1 ==== 72+0+183564 (secure 0 0 0) 0x7fedd001ad10 con 0x7fede01080b0
2024-03-11T19:30:13.944 INFO:teuthology.orchestra.run.smithi083.stdout:/usr/bin/ceph: stderr
2024-03-11T19:30:12.165+0000 7fede574e700 1 -- 172.21.15.83:0/2567063010 --> [v2:172.21.15.83:6800/3477661212,v1:172.21.15.83:6801/3477661212] -- mgr_command(tid 0: {"prefix": "dashboard ac-user-create", "username": "admin", "rolename": "administrator", "force_password": true, "pwd_update_required": true, "target": ["mon-mgr", ""]}) v1 -- 0x7fede010ba00 con 0x7fedc8038cb0
2024-03-11T19:30:13.944 INFO:teuthology.orchestra.run.smithi083.stdout:/usr/bin/ceph: stderr
2024-03-11T19:30:12.393+0000 7fedc7fff700 1 -- 172.21.15.83:0/2567063010 <== mgr.14152 v2:172.21.15.83:6800/3477661212 1 ==== mgr_command_reply(tid 0: 0 ) v1 ==== 8+0+252 (secure 0 0 0) 0x7fede010ba00 con 0x7fedc8038cb0
2024-03-11T19:30:13.944 INFO:teuthology.orchestra.run.smithi083.stdout:/usr/bin/ceph: stderr
2024-03-11T19:30:12.395+0000 7fede574e700 1 -- 172.21.15.83:0/2567063010 >> [v2:172.21.15.83:6800/3477661212,v1:172.21.15.83:6801/3477661212] conn(0x7fedc8038cb0 msgr2=0x7fedc803b170 secure :-1 s=STATE_CONNECTION_ESTABLISHED l=1).mark_down
2024-03-11T19:30:13.944 INFO:teuthology.orchestra.run.smithi083.stdout:/usr/bin/ceph: stderr
2024-03-11T19:30:12.395+0000 7fede574e700 1 --2- 172.21.15.83:0/2567063010 >> [v2:172.21.15.83:6800/3477661212,v1:172.21.15.83:6801/3477661212] conn(0x7fedc8038cb0 0x7fedc803b170 secure :-1 s=READY pgs=8 cs=0 l=1 rev1=1 crypto rx=0x7fedd4006fd0 tx=0x7fedd4006e40 comp rx=0 tx=0).stop
2024-03-11T19:30:13.944 INFO:teuthology.orchestra.run.smithi083.stdout:/usr/bin/ceph: stderr
2024-03-11T19:30:12.395+0000 7fede574e700 1 -- 172.21.15.83:0/2567063010 >> [v2:172.21.15.83:3300/0,v1:172.21.15.83:6789/0] conn(0x7fede01080b0 msgr2=0x7fede019b380 secure :-1 s=STATE_CONNECTION_ESTABLISHED l=1).mark_down
2024-03-11T19:30:13.945 INFO:teuthology.orchestra.run.smithi083.stdout:/usr/bin/ceph: stderr
2024-03-11T19:30:12.395+0000 7fede574e700 1 --2- 172.21.15.83:0/2567063010 >> [v2:172.21.15.83:3300/0,v1:172.21.15.83:6789/0] conn(0x7fede01080b0 0x7fede019b380 secure :-1 s=READY pgs=73 cs=0 l=1 rev1=1 crypto rx=0x7fedd0003f20 tx=0x7fedd0011b00 comp rx=0 tx=0).stop
2024-03-11T19:30:13.945 INFO:teuthology.orchestra.run.smithi083.stdout:/usr/bin/ceph: stderr
2024-03-11T19:30:12.395+0000 7fede574e700 1 -- 172.21.15.83:0/2567063010 shutdown_connections
2024-03-11T19:30:13.945 INFO:teuthology.orchestra.run.smithi083.stdout:/usr/bin/ceph: stderr
2024-03-11T19:30:12.395+0000 7fede574e700 1 --2- 172.21.15.83:0/2567063010 >> [v2:172.21.15.83:6800/3477661212,v1:172.21.15.83:6801/3477661212] conn(0x7fedc8038cb0 0x7fedc803b170 unknown :-1 s=CLOSED pgs=8 cs=0 l=1 rev1=1 crypto rx=0 tx=0 comp rx=0 tx=0).stop
2024-03-11T19:30:13.945 INFO:teuthology.orchestra.run.smithi083.stdout:/usr/bin/ceph: stderr
2024-03-11T19:30:12.395+0000 7fede574e700 1 --2- 172.21.15.83:0/2567063010 >> [v2:172.21.15.83:3300/0,v1:172.21.15.83:6789/0] conn(0x7fede01080b0 0x7fede019b380 unknown :-1 s=CLOSED pgs=73 cs=0 l=1 rev1=1 crypto rx=0 tx=0 comp rx=0 tx=0).stop
2024-03-11T19:30:13.945 INFO:teuthology.orchestra.run.smithi083.stdout:/usr/bin/ceph: stderr
2024-03-11T19:30:12.395+0000 7fede574e700 1 -- 172.21.15.83:0/2567063010 >> 172.21.15.83:0/2567063010 conn(0x7fede0101ac0 msgr2=0x7fede01025b0 unknown :-1 s=STATE_NONE l=0).mark_down
2024-03-11T19:30:13.945 INFO:teuthology.orchestra.run.smithi083.stdout:/usr/bin/ceph: stderr
2024-03-11T19:30:12.395+0000 7fede574e700 1 -- 172.21.15.83:0/2567063010 shutdown_connections
2024-03-11T19:30:13.945 INFO:teuthology.orchestra.run.smithi083.stdout:/usr/bin/ceph: stderr
2024-03-11T19:30:12.395+0000 7fede574e700 1 -- 172.21.15.83:0/2567063010 wait complete.
2024-03-11T19:30:13.945 INFO:teuthology.orchestra.run.smithi083.stdout:Fetching dashboard port number...
2024-03-11T19:30:15.248 INFO:teuthology.orchestra.run.smithi083.stdout:/usr/bin/ceph: stdout 8443
2024-03-11T19:30:15.248 INFO:teuthology.orchestra.run.smithi083.stdout:/usr/bin/ceph: stderr
2024-03-11T19:30:14.399+0000 7f8d16012700 1 Processor -- start
2024-03-11T19:30:15.248 INFO:teuthology.orchestra.run.smithi083.stdout:/usr/bin/ceph: stderr
2024-03-11T19:30:14.399+0000 7f8d16012700 1 -- start start
2024-03-11T19:30:15.248 INFO:teuthology.orchestra.run.smithi083.stdout:/usr/bin/ceph: stderr
2024-03-11T19:30:14.399+0000 7f8d16012700 1 --2- >> [v2:172.21.15.83:3300/0,v1:172.21.15.83:6789/0] conn(0x7f8d101080d0 0x7f8d1010a4c0 unknown :-1 s=NONE pgs=0 cs=0 l=0 rev1=0 crypto rx=0 tx=0 comp rx=0 tx=0).connect
2024-03-11T19:30:15.248 INFO:teuthology.orchestra.run.smithi083.stdout:/usr/bin/ceph: stderr
2024-03-11T19:30:14.399+0000 7f8d16012700 1 -- --> [v2:172.21.15.83:3300/0,v1:172.21.15.83:6789/0] -- mon_getmap magic: 0 v1 -- 0x7f8d1007ae60 con 0x7f8d101080d0
2024-03-11T19:30:15.248 INFO:teuthology.orchestra.run.smithi083.stdout:/usr/bin/ceph: stderr
2024-03-11T19:30:14.399+0000 7f8d0f7fe700 1 --2- >> [v2:172.21.15.83:3300/0,v1:172.21.15.83:6789/0] conn(0x7f8d101080d0 0x7f8d1010a4c0 unknown :-1 s=BANNER_CONNECTING pgs=0 cs=0 l=0 rev1=0 crypto rx=0 tx=0 comp rx=0 tx=0)._handle_peer_banner_payload supported=3 required=0
2024-03-11T19:30:15.248 INFO:teuthology.orchestra.run.smithi083.stdout:/usr/bin/ceph: stderr
2024-03-11T19:30:14.399+0000 7f8d0f7fe700 1 --2- >> [v2:172.21.15.83:3300/0,v1:172.21.15.83:6789/0] conn(0x7f8d101080d0 0x7f8d1010a4c0 unknown :-1 s=HELLO_CONNECTING pgs=0 cs=0 l=0 rev1=1 crypto rx=0 tx=0 comp rx=0 tx=0).handle_hello peer v2:172.21.15.83:3300/0 says I am v2:172.21.15.83:32892/0 (socket says 172.21.15.83:32892)
2024-03-11T19:30:15.248 INFO:teuthology.orchestra.run.smithi083.stdout:/usr/bin/ceph: stderr
2024-03-11T19:30:14.399+0000 7f8d0f7fe700 1 -- 172.21.15.83:0/1339169885 learned_addr learned my addr 172.21.15.83:0/1339169885 (peer_addr_for_me v2:172.21.15.83:0/0)
2024-03-11T19:30:15.248 INFO:teuthology.orchestra.run.smithi083.stdout:/usr/bin/ceph: stderr
2024-03-11T19:30:14.400+0000 7f8d0f7fe700 1 -- 172.21.15.83:0/1339169885 --> [v2:172.21.15.83:3300/0,v1:172.21.15.83:6789/0] -- mon_subscribe({config=0+,monmap=0+}) v3 -- 0x7f8d1010aa00 con 0x7f8d101080d0
2024-03-11T19:30:15.248 INFO:teuthology.orchestra.run.smithi083.stdout:/usr/bin/ceph: stderr
2024-03-11T19:30:14.400+0000 7f8d0f7fe700 1 --2- 172.21.15.83:0/1339169885 >> [v2:172.21.15.83:3300/0,v1:172.21.15.83:6789/0] conn(0x7f8d101080d0 0x7f8d1010a4c0 secure :-1 s=READY pgs=74 cs=0 l=1 rev1=1 crypto rx=0x7f8d000098a0 tx=0x7f8d00009bb0 comp rx=0 tx=0).ready entity=mon.0 client_cookie=3898f38520d47272 server_cookie=0 in_seq=0 out_seq=0
2024-03-11T19:30:15.248 INFO:teuthology.orchestra.run.smithi083.stdout:/usr/bin/ceph: stderr
2024-03-11T19:30:14.400+0000 7f8d0e7fc700 1 -- 172.21.15.83:0/1339169885 <== mon.0 v2:172.21.15.83:3300/0 1 ==== mon_map magic: 0 v1 ==== 205+0+0 (secure 0 0 0) 0x7f8d00004160 con 0x7f8d101080d0
2024-03-11T19:30:15.248 INFO:teuthology.orchestra.run.smithi083.stdout:/usr/bin/ceph: stderr
2024-03-11T19:30:14.400+0000 7f8d0e7fc700 1 -- 172.21.15.83:0/1339169885 <== mon.0 v2:172.21.15.83:3300/0 2 ==== config(27 keys) v1 ==== 1140+0+0 (secure 0 0 0) 0x7f8d000042c0 con 0x7f8d101080d0
2024-03-11T19:30:15.249 INFO:teuthology.orchestra.run.smithi083.stdout:/usr/bin/ceph: stderr
2024-03-11T19:30:14.400+0000 7f8d0e7fc700 1 -- 172.21.15.83:0/1339169885 <== mon.0 v2:172.21.15.83:3300/0 3 ==== mon_map magic: 0 v1 ==== 205+0+0 (secure 0 0 0) 0x7f8d00011a80 con 0x7f8d101080d0
2024-03-11T19:30:15.249 INFO:teuthology.orchestra.run.smithi083.stdout:/usr/bin/ceph: stderr
2024-03-11T19:30:14.400+0000 7f8d16012700 1 -- 172.21.15.83:0/1339169885 >> [v2:172.21.15.83:3300/0,v1:172.21.15.83:6789/0] conn(0x7f8d101080d0 msgr2=0x7f8d1010a4c0 secure :-1 s=STATE_CONNECTION_ESTABLISHED l=1).mark_down
2024-03-11T19:30:15.249 INFO:teuthology.orchestra.run.smithi083.stdout:/usr/bin/ceph: stderr
2024-03-11T19:30:14.400+0000 7f8d16012700 1 --2- 172.21.15.83:0/1339169885 >> [v2:172.21.15.83:3300/0,v1:172.21.15.83:6789/0] conn(0x7f8d101080d0 0x7f8d1010a4c0 secure :-1 s=READY pgs=74 cs=0 l=1 rev1=1 crypto rx=0x7f8d000098a0 tx=0x7f8d00009bb0 comp rx=0 tx=0).stop
2024-03-11T19:30:15.249 INFO:teuthology.orchestra.run.smithi083.stdout:/usr/bin/ceph: stderr
2024-03-11T19:30:14.400+0000 7f8d16012700 1 -- 172.21.15.83:0/1339169885 shutdown_connections
2024-03-11T19:30:15.249 INFO:teuthology.orchestra.run.smithi083.stdout:/usr/bin/ceph: stderr
2024-03-11T19:30:14.400+0000 7f8d16012700 1 --2- 172.21.15.83:0/1339169885 >> [v2:172.21.15.83:3300/0,v1:172.21.15.83:6789/0] conn(0x7f8d101080d0 0x7f8d1010a4c0 unknown :-1 s=CLOSED pgs=74 cs=0 l=1 rev1=1 crypto rx=0 tx=0 comp rx=0 tx=0).stop
2024-03-11T19:30:15.249 INFO:teuthology.orchestra.run.smithi083.stdout:/usr/bin/ceph: stderr
2024-03-11T19:30:14.401+0000 7f8d16012700 1 -- 172.21.15.83:0/1339169885 >> 172.21.15.83:0/1339169885 conn(0x7f8d10101b40 msgr2=0x7f8d10103f60 unknown :-1 s=STATE_NONE l=0).mark_down
2024-03-11T19:30:15.249 INFO:teuthology.orchestra.run.smithi083.stdout:/usr/bin/ceph: stderr
2024-03-11T19:30:14.401+0000 7f8d16012700 1 -- 172.21.15.83:0/1339169885 shutdown_connections
2024-03-11T19:30:15.249 INFO:teuthology.orchestra.run.smithi083.stdout:/usr/bin/ceph: stderr
2024-03-11T19:30:14.401+0000 7f8d16012700 1 -- 172.21.15.83:0/1339169885 wait complete.
2024-03-11T19:30:15.249 INFO:teuthology.orchestra.run.smithi083.stdout:/usr/bin/ceph: stderr
2024-03-11T19:30:14.401+0000 7f8d16012700 1 Processor -- start
2024-03-11T19:30:15.249 INFO:teuthology.orchestra.run.smithi083.stdout:/usr/bin/ceph: stderr
2024-03-11T19:30:14.401+0000 7f8d16012700 1 -- start start
2024-03-11T19:30:15.249 INFO:teuthology.orchestra.run.smithi083.stdout:/usr/bin/ceph: stderr
2024-03-11T19:30:14.401+0000 7f8d16012700 1 --2- >> [v2:172.21.15.83:3300/0,v1:172.21.15.83:6789/0] conn(0x7f8d101080d0 0x7f8d1019b2e0 unknown :-1 s=NONE pgs=0 cs=0 l=1 rev1=0 crypto rx=0 tx=0 comp rx=0 tx=0).connect
2024-03-11T19:30:15.249 INFO:teuthology.orchestra.run.smithi083.stdout:/usr/bin/ceph: stderr
2024-03-11T19:30:14.401+0000 7f8d16012700 1 -- --> [v2:172.21.15.83:3300/0,v1:172.21.15.83:6789/0] -- mon_getmap magic: 0 v1 -- 0x7f8d1019b820 con 0x7f8d101080d0
2024-03-11T19:30:15.249 INFO:teuthology.orchestra.run.smithi083.stdout:/usr/bin/ceph: stderr
2024-03-11T19:30:14.402+0000 7f8d0f7fe700 1 --2- >> [v2:172.21.15.83:3300/0,v1:172.21.15.83:6789/0] conn(0x7f8d101080d0 0x7f8d1019b2e0 unknown :-1 s=BANNER_CONNECTING pgs=0 cs=0 l=1 rev1=0 crypto rx=0 tx=0 comp rx=0 tx=0)._handle_peer_banner_payload supported=3 required=0
2024-03-11T19:30:15.249 INFO:teuthology.orchestra.run.smithi083.stdout:/usr/bin/ceph: stderr
2024-03-11T19:30:14.402+0000 7f8d0f7fe700 1 --2- >> [v2:172.21.15.83:3300/0,v1:172.21.15.83:6789/0] conn(0x7f8d101080d0 0x7f8d1019b2e0 unknown :-1 s=HELLO_CONNECTING pgs=0 cs=0 l=1 rev1=1 crypto rx=0 tx=0 comp rx=0 tx=0).handle_hello peer v2:172.21.15.83:3300/0 says I am v2:172.21.15.83:32896/0 (socket says 172.21.15.83:32896)
2024-03-11T19:30:15.250 INFO:teuthology.orchestra.run.smithi083.stdout:/usr/bin/ceph: stderr
2024-03-11T19:30:14.402+0000 7f8d0f7fe700 1 -- 172.21.15.83:0/300805215 learned_addr learned my addr 172.21.15.83:0/300805215 (peer_addr_for_me v2:172.21.15.83:0/0)
2024-03-11T19:30:15.250 INFO:teuthology.orchestra.run.smithi083.stdout:/usr/bin/ceph: stderr
2024-03-11T19:30:14.402+0000 7f8d0f7fe700 1 -- 172.21.15.83:0/300805215 --> [v2:172.21.15.83:3300/0,v1:172.21.15.83:6789/0] -- mon_subscribe({config=0+,monmap=0+}) v3 -- 0x7f8d00009550 con 0x7f8d101080d0
2024-03-11T19:30:15.250 INFO:teuthology.orchestra.run.smithi083.stdout:/usr/bin/ceph: stderr
2024-03-11T19:30:14.402+0000 7f8d0f7fe700 1 --2- 172.21.15.83:0/300805215 >> [v2:172.21.15.83:3300/0,v1:172.21.15.83:6789/0] conn(0x7f8d101080d0 0x7f8d1019b2e0 secure :-1 s=READY pgs=75 cs=0 l=1 rev1=1 crypto rx=0x7f8d00011740 tx=0x7f8d00011a50 comp rx=0 tx=0).ready entity=mon.0 client_cookie=0 server_cookie=0 in_seq=0 out_seq=0
2024-03-11T19:30:15.250 INFO:teuthology.orchestra.run.smithi083.stdout:/usr/bin/ceph: stderr
2024-03-11T19:30:14.402+0000 7f8d0cff9700 1 -- 172.21.15.83:0/300805215 <== mon.0 v2:172.21.15.83:3300/0 1 ==== mon_map magic: 0 v1 ==== 205+0+0 (secure 0 0 0) 0x7f8d00003b20 con 0x7f8d101080d0
2024-03-11T19:30:15.250 INFO:teuthology.orchestra.run.smithi083.stdout:/usr/bin/ceph: stderr
2024-03-11T19:30:14.402+0000 7f8d16012700 1 -- 172.21.15.83:0/300805215 --> [v2:172.21.15.83:3300/0,v1:172.21.15.83:6789/0] -- mon_subscribe({mgrmap=0+}) v3 -- 0x7f8d1019ba20 con 0x7f8d101080d0
2024-03-11T19:30:15.250 INFO:teuthology.orchestra.run.smithi083.stdout:/usr/bin/ceph: stderr
2024-03-11T19:30:14.402+0000 7f8d0cff9700 1 -- 172.21.15.83:0/300805215 <== mon.0 v2:172.21.15.83:3300/0 2 ==== config(27 keys) v1 ==== 1140+0+0 (secure 0 0 0) 0x7f8d0001a910 con 0x7f8d101080d0
2024-03-11T19:30:15.250 INFO:teuthology.orchestra.run.smithi083.stdout:/usr/bin/ceph: stderr
2024-03-11T19:30:14.402+0000 7f8d0cff9700 1 -- 172.21.15.83:0/300805215 <== mon.0 v2:172.21.15.83:3300/0 3 ==== mon_map magic: 0 v1 ==== 205+0+0 (secure 0 0 0) 0x7f8d00024900 con 0x7f8d101080d0
2024-03-11T19:30:15.250 INFO:teuthology.orchestra.run.smithi083.stdout:/usr/bin/ceph: stderr
2024-03-11T19:30:14.402+0000 7f8d16012700 1 -- 172.21.15.83:0/300805215 --> [v2:172.21.15.83:3300/0,v1:172.21.15.83:6789/0] -- mon_subscribe({osdmap=0}) v3 -- 0x7f8d1019bec0 con 0x7f8d101080d0
2024-03-11T19:30:15.250 INFO:teuthology.orchestra.run.smithi083.stdout:/usr/bin/ceph: stderr
2024-03-11T19:30:14.403+0000 7f8d0cff9700 1 -- 172.21.15.83:0/300805215 <== mon.0 v2:172.21.15.83:3300/0 4 ==== mgrmap(e 12) v1 ==== 45782+0+0 (secure 0 0 0) 0x7f8d00024b70 con 0x7f8d101080d0
2024-03-11T19:30:15.250 INFO:teuthology.orchestra.run.smithi083.stdout:/usr/bin/ceph: stderr
2024-03-11T19:30:14.403+0000 7f8d0cff9700 1 --2- 172.21.15.83:0/300805215 >> [v2:172.21.15.83:6800/3477661212,v1:172.21.15.83:6801/3477661212] conn(0x7f8cf8038cb0 0x7f8cf803b170 unknown :-1 s=NONE pgs=0 cs=0 l=1 rev1=0 crypto rx=0 tx=0 comp rx=0 tx=0).connect
2024-03-11T19:30:15.250 INFO:teuthology.orchestra.run.smithi083.stdout:/usr/bin/ceph: stderr
2024-03-11T19:30:14.403+0000 7f8d16012700 1 -- 172.21.15.83:0/300805215 --> [v2:172.21.15.83:3300/0,v1:172.21.15.83:6789/0] -- mon_command({"prefix": "get_command_descriptions"} v 0) v1 -- 0x7f8d1010b840 con 0x7f8d101080d0
2024-03-11T19:30:15.250 INFO:teuthology.orchestra.run.smithi083.stdout:/usr/bin/ceph: stderr
2024-03-11T19:30:14.403+0000 7f8d0cff9700 1 -- 172.21.15.83:0/300805215 <== mon.0 v2:172.21.15.83:3300/0 5 ==== osd_map(3..3 src has 1..3) v4 ==== 1155+0+0 (secure 0 0 0) 0x7f8d0004d0b0 con 0x7f8d101080d0
2024-03-11T19:30:15.250 INFO:teuthology.orchestra.run.smithi083.stdout:/usr/bin/ceph: stderr
2024-03-11T19:30:14.403+0000 7f8d0effd700 1 --2- 172.21.15.83:0/300805215 >> [v2:172.21.15.83:6800/3477661212,v1:172.21.15.83:6801/3477661212] conn(0x7f8cf8038cb0 0x7f8cf803b170 unknown :-1 s=BANNER_CONNECTING pgs=0 cs=0 l=1 rev1=0 crypto rx=0 tx=0 comp rx=0 tx=0)._handle_peer_banner_payload supported=3 required=0
2024-03-11T19:30:15.251 INFO:teuthology.orchestra.run.smithi083.stdout:/usr/bin/ceph: stderr
2024-03-11T19:30:14.404+0000 7f8d0effd700 1 --2- 172.21.15.83:0/300805215 >> [v2:172.21.15.83:6800/3477661212,v1:172.21.15.83:6801/3477661212] conn(0x7f8cf8038cb0 0x7f8cf803b170 secure :-1 s=READY pgs=9 cs=0 l=1 rev1=1 crypto rx=0x7f8d04006fd0 tx=0x7f8d04006e40 comp rx=0 tx=0).ready entity=mgr.14152 client_cookie=0 server_cookie=0 in_seq=0 out_seq=0
2024-03-11T19:30:15.251 INFO:teuthology.orchestra.run.smithi083.stdout:/usr/bin/ceph: stderr
2024-03-11T19:30:14.408+0000 7f8d0cff9700 1 -- 172.21.15.83:0/300805215 <== mon.0 v2:172.21.15.83:3300/0 6 ==== mon_command_ack([{"prefix": "get_command_descriptions"}]=0 v0) v1 ==== 72+0+183564 (secure 0 0 0) 0x7f8d0002d3f0 con 0x7f8d101080d0
2024-03-11T19:30:15.251 INFO:teuthology.orchestra.run.smithi083.stdout:/usr/bin/ceph: stderr
2024-03-11T19:30:14.516+0000 7f8d0cff9700 1 -- 172.21.15.83:0/300805215 <== mon.0 v2:172.21.15.83:3300/0 7 ==== mgrmap(e 13) v1 ==== 45825+0+0 (secure 0 0 0) 0x7f8d0002ad60 con 0x7f8d101080d0
2024-03-11T19:30:15.251 INFO:teuthology.orchestra.run.smithi083.stdout:/usr/bin/ceph: stderr
2024-03-11T19:30:14.601+0000 7f8d16012700 1 -- 172.21.15.83:0/300805215 --> [v2:172.21.15.83:3300/0,v1:172.21.15.83:6789/0] -- mon_command({"prefix": "config get", "who": "mgr", "key": "mgr/dashboard/ssl_server_port"} v 0) v1 -- 0x7f8d1019e7a0 con 0x7f8d101080d0
2024-03-11T19:30:15.251 INFO:teuthology.orchestra.run.smithi083.stdout:/usr/bin/ceph: stderr
2024-03-11T19:30:14.602+0000 7f8d0cff9700 1 -- 172.21.15.83:0/300805215 <== mon.0 v2:172.21.15.83:3300/0 8 ==== mon_command_ack([{"prefix": "config get", "who": "mgr", "key": "mgr/dashboard/ssl_server_port"}]=0 v8) v1 ==== 112+0+5 (secure 0 0 0) 0x7f8d0002d3f0 con 0x7f8d101080d0
2024-03-11T19:30:15.251 INFO:teuthology.orchestra.run.smithi083.stdout:/usr/bin/ceph: stderr
2024-03-11T19:30:14.603+0000 7f8d16012700 1 -- 172.21.15.83:0/300805215 >> [v2:172.21.15.83:6800/3477661212,v1:172.21.15.83:6801/3477661212] conn(0x7f8cf8038cb0 msgr2=0x7f8cf803b170 secure :-1 s=STATE_CONNECTION_ESTABLISHED l=1).mark_down
2024-03-11T19:30:15.251 INFO:teuthology.orchestra.run.smithi083.stdout:/usr/bin/ceph: stderr
2024-03-11T19:30:14.603+0000 7f8d16012700 1 --2- 172.21.15.83:0/300805215 >> [v2:172.21.15.83:6800/3477661212,v1:172.21.15.83:6801/3477661212] conn(0x7f8cf8038cb0 0x7f8cf803b170 secure :-1 s=READY pgs=9 cs=0 l=1 rev1=1 crypto rx=0x7f8d04006fd0 tx=0x7f8d04006e40 comp rx=0 tx=0).stop
2024-03-11T19:30:15.251 INFO:teuthology.orchestra.run.smithi083.stdout:/usr/bin/ceph: stderr
2024-03-11T19:30:14.604+0000 7f8d16012700 1 -- 172.21.15.83:0/300805215 >> [v2:172.21.15.83:3300/0,v1:172.21.15.83:6789/0] conn(0x7f8d101080d0 msgr2=0x7f8d1019b2e0 secure :-1 s=STATE_CONNECTION_ESTABLISHED l=1).mark_down
2024-03-11T19:30:15.251 INFO:teuthology.orchestra.run.smithi083.stdout:/usr/bin/ceph: stderr
2024-03-11T19:30:14.604+0000 7f8d16012700 1 --2- 172.21.15.83:0/300805215 >> [v2:172.21.15.83:3300/0,v1:172.21.15.83:6789/0] conn(0x7f8d101080d0 0x7f8d1019b2e0 secure :-1 s=READY pgs=75 cs=0 l=1 rev1=1 crypto rx=0x7f8d00011740 tx=0x7f8d00011a50 comp rx=0 tx=0).stop
2024-03-11T19:30:15.251 INFO:teuthology.orchestra.run.smithi083.stdout:/usr/bin/ceph: stderr
2024-03-11T19:30:14.604+0000 7f8d16012700 1 -- 172.21.15.83:0/300805215 shutdown_connections
2024-03-11T19:30:15.251 INFO:teuthology.orchestra.run.smithi083.stdout:/usr/bin/ceph: stderr
2024-03-11T19:30:14.604+0000 7f8d16012700 1 --2- 172.21.15.83:0/300805215 >> [v2:172.21.15.83:6800/3477661212,v1:172.21.15.83:6801/3477661212] conn(0x7f8cf8038cb0 0x7f8cf803b170 unknown :-1 s=CLOSED pgs=9 cs=0 l=1 rev1=1 crypto rx=0 tx=0 comp rx=0 tx=0).stop
2024-03-11T19:30:15.251 INFO:teuthology.orchestra.run.smithi083.stdout:/usr/bin/ceph: stderr
2024-03-11T19:30:14.604+0000 7f8d16012700 1 --2- 172.21.15.83:0/300805215 >> [v2:172.21.15.83:3300/0,v1:172.21.15.83:6789/0] conn(0x7f8d101080d0 0x7f8d1019b2e0 unknown :-1 s=CLOSED pgs=75 cs=0 l=1 rev1=1 crypto rx=0 tx=0 comp rx=0 tx=0).stop
2024-03-11T19:30:15.252 INFO:teuthology.orchestra.run.smithi083.stdout:/usr/bin/ceph: stderr
2024-03-11T19:30:14.604+0000 7f8d16012700 1 -- 172.21.15.83:0/300805215 >> 172.21.15.83:0/300805215 conn(0x7f8d10101b40 msgr2=0x7f8d10102590 unknown :-1 s=STATE_NONE l=0).mark_down
2024-03-11T19:30:15.252 INFO:teuthology.orchestra.run.smithi083.stdout:/usr/bin/ceph: stderr
2024-03-11T19:30:14.604+0000 7f8d16012700 1 -- 172.21.15.83:0/300805215 shutdown_connections
2024-03-11T19:30:15.252 INFO:teuthology.orchestra.run.smithi083.stdout:/usr/bin/ceph: stderr
2024-03-11T19:30:14.604+0000 7f8d16012700 1 -- 172.21.15.83:0/300805215 wait complete.
2024-03-11T19:30:15.255 INFO:teuthology.orchestra.run.smithi083.stdout:Non-zero exit code 1 from systemctl is-enabled firewalld.service
2024-03-11T19:30:15.255 INFO:teuthology.orchestra.run.smithi083.stdout:systemctl: stdout disabled
2024-03-11T19:30:15.261 INFO:teuthology.orchestra.run.smithi083.stdout:Non-zero exit code 3 from systemctl is-active firewalld.service
2024-03-11T19:30:15.261 INFO:teuthology.orchestra.run.smithi083.stdout:systemctl: stdout inactive
2024-03-11T19:30:15.261 INFO:teuthology.orchestra.run.smithi083.stdout:firewalld.service is not enabled
2024-03-11T19:30:15.261 INFO:teuthology.orchestra.run.smithi083.stdout:Not possible to open ports <[8443]>. firewalld.service is not available
2024-03-11T19:30:15.262 INFO:teuthology.orchestra.run.smithi083.stdout:Ceph Dashboard is now available at:
2024-03-11T19:30:15.262 INFO:teuthology.orchestra.run.smithi083.stdout:
2024-03-11T19:30:15.262 INFO:teuthology.orchestra.run.smithi083.stdout: URL: https://smithi083.front.sepia.ceph.com:8443/
2024-03-11T19:30:15.262 INFO:teuthology.orchestra.run.smithi083.stdout: User: admin
2024-03-11T19:30:15.263 INFO:teuthology.orchestra.run.smithi083.stdout: Password: m4vy15v6xe
2024-03-11T19:30:15.263 INFO:teuthology.orchestra.run.smithi083.stdout:
2024-03-11T19:30:15.263 INFO:teuthology.orchestra.run.smithi083.stdout:Saving cluster configuration to /var/lib/ceph/839f93c8-dfdd-11ee-95c8-87774f69a715/config directory
2024-03-11T19:30:15.263 INFO:teuthology.orchestra.run.smithi083.stdout:Enabling autotune for osd_memory_target
2024-03-11T19:30:15.701 INFO:journalctl@ceph.mon.a.smithi083.stdout:Mar 11 19:30:15 smithi083 ceph-mon[31864]: mgrmap e13: x(active, since 6s)
2024-03-11T19:30:15.701 INFO:journalctl@ceph.mon.a.smithi083.stdout:Mar 11 19:30:15 smithi083 ceph-mon[31864]: from='client.? 172.21.15.83:0/300805215' entity='client.admin' cmd=[{"prefix": "config get", "who": "mgr", "key": "mgr/dashboard/ssl_server_port"}]: dispatch
2024-03-11T19:30:16.530 INFO:teuthology.orchestra.run.smithi083.stdout:/usr/bin/ceph: stderr
2024-03-11T19:30:15.724+0000 7fedd921c700 1 Processor -- start
2024-03-11T19:30:16.530 INFO:teuthology.orchestra.run.smithi083.stdout:/usr/bin/ceph: stderr
2024-03-11T19:30:15.724+0000 7fedd921c700 1 -- start start
2024-03-11T19:30:16.530 INFO:teuthology.orchestra.run.smithi083.stdout:/usr/bin/ceph: stderr
2024-03-11T19:30:15.724+0000 7fedd921c700 1 --2- >> [v2:172.21.15.83:3300/0,v1:172.21.15.83:6789/0] conn(0x7fedd41058e0 0x7fedd4105d00 unknown :-1 s=NONE pgs=0 cs=0 l=0 rev1=0 crypto rx=0 tx=0 comp rx=0 tx=0).connect
2024-03-11T19:30:16.530 INFO:teuthology.orchestra.run.smithi083.stdout:/usr/bin/ceph: stderr
2024-03-11T19:30:15.724+0000 7fedd921c700 1 -- --> [v2:172.21.15.83:3300/0,v1:172.21.15.83:6789/0] -- mon_getmap magic: 0 v1 -- 0x7fedd41062d0 con 0x7fedd41058e0
2024-03-11T19:30:16.531 INFO:teuthology.orchestra.run.smithi083.stdout:/usr/bin/ceph: stderr
2024-03-11T19:30:15.724+0000 7fedd2d9d700 1 --2- >> [v2:172.21.15.83:3300/0,v1:172.21.15.83:6789/0] conn(0x7fedd41058e0 0x7fedd4105d00 unknown :-1 s=BANNER_CONNECTING pgs=0 cs=0 l=0 rev1=0 crypto rx=0 tx=0 comp rx=0 tx=0)._handle_peer_banner_payload supported=3 required=0
2024-03-11T19:30:16.531 INFO:teuthology.orchestra.run.smithi083.stdout:/usr/bin/ceph: stderr
2024-03-11T19:30:15.724+0000 7fedd2d9d700 1 --2- >> [v2:172.21.15.83:3300/0,v1:172.21.15.83:6789/0] conn(0x7fedd41058e0 0x7fedd4105d00 unknown :-1 s=HELLO_CONNECTING pgs=0 cs=0 l=0 rev1=1 crypto rx=0 tx=0 comp rx=0 tx=0).handle_hello peer v2:172.21.15.83:3300/0 says I am v2:172.21.15.83:32912/0 (socket says 172.21.15.83:32912)
2024-03-11T19:30:16.531 INFO:teuthology.orchestra.run.smithi083.stdout:/usr/bin/ceph: stderr
2024-03-11T19:30:15.725+0000 7fedd2d9d700 1 -- 172.21.15.83:0/3761659999 learned_addr learned my addr 172.21.15.83:0/3761659999 (peer_addr_for_me v2:172.21.15.83:0/0)
2024-03-11T19:30:16.531 INFO:teuthology.orchestra.run.smithi083.stdout:/usr/bin/ceph: stderr
2024-03-11T19:30:15.725+0000 7fedd2d9d700 1 -- 172.21.15.83:0/3761659999 --> [v2:172.21.15.83:3300/0,v1:172.21.15.83:6789/0] -- mon_subscribe({config=0+,monmap=0+}) v3 -- 0x7fedd4106410 con 0x7fedd41058e0
2024-03-11T19:30:16.531 INFO:teuthology.orchestra.run.smithi083.stdout:/usr/bin/ceph: stderr
2024-03-11T19:30:15.725+0000 7fedd2d9d700 1 --2- 172.21.15.83:0/3761659999 >> [v2:172.21.15.83:3300/0,v1:172.21.15.83:6789/0] conn(0x7fedd41058e0 0x7fedd4105d00 secure :-1 s=READY pgs=76 cs=0 l=1 rev1=1 crypto rx=0x7fedc40098a0 tx=0x7fedc4009bb0 comp rx=0 tx=0).ready entity=mon.0 client_cookie=d3777edec67a32dd server_cookie=0 in_seq=0 out_seq=0
2024-03-11T19:30:16.531 INFO:teuthology.orchestra.run.smithi083.stdout:/usr/bin/ceph: stderr
2024-03-11T19:30:15.725+0000 7fedd259c700 1 -- 172.21.15.83:0/3761659999 <== mon.0 v2:172.21.15.83:3300/0 1 ==== mon_map magic: 0 v1 ==== 205+0+0 (secure 0 0 0) 0x7fedc4004160 con 0x7fedd41058e0
2024-03-11T19:30:16.531 INFO:teuthology.orchestra.run.smithi083.stdout:/usr/bin/ceph: stderr
2024-03-11T19:30:15.725+0000 7fedd259c700 1 -- 172.21.15.83:0/3761659999 <== mon.0 v2:172.21.15.83:3300/0 2 ==== config(27 keys) v1 ==== 1140+0+0 (secure 0 0 0) 0x7fedc40042c0 con 0x7fedd41058e0
2024-03-11T19:30:16.531 INFO:teuthology.orchestra.run.smithi083.stdout:/usr/bin/ceph: stderr
2024-03-11T19:30:15.725+0000 7fedd259c700 1 -- 172.21.15.83:0/3761659999 <== mon.0 v2:172.21.15.83:3300/0 3 ==== mon_map magic: 0 v1 ==== 205+0+0 (secure 0 0 0) 0x7fedc4011a80 con 0x7fedd41058e0
2024-03-11T19:30:16.531 INFO:teuthology.orchestra.run.smithi083.stdout:/usr/bin/ceph: stderr
2024-03-11T19:30:15.726+0000 7fedd921c700 1 -- 172.21.15.83:0/3761659999 >> [v2:172.21.15.83:3300/0,v1:172.21.15.83:6789/0] conn(0x7fedd41058e0 msgr2=0x7fedd4105d00 secure :-1 s=STATE_CONNECTION_ESTABLISHED l=1).mark_down
2024-03-11T19:30:16.531 INFO:teuthology.orchestra.run.smithi083.stdout:/usr/bin/ceph: stderr
2024-03-11T19:30:15.726+0000 7fedd921c700 1 --2- 172.21.15.83:0/3761659999 >> [v2:172.21.15.83:3300/0,v1:172.21.15.83:6789/0] conn(0x7fedd41058e0 0x7fedd4105d00 secure :-1 s=READY pgs=76 cs=0 l=1 rev1=1 crypto rx=0x7fedc40098a0 tx=0x7fedc4009bb0 comp rx=0 tx=0).stop
2024-03-11T19:30:16.531 INFO:teuthology.orchestra.run.smithi083.stdout:/usr/bin/ceph: stderr
2024-03-11T19:30:15.726+0000 7fedd921c700 1 -- 172.21.15.83:0/3761659999 shutdown_connections
2024-03-11T19:30:16.531 INFO:teuthology.orchestra.run.smithi083.stdout:/usr/bin/ceph: stderr
2024-03-11T19:30:15.726+0000 7fedd921c700 1 --2- 172.21.15.83:0/3761659999 >> [v2:172.21.15.83:3300/0,v1:172.21.15.83:6789/0] conn(0x7fedd41058e0 0x7fedd4105d00 unknown :-1 s=CLOSED pgs=76 cs=0 l=1 rev1=1 crypto rx=0 tx=0 comp rx=0 tx=0).stop
2024-03-11T19:30:16.531 INFO:teuthology.orchestra.run.smithi083.stdout:/usr/bin/ceph: stderr
2024-03-11T19:30:15.726+0000 7fedd921c700 1 -- 172.21.15.83:0/3761659999 >> 172.21.15.83:0/3761659999 conn(0x7fedd4101260 msgr2=0x7fedd4103680 unknown :-1 s=STATE_NONE l=0).mark_down
2024-03-11T19:30:16.532 INFO:teuthology.orchestra.run.smithi083.stdout:/usr/bin/ceph: stderr
2024-03-11T19:30:15.726+0000 7fedd921c700 1 -- 172.21.15.83:0/3761659999 shutdown_connections
2024-03-11T19:30:16.532 INFO:teuthology.orchestra.run.smithi083.stdout:/usr/bin/ceph: stderr
2024-03-11T19:30:15.726+0000 7fedd921c700 1 -- 172.21.15.83:0/3761659999 wait complete.
2024-03-11T19:30:16.532 INFO:teuthology.orchestra.run.smithi083.stdout:/usr/bin/ceph: stderr
2024-03-11T19:30:15.726+0000 7fedd921c700 1 Processor -- start
2024-03-11T19:30:16.532 INFO:teuthology.orchestra.run.smithi083.stdout:/usr/bin/ceph: stderr
2024-03-11T19:30:15.726+0000 7fedd921c700 1 -- start start
2024-03-11T19:30:16.532 INFO:teuthology.orchestra.run.smithi083.stdout:/usr/bin/ceph: stderr
2024-03-11T19:30:15.727+0000 7fedd921c700 1 --2- >> [v2:172.21.15.83:3300/0,v1:172.21.15.83:6789/0] conn(0x7fedd41058e0 0x7fedd419b310 unknown :-1 s=NONE pgs=0 cs=0 l=1 rev1=0 crypto rx=0 tx=0 comp rx=0 tx=0).connect
2024-03-11T19:30:16.532 INFO:teuthology.orchestra.run.smithi083.stdout:/usr/bin/ceph: stderr
