2024-03-11T19:30:02.520+0000 7fd5ae937700 1 --2- 172.21.15.83:0/2866239586 >> [v2:172.21.15.83:3300/0,v1:172.21.15.83:6789/0] conn(0x7fd5a81080b0 0x7fd5a810a4a0 unknown :-1 s=CLOSED pgs=59 cs=0 l=1 rev1=1 crypto rx=0 tx=0 comp rx=0 tx=0).stop
2024-03-11T19:30:03.437 INFO:teuthology.orchestra.run.smithi083.stdout:/usr/bin/ceph: stderr
2024-03-11T19:30:02.520+0000 7fd5ae937700 1 -- 172.21.15.83:0/2866239586 >> 172.21.15.83:0/2866239586 conn(0x7fd5a8101b00 msgr2=0x7fd5a8103f20 unknown :-1 s=STATE_NONE l=0).mark_down
2024-03-11T19:30:03.437 INFO:teuthology.orchestra.run.smithi083.stdout:/usr/bin/ceph: stderr
2024-03-11T19:30:02.520+0000 7fd5ae937700 1 -- 172.21.15.83:0/2866239586 shutdown_connections
2024-03-11T19:30:03.437 INFO:teuthology.orchestra.run.smithi083.stdout:/usr/bin/ceph: stderr
2024-03-11T19:30:02.520+0000 7fd5ae937700 1 -- 172.21.15.83:0/2866239586 wait complete.
2024-03-11T19:30:03.437 INFO:teuthology.orchestra.run.smithi083.stdout:/usr/bin/ceph: stderr
2024-03-11T19:30:02.520+0000 7fd5ae937700 1 Processor -- start
2024-03-11T19:30:03.437 INFO:teuthology.orchestra.run.smithi083.stdout:/usr/bin/ceph: stderr
2024-03-11T19:30:02.520+0000 7fd5ae937700 1 -- start start
2024-03-11T19:30:03.437 INFO:teuthology.orchestra.run.smithi083.stdout:/usr/bin/ceph: stderr
2024-03-11T19:30:02.521+0000 7fd5ae937700 1 --2- >> [v2:172.21.15.83:3300/0,v1:172.21.15.83:6789/0] conn(0x7fd5a81080b0 0x7fd5a8107930 unknown :-1 s=NONE pgs=0 cs=0 l=1 rev1=0 crypto rx=0 tx=0 comp rx=0 tx=0).connect
2024-03-11T19:30:03.437 INFO:teuthology.orchestra.run.smithi083.stdout:/usr/bin/ceph: stderr
2024-03-11T19:30:02.521+0000 7fd5ae937700 1 -- --> [v2:172.21.15.83:3300/0,v1:172.21.15.83:6789/0] -- mon_getmap magic: 0 v1 -- 0x7fd5a8107e70 con 0x7fd5a81080b0
2024-03-11T19:30:03.437 INFO:teuthology.orchestra.run.smithi083.stdout:/usr/bin/ceph: stderr
2024-03-11T19:30:02.521+0000 7fd5a7fff700 1 --2- >> [v2:172.21.15.83:3300/0,v1:172.21.15.83:6789/0] conn(0x7fd5a81080b0 0x7fd5a8107930 unknown :-1 s=BANNER_CONNECTING pgs=0 cs=0 l=1 rev1=0 crypto rx=0 tx=0 comp rx=0 tx=0)._handle_peer_banner_payload supported=3 required=0
2024-03-11T19:30:03.437 INFO:teuthology.orchestra.run.smithi083.stdout:/usr/bin/ceph: stderr
2024-03-11T19:30:02.521+0000 7fd5a7fff700 1 --2- >> [v2:172.21.15.83:3300/0,v1:172.21.15.83:6789/0] conn(0x7fd5a81080b0 0x7fd5a8107930 unknown :-1 s=HELLO_CONNECTING pgs=0 cs=0 l=1 rev1=1 crypto rx=0 tx=0 comp rx=0 tx=0).handle_hello peer v2:172.21.15.83:3300/0 says I am v2:172.21.15.83:49426/0 (socket says 172.21.15.83:49426)
2024-03-11T19:30:03.437 INFO:teuthology.orchestra.run.smithi083.stdout:/usr/bin/ceph: stderr
2024-03-11T19:30:02.521+0000 7fd5a7fff700 1 -- 172.21.15.83:0/3389698557 learned_addr learned my addr 172.21.15.83:0/3389698557 (peer_addr_for_me v2:172.21.15.83:0/0)
2024-03-11T19:30:03.438 INFO:teuthology.orchestra.run.smithi083.stdout:/usr/bin/ceph: stderr
2024-03-11T19:30:02.521+0000 7fd5a7fff700 1 -- 172.21.15.83:0/3389698557 --> [v2:172.21.15.83:3300/0,v1:172.21.15.83:6789/0] -- mon_subscribe({config=0+,monmap=0+}) v3 -- 0x7fd59c009550 con 0x7fd5a81080b0
2024-03-11T19:30:03.438 INFO:teuthology.orchestra.run.smithi083.stdout:/usr/bin/ceph: stderr
2024-03-11T19:30:02.521+0000 7fd5a7fff700 1 --2- 172.21.15.83:0/3389698557 >> [v2:172.21.15.83:3300/0,v1:172.21.15.83:6789/0] conn(0x7fd5a81080b0 0x7fd5a8107930 secure :-1 s=READY pgs=60 cs=0 l=1 rev1=1 crypto rx=0x7fd59c003f20 tx=0x7fd59c011b00 comp rx=0 tx=0).ready entity=mon.0 client_cookie=0 server_cookie=0 in_seq=0 out_seq=0
2024-03-11T19:30:03.438 INFO:teuthology.orchestra.run.smithi083.stdout:/usr/bin/ceph: stderr
2024-03-11T19:30:02.521+0000 7fd5a57fa700 1 -- 172.21.15.83:0/3389698557 <== mon.0 v2:172.21.15.83:3300/0 1 ==== mon_map magic: 0 v1 ==== 205+0+0 (secure 0 0 0) 0x7fd59c0039f0 con 0x7fd5a81080b0
2024-03-11T19:30:03.438 INFO:teuthology.orchestra.run.smithi083.stdout:/usr/bin/ceph: stderr
2024-03-11T19:30:02.521+0000 7fd5a57fa700 1 -- 172.21.15.83:0/3389698557 <== mon.0 v2:172.21.15.83:3300/0 2 ==== config(27 keys) v1 ==== 1140+0+0 (secure 0 0 0) 0x7fd59c003b50 con 0x7fd5a81080b0
2024-03-11T19:30:03.438 INFO:teuthology.orchestra.run.smithi083.stdout:/usr/bin/ceph: stderr
2024-03-11T19:30:02.521+0000 7fd5ae937700 1 -- 172.21.15.83:0/3389698557 --> [v2:172.21.15.83:3300/0,v1:172.21.15.83:6789/0] -- mon_subscribe({mgrmap=0+}) v3 -- 0x7fd5a8106060 con 0x7fd5a81080b0
2024-03-11T19:30:03.438 INFO:teuthology.orchestra.run.smithi083.stdout:/usr/bin/ceph: stderr
2024-03-11T19:30:02.522+0000 7fd5a57fa700 1 -- 172.21.15.83:0/3389698557 <== mon.0 v2:172.21.15.83:3300/0 3 ==== mon_map magic: 0 v1 ==== 205+0+0 (secure 0 0 0) 0x7fd59c01a6d0 con 0x7fd5a81080b0
2024-03-11T19:30:03.438 INFO:teuthology.orchestra.run.smithi083.stdout:/usr/bin/ceph: stderr
2024-03-11T19:30:02.522+0000 7fd5ae937700 1 -- 172.21.15.83:0/3389698557 --> [v2:172.21.15.83:3300/0,v1:172.21.15.83:6789/0] -- mon_subscribe({osdmap=0}) v3 -- 0x7fd5a8106500 con 0x7fd5a81080b0
2024-03-11T19:30:03.438 INFO:teuthology.orchestra.run.smithi083.stdout:/usr/bin/ceph: stderr
2024-03-11T19:30:02.522+0000 7fd5ae937700 1 -- 172.21.15.83:0/3389698557 --> [v2:172.21.15.83:3300/0,v1:172.21.15.83:6789/0] -- mon_command({"prefix": "get_command_descriptions"} v 0) v1 -- 0x7fd5a810b820 con 0x7fd5a81080b0
2024-03-11T19:30:03.438 INFO:teuthology.orchestra.run.smithi083.stdout:/usr/bin/ceph: stderr
2024-03-11T19:30:02.523+0000 7fd5a57fa700 1 -- 172.21.15.83:0/3389698557 <== mon.0 v2:172.21.15.83:3300/0 4 ==== mgrmap(e 9) v1 ==== 45782+0+0 (secure 0 0 0) 0x7fd59c01a940 con 0x7fd5a81080b0
2024-03-11T19:30:03.438 INFO:teuthology.orchestra.run.smithi083.stdout:/usr/bin/ceph: stderr
2024-03-11T19:30:02.523+0000 7fd5a57fa700 1 --2- 172.21.15.83:0/3389698557 >> [v2:172.21.15.83:6800/4058944299,v1:172.21.15.83:6801/4058944299] conn(0x7fd590038d10 0x7fd59003b1d0 unknown :-1 s=NONE pgs=0 cs=0 l=1 rev1=0 crypto rx=0 tx=0 comp rx=0 tx=0).connect
2024-03-11T19:30:03.438 INFO:teuthology.orchestra.run.smithi083.stdout:/usr/bin/ceph: stderr
2024-03-11T19:30:02.523+0000 7fd5a57fa700 1 -- 172.21.15.83:0/3389698557 <== mon.0 v2:172.21.15.83:3300/0 5 ==== osd_map(2..2 src has 1..2) v4 ==== 940+0+0 (secure 0 0 0) 0x7fd59c04cfb0 con 0x7fd5a81080b0
2024-03-11T19:30:03.438 INFO:teuthology.orchestra.run.smithi083.stdout:/usr/bin/ceph: stderr
2024-03-11T19:30:02.523+0000 7fd5a77fe700 1 -- 172.21.15.83:0/3389698557 >> [v2:172.21.15.83:6800/4058944299,v1:172.21.15.83:6801/4058944299] conn(0x7fd590038d10 msgr2=0x7fd59003b1d0 unknown :-1 s=STATE_CONNECTING_RE l=1).process reconnect failed to v2:172.21.15.83:6800/4058944299
2024-03-11T19:30:03.438 INFO:teuthology.orchestra.run.smithi083.stdout:/usr/bin/ceph: stderr
2024-03-11T19:30:02.523+0000 7fd5a77fe700 1 --2- 172.21.15.83:0/3389698557 >> [v2:172.21.15.83:6800/4058944299,v1:172.21.15.83:6801/4058944299] conn(0x7fd590038d10 0x7fd59003b1d0 unknown :-1 s=START_CONNECT pgs=0 cs=0 l=1 rev1=0 crypto rx=0 tx=0 comp rx=0 tx=0)._fault waiting 0.200000
2024-03-11T19:30:03.439 INFO:teuthology.orchestra.run.smithi083.stdout:/usr/bin/ceph: stderr
2024-03-11T19:30:02.528+0000 7fd5a57fa700 1 -- 172.21.15.83:0/3389698557 <== mon.0 v2:172.21.15.83:3300/0 6 ==== mon_command_ack([{"prefix": "get_command_descriptions"}]=0 v0) v1 ==== 72+0+183564 (secure 0 0 0) 0x7fd59c018dc0 con 0x7fd5a81080b0
2024-03-11T19:30:03.439 INFO:teuthology.orchestra.run.smithi083.stdout:/usr/bin/ceph: stderr
2024-03-11T19:30:02.724+0000 7fd5a77fe700 1 -- 172.21.15.83:0/3389698557 >> [v2:172.21.15.83:6800/4058944299,v1:172.21.15.83:6801/4058944299] conn(0x7fd590038d10 msgr2=0x7fd59003b1d0 unknown :-1 s=STATE_CONNECTING_RE l=1).process reconnect failed to v2:172.21.15.83:6800/4058944299
2024-03-11T19:30:03.439 INFO:teuthology.orchestra.run.smithi083.stdout:/usr/bin/ceph: stderr
2024-03-11T19:30:02.724+0000 7fd5a77fe700 1 --2- 172.21.15.83:0/3389698557 >> [v2:172.21.15.83:6800/4058944299,v1:172.21.15.83:6801/4058944299] conn(0x7fd590038d10 0x7fd59003b1d0 unknown :-1 s=START_CONNECT pgs=0 cs=0 l=1 rev1=0 crypto rx=0 tx=0 comp rx=0 tx=0)._fault waiting 0.400000
2024-03-11T19:30:03.439 INFO:teuthology.orchestra.run.smithi083.stdout:/usr/bin/ceph: stderr
2024-03-11T19:30:02.783+0000 7fd5ae937700 1 -- 172.21.15.83:0/3389698557 --> [v2:172.21.15.83:3300/0,v1:172.21.15.83:6789/0] -- mon_command({"prefix": "mgr stat"} v 0) v1 -- 0x7fd5a8106b00 con 0x7fd5a81080b0
2024-03-11T19:30:03.439 INFO:teuthology.orchestra.run.smithi083.stdout:/usr/bin/ceph: stderr
2024-03-11T19:30:02.784+0000 7fd5a57fa700 1 -- 172.21.15.83:0/3389698557 <== mon.0 v2:172.21.15.83:3300/0 7 ==== mon_command_ack([{"prefix": "mgr stat"}]=0 v9) v1 ==== 56+0+88 (secure 0 0 0) 0x7fd59c018be0 con 0x7fd5a81080b0
2024-03-11T19:30:03.439 INFO:teuthology.orchestra.run.smithi083.stdout:/usr/bin/ceph: stderr
2024-03-11T19:30:02.786+0000 7fd5ae937700 1 -- 172.21.15.83:0/3389698557 >> [v2:172.21.15.83:6800/4058944299,v1:172.21.15.83:6801/4058944299] conn(0x7fd590038d10 msgr2=0x7fd59003b1d0 unknown :-1 s=STATE_CONNECTING l=1).mark_down
2024-03-11T19:30:03.439 INFO:teuthology.orchestra.run.smithi083.stdout:/usr/bin/ceph: stderr
2024-03-11T19:30:02.786+0000 7fd5ae937700 1 --2- 172.21.15.83:0/3389698557 >> [v2:172.21.15.83:6800/4058944299,v1:172.21.15.83:6801/4058944299] conn(0x7fd590038d10 0x7fd59003b1d0 unknown :-1 s=START_CONNECT pgs=0 cs=0 l=1 rev1=0 crypto rx=0 tx=0 comp rx=0 tx=0).stop
2024-03-11T19:30:03.439 INFO:teuthology.orchestra.run.smithi083.stdout:/usr/bin/ceph: stderr
2024-03-11T19:30:02.786+0000 7fd5ae937700 1 -- 172.21.15.83:0/3389698557 >> [v2:172.21.15.83:3300/0,v1:172.21.15.83:6789/0] conn(0x7fd5a81080b0 msgr2=0x7fd5a8107930 secure :-1 s=STATE_CONNECTION_ESTABLISHED l=1).mark_down
2024-03-11T19:30:03.439 INFO:teuthology.orchestra.run.smithi083.stdout:/usr/bin/ceph: stderr
2024-03-11T19:30:02.786+0000 7fd5ae937700 1 --2- 172.21.15.83:0/3389698557 >> [v2:172.21.15.83:3300/0,v1:172.21.15.83:6789/0] conn(0x7fd5a81080b0 0x7fd5a8107930 secure :-1 s=READY pgs=60 cs=0 l=1 rev1=1 crypto rx=0x7fd59c003f20 tx=0x7fd59c011b00 comp rx=0 tx=0).stop
2024-03-11T19:30:03.439 INFO:teuthology.orchestra.run.smithi083.stdout:/usr/bin/ceph: stderr
2024-03-11T19:30:02.786+0000 7fd5ae937700 1 -- 172.21.15.83:0/3389698557 shutdown_connections
2024-03-11T19:30:03.439 INFO:teuthology.orchestra.run.smithi083.stdout:/usr/bin/ceph: stderr
2024-03-11T19:30:02.786+0000 7fd5ae937700 1 --2- 172.21.15.83:0/3389698557 >> [v2:172.21.15.83:6800/4058944299,v1:172.21.15.83:6801/4058944299] conn(0x7fd590038d10 0x7fd59003b1d0 unknown :-1 s=CLOSED pgs=0 cs=0 l=1 rev1=0 crypto rx=0 tx=0 comp rx=0 tx=0).stop
2024-03-11T19:30:03.439 INFO:teuthology.orchestra.run.smithi083.stdout:/usr/bin/ceph: stderr
2024-03-11T19:30:02.786+0000 7fd5ae937700 1 --2- 172.21.15.83:0/3389698557 >> [v2:172.21.15.83:3300/0,v1:172.21.15.83:6789/0] conn(0x7fd5a81080b0 0x7fd5a8107930 unknown :-1 s=CLOSED pgs=60 cs=0 l=1 rev1=1 crypto rx=0 tx=0 comp rx=0 tx=0).stop
2024-03-11T19:30:03.439 INFO:teuthology.orchestra.run.smithi083.stdout:/usr/bin/ceph: stderr
2024-03-11T19:30:02.786+0000 7fd5ae937700 1 -- 172.21.15.83:0/3389698557 >> 172.21.15.83:0/3389698557 conn(0x7fd5a8101b00 msgr2=0x7fd5a81025a0 unknown :-1 s=STATE_NONE l=0).mark_down
2024-03-11T19:30:03.440 INFO:teuthology.orchestra.run.smithi083.stdout:/usr/bin/ceph: stderr
2024-03-11T19:30:02.786+0000 7fd5ae937700 1 -- 172.21.15.83:0/3389698557 shutdown_connections
2024-03-11T19:30:03.440 INFO:teuthology.orchestra.run.smithi083.stdout:/usr/bin/ceph: stderr
2024-03-11T19:30:02.786+0000 7fd5ae937700 1 -- 172.21.15.83:0/3389698557 wait complete.
2024-03-11T19:30:03.440 INFO:teuthology.orchestra.run.smithi083.stdout:Waiting for the mgr to restart...
2024-03-11T19:30:03.440 INFO:teuthology.orchestra.run.smithi083.stdout:Waiting for mgr epoch 9...
2024-03-11T19:30:03.682 INFO:journalctl@ceph.mon.a.smithi083.stdout:Mar 11 19:30:03 smithi083 ceph-mon[31864]: from='client.? 172.21.15.83:0/3389698557' entity='client.admin' cmd=[{"prefix": "mgr stat"}]: dispatch
2024-03-11T19:30:03.682 INFO:journalctl@ceph.mgr.x.smithi083.stdout:Mar 11 19:30:03 smithi083 ceph-839f93c8-dfdd-11ee-95c8-87774f69a715-mgr-x[32099]:
2024-03-11T19:30:03.509+0000 7f856c77a200 -1 mgr[py] Module rgw has missing NOTIFY_TYPES member
2024-03-11T19:30:03.682 INFO:journalctl@ceph.mgr.x.smithi083.stdout:Mar 11 19:30:03 smithi083 ceph-839f93c8-dfdd-11ee-95c8-87774f69a715-mgr-x[32099]:
2024-03-11T19:30:03.618+0000 7f856c77a200 -1 mgr[py] Module rbd_support has missing NOTIFY_TYPES member
2024-03-11T19:30:03.989 INFO:journalctl@ceph.mgr.x.smithi083.stdout:Mar 11 19:30:03 smithi083 ceph-839f93c8-dfdd-11ee-95c8-87774f69a715-mgr-x[32099]:
2024-03-11T19:30:03.708+0000 7f856c77a200 -1 mgr[py] Module progress has missing NOTIFY_TYPES member
2024-03-11T19:30:03.989 INFO:journalctl@ceph.mgr.x.smithi083.stdout:Mar 11 19:30:03 smithi083 ceph-839f93c8-dfdd-11ee-95c8-87774f69a715-mgr-x[32099]:
2024-03-11T19:30:03.805+0000 7f856c77a200 -1 mgr[py] Module pg_autoscaler has missing NOTIFY_TYPES member
2024-03-11T19:30:04.317 INFO:journalctl@ceph.mgr.x.smithi083.stdout:Mar 11 19:30:03 smithi083 ceph-839f93c8-dfdd-11ee-95c8-87774f69a715-mgr-x[32099]:
2024-03-11T19:30:03.985+0000 7f856c77a200 -1 mgr[py] Module devicehealth has missing NOTIFY_TYPES member
2024-03-11T19:30:05.304 INFO:journalctl@ceph.mgr.x.smithi083.stdout:Mar 11 19:30:04 smithi083 ceph-839f93c8-dfdd-11ee-95c8-87774f69a715-mgr-x[32099]:
2024-03-11T19:30:04.942+0000 7f856c77a200 -1 mgr[py] Module rook has missing NOTIFY_TYPES member
2024-03-11T19:30:05.305 INFO:journalctl@ceph.mgr.x.smithi083.stdout:Mar 11 19:30:05 smithi083 ceph-839f93c8-dfdd-11ee-95c8-87774f69a715-mgr-x[32099]:
2024-03-11T19:30:05.072+0000 7f856c77a200 -1 mgr[py] Module diskprediction_local has missing NOTIFY_TYPES member
2024-03-11T19:30:05.567 INFO:journalctl@ceph.mgr.x.smithi083.stdout:Mar 11 19:30:05 smithi083 ceph-839f93c8-dfdd-11ee-95c8-87774f69a715-mgr-x[32099]:
2024-03-11T19:30:05.416+0000 7f856c77a200 -1 mgr[py] Module selftest has missing NOTIFY_TYPES member
2024-03-11T19:30:05.568 INFO:journalctl@ceph.mgr.x.smithi083.stdout:Mar 11 19:30:05 smithi083 ceph-839f93c8-dfdd-11ee-95c8-87774f69a715-mgr-x[32099]:
2024-03-11T19:30:05.508+0000 7f856c77a200 -1 mgr[py] Module telegraf has missing NOTIFY_TYPES member
2024-03-11T19:30:06.067 INFO:journalctl@ceph.mgr.x.smithi083.stdout:Mar 11 19:30:05 smithi083 ceph-839f93c8-dfdd-11ee-95c8-87774f69a715-mgr-x[32099]:
2024-03-11T19:30:05.708+0000 7f856c77a200 -1 mgr[py] Module test_orchestrator has missing NOTIFY_TYPES member
2024-03-11T19:30:06.068 INFO:journalctl@ceph.mgr.x.smithi083.stdout:Mar 11 19:30:05 smithi083 ceph-839f93c8-dfdd-11ee-95c8-87774f69a715-mgr-x[32099]:
2024-03-11T19:30:05.895+0000 7f856c77a200 -1 mgr[py] Module crash has missing NOTIFY_TYPES member
2024-03-11T19:30:06.457 INFO:journalctl@ceph.mgr.x.smithi083.stdout:Mar 11 19:30:06 smithi083 ceph-839f93c8-dfdd-11ee-95c8-87774f69a715-mgr-x[32099]:
2024-03-11T19:30:06.183+0000 7f856c77a200 -1 mgr[py] Module orchestrator has missing NOTIFY_TYPES member
2024-03-11T19:30:06.457 INFO:journalctl@ceph.mgr.x.smithi083.stdout:Mar 11 19:30:06 smithi083 ceph-839f93c8-dfdd-11ee-95c8-87774f69a715-mgr-x[32099]:
2024-03-11T19:30:06.453+0000 7f856c77a200 -1 mgr[py] Module osd_support has missing NOTIFY_TYPES member
2024-03-11T19:30:06.817 INFO:journalctl@ceph.mgr.x.smithi083.stdout:Mar 11 19:30:06 smithi083 ceph-839f93c8-dfdd-11ee-95c8-87774f69a715-mgr-x[32099]:
2024-03-11T19:30:06.690+0000 7f856c77a200 -1 mgr[py] Module volumes has missing NOTIFY_TYPES member
2024-03-11T19:30:07.817 INFO:journalctl@ceph.mgr.x.smithi083.stdout:Mar 11 19:30:07 smithi083 ceph-839f93c8-dfdd-11ee-95c8-87774f69a715-mgr-x[32099]:
2024-03-11T19:30:07.496+0000 7f856c77a200 -1 mgr[py] Module telemetry has missing NOTIFY_TYPES member
2024-03-11T19:30:08.417 INFO:journalctl@ceph.mgr.x.smithi083.stdout:Mar 11 19:30:08 smithi083 ceph-839f93c8-dfdd-11ee-95c8-87774f69a715-mgr-x[32099]:
2024-03-11T19:30:08.096+0000 7f856c77a200 -1 mgr[py] Module prometheus has missing NOTIFY_TYPES member
2024-03-11T19:30:08.417 INFO:journalctl@ceph.mgr.x.smithi083.stdout:Mar 11 19:30:08 smithi083 ceph-839f93c8-dfdd-11ee-95c8-87774f69a715-mgr-x[32099]:
2024-03-11T19:30:08.195+0000 7f856c77a200 -1 mgr[py] Module status has missing NOTIFY_TYPES member
2024-03-11T19:30:08.417 INFO:journalctl@ceph.mgr.x.smithi083.stdout:Mar 11 19:30:08 smithi083 ceph-839f93c8-dfdd-11ee-95c8-87774f69a715-mgr-x[32099]:
2024-03-11T19:30:08.413+0000 7f856c77a200 -1 mgr[py] Module nfs has missing NOTIFY_TYPES member
2024-03-11T19:30:08.818 INFO:journalctl@ceph.mon.a.smithi083.stdout:Mar 11 19:30:08 smithi083 ceph-mon[31864]: Active manager daemon x restarted
2024-03-11T19:30:08.818 INFO:journalctl@ceph.mon.a.smithi083.stdout:Mar 11 19:30:08 smithi083 ceph-mon[31864]: Activating manager daemon x
2024-03-11T19:30:08.818 INFO:journalctl@ceph.mon.a.smithi083.stdout:Mar 11 19:30:08 smithi083 ceph-mon[31864]: osdmap e3: 0 total, 0 up, 0 in
2024-03-11T19:30:08.818 INFO:journalctl@ceph.mon.a.smithi083.stdout:Mar 11 19:30:08 smithi083 ceph-mon[31864]: mgrmap e10: x(active, starting, since 0.00338968s)
2024-03-11T19:30:08.818 INFO:journalctl@ceph.mon.a.smithi083.stdout:Mar 11 19:30:08 smithi083 ceph-mon[31864]: from='mgr.14152 172.21.15.83:0/2681041491' entity='mgr.x' cmd=[{"prefix": "mon metadata", "id": "a"}]: dispatch
2024-03-11T19:30:08.818 INFO:journalctl@ceph.mon.a.smithi083.stdout:Mar 11 19:30:08 smithi083 ceph-mon[31864]: from='mgr.14152 172.21.15.83:0/2681041491' entity='mgr.x' cmd=[{"prefix": "mgr metadata", "who": "x", "id": "x"}]: dispatch
2024-03-11T19:30:08.818 INFO:journalctl@ceph.mon.a.smithi083.stdout:Mar 11 19:30:08 smithi083 ceph-mon[31864]: from='mgr.14152 172.21.15.83:0/2681041491' entity='mgr.x' cmd=[{"prefix": "mds metadata"}]: dispatch
2024-03-11T19:30:08.818 INFO:journalctl@ceph.mon.a.smithi083.stdout:Mar 11 19:30:08 smithi083 ceph-mon[31864]: from='mgr.14152 172.21.15.83:0/2681041491' entity='mgr.x' cmd=[{"prefix": "osd metadata"}]: dispatch
2024-03-11T19:30:08.818 INFO:journalctl@ceph.mon.a.smithi083.stdout:Mar 11 19:30:08 smithi083 ceph-mon[31864]: from='mgr.14152 172.21.15.83:0/2681041491' entity='mgr.x' cmd=[{"prefix": "mon metadata"}]: dispatch
2024-03-11T19:30:08.819 INFO:journalctl@ceph.mon.a.smithi083.stdout:Mar 11 19:30:08 smithi083 ceph-mon[31864]: Manager daemon x is now available
2024-03-11T19:30:08.819 INFO:journalctl@ceph.mon.a.smithi083.stdout:Mar 11 19:30:08 smithi083 ceph-mon[31864]: from='mgr.14152 172.21.15.83:0/2681041491' entity='mgr.x' cmd=[{"prefix": "config dump", "format": "json"}]: dispatch
2024-03-11T19:30:08.819 INFO:journalctl@ceph.mon.a.smithi083.stdout:Mar 11 19:30:08 smithi083 ceph-mon[31864]: from='mgr.14152 172.21.15.83:0/2681041491' entity='mgr.x' cmd=[{"prefix": "config dump", "format": "json"}]: dispatch
2024-03-11T19:30:09.688 INFO:journalctl@ceph.mon.a.smithi083.stdout:Mar 11 19:30:09 smithi083 ceph-mon[31864]: from='mgr.14152 172.21.15.83:0/2681041491' entity='mgr.x' cmd=[{"prefix":"config rm","who":"mgr","name":"mgr/rbd_support/x/mirror_snapshot_schedule"}]: dispatch
2024-03-11T19:30:09.688 INFO:journalctl@ceph.mon.a.smithi083.stdout:Mar 11 19:30:09 smithi083 ceph-mon[31864]: from='mgr.14152 172.21.15.83:0/2681041491' entity='mgr.x' cmd=[{"prefix":"config rm","who":"mgr","name":"mgr/rbd_support/x/trash_purge_schedule"}]: dispatch
2024-03-11T19:30:09.688 INFO:journalctl@ceph.mon.a.smithi083.stdout:Mar 11 19:30:09 smithi083 ceph-mon[31864]: mgrmap e11: x(active, since 1.00547s)
2024-03-11T19:30:10.195 INFO:teuthology.orchestra.run.smithi083.stdout:/usr/bin/ceph: stdout {
2024-03-11T19:30:10.195 INFO:teuthology.orchestra.run.smithi083.stdout:/usr/bin/ceph: stdout "mgrmap_epoch": 11,
2024-03-11T19:30:10.195 INFO:teuthology.orchestra.run.smithi083.stdout:/usr/bin/ceph: stdout "initialized": true
2024-03-11T19:30:10.195 INFO:teuthology.orchestra.run.smithi083.stdout:/usr/bin/ceph: stdout }
2024-03-11T19:30:10.195 INFO:teuthology.orchestra.run.smithi083.stdout:/usr/bin/ceph: stderr
2024-03-11T19:30:03.893+0000 7fe182b33700 1 Processor -- start
2024-03-11T19:30:10.195 INFO:teuthology.orchestra.run.smithi083.stdout:/usr/bin/ceph: stderr
2024-03-11T19:30:03.893+0000 7fe182b33700 1 -- start start
2024-03-11T19:30:10.196 INFO:teuthology.orchestra.run.smithi083.stdout:/usr/bin/ceph: stderr
2024-03-11T19:30:03.894+0000 7fe182b33700 1 --2- >> [v2:172.21.15.83:3300/0,v1:172.21.15.83:6789/0] conn(0x7fe17c1080b0 0x7fe17c10a4a0 unknown :-1 s=NONE pgs=0 cs=0 l=0 rev1=0 crypto rx=0 tx=0 comp rx=0 tx=0).connect
2024-03-11T19:30:10.196 INFO:teuthology.orchestra.run.smithi083.stdout:/usr/bin/ceph: stderr
2024-03-11T19:30:03.894+0000 7fe182b33700 1 -- --> [v2:172.21.15.83:3300/0,v1:172.21.15.83:6789/0] -- mon_getmap magic: 0 v1 -- 0x7fe17c07ae80 con 0x7fe17c1080b0
2024-03-11T19:30:10.196 INFO:teuthology.orchestra.run.smithi083.stdout:/usr/bin/ceph: stderr
2024-03-11T19:30:03.894+0000 7fe1808cf700 1 --2- >> [v2:172.21.15.83:3300/0,v1:172.21.15.83:6789/0] conn(0x7fe17c1080b0 0x7fe17c10a4a0 unknown :-1 s=BANNER_CONNECTING pgs=0 cs=0 l=0 rev1=0 crypto rx=0 tx=0 comp rx=0 tx=0)._handle_peer_banner_payload supported=3 required=0
2024-03-11T19:30:10.196 INFO:teuthology.orchestra.run.smithi083.stdout:/usr/bin/ceph: stderr
2024-03-11T19:30:03.894+0000 7fe1808cf700 1 --2- >> [v2:172.21.15.83:3300/0,v1:172.21.15.83:6789/0] conn(0x7fe17c1080b0 0x7fe17c10a4a0 unknown :-1 s=HELLO_CONNECTING pgs=0 cs=0 l=0 rev1=1 crypto rx=0 tx=0 comp rx=0 tx=0).handle_hello peer v2:172.21.15.83:3300/0 says I am v2:172.21.15.83:49442/0 (socket says 172.21.15.83:49442)
2024-03-11T19:30:10.196 INFO:teuthology.orchestra.run.smithi083.stdout:/usr/bin/ceph: stderr
2024-03-11T19:30:03.894+0000 7fe1808cf700 1 -- 172.21.15.83:0/483566943 learned_addr learned my addr 172.21.15.83:0/483566943 (peer_addr_for_me v2:172.21.15.83:0/0)
2024-03-11T19:30:10.196 INFO:teuthology.orchestra.run.smithi083.stdout:/usr/bin/ceph: stderr
2024-03-11T19:30:03.894+0000 7fe1808cf700 1 -- 172.21.15.83:0/483566943 --> [v2:172.21.15.83:3300/0,v1:172.21.15.83:6789/0] -- mon_subscribe({config=0+,monmap=0+}) v3 -- 0x7fe17c10a9e0 con 0x7fe17c1080b0
2024-03-11T19:30:10.196 INFO:teuthology.orchestra.run.smithi083.stdout:/usr/bin/ceph: stderr
2024-03-11T19:30:03.894+0000 7fe1808cf700 1 --2- 172.21.15.83:0/483566943 >> [v2:172.21.15.83:3300/0,v1:172.21.15.83:6789/0] conn(0x7fe17c1080b0 0x7fe17c10a4a0 secure :-1 s=READY pgs=61 cs=0 l=1 rev1=1 crypto rx=0x7fe1700098a0 tx=0x7fe170009bb0 comp rx=0 tx=0).ready entity=mon.0 client_cookie=a1167bdf11e59de3 server_cookie=0 in_seq=0 out_seq=0
2024-03-11T19:30:10.196 INFO:teuthology.orchestra.run.smithi083.stdout:/usr/bin/ceph: stderr
2024-03-11T19:30:03.894+0000 7fe17b7fe700 1 -- 172.21.15.83:0/483566943 <== mon.0 v2:172.21.15.83:3300/0 1 ==== mon_map magic: 0 v1 ==== 205+0+0 (secure 0 0 0) 0x7fe170004160 con 0x7fe17c1080b0
2024-03-11T19:30:10.196 INFO:teuthology.orchestra.run.smithi083.stdout:/usr/bin/ceph: stderr
2024-03-11T19:30:03.894+0000 7fe17b7fe700 1 -- 172.21.15.83:0/483566943 <== mon.0 v2:172.21.15.83:3300/0 2 ==== config(27 keys) v1 ==== 1140+0+0 (secure 0 0 0) 0x7fe1700042c0 con 0x7fe17c1080b0
2024-03-11T19:30:10.196 INFO:teuthology.orchestra.run.smithi083.stdout:/usr/bin/ceph: stderr
2024-03-11T19:30:03.894+0000 7fe17b7fe700 1 -- 172.21.15.83:0/483566943 <== mon.0 v2:172.21.15.83:3300/0 3 ==== mon_map magic: 0 v1 ==== 205+0+0 (secure 0 0 0) 0x7fe170011a80 con 0x7fe17c1080b0
2024-03-11T19:30:10.196 INFO:teuthology.orchestra.run.smithi083.stdout:/usr/bin/ceph: stderr
2024-03-11T19:30:03.895+0000 7fe182b33700 1 -- 172.21.15.83:0/483566943 >> [v2:172.21.15.83:3300/0,v1:172.21.15.83:6789/0] conn(0x7fe17c1080b0 msgr2=0x7fe17c10a4a0 secure :-1 s=STATE_CONNECTION_ESTABLISHED l=1).mark_down
2024-03-11T19:30:10.196 INFO:teuthology.orchestra.run.smithi083.stdout:/usr/bin/ceph: stderr
2024-03-11T19:30:03.895+0000 7fe182b33700 1 --2- 172.21.15.83:0/483566943 >> [v2:172.21.15.83:3300/0,v1:172.21.15.83:6789/0] conn(0x7fe17c1080b0 0x7fe17c10a4a0 secure :-1 s=READY pgs=61 cs=0 l=1 rev1=1 crypto rx=0x7fe1700098a0 tx=0x7fe170009bb0 comp rx=0 tx=0).stop
2024-03-11T19:30:10.196 INFO:teuthology.orchestra.run.smithi083.stdout:/usr/bin/ceph: stderr
2024-03-11T19:30:03.895+0000 7fe182b33700 1 -- 172.21.15.83:0/483566943 shutdown_connections
2024-03-11T19:30:10.196 INFO:teuthology.orchestra.run.smithi083.stdout:/usr/bin/ceph: stderr
2024-03-11T19:30:03.895+0000 7fe182b33700 1 --2- 172.21.15.83:0/483566943 >> [v2:172.21.15.83:3300/0,v1:172.21.15.83:6789/0] conn(0x7fe17c1080b0 0x7fe17c10a4a0 unknown :-1 s=CLOSED pgs=61 cs=0 l=1 rev1=1 crypto rx=0 tx=0 comp rx=0 tx=0).stop
2024-03-11T19:30:10.197 INFO:teuthology.orchestra.run.smithi083.stdout:/usr/bin/ceph: stderr
2024-03-11T19:30:03.895+0000 7fe182b33700 1 -- 172.21.15.83:0/483566943 >> 172.21.15.83:0/483566943 conn(0x7fe17c101b00 msgr2=0x7fe17c103f20 unknown :-1 s=STATE_NONE l=0).mark_down
2024-03-11T19:30:10.197 INFO:teuthology.orchestra.run.smithi083.stdout:/usr/bin/ceph: stderr
2024-03-11T19:30:03.895+0000 7fe182b33700 1 -- 172.21.15.83:0/483566943 shutdown_connections
2024-03-11T19:30:10.197 INFO:teuthology.orchestra.run.smithi083.stdout:/usr/bin/ceph: stderr
2024-03-11T19:30:03.895+0000 7fe182b33700 1 -- 172.21.15.83:0/483566943 wait complete.
2024-03-11T19:30:10.197 INFO:teuthology.orchestra.run.smithi083.stdout:/usr/bin/ceph: stderr
2024-03-11T19:30:03.896+0000 7fe182b33700 1 Processor -- start
2024-03-11T19:30:10.197 INFO:teuthology.orchestra.run.smithi083.stdout:/usr/bin/ceph: stderr
2024-03-11T19:30:03.896+0000 7fe182b33700 1 -- start start
2024-03-11T19:30:10.197 INFO:teuthology.orchestra.run.smithi083.stdout:/usr/bin/ceph: stderr
2024-03-11T19:30:03.896+0000 7fe182b33700 1 --2- >> [v2:172.21.15.83:3300/0,v1:172.21.15.83:6789/0] conn(0x7fe17c1080b0 0x7fe17c19b380 unknown :-1 s=NONE pgs=0 cs=0 l=1 rev1=0 crypto rx=0 tx=0 comp rx=0 tx=0).connect
2024-03-11T19:30:10.197 INFO:teuthology.orchestra.run.smithi083.stdout:/usr/bin/ceph: stderr
2024-03-11T19:30:03.896+0000 7fe182b33700 1 -- --> [v2:172.21.15.83:3300/0,v1:172.21.15.83:6789/0] -- mon_getmap magic: 0 v1 -- 0x7fe17c19b8c0 con 0x7fe17c1080b0
2024-03-11T19:30:10.197 INFO:teuthology.orchestra.run.smithi083.stdout:/usr/bin/ceph: stderr
2024-03-11T19:30:03.896+0000 7fe1808cf700 1 --2- >> [v2:172.21.15.83:3300/0,v1:172.21.15.83:6789/0] conn(0x7fe17c1080b0 0x7fe17c19b380 unknown :-1 s=BANNER_CONNECTING pgs=0 cs=0 l=1 rev1=0 crypto rx=0 tx=0 comp rx=0 tx=0)._handle_peer_banner_payload supported=3 required=0
2024-03-11T19:30:10.197 INFO:teuthology.orchestra.run.smithi083.stdout:/usr/bin/ceph: stderr
2024-03-11T19:30:03.896+0000 7fe1808cf700 1 --2- >> [v2:172.21.15.83:3300/0,v1:172.21.15.83:6789/0] conn(0x7fe17c1080b0 0x7fe17c19b380 unknown :-1 s=HELLO_CONNECTING pgs=0 cs=0 l=1 rev1=1 crypto rx=0 tx=0 comp rx=0 tx=0).handle_hello peer v2:172.21.15.83:3300/0 says I am v2:172.21.15.83:49452/0 (socket says 172.21.15.83:49452)
2024-03-11T19:30:10.197 INFO:teuthology.orchestra.run.smithi083.stdout:/usr/bin/ceph: stderr
2024-03-11T19:30:03.896+0000 7fe1808cf700 1 -- 172.21.15.83:0/455973166 learned_addr learned my addr 172.21.15.83:0/455973166 (peer_addr_for_me v2:172.21.15.83:0/0)
2024-03-11T19:30:10.197 INFO:teuthology.orchestra.run.smithi083.stdout:/usr/bin/ceph: stderr
2024-03-11T19:30:03.896+0000 7fe1808cf700 1 -- 172.21.15.83:0/455973166 --> [v2:172.21.15.83:3300/0,v1:172.21.15.83:6789/0] -- mon_subscribe({config=0+,monmap=0+}) v3 -- 0x7fe170009550 con 0x7fe17c1080b0
2024-03-11T19:30:10.197 INFO:teuthology.orchestra.run.smithi083.stdout:/usr/bin/ceph: stderr
2024-03-11T19:30:03.897+0000 7fe1808cf700 1 --2- 172.21.15.83:0/455973166 >> [v2:172.21.15.83:3300/0,v1:172.21.15.83:6789/0] conn(0x7fe17c1080b0 0x7fe17c19b380 secure :-1 s=READY pgs=62 cs=0 l=1 rev1=1 crypto rx=0x7fe170003f20 tx=0x7fe170011b00 comp rx=0 tx=0).ready entity=mon.0 client_cookie=0 server_cookie=0 in_seq=0 out_seq=0
2024-03-11T19:30:10.197 INFO:teuthology.orchestra.run.smithi083.stdout:/usr/bin/ceph: stderr
2024-03-11T19:30:03.897+0000 7fe179ffb700 1 -- 172.21.15.83:0/455973166 <== mon.0 v2:172.21.15.83:3300/0 1 ==== mon_map magic: 0 v1 ==== 205+0+0 (secure 0 0 0) 0x7fe1700039f0 con 0x7fe17c1080b0
2024-03-11T19:30:10.197 INFO:teuthology.orchestra.run.smithi083.stdout:/usr/bin/ceph: stderr
2024-03-11T19:30:03.897+0000 7fe179ffb700 1 -- 172.21.15.83:0/455973166 <== mon.0 v2:172.21.15.83:3300/0 2 ==== config(27 keys) v1 ==== 1140+0+0 (secure 0 0 0) 0x7fe170003b50 con 0x7fe17c1080b0
2024-03-11T19:30:10.198 INFO:teuthology.orchestra.run.smithi083.stdout:/usr/bin/ceph: stderr
2024-03-11T19:30:03.897+0000 7fe182b33700 1 -- 172.21.15.83:0/455973166 --> [v2:172.21.15.83:3300/0,v1:172.21.15.83:6789/0] -- mon_subscribe({mgrmap=0+}) v3 -- 0x7fe17c19bac0 con 0x7fe17c1080b0
2024-03-11T19:30:10.198 INFO:teuthology.orchestra.run.smithi083.stdout:/usr/bin/ceph: stderr
2024-03-11T19:30:03.897+0000 7fe179ffb700 1 -- 172.21.15.83:0/455973166 <== mon.0 v2:172.21.15.83:3300/0 3 ==== mon_map magic: 0 v1 ==== 205+0+0 (secure 0 0 0) 0x7fe17001a6d0 con 0x7fe17c1080b0
2024-03-11T19:30:10.198 INFO:teuthology.orchestra.run.smithi083.stdout:/usr/bin/ceph: stderr
2024-03-11T19:30:03.897+0000 7fe182b33700 1 -- 172.21.15.83:0/455973166 --> [v2:172.21.15.83:3300/0,v1:172.21.15.83:6789/0] -- mon_subscribe({osdmap=0}) v3 -- 0x7fe17c19bf60 con 0x7fe17c1080b0
2024-03-11T19:30:10.198 INFO:teuthology.orchestra.run.smithi083.stdout:/usr/bin/ceph: stderr
2024-03-11T19:30:03.898+0000 7fe179ffb700 1 -- 172.21.15.83:0/455973166 <== mon.0 v2:172.21.15.83:3300/0 4 ==== mgrmap(e 9) v1 ==== 45782+0+0 (secure 0 0 0) 0x7fe170024430 con 0x7fe17c1080b0
2024-03-11T19:30:10.198 INFO:teuthology.orchestra.run.smithi083.stdout:/usr/bin/ceph: stderr
2024-03-11T19:30:03.898+0000 7fe179ffb700 1 --2- 172.21.15.83:0/455973166 >> [v2:172.21.15.83:6800/4058944299,v1:172.21.15.83:6801/4058944299] conn(0x7fe16c038d10 0x7fe16c03b1d0 unknown :-1 s=NONE pgs=0 cs=0 l=1 rev1=0 crypto rx=0 tx=0 comp rx=0 tx=0).connect
2024-03-11T19:30:10.198 INFO:teuthology.orchestra.run.smithi083.stdout:/usr/bin/ceph: stderr
2024-03-11T19:30:03.898+0000 7fe179ffb700 1 -- 172.21.15.83:0/455973166 --> [v2:172.21.15.83:6800/4058944299,v1:172.21.15.83:6801/4058944299] -- command(tid 0: {"prefix": "get_command_descriptions"}) v1 -- 0x7fe16c03b8e0 con 0x7fe16c038d10
2024-03-11T19:30:10.198 INFO:teuthology.orchestra.run.smithi083.stdout:/usr/bin/ceph: stderr
2024-03-11T19:30:03.898+0000 7fe179ffb700 1 -- 172.21.15.83:0/455973166 <== mon.0 v2:172.21.15.83:3300/0 5 ==== osd_map(2..2 src has 1..2) v4 ==== 940+0+0 (secure 0 0 0) 0x7fe17004cff0 con 0x7fe17c1080b0
2024-03-11T19:30:10.198 INFO:teuthology.orchestra.run.smithi083.stdout:/usr/bin/ceph: stderr
2024-03-11T19:30:03.898+0000 7fe17bfff700 1 -- 172.21.15.83:0/455973166 >> [v2:172.21.15.83:6800/4058944299,v1:172.21.15.83:6801/4058944299] conn(0x7fe16c038d10 msgr2=0x7fe16c03b1d0 unknown :-1 s=STATE_CONNECTING_RE l=1).process reconnect failed to v2:172.21.15.83:6800/4058944299
2024-03-11T19:30:10.198 INFO:teuthology.orchestra.run.smithi083.stdout:/usr/bin/ceph: stderr
2024-03-11T19:30:03.898+0000 7fe17bfff700 1 --2- 172.21.15.83:0/455973166 >> [v2:172.21.15.83:6800/4058944299,v1:172.21.15.83:6801/4058944299] conn(0x7fe16c038d10 0x7fe16c03b1d0 unknown :-1 s=START_CONNECT pgs=0 cs=0 l=1 rev1=0 crypto rx=0 tx=0 comp rx=0 tx=0)._fault waiting 0.200000
2024-03-11T19:30:10.198 INFO:teuthology.orchestra.run.smithi083.stdout:/usr/bin/ceph: stderr
2024-03-11T19:30:04.099+0000 7fe17bfff700 1 -- 172.21.15.83:0/455973166 >> [v2:172.21.15.83:6800/4058944299,v1:172.21.15.83:6801/4058944299] conn(0x7fe16c038d10 msgr2=0x7fe16c03b1d0 unknown :-1 s=STATE_CONNECTING_RE l=1).process reconnect failed to v2:172.21.15.83:6800/4058944299
2024-03-11T19:30:10.198 INFO:teuthology.orchestra.run.smithi083.stdout:/usr/bin/ceph: stderr
2024-03-11T19:30:04.099+0000 7fe17bfff700 1 --2- 172.21.15.83:0/455973166 >> [v2:172.21.15.83:6800/4058944299,v1:172.21.15.83:6801/4058944299] conn(0x7fe16c038d10 0x7fe16c03b1d0 unknown :-1 s=START_CONNECT pgs=0 cs=0 l=1 rev1=0 crypto rx=0 tx=0 comp rx=0 tx=0)._fault waiting 0.400000
2024-03-11T19:30:10.198 INFO:teuthology.orchestra.run.smithi083.stdout:/usr/bin/ceph: stderr
2024-03-11T19:30:04.500+0000 7fe17bfff700 1 -- 172.21.15.83:0/455973166 >> [v2:172.21.15.83:6800/4058944299,v1:172.21.15.83:6801/4058944299] conn(0x7fe16c038d10 msgr2=0x7fe16c03b1d0 unknown :-1 s=STATE_CONNECTING_RE l=1).process reconnect failed to v2:172.21.15.83:6800/4058944299
2024-03-11T19:30:10.198 INFO:teuthology.orchestra.run.smithi083.stdout:/usr/bin/ceph: stderr
2024-03-11T19:30:04.500+0000 7fe17bfff700 1 --2- 172.21.15.83:0/455973166 >> [v2:172.21.15.83:6800/4058944299,v1:172.21.15.83:6801/4058944299] conn(0x7fe16c038d10 0x7fe16c03b1d0 unknown :-1 s=START_CONNECT pgs=0 cs=0 l=1 rev1=0 crypto rx=0 tx=0 comp rx=0 tx=0)._fault waiting 0.800000
2024-03-11T19:30:10.199 INFO:teuthology.orchestra.run.smithi083.stdout:/usr/bin/ceph: stderr
2024-03-11T19:30:05.301+0000 7fe17bfff700 1 -- 172.21.15.83:0/455973166 >> [v2:172.21.15.83:6800/4058944299,v1:172.21.15.83:6801/4058944299] conn(0x7fe16c038d10 msgr2=0x7fe16c03b1d0 unknown :-1 s=STATE_CONNECTING_RE l=1).process reconnect failed to v2:172.21.15.83:6800/4058944299
2024-03-11T19:30:10.199 INFO:teuthology.orchestra.run.smithi083.stdout:/usr/bin/ceph: stderr
2024-03-11T19:30:05.301+0000 7fe17bfff700 1 --2- 172.21.15.83:0/455973166 >> [v2:172.21.15.83:6800/4058944299,v1:172.21.15.83:6801/4058944299] conn(0x7fe16c038d10 0x7fe16c03b1d0 unknown :-1 s=START_CONNECT pgs=0 cs=0 l=1 rev1=0 crypto rx=0 tx=0 comp rx=0 tx=0)._fault waiting 1.600000
2024-03-11T19:30:10.199 INFO:teuthology.orchestra.run.smithi083.stdout:/usr/bin/ceph: stderr
2024-03-11T19:30:06.902+0000 7fe17bfff700 1 -- 172.21.15.83:0/455973166 >> [v2:172.21.15.83:6800/4058944299,v1:172.21.15.83:6801/4058944299] conn(0x7fe16c038d10 msgr2=0x7fe16c03b1d0 unknown :-1 s=STATE_CONNECTING_RE l=1).process reconnect failed to v2:172.21.15.83:6800/4058944299
2024-03-11T19:30:10.199 INFO:teuthology.orchestra.run.smithi083.stdout:/usr/bin/ceph: stderr
2024-03-11T19:30:06.902+0000 7fe17bfff700 1 --2- 172.21.15.83:0/455973166 >> [v2:172.21.15.83:6800/4058944299,v1:172.21.15.83:6801/4058944299] conn(0x7fe16c038d10 0x7fe16c03b1d0 unknown :-1 s=START_CONNECT pgs=0 cs=0 l=1 rev1=0 crypto rx=0 tx=0 comp rx=0 tx=0)._fault waiting 3.200000
2024-03-11T19:30:10.199 INFO:teuthology.orchestra.run.smithi083.stdout:/usr/bin/ceph: stderr
2024-03-11T19:30:08.429+0000 7fe179ffb700 1 -- 172.21.15.83:0/455973166 <== mon.0 v2:172.21.15.83:3300/0 6 ==== mgrmap(e 10) v1 ==== 45549+0+0 (secure 0 0 0) 0x7fe17002d910 con 0x7fe17c1080b0
2024-03-11T19:30:10.199 INFO:teuthology.orchestra.run.smithi083.stdout:/usr/bin/ceph: stderr
2024-03-11T19:30:08.429+0000 7fe179ffb700 1 -- 172.21.15.83:0/455973166 >> [v2:172.21.15.83:6800/4058944299,v1:172.21.15.83:6801/4058944299] conn(0x7fe16c038d10 msgr2=0x7fe16c03b1d0 unknown :-1 s=STATE_CONNECTING l=1).mark_down
2024-03-11T19:30:10.199 INFO:teuthology.orchestra.run.smithi083.stdout:/usr/bin/ceph: stderr
2024-03-11T19:30:08.429+0000 7fe179ffb700 1 --2- 172.21.15.83:0/455973166 >> [v2:172.21.15.83:6800/4058944299,v1:172.21.15.83:6801/4058944299] conn(0x7fe16c038d10 0x7fe16c03b1d0 unknown :-1 s=START_CONNECT pgs=0 cs=0 l=1 rev1=0 crypto rx=0 tx=0 comp rx=0 tx=0).stop
2024-03-11T19:30:10.199 INFO:teuthology.orchestra.run.smithi083.stdout:/usr/bin/ceph: stderr
2024-03-11T19:30:09.430+0000 7fe179ffb700 1 -- 172.21.15.83:0/455973166 <== mon.0 v2:172.21.15.83:3300/0 7 ==== mgrmap(e 11) v1 ==== 45676+0+0 (secure 0 0 0) 0x7fe17004e600 con 0x7fe17c1080b0
2024-03-11T19:30:10.199 INFO:teuthology.orchestra.run.smithi083.stdout:/usr/bin/ceph: stderr
2024-03-11T19:30:09.430+0000 7fe179ffb700 1 --2- 172.21.15.83:0/455973166 >> [v2:172.21.15.83:6800/3477661212,v1:172.21.15.83:6801/3477661212] conn(0x7fe16c03c7c0 0x7fe16c03ebb0 unknown :-1 s=NONE pgs=0 cs=0 l=1 rev1=0 crypto rx=0 tx=0 comp rx=0 tx=0).connect
2024-03-11T19:30:10.199 INFO:teuthology.orchestra.run.smithi083.stdout:/usr/bin/ceph: stderr
2024-03-11T19:30:09.430+0000 7fe179ffb700 1 -- 172.21.15.83:0/455973166 --> [v2:172.21.15.83:6800/3477661212,v1:172.21.15.83:6801/3477661212] -- command(tid 0: {"prefix": "get_command_descriptions"}) v1 -- 0x7fe16c03b8e0 con 0x7fe16c03c7c0
2024-03-11T19:30:10.199 INFO:teuthology.orchestra.run.smithi083.stdout:/usr/bin/ceph: stderr
2024-03-11T19:30:09.431+0000 7fe17bfff700 1 --2- 172.21.15.83:0/455973166 >> [v2:172.21.15.83:6800/3477661212,v1:172.21.15.83:6801/3477661212] conn(0x7fe16c03c7c0 0x7fe16c03ebb0 unknown :-1 s=BANNER_CONNECTING pgs=0 cs=0 l=1 rev1=0 crypto rx=0 tx=0 comp rx=0 tx=0)._handle_peer_banner_payload supported=3 required=0
2024-03-11T19:30:10.199 INFO:teuthology.orchestra.run.smithi083.stdout:/usr/bin/ceph: stderr
2024-03-11T19:30:09.431+0000 7fe17bfff700 1 --2- 172.21.15.83:0/455973166 >> [v2:172.21.15.83:6800/3477661212,v1:172.21.15.83:6801/3477661212] conn(0x7fe16c03c7c0 0x7fe16c03ebb0 secure :-1 s=READY pgs=2 cs=0 l=1 rev1=1 crypto rx=0x7fe168003a10 tx=0x7fe168009270 comp rx=0 tx=0).ready entity=mgr.14152 client_cookie=0 server_cookie=0 in_seq=0 out_seq=0
2024-03-11T19:30:10.199 INFO:teuthology.orchestra.run.smithi083.stdout:/usr/bin/ceph: stderr
2024-03-11T19:30:09.432+0000 7fe179ffb700 1 -- 172.21.15.83:0/455973166 <== mgr.14152 v2:172.21.15.83:6800/3477661212 1 ==== command_reply(tid 0: 0 ) v1 ==== 8+0+7774 (secure 0 0 0) 0x7fe16c03b8e0 con 0x7fe16c03c7c0
2024-03-11T19:30:10.200 INFO:teuthology.orchestra.run.smithi083.stdout:/usr/bin/ceph: stderr
2024-03-11T19:30:09.443+0000 7fe182b33700 1 -- 172.21.15.83:0/455973166 --> [v2:172.21.15.83:6800/3477661212,v1:172.21.15.83:6801/3477661212] -- command(tid 1: {"prefix": "mgr_status"}) v1 -- 0x7fe17c10b820 con 0x7fe16c03c7c0
2024-03-11T19:30:10.200 INFO:teuthology.orchestra.run.smithi083.stdout:/usr/bin/ceph: stderr
2024-03-11T19:30:09.444+0000 7fe179ffb700 1 -- 172.21.15.83:0/455973166 <== mgr.14152 v2:172.21.15.83:6800/3477661212 2 ==== command_reply(tid 1: 0 ) v1 ==== 8+0+52 (secure 0 0 0) 0x7fe17c10b820 con 0x7fe16c03c7c0
2024-03-11T19:30:10.200 INFO:teuthology.orchestra.run.smithi083.stdout:/usr/bin/ceph: stderr
2024-03-11T19:30:09.444+0000 7fe182b33700 1 -- 172.21.15.83:0/455973166 >> [v2:172.21.15.83:6800/3477661212,v1:172.21.15.83:6801/3477661212] conn(0x7fe16c03c7c0 msgr2=0x7fe16c03ebb0 secure :-1 s=STATE_CONNECTION_ESTABLISHED l=1).mark_down
2024-03-11T19:30:10.200 INFO:teuthology.orchestra.run.smithi083.stdout:/usr/bin/ceph: stderr
2024-03-11T19:30:09.444+0000 7fe182b33700 1 --2- 172.21.15.83:0/455973166 >> [v2:172.21.15.83:6800/3477661212,v1:172.21.15.83:6801/3477661212] conn(0x7fe16c03c7c0 0x7fe16c03ebb0 secure :-1 s=READY pgs=2 cs=0 l=1 rev1=1 crypto rx=0x7fe168003a10 tx=0x7fe168009270 comp rx=0 tx=0).stop
2024-03-11T19:30:10.200 INFO:teuthology.orchestra.run.smithi083.stdout:/usr/bin/ceph: stderr
2024-03-11T19:30:09.444+0000 7fe182b33700 1 -- 172.21.15.83:0/455973166 >> [v2:172.21.15.83:3300/0,v1:172.21.15.83:6789/0] conn(0x7fe17c1080b0 msgr2=0x7fe17c19b380 secure :-1 s=STATE_CONNECTION_ESTABLISHED l=1).mark_down
2024-03-11T19:30:10.200 INFO:teuthology.orchestra.run.smithi083.stdout:/usr/bin/ceph: stderr
2024-03-11T19:30:09.444+0000 7fe182b33700 1 --2- 172.21.15.83:0/455973166 >> [v2:172.21.15.83:3300/0,v1:172.21.15.83:6789/0] conn(0x7fe17c1080b0 0x7fe17c19b380 secure :-1 s=READY pgs=62 cs=0 l=1 rev1=1 crypto rx=0x7fe170003f20 tx=0x7fe170011b00 comp rx=0 tx=0).stop
2024-03-11T19:30:10.200 INFO:teuthology.orchestra.run.smithi083.stdout:/usr/bin/ceph: stderr
2024-03-11T19:30:09.444+0000 7fe182b33700 1 -- 172.21.15.83:0/455973166 shutdown_connections
2024-03-11T19:30:10.200 INFO:teuthology.orchestra.run.smithi083.stdout:/usr/bin/ceph: stderr
2024-03-11T19:30:09.444+0000 7fe182b33700 1 --2- 172.21.15.83:0/455973166 >> [v2:172.21.15.83:6800/3477661212,v1:172.21.15.83:6801/3477661212] conn(0x7fe16c03c7c0 0x7fe16c03ebb0 unknown :-1 s=CLOSED pgs=2 cs=0 l=1 rev1=1 crypto rx=0 tx=0 comp rx=0 tx=0).stop
2024-03-11T19:30:10.200 INFO:teuthology.orchestra.run.smithi083.stdout:/usr/bin/ceph: stderr
2024-03-11T19:30:09.444+0000 7fe182b33700 1 --2- 172.21.15.83:0/455973166 >> [v2:172.21.15.83:3300/0,v1:172.21.15.83:6789/0] conn(0x7fe17c1080b0 0x7fe17c19b380 unknown :-1 s=CLOSED pgs=62 cs=0 l=1 rev1=1 crypto rx=0 tx=0 comp rx=0 tx=0).stop
2024-03-11T19:30:10.200 INFO:teuthology.orchestra.run.smithi083.stdout:/usr/bin/ceph: stderr
2024-03-11T19:30:09.444+0000 7fe182b33700 1 --2- 172.21.15.83:0/455973166 >> [v2:172.21.15.83:6800/4058944299,v1:172.21.15.83:6801/4058944299] conn(0x7fe16c038d10 0x7fe16c03b1d0 unknown :-1 s=CLOSED pgs=0 cs=0 l=1 rev1=0 crypto rx=0 tx=0 comp rx=0 tx=0).stop
2024-03-11T19:30:10.200 INFO:teuthology.orchestra.run.smithi083.stdout:/usr/bin/ceph: stderr
2024-03-11T19:30:09.444+0000 7fe182b33700 1 -- 172.21.15.83:0/455973166 >> 172.21.15.83:0/455973166 conn(0x7fe17c101b00 msgr2=0x7fe17c1025a0 unknown :-1 s=STATE_NONE l=0).mark_down
2024-03-11T19:30:10.200 INFO:teuthology.orchestra.run.smithi083.stdout:/usr/bin/ceph: stderr
2024-03-11T19:30:09.444+0000 7fe182b33700 1 -- 172.21.15.83:0/455973166 shutdown_connections
2024-03-11T19:30:10.200 INFO:teuthology.orchestra.run.smithi083.stdout:/usr/bin/ceph: stderr
2024-03-11T19:30:09.444+0000 7fe182b33700 1 -- 172.21.15.83:0/455973166 wait complete.
2024-03-11T19:30:10.200 INFO:teuthology.orchestra.run.smithi083.stdout:mgr epoch 9 is available
2024-03-11T19:30:10.201 INFO:teuthology.orchestra.run.smithi083.stdout:Generating a dashboard self-signed certificate...
2024-03-11T19:30:10.568 INFO:journalctl@ceph.mon.a.smithi083.stdout:Mar 11 19:30:10 smithi083 ceph-mon[31864]: [11/Mar/2024:19:30:08] ENGINE Bus STARTING
2024-03-11T19:30:10.568 INFO:journalctl@ceph.mon.a.smithi083.stdout:Mar 11 19:30:10 smithi083 ceph-mon[31864]: [11/Mar/2024:19:30:08] ENGINE Serving on https://172.21.15.83:7150
2024-03-11T19:30:10.568 INFO:journalctl@ceph.mon.a.smithi083.stdout:Mar 11 19:30:10 smithi083 ceph-mon[31864]: [11/Mar/2024:19:30:08] ENGINE Serving on http://172.21.15.83:8765
2024-03-11T19:30:10.568 INFO:journalctl@ceph.mon.a.smithi083.stdout:Mar 11 19:30:10 smithi083 ceph-mon[31864]: [11/Mar/2024:19:30:08] ENGINE Bus STARTED
2024-03-11T19:30:10.568 INFO:journalctl@ceph.mon.a.smithi083.stdout:Mar 11 19:30:10 smithi083 ceph-mon[31864]: from='client.14156 -' entity='client.admin' cmd=[{"prefix": "get_command_descriptions"}]: dispatch
2024-03-11T19:30:10.568 INFO:journalctl@ceph.mon.a.smithi083.stdout:Mar 11 19:30:10 smithi083 ceph-mon[31864]: from='client.14156 -' entity='client.admin' cmd=[{"prefix": "mgr_status"}]: dispatch
2024-03-11T19:30:10.568 INFO:journalctl@ceph.mon.a.smithi083.stdout:Mar 11 19:30:10 smithi083 ceph-mon[31864]: from='mgr.14152 172.21.15.83:0/2681041491' entity='mgr.x'
2024-03-11T19:30:11.542 INFO:teuthology.orchestra.run.smithi083.stdout:/usr/bin/ceph: stdout Self-signed certificate created
2024-03-11T19:30:11.542 INFO:teuthology.orchestra.run.smithi083.stdout:/usr/bin/ceph: stderr
2024-03-11T19:30:10.643+0000 7fc41d6bf700 1 Processor -- start
2024-03-11T19:30:11.542 INFO:teuthology.orchestra.run.smithi083.stdout:/usr/bin/ceph: stderr
2024-03-11T19:30:10.643+0000 7fc41d6bf700 1 -- start start
2024-03-11T19:30:11.542 INFO:teuthology.orchestra.run.smithi083.stdout:/usr/bin/ceph: stderr
2024-03-11T19:30:10.643+0000 7fc41d6bf700 1 --2- >> [v2:172.21.15.83:3300/0,v1:172.21.15.83:6789/0] conn(0x7fc4181080b0 0x7fc41810a4a0 unknown :-1 s=NONE pgs=0 cs=0 l=0 rev1=0 crypto rx=0 tx=0 comp rx=0 tx=0).connect
2024-03-11T19:30:11.542 INFO:teuthology.orchestra.run.smithi083.stdout:/usr/bin/ceph: stderr
2024-03-11T19:30:10.643+0000 7fc41d6bf700 1 -- --> [v2:172.21.15.83:3300/0,v1:172.21.15.83:6789/0] -- mon_getmap magic: 0 v1 -- 0x7fc4180754f0 con 0x7fc4181080b0
2024-03-11T19:30:11.542 INFO:teuthology.orchestra.run.smithi083.stdout:/usr/bin/ceph: stderr
2024-03-11T19:30:10.644+0000 7fc416ffd700 1 --2- >> [v2:172.21.15.83:3300/0,v1:172.21.15.83:6789/0] conn(0x7fc4181080b0 0x7fc41810a4a0 unknown :-1 s=BANNER_CONNECTING pgs=0 cs=0 l=0 rev1=0 crypto rx=0 tx=0 comp rx=0 tx=0)._handle_peer_banner_payload supported=3 required=0
2024-03-11T19:30:11.542 INFO:teuthology.orchestra.run.smithi083.stdout:/usr/bin/ceph: stderr
2024-03-11T19:30:10.644+0000 7fc416ffd700 1 --2- >> [v2:172.21.15.83:3300/0,v1:172.21.15.83:6789/0] conn(0x7fc4181080b0 0x7fc41810a4a0 unknown :-1 s=HELLO_CONNECTING pgs=0 cs=0 l=0 rev1=1 crypto rx=0 tx=0 comp rx=0 tx=0).handle_hello peer v2:172.21.15.83:3300/0 says I am v2:172.21.15.83:32860/0 (socket says 172.21.15.83:32860)
2024-03-11T19:30:11.542 INFO:teuthology.orchestra.run.smithi083.stdout:/usr/bin/ceph: stderr
2024-03-11T19:30:10.644+0000 7fc416ffd700 1 -- 172.21.15.83:0/926611228 learned_addr learned my addr 172.21.15.83:0/926611228 (peer_addr_for_me v2:172.21.15.83:0/0)
2024-03-11T19:30:11.542 INFO:teuthology.orchestra.run.smithi083.stdout:/usr/bin/ceph: stderr
2024-03-11T19:30:10.644+0000 7fc416ffd700 1 -- 172.21.15.83:0/926611228 --> [v2:172.21.15.83:3300/0,v1:172.21.15.83:6789/0] -- mon_subscribe({config=0+,monmap=0+}) v3 -- 0x7fc41810a9e0 con 0x7fc4181080b0
2024-03-11T19:30:11.543 INFO:teuthology.orchestra.run.smithi083.stdout:/usr/bin/ceph: stderr
2024-03-11T19:30:10.644+0000 7fc416ffd700 1 --2- 172.21.15.83:0/926611228 >> [v2:172.21.15.83:3300/0,v1:172.21.15.83:6789/0] conn(0x7fc4181080b0 0x7fc41810a4a0 secure :-1 s=READY pgs=70 cs=0 l=1 rev1=1 crypto rx=0x7fc40c0098a0 tx=0x7fc40c009bb0 comp rx=0 tx=0).ready entity=mon.0 client_cookie=82f0765766130c00 server_cookie=0 in_seq=0 out_seq=0
2024-03-11T19:30:11.543 INFO:teuthology.orchestra.run.smithi083.stdout:/usr/bin/ceph: stderr
2024-03-11T19:30:10.644+0000 7fc415ffb700 1 -- 172.21.15.83:0/926611228 <== mon.0 v2:172.21.15.83:3300/0 1 ==== mon_map magic: 0 v1 ==== 205+0+0 (secure 0 0 0) 0x7fc40c004160 con 0x7fc4181080b0
2024-03-11T19:30:11.543 INFO:teuthology.orchestra.run.smithi083.stdout:/usr/bin/ceph: stderr
2024-03-11T19:30:10.644+0000 7fc415ffb700 1 -- 172.21.15.83:0/926611228 <== mon.0 v2:172.21.15.83:3300/0 2 ==== config(27 keys) v1 ==== 1140+0+0 (secure 0 0 0) 0x7fc40c0042c0 con 0x7fc4181080b0
2024-03-11T19:30:11.543 INFO:teuthology.orchestra.run.smithi083.stdout:/usr/bin/ceph: stderr
2024-03-11T19:30:10.644+0000 7fc415ffb700 1 -- 172.21.15.83:0/926611228 <== mon.0 v2:172.21.15.83:3300/0 3 ==== mon_map magic: 0 v1 ==== 205+0+0 (secure 0 0 0) 0x7fc40c011a80 con 0x7fc4181080b0
2024-03-11T19:30:11.543 INFO:teuthology.orchestra.run.smithi083.stdout:/usr/bin/ceph: stderr
2024-03-11T19:30:10.645+0000 7fc41d6bf700 1 -- 172.21.15.83:0/926611228 >> [v2:172.21.15.83:3300/0,v1:172.21.15.83:6789/0] conn(0x7fc4181080b0 msgr2=0x7fc41810a4a0 secure :-1 s=STATE_CONNECTION_ESTABLISHED l=1).mark_down
2024-03-11T19:30:11.543 INFO:teuthology.orchestra.run.smithi083.stdout:/usr/bin/ceph: stderr
2024-03-11T19:30:10.645+0000 7fc41d6bf700 1 --2- 172.21.15.83:0/926611228 >> [v2:172.21.15.83:3300/0,v1:172.21.15.83:6789/0] conn(0x7fc4181080b0 0x7fc41810a4a0 secure :-1 s=READY pgs=70 cs=0 l=1 rev1=1 crypto rx=0x7fc40c0098a0 tx=0x7fc40c009bb0 comp rx=0 tx=0).stop
2024-03-11T19:30:11.543 INFO:teuthology.orchestra.run.smithi083.stdout:/usr/bin/ceph: stderr
2024-03-11T19:30:10.645+0000 7fc41d6bf700 1 -- 172.21.15.83:0/926611228 shutdown_connections
2024-03-11T19:30:11.543 INFO:teuthology.orchestra.run.smithi083.stdout:/usr/bin/ceph: stderr
2024-03-11T19:30:10.645+0000 7fc41d6bf700 1 --2- 172.21.15.83:0/926611228 >> [v2:172.21.15.83:3300/0,v1:172.21.15.83:6789/0] conn(0x7fc4181080b0 0x7fc41810a4a0 unknown :-1 s=CLOSED pgs=70 cs=0 l=1 rev1=1 crypto rx=0 tx=0 comp rx=0 tx=0).stop
2024-03-11T19:30:11.543 INFO:teuthology.orchestra.run.smithi083.stdout:/usr/bin/ceph: stderr
2024-03-11T19:30:10.645+0000 7fc41d6bf700 1 -- 172.21.15.83:0/926611228 >> 172.21.15.83:0/926611228 conn(0x7fc418101ac0 msgr2=0x7fc418103ee0 unknown :-1 s=STATE_NONE l=0).mark_down
2024-03-11T19:30:11.543 INFO:teuthology.orchestra.run.smithi083.stdout:/usr/bin/ceph: stderr
2024-03-11T19:30:10.645+0000 7fc41d6bf700 1 -- 172.21.15.83:0/926611228 shutdown_connections
2024-03-11T19:30:11.543 INFO:teuthology.orchestra.run.smithi083.stdout:/usr/bin/ceph: stderr
2024-03-11T19:30:10.645+0000 7fc41d6bf700 1 -- 172.21.15.83:0/926611228 wait complete.
2024-03-11T19:30:11.543 INFO:teuthology.orchestra.run.smithi083.stdout:/usr/bin/ceph: stderr
2024-03-11T19:30:10.646+0000 7fc41d6bf700 1 Processor -- start
2024-03-11T19:30:11.543 INFO:teuthology.orchestra.run.smithi083.stdout:/usr/bin/ceph: stderr
2024-03-11T19:30:10.646+0000 7fc41d6bf700 1 -- start start
2024-03-11T19:30:11.543 INFO:teuthology.orchestra.run.smithi083.stdout:/usr/bin/ceph: stderr
2024-03-11T19:30:10.646+0000 7fc41d6bf700 1 --2- >> [v2:172.21.15.83:3300/0,v1:172.21.15.83:6789/0] conn(0x7fc4181080b0 0x7fc41819b3b0 unknown :-1 s=NONE pgs=0 cs=0 l=1 rev1=0 crypto rx=0 tx=0 comp rx=0 tx=0).connect
2024-03-11T19:30:11.544 INFO:teuthology.orchestra.run.smithi083.stdout:/usr/bin/ceph: stderr
2024-03-11T19:30:10.646+0000 7fc41d6bf700 1 -- --> [v2:172.21.15.83:3300/0,v1:172.21.15.83:6789/0] -- mon_getmap magic: 0 v1 -- 0x7fc41819b8f0 con 0x7fc4181080b0
2024-03-11T19:30:11.544 INFO:teuthology.orchestra.run.smithi083.stdout:/usr/bin/ceph: stderr
2024-03-11T19:30:10.646+0000 7fc416ffd700 1 --2- >> [v2:172.21.15.83:3300/0,v1:172.21.15.83:6789/0] conn(0x7fc4181080b0 0x7fc41819b3b0 unknown :-1 s=BANNER_CONNECTING pgs=0 cs=0 l=1 rev1=0 crypto rx=0 tx=0 comp rx=0 tx=0)._handle_peer_banner_payload supported=3 required=0
2024-03-11T19:30:11.544 INFO:teuthology.orchestra.run.smithi083.stdout:/usr/bin/ceph: stderr
2024-03-11T19:30:10.646+0000 7fc416ffd700 1 --2- >> [v2:172.21.15.83:3300/0,v1:172.21.15.83:6789/0] conn(0x7fc4181080b0 0x7fc41819b3b0 unknown :-1 s=HELLO_CONNECTING pgs=0 cs=0 l=1 rev1=1 crypto rx=0 tx=0 comp rx=0 tx=0).handle_hello peer v2:172.21.15.83:3300/0 says I am v2:172.21.15.83:32870/0 (socket says 172.21.15.83:32870)
