2024-03-11T19:30:23.720+0000 7f1707400700 1 --2- 172.21.15.82:0/2177426224 >> [v2:172.21.15.82:3300/0,v1:172.21.15.82:6789/0] conn(0x7f17081073f0 0x7f170807cb50 secure :-1 s=READY pgs=42 cs=0 l=1 rev1=1 crypto rx=0x7f16f8011780 tx=0x7f16f8011b40 comp rx=0 tx=0).ready entity=mon.0 client_cookie=0 server_cookie=0 in_seq=0 out_seq=0
2024-03-11T19:30:25.095 INFO:teuthology.orchestra.run.smithi082.stdout:/usr/bin/ceph: stderr
2024-03-11T19:30:23.720+0000 7f16ffe00700 1 -- 172.21.15.82:0/2177426224 <== mon.0 v2:172.21.15.82:3300/0 1 ==== mon_map magic: 0 v1 ==== 205+0+0 (secure 0 0 0) 0x7f16f8003af0 con 0x7f17081073f0
2024-03-11T19:30:25.095 INFO:teuthology.orchestra.run.smithi082.stdout:/usr/bin/ceph: stderr
2024-03-11T19:30:23.720+0000 7f16ffe00700 1 -- 172.21.15.82:0/2177426224 <== mon.0 v2:172.21.15.82:3300/0 2 ==== config(27 keys) v1 ==== 1109+0+0 (secure 0 0 0) 0x7f16f8003c50 con 0x7f17081073f0
2024-03-11T19:30:25.095 INFO:teuthology.orchestra.run.smithi082.stdout:/usr/bin/ceph: stderr
2024-03-11T19:30:23.720+0000 7f16ffe00700 1 -- 172.21.15.82:0/2177426224 <== mon.0 v2:172.21.15.82:3300/0 3 ==== mon_map magic: 0 v1 ==== 205+0+0 (secure 0 0 0) 0x7f16f80197e0 con 0x7f17081073f0
2024-03-11T19:30:25.095 INFO:teuthology.orchestra.run.smithi082.stdout:/usr/bin/ceph: stderr
2024-03-11T19:30:23.721+0000 7f170d200700 1 -- 172.21.15.82:0/2177426224 --> [v2:172.21.15.82:3300/0,v1:172.21.15.82:6789/0] -- mon_subscribe({mgrmap=0+}) v3 -- 0x7f170807b280 con 0x7f17081073f0
2024-03-11T19:30:25.095 INFO:teuthology.orchestra.run.smithi082.stdout:/usr/bin/ceph: stderr
2024-03-11T19:30:23.721+0000 7f170d200700 1 -- 172.21.15.82:0/2177426224 --> [v2:172.21.15.82:3300/0,v1:172.21.15.82:6789/0] -- mon_subscribe({osdmap=0}) v3 -- 0x7f170807b720 con 0x7f17081073f0
2024-03-11T19:30:25.096 INFO:teuthology.orchestra.run.smithi082.stdout:/usr/bin/ceph: stderr
2024-03-11T19:30:23.722+0000 7f16ffe00700 1 -- 172.21.15.82:0/2177426224 <== mon.0 v2:172.21.15.82:3300/0 4 ==== mgrmap(e 8) v1 ==== 45769+0+0 (secure 0 0 0) 0x7f16f801aba0 con 0x7f17081073f0
2024-03-11T19:30:25.096 INFO:teuthology.orchestra.run.smithi082.stdout:/usr/bin/ceph: stderr
2024-03-11T19:30:23.722+0000 7f170d200700 1 -- 172.21.15.82:0/2177426224 --> [v2:172.21.15.82:3300/0,v1:172.21.15.82:6789/0] -- mon_command({"prefix": "get_command_descriptions"} v 0) v1 -- 0x7f170810b780 con 0x7f17081073f0
2024-03-11T19:30:25.096 INFO:teuthology.orchestra.run.smithi082.stdout:/usr/bin/ceph: stderr
2024-03-11T19:30:23.722+0000 7f16ffe00700 1 --2- 172.21.15.82:0/2177426224 >> [v2:172.21.15.82:6800/944385046,v1:172.21.15.82:6801/944385046] conn(0x7f16ec038d00 0x7f16ec03b1c0 unknown :-1 s=NONE pgs=0 cs=0 l=1 rev1=0 crypto rx=0 tx=0 comp rx=0 tx=0).connect
2024-03-11T19:30:25.096 INFO:teuthology.orchestra.run.smithi082.stdout:/usr/bin/ceph: stderr
2024-03-11T19:30:23.722+0000 7f16ffe00700 1 -- 172.21.15.82:0/2177426224 <== mon.0 v2:172.21.15.82:3300/0 5 ==== osd_map(2..2 src has 1..2) v4 ==== 940+0+0 (secure 0 0 0) 0x7f16f804d060 con 0x7f17081073f0
2024-03-11T19:30:25.096 INFO:teuthology.orchestra.run.smithi082.stdout:/usr/bin/ceph: stderr
2024-03-11T19:30:23.723+0000 7f1706a00700 1 --2- 172.21.15.82:0/2177426224 >> [v2:172.21.15.82:6800/944385046,v1:172.21.15.82:6801/944385046] conn(0x7f16ec038d00 0x7f16ec03b1c0 unknown :-1 s=BANNER_CONNECTING pgs=0 cs=0 l=1 rev1=0 crypto rx=0 tx=0 comp rx=0 tx=0)._handle_peer_banner_payload supported=3 required=0
2024-03-11T19:30:25.096 INFO:teuthology.orchestra.run.smithi082.stdout:/usr/bin/ceph: stderr
2024-03-11T19:30:23.723+0000 7f1706a00700 1 --2- 172.21.15.82:0/2177426224 >> [v2:172.21.15.82:6800/944385046,v1:172.21.15.82:6801/944385046] conn(0x7f16ec038d00 0x7f16ec03b1c0 secure :-1 s=READY pgs=9 cs=0 l=1 rev1=1 crypto rx=0x7f16f4006fd0 tx=0x7f16f4006e40 comp rx=0 tx=0).ready entity=mgr.14120 client_cookie=0 server_cookie=0 in_seq=0 out_seq=0
2024-03-11T19:30:25.096 INFO:teuthology.orchestra.run.smithi082.stdout:/usr/bin/ceph: stderr
2024-03-11T19:30:23.728+0000 7f16ffe00700 1 -- 172.21.15.82:0/2177426224 <== mon.0 v2:172.21.15.82:3300/0 6 ==== mon_command_ack([{"prefix": "get_command_descriptions"}]=0 v0) v1 ==== 72+0+183564 (secure 0 0 0) 0x7f16f801a430 con 0x7f17081073f0
2024-03-11T19:30:25.096 INFO:teuthology.orchestra.run.smithi082.stdout:/usr/bin/ceph: stderr
2024-03-11T19:30:23.972+0000 7f170d200700 1 -- 172.21.15.82:0/2177426224 --> [v2:172.21.15.82:6800/944385046,v1:172.21.15.82:6801/944385046] -- mgr_command(tid 0: {"prefix": "cephadm generate-key", "target": ["mon-mgr", ""]}) v1 -- 0x7f170807bdb0 con 0x7f16ec038d00
2024-03-11T19:30:25.096 INFO:teuthology.orchestra.run.smithi082.stdout:/usr/bin/ceph: stderr
2024-03-11T19:30:24.373+0000 7f16ffe00700 1 -- 172.21.15.82:0/2177426224 <== mgr.14120 v2:172.21.15.82:6800/944385046 1 ==== mgr_command_reply(tid 0: 0 ) v1 ==== 8+0+0 (secure 0 0 0) 0x7f170807bdb0 con 0x7f16ec038d00
2024-03-11T19:30:25.096 INFO:teuthology.orchestra.run.smithi082.stdout:/usr/bin/ceph: stderr
2024-03-11T19:30:24.376+0000 7f170d200700 1 -- 172.21.15.82:0/2177426224 >> [v2:172.21.15.82:6800/944385046,v1:172.21.15.82:6801/944385046] conn(0x7f16ec038d00 msgr2=0x7f16ec03b1c0 secure :-1 s=STATE_CONNECTION_ESTABLISHED l=1).mark_down
2024-03-11T19:30:25.096 INFO:teuthology.orchestra.run.smithi082.stdout:/usr/bin/ceph: stderr
2024-03-11T19:30:24.376+0000 7f170d200700 1 --2- 172.21.15.82:0/2177426224 >> [v2:172.21.15.82:6800/944385046,v1:172.21.15.82:6801/944385046] conn(0x7f16ec038d00 0x7f16ec03b1c0 secure :-1 s=READY pgs=9 cs=0 l=1 rev1=1 crypto rx=0x7f16f4006fd0 tx=0x7f16f4006e40 comp rx=0 tx=0).stop
2024-03-11T19:30:25.096 INFO:teuthology.orchestra.run.smithi082.stdout:/usr/bin/ceph: stderr
2024-03-11T19:30:24.376+0000 7f170d200700 1 -- 172.21.15.82:0/2177426224 >> [v2:172.21.15.82:3300/0,v1:172.21.15.82:6789/0] conn(0x7f17081073f0 msgr2=0x7f170807cb50 secure :-1 s=STATE_CONNECTION_ESTABLISHED l=1).mark_down
2024-03-11T19:30:25.096 INFO:teuthology.orchestra.run.smithi082.stdout:/usr/bin/ceph: stderr
2024-03-11T19:30:24.376+0000 7f170d200700 1 --2- 172.21.15.82:0/2177426224 >> [v2:172.21.15.82:3300/0,v1:172.21.15.82:6789/0] conn(0x7f17081073f0 0x7f170807cb50 secure :-1 s=READY pgs=42 cs=0 l=1 rev1=1 crypto rx=0x7f16f8011780 tx=0x7f16f8011b40 comp rx=0 tx=0).stop
2024-03-11T19:30:25.096 INFO:teuthology.orchestra.run.smithi082.stdout:/usr/bin/ceph: stderr
2024-03-11T19:30:24.376+0000 7f170d200700 1 -- 172.21.15.82:0/2177426224 shutdown_connections
2024-03-11T19:30:25.097 INFO:teuthology.orchestra.run.smithi082.stdout:/usr/bin/ceph: stderr
2024-03-11T19:30:24.376+0000 7f170d200700 1 --2- 172.21.15.82:0/2177426224 >> [v2:172.21.15.82:6800/944385046,v1:172.21.15.82:6801/944385046] conn(0x7f16ec038d00 0x7f16ec03b1c0 unknown :-1 s=CLOSED pgs=9 cs=0 l=1 rev1=1 crypto rx=0 tx=0 comp rx=0 tx=0).stop
2024-03-11T19:30:25.097 INFO:teuthology.orchestra.run.smithi082.stdout:/usr/bin/ceph: stderr
2024-03-11T19:30:24.376+0000 7f170d200700 1 --2- 172.21.15.82:0/2177426224 >> [v2:172.21.15.82:3300/0,v1:172.21.15.82:6789/0] conn(0x7f17081073f0 0x7f170807cb50 unknown :-1 s=CLOSED pgs=42 cs=0 l=1 rev1=1 crypto rx=0 tx=0 comp rx=0 tx=0).stop
2024-03-11T19:30:25.097 INFO:teuthology.orchestra.run.smithi082.stdout:/usr/bin/ceph: stderr
2024-03-11T19:30:24.376+0000 7f170d200700 1 -- 172.21.15.82:0/2177426224 >> 172.21.15.82:0/2177426224 conn(0x7f1708102a50 msgr2=0x7f17081035c0 unknown :-1 s=STATE_NONE l=0).mark_down
2024-03-11T19:30:25.097 INFO:teuthology.orchestra.run.smithi082.stdout:/usr/bin/ceph: stderr
2024-03-11T19:30:24.376+0000 7f170d200700 1 -- 172.21.15.82:0/2177426224 shutdown_connections
2024-03-11T19:30:25.097 INFO:teuthology.orchestra.run.smithi082.stdout:/usr/bin/ceph: stderr
2024-03-11T19:30:24.376+0000 7f170d200700 1 -- 172.21.15.82:0/2177426224 wait complete.
2024-03-11T19:30:25.664 INFO:journalctl@ceph.mon.a.smithi082.stdout:Mar 11 19:30:25 smithi082 ceph-mon[31882]: from='client.14136 -' entity='client.admin' cmd=[{"prefix": "cephadm generate-key", "target": ["mon-mgr", ""]}]: dispatch
2024-03-11T19:30:25.664 INFO:journalctl@ceph.mon.a.smithi082.stdout:Mar 11 19:30:25 smithi082 ceph-mon[31882]: Generating ssh key...
2024-03-11T19:30:25.664 INFO:journalctl@ceph.mon.a.smithi082.stdout:Mar 11 19:30:25 smithi082 ceph-mon[31882]: from='mgr.14120 172.21.15.82:0/1171028807' entity='mgr.x'
2024-03-11T19:30:25.664 INFO:journalctl@ceph.mon.a.smithi082.stdout:Mar 11 19:30:25 smithi082 ceph-mon[31882]: from='mgr.14120 172.21.15.82:0/1171028807' entity='mgr.x'
2024-03-11T19:30:26.667 INFO:journalctl@ceph.mon.a.smithi082.stdout:Mar 11 19:30:26 smithi082 ceph-mon[31882]: from='client.14138 -' entity='client.admin' cmd=[{"prefix": "cephadm get-pub-key", "target": ["mon-mgr", ""]}]: dispatch
2024-03-11T19:30:26.687 INFO:teuthology.orchestra.run.smithi082.stdout:/usr/bin/ceph: stdout ssh-rsa AAAAB3NzaC1yc2EAAAADAQABAAABgQC2U6SDutq7zhnAEh26OtX1pSuQBBevsu0a8r4GxSZ7Lc+aB4RzN3yy2D9uB9CjbTJ8ExclcyLfx1uYiiKdJrHFHkahTHMGfbNwLytAH+aePll7U2/a2Yw7hXaHgu2S8n40IsgoVMnv8l8J93hsD8eZtwNU+CcdIY9qvY1UeLgqZmdKlb2AmfT6dkSg44HDjy57areiNS/7GGIhJvBiv+w72mIXO20egl1JqrW3Iw1QAQZt95fJjOcxjvWsao7t+pK1xSB8EwBEWHuv+iQUecgBLWtIJTO6FciNO2BSqjXYaaiOsC5zm7a8Ygc6mDEgMeuoG6XmiXJjHmftz0U01Oyv91qKLTQhwajNVNF2UCS784D6yo0wSjri8kWaZVRftmHgZ/VuOGj2UAMz0ATHcTNuPrWyTp1s5R/50Ih3IRIlOotX/sPHDKiRbD+MOePm+OtdzReDpAl/8RiFP+K5qQ/6fk1JIVzJoJcpnlyKZHOinkKM95U4juudp/oHbv4X2DM= ceph-8edb1f00-dfdd-11ee-95c8-87774f69a715
2024-03-11T19:30:26.688 INFO:teuthology.orchestra.run.smithi082.stdout:/usr/bin/ceph: stderr
2024-03-11T19:30:25.722+0000 7fe2f8c00700 1 Processor -- start
2024-03-11T19:30:26.688 INFO:teuthology.orchestra.run.smithi082.stdout:/usr/bin/ceph: stderr
2024-03-11T19:30:25.722+0000 7fe2f8c00700 1 -- start start
2024-03-11T19:30:26.688 INFO:teuthology.orchestra.run.smithi082.stdout:/usr/bin/ceph: stderr
2024-03-11T19:30:25.722+0000 7fe2f8c00700 1 --2- >> [v2:172.21.15.82:3300/0,v1:172.21.15.82:6789/0] conn(0x7fe2f4105c40 0x7fe2f4106060 unknown :-1 s=NONE pgs=0 cs=0 l=0 rev1=0 crypto rx=0 tx=0 comp rx=0 tx=0).connect
2024-03-11T19:30:26.688 INFO:teuthology.orchestra.run.smithi082.stdout:/usr/bin/ceph: stderr
2024-03-11T19:30:25.722+0000 7fe2f8c00700 1 -- --> [v2:172.21.15.82:3300/0,v1:172.21.15.82:6789/0] -- mon_getmap magic: 0 v1 -- 0x7fe2f407ae50 con 0x7fe2f4105c40
2024-03-11T19:30:26.688 INFO:teuthology.orchestra.run.smithi082.stdout:/usr/bin/ceph: stderr
2024-03-11T19:30:25.723+0000 7fe2f3400700 1 --2- >> [v2:172.21.15.82:3300/0,v1:172.21.15.82:6789/0] conn(0x7fe2f4105c40 0x7fe2f4106060 unknown :-1 s=BANNER_CONNECTING pgs=0 cs=0 l=0 rev1=0 crypto rx=0 tx=0 comp rx=0 tx=0)._handle_peer_banner_payload supported=3 required=0
2024-03-11T19:30:26.688 INFO:teuthology.orchestra.run.smithi082.stdout:/usr/bin/ceph: stderr
2024-03-11T19:30:25.723+0000 7fe2f3400700 1 --2- >> [v2:172.21.15.82:3300/0,v1:172.21.15.82:6789/0] conn(0x7fe2f4105c40 0x7fe2f4106060 unknown :-1 s=HELLO_CONNECTING pgs=0 cs=0 l=0 rev1=1 crypto rx=0 tx=0 comp rx=0 tx=0).handle_hello peer v2:172.21.15.82:3300/0 says I am v2:172.21.15.82:47850/0 (socket says 172.21.15.82:47850)
2024-03-11T19:30:26.691 INFO:teuthology.orchestra.run.smithi082.stdout:/usr/bin/ceph: stderr
2024-03-11T19:30:25.723+0000 7fe2f3400700 1 -- 172.21.15.82:0/2326823447 learned_addr learned my addr 172.21.15.82:0/2326823447 (peer_addr_for_me v2:172.21.15.82:0/0)
2024-03-11T19:30:26.691 INFO:teuthology.orchestra.run.smithi082.stdout:/usr/bin/ceph: stderr
2024-03-11T19:30:25.723+0000 7fe2f3400700 1 -- 172.21.15.82:0/2326823447 --> [v2:172.21.15.82:3300/0,v1:172.21.15.82:6789/0] -- mon_subscribe({config=0+,monmap=0+}) v3 -- 0x7fe2f41065a0 con 0x7fe2f4105c40
2024-03-11T19:30:26.691 INFO:teuthology.orchestra.run.smithi082.stdout:/usr/bin/ceph: stderr
2024-03-11T19:30:25.723+0000 7fe2f3400700 1 --2- 172.21.15.82:0/2326823447 >> [v2:172.21.15.82:3300/0,v1:172.21.15.82:6789/0] conn(0x7fe2f4105c40 0x7fe2f4106060 secure :-1 s=READY pgs=43 cs=0 l=1 rev1=1 crypto rx=0x7fe2e40098a0 tx=0x7fe2e4009bb0 comp rx=0 tx=0).ready entity=mon.0 client_cookie=19b6a510e543c5f1 server_cookie=0 in_seq=0 out_seq=0
2024-03-11T19:30:26.692 INFO:teuthology.orchestra.run.smithi082.stdout:/usr/bin/ceph: stderr
2024-03-11T19:30:25.724+0000 7fe2f2a00700 1 -- 172.21.15.82:0/2326823447 <== mon.0 v2:172.21.15.82:3300/0 1 ==== mon_map magic: 0 v1 ==== 205+0+0 (secure 0 0 0) 0x7fe2e4004160 con 0x7fe2f4105c40
2024-03-11T19:30:26.692 INFO:teuthology.orchestra.run.smithi082.stdout:/usr/bin/ceph: stderr
2024-03-11T19:30:25.724+0000 7fe2f2a00700 1 -- 172.21.15.82:0/2326823447 <== mon.0 v2:172.21.15.82:3300/0 2 ==== config(27 keys) v1 ==== 1109+0+0 (secure 0 0 0) 0x7fe2e40042c0 con 0x7fe2f4105c40
2024-03-11T19:30:26.692 INFO:teuthology.orchestra.run.smithi082.stdout:/usr/bin/ceph: stderr
2024-03-11T19:30:25.724+0000 7fe2f2a00700 1 -- 172.21.15.82:0/2326823447 <== mon.0 v2:172.21.15.82:3300/0 3 ==== mon_map magic: 0 v1 ==== 205+0+0 (secure 0 0 0) 0x7fe2e4011ac0 con 0x7fe2f4105c40
2024-03-11T19:30:26.692 INFO:teuthology.orchestra.run.smithi082.stdout:/usr/bin/ceph: stderr
2024-03-11T19:30:25.724+0000 7fe2f8c00700 1 -- 172.21.15.82:0/2326823447 >> [v2:172.21.15.82:3300/0,v1:172.21.15.82:6789/0] conn(0x7fe2f4105c40 msgr2=0x7fe2f4106060 secure :-1 s=STATE_CONNECTION_ESTABLISHED l=1).mark_down
2024-03-11T19:30:26.692 INFO:teuthology.orchestra.run.smithi082.stdout:/usr/bin/ceph: stderr
2024-03-11T19:30:25.724+0000 7fe2f8c00700 1 --2- 172.21.15.82:0/2326823447 >> [v2:172.21.15.82:3300/0,v1:172.21.15.82:6789/0] conn(0x7fe2f4105c40 0x7fe2f4106060 secure :-1 s=READY pgs=43 cs=0 l=1 rev1=1 crypto rx=0x7fe2e40098a0 tx=0x7fe2e4009bb0 comp rx=0 tx=0).stop
2024-03-11T19:30:26.692 INFO:teuthology.orchestra.run.smithi082.stdout:/usr/bin/ceph: stderr
2024-03-11T19:30:25.725+0000 7fe2f8c00700 1 -- 172.21.15.82:0/2326823447 shutdown_connections
2024-03-11T19:30:26.692 INFO:teuthology.orchestra.run.smithi082.stdout:/usr/bin/ceph: stderr
2024-03-11T19:30:25.725+0000 7fe2f8c00700 1 --2- 172.21.15.82:0/2326823447 >> [v2:172.21.15.82:3300/0,v1:172.21.15.82:6789/0] conn(0x7fe2f4105c40 0x7fe2f4106060 unknown :-1 s=CLOSED pgs=43 cs=0 l=1 rev1=1 crypto rx=0 tx=0 comp rx=0 tx=0).stop
2024-03-11T19:30:26.692 INFO:teuthology.orchestra.run.smithi082.stdout:/usr/bin/ceph: stderr
2024-03-11T19:30:25.725+0000 7fe2f8c00700 1 -- 172.21.15.82:0/2326823447 >> 172.21.15.82:0/2326823447 conn(0x7fe2f4101860 msgr2=0x7fe2f4103c80 unknown :-1 s=STATE_NONE l=0).mark_down
2024-03-11T19:30:26.692 INFO:teuthology.orchestra.run.smithi082.stdout:/usr/bin/ceph: stderr
2024-03-11T19:30:25.725+0000 7fe2f8c00700 1 -- 172.21.15.82:0/2326823447 shutdown_connections
2024-03-11T19:30:26.692 INFO:teuthology.orchestra.run.smithi082.stdout:/usr/bin/ceph: stderr
2024-03-11T19:30:25.725+0000 7fe2f8c00700 1 -- 172.21.15.82:0/2326823447 wait complete.
2024-03-11T19:30:26.692 INFO:teuthology.orchestra.run.smithi082.stdout:/usr/bin/ceph: stderr
2024-03-11T19:30:25.726+0000 7fe2f8c00700 1 Processor -- start
2024-03-11T19:30:26.692 INFO:teuthology.orchestra.run.smithi082.stdout:/usr/bin/ceph: stderr
2024-03-11T19:30:25.726+0000 7fe2f8c00700 1 -- start start
2024-03-11T19:30:26.692 INFO:teuthology.orchestra.run.smithi082.stdout:/usr/bin/ceph: stderr
2024-03-11T19:30:25.726+0000 7fe2f8c00700 1 --2- >> [v2:172.21.15.82:3300/0,v1:172.21.15.82:6789/0] conn(0x7fe2f4105c40 0x7fe2f419d380 unknown :-1 s=NONE pgs=0 cs=0 l=1 rev1=0 crypto rx=0 tx=0 comp rx=0 tx=0).connect
2024-03-11T19:30:26.693 INFO:teuthology.orchestra.run.smithi082.stdout:/usr/bin/ceph: stderr
2024-03-11T19:30:25.726+0000 7fe2f8c00700 1 -- --> [v2:172.21.15.82:3300/0,v1:172.21.15.82:6789/0] -- mon_getmap magic: 0 v1 -- 0x7fe2f419d8c0 con 0x7fe2f4105c40
2024-03-11T19:30:26.693 INFO:teuthology.orchestra.run.smithi082.stdout:/usr/bin/ceph: stderr
2024-03-11T19:30:25.727+0000 7fe2f3400700 1 --2- >> [v2:172.21.15.82:3300/0,v1:172.21.15.82:6789/0] conn(0x7fe2f4105c40 0x7fe2f419d380 unknown :-1 s=BANNER_CONNECTING pgs=0 cs=0 l=1 rev1=0 crypto rx=0 tx=0 comp rx=0 tx=0)._handle_peer_banner_payload supported=3 required=0
2024-03-11T19:30:26.693 INFO:teuthology.orchestra.run.smithi082.stdout:/usr/bin/ceph: stderr
2024-03-11T19:30:25.727+0000 7fe2f3400700 1 --2- >> [v2:172.21.15.82:3300/0,v1:172.21.15.82:6789/0] conn(0x7fe2f4105c40 0x7fe2f419d380 unknown :-1 s=HELLO_CONNECTING pgs=0 cs=0 l=1 rev1=1 crypto rx=0 tx=0 comp rx=0 tx=0).handle_hello peer v2:172.21.15.82:3300/0 says I am v2:172.21.15.82:47862/0 (socket says 172.21.15.82:47862)
2024-03-11T19:30:26.693 INFO:teuthology.orchestra.run.smithi082.stdout:/usr/bin/ceph: stderr
2024-03-11T19:30:25.727+0000 7fe2f3400700 1 -- 172.21.15.82:0/2350585903 learned_addr learned my addr 172.21.15.82:0/2350585903 (peer_addr_for_me v2:172.21.15.82:0/0)
2024-03-11T19:30:26.693 INFO:teuthology.orchestra.run.smithi082.stdout:/usr/bin/ceph: stderr
2024-03-11T19:30:25.727+0000 7fe2f3400700 1 -- 172.21.15.82:0/2350585903 --> [v2:172.21.15.82:3300/0,v1:172.21.15.82:6789/0] -- mon_subscribe({config=0+,monmap=0+}) v3 -- 0x7fe2e4009550 con 0x7fe2f4105c40
2024-03-11T19:30:26.693 INFO:teuthology.orchestra.run.smithi082.stdout:/usr/bin/ceph: stderr
2024-03-11T19:30:25.727+0000 7fe2f3400700 1 --2- 172.21.15.82:0/2350585903 >> [v2:172.21.15.82:3300/0,v1:172.21.15.82:6789/0] conn(0x7fe2f4105c40 0x7fe2f419d380 secure :-1 s=READY pgs=44 cs=0 l=1 rev1=1 crypto rx=0x7fe2e4009fb0 tx=0x7fe2e4011b20 comp rx=0 tx=0).ready entity=mon.0 client_cookie=0 server_cookie=0 in_seq=0 out_seq=0
2024-03-11T19:30:26.693 INFO:teuthology.orchestra.run.smithi082.stdout:/usr/bin/ceph: stderr
2024-03-11T19:30:25.728+0000 7fe2f0c00700 1 -- 172.21.15.82:0/2350585903 <== mon.0 v2:172.21.15.82:3300/0 1 ==== mon_map magic: 0 v1 ==== 205+0+0 (secure 0 0 0) 0x7fe2e40038b0 con 0x7fe2f4105c40
2024-03-11T19:30:26.693 INFO:teuthology.orchestra.run.smithi082.stdout:/usr/bin/ceph: stderr
2024-03-11T19:30:25.728+0000 7fe2f0c00700 1 -- 172.21.15.82:0/2350585903 <== mon.0 v2:172.21.15.82:3300/0 2 ==== config(27 keys) v1 ==== 1109+0+0 (secure 0 0 0) 0x7fe2e4003a10 con 0x7fe2f4105c40
2024-03-11T19:30:26.693 INFO:teuthology.orchestra.run.smithi082.stdout:/usr/bin/ceph: stderr
2024-03-11T19:30:25.728+0000 7fe2f0c00700 1 -- 172.21.15.82:0/2350585903 <== mon.0 v2:172.21.15.82:3300/0 3 ==== mon_map magic: 0 v1 ==== 205+0+0 (secure 0 0 0) 0x7fe2e40195e0 con 0x7fe2f4105c40
2024-03-11T19:30:26.695 INFO:teuthology.orchestra.run.smithi082.stdout:/usr/bin/ceph: stderr
2024-03-11T19:30:25.728+0000 7fe2f8c00700 1 -- 172.21.15.82:0/2350585903 --> [v2:172.21.15.82:3300/0,v1:172.21.15.82:6789/0] -- mon_subscribe({mgrmap=0+}) v3 -- 0x7fe2f419dac0 con 0x7fe2f4105c40
2024-03-11T19:30:26.695 INFO:teuthology.orchestra.run.smithi082.stdout:/usr/bin/ceph: stderr
2024-03-11T19:30:25.728+0000 7fe2f8c00700 1 -- 172.21.15.82:0/2350585903 --> [v2:172.21.15.82:3300/0,v1:172.21.15.82:6789/0] -- mon_subscribe({osdmap=0}) v3 -- 0x7fe2f419df60 con 0x7fe2f4105c40
2024-03-11T19:30:26.696 INFO:teuthology.orchestra.run.smithi082.stdout:/usr/bin/ceph: stderr
2024-03-11T19:30:25.729+0000 7fe2f0c00700 1 -- 172.21.15.82:0/2350585903 <== mon.0 v2:172.21.15.82:3300/0 4 ==== mgrmap(e 8) v1 ==== 45769+0+0 (secure 0 0 0) 0x7fe2e401a9f0 con 0x7fe2f4105c40
2024-03-11T19:30:26.696 INFO:teuthology.orchestra.run.smithi082.stdout:/usr/bin/ceph: stderr
2024-03-11T19:30:25.729+0000 7fe2f8c00700 1 -- 172.21.15.82:0/2350585903 --> [v2:172.21.15.82:3300/0,v1:172.21.15.82:6789/0] -- mon_command({"prefix": "get_command_descriptions"} v 0) v1 -- 0x7fe2f4197010 con 0x7fe2f4105c40
2024-03-11T19:30:26.696 INFO:teuthology.orchestra.run.smithi082.stdout:/usr/bin/ceph: stderr
2024-03-11T19:30:25.729+0000 7fe2f0c00700 1 --2- 172.21.15.82:0/2350585903 >> [v2:172.21.15.82:6800/944385046,v1:172.21.15.82:6801/944385046] conn(0x7fe2d8038cb0 0x7fe2d803b170 unknown :-1 s=NONE pgs=0 cs=0 l=1 rev1=0 crypto rx=0 tx=0 comp rx=0 tx=0).connect
2024-03-11T19:30:26.696 INFO:teuthology.orchestra.run.smithi082.stdout:/usr/bin/ceph: stderr
2024-03-11T19:30:25.729+0000 7fe2f0c00700 1 -- 172.21.15.82:0/2350585903 <== mon.0 v2:172.21.15.82:3300/0 5 ==== osd_map(2..2 src has 1..2) v4 ==== 940+0+0 (secure 0 0 0) 0x7fe2e404ce60 con 0x7fe2f4105c40
2024-03-11T19:30:26.696 INFO:teuthology.orchestra.run.smithi082.stdout:/usr/bin/ceph: stderr
2024-03-11T19:30:25.730+0000 7fe2ebe00700 1 --2- 172.21.15.82:0/2350585903 >> [v2:172.21.15.82:6800/944385046,v1:172.21.15.82:6801/944385046] conn(0x7fe2d8038cb0 0x7fe2d803b170 unknown :-1 s=BANNER_CONNECTING pgs=0 cs=0 l=1 rev1=0 crypto rx=0 tx=0 comp rx=0 tx=0)._handle_peer_banner_payload supported=3 required=0
2024-03-11T19:30:26.696 INFO:teuthology.orchestra.run.smithi082.stdout:/usr/bin/ceph: stderr
2024-03-11T19:30:25.730+0000 7fe2ebe00700 1 --2- 172.21.15.82:0/2350585903 >> [v2:172.21.15.82:6800/944385046,v1:172.21.15.82:6801/944385046] conn(0x7fe2d8038cb0 0x7fe2d803b170 secure :-1 s=READY pgs=10 cs=0 l=1 rev1=1 crypto rx=0x7fe2dc006fd0 tx=0x7fe2dc006e40 comp rx=0 tx=0).ready entity=mgr.14120 client_cookie=0 server_cookie=0 in_seq=0 out_seq=0
2024-03-11T19:30:26.696 INFO:teuthology.orchestra.run.smithi082.stdout:/usr/bin/ceph: stderr
2024-03-11T19:30:25.735+0000 7fe2f0c00700 1 -- 172.21.15.82:0/2350585903 <== mon.0 v2:172.21.15.82:3300/0 6 ==== mon_command_ack([{"prefix": "get_command_descriptions"}]=0 v0) v1 ==== 72+0+183564 (secure 0 0 0) 0x7fe2e4003b80 con 0x7fe2f4105c40
2024-03-11T19:30:26.696 INFO:teuthology.orchestra.run.smithi082.stdout:/usr/bin/ceph: stderr
2024-03-11T19:30:25.954+0000 7fe2f8c00700 1 -- 172.21.15.82:0/2350585903 --> [v2:172.21.15.82:6800/944385046,v1:172.21.15.82:6801/944385046] -- mgr_command(tid 0: {"prefix": "cephadm get-pub-key", "target": ["mon-mgr", ""]}) v1 -- 0x7fe2f402da30 con 0x7fe2d8038cb0
2024-03-11T19:30:26.696 INFO:teuthology.orchestra.run.smithi082.stdout:/usr/bin/ceph: stderr
2024-03-11T19:30:25.956+0000 7fe2f0c00700 1 -- 172.21.15.82:0/2350585903 <== mgr.14120 v2:172.21.15.82:6800/944385046 1 ==== mgr_command_reply(tid 0: 0 ) v1 ==== 8+0+595 (secure 0 0 0) 0x7fe2f402da30 con 0x7fe2d8038cb0
2024-03-11T19:30:26.696 INFO:teuthology.orchestra.run.smithi082.stdout:/usr/bin/ceph: stderr
2024-03-11T19:30:25.958+0000 7fe2f8c00700 1 -- 172.21.15.82:0/2350585903 >> [v2:172.21.15.82:6800/944385046,v1:172.21.15.82:6801/944385046] conn(0x7fe2d8038cb0 msgr2=0x7fe2d803b170 secure :-1 s=STATE_CONNECTION_ESTABLISHED l=1).mark_down
2024-03-11T19:30:26.696 INFO:teuthology.orchestra.run.smithi082.stdout:/usr/bin/ceph: stderr
2024-03-11T19:30:25.958+0000 7fe2f8c00700 1 --2- 172.21.15.82:0/2350585903 >> [v2:172.21.15.82:6800/944385046,v1:172.21.15.82:6801/944385046] conn(0x7fe2d8038cb0 0x7fe2d803b170 secure :-1 s=READY pgs=10 cs=0 l=1 rev1=1 crypto rx=0x7fe2dc006fd0 tx=0x7fe2dc006e40 comp rx=0 tx=0).stop
2024-03-11T19:30:26.696 INFO:teuthology.orchestra.run.smithi082.stdout:/usr/bin/ceph: stderr
2024-03-11T19:30:25.958+0000 7fe2f8c00700 1 -- 172.21.15.82:0/2350585903 >> [v2:172.21.15.82:3300/0,v1:172.21.15.82:6789/0] conn(0x7fe2f4105c40 msgr2=0x7fe2f419d380 secure :-1 s=STATE_CONNECTION_ESTABLISHED l=1).mark_down
2024-03-11T19:30:26.696 INFO:teuthology.orchestra.run.smithi082.stdout:/usr/bin/ceph: stderr
2024-03-11T19:30:25.958+0000 7fe2f8c00700 1 --2- 172.21.15.82:0/2350585903 >> [v2:172.21.15.82:3300/0,v1:172.21.15.82:6789/0] conn(0x7fe2f4105c40 0x7fe2f419d380 secure :-1 s=READY pgs=44 cs=0 l=1 rev1=1 crypto rx=0x7fe2e4009fb0 tx=0x7fe2e4011b20 comp rx=0 tx=0).stop
2024-03-11T19:30:26.697 INFO:teuthology.orchestra.run.smithi082.stdout:/usr/bin/ceph: stderr
2024-03-11T19:30:25.958+0000 7fe2f8c00700 1 -- 172.21.15.82:0/2350585903 shutdown_connections
2024-03-11T19:30:26.697 INFO:teuthology.orchestra.run.smithi082.stdout:/usr/bin/ceph: stderr
2024-03-11T19:30:25.958+0000 7fe2f8c00700 1 --2- 172.21.15.82:0/2350585903 >> [v2:172.21.15.82:6800/944385046,v1:172.21.15.82:6801/944385046] conn(0x7fe2d8038cb0 0x7fe2d803b170 unknown :-1 s=CLOSED pgs=10 cs=0 l=1 rev1=1 crypto rx=0 tx=0 comp rx=0 tx=0).stop
2024-03-11T19:30:26.697 INFO:teuthology.orchestra.run.smithi082.stdout:/usr/bin/ceph: stderr
2024-03-11T19:30:25.958+0000 7fe2f8c00700 1 --2- 172.21.15.82:0/2350585903 >> [v2:172.21.15.82:3300/0,v1:172.21.15.82:6789/0] conn(0x7fe2f4105c40 0x7fe2f419d380 unknown :-1 s=CLOSED pgs=44 cs=0 l=1 rev1=1 crypto rx=0 tx=0 comp rx=0 tx=0).stop
2024-03-11T19:30:26.697 INFO:teuthology.orchestra.run.smithi082.stdout:/usr/bin/ceph: stderr
2024-03-11T19:30:25.958+0000 7fe2f8c00700 1 -- 172.21.15.82:0/2350585903 >> 172.21.15.82:0/2350585903 conn(0x7fe2f4101860 msgr2=0x7fe2f4194150 unknown :-1 s=STATE_NONE l=0).mark_down
2024-03-11T19:30:26.697 INFO:teuthology.orchestra.run.smithi082.stdout:/usr/bin/ceph: stderr
2024-03-11T19:30:25.959+0000 7fe2f8c00700 1 -- 172.21.15.82:0/2350585903 shutdown_connections
2024-03-11T19:30:26.697 INFO:teuthology.orchestra.run.smithi082.stdout:/usr/bin/ceph: stderr
2024-03-11T19:30:25.959+0000 7fe2f8c00700 1 -- 172.21.15.82:0/2350585903 wait complete.
2024-03-11T19:30:26.697 INFO:teuthology.orchestra.run.smithi082.stdout:Wrote public SSH key to /home/ubuntu/cephtest/ceph.pub
2024-03-11T19:30:26.697 INFO:teuthology.orchestra.run.smithi082.stdout:Adding key to root@localhost authorized_keys...
2024-03-11T19:30:26.698 INFO:teuthology.orchestra.run.smithi082.stdout:Adding host smithi082...
2024-03-11T19:30:28.936 INFO:journalctl@ceph.mon.a.smithi082.stdout:Mar 11 19:30:28 smithi082 ceph-mon[31882]: from='client.14140 -' entity='client.admin' cmd=[{"prefix": "orch host add", "hostname": "smithi082", "addr": "172.21.15.82", "target": ["mon-mgr", ""]}]: dispatch
2024-03-11T19:30:29.930 INFO:journalctl@ceph.mon.a.smithi082.stdout:Mar 11 19:30:29 smithi082 ceph-mon[31882]: Deploying cephadm binary to smithi082
2024-03-11T19:30:34.546 INFO:teuthology.orchestra.run.smithi082.stdout:/usr/bin/ceph: stdout Added host 'smithi082' with addr '172.21.15.82'
2024-03-11T19:30:34.546 INFO:teuthology.orchestra.run.smithi082.stdout:/usr/bin/ceph: stderr
2024-03-11T19:30:27.307+0000 7f4a40e00700 1 Processor -- start
2024-03-11T19:30:34.546 INFO:teuthology.orchestra.run.smithi082.stdout:/usr/bin/ceph: stderr
2024-03-11T19:30:27.307+0000 7f4a40e00700 1 -- start start
2024-03-11T19:30:34.546 INFO:teuthology.orchestra.run.smithi082.stdout:/usr/bin/ceph: stderr
2024-03-11T19:30:27.307+0000 7f4a40e00700 1 --2- >> [v2:172.21.15.82:3300/0,v1:172.21.15.82:6789/0] conn(0x7f4a3c1097a0 0x7f4a3c109bc0 unknown :-1 s=NONE pgs=0 cs=0 l=0 rev1=0 crypto rx=0 tx=0 comp rx=0 tx=0).connect
2024-03-11T19:30:34.546 INFO:teuthology.orchestra.run.smithi082.stdout:/usr/bin/ceph: stderr
2024-03-11T19:30:27.307+0000 7f4a40e00700 1 -- --> [v2:172.21.15.82:3300/0,v1:172.21.15.82:6789/0] -- mon_getmap magic: 0 v1 -- 0x7f4a3c10a190 con 0x7f4a3c1097a0
2024-03-11T19:30:34.546 INFO:teuthology.orchestra.run.smithi082.stdout:/usr/bin/ceph: stderr
2024-03-11T19:30:27.308+0000 7f4a39e00700 1 --2- >> [v2:172.21.15.82:3300/0,v1:172.21.15.82:6789/0] conn(0x7f4a3c1097a0 0x7f4a3c109bc0 unknown :-1 s=BANNER_CONNECTING pgs=0 cs=0 l=0 rev1=0 crypto rx=0 tx=0 comp rx=0 tx=0)._handle_peer_banner_payload supported=3 required=0
2024-03-11T19:30:34.546 INFO:teuthology.orchestra.run.smithi082.stdout:/usr/bin/ceph: stderr
2024-03-11T19:30:27.308+0000 7f4a39e00700 1 --2- >> [v2:172.21.15.82:3300/0,v1:172.21.15.82:6789/0] conn(0x7f4a3c1097a0 0x7f4a3c109bc0 unknown :-1 s=HELLO_CONNECTING pgs=0 cs=0 l=0 rev1=1 crypto rx=0 tx=0 comp rx=0 tx=0).handle_hello peer v2:172.21.15.82:3300/0 says I am v2:172.21.15.82:47866/0 (socket says 172.21.15.82:47866)
2024-03-11T19:30:34.546 INFO:teuthology.orchestra.run.smithi082.stdout:/usr/bin/ceph: stderr
2024-03-11T19:30:27.308+0000 7f4a39e00700 1 -- 172.21.15.82:0/890923663 learned_addr learned my addr 172.21.15.82:0/890923663 (peer_addr_for_me v2:172.21.15.82:0/0)
2024-03-11T19:30:34.547 INFO:teuthology.orchestra.run.smithi082.stdout:/usr/bin/ceph: stderr
2024-03-11T19:30:27.308+0000 7f4a39e00700 1 -- 172.21.15.82:0/890923663 --> [v2:172.21.15.82:3300/0,v1:172.21.15.82:6789/0] -- mon_subscribe({config=0+,monmap=0+}) v3 -- 0x7f4a3c10a950 con 0x7f4a3c1097a0
2024-03-11T19:30:34.547 INFO:teuthology.orchestra.run.smithi082.stdout:/usr/bin/ceph: stderr
2024-03-11T19:30:27.309+0000 7f4a39e00700 1 --2- 172.21.15.82:0/890923663 >> [v2:172.21.15.82:3300/0,v1:172.21.15.82:6789/0] conn(0x7f4a3c1097a0 0x7f4a3c109bc0 secure :-1 s=READY pgs=45 cs=0 l=1 rev1=1 crypto rx=0x7f4a2c0098a0 tx=0x7f4a2c009bb0 comp rx=0 tx=0).ready entity=mon.0 client_cookie=a8e06533a4a9978 server_cookie=0 in_seq=0 out_seq=0
2024-03-11T19:30:34.547 INFO:teuthology.orchestra.run.smithi082.stdout:/usr/bin/ceph: stderr
2024-03-11T19:30:27.309+0000 7f4a39400700 1 -- 172.21.15.82:0/890923663 <== mon.0 v2:172.21.15.82:3300/0 1 ==== mon_map magic: 0 v1 ==== 205+0+0 (secure 0 0 0) 0x7f4a2c004160 con 0x7f4a3c1097a0
2024-03-11T19:30:34.547 INFO:teuthology.orchestra.run.smithi082.stdout:/usr/bin/ceph: stderr
2024-03-11T19:30:27.309+0000 7f4a39400700 1 -- 172.21.15.82:0/890923663 <== mon.0 v2:172.21.15.82:3300/0 2 ==== config(27 keys) v1 ==== 1109+0+0 (secure 0 0 0) 0x7f4a2c0042c0 con 0x7f4a3c1097a0
2024-03-11T19:30:34.547 INFO:teuthology.orchestra.run.smithi082.stdout:/usr/bin/ceph: stderr
2024-03-11T19:30:27.309+0000 7f4a39400700 1 -- 172.21.15.82:0/890923663 <== mon.0 v2:172.21.15.82:3300/0 3 ==== mon_map magic: 0 v1 ==== 205+0+0 (secure 0 0 0) 0x7f4a2c011ac0 con 0x7f4a3c1097a0
2024-03-11T19:30:34.547 INFO:teuthology.orchestra.run.smithi082.stdout:/usr/bin/ceph: stderr
2024-03-11T19:30:27.310+0000 7f4a40e00700 1 -- 172.21.15.82:0/890923663 >> [v2:172.21.15.82:3300/0,v1:172.21.15.82:6789/0] conn(0x7f4a3c1097a0 msgr2=0x7f4a3c109bc0 secure :-1 s=STATE_CONNECTION_ESTABLISHED l=1).mark_down
2024-03-11T19:30:34.547 INFO:teuthology.orchestra.run.smithi082.stdout:/usr/bin/ceph: stderr
2024-03-11T19:30:27.310+0000 7f4a40e00700 1 --2- 172.21.15.82:0/890923663 >> [v2:172.21.15.82:3300/0,v1:172.21.15.82:6789/0] conn(0x7f4a3c1097a0 0x7f4a3c109bc0 secure :-1 s=READY pgs=45 cs=0 l=1 rev1=1 crypto rx=0x7f4a2c0098a0 tx=0x7f4a2c009bb0 comp rx=0 tx=0).stop
2024-03-11T19:30:34.547 INFO:teuthology.orchestra.run.smithi082.stdout:/usr/bin/ceph: stderr
2024-03-11T19:30:27.310+0000 7f4a40e00700 1 -- 172.21.15.82:0/890923663 shutdown_connections
2024-03-11T19:30:34.547 INFO:teuthology.orchestra.run.smithi082.stdout:/usr/bin/ceph: stderr
2024-03-11T19:30:27.310+0000 7f4a40e00700 1 --2- 172.21.15.82:0/890923663 >> [v2:172.21.15.82:3300/0,v1:172.21.15.82:6789/0] conn(0x7f4a3c1097a0 0x7f4a3c109bc0 unknown :-1 s=CLOSED pgs=45 cs=0 l=1 rev1=1 crypto rx=0 tx=0 comp rx=0 tx=0).stop
2024-03-11T19:30:34.547 INFO:teuthology.orchestra.run.smithi082.stdout:/usr/bin/ceph: stderr
2024-03-11T19:30:27.310+0000 7f4a40e00700 1 -- 172.21.15.82:0/890923663 >> 172.21.15.82:0/890923663 conn(0x7f4a3c07cdc0 msgr2=0x7f4a3c1074b0 unknown :-1 s=STATE_NONE l=0).mark_down
2024-03-11T19:30:34.547 INFO:teuthology.orchestra.run.smithi082.stdout:/usr/bin/ceph: stderr
2024-03-11T19:30:27.310+0000 7f4a40e00700 1 -- 172.21.15.82:0/890923663 shutdown_connections
2024-03-11T19:30:34.547 INFO:teuthology.orchestra.run.smithi082.stdout:/usr/bin/ceph: stderr
2024-03-11T19:30:27.310+0000 7f4a40e00700 1 -- 172.21.15.82:0/890923663 wait complete.
2024-03-11T19:30:34.547 INFO:teuthology.orchestra.run.smithi082.stdout:/usr/bin/ceph: stderr
2024-03-11T19:30:27.311+0000 7f4a40e00700 1 Processor -- start
2024-03-11T19:30:34.548 INFO:teuthology.orchestra.run.smithi082.stdout:/usr/bin/ceph: stderr
2024-03-11T19:30:27.311+0000 7f4a40e00700 1 -- start start
2024-03-11T19:30:34.548 INFO:teuthology.orchestra.run.smithi082.stdout:/usr/bin/ceph: stderr
2024-03-11T19:30:27.311+0000 7f4a40e00700 1 --2- >> [v2:172.21.15.82:3300/0,v1:172.21.15.82:6789/0] conn(0x7f4a3c1097a0 0x7f4a3c19d560 unknown :-1 s=NONE pgs=0 cs=0 l=1 rev1=0 crypto rx=0 tx=0 comp rx=0 tx=0).connect
2024-03-11T19:30:34.548 INFO:teuthology.orchestra.run.smithi082.stdout:/usr/bin/ceph: stderr
2024-03-11T19:30:27.311+0000 7f4a40e00700 1 -- --> [v2:172.21.15.82:3300/0,v1:172.21.15.82:6789/0] -- mon_getmap magic: 0 v1 -- 0x7f4a3c19daa0 con 0x7f4a3c1097a0
2024-03-11T19:30:34.548 INFO:teuthology.orchestra.run.smithi082.stdout:/usr/bin/ceph: stderr
2024-03-11T19:30:27.312+0000 7f4a39e00700 1 --2- >> [v2:172.21.15.82:3300/0,v1:172.21.15.82:6789/0] conn(0x7f4a3c1097a0 0x7f4a3c19d560 unknown :-1 s=BANNER_CONNECTING pgs=0 cs=0 l=1 rev1=0 crypto rx=0 tx=0 comp rx=0 tx=0)._handle_peer_banner_payload supported=3 required=0
2024-03-11T19:30:34.548 INFO:teuthology.orchestra.run.smithi082.stdout:/usr/bin/ceph: stderr
2024-03-11T19:30:27.312+0000 7f4a39e00700 1 --2- >> [v2:172.21.15.82:3300/0,v1:172.21.15.82:6789/0] conn(0x7f4a3c1097a0 0x7f4a3c19d560 unknown :-1 s=HELLO_CONNECTING pgs=0 cs=0 l=1 rev1=1 crypto rx=0 tx=0 comp rx=0 tx=0).handle_hello peer v2:172.21.15.82:3300/0 says I am v2:172.21.15.82:47868/0 (socket says 172.21.15.82:47868)
2024-03-11T19:30:34.548 INFO:teuthology.orchestra.run.smithi082.stdout:/usr/bin/ceph: stderr
2024-03-11T19:30:27.312+0000 7f4a39e00700 1 -- 172.21.15.82:0/1833563841 learned_addr learned my addr 172.21.15.82:0/1833563841 (peer_addr_for_me v2:172.21.15.82:0/0)
2024-03-11T19:30:34.548 INFO:teuthology.orchestra.run.smithi082.stdout:/usr/bin/ceph: stderr
2024-03-11T19:30:27.312+0000 7f4a39e00700 1 -- 172.21.15.82:0/1833563841 --> [v2:172.21.15.82:3300/0,v1:172.21.15.82:6789/0] -- mon_subscribe({config=0+,monmap=0+}) v3 -- 0x7f4a2c009550 con 0x7f4a3c1097a0
2024-03-11T19:30:34.548 INFO:teuthology.orchestra.run.smithi082.stdout:/usr/bin/ceph: stderr
2024-03-11T19:30:27.312+0000 7f4a39e00700 1 --2- 172.21.15.82:0/1833563841 >> [v2:172.21.15.82:3300/0,v1:172.21.15.82:6789/0] conn(0x7f4a3c1097a0 0x7f4a3c19d560 secure :-1 s=READY pgs=46 cs=0 l=1 rev1=1 crypto rx=0x7f4a2c011780 tx=0x7f4a2c011b40 comp rx=0 tx=0).ready entity=mon.0 client_cookie=0 server_cookie=0 in_seq=0 out_seq=0
2024-03-11T19:30:34.548 INFO:teuthology.orchestra.run.smithi082.stdout:/usr/bin/ceph: stderr
2024-03-11T19:30:27.313+0000 7f4a32a00700 1 -- 172.21.15.82:0/1833563841 <== mon.0 v2:172.21.15.82:3300/0 1 ==== mon_map magic: 0 v1 ==== 205+0+0 (secure 0 0 0) 0x7f4a2c003af0 con 0x7f4a3c1097a0
2024-03-11T19:30:34.548 INFO:teuthology.orchestra.run.smithi082.stdout:/usr/bin/ceph: stderr
2024-03-11T19:30:27.313+0000 7f4a32a00700 1 -- 172.21.15.82:0/1833563841 <== mon.0 v2:172.21.15.82:3300/0 2 ==== config(27 keys) v1 ==== 1109+0+0 (secure 0 0 0) 0x7f4a2c003c50 con 0x7f4a3c1097a0
2024-03-11T19:30:34.548 INFO:teuthology.orchestra.run.smithi082.stdout:/usr/bin/ceph: stderr
2024-03-11T19:30:27.313+0000 7f4a32a00700 1 -- 172.21.15.82:0/1833563841 <== mon.0 v2:172.21.15.82:3300/0 3 ==== mon_map magic: 0 v1 ==== 205+0+0 (secure 0 0 0) 0x7f4a2c0197e0 con 0x7f4a3c1097a0
2024-03-11T19:30:34.548 INFO:teuthology.orchestra.run.smithi082.stdout:/usr/bin/ceph: stderr
2024-03-11T19:30:27.313+0000 7f4a40e00700 1 -- 172.21.15.82:0/1833563841 --> [v2:172.21.15.82:3300/0,v1:172.21.15.82:6789/0] -- mon_subscribe({mgrmap=0+}) v3 -- 0x7f4a3c19dca0 con 0x7f4a3c1097a0
2024-03-11T19:30:34.548 INFO:teuthology.orchestra.run.smithi082.stdout:/usr/bin/ceph: stderr
2024-03-11T19:30:27.313+0000 7f4a40e00700 1 -- 172.21.15.82:0/1833563841 --> [v2:172.21.15.82:3300/0,v1:172.21.15.82:6789/0] -- mon_subscribe({osdmap=0}) v3 -- 0x7f4a3c19e140 con 0x7f4a3c1097a0
2024-03-11T19:30:34.548 INFO:teuthology.orchestra.run.smithi082.stdout:/usr/bin/ceph: stderr
2024-03-11T19:30:27.314+0000 7f4a40e00700 1 -- 172.21.15.82:0/1833563841 --> [v2:172.21.15.82:3300/0,v1:172.21.15.82:6789/0] -- mon_command({"prefix": "get_command_descriptions"} v 0) v1 -- 0x7f4a3c10db80 con 0x7f4a3c1097a0
2024-03-11T19:30:34.549 INFO:teuthology.orchestra.run.smithi082.stdout:/usr/bin/ceph: stderr
2024-03-11T19:30:27.314+0000 7f4a32a00700 1 -- 172.21.15.82:0/1833563841 <== mon.0 v2:172.21.15.82:3300/0 4 ==== mgrmap(e 8) v1 ==== 45769+0+0 (secure 0 0 0) 0x7f4a2c01aba0 con 0x7f4a3c1097a0
2024-03-11T19:30:34.549 INFO:teuthology.orchestra.run.smithi082.stdout:/usr/bin/ceph: stderr
2024-03-11T19:30:27.315+0000 7f4a32a00700 1 --2- 172.21.15.82:0/1833563841 >> [v2:172.21.15.82:6800/944385046,v1:172.21.15.82:6801/944385046] conn(0x7f4a20038d00 0x7f4a2003b1c0 unknown :-1 s=NONE pgs=0 cs=0 l=1 rev1=0 crypto rx=0 tx=0 comp rx=0 tx=0).connect
2024-03-11T19:30:34.549 INFO:teuthology.orchestra.run.smithi082.stdout:/usr/bin/ceph: stderr
2024-03-11T19:30:27.315+0000 7f4a32a00700 1 -- 172.21.15.82:0/1833563841 <== mon.0 v2:172.21.15.82:3300/0 5 ==== osd_map(2..2 src has 1..2) v4 ==== 940+0+0 (secure 0 0 0) 0x7f4a2c04cfe0 con 0x7f4a3c1097a0
2024-03-11T19:30:34.549 INFO:teuthology.orchestra.run.smithi082.stdout:/usr/bin/ceph: stderr
2024-03-11T19:30:27.315+0000 7f4a33e00700 1 --2- 172.21.15.82:0/1833563841 >> [v2:172.21.15.82:6800/944385046,v1:172.21.15.82:6801/944385046] conn(0x7f4a20038d00 0x7f4a2003b1c0 unknown :-1 s=BANNER_CONNECTING pgs=0 cs=0 l=1 rev1=0 crypto rx=0 tx=0 comp rx=0 tx=0)._handle_peer_banner_payload supported=3 required=0
2024-03-11T19:30:34.549 INFO:teuthology.orchestra.run.smithi082.stdout:/usr/bin/ceph: stderr
2024-03-11T19:30:27.315+0000 7f4a33e00700 1 --2- 172.21.15.82:0/1833563841 >> [v2:172.21.15.82:6800/944385046,v1:172.21.15.82:6801/944385046] conn(0x7f4a20038d00 0x7f4a2003b1c0 secure :-1 s=READY pgs=11 cs=0 l=1 rev1=1 crypto rx=0x7f4a24006fd0 tx=0x7f4a24006e40 comp rx=0 tx=0).ready entity=mgr.14120 client_cookie=0 server_cookie=0 in_seq=0 out_seq=0
2024-03-11T19:30:34.549 INFO:teuthology.orchestra.run.smithi082.stdout:/usr/bin/ceph: stderr
2024-03-11T19:30:27.320+0000 7f4a32a00700 1 -- 172.21.15.82:0/1833563841 <== mon.0 v2:172.21.15.82:3300/0 6 ==== mon_command_ack([{"prefix": "get_command_descriptions"}]=0 v0) v1 ==== 72+0+183564 (secure 0 0 0) 0x7f4a2c01a430 con 0x7f4a3c1097a0
2024-03-11T19:30:34.549 INFO:teuthology.orchestra.run.smithi082.stdout:/usr/bin/ceph: stderr
2024-03-11T19:30:27.541+0000 7f4a40e00700 1 -- 172.21.15.82:0/1833563841 --> [v2:172.21.15.82:6800/944385046,v1:172.21.15.82:6801/944385046] -- mgr_command(tid 0: {"prefix": "orch host add", "hostname": "smithi082", "addr": "172.21.15.82", "target": ["mon-mgr", ""]}) v1 -- 0x7f4a3c1073a0 con 0x7f4a20038d00
2024-03-11T19:30:34.549 INFO:teuthology.orchestra.run.smithi082.stdout:/usr/bin/ceph: stderr
2024-03-11T19:30:33.786+0000 7f4a32a00700 1 -- 172.21.15.82:0/1833563841 <== mgr.14120 v2:172.21.15.82:6800/944385046 1 ==== mgr_command_reply(tid 0: 0 ) v1 ==== 8+0+48 (secure 0 0 0) 0x7f4a3c1073a0 con 0x7f4a20038d00
2024-03-11T19:30:34.549 INFO:teuthology.orchestra.run.smithi082.stdout:/usr/bin/ceph: stderr
2024-03-11T19:30:33.789+0000 7f4a40e00700 1 -- 172.21.15.82:0/1833563841 >> [v2:172.21.15.82:6800/944385046,v1:172.21.15.82:6801/944385046] conn(0x7f4a20038d00 msgr2=0x7f4a2003b1c0 secure :-1 s=STATE_CONNECTION_ESTABLISHED l=1).mark_down
2024-03-11T19:30:34.550 INFO:teuthology.orchestra.run.smithi082.stdout:/usr/bin/ceph: stderr
2024-03-11T19:30:33.789+0000 7f4a40e00700 1 --2- 172.21.15.82:0/1833563841 >> [v2:172.21.15.82:6800/944385046,v1:172.21.15.82:6801/944385046] conn(0x7f4a20038d00 0x7f4a2003b1c0 secure :-1 s=READY pgs=11 cs=0 l=1 rev1=1 crypto rx=0x7f4a24006fd0 tx=0x7f4a24006e40 comp rx=0 tx=0).stop
2024-03-11T19:30:34.550 INFO:teuthology.orchestra.run.smithi082.stdout:/usr/bin/ceph: stderr
2024-03-11T19:30:33.789+0000 7f4a40e00700 1 -- 172.21.15.82:0/1833563841 >> [v2:172.21.15.82:3300/0,v1:172.21.15.82:6789/0] conn(0x7f4a3c1097a0 msgr2=0x7f4a3c19d560 secure :-1 s=STATE_CONNECTION_ESTABLISHED l=1).mark_down
2024-03-11T19:30:34.550 INFO:teuthology.orchestra.run.smithi082.stdout:/usr/bin/ceph: stderr
2024-03-11T19:30:33.789+0000 7f4a40e00700 1 --2- 172.21.15.82:0/1833563841 >> [v2:172.21.15.82:3300/0,v1:172.21.15.82:6789/0] conn(0x7f4a3c1097a0 0x7f4a3c19d560 secure :-1 s=READY pgs=46 cs=0 l=1 rev1=1 crypto rx=0x7f4a2c011780 tx=0x7f4a2c011b40 comp rx=0 tx=0).stop
2024-03-11T19:30:34.550 INFO:teuthology.orchestra.run.smithi082.stdout:/usr/bin/ceph: stderr
2024-03-11T19:30:33.790+0000 7f4a40e00700 1 -- 172.21.15.82:0/1833563841 shutdown_connections
2024-03-11T19:30:34.550 INFO:teuthology.orchestra.run.smithi082.stdout:/usr/bin/ceph: stderr
2024-03-11T19:30:33.790+0000 7f4a40e00700 1 --2- 172.21.15.82:0/1833563841 >> [v2:172.21.15.82:6800/944385046,v1:172.21.15.82:6801/944385046] conn(0x7f4a20038d00 0x7f4a2003b1c0 unknown :-1 s=CLOSED pgs=11 cs=0 l=1 rev1=1 crypto rx=0 tx=0 comp rx=0 tx=0).stop
2024-03-11T19:30:34.550 INFO:teuthology.orchestra.run.smithi082.stdout:/usr/bin/ceph: stderr
2024-03-11T19:30:33.790+0000 7f4a40e00700 1 --2- 172.21.15.82:0/1833563841 >> [v2:172.21.15.82:3300/0,v1:172.21.15.82:6789/0] conn(0x7f4a3c1097a0 0x7f4a3c19d560 unknown :-1 s=CLOSED pgs=46 cs=0 l=1 rev1=1 crypto rx=0 tx=0 comp rx=0 tx=0).stop
2024-03-11T19:30:34.550 INFO:teuthology.orchestra.run.smithi082.stdout:/usr/bin/ceph: stderr
2024-03-11T19:30:33.790+0000 7f4a40e00700 1 -- 172.21.15.82:0/1833563841 >> 172.21.15.82:0/1833563841 conn(0x7f4a3c07cdc0 msgr2=0x7f4a3c106c90 unknown :-1 s=STATE_NONE l=0).mark_down
2024-03-11T19:30:34.550 INFO:teuthology.orchestra.run.smithi082.stdout:/usr/bin/ceph: stderr
2024-03-11T19:30:33.790+0000 7f4a40e00700 1 -- 172.21.15.82:0/1833563841 shutdown_connections
2024-03-11T19:30:34.550 INFO:teuthology.orchestra.run.smithi082.stdout:/usr/bin/ceph: stderr
2024-03-11T19:30:33.790+0000 7f4a40e00700 1 -- 172.21.15.82:0/1833563841 wait complete.
2024-03-11T19:30:34.550 INFO:teuthology.orchestra.run.smithi082.stdout:Deploying unmanaged mon service...
2024-03-11T19:30:35.127 INFO:journalctl@ceph.mon.a.smithi082.stdout:Mar 11 19:30:34 smithi082 ceph-mon[31882]: from='mgr.14120 172.21.15.82:0/1171028807' entity='mgr.x'
2024-03-11T19:30:35.128 INFO:journalctl@ceph.mon.a.smithi082.stdout:Mar 11 19:30:34 smithi082 ceph-mon[31882]: Added host smithi082
2024-03-11T19:30:35.128 INFO:journalctl@ceph.mon.a.smithi082.stdout:Mar 11 19:30:34 smithi082 ceph-mon[31882]: from='mgr.14120 172.21.15.82:0/1171028807' entity='mgr.x' cmd=[{"prefix": "config dump", "format": "json"}]: dispatch
2024-03-11T19:30:36.936 INFO:journalctl@ceph.mon.a.smithi082.stdout:Mar 11 19:30:36 smithi082 ceph-mon[31882]: from='client.14142 -' entity='client.admin' cmd=[{"prefix": "orch apply", "service_type": "mon", "unmanaged": true, "target": ["mon-mgr", ""]}]: dispatch
2024-03-11T19:30:36.937 INFO:journalctl@ceph.mon.a.smithi082.stdout:Mar 11 19:30:36 smithi082 ceph-mon[31882]: Saving service mon spec with placement count:5
2024-03-11T19:30:36.937 INFO:journalctl@ceph.mon.a.smithi082.stdout:Mar 11 19:30:36 smithi082 ceph-mon[31882]: from='mgr.14120 172.21.15.82:0/1171028807' entity='mgr.x'
2024-03-11T19:30:37.159 INFO:teuthology.orchestra.run.smithi082.stdout:/usr/bin/ceph: stdout Scheduled mon update...
2024-03-11T19:30:37.159 INFO:teuthology.orchestra.run.smithi082.stdout:/usr/bin/ceph: stderr
2024-03-11T19:30:35.185+0000 7f862f200700 1 Processor -- start
2024-03-11T19:30:37.159 INFO:teuthology.orchestra.run.smithi082.stdout:/usr/bin/ceph: stderr
2024-03-11T19:30:35.185+0000 7f862f200700 1 -- start start
2024-03-11T19:30:37.165 INFO:teuthology.orchestra.run.smithi082.stdout:/usr/bin/ceph: stderr
2024-03-11T19:30:35.186+0000 7f862f200700 1 --2- >> [v2:172.21.15.82:3300/0,v1:172.21.15.82:6789/0] conn(0x7f862810ae90 0x7f862810b2b0 unknown :-1 s=NONE pgs=0 cs=0 l=0 rev1=0 crypto rx=0 tx=0 comp rx=0 tx=0).connect
2024-03-11T19:30:37.165 INFO:teuthology.orchestra.run.smithi082.stdout:/usr/bin/ceph: stderr
2024-03-11T19:30:35.186+0000 7f862f200700 1 -- --> [v2:172.21.15.82:3300/0,v1:172.21.15.82:6789/0] -- mon_getmap magic: 0 v1 -- 0x7f862810b880 con 0x7f862810ae90
2024-03-11T19:30:37.165 INFO:teuthology.orchestra.run.smithi082.stdout:/usr/bin/ceph: stderr
2024-03-11T19:30:35.187+0000 7f8627e00700 1 --2- >> [v2:172.21.15.82:3300/0,v1:172.21.15.82:6789/0] conn(0x7f862810ae90 0x7f862810b2b0 unknown :-1 s=BANNER_CONNECTING pgs=0 cs=0 l=0 rev1=0 crypto rx=0 tx=0 comp rx=0 tx=0)._handle_peer_banner_payload supported=3 required=0
2024-03-11T19:30:37.165 INFO:teuthology.orchestra.run.smithi082.stdout:/usr/bin/ceph: stderr
2024-03-11T19:30:35.187+0000 7f8627e00700 1 --2- >> [v2:172.21.15.82:3300/0,v1:172.21.15.82:6789/0] conn(0x7f862810ae90 0x7f862810b2b0 unknown :-1 s=HELLO_CONNECTING pgs=0 cs=0 l=0 rev1=1 crypto rx=0 tx=0 comp rx=0 tx=0).handle_hello peer v2:172.21.15.82:3300/0 says I am v2:172.21.15.82:42190/0 (socket says 172.21.15.82:42190)
2024-03-11T19:30:37.165 INFO:teuthology.orchestra.run.smithi082.stdout:/usr/bin/ceph: stderr
2024-03-11T19:30:35.187+0000 7f8627e00700 1 -- 172.21.15.82:0/626640035 learned_addr learned my addr 172.21.15.82:0/626640035 (peer_addr_for_me v2:172.21.15.82:0/0)
2024-03-11T19:30:37.165 INFO:teuthology.orchestra.run.smithi082.stdout:/usr/bin/ceph: stderr
2024-03-11T19:30:35.187+0000 7f8627e00700 1 -- 172.21.15.82:0/626640035 --> [v2:172.21.15.82:3300/0,v1:172.21.15.82:6789/0] -- mon_subscribe({config=0+,monmap=0+}) v3 -- 0x7f8628109420 con 0x7f862810ae90
2024-03-11T19:30:37.165 INFO:teuthology.orchestra.run.smithi082.stdout:/usr/bin/ceph: stderr
2024-03-11T19:30:35.188+0000 7f8627e00700 1 --2- 172.21.15.82:0/626640035 >> [v2:172.21.15.82:3300/0,v1:172.21.15.82:6789/0] conn(0x7f862810ae90 0x7f862810b2b0 secure :-1 s=READY pgs=47 cs=0 l=1 rev1=1 crypto rx=0x7f86180098a0 tx=0x7f8618009bb0 comp rx=0 tx=0).ready entity=mon.0 client_cookie=aad810f9f32792b3 server_cookie=0 in_seq=0 out_seq=0
2024-03-11T19:30:37.166 INFO:teuthology.orchestra.run.smithi082.stdout:/usr/bin/ceph: stderr
2024-03-11T19:30:35.188+0000 7f8626a00700 1 -- 172.21.15.82:0/626640035 <== mon.0 v2:172.21.15.82:3300/0 1 ==== mon_map magic: 0 v1 ==== 205+0+0 (secure 0 0 0) 0x7f8618004160 con 0x7f862810ae90
2024-03-11T19:30:37.168 INFO:teuthology.orchestra.run.smithi082.stdout:/usr/bin/ceph: stderr
2024-03-11T19:30:35.188+0000 7f8626a00700 1 -- 172.21.15.82:0/626640035 <== mon.0 v2:172.21.15.82:3300/0 2 ==== config(27 keys) v1 ==== 1109+0+0 (secure 0 0 0) 0x7f86180042c0 con 0x7f862810ae90
2024-03-11T19:30:37.168 INFO:teuthology.orchestra.run.smithi082.stdout:/usr/bin/ceph: stderr
2024-03-11T19:30:35.188+0000 7f8626a00700 1 -- 172.21.15.82:0/626640035 <== mon.0 v2:172.21.15.82:3300/0 3 ==== mon_map magic: 0 v1 ==== 205+0+0 (secure 0 0 0) 0x7f8618011ac0 con 0x7f862810ae90
2024-03-11T19:30:37.169 INFO:teuthology.orchestra.run.smithi082.stdout:/usr/bin/ceph: stderr
2024-03-11T19:30:35.189+0000 7f862f200700 1 -- 172.21.15.82:0/626640035 >> [v2:172.21.15.82:3300/0,v1:172.21.15.82:6789/0] conn(0x7f862810ae90 msgr2=0x7f862810b2b0 secure :-1 s=STATE_CONNECTION_ESTABLISHED l=1).mark_down
2024-03-11T19:30:37.169 INFO:teuthology.orchestra.run.smithi082.stdout:/usr/bin/ceph: stderr
2024-03-11T19:30:35.189+0000 7f862f200700 1 --2- 172.21.15.82:0/626640035 >> [v2:172.21.15.82:3300/0,v1:172.21.15.82:6789/0] conn(0x7f862810ae90 0x7f862810b2b0 secure :-1 s=READY pgs=47 cs=0 l=1 rev1=1 crypto rx=0x7f86180098a0 tx=0x7f8618009bb0 comp rx=0 tx=0).stop
2024-03-11T19:30:37.169 INFO:teuthology.orchestra.run.smithi082.stdout:/usr/bin/ceph: stderr
2024-03-11T19:30:35.189+0000 7f862f200700 1 -- 172.21.15.82:0/626640035 shutdown_connections
2024-03-11T19:30:37.169 INFO:teuthology.orchestra.run.smithi082.stdout:/usr/bin/ceph: stderr
2024-03-11T19:30:35.189+0000 7f862f200700 1 --2- 172.21.15.82:0/626640035 >> [v2:172.21.15.82:3300/0,v1:172.21.15.82:6789/0] conn(0x7f862810ae90 0x7f862810b2b0 unknown :-1 s=CLOSED pgs=47 cs=0 l=1 rev1=1 crypto rx=0 tx=0 comp rx=0 tx=0).stop
2024-03-11T19:30:37.169 INFO:teuthology.orchestra.run.smithi082.stdout:/usr/bin/ceph: stderr
2024-03-11T19:30:35.189+0000 7f862f200700 1 -- 172.21.15.82:0/626640035 >> 172.21.15.82:0/626640035 conn(0x7f862807cd90 msgr2=0x7f86281074b0 unknown :-1 s=STATE_NONE l=0).mark_down
2024-03-11T19:30:37.169 INFO:teuthology.orchestra.run.smithi082.stdout:/usr/bin/ceph: stderr
2024-03-11T19:30:35.189+0000 7f862f200700 1 -- 172.21.15.82:0/626640035 shutdown_connections
2024-03-11T19:30:37.169 INFO:teuthology.orchestra.run.smithi082.stdout:/usr/bin/ceph: stderr
2024-03-11T19:30:35.189+0000 7f862f200700 1 -- 172.21.15.82:0/626640035 wait complete.
2024-03-11T19:30:37.169 INFO:teuthology.orchestra.run.smithi082.stdout:/usr/bin/ceph: stderr
2024-03-11T19:30:35.190+0000 7f862f200700 1 Processor -- start
2024-03-11T19:30:37.169 INFO:teuthology.orchestra.run.smithi082.stdout:/usr/bin/ceph: stderr
2024-03-11T19:30:35.190+0000 7f862f200700 1 -- start start
2024-03-11T19:30:37.169 INFO:teuthology.orchestra.run.smithi082.stdout:/usr/bin/ceph: stderr
2024-03-11T19:30:35.190+0000 7f862f200700 1 --2- >> [v2:172.21.15.82:3300/0,v1:172.21.15.82:6789/0] conn(0x7f862810ae90 0x7f862819d5e0 unknown :-1 s=NONE pgs=0 cs=0 l=1 rev1=0 crypto rx=0 tx=0 comp rx=0 tx=0).connect
2024-03-11T19:30:37.169 INFO:teuthology.orchestra.run.smithi082.stdout:/usr/bin/ceph: stderr
2024-03-11T19:30:35.190+0000 7f862f200700 1 -- --> [v2:172.21.15.82:3300/0,v1:172.21.15.82:6789/0] -- mon_getmap magic: 0 v1 -- 0x7f862819db20 con 0x7f862810ae90
2024-03-11T19:30:37.169 INFO:teuthology.orchestra.run.smithi082.stdout:/usr/bin/ceph: stderr
2024-03-11T19:30:35.191+0000 7f8627e00700 1 --2- >> [v2:172.21.15.82:3300/0,v1:172.21.15.82:6789/0] conn(0x7f862810ae90 0x7f862819d5e0 unknown :-1 s=BANNER_CONNECTING pgs=0 cs=0 l=1 rev1=0 crypto rx=0 tx=0 comp rx=0 tx=0)._handle_peer_banner_payload supported=3 required=0
2024-03-11T19:30:37.169 INFO:teuthology.orchestra.run.smithi082.stdout:/usr/bin/ceph: stderr
2024-03-11T19:30:35.191+0000 7f8627e00700 1 --2- >> [v2:172.21.15.82:3300/0,v1:172.21.15.82:6789/0] conn(0x7f862810ae90 0x7f862819d5e0 unknown :-1 s=HELLO_CONNECTING pgs=0 cs=0 l=1 rev1=1 crypto rx=0 tx=0 comp rx=0 tx=0).handle_hello peer v2:172.21.15.82:3300/0 says I am v2:172.21.15.82:42204/0 (socket says 172.21.15.82:42204)
2024-03-11T19:30:37.169 INFO:teuthology.orchestra.run.smithi082.stdout:/usr/bin/ceph: stderr
2024-03-11T19:30:35.191+0000 7f8627e00700 1 -- 172.21.15.82:0/1650245166 learned_addr learned my addr 172.21.15.82:0/1650245166 (peer_addr_for_me v2:172.21.15.82:0/0)
2024-03-11T19:30:37.170 INFO:teuthology.orchestra.run.smithi082.stdout:/usr/bin/ceph: stderr
