2024-03-11T19:30:35.191+0000 7f8627e00700 1 -- 172.21.15.82:0/1650245166 --> [v2:172.21.15.82:3300/0,v1:172.21.15.82:6789/0] -- mon_subscribe({config=0+,monmap=0+}) v3 -- 0x7f8618009550 con 0x7f862810ae90
2024-03-11T19:30:37.170 INFO:teuthology.orchestra.run.smithi082.stdout:/usr/bin/ceph: stderr
2024-03-11T19:30:35.191+0000 7f8627e00700 1 --2- 172.21.15.82:0/1650245166 >> [v2:172.21.15.82:3300/0,v1:172.21.15.82:6789/0] conn(0x7f862810ae90 0x7f862819d5e0 secure :-1 s=READY pgs=48 cs=0 l=1 rev1=1 crypto rx=0x7f8618000c00 tx=0x7f8618011b40 comp rx=0 tx=0).ready entity=mon.0 client_cookie=0 server_cookie=0 in_seq=0 out_seq=0
2024-03-11T19:30:37.170 INFO:teuthology.orchestra.run.smithi082.stdout:/usr/bin/ceph: stderr
2024-03-11T19:30:35.192+0000 7f8624c00700 1 -- 172.21.15.82:0/1650245166 <== mon.0 v2:172.21.15.82:3300/0 1 ==== mon_map magic: 0 v1 ==== 205+0+0 (secure 0 0 0) 0x7f8618003aa0 con 0x7f862810ae90
2024-03-11T19:30:37.170 INFO:teuthology.orchestra.run.smithi082.stdout:/usr/bin/ceph: stderr
2024-03-11T19:30:35.192+0000 7f8624c00700 1 -- 172.21.15.82:0/1650245166 <== mon.0 v2:172.21.15.82:3300/0 2 ==== config(27 keys) v1 ==== 1109+0+0 (secure 0 0 0) 0x7f8618003c00 con 0x7f862810ae90
2024-03-11T19:30:37.170 INFO:teuthology.orchestra.run.smithi082.stdout:/usr/bin/ceph: stderr
2024-03-11T19:30:35.192+0000 7f862f200700 1 -- 172.21.15.82:0/1650245166 --> [v2:172.21.15.82:3300/0,v1:172.21.15.82:6789/0] -- mon_subscribe({mgrmap=0+}) v3 -- 0x7f862819dd20 con 0x7f862810ae90
2024-03-11T19:30:37.170 INFO:teuthology.orchestra.run.smithi082.stdout:/usr/bin/ceph: stderr
2024-03-11T19:30:35.192+0000 7f8624c00700 1 -- 172.21.15.82:0/1650245166 <== mon.0 v2:172.21.15.82:3300/0 3 ==== mon_map magic: 0 v1 ==== 205+0+0 (secure 0 0 0) 0x7f86180248a0 con 0x7f862810ae90
2024-03-11T19:30:37.170 INFO:teuthology.orchestra.run.smithi082.stdout:/usr/bin/ceph: stderr
2024-03-11T19:30:35.192+0000 7f862f200700 1 -- 172.21.15.82:0/1650245166 --> [v2:172.21.15.82:3300/0,v1:172.21.15.82:6789/0] -- mon_subscribe({osdmap=0}) v3 -- 0x7f862819e1c0 con 0x7f862810ae90
2024-03-11T19:30:37.170 INFO:teuthology.orchestra.run.smithi082.stdout:/usr/bin/ceph: stderr
2024-03-11T19:30:35.193+0000 7f8624c00700 1 -- 172.21.15.82:0/1650245166 <== mon.0 v2:172.21.15.82:3300/0 4 ==== mgrmap(e 8) v1 ==== 45769+0+0 (secure 0 0 0) 0x7f861801ac60 con 0x7f862810ae90
2024-03-11T19:30:37.170 INFO:teuthology.orchestra.run.smithi082.stdout:/usr/bin/ceph: stderr
2024-03-11T19:30:35.193+0000 7f862f200700 1 -- 172.21.15.82:0/1650245166 --> [v2:172.21.15.82:3300/0,v1:172.21.15.82:6789/0] -- mon_command({"prefix": "get_command_descriptions"} v 0) v1 -- 0x7f86280632a0 con 0x7f862810ae90
2024-03-11T19:30:37.170 INFO:teuthology.orchestra.run.smithi082.stdout:/usr/bin/ceph: stderr
2024-03-11T19:30:35.193+0000 7f8624c00700 1 --2- 172.21.15.82:0/1650245166 >> [v2:172.21.15.82:6800/944385046,v1:172.21.15.82:6801/944385046] conn(0x7f860c038cb0 0x7f860c03b170 unknown :-1 s=NONE pgs=0 cs=0 l=1 rev1=0 crypto rx=0 tx=0 comp rx=0 tx=0).connect
2024-03-11T19:30:37.170 INFO:teuthology.orchestra.run.smithi082.stdout:/usr/bin/ceph: stderr
2024-03-11T19:30:35.193+0000 7f8624c00700 1 -- 172.21.15.82:0/1650245166 <== mon.0 v2:172.21.15.82:3300/0 5 ==== osd_map(2..2 src has 1..2) v4 ==== 940+0+0 (secure 0 0 0) 0x7f861804cde0 con 0x7f862810ae90
2024-03-11T19:30:37.170 INFO:teuthology.orchestra.run.smithi082.stdout:/usr/bin/ceph: stderr
2024-03-11T19:30:35.194+0000 7f8627400700 1 --2- 172.21.15.82:0/1650245166 >> [v2:172.21.15.82:6800/944385046,v1:172.21.15.82:6801/944385046] conn(0x7f860c038cb0 0x7f860c03b170 unknown :-1 s=BANNER_CONNECTING pgs=0 cs=0 l=1 rev1=0 crypto rx=0 tx=0 comp rx=0 tx=0)._handle_peer_banner_payload supported=3 required=0
2024-03-11T19:30:37.171 INFO:teuthology.orchestra.run.smithi082.stdout:/usr/bin/ceph: stderr
2024-03-11T19:30:35.194+0000 7f8627400700 1 --2- 172.21.15.82:0/1650245166 >> [v2:172.21.15.82:6800/944385046,v1:172.21.15.82:6801/944385046] conn(0x7f860c038cb0 0x7f860c03b170 secure :-1 s=READY pgs=12 cs=0 l=1 rev1=1 crypto rx=0x7f8614006fd0 tx=0x7f8614006e40 comp rx=0 tx=0).ready entity=mgr.14120 client_cookie=0 server_cookie=0 in_seq=0 out_seq=0
2024-03-11T19:30:37.171 INFO:teuthology.orchestra.run.smithi082.stdout:/usr/bin/ceph: stderr
2024-03-11T19:30:35.199+0000 7f8624c00700 1 -- 172.21.15.82:0/1650245166 <== mon.0 v2:172.21.15.82:3300/0 6 ==== mon_command_ack([{"prefix": "get_command_descriptions"}]=0 v0) v1 ==== 72+0+183564 (secure 0 0 0) 0x7f8618018530 con 0x7f862810ae90
2024-03-11T19:30:37.171 INFO:teuthology.orchestra.run.smithi082.stdout:/usr/bin/ceph: stderr
2024-03-11T19:30:35.441+0000 7f862f200700 1 -- 172.21.15.82:0/1650245166 --> [v2:172.21.15.82:6800/944385046,v1:172.21.15.82:6801/944385046] -- mgr_command(tid 0: {"prefix": "orch apply", "service_type": "mon", "unmanaged": true, "target": ["mon-mgr", ""]}) v1 -- 0x7f86281072e0 con 0x7f860c038cb0
2024-03-11T19:30:37.171 INFO:teuthology.orchestra.run.smithi082.stdout:/usr/bin/ceph: stderr
2024-03-11T19:30:35.448+0000 7f8624c00700 1 -- 172.21.15.82:0/1650245166 <== mgr.14120 v2:172.21.15.82:6800/944385046 1 ==== mgr_command_reply(tid 0: 0 ) v1 ==== 8+0+24 (secure 0 0 0) 0x7f86281072e0 con 0x7f860c038cb0
2024-03-11T19:30:37.171 INFO:teuthology.orchestra.run.smithi082.stdout:/usr/bin/ceph: stderr
2024-03-11T19:30:35.450+0000 7f862f200700 1 -- 172.21.15.82:0/1650245166 >> [v2:172.21.15.82:6800/944385046,v1:172.21.15.82:6801/944385046] conn(0x7f860c038cb0 msgr2=0x7f860c03b170 secure :-1 s=STATE_CONNECTION_ESTABLISHED l=1).mark_down
2024-03-11T19:30:37.171 INFO:teuthology.orchestra.run.smithi082.stdout:/usr/bin/ceph: stderr
2024-03-11T19:30:35.450+0000 7f862f200700 1 --2- 172.21.15.82:0/1650245166 >> [v2:172.21.15.82:6800/944385046,v1:172.21.15.82:6801/944385046] conn(0x7f860c038cb0 0x7f860c03b170 secure :-1 s=READY pgs=12 cs=0 l=1 rev1=1 crypto rx=0x7f8614006fd0 tx=0x7f8614006e40 comp rx=0 tx=0).stop
2024-03-11T19:30:37.171 INFO:teuthology.orchestra.run.smithi082.stdout:/usr/bin/ceph: stderr
2024-03-11T19:30:35.450+0000 7f862f200700 1 -- 172.21.15.82:0/1650245166 >> [v2:172.21.15.82:3300/0,v1:172.21.15.82:6789/0] conn(0x7f862810ae90 msgr2=0x7f862819d5e0 secure :-1 s=STATE_CONNECTION_ESTABLISHED l=1).mark_down
2024-03-11T19:30:37.171 INFO:teuthology.orchestra.run.smithi082.stdout:/usr/bin/ceph: stderr
2024-03-11T19:30:35.450+0000 7f862f200700 1 --2- 172.21.15.82:0/1650245166 >> [v2:172.21.15.82:3300/0,v1:172.21.15.82:6789/0] conn(0x7f862810ae90 0x7f862819d5e0 secure :-1 s=READY pgs=48 cs=0 l=1 rev1=1 crypto rx=0x7f8618000c00 tx=0x7f8618011b40 comp rx=0 tx=0).stop
2024-03-11T19:30:37.171 INFO:teuthology.orchestra.run.smithi082.stdout:/usr/bin/ceph: stderr
2024-03-11T19:30:35.450+0000 7f862f200700 1 -- 172.21.15.82:0/1650245166 shutdown_connections
2024-03-11T19:30:37.171 INFO:teuthology.orchestra.run.smithi082.stdout:/usr/bin/ceph: stderr
2024-03-11T19:30:35.450+0000 7f862f200700 1 --2- 172.21.15.82:0/1650245166 >> [v2:172.21.15.82:6800/944385046,v1:172.21.15.82:6801/944385046] conn(0x7f860c038cb0 0x7f860c03b170 unknown :-1 s=CLOSED pgs=12 cs=0 l=1 rev1=1 crypto rx=0 tx=0 comp rx=0 tx=0).stop
2024-03-11T19:30:37.171 INFO:teuthology.orchestra.run.smithi082.stdout:/usr/bin/ceph: stderr
2024-03-11T19:30:35.450+0000 7f862f200700 1 --2- 172.21.15.82:0/1650245166 >> [v2:172.21.15.82:3300/0,v1:172.21.15.82:6789/0] conn(0x7f862810ae90 0x7f862819d5e0 unknown :-1 s=CLOSED pgs=48 cs=0 l=1 rev1=1 crypto rx=0 tx=0 comp rx=0 tx=0).stop
2024-03-11T19:30:37.171 INFO:teuthology.orchestra.run.smithi082.stdout:/usr/bin/ceph: stderr
2024-03-11T19:30:35.450+0000 7f862f200700 1 -- 172.21.15.82:0/1650245166 >> 172.21.15.82:0/1650245166 conn(0x7f862807cd90 msgr2=0x7f8628106bd0 unknown :-1 s=STATE_NONE l=0).mark_down
2024-03-11T19:30:37.171 INFO:teuthology.orchestra.run.smithi082.stdout:/usr/bin/ceph: stderr
2024-03-11T19:30:35.451+0000 7f862f200700 1 -- 172.21.15.82:0/1650245166 shutdown_connections
2024-03-11T19:30:37.172 INFO:teuthology.orchestra.run.smithi082.stdout:/usr/bin/ceph: stderr
2024-03-11T19:30:35.451+0000 7f862f200700 1 -- 172.21.15.82:0/1650245166 wait complete.
2024-03-11T19:30:37.172 INFO:teuthology.orchestra.run.smithi082.stdout:Deploying unmanaged mgr service...
2024-03-11T19:30:38.686 INFO:journalctl@ceph.mon.a.smithi082.stdout:Mar 11 19:30:38 smithi082 ceph-mon[31882]: from='mgr.14120 172.21.15.82:0/1171028807' entity='mgr.x'
2024-03-11T19:30:38.687 INFO:journalctl@ceph.mon.a.smithi082.stdout:Mar 11 19:30:38 smithi082 ceph-mon[31882]: from='mgr.14120 172.21.15.82:0/1171028807' entity='mgr.x'
2024-03-11T19:30:38.687 INFO:journalctl@ceph.mon.a.smithi082.stdout:Mar 11 19:30:38 smithi082 ceph-mon[31882]: from='mgr.14120 172.21.15.82:0/1171028807' entity='mgr.x'
2024-03-11T19:30:38.834 INFO:teuthology.orchestra.run.smithi082.stdout:/usr/bin/ceph: stdout Scheduled mgr update...
2024-03-11T19:30:38.835 INFO:teuthology.orchestra.run.smithi082.stdout:/usr/bin/ceph: stderr
2024-03-11T19:30:37.847+0000 7f524f000700 1 Processor -- start
2024-03-11T19:30:38.835 INFO:teuthology.orchestra.run.smithi082.stdout:/usr/bin/ceph: stderr
2024-03-11T19:30:37.847+0000 7f524f000700 1 -- start start
2024-03-11T19:30:38.835 INFO:teuthology.orchestra.run.smithi082.stdout:/usr/bin/ceph: stderr
2024-03-11T19:30:37.847+0000 7f524f000700 1 --2- >> [v2:172.21.15.82:3300/0,v1:172.21.15.82:6789/0] conn(0x7f5248108bf0 0x7f5248109010 unknown :-1 s=NONE pgs=0 cs=0 l=0 rev1=0 crypto rx=0 tx=0 comp rx=0 tx=0).connect
2024-03-11T19:30:38.835 INFO:teuthology.orchestra.run.smithi082.stdout:/usr/bin/ceph: stderr
2024-03-11T19:30:37.847+0000 7f524f000700 1 -- --> [v2:172.21.15.82:3300/0,v1:172.21.15.82:6789/0] -- mon_getmap magic: 0 v1 -- 0x7f52481095e0 con 0x7f5248108bf0
2024-03-11T19:30:38.835 INFO:teuthology.orchestra.run.smithi082.stdout:/usr/bin/ceph: stderr
2024-03-11T19:30:37.848+0000 7f5247e00700 1 --2- >> [v2:172.21.15.82:3300/0,v1:172.21.15.82:6789/0] conn(0x7f5248108bf0 0x7f5248109010 unknown :-1 s=BANNER_CONNECTING pgs=0 cs=0 l=0 rev1=0 crypto rx=0 tx=0 comp rx=0 tx=0)._handle_peer_banner_payload supported=3 required=0
2024-03-11T19:30:38.835 INFO:teuthology.orchestra.run.smithi082.stdout:/usr/bin/ceph: stderr
2024-03-11T19:30:37.848+0000 7f5247e00700 1 --2- >> [v2:172.21.15.82:3300/0,v1:172.21.15.82:6789/0] conn(0x7f5248108bf0 0x7f5248109010 unknown :-1 s=HELLO_CONNECTING pgs=0 cs=0 l=0 rev1=1 crypto rx=0 tx=0 comp rx=0 tx=0).handle_hello peer v2:172.21.15.82:3300/0 says I am v2:172.21.15.82:42210/0 (socket says 172.21.15.82:42210)
2024-03-11T19:30:38.835 INFO:teuthology.orchestra.run.smithi082.stdout:/usr/bin/ceph: stderr
2024-03-11T19:30:37.848+0000 7f5247e00700 1 -- 172.21.15.82:0/2084406273 learned_addr learned my addr 172.21.15.82:0/2084406273 (peer_addr_for_me v2:172.21.15.82:0/0)
2024-03-11T19:30:38.835 INFO:teuthology.orchestra.run.smithi082.stdout:/usr/bin/ceph: stderr
2024-03-11T19:30:37.848+0000 7f5247e00700 1 -- 172.21.15.82:0/2084406273 --> [v2:172.21.15.82:3300/0,v1:172.21.15.82:6789/0] -- mon_subscribe({config=0+,monmap=0+}) v3 -- 0x7f5248107180 con 0x7f5248108bf0
2024-03-11T19:30:38.835 INFO:teuthology.orchestra.run.smithi082.stdout:/usr/bin/ceph: stderr
2024-03-11T19:30:37.849+0000 7f5247e00700 1 --2- 172.21.15.82:0/2084406273 >> [v2:172.21.15.82:3300/0,v1:172.21.15.82:6789/0] conn(0x7f5248108bf0 0x7f5248109010 secure :-1 s=READY pgs=49 cs=0 l=1 rev1=1 crypto rx=0x7f52380098a0 tx=0x7f5238009bb0 comp rx=0 tx=0).ready entity=mon.0 client_cookie=eb72442407e9e20d server_cookie=0 in_seq=0 out_seq=0
2024-03-11T19:30:38.835 INFO:teuthology.orchestra.run.smithi082.stdout:/usr/bin/ceph: stderr
2024-03-11T19:30:37.849+0000 7f5246a00700 1 -- 172.21.15.82:0/2084406273 <== mon.0 v2:172.21.15.82:3300/0 1 ==== mon_map magic: 0 v1 ==== 205+0+0 (secure 0 0 0) 0x7f5238004160 con 0x7f5248108bf0
2024-03-11T19:30:38.835 INFO:teuthology.orchestra.run.smithi082.stdout:/usr/bin/ceph: stderr
2024-03-11T19:30:37.849+0000 7f5246a00700 1 -- 172.21.15.82:0/2084406273 <== mon.0 v2:172.21.15.82:3300/0 2 ==== config(27 keys) v1 ==== 1140+0+0 (secure 0 0 0) 0x7f52380042c0 con 0x7f5248108bf0
2024-03-11T19:30:38.835 INFO:teuthology.orchestra.run.smithi082.stdout:/usr/bin/ceph: stderr
2024-03-11T19:30:37.849+0000 7f5246a00700 1 -- 172.21.15.82:0/2084406273 <== mon.0 v2:172.21.15.82:3300/0 3 ==== mon_map magic: 0 v1 ==== 205+0+0 (secure 0 0 0) 0x7f5238011a80 con 0x7f5248108bf0
2024-03-11T19:30:38.836 INFO:teuthology.orchestra.run.smithi082.stdout:/usr/bin/ceph: stderr
2024-03-11T19:30:37.850+0000 7f524f000700 1 -- 172.21.15.82:0/2084406273 >> [v2:172.21.15.82:3300/0,v1:172.21.15.82:6789/0] conn(0x7f5248108bf0 msgr2=0x7f5248109010 secure :-1 s=STATE_CONNECTION_ESTABLISHED l=1).mark_down
2024-03-11T19:30:38.836 INFO:teuthology.orchestra.run.smithi082.stdout:/usr/bin/ceph: stderr
2024-03-11T19:30:37.850+0000 7f524f000700 1 --2- 172.21.15.82:0/2084406273 >> [v2:172.21.15.82:3300/0,v1:172.21.15.82:6789/0] conn(0x7f5248108bf0 0x7f5248109010 secure :-1 s=READY pgs=49 cs=0 l=1 rev1=1 crypto rx=0x7f52380098a0 tx=0x7f5238009bb0 comp rx=0 tx=0).stop
2024-03-11T19:30:38.836 INFO:teuthology.orchestra.run.smithi082.stdout:/usr/bin/ceph: stderr
2024-03-11T19:30:37.850+0000 7f524f000700 1 -- 172.21.15.82:0/2084406273 shutdown_connections
2024-03-11T19:30:38.836 INFO:teuthology.orchestra.run.smithi082.stdout:/usr/bin/ceph: stderr
2024-03-11T19:30:37.850+0000 7f524f000700 1 --2- 172.21.15.82:0/2084406273 >> [v2:172.21.15.82:3300/0,v1:172.21.15.82:6789/0] conn(0x7f5248108bf0 0x7f5248109010 unknown :-1 s=CLOSED pgs=49 cs=0 l=1 rev1=1 crypto rx=0 tx=0 comp rx=0 tx=0).stop
2024-03-11T19:30:38.836 INFO:teuthology.orchestra.run.smithi082.stdout:/usr/bin/ceph: stderr
2024-03-11T19:30:37.850+0000 7f524f000700 1 -- 172.21.15.82:0/2084406273 >> 172.21.15.82:0/2084406273 conn(0x7f5248102ba0 msgr2=0x7f5248104fc0 unknown :-1 s=STATE_NONE l=0).mark_down
2024-03-11T19:30:38.836 INFO:teuthology.orchestra.run.smithi082.stdout:/usr/bin/ceph: stderr
2024-03-11T19:30:37.850+0000 7f524f000700 1 -- 172.21.15.82:0/2084406273 shutdown_connections
2024-03-11T19:30:38.836 INFO:teuthology.orchestra.run.smithi082.stdout:/usr/bin/ceph: stderr
2024-03-11T19:30:37.850+0000 7f524f000700 1 -- 172.21.15.82:0/2084406273 wait complete.
2024-03-11T19:30:38.836 INFO:teuthology.orchestra.run.smithi082.stdout:/usr/bin/ceph: stderr
2024-03-11T19:30:37.851+0000 7f524f000700 1 Processor -- start
2024-03-11T19:30:38.836 INFO:teuthology.orchestra.run.smithi082.stdout:/usr/bin/ceph: stderr
2024-03-11T19:30:37.851+0000 7f524f000700 1 -- start start
2024-03-11T19:30:38.836 INFO:teuthology.orchestra.run.smithi082.stdout:/usr/bin/ceph: stderr
2024-03-11T19:30:37.852+0000 7f524f000700 1 --2- >> [v2:172.21.15.82:3300/0,v1:172.21.15.82:6789/0] conn(0x7f5248108bf0 0x7f524819b380 unknown :-1 s=NONE pgs=0 cs=0 l=1 rev1=0 crypto rx=0 tx=0 comp rx=0 tx=0).connect
2024-03-11T19:30:38.836 INFO:teuthology.orchestra.run.smithi082.stdout:/usr/bin/ceph: stderr
2024-03-11T19:30:37.852+0000 7f524f000700 1 -- --> [v2:172.21.15.82:3300/0,v1:172.21.15.82:6789/0] -- mon_getmap magic: 0 v1 -- 0x7f524819b8c0 con 0x7f5248108bf0
2024-03-11T19:30:38.836 INFO:teuthology.orchestra.run.smithi082.stdout:/usr/bin/ceph: stderr
2024-03-11T19:30:37.852+0000 7f5247e00700 1 --2- >> [v2:172.21.15.82:3300/0,v1:172.21.15.82:6789/0] conn(0x7f5248108bf0 0x7f524819b380 unknown :-1 s=BANNER_CONNECTING pgs=0 cs=0 l=1 rev1=0 crypto rx=0 tx=0 comp rx=0 tx=0)._handle_peer_banner_payload supported=3 required=0
2024-03-11T19:30:38.836 INFO:teuthology.orchestra.run.smithi082.stdout:/usr/bin/ceph: stderr
2024-03-11T19:30:37.852+0000 7f5247e00700 1 --2- >> [v2:172.21.15.82:3300/0,v1:172.21.15.82:6789/0] conn(0x7f5248108bf0 0x7f524819b380 unknown :-1 s=HELLO_CONNECTING pgs=0 cs=0 l=1 rev1=1 crypto rx=0 tx=0 comp rx=0 tx=0).handle_hello peer v2:172.21.15.82:3300/0 says I am v2:172.21.15.82:42212/0 (socket says 172.21.15.82:42212)
2024-03-11T19:30:38.836 INFO:teuthology.orchestra.run.smithi082.stdout:/usr/bin/ceph: stderr
2024-03-11T19:30:37.852+0000 7f5247e00700 1 -- 172.21.15.82:0/394825285 learned_addr learned my addr 172.21.15.82:0/394825285 (peer_addr_for_me v2:172.21.15.82:0/0)
2024-03-11T19:30:38.837 INFO:teuthology.orchestra.run.smithi082.stdout:/usr/bin/ceph: stderr
2024-03-11T19:30:37.852+0000 7f5247e00700 1 -- 172.21.15.82:0/394825285 --> [v2:172.21.15.82:3300/0,v1:172.21.15.82:6789/0] -- mon_subscribe({config=0+,monmap=0+}) v3 -- 0x7f5238009550 con 0x7f5248108bf0
2024-03-11T19:30:38.837 INFO:teuthology.orchestra.run.smithi082.stdout:/usr/bin/ceph: stderr
2024-03-11T19:30:37.853+0000 7f5247e00700 1 --2- 172.21.15.82:0/394825285 >> [v2:172.21.15.82:3300/0,v1:172.21.15.82:6789/0] conn(0x7f5248108bf0 0x7f524819b380 secure :-1 s=READY pgs=50 cs=0 l=1 rev1=1 crypto rx=0x7f5238011740 tx=0x7f5238011a50 comp rx=0 tx=0).ready entity=mon.0 client_cookie=0 server_cookie=0 in_seq=0 out_seq=0
2024-03-11T19:30:38.837 INFO:teuthology.orchestra.run.smithi082.stdout:/usr/bin/ceph: stderr
2024-03-11T19:30:37.853+0000 7f5244c00700 1 -- 172.21.15.82:0/394825285 <== mon.0 v2:172.21.15.82:3300/0 1 ==== mon_map magic: 0 v1 ==== 205+0+0 (secure 0 0 0) 0x7f5238003af0 con 0x7f5248108bf0
2024-03-11T19:30:38.837 INFO:teuthology.orchestra.run.smithi082.stdout:/usr/bin/ceph: stderr
2024-03-11T19:30:37.853+0000 7f5244c00700 1 -- 172.21.15.82:0/394825285 <== mon.0 v2:172.21.15.82:3300/0 2 ==== config(27 keys) v1 ==== 1140+0+0 (secure 0 0 0) 0x7f523801a910 con 0x7f5248108bf0
2024-03-11T19:30:38.837 INFO:teuthology.orchestra.run.smithi082.stdout:/usr/bin/ceph: stderr
2024-03-11T19:30:37.853+0000 7f5244c00700 1 -- 172.21.15.82:0/394825285 <== mon.0 v2:172.21.15.82:3300/0 3 ==== mon_map magic: 0 v1 ==== 205+0+0 (secure 0 0 0) 0x7f5238024870 con 0x7f5248108bf0
2024-03-11T19:30:38.837 INFO:teuthology.orchestra.run.smithi082.stdout:/usr/bin/ceph: stderr
2024-03-11T19:30:37.853+0000 7f524f000700 1 -- 172.21.15.82:0/394825285 --> [v2:172.21.15.82:3300/0,v1:172.21.15.82:6789/0] -- mon_subscribe({mgrmap=0+}) v3 -- 0x7f524819bac0 con 0x7f5248108bf0
2024-03-11T19:30:38.837 INFO:teuthology.orchestra.run.smithi082.stdout:/usr/bin/ceph: stderr
2024-03-11T19:30:37.853+0000 7f524f000700 1 -- 172.21.15.82:0/394825285 --> [v2:172.21.15.82:3300/0,v1:172.21.15.82:6789/0] -- mon_subscribe({osdmap=0}) v3 -- 0x7f524819bf60 con 0x7f5248108bf0
2024-03-11T19:30:38.837 INFO:teuthology.orchestra.run.smithi082.stdout:/usr/bin/ceph: stderr
2024-03-11T19:30:37.854+0000 7f524f000700 1 -- 172.21.15.82:0/394825285 --> [v2:172.21.15.82:3300/0,v1:172.21.15.82:6789/0] -- mon_command({"prefix": "get_command_descriptions"} v 0) v1 -- 0x7f524810b940 con 0x7f5248108bf0
2024-03-11T19:30:38.837 INFO:teuthology.orchestra.run.smithi082.stdout:/usr/bin/ceph: stderr
2024-03-11T19:30:37.854+0000 7f5244c00700 1 -- 172.21.15.82:0/394825285 <== mon.0 v2:172.21.15.82:3300/0 4 ==== mgrmap(e 8) v1 ==== 45769+0+0 (secure 0 0 0) 0x7f523801aa80 con 0x7f5248108bf0
2024-03-11T19:30:38.837 INFO:teuthology.orchestra.run.smithi082.stdout:/usr/bin/ceph: stderr
2024-03-11T19:30:37.855+0000 7f5244c00700 1 --2- 172.21.15.82:0/394825285 >> [v2:172.21.15.82:6800/944385046,v1:172.21.15.82:6801/944385046] conn(0x7f522c038cb0 0x7f522c03b170 unknown :-1 s=NONE pgs=0 cs=0 l=1 rev1=0 crypto rx=0 tx=0 comp rx=0 tx=0).connect
2024-03-11T19:30:38.837 INFO:teuthology.orchestra.run.smithi082.stdout:/usr/bin/ceph: stderr
2024-03-11T19:30:37.855+0000 7f5244c00700 1 -- 172.21.15.82:0/394825285 <== mon.0 v2:172.21.15.82:3300/0 5 ==== osd_map(2..2 src has 1..2) v4 ==== 940+0+0 (secure 0 0 0) 0x7f523804cf40 con 0x7f5248108bf0
2024-03-11T19:30:38.837 INFO:teuthology.orchestra.run.smithi082.stdout:/usr/bin/ceph: stderr
2024-03-11T19:30:37.855+0000 7f5247400700 1 --2- 172.21.15.82:0/394825285 >> [v2:172.21.15.82:6800/944385046,v1:172.21.15.82:6801/944385046] conn(0x7f522c038cb0 0x7f522c03b170 unknown :-1 s=BANNER_CONNECTING pgs=0 cs=0 l=1 rev1=0 crypto rx=0 tx=0 comp rx=0 tx=0)._handle_peer_banner_payload supported=3 required=0
2024-03-11T19:30:38.837 INFO:teuthology.orchestra.run.smithi082.stdout:/usr/bin/ceph: stderr
2024-03-11T19:30:37.856+0000 7f5247400700 1 --2- 172.21.15.82:0/394825285 >> [v2:172.21.15.82:6800/944385046,v1:172.21.15.82:6801/944385046] conn(0x7f522c038cb0 0x7f522c03b170 secure :-1 s=READY pgs=13 cs=0 l=1 rev1=1 crypto rx=0x7f5234006fd0 tx=0x7f5234006e40 comp rx=0 tx=0).ready entity=mgr.14120 client_cookie=0 server_cookie=0 in_seq=0 out_seq=0
2024-03-11T19:30:38.837 INFO:teuthology.orchestra.run.smithi082.stdout:/usr/bin/ceph: stderr
2024-03-11T19:30:37.860+0000 7f5244c00700 1 -- 172.21.15.82:0/394825285 <== mon.0 v2:172.21.15.82:3300/0 6 ==== mon_command_ack([{"prefix": "get_command_descriptions"}]=0 v0) v1 ==== 72+0+183564 (secure 0 0 0) 0x7f5238024aa0 con 0x7f5248108bf0
2024-03-11T19:30:38.838 INFO:teuthology.orchestra.run.smithi082.stdout:/usr/bin/ceph: stderr
2024-03-11T19:30:38.094+0000 7f524f000700 1 -- 172.21.15.82:0/394825285 --> [v2:172.21.15.82:6800/944385046,v1:172.21.15.82:6801/944385046] -- mgr_command(tid 0: {"prefix": "orch apply", "service_type": "mgr", "unmanaged": true, "target": ["mon-mgr", ""]}) v1 -- 0x7f5248103da0 con 0x7f522c038cb0
2024-03-11T19:30:38.838 INFO:teuthology.orchestra.run.smithi082.stdout:/usr/bin/ceph: stderr
2024-03-11T19:30:38.100+0000 7f5244c00700 1 -- 172.21.15.82:0/394825285 <== mgr.14120 v2:172.21.15.82:6800/944385046 1 ==== mgr_command_reply(tid 0: 0 ) v1 ==== 8+0+24 (secure 0 0 0) 0x7f5248103da0 con 0x7f522c038cb0
2024-03-11T19:30:38.838 INFO:teuthology.orchestra.run.smithi082.stdout:/usr/bin/ceph: stderr
2024-03-11T19:30:38.103+0000 7f524f000700 1 -- 172.21.15.82:0/394825285 >> [v2:172.21.15.82:6800/944385046,v1:172.21.15.82:6801/944385046] conn(0x7f522c038cb0 msgr2=0x7f522c03b170 secure :-1 s=STATE_CONNECTION_ESTABLISHED l=1).mark_down
2024-03-11T19:30:38.838 INFO:teuthology.orchestra.run.smithi082.stdout:/usr/bin/ceph: stderr
2024-03-11T19:30:38.103+0000 7f524f000700 1 --2- 172.21.15.82:0/394825285 >> [v2:172.21.15.82:6800/944385046,v1:172.21.15.82:6801/944385046] conn(0x7f522c038cb0 0x7f522c03b170 secure :-1 s=READY pgs=13 cs=0 l=1 rev1=1 crypto rx=0x7f5234006fd0 tx=0x7f5234006e40 comp rx=0 tx=0).stop
2024-03-11T19:30:38.838 INFO:teuthology.orchestra.run.smithi082.stdout:/usr/bin/ceph: stderr
2024-03-11T19:30:38.103+0000 7f524f000700 1 -- 172.21.15.82:0/394825285 >> [v2:172.21.15.82:3300/0,v1:172.21.15.82:6789/0] conn(0x7f5248108bf0 msgr2=0x7f524819b380 secure :-1 s=STATE_CONNECTION_ESTABLISHED l=1).mark_down
2024-03-11T19:30:38.838 INFO:teuthology.orchestra.run.smithi082.stdout:/usr/bin/ceph: stderr
2024-03-11T19:30:38.103+0000 7f524f000700 1 --2- 172.21.15.82:0/394825285 >> [v2:172.21.15.82:3300/0,v1:172.21.15.82:6789/0] conn(0x7f5248108bf0 0x7f524819b380 secure :-1 s=READY pgs=50 cs=0 l=1 rev1=1 crypto rx=0x7f5238011740 tx=0x7f5238011a50 comp rx=0 tx=0).stop
2024-03-11T19:30:38.838 INFO:teuthology.orchestra.run.smithi082.stdout:/usr/bin/ceph: stderr
2024-03-11T19:30:38.103+0000 7f524f000700 1 -- 172.21.15.82:0/394825285 shutdown_connections
2024-03-11T19:30:38.838 INFO:teuthology.orchestra.run.smithi082.stdout:/usr/bin/ceph: stderr
2024-03-11T19:30:38.103+0000 7f524f000700 1 --2- 172.21.15.82:0/394825285 >> [v2:172.21.15.82:6800/944385046,v1:172.21.15.82:6801/944385046] conn(0x7f522c038cb0 0x7f522c03b170 unknown :-1 s=CLOSED pgs=13 cs=0 l=1 rev1=1 crypto rx=0 tx=0 comp rx=0 tx=0).stop
2024-03-11T19:30:38.838 INFO:teuthology.orchestra.run.smithi082.stdout:/usr/bin/ceph: stderr
2024-03-11T19:30:38.103+0000 7f524f000700 1 --2- 172.21.15.82:0/394825285 >> [v2:172.21.15.82:3300/0,v1:172.21.15.82:6789/0] conn(0x7f5248108bf0 0x7f524819b380 unknown :-1 s=CLOSED pgs=50 cs=0 l=1 rev1=1 crypto rx=0 tx=0 comp rx=0 tx=0).stop
2024-03-11T19:30:38.838 INFO:teuthology.orchestra.run.smithi082.stdout:/usr/bin/ceph: stderr
2024-03-11T19:30:38.103+0000 7f524f000700 1 -- 172.21.15.82:0/394825285 >> 172.21.15.82:0/394825285 conn(0x7f5248102ba0 msgr2=0x7f5248103690 unknown :-1 s=STATE_NONE l=0).mark_down
2024-03-11T19:30:38.838 INFO:teuthology.orchestra.run.smithi082.stdout:/usr/bin/ceph: stderr
2024-03-11T19:30:38.103+0000 7f524f000700 1 -- 172.21.15.82:0/394825285 shutdown_connections
2024-03-11T19:30:38.838 INFO:teuthology.orchestra.run.smithi082.stdout:/usr/bin/ceph: stderr
2024-03-11T19:30:38.103+0000 7f524f000700 1 -- 172.21.15.82:0/394825285 wait complete.
2024-03-11T19:30:39.436 INFO:journalctl@ceph.mon.a.smithi082.stdout:Mar 11 19:30:39 smithi082 ceph-mon[31882]: from='client.14144 -' entity='client.admin' cmd=[{"prefix": "orch apply", "service_type": "mgr", "unmanaged": true, "target": ["mon-mgr", ""]}]: dispatch
2024-03-11T19:30:39.436 INFO:journalctl@ceph.mon.a.smithi082.stdout:Mar 11 19:30:39 smithi082 ceph-mon[31882]: Saving service mgr spec with placement count:2
2024-03-11T19:30:39.436 INFO:journalctl@ceph.mon.a.smithi082.stdout:Mar 11 19:30:39 smithi082 ceph-mon[31882]: pgmap v3: 0 pgs: ; 0 B data, 0 B used, 0 B / 0 B avail
2024-03-11T19:30:40.936 INFO:journalctl@ceph.mon.a.smithi082.stdout:Mar 11 19:30:40 smithi082 ceph-mon[31882]: from='client.? 172.21.15.82:0/205872291' entity='client.admin'
2024-03-11T19:30:40.937 INFO:journalctl@ceph.mon.a.smithi082.stdout:Mar 11 19:30:40 smithi082 ceph-mon[31882]: pgmap v4: 0 pgs: ; 0 B data, 0 B used, 0 B / 0 B avail
2024-03-11T19:30:41.044 INFO:teuthology.orchestra.run.smithi082.stdout:/usr/bin/ceph: stderr
2024-03-11T19:30:39.452+0000 7f9a8aa00700 1 Processor -- start
2024-03-11T19:30:41.044 INFO:teuthology.orchestra.run.smithi082.stdout:/usr/bin/ceph: stderr
2024-03-11T19:30:39.452+0000 7f9a8aa00700 1 -- start start
2024-03-11T19:30:41.044 INFO:teuthology.orchestra.run.smithi082.stdout:/usr/bin/ceph: stderr
2024-03-11T19:30:39.453+0000 7f9a8aa00700 1 --2- >> [v2:172.21.15.82:3300/0,v1:172.21.15.82:6789/0] conn(0x7f9a8407cdc0 0x7f9a8407b2c0 unknown :-1 s=NONE pgs=0 cs=0 l=0 rev1=0 crypto rx=0 tx=0 comp rx=0 tx=0).connect
2024-03-11T19:30:41.044 INFO:teuthology.orchestra.run.smithi082.stdout:/usr/bin/ceph: stderr
2024-03-11T19:30:39.453+0000 7f9a8aa00700 1 -- --> [v2:172.21.15.82:3300/0,v1:172.21.15.82:6789/0] -- mon_getmap magic: 0 v1 -- 0x7f9a8407b800 con 0x7f9a8407cdc0
2024-03-11T19:30:41.044 INFO:teuthology.orchestra.run.smithi082.stdout:/usr/bin/ceph: stderr
2024-03-11T19:30:39.453+0000 7f9a89600700 1 --2- >> [v2:172.21.15.82:3300/0,v1:172.21.15.82:6789/0] conn(0x7f9a8407cdc0 0x7f9a8407b2c0 unknown :-1 s=BANNER_CONNECTING pgs=0 cs=0 l=0 rev1=0 crypto rx=0 tx=0 comp rx=0 tx=0)._handle_peer_banner_payload supported=3 required=0
2024-03-11T19:30:41.044 INFO:teuthology.orchestra.run.smithi082.stdout:/usr/bin/ceph: stderr
2024-03-11T19:30:39.453+0000 7f9a89600700 1 --2- >> [v2:172.21.15.82:3300/0,v1:172.21.15.82:6789/0] conn(0x7f9a8407cdc0 0x7f9a8407b2c0 unknown :-1 s=HELLO_CONNECTING pgs=0 cs=0 l=0 rev1=1 crypto rx=0 tx=0 comp rx=0 tx=0).handle_hello peer v2:172.21.15.82:3300/0 says I am v2:172.21.15.82:42214/0 (socket says 172.21.15.82:42214)
2024-03-11T19:30:41.044 INFO:teuthology.orchestra.run.smithi082.stdout:/usr/bin/ceph: stderr
2024-03-11T19:30:39.453+0000 7f9a89600700 1 -- 172.21.15.82:0/1959802812 learned_addr learned my addr 172.21.15.82:0/1959802812 (peer_addr_for_me v2:172.21.15.82:0/0)
2024-03-11T19:30:41.044 INFO:teuthology.orchestra.run.smithi082.stdout:/usr/bin/ceph: stderr
2024-03-11T19:30:39.454+0000 7f9a89600700 1 -- 172.21.15.82:0/1959802812 --> [v2:172.21.15.82:3300/0,v1:172.21.15.82:6789/0] -- mon_subscribe({config=0+,monmap=0+}) v3 -- 0x7f9a8407b940 con 0x7f9a8407cdc0
2024-03-11T19:30:41.044 INFO:teuthology.orchestra.run.smithi082.stdout:/usr/bin/ceph: stderr
2024-03-11T19:30:39.454+0000 7f9a89600700 1 --2- 172.21.15.82:0/1959802812 >> [v2:172.21.15.82:3300/0,v1:172.21.15.82:6789/0] conn(0x7f9a8407cdc0 0x7f9a8407b2c0 secure :-1 s=READY pgs=51 cs=0 l=1 rev1=1 crypto rx=0x7f9a780098a0 tx=0x7f9a78009bb0 comp rx=0 tx=0).ready entity=mon.0 client_cookie=b9645a03f114dc83 server_cookie=0 in_seq=0 out_seq=0
2024-03-11T19:30:41.044 INFO:teuthology.orchestra.run.smithi082.stdout:/usr/bin/ceph: stderr
2024-03-11T19:30:39.454+0000 7f9a83e00700 1 -- 172.21.15.82:0/1959802812 <== mon.0 v2:172.21.15.82:3300/0 1 ==== mon_map magic: 0 v1 ==== 205+0+0 (secure 0 0 0) 0x7f9a78004160 con 0x7f9a8407cdc0
2024-03-11T19:30:41.044 INFO:teuthology.orchestra.run.smithi082.stdout:/usr/bin/ceph: stderr
2024-03-11T19:30:39.454+0000 7f9a83e00700 1 -- 172.21.15.82:0/1959802812 <== mon.0 v2:172.21.15.82:3300/0 2 ==== config(27 keys) v1 ==== 1140+0+0 (secure 0 0 0) 0x7f9a780042c0 con 0x7f9a8407cdc0
2024-03-11T19:30:41.044 INFO:teuthology.orchestra.run.smithi082.stdout:/usr/bin/ceph: stderr
2024-03-11T19:30:39.454+0000 7f9a83e00700 1 -- 172.21.15.82:0/1959802812 <== mon.0 v2:172.21.15.82:3300/0 3 ==== mon_map magic: 0 v1 ==== 205+0+0 (secure 0 0 0) 0x7f9a78011a80 con 0x7f9a8407cdc0
2024-03-11T19:30:41.045 INFO:teuthology.orchestra.run.smithi082.stdout:/usr/bin/ceph: stderr
2024-03-11T19:30:39.455+0000 7f9a8aa00700 1 -- 172.21.15.82:0/1959802812 >> [v2:172.21.15.82:3300/0,v1:172.21.15.82:6789/0] conn(0x7f9a8407cdc0 msgr2=0x7f9a8407b2c0 secure :-1 s=STATE_CONNECTION_ESTABLISHED l=1).mark_down
2024-03-11T19:30:41.045 INFO:teuthology.orchestra.run.smithi082.stdout:/usr/bin/ceph: stderr
2024-03-11T19:30:39.455+0000 7f9a8aa00700 1 --2- 172.21.15.82:0/1959802812 >> [v2:172.21.15.82:3300/0,v1:172.21.15.82:6789/0] conn(0x7f9a8407cdc0 0x7f9a8407b2c0 secure :-1 s=READY pgs=51 cs=0 l=1 rev1=1 crypto rx=0x7f9a780098a0 tx=0x7f9a78009bb0 comp rx=0 tx=0).stop
2024-03-11T19:30:41.045 INFO:teuthology.orchestra.run.smithi082.stdout:/usr/bin/ceph: stderr
2024-03-11T19:30:39.455+0000 7f9a8aa00700 1 -- 172.21.15.82:0/1959802812 shutdown_connections
2024-03-11T19:30:41.045 INFO:teuthology.orchestra.run.smithi082.stdout:/usr/bin/ceph: stderr
2024-03-11T19:30:39.455+0000 7f9a8aa00700 1 --2- 172.21.15.82:0/1959802812 >> [v2:172.21.15.82:3300/0,v1:172.21.15.82:6789/0] conn(0x7f9a8407cdc0 0x7f9a8407b2c0 unknown :-1 s=CLOSED pgs=51 cs=0 l=1 rev1=1 crypto rx=0 tx=0 comp rx=0 tx=0).stop
2024-03-11T19:30:41.045 INFO:teuthology.orchestra.run.smithi082.stdout:/usr/bin/ceph: stderr
2024-03-11T19:30:39.455+0000 7f9a8aa00700 1 -- 172.21.15.82:0/1959802812 >> 172.21.15.82:0/1959802812 conn(0x7f9a84102a50 msgr2=0x7f9a84104e70 unknown :-1 s=STATE_NONE l=0).mark_down
2024-03-11T19:30:41.045 INFO:teuthology.orchestra.run.smithi082.stdout:/usr/bin/ceph: stderr
2024-03-11T19:30:39.455+0000 7f9a8aa00700 1 -- 172.21.15.82:0/1959802812 shutdown_connections
2024-03-11T19:30:41.045 INFO:teuthology.orchestra.run.smithi082.stdout:/usr/bin/ceph: stderr
2024-03-11T19:30:39.456+0000 7f9a8aa00700 1 -- 172.21.15.82:0/1959802812 wait complete.
2024-03-11T19:30:41.045 INFO:teuthology.orchestra.run.smithi082.stdout:/usr/bin/ceph: stderr
2024-03-11T19:30:39.457+0000 7f9a8aa00700 1 Processor -- start
2024-03-11T19:30:41.045 INFO:teuthology.orchestra.run.smithi082.stdout:/usr/bin/ceph: stderr
2024-03-11T19:30:39.457+0000 7f9a8aa00700 1 -- start start
2024-03-11T19:30:41.045 INFO:teuthology.orchestra.run.smithi082.stdout:/usr/bin/ceph: stderr
2024-03-11T19:30:39.457+0000 7f9a8aa00700 1 --2- >> [v2:172.21.15.82:3300/0,v1:172.21.15.82:6789/0] conn(0x7f9a8407cdc0 0x7f9a8419d2c0 unknown :-1 s=NONE pgs=0 cs=0 l=1 rev1=0 crypto rx=0 tx=0 comp rx=0 tx=0).connect
2024-03-11T19:30:41.045 INFO:teuthology.orchestra.run.smithi082.stdout:/usr/bin/ceph: stderr
2024-03-11T19:30:39.457+0000 7f9a8aa00700 1 -- --> [v2:172.21.15.82:3300/0,v1:172.21.15.82:6789/0] -- mon_getmap magic: 0 v1 -- 0x7f9a8419d800 con 0x7f9a8407cdc0
2024-03-11T19:30:41.045 INFO:teuthology.orchestra.run.smithi082.stdout:/usr/bin/ceph: stderr
2024-03-11T19:30:39.457+0000 7f9a89600700 1 --2- >> [v2:172.21.15.82:3300/0,v1:172.21.15.82:6789/0] conn(0x7f9a8407cdc0 0x7f9a8419d2c0 unknown :-1 s=BANNER_CONNECTING pgs=0 cs=0 l=1 rev1=0 crypto rx=0 tx=0 comp rx=0 tx=0)._handle_peer_banner_payload supported=3 required=0
2024-03-11T19:30:41.045 INFO:teuthology.orchestra.run.smithi082.stdout:/usr/bin/ceph: stderr
2024-03-11T19:30:39.457+0000 7f9a89600700 1 --2- >> [v2:172.21.15.82:3300/0,v1:172.21.15.82:6789/0] conn(0x7f9a8407cdc0 0x7f9a8419d2c0 unknown :-1 s=HELLO_CONNECTING pgs=0 cs=0 l=1 rev1=1 crypto rx=0 tx=0 comp rx=0 tx=0).handle_hello peer v2:172.21.15.82:3300/0 says I am v2:172.21.15.82:42216/0 (socket says 172.21.15.82:42216)
2024-03-11T19:30:41.045 INFO:teuthology.orchestra.run.smithi082.stdout:/usr/bin/ceph: stderr
2024-03-11T19:30:39.457+0000 7f9a89600700 1 -- 172.21.15.82:0/205872291 learned_addr learned my addr 172.21.15.82:0/205872291 (peer_addr_for_me v2:172.21.15.82:0/0)
2024-03-11T19:30:41.045 INFO:teuthology.orchestra.run.smithi082.stdout:/usr/bin/ceph: stderr
2024-03-11T19:30:39.458+0000 7f9a89600700 1 -- 172.21.15.82:0/205872291 --> [v2:172.21.15.82:3300/0,v1:172.21.15.82:6789/0] -- mon_subscribe({config=0+,monmap=0+}) v3 -- 0x7f9a78009550 con 0x7f9a8407cdc0
2024-03-11T19:30:41.046 INFO:teuthology.orchestra.run.smithi082.stdout:/usr/bin/ceph: stderr
2024-03-11T19:30:39.458+0000 7f9a89600700 1 --2- 172.21.15.82:0/205872291 >> [v2:172.21.15.82:3300/0,v1:172.21.15.82:6789/0] conn(0x7f9a8407cdc0 0x7f9a8419d2c0 secure :-1 s=READY pgs=52 cs=0 l=1 rev1=1 crypto rx=0x7f9a78009130 tx=0x7f9a78011b00 comp rx=0 tx=0).ready entity=mon.0 client_cookie=0 server_cookie=0 in_seq=0 out_seq=0
2024-03-11T19:30:41.046 INFO:teuthology.orchestra.run.smithi082.stdout:/usr/bin/ceph: stderr
2024-03-11T19:30:39.458+0000 7f9a82000700 1 -- 172.21.15.82:0/205872291 <== mon.0 v2:172.21.15.82:3300/0 1 ==== mon_map magic: 0 v1 ==== 205+0+0 (secure 0 0 0) 0x7f9a78003aa0 con 0x7f9a8407cdc0
2024-03-11T19:30:41.046 INFO:teuthology.orchestra.run.smithi082.stdout:/usr/bin/ceph: stderr
2024-03-11T19:30:39.458+0000 7f9a82000700 1 -- 172.21.15.82:0/205872291 <== mon.0 v2:172.21.15.82:3300/0 2 ==== config(27 keys) v1 ==== 1140+0+0 (secure 0 0 0) 0x7f9a78003c00 con 0x7f9a8407cdc0
2024-03-11T19:30:41.046 INFO:teuthology.orchestra.run.smithi082.stdout:/usr/bin/ceph: stderr
2024-03-11T19:30:39.458+0000 7f9a8aa00700 1 -- 172.21.15.82:0/205872291 --> [v2:172.21.15.82:3300/0,v1:172.21.15.82:6789/0] -- mon_subscribe({mgrmap=0+}) v3 -- 0x7f9a8419da00 con 0x7f9a8407cdc0
2024-03-11T19:30:41.046 INFO:teuthology.orchestra.run.smithi082.stdout:/usr/bin/ceph: stderr
2024-03-11T19:30:39.458+0000 7f9a82000700 1 -- 172.21.15.82:0/205872291 <== mon.0 v2:172.21.15.82:3300/0 3 ==== mon_map magic: 0 v1 ==== 205+0+0 (secure 0 0 0) 0x7f9a780248a0 con 0x7f9a8407cdc0
2024-03-11T19:30:41.046 INFO:teuthology.orchestra.run.smithi082.stdout:/usr/bin/ceph: stderr
2024-03-11T19:30:39.459+0000 7f9a8aa00700 1 -- 172.21.15.82:0/205872291 --> [v2:172.21.15.82:3300/0,v1:172.21.15.82:6789/0] -- mon_subscribe({osdmap=0}) v3 -- 0x7f9a8419dea0 con 0x7f9a8407cdc0
2024-03-11T19:30:41.046 INFO:teuthology.orchestra.run.smithi082.stdout:/usr/bin/ceph: stderr
2024-03-11T19:30:39.460+0000 7f9a8aa00700 1 -- 172.21.15.82:0/205872291 --> [v2:172.21.15.82:3300/0,v1:172.21.15.82:6789/0] -- mon_command({"prefix": "get_command_descriptions"} v 0) v1 -- 0x7f9a8410d770 con 0x7f9a8407cdc0
2024-03-11T19:30:41.046 INFO:teuthology.orchestra.run.smithi082.stdout:/usr/bin/ceph: stderr
2024-03-11T19:30:39.460+0000 7f9a82000700 1 -- 172.21.15.82:0/205872291 <== mon.0 v2:172.21.15.82:3300/0 4 ==== mgrmap(e 8) v1 ==== 45769+0+0 (secure 0 0 0) 0x7f9a7801ac10 con 0x7f9a8407cdc0
2024-03-11T19:30:41.046 INFO:teuthology.orchestra.run.smithi082.stdout:/usr/bin/ceph: stderr
2024-03-11T19:30:39.461+0000 7f9a82000700 1 --2- 172.21.15.82:0/205872291 >> [v2:172.21.15.82:6800/944385046,v1:172.21.15.82:6801/944385046] conn(0x7f9a6c038cb0 0x7f9a6c03b170 unknown :-1 s=NONE pgs=0 cs=0 l=1 rev1=0 crypto rx=0 tx=0 comp rx=0 tx=0).connect
2024-03-11T19:30:41.046 INFO:teuthology.orchestra.run.smithi082.stdout:/usr/bin/ceph: stderr
2024-03-11T19:30:39.461+0000 7f9a82000700 1 -- 172.21.15.82:0/205872291 <== mon.0 v2:172.21.15.82:3300/0 5 ==== osd_map(2..2 src has 1..2) v4 ==== 940+0+0 (secure 0 0 0) 0x7f9a7804ce70 con 0x7f9a8407cdc0
2024-03-11T19:30:41.046 INFO:teuthology.orchestra.run.smithi082.stdout:/usr/bin/ceph: stderr
2024-03-11T19:30:39.461+0000 7f9a88c00700 1 --2- 172.21.15.82:0/205872291 >> [v2:172.21.15.82:6800/944385046,v1:172.21.15.82:6801/944385046] conn(0x7f9a6c038cb0 0x7f9a6c03b170 unknown :-1 s=BANNER_CONNECTING pgs=0 cs=0 l=1 rev1=0 crypto rx=0 tx=0 comp rx=0 tx=0)._handle_peer_banner_payload supported=3 required=0
2024-03-11T19:30:41.046 INFO:teuthology.orchestra.run.smithi082.stdout:/usr/bin/ceph: stderr
2024-03-11T19:30:39.462+0000 7f9a88c00700 1 --2- 172.21.15.82:0/205872291 >> [v2:172.21.15.82:6800/944385046,v1:172.21.15.82:6801/944385046] conn(0x7f9a6c038cb0 0x7f9a6c03b170 secure :-1 s=READY pgs=14 cs=0 l=1 rev1=1 crypto rx=0x7f9a70006fd0 tx=0x7f9a70006e40 comp rx=0 tx=0).ready entity=mgr.14120 client_cookie=0 server_cookie=0 in_seq=0 out_seq=0
2024-03-11T19:30:41.046 INFO:teuthology.orchestra.run.smithi082.stdout:/usr/bin/ceph: stderr
2024-03-11T19:30:39.466+0000 7f9a82000700 1 -- 172.21.15.82:0/205872291 <== mon.0 v2:172.21.15.82:3300/0 6 ==== mon_command_ack([{"prefix": "get_command_descriptions"}]=0 v0) v1 ==== 72+0+183564 (secure 0 0 0) 0x7f9a78024a60 con 0x7f9a8407cdc0
2024-03-11T19:30:41.047 INFO:teuthology.orchestra.run.smithi082.stdout:/usr/bin/ceph: stderr
2024-03-11T19:30:39.696+0000 7f9a8aa00700 1 -- 172.21.15.82:0/205872291 --> [v2:172.21.15.82:3300/0,v1:172.21.15.82:6789/0] -- mon_command([{prefix=config set, name=mgr/cephadm/container_init}] v 0) v1 -- 0x7f9a841a07e0 con 0x7f9a8407cdc0
2024-03-11T19:30:41.047 INFO:teuthology.orchestra.run.smithi082.stdout:/usr/bin/ceph: stderr
2024-03-11T19:30:39.702+0000 7f9a82000700 1 -- 172.21.15.82:0/205872291 <== mon.0 v2:172.21.15.82:3300/0 7 ==== mon_command_ack([{prefix=config set, name=mgr/cephadm/container_init}]=0 v7)=0 v7) v1 ==== 142+0+0 (secure 0 0 0) 0x7f9a78018350 con 0x7f9a8407cdc0
2024-03-11T19:30:41.047 INFO:teuthology.orchestra.run.smithi082.stdout:/usr/bin/ceph: stderr
2024-03-11T19:30:39.706+0000 7f9a8aa00700 1 -- 172.21.15.82:0/205872291 >> [v2:172.21.15.82:6800/944385046,v1:172.21.15.82:6801/944385046] conn(0x7f9a6c038cb0 msgr2=0x7f9a6c03b170 secure :-1 s=STATE_CONNECTION_ESTABLISHED l=1).mark_down
2024-03-11T19:30:41.047 INFO:teuthology.orchestra.run.smithi082.stdout:/usr/bin/ceph: stderr
2024-03-11T19:30:39.706+0000 7f9a8aa00700 1 --2- 172.21.15.82:0/205872291 >> [v2:172.21.15.82:6800/944385046,v1:172.21.15.82:6801/944385046] conn(0x7f9a6c038cb0 0x7f9a6c03b170 secure :-1 s=READY pgs=14 cs=0 l=1 rev1=1 crypto rx=0x7f9a70006fd0 tx=0x7f9a70006e40 comp rx=0 tx=0).stop
2024-03-11T19:30:41.047 INFO:teuthology.orchestra.run.smithi082.stdout:/usr/bin/ceph: stderr
2024-03-11T19:30:39.706+0000 7f9a8aa00700 1 -- 172.21.15.82:0/205872291 >> [v2:172.21.15.82:3300/0,v1:172.21.15.82:6789/0] conn(0x7f9a8407cdc0 msgr2=0x7f9a8419d2c0 secure :-1 s=STATE_CONNECTION_ESTABLISHED l=1).mark_down
2024-03-11T19:30:41.047 INFO:teuthology.orchestra.run.smithi082.stdout:/usr/bin/ceph: stderr
2024-03-11T19:30:39.706+0000 7f9a8aa00700 1 --2- 172.21.15.82:0/205872291 >> [v2:172.21.15.82:3300/0,v1:172.21.15.82:6789/0] conn(0x7f9a8407cdc0 0x7f9a8419d2c0 secure :-1 s=READY pgs=52 cs=0 l=1 rev1=1 crypto rx=0x7f9a78009130 tx=0x7f9a78011b00 comp rx=0 tx=0).stop
2024-03-11T19:30:41.047 INFO:teuthology.orchestra.run.smithi082.stdout:/usr/bin/ceph: stderr
2024-03-11T19:30:39.706+0000 7f9a8aa00700 1 -- 172.21.15.82:0/205872291 shutdown_connections
2024-03-11T19:30:41.047 INFO:teuthology.orchestra.run.smithi082.stdout:/usr/bin/ceph: stderr
2024-03-11T19:30:39.706+0000 7f9a8aa00700 1 --2- 172.21.15.82:0/205872291 >> [v2:172.21.15.82:6800/944385046,v1:172.21.15.82:6801/944385046] conn(0x7f9a6c038cb0 0x7f9a6c03b170 unknown :-1 s=CLOSED pgs=14 cs=0 l=1 rev1=1 crypto rx=0 tx=0 comp rx=0 tx=0).stop
2024-03-11T19:30:41.047 INFO:teuthology.orchestra.run.smithi082.stdout:/usr/bin/ceph: stderr
2024-03-11T19:30:39.706+0000 7f9a8aa00700 1 --2- 172.21.15.82:0/205872291 >> [v2:172.21.15.82:3300/0,v1:172.21.15.82:6789/0] conn(0x7f9a8407cdc0 0x7f9a8419d2c0 unknown :-1 s=CLOSED pgs=52 cs=0 l=1 rev1=1 crypto rx=0 tx=0 comp rx=0 tx=0).stop
2024-03-11T19:30:41.047 INFO:teuthology.orchestra.run.smithi082.stdout:/usr/bin/ceph: stderr
2024-03-11T19:30:39.706+0000 7f9a8aa00700 1 -- 172.21.15.82:0/205872291 >> 172.21.15.82:0/205872291 conn(0x7f9a84102a50 msgr2=0x7f9a84103500 unknown :-1 s=STATE_NONE l=0).mark_down
2024-03-11T19:30:41.047 INFO:teuthology.orchestra.run.smithi082.stdout:/usr/bin/ceph: stderr
2024-03-11T19:30:39.706+0000 7f9a8aa00700 1 -- 172.21.15.82:0/205872291 shutdown_connections
2024-03-11T19:30:41.047 INFO:teuthology.orchestra.run.smithi082.stdout:/usr/bin/ceph: stderr
2024-03-11T19:30:39.706+0000 7f9a8aa00700 1 -- 172.21.15.82:0/205872291 wait complete.
2024-03-11T19:30:42.436 INFO:journalctl@ceph.mon.a.smithi082.stdout:Mar 11 19:30:42 smithi082 ceph-mon[31882]: from='mgr.14120 172.21.15.82:0/1171028807' entity='mgr.x'
2024-03-11T19:30:42.437 INFO:journalctl@ceph.mon.a.smithi082.stdout:Mar 11 19:30:42 smithi082 ceph-mon[31882]: from='client.? 172.21.15.82:0/3377387101' entity='client.admin'
2024-03-11T19:30:42.609 INFO:teuthology.orchestra.run.smithi082.stdout:/usr/bin/ceph: stderr
2024-03-11T19:30:41.633+0000 7f37fa200700 1 Processor -- start
2024-03-11T19:30:42.609 INFO:teuthology.orchestra.run.smithi082.stdout:/usr/bin/ceph: stderr
2024-03-11T19:30:41.633+0000 7f37fa200700 1 -- start start
2024-03-11T19:30:42.609 INFO:teuthology.orchestra.run.smithi082.stdout:/usr/bin/ceph: stderr
2024-03-11T19:30:41.634+0000 7f37fa200700 1 --2- >> [v2:172.21.15.82:3300/0,v1:172.21.15.82:6789/0] conn(0x7f37f4108bf0 0x7f37f4109010 unknown :-1 s=NONE pgs=0 cs=0 l=0 rev1=0 crypto rx=0 tx=0 comp rx=0 tx=0).connect
2024-03-11T19:30:42.610 INFO:teuthology.orchestra.run.smithi082.stdout:/usr/bin/ceph: stderr
2024-03-11T19:30:41.634+0000 7f37fa200700 1 -- --> [v2:172.21.15.82:3300/0,v1:172.21.15.82:6789/0] -- mon_getmap magic: 0 v1 -- 0x7f37f41095e0 con 0x7f37f4108bf0
2024-03-11T19:30:42.610 INFO:teuthology.orchestra.run.smithi082.stdout:/usr/bin/ceph: stderr
2024-03-11T19:30:41.634+0000 7f37f3400700 1 --2- >> [v2:172.21.15.82:3300/0,v1:172.21.15.82:6789/0] conn(0x7f37f4108bf0 0x7f37f4109010 unknown :-1 s=BANNER_CONNECTING pgs=0 cs=0 l=0 rev1=0 crypto rx=0 tx=0 comp rx=0 tx=0)._handle_peer_banner_payload supported=3 required=0
2024-03-11T19:30:42.610 INFO:teuthology.orchestra.run.smithi082.stdout:/usr/bin/ceph: stderr
2024-03-11T19:30:41.634+0000 7f37f3400700 1 --2- >> [v2:172.21.15.82:3300/0,v1:172.21.15.82:6789/0] conn(0x7f37f4108bf0 0x7f37f4109010 unknown :-1 s=HELLO_CONNECTING pgs=0 cs=0 l=0 rev1=1 crypto rx=0 tx=0 comp rx=0 tx=0).handle_hello peer v2:172.21.15.82:3300/0 says I am v2:172.21.15.82:42232/0 (socket says 172.21.15.82:42232)
2024-03-11T19:30:42.610 INFO:teuthology.orchestra.run.smithi082.stdout:/usr/bin/ceph: stderr
2024-03-11T19:30:41.634+0000 7f37f3400700 1 -- 172.21.15.82:0/50742058 learned_addr learned my addr 172.21.15.82:0/50742058 (peer_addr_for_me v2:172.21.15.82:0/0)
2024-03-11T19:30:42.610 INFO:teuthology.orchestra.run.smithi082.stdout:/usr/bin/ceph: stderr
2024-03-11T19:30:41.635+0000 7f37f3400700 1 -- 172.21.15.82:0/50742058 --> [v2:172.21.15.82:3300/0,v1:172.21.15.82:6789/0] -- mon_subscribe({config=0+,monmap=0+}) v3 -- 0x7f37f4107180 con 0x7f37f4108bf0
2024-03-11T19:30:42.610 INFO:teuthology.orchestra.run.smithi082.stdout:/usr/bin/ceph: stderr
2024-03-11T19:30:41.635+0000 7f37f3400700 1 --2- 172.21.15.82:0/50742058 >> [v2:172.21.15.82:3300/0,v1:172.21.15.82:6789/0] conn(0x7f37f4108bf0 0x7f37f4109010 secure :-1 s=READY pgs=53 cs=0 l=1 rev1=1 crypto rx=0x7f37e40098a0 tx=0x7f37e4009bb0 comp rx=0 tx=0).ready entity=mon.0 client_cookie=c8b82024bdaf566d server_cookie=0 in_seq=0 out_seq=0
2024-03-11T19:30:42.610 INFO:teuthology.orchestra.run.smithi082.stdout:/usr/bin/ceph: stderr
2024-03-11T19:30:41.636+0000 7f37f2000700 1 -- 172.21.15.82:0/50742058 <== mon.0 v2:172.21.15.82:3300/0 1 ==== mon_map magic: 0 v1 ==== 205+0+0 (secure 0 0 0) 0x7f37e4004160 con 0x7f37f4108bf0
2024-03-11T19:30:42.610 INFO:teuthology.orchestra.run.smithi082.stdout:/usr/bin/ceph: stderr
2024-03-11T19:30:41.636+0000 7f37f2000700 1 -- 172.21.15.82:0/50742058 <== mon.0 v2:172.21.15.82:3300/0 2 ==== config(27 keys) v1 ==== 1140+0+0 (secure 0 0 0) 0x7f37e40042c0 con 0x7f37f4108bf0
2024-03-11T19:30:42.610 INFO:teuthology.orchestra.run.smithi082.stdout:/usr/bin/ceph: stderr
2024-03-11T19:30:41.636+0000 7f37f2000700 1 -- 172.21.15.82:0/50742058 <== mon.0 v2:172.21.15.82:3300/0 3 ==== mon_map magic: 0 v1 ==== 205+0+0 (secure 0 0 0) 0x7f37e4011a80 con 0x7f37f4108bf0
2024-03-11T19:30:42.610 INFO:teuthology.orchestra.run.smithi082.stdout:/usr/bin/ceph: stderr
2024-03-11T19:30:41.636+0000 7f37fa200700 1 -- 172.21.15.82:0/50742058 >> [v2:172.21.15.82:3300/0,v1:172.21.15.82:6789/0] conn(0x7f37f4108bf0 msgr2=0x7f37f4109010 secure :-1 s=STATE_CONNECTION_ESTABLISHED l=1).mark_down
2024-03-11T19:30:42.610 INFO:teuthology.orchestra.run.smithi082.stdout:/usr/bin/ceph: stderr
2024-03-11T19:30:41.636+0000 7f37fa200700 1 --2- 172.21.15.82:0/50742058 >> [v2:172.21.15.82:3300/0,v1:172.21.15.82:6789/0] conn(0x7f37f4108bf0 0x7f37f4109010 secure :-1 s=READY pgs=53 cs=0 l=1 rev1=1 crypto rx=0x7f37e40098a0 tx=0x7f37e4009bb0 comp rx=0 tx=0).stop
2024-03-11T19:30:42.610 INFO:teuthology.orchestra.run.smithi082.stdout:/usr/bin/ceph: stderr
2024-03-11T19:30:41.637+0000 7f37fa200700 1 -- 172.21.15.82:0/50742058 shutdown_connections
2024-03-11T19:30:42.611 INFO:teuthology.orchestra.run.smithi082.stdout:/usr/bin/ceph: stderr
2024-03-11T19:30:41.637+0000 7f37fa200700 1 --2- 172.21.15.82:0/50742058 >> [v2:172.21.15.82:3300/0,v1:172.21.15.82:6789/0] conn(0x7f37f4108bf0 0x7f37f4109010 unknown :-1 s=CLOSED pgs=53 cs=0 l=1 rev1=1 crypto rx=0 tx=0 comp rx=0 tx=0).stop
2024-03-11T19:30:42.611 INFO:teuthology.orchestra.run.smithi082.stdout:/usr/bin/ceph: stderr
2024-03-11T19:30:41.637+0000 7f37fa200700 1 -- 172.21.15.82:0/50742058 >> 172.21.15.82:0/50742058 conn(0x7f37f4102ba0 msgr2=0x7f37f4104fc0 unknown :-1 s=STATE_NONE l=0).mark_down
2024-03-11T19:30:42.611 INFO:teuthology.orchestra.run.smithi082.stdout:/usr/bin/ceph: stderr
2024-03-11T19:30:41.637+0000 7f37fa200700 1 -- 172.21.15.82:0/50742058 shutdown_connections
2024-03-11T19:30:42.611 INFO:teuthology.orchestra.run.smithi082.stdout:/usr/bin/ceph: stderr
2024-03-11T19:30:41.637+0000 7f37fa200700 1 -- 172.21.15.82:0/50742058 wait complete.
2024-03-11T19:30:42.611 INFO:teuthology.orchestra.run.smithi082.stdout:/usr/bin/ceph: stderr
2024-03-11T19:30:41.638+0000 7f37fa200700 1 Processor -- start
2024-03-11T19:30:42.611 INFO:teuthology.orchestra.run.smithi082.stdout:/usr/bin/ceph: stderr
2024-03-11T19:30:41.638+0000 7f37fa200700 1 -- start start
2024-03-11T19:30:42.611 INFO:teuthology.orchestra.run.smithi082.stdout:/usr/bin/ceph: stderr
2024-03-11T19:30:41.638+0000 7f37fa200700 1 --2- >> [v2:172.21.15.82:3300/0,v1:172.21.15.82:6789/0] conn(0x7f37f4108bf0 0x7f37f419b380 unknown :-1 s=NONE pgs=0 cs=0 l=1 rev1=0 crypto rx=0 tx=0 comp rx=0 tx=0).connect
2024-03-11T19:30:42.611 INFO:teuthology.orchestra.run.smithi082.stdout:/usr/bin/ceph: stderr
2024-03-11T19:30:41.638+0000 7f37fa200700 1 -- --> [v2:172.21.15.82:3300/0,v1:172.21.15.82:6789/0] -- mon_getmap magic: 0 v1 -- 0x7f37f419b8c0 con 0x7f37f4108bf0
2024-03-11T19:30:42.611 INFO:teuthology.orchestra.run.smithi082.stdout:/usr/bin/ceph: stderr
2024-03-11T19:30:41.638+0000 7f37f3400700 1 --2- >> [v2:172.21.15.82:3300/0,v1:172.21.15.82:6789/0] conn(0x7f37f4108bf0 0x7f37f419b380 unknown :-1 s=BANNER_CONNECTING pgs=0 cs=0 l=1 rev1=0 crypto rx=0 tx=0 comp rx=0 tx=0)._handle_peer_banner_payload supported=3 required=0
2024-03-11T19:30:42.611 INFO:teuthology.orchestra.run.smithi082.stdout:/usr/bin/ceph: stderr
2024-03-11T19:30:41.638+0000 7f37f3400700 1 --2- >> [v2:172.21.15.82:3300/0,v1:172.21.15.82:6789/0] conn(0x7f37f4108bf0 0x7f37f419b380 unknown :-1 s=HELLO_CONNECTING pgs=0 cs=0 l=1 rev1=1 crypto rx=0 tx=0 comp rx=0 tx=0).handle_hello peer v2:172.21.15.82:3300/0 says I am v2:172.21.15.82:42240/0 (socket says 172.21.15.82:42240)
2024-03-11T19:30:42.611 INFO:teuthology.orchestra.run.smithi082.stdout:/usr/bin/ceph: stderr
2024-03-11T19:30:41.638+0000 7f37f3400700 1 -- 172.21.15.82:0/3377387101 learned_addr learned my addr 172.21.15.82:0/3377387101 (peer_addr_for_me v2:172.21.15.82:0/0)
2024-03-11T19:30:42.611 INFO:teuthology.orchestra.run.smithi082.stdout:/usr/bin/ceph: stderr
2024-03-11T19:30:41.639+0000 7f37f3400700 1 -- 172.21.15.82:0/3377387101 --> [v2:172.21.15.82:3300/0,v1:172.21.15.82:6789/0] -- mon_subscribe({config=0+,monmap=0+}) v3 -- 0x7f37e4009550 con 0x7f37f4108bf0
2024-03-11T19:30:42.611 INFO:teuthology.orchestra.run.smithi082.stdout:/usr/bin/ceph: stderr
2024-03-11T19:30:41.639+0000 7f37f3400700 1 --2- 172.21.15.82:0/3377387101 >> [v2:172.21.15.82:3300/0,v1:172.21.15.82:6789/0] conn(0x7f37f4108bf0 0x7f37f419b380 secure :-1 s=READY pgs=54 cs=0 l=1 rev1=1 crypto rx=0x7f37e4011740 tx=0x7f37e4011b00 comp rx=0 tx=0).ready entity=mon.0 client_cookie=0 server_cookie=0 in_seq=0 out_seq=0
2024-03-11T19:30:42.611 INFO:teuthology.orchestra.run.smithi082.stdout:/usr/bin/ceph: stderr
2024-03-11T19:30:41.639+0000 7f37ebe00700 1 -- 172.21.15.82:0/3377387101 <== mon.0 v2:172.21.15.82:3300/0 1 ==== mon_map magic: 0 v1 ==== 205+0+0 (secure 0 0 0) 0x7f37e4003b20 con 0x7f37f4108bf0
2024-03-11T19:30:42.612 INFO:teuthology.orchestra.run.smithi082.stdout:/usr/bin/ceph: stderr
2024-03-11T19:30:41.639+0000 7f37ebe00700 1 -- 172.21.15.82:0/3377387101 <== mon.0 v2:172.21.15.82:3300/0 2 ==== config(27 keys) v1 ==== 1140+0+0 (secure 0 0 0) 0x7f37e401a910 con 0x7f37f4108bf0
2024-03-11T19:30:42.612 INFO:teuthology.orchestra.run.smithi082.stdout:/usr/bin/ceph: stderr
2024-03-11T19:30:41.639+0000 7f37ebe00700 1 -- 172.21.15.82:0/3377387101 <== mon.0 v2:172.21.15.82:3300/0 3 ==== mon_map magic: 0 v1 ==== 205+0+0 (secure 0 0 0) 0x7f37e4024850 con 0x7f37f4108bf0
2024-03-11T19:30:42.612 INFO:teuthology.orchestra.run.smithi082.stdout:/usr/bin/ceph: stderr
