2024-03-11T19:41:42.565+0000 7efcd5200700 1 --2- 172.21.15.107:0/780489688 >> [v2:172.21.15.107:3300/0,v1:172.21.15.107:6789/0] conn(0x7efcd01075c0 0x7efcd01079e0 secure :-1 s=READY pgs=53 cs=0 l=1 rev1=1 crypto rx=0x7efcc40098a0 tx=0x7efcc4009bb0 comp rx=0 tx=0).ready entity=mon.0 client_cookie=1713fbfb65b8e286 server_cookie=0 in_seq=0 out_seq=0
2024-03-11T19:41:43.523 INFO:teuthology.orchestra.run.smithi107.stdout:/usr/bin/ceph: stderr
2024-03-11T19:41:42.565+0000 7efccf400700 1 -- 172.21.15.107:0/780489688 <== mon.0 v2:172.21.15.107:3300/0 1 ==== mon_map magic: 0 v1 ==== 205+0+0 (secure 0 0 0) 0x7efcc4004160 con 0x7efcd01075c0
2024-03-11T19:41:43.523 INFO:teuthology.orchestra.run.smithi107.stdout:/usr/bin/ceph: stderr
2024-03-11T19:41:42.565+0000 7efccf400700 1 -- 172.21.15.107:0/780489688 <== mon.0 v2:172.21.15.107:3300/0 2 ==== config(27 keys) v1 ==== 1140+0+0 (secure 0 0 0) 0x7efcc40042c0 con 0x7efcd01075c0
2024-03-11T19:41:43.523 INFO:teuthology.orchestra.run.smithi107.stdout:/usr/bin/ceph: stderr
2024-03-11T19:41:42.565+0000 7efccf400700 1 -- 172.21.15.107:0/780489688 <== mon.0 v2:172.21.15.107:3300/0 3 ==== mon_map magic: 0 v1 ==== 205+0+0 (secure 0 0 0) 0x7efcc4011a80 con 0x7efcd01075c0
2024-03-11T19:41:43.523 INFO:teuthology.orchestra.run.smithi107.stdout:/usr/bin/ceph: stderr
2024-03-11T19:41:42.566+0000 7efcd7c00700 1 -- 172.21.15.107:0/780489688 >> [v2:172.21.15.107:3300/0,v1:172.21.15.107:6789/0] conn(0x7efcd01075c0 msgr2=0x7efcd01079e0 secure :-1 s=STATE_CONNECTION_ESTABLISHED l=1).mark_down
2024-03-11T19:41:43.523 INFO:teuthology.orchestra.run.smithi107.stdout:/usr/bin/ceph: stderr
2024-03-11T19:41:42.566+0000 7efcd7c00700 1 --2- 172.21.15.107:0/780489688 >> [v2:172.21.15.107:3300/0,v1:172.21.15.107:6789/0] conn(0x7efcd01075c0 0x7efcd01079e0 secure :-1 s=READY pgs=53 cs=0 l=1 rev1=1 crypto rx=0x7efcc40098a0 tx=0x7efcc4009bb0 comp rx=0 tx=0).stop
2024-03-11T19:41:43.523 INFO:teuthology.orchestra.run.smithi107.stdout:/usr/bin/ceph: stderr
2024-03-11T19:41:42.566+0000 7efcd7c00700 1 -- 172.21.15.107:0/780489688 shutdown_connections
2024-03-11T19:41:43.523 INFO:teuthology.orchestra.run.smithi107.stdout:/usr/bin/ceph: stderr
2024-03-11T19:41:42.566+0000 7efcd7c00700 1 --2- 172.21.15.107:0/780489688 >> [v2:172.21.15.107:3300/0,v1:172.21.15.107:6789/0] conn(0x7efcd01075c0 0x7efcd01079e0 unknown :-1 s=CLOSED pgs=53 cs=0 l=1 rev1=1 crypto rx=0 tx=0 comp rx=0 tx=0).stop
2024-03-11T19:41:43.523 INFO:teuthology.orchestra.run.smithi107.stdout:/usr/bin/ceph: stderr
2024-03-11T19:41:42.566+0000 7efcd7c00700 1 -- 172.21.15.107:0/780489688 >> 172.21.15.107:0/780489688 conn(0x7efcd0102be0 msgr2=0x7efcd0105000 unknown :-1 s=STATE_NONE l=0).mark_down
2024-03-11T19:41:43.523 INFO:teuthology.orchestra.run.smithi107.stdout:/usr/bin/ceph: stderr
2024-03-11T19:41:42.566+0000 7efcd7c00700 1 -- 172.21.15.107:0/780489688 shutdown_connections
2024-03-11T19:41:43.524 INFO:teuthology.orchestra.run.smithi107.stdout:/usr/bin/ceph: stderr
2024-03-11T19:41:42.566+0000 7efcd7c00700 1 -- 172.21.15.107:0/780489688 wait complete.
2024-03-11T19:41:43.524 INFO:teuthology.orchestra.run.smithi107.stdout:/usr/bin/ceph: stderr
2024-03-11T19:41:42.567+0000 7efcd7c00700 1 Processor -- start
2024-03-11T19:41:43.524 INFO:teuthology.orchestra.run.smithi107.stdout:/usr/bin/ceph: stderr
2024-03-11T19:41:42.568+0000 7efcd7c00700 1 -- start start
2024-03-11T19:41:43.524 INFO:teuthology.orchestra.run.smithi107.stdout:/usr/bin/ceph: stderr
2024-03-11T19:41:42.568+0000 7efcd7c00700 1 --2- >> [v2:172.21.15.107:3300/0,v1:172.21.15.107:6789/0] conn(0x7efcd01075c0 0x7efcd007cb90 unknown :-1 s=NONE pgs=0 cs=0 l=1 rev1=0 crypto rx=0 tx=0 comp rx=0 tx=0).connect
2024-03-11T19:41:43.524 INFO:teuthology.orchestra.run.smithi107.stdout:/usr/bin/ceph: stderr
2024-03-11T19:41:42.568+0000 7efcd7c00700 1 -- --> [v2:172.21.15.107:3300/0,v1:172.21.15.107:6789/0] -- mon_getmap magic: 0 v1 -- 0x7efcd007d0d0 con 0x7efcd01075c0
2024-03-11T19:41:43.524 INFO:teuthology.orchestra.run.smithi107.stdout:/usr/bin/ceph: stderr
2024-03-11T19:41:42.568+0000 7efcd5200700 1 --2- >> [v2:172.21.15.107:3300/0,v1:172.21.15.107:6789/0] conn(0x7efcd01075c0 0x7efcd007cb90 unknown :-1 s=BANNER_CONNECTING pgs=0 cs=0 l=1 rev1=0 crypto rx=0 tx=0 comp rx=0 tx=0)._handle_peer_banner_payload supported=3 required=0
2024-03-11T19:41:43.524 INFO:teuthology.orchestra.run.smithi107.stdout:/usr/bin/ceph: stderr
2024-03-11T19:41:42.568+0000 7efcd5200700 1 --2- >> [v2:172.21.15.107:3300/0,v1:172.21.15.107:6789/0] conn(0x7efcd01075c0 0x7efcd007cb90 unknown :-1 s=HELLO_CONNECTING pgs=0 cs=0 l=1 rev1=1 crypto rx=0 tx=0 comp rx=0 tx=0).handle_hello peer v2:172.21.15.107:3300/0 says I am v2:172.21.15.107:54982/0 (socket says 172.21.15.107:54982)
2024-03-11T19:41:43.524 INFO:teuthology.orchestra.run.smithi107.stdout:/usr/bin/ceph: stderr
2024-03-11T19:41:42.568+0000 7efcd5200700 1 -- 172.21.15.107:0/1320890862 learned_addr learned my addr 172.21.15.107:0/1320890862 (peer_addr_for_me v2:172.21.15.107:0/0)
2024-03-11T19:41:43.524 INFO:teuthology.orchestra.run.smithi107.stdout:/usr/bin/ceph: stderr
2024-03-11T19:41:42.569+0000 7efcd5200700 1 -- 172.21.15.107:0/1320890862 --> [v2:172.21.15.107:3300/0,v1:172.21.15.107:6789/0] -- mon_subscribe({config=0+,monmap=0+}) v3 -- 0x7efcc4009550 con 0x7efcd01075c0
2024-03-11T19:41:43.524 INFO:teuthology.orchestra.run.smithi107.stdout:/usr/bin/ceph: stderr
2024-03-11T19:41:42.569+0000 7efcd5200700 1 --2- 172.21.15.107:0/1320890862 >> [v2:172.21.15.107:3300/0,v1:172.21.15.107:6789/0] conn(0x7efcd01075c0 0x7efcd007cb90 secure :-1 s=READY pgs=54 cs=0 l=1 rev1=1 crypto rx=0x7efcc4011740 tx=0x7efcc4011b00 comp rx=0 tx=0).ready entity=mon.0 client_cookie=0 server_cookie=0 in_seq=0 out_seq=0
2024-03-11T19:41:43.524 INFO:teuthology.orchestra.run.smithi107.stdout:/usr/bin/ceph: stderr
2024-03-11T19:41:42.569+0000 7efccd600700 1 -- 172.21.15.107:0/1320890862 <== mon.0 v2:172.21.15.107:3300/0 1 ==== mon_map magic: 0 v1 ==== 205+0+0 (secure 0 0 0) 0x7efcc40039e0 con 0x7efcd01075c0
2024-03-11T19:41:43.524 INFO:teuthology.orchestra.run.smithi107.stdout:/usr/bin/ceph: stderr
2024-03-11T19:41:42.569+0000 7efccd600700 1 -- 172.21.15.107:0/1320890862 <== mon.0 v2:172.21.15.107:3300/0 2 ==== config(27 keys) v1 ==== 1140+0+0 (secure 0 0 0) 0x7efcc4003b40 con 0x7efcd01075c0
2024-03-11T19:41:43.524 INFO:teuthology.orchestra.run.smithi107.stdout:/usr/bin/ceph: stderr
2024-03-11T19:41:42.569+0000 7efcd7c00700 1 -- 172.21.15.107:0/1320890862 --> [v2:172.21.15.107:3300/0,v1:172.21.15.107:6789/0] -- mon_subscribe({mgrmap=0+}) v3 -- 0x7efcd007b2c0 con 0x7efcd01075c0
2024-03-11T19:41:43.524 INFO:teuthology.orchestra.run.smithi107.stdout:/usr/bin/ceph: stderr
2024-03-11T19:41:42.569+0000 7efccd600700 1 -- 172.21.15.107:0/1320890862 <== mon.0 v2:172.21.15.107:3300/0 3 ==== mon_map magic: 0 v1 ==== 205+0+0 (secure 0 0 0) 0x7efcc4024740 con 0x7efcd01075c0
2024-03-11T19:41:43.525 INFO:teuthology.orchestra.run.smithi107.stdout:/usr/bin/ceph: stderr
2024-03-11T19:41:42.569+0000 7efcd7c00700 1 -- 172.21.15.107:0/1320890862 --> [v2:172.21.15.107:3300/0,v1:172.21.15.107:6789/0] -- mon_subscribe({osdmap=0}) v3 -- 0x7efcd007b760 con 0x7efcd01075c0
2024-03-11T19:41:43.525 INFO:teuthology.orchestra.run.smithi107.stdout:/usr/bin/ceph: stderr
2024-03-11T19:41:42.570+0000 7efcd7c00700 1 -- 172.21.15.107:0/1320890862 --> [v2:172.21.15.107:3300/0,v1:172.21.15.107:6789/0] -- mon_command({"prefix": "get_command_descriptions"} v 0) v1 -- 0x7efcd010b9a0 con 0x7efcd01075c0
2024-03-11T19:41:43.525 INFO:teuthology.orchestra.run.smithi107.stdout:/usr/bin/ceph: stderr
2024-03-11T19:41:42.570+0000 7efccd600700 1 -- 172.21.15.107:0/1320890862 <== mon.0 v2:172.21.15.107:3300/0 4 ==== mgrmap(e 8) v1 ==== 45769+0+0 (secure 0 0 0) 0x7efcc401a430 con 0x7efcd01075c0
2024-03-11T19:41:43.525 INFO:teuthology.orchestra.run.smithi107.stdout:/usr/bin/ceph: stderr
2024-03-11T19:41:42.571+0000 7efccd600700 1 --2- 172.21.15.107:0/1320890862 >> [v2:172.21.15.107:6800/3464148109,v1:172.21.15.107:6801/3464148109] conn(0x7efcb8038d00 0x7efcb803b1c0 unknown :-1 s=NONE pgs=0 cs=0 l=1 rev1=0 crypto rx=0 tx=0 comp rx=0 tx=0).connect
2024-03-11T19:41:43.525 INFO:teuthology.orchestra.run.smithi107.stdout:/usr/bin/ceph: stderr
2024-03-11T19:41:42.571+0000 7efccd600700 1 -- 172.21.15.107:0/1320890862 <== mon.0 v2:172.21.15.107:3300/0 5 ==== osd_map(2..2 src has 1..2) v4 ==== 940+0+0 (secure 0 0 0) 0x7efcc404ceb0 con 0x7efcd01075c0
2024-03-11T19:41:43.525 INFO:teuthology.orchestra.run.smithi107.stdout:/usr/bin/ceph: stderr
2024-03-11T19:41:42.571+0000 7efccfe00700 1 --2- 172.21.15.107:0/1320890862 >> [v2:172.21.15.107:6800/3464148109,v1:172.21.15.107:6801/3464148109] conn(0x7efcb8038d00 0x7efcb803b1c0 unknown :-1 s=BANNER_CONNECTING pgs=0 cs=0 l=1 rev1=0 crypto rx=0 tx=0 comp rx=0 tx=0)._handle_peer_banner_payload supported=3 required=0
2024-03-11T19:41:43.525 INFO:teuthology.orchestra.run.smithi107.stdout:/usr/bin/ceph: stderr
2024-03-11T19:41:42.572+0000 7efccfe00700 1 --2- 172.21.15.107:0/1320890862 >> [v2:172.21.15.107:6800/3464148109,v1:172.21.15.107:6801/3464148109] conn(0x7efcb8038d00 0x7efcb803b1c0 secure :-1 s=READY pgs=15 cs=0 l=1 rev1=1 crypto rx=0x7efcbc006fd0 tx=0x7efcbc006e40 comp rx=0 tx=0).ready entity=mgr.14120 client_cookie=0 server_cookie=0 in_seq=0 out_seq=0
2024-03-11T19:41:43.525 INFO:teuthology.orchestra.run.smithi107.stdout:/usr/bin/ceph: stderr
2024-03-11T19:41:42.577+0000 7efccd600700 1 -- 172.21.15.107:0/1320890862 <== mon.0 v2:172.21.15.107:3300/0 6 ==== mon_command_ack([{"prefix": "get_command_descriptions"}]=0 v0) v1 ==== 72+0+183564 (secure 0 0 0) 0x7efcc4010380 con 0x7efcd01075c0
2024-03-11T19:41:43.525 INFO:teuthology.orchestra.run.smithi107.stdout:/usr/bin/ceph: stderr
2024-03-11T19:41:42.803+0000 7efcd7c00700 1 -- 172.21.15.107:0/1320890862 --> [v2:172.21.15.107:3300/0,v1:172.21.15.107:6789/0] -- mon_command([{prefix=config set, name=mgr/dashboard/ssl_server_port}] v 0) v1 -- 0x7efcd010bbb0 con 0x7efcd01075c0
2024-03-11T19:41:43.525 INFO:teuthology.orchestra.run.smithi107.stdout:/usr/bin/ceph: stderr
2024-03-11T19:41:42.807+0000 7efccd600700 1 -- 172.21.15.107:0/1320890862 <== mon.0 v2:172.21.15.107:3300/0 7 ==== mon_command_ack([{prefix=config set, name=mgr/dashboard/ssl_server_port}]=0 v8)=0 v8) v1 ==== 130+0+0 (secure 0 0 0) 0x7efcc4018be0 con 0x7efcd01075c0
2024-03-11T19:41:43.525 INFO:teuthology.orchestra.run.smithi107.stdout:/usr/bin/ceph: stderr
2024-03-11T19:41:42.812+0000 7efcd7c00700 1 -- 172.21.15.107:0/1320890862 >> [v2:172.21.15.107:6800/3464148109,v1:172.21.15.107:6801/3464148109] conn(0x7efcb8038d00 msgr2=0x7efcb803b1c0 secure :-1 s=STATE_CONNECTION_ESTABLISHED l=1).mark_down
2024-03-11T19:41:43.525 INFO:teuthology.orchestra.run.smithi107.stdout:/usr/bin/ceph: stderr
2024-03-11T19:41:42.812+0000 7efcd7c00700 1 --2- 172.21.15.107:0/1320890862 >> [v2:172.21.15.107:6800/3464148109,v1:172.21.15.107:6801/3464148109] conn(0x7efcb8038d00 0x7efcb803b1c0 secure :-1 s=READY pgs=15 cs=0 l=1 rev1=1 crypto rx=0x7efcbc006fd0 tx=0x7efcbc006e40 comp rx=0 tx=0).stop
2024-03-11T19:41:43.525 INFO:teuthology.orchestra.run.smithi107.stdout:/usr/bin/ceph: stderr
2024-03-11T19:41:42.812+0000 7efcd7c00700 1 -- 172.21.15.107:0/1320890862 >> [v2:172.21.15.107:3300/0,v1:172.21.15.107:6789/0] conn(0x7efcd01075c0 msgr2=0x7efcd007cb90 secure :-1 s=STATE_CONNECTION_ESTABLISHED l=1).mark_down
2024-03-11T19:41:43.525 INFO:teuthology.orchestra.run.smithi107.stdout:/usr/bin/ceph: stderr
2024-03-11T19:41:42.812+0000 7efcd7c00700 1 --2- 172.21.15.107:0/1320890862 >> [v2:172.21.15.107:3300/0,v1:172.21.15.107:6789/0] conn(0x7efcd01075c0 0x7efcd007cb90 secure :-1 s=READY pgs=54 cs=0 l=1 rev1=1 crypto rx=0x7efcc4011740 tx=0x7efcc4011b00 comp rx=0 tx=0).stop
2024-03-11T19:41:43.525 INFO:teuthology.orchestra.run.smithi107.stdout:/usr/bin/ceph: stderr
2024-03-11T19:41:42.812+0000 7efcd7c00700 1 -- 172.21.15.107:0/1320890862 shutdown_connections
2024-03-11T19:41:43.526 INFO:teuthology.orchestra.run.smithi107.stdout:/usr/bin/ceph: stderr
2024-03-11T19:41:42.812+0000 7efcd7c00700 1 --2- 172.21.15.107:0/1320890862 >> [v2:172.21.15.107:6800/3464148109,v1:172.21.15.107:6801/3464148109] conn(0x7efcb8038d00 0x7efcb803b1c0 unknown :-1 s=CLOSED pgs=15 cs=0 l=1 rev1=1 crypto rx=0 tx=0 comp rx=0 tx=0).stop
2024-03-11T19:41:43.526 INFO:teuthology.orchestra.run.smithi107.stdout:/usr/bin/ceph: stderr
2024-03-11T19:41:42.812+0000 7efcd7c00700 1 --2- 172.21.15.107:0/1320890862 >> [v2:172.21.15.107:3300/0,v1:172.21.15.107:6789/0] conn(0x7efcd01075c0 0x7efcd007cb90 unknown :-1 s=CLOSED pgs=54 cs=0 l=1 rev1=1 crypto rx=0 tx=0 comp rx=0 tx=0).stop
2024-03-11T19:41:43.526 INFO:teuthology.orchestra.run.smithi107.stdout:/usr/bin/ceph: stderr
2024-03-11T19:41:42.813+0000 7efcd7c00700 1 -- 172.21.15.107:0/1320890862 >> 172.21.15.107:0/1320890862 conn(0x7efcd0102be0 msgr2=0x7efcd01036a0 unknown :-1 s=STATE_NONE l=0).mark_down
2024-03-11T19:41:43.526 INFO:teuthology.orchestra.run.smithi107.stdout:/usr/bin/ceph: stderr
2024-03-11T19:41:42.813+0000 7efcd7c00700 1 -- 172.21.15.107:0/1320890862 shutdown_connections
2024-03-11T19:41:43.526 INFO:teuthology.orchestra.run.smithi107.stdout:/usr/bin/ceph: stderr
2024-03-11T19:41:42.813+0000 7efcd7c00700 1 -- 172.21.15.107:0/1320890862 wait complete.
2024-03-11T19:41:43.526 INFO:teuthology.orchestra.run.smithi107.stdout:Enabling the dashboard module...
2024-03-11T19:41:44.110 INFO:journalctl@ceph.mon.a.smithi107.stdout:Mar 11 19:41:44 smithi107 ceph-mon[31712]: pgmap v5: 0 pgs: ; 0 B data, 0 B used, 0 B / 0 B avail
2024-03-11T19:41:45.372 INFO:journalctl@ceph.mon.a.smithi107.stdout:Mar 11 19:41:45 smithi107 ceph-mon[31712]: from='mgr.14120 172.21.15.107:0/1245624503' entity='mgr.x'
2024-03-11T19:41:45.372 INFO:journalctl@ceph.mon.a.smithi107.stdout:Mar 11 19:41:45 smithi107 ceph-mon[31712]: from='client.? 172.21.15.107:0/2279943041' entity='client.admin' cmd=[{"prefix": "mgr module enable", "module": "dashboard"}]: dispatch
2024-03-11T19:41:45.749 INFO:journalctl@ceph.mgr.x.smithi107.stdout:Mar 11 19:41:45 smithi107 ceph-1ccf666c-dfdf-11ee-95c8-87774f69a715-mgr-x[31951]: ignoring --setuser ceph since I am not root
2024-03-11T19:41:45.749 INFO:journalctl@ceph.mgr.x.smithi107.stdout:Mar 11 19:41:45 smithi107 ceph-1ccf666c-dfdf-11ee-95c8-87774f69a715-mgr-x[31951]: ignoring --setgroup ceph since I am not root
2024-03-11T19:41:46.534 INFO:journalctl@ceph.mgr.x.smithi107.stdout:Mar 11 19:41:46 smithi107 ceph-1ccf666c-dfdf-11ee-95c8-87774f69a715-mgr-x[31951]:
2024-03-11T19:41:46.076+0000 7f0ac73dd200 -1 mgr[py] Module osd_perf_query has missing NOTIFY_TYPES member
2024-03-11T19:41:46.534 INFO:journalctl@ceph.mgr.x.smithi107.stdout:Mar 11 19:41:46 smithi107 ceph-1ccf666c-dfdf-11ee-95c8-87774f69a715-mgr-x[31951]:
2024-03-11T19:41:46.198+0000 7f0ac73dd200 -1 mgr[py] Module snap_schedule has missing NOTIFY_TYPES member
2024-03-11T19:41:46.534 INFO:journalctl@ceph.mon.a.smithi107.stdout:Mar 11 19:41:46 smithi107 ceph-mon[31712]: from='client.? 172.21.15.107:0/2279943041' entity='client.admin' cmd='[{"prefix": "mgr module enable", "module": "dashboard"}]': finished
2024-03-11T19:41:46.534 INFO:journalctl@ceph.mon.a.smithi107.stdout:Mar 11 19:41:46 smithi107 ceph-mon[31712]: mgrmap e9: x(active, since 26s)
2024-03-11T19:41:46.543 INFO:teuthology.orchestra.run.smithi107.stdout:/usr/bin/ceph: stderr
2024-03-11T19:41:44.168+0000 7faaaca00700 1 Processor -- start
2024-03-11T19:41:46.548 INFO:teuthology.orchestra.run.smithi107.stdout:/usr/bin/ceph: stderr
2024-03-11T19:41:44.168+0000 7faaaca00700 1 -- start start
2024-03-11T19:41:46.548 INFO:teuthology.orchestra.run.smithi107.stdout:/usr/bin/ceph: stderr
2024-03-11T19:41:44.169+0000 7faaaca00700 1 --2- >> [v2:172.21.15.107:3300/0,v1:172.21.15.107:6789/0] conn(0x7faaa8107430 0x7faaa8107850 unknown :-1 s=NONE pgs=0 cs=0 l=0 rev1=0 crypto rx=0 tx=0 comp rx=0 tx=0).connect
2024-03-11T19:41:46.548 INFO:teuthology.orchestra.run.smithi107.stdout:/usr/bin/ceph: stderr
2024-03-11T19:41:44.169+0000 7faaaca00700 1 -- --> [v2:172.21.15.107:3300/0,v1:172.21.15.107:6789/0] -- mon_getmap magic: 0 v1 -- 0x7faaa8107d90 con 0x7faaa8107430
2024-03-11T19:41:46.548 INFO:teuthology.orchestra.run.smithi107.stdout:/usr/bin/ceph: stderr
2024-03-11T19:41:44.169+0000 7faaa6800700 1 --2- >> [v2:172.21.15.107:3300/0,v1:172.21.15.107:6789/0] conn(0x7faaa8107430 0x7faaa8107850 unknown :-1 s=BANNER_CONNECTING pgs=0 cs=0 l=0 rev1=0 crypto rx=0 tx=0 comp rx=0 tx=0)._handle_peer_banner_payload supported=3 required=0
2024-03-11T19:41:46.548 INFO:teuthology.orchestra.run.smithi107.stdout:/usr/bin/ceph: stderr
2024-03-11T19:41:44.169+0000 7faaa6800700 1 --2- >> [v2:172.21.15.107:3300/0,v1:172.21.15.107:6789/0] conn(0x7faaa8107430 0x7faaa8107850 unknown :-1 s=HELLO_CONNECTING pgs=0 cs=0 l=0 rev1=1 crypto rx=0 tx=0 comp rx=0 tx=0).handle_hello peer v2:172.21.15.107:3300/0 says I am v2:172.21.15.107:54988/0 (socket says 172.21.15.107:54988)
2024-03-11T19:41:46.548 INFO:teuthology.orchestra.run.smithi107.stdout:/usr/bin/ceph: stderr
2024-03-11T19:41:44.169+0000 7faaa6800700 1 -- 172.21.15.107:0/1808085730 learned_addr learned my addr 172.21.15.107:0/1808085730 (peer_addr_for_me v2:172.21.15.107:0/0)
2024-03-11T19:41:46.548 INFO:teuthology.orchestra.run.smithi107.stdout:/usr/bin/ceph: stderr
2024-03-11T19:41:44.170+0000 7faaa6800700 1 -- 172.21.15.107:0/1808085730 --> [v2:172.21.15.107:3300/0,v1:172.21.15.107:6789/0] -- mon_subscribe({config=0+,monmap=0+}) v3 -- 0x7faaa8107ed0 con 0x7faaa8107430
2024-03-11T19:41:46.548 INFO:teuthology.orchestra.run.smithi107.stdout:/usr/bin/ceph: stderr
2024-03-11T19:41:44.170+0000 7faaa6800700 1 --2- 172.21.15.107:0/1808085730 >> [v2:172.21.15.107:3300/0,v1:172.21.15.107:6789/0] conn(0x7faaa8107430 0x7faaa8107850 secure :-1 s=READY pgs=55 cs=0 l=1 rev1=1 crypto rx=0x7faa980098a0 tx=0x7faa98009bb0 comp rx=0 tx=0).ready entity=mon.0 client_cookie=92b629c7200b4a8e server_cookie=0 in_seq=0 out_seq=0
2024-03-11T19:41:46.548 INFO:teuthology.orchestra.run.smithi107.stdout:/usr/bin/ceph: stderr
2024-03-11T19:41:44.170+0000 7faaa5400700 1 -- 172.21.15.107:0/1808085730 <== mon.0 v2:172.21.15.107:3300/0 1 ==== mon_map magic: 0 v1 ==== 205+0+0 (secure 0 0 0) 0x7faa98004160 con 0x7faaa8107430
2024-03-11T19:41:46.548 INFO:teuthology.orchestra.run.smithi107.stdout:/usr/bin/ceph: stderr
2024-03-11T19:41:44.171+0000 7faaa5400700 1 -- 172.21.15.107:0/1808085730 <== mon.0 v2:172.21.15.107:3300/0 2 ==== config(27 keys) v1 ==== 1140+0+0 (secure 0 0 0) 0x7faa980042c0 con 0x7faaa8107430
2024-03-11T19:41:46.549 INFO:teuthology.orchestra.run.smithi107.stdout:/usr/bin/ceph: stderr
2024-03-11T19:41:44.171+0000 7faaa5400700 1 -- 172.21.15.107:0/1808085730 <== mon.0 v2:172.21.15.107:3300/0 3 ==== mon_map magic: 0 v1 ==== 205+0+0 (secure 0 0 0) 0x7faa98011a80 con 0x7faaa8107430
2024-03-11T19:41:46.549 INFO:teuthology.orchestra.run.smithi107.stdout:/usr/bin/ceph: stderr
2024-03-11T19:41:44.171+0000 7faaaca00700 1 -- 172.21.15.107:0/1808085730 >> [v2:172.21.15.107:3300/0,v1:172.21.15.107:6789/0] conn(0x7faaa8107430 msgr2=0x7faaa8107850 secure :-1 s=STATE_CONNECTION_ESTABLISHED l=1).mark_down
2024-03-11T19:41:46.549 INFO:teuthology.orchestra.run.smithi107.stdout:/usr/bin/ceph: stderr
2024-03-11T19:41:44.171+0000 7faaaca00700 1 --2- 172.21.15.107:0/1808085730 >> [v2:172.21.15.107:3300/0,v1:172.21.15.107:6789/0] conn(0x7faaa8107430 0x7faaa8107850 secure :-1 s=READY pgs=55 cs=0 l=1 rev1=1 crypto rx=0x7faa980098a0 tx=0x7faa98009bb0 comp rx=0 tx=0).stop
2024-03-11T19:41:46.549 INFO:teuthology.orchestra.run.smithi107.stdout:/usr/bin/ceph: stderr
2024-03-11T19:41:44.171+0000 7faaaca00700 1 -- 172.21.15.107:0/1808085730 shutdown_connections
2024-03-11T19:41:46.549 INFO:teuthology.orchestra.run.smithi107.stdout:/usr/bin/ceph: stderr
2024-03-11T19:41:44.171+0000 7faaaca00700 1 --2- 172.21.15.107:0/1808085730 >> [v2:172.21.15.107:3300/0,v1:172.21.15.107:6789/0] conn(0x7faaa8107430 0x7faaa8107850 unknown :-1 s=CLOSED pgs=55 cs=0 l=1 rev1=1 crypto rx=0 tx=0 comp rx=0 tx=0).stop
2024-03-11T19:41:46.549 INFO:teuthology.orchestra.run.smithi107.stdout:/usr/bin/ceph: stderr
2024-03-11T19:41:44.171+0000 7faaaca00700 1 -- 172.21.15.107:0/1808085730 >> 172.21.15.107:0/1808085730 conn(0x7faaa8102b10 msgr2=0x7faaa8104f30 unknown :-1 s=STATE_NONE l=0).mark_down
2024-03-11T19:41:46.549 INFO:teuthology.orchestra.run.smithi107.stdout:/usr/bin/ceph: stderr
2024-03-11T19:41:44.172+0000 7faaaca00700 1 -- 172.21.15.107:0/1808085730 shutdown_connections
2024-03-11T19:41:46.549 INFO:teuthology.orchestra.run.smithi107.stdout:/usr/bin/ceph: stderr
2024-03-11T19:41:44.172+0000 7faaaca00700 1 -- 172.21.15.107:0/1808085730 wait complete.
2024-03-11T19:41:46.549 INFO:teuthology.orchestra.run.smithi107.stdout:/usr/bin/ceph: stderr
2024-03-11T19:41:44.173+0000 7faaaca00700 1 Processor -- start
2024-03-11T19:41:46.549 INFO:teuthology.orchestra.run.smithi107.stdout:/usr/bin/ceph: stderr
2024-03-11T19:41:44.173+0000 7faaaca00700 1 -- start start
2024-03-11T19:41:46.549 INFO:teuthology.orchestra.run.smithi107.stdout:/usr/bin/ceph: stderr
2024-03-11T19:41:44.174+0000 7faaaca00700 1 --2- >> [v2:172.21.15.107:3300/0,v1:172.21.15.107:6789/0] conn(0x7faaa8107430 0x7faaa819b0f0 unknown :-1 s=NONE pgs=0 cs=0 l=1 rev1=0 crypto rx=0 tx=0 comp rx=0 tx=0).connect
2024-03-11T19:41:46.549 INFO:teuthology.orchestra.run.smithi107.stdout:/usr/bin/ceph: stderr
2024-03-11T19:41:44.174+0000 7faaaca00700 1 -- --> [v2:172.21.15.107:3300/0,v1:172.21.15.107:6789/0] -- mon_getmap magic: 0 v1 -- 0x7faaa819b630 con 0x7faaa8107430
2024-03-11T19:41:46.549 INFO:teuthology.orchestra.run.smithi107.stdout:/usr/bin/ceph: stderr
2024-03-11T19:41:44.174+0000 7faaa6800700 1 --2- >> [v2:172.21.15.107:3300/0,v1:172.21.15.107:6789/0] conn(0x7faaa8107430 0x7faaa819b0f0 unknown :-1 s=BANNER_CONNECTING pgs=0 cs=0 l=1 rev1=0 crypto rx=0 tx=0 comp rx=0 tx=0)._handle_peer_banner_payload supported=3 required=0
2024-03-11T19:41:46.549 INFO:teuthology.orchestra.run.smithi107.stdout:/usr/bin/ceph: stderr
2024-03-11T19:41:44.174+0000 7faaa6800700 1 --2- >> [v2:172.21.15.107:3300/0,v1:172.21.15.107:6789/0] conn(0x7faaa8107430 0x7faaa819b0f0 unknown :-1 s=HELLO_CONNECTING pgs=0 cs=0 l=1 rev1=1 crypto rx=0 tx=0 comp rx=0 tx=0).handle_hello peer v2:172.21.15.107:3300/0 says I am v2:172.21.15.107:54992/0 (socket says 172.21.15.107:54992)
2024-03-11T19:41:46.550 INFO:teuthology.orchestra.run.smithi107.stdout:/usr/bin/ceph: stderr
2024-03-11T19:41:44.174+0000 7faaa6800700 1 -- 172.21.15.107:0/2279943041 learned_addr learned my addr 172.21.15.107:0/2279943041 (peer_addr_for_me v2:172.21.15.107:0/0)
2024-03-11T19:41:46.550 INFO:teuthology.orchestra.run.smithi107.stdout:/usr/bin/ceph: stderr
2024-03-11T19:41:44.174+0000 7faaa6800700 1 -- 172.21.15.107:0/2279943041 --> [v2:172.21.15.107:3300/0,v1:172.21.15.107:6789/0] -- mon_subscribe({config=0+,monmap=0+}) v3 -- 0x7faa98009550 con 0x7faaa8107430
2024-03-11T19:41:46.550 INFO:teuthology.orchestra.run.smithi107.stdout:/usr/bin/ceph: stderr
2024-03-11T19:41:44.175+0000 7faaa6800700 1 --2- 172.21.15.107:0/2279943041 >> [v2:172.21.15.107:3300/0,v1:172.21.15.107:6789/0] conn(0x7faaa8107430 0x7faaa819b0f0 secure :-1 s=READY pgs=56 cs=0 l=1 rev1=1 crypto rx=0x7faa98011740 tx=0x7faa98011b00 comp rx=0 tx=0).ready entity=mon.0 client_cookie=0 server_cookie=0 in_seq=0 out_seq=0
2024-03-11T19:41:46.550 INFO:teuthology.orchestra.run.smithi107.stdout:/usr/bin/ceph: stderr
2024-03-11T19:41:44.175+0000 7faa9f400700 1 -- 172.21.15.107:0/2279943041 <== mon.0 v2:172.21.15.107:3300/0 1 ==== mon_map magic: 0 v1 ==== 205+0+0 (secure 0 0 0) 0x7faa98003b20 con 0x7faaa8107430
2024-03-11T19:41:46.550 INFO:teuthology.orchestra.run.smithi107.stdout:/usr/bin/ceph: stderr
2024-03-11T19:41:44.175+0000 7faa9f400700 1 -- 172.21.15.107:0/2279943041 <== mon.0 v2:172.21.15.107:3300/0 2 ==== config(27 keys) v1 ==== 1140+0+0 (secure 0 0 0) 0x7faa9801a910 con 0x7faaa8107430
2024-03-11T19:41:46.550 INFO:teuthology.orchestra.run.smithi107.stdout:/usr/bin/ceph: stderr
2024-03-11T19:41:44.175+0000 7faa9f400700 1 -- 172.21.15.107:0/2279943041 <== mon.0 v2:172.21.15.107:3300/0 3 ==== mon_map magic: 0 v1 ==== 205+0+0 (secure 0 0 0) 0x7faa980248c0 con 0x7faaa8107430
2024-03-11T19:41:46.550 INFO:teuthology.orchestra.run.smithi107.stdout:/usr/bin/ceph: stderr
2024-03-11T19:41:44.175+0000 7faaaca00700 1 -- 172.21.15.107:0/2279943041 --> [v2:172.21.15.107:3300/0,v1:172.21.15.107:6789/0] -- mon_subscribe({mgrmap=0+}) v3 -- 0x7faaa819b830 con 0x7faaa8107430
2024-03-11T19:41:46.550 INFO:teuthology.orchestra.run.smithi107.stdout:/usr/bin/ceph: stderr
2024-03-11T19:41:44.175+0000 7faaaca00700 1 -- 172.21.15.107:0/2279943041 --> [v2:172.21.15.107:3300/0,v1:172.21.15.107:6789/0] -- mon_subscribe({osdmap=0}) v3 -- 0x7faaa819bcd0 con 0x7faaa8107430
2024-03-11T19:41:46.550 INFO:teuthology.orchestra.run.smithi107.stdout:/usr/bin/ceph: stderr
2024-03-11T19:41:44.176+0000 7faa9f400700 1 -- 172.21.15.107:0/2279943041 <== mon.0 v2:172.21.15.107:3300/0 4 ==== mgrmap(e 8) v1 ==== 45769+0+0 (secure 0 0 0) 0x7faa9801aa80 con 0x7faaa8107430
2024-03-11T19:41:46.550 INFO:teuthology.orchestra.run.smithi107.stdout:/usr/bin/ceph: stderr
2024-03-11T19:41:44.176+0000 7faaaca00700 1 -- 172.21.15.107:0/2279943041 --> [v2:172.21.15.107:3300/0,v1:172.21.15.107:6789/0] -- mon_command({"prefix": "get_command_descriptions"} v 0) v1 -- 0x7faaa81092f0 con 0x7faaa8107430
2024-03-11T19:41:46.550 INFO:teuthology.orchestra.run.smithi107.stdout:/usr/bin/ceph: stderr
2024-03-11T19:41:44.177+0000 7faa9f400700 1 --2- 172.21.15.107:0/2279943041 >> [v2:172.21.15.107:6800/3464148109,v1:172.21.15.107:6801/3464148109] conn(0x7faa8c038d00 0x7faa8c03b1c0 unknown :-1 s=NONE pgs=0 cs=0 l=1 rev1=0 crypto rx=0 tx=0 comp rx=0 tx=0).connect
2024-03-11T19:41:46.550 INFO:teuthology.orchestra.run.smithi107.stdout:/usr/bin/ceph: stderr
2024-03-11T19:41:44.177+0000 7faa9f400700 1 -- 172.21.15.107:0/2279943041 <== mon.0 v2:172.21.15.107:3300/0 5 ==== osd_map(2..2 src has 1..2) v4 ==== 940+0+0 (secure 0 0 0) 0x7faa9804d010 con 0x7faaa8107430
2024-03-11T19:41:46.550 INFO:teuthology.orchestra.run.smithi107.stdout:/usr/bin/ceph: stderr
2024-03-11T19:41:44.177+0000 7faaa5e00700 1 --2- 172.21.15.107:0/2279943041 >> [v2:172.21.15.107:6800/3464148109,v1:172.21.15.107:6801/3464148109] conn(0x7faa8c038d00 0x7faa8c03b1c0 unknown :-1 s=BANNER_CONNECTING pgs=0 cs=0 l=1 rev1=0 crypto rx=0 tx=0 comp rx=0 tx=0)._handle_peer_banner_payload supported=3 required=0
2024-03-11T19:41:46.550 INFO:teuthology.orchestra.run.smithi107.stdout:/usr/bin/ceph: stderr
2024-03-11T19:41:44.178+0000 7faaa5e00700 1 --2- 172.21.15.107:0/2279943041 >> [v2:172.21.15.107:6800/3464148109,v1:172.21.15.107:6801/3464148109] conn(0x7faa8c038d00 0x7faa8c03b1c0 secure :-1 s=READY pgs=16 cs=0 l=1 rev1=1 crypto rx=0x7faa94006fd0 tx=0x7faa94006e40 comp rx=0 tx=0).ready entity=mgr.14120 client_cookie=0 server_cookie=0 in_seq=0 out_seq=0
2024-03-11T19:41:46.551 INFO:teuthology.orchestra.run.smithi107.stdout:/usr/bin/ceph: stderr
2024-03-11T19:41:44.182+0000 7faa9f400700 1 -- 172.21.15.107:0/2279943041 <== mon.0 v2:172.21.15.107:3300/0 6 ==== mon_command_ack([{"prefix": "get_command_descriptions"}]=0 v0) v1 ==== 72+0+183564 (secure 0 0 0) 0x7faa9801adf0 con 0x7faaa8107430
2024-03-11T19:41:46.551 INFO:teuthology.orchestra.run.smithi107.stdout:/usr/bin/ceph: stderr
2024-03-11T19:41:44.464+0000 7faaaca00700 1 -- 172.21.15.107:0/2279943041 --> [v2:172.21.15.107:3300/0,v1:172.21.15.107:6789/0] -- mon_command({"prefix": "mgr module enable", "module": "dashboard"} v 0) v1 -- 0x7faaa819e610 con 0x7faaa8107430
2024-03-11T19:41:46.551 INFO:teuthology.orchestra.run.smithi107.stdout:/usr/bin/ceph: stderr
2024-03-11T19:41:45.264+0000 7faa9f400700 1 -- 172.21.15.107:0/2279943041 <== mon.0 v2:172.21.15.107:3300/0 7 ==== mon_command_ack([{"prefix": "mgr module enable", "module": "dashboard"}]=0 v9) v1 ==== 88+0+0 (secure 0 0 0) 0x7faa98018be0 con 0x7faaa8107430
2024-03-11T19:41:46.551 INFO:teuthology.orchestra.run.smithi107.stdout:/usr/bin/ceph: stderr
2024-03-11T19:41:45.268+0000 7faaaca00700 1 -- 172.21.15.107:0/2279943041 >> [v2:172.21.15.107:6800/3464148109,v1:172.21.15.107:6801/3464148109] conn(0x7faa8c038d00 msgr2=0x7faa8c03b1c0 secure :-1 s=STATE_CONNECTION_ESTABLISHED l=1).mark_down
2024-03-11T19:41:46.551 INFO:teuthology.orchestra.run.smithi107.stdout:/usr/bin/ceph: stderr
2024-03-11T19:41:45.268+0000 7faaaca00700 1 --2- 172.21.15.107:0/2279943041 >> [v2:172.21.15.107:6800/3464148109,v1:172.21.15.107:6801/3464148109] conn(0x7faa8c038d00 0x7faa8c03b1c0 secure :-1 s=READY pgs=16 cs=0 l=1 rev1=1 crypto rx=0x7faa94006fd0 tx=0x7faa94006e40 comp rx=0 tx=0).stop
2024-03-11T19:41:46.551 INFO:teuthology.orchestra.run.smithi107.stdout:/usr/bin/ceph: stderr
2024-03-11T19:41:45.268+0000 7faaaca00700 1 -- 172.21.15.107:0/2279943041 >> [v2:172.21.15.107:3300/0,v1:172.21.15.107:6789/0] conn(0x7faaa8107430 msgr2=0x7faaa819b0f0 secure :-1 s=STATE_CONNECTION_ESTABLISHED l=1).mark_down
2024-03-11T19:41:46.551 INFO:teuthology.orchestra.run.smithi107.stdout:/usr/bin/ceph: stderr
2024-03-11T19:41:45.268+0000 7faaaca00700 1 --2- 172.21.15.107:0/2279943041 >> [v2:172.21.15.107:3300/0,v1:172.21.15.107:6789/0] conn(0x7faaa8107430 0x7faaa819b0f0 secure :-1 s=READY pgs=56 cs=0 l=1 rev1=1 crypto rx=0x7faa98011740 tx=0x7faa98011b00 comp rx=0 tx=0).stop
2024-03-11T19:41:46.551 INFO:teuthology.orchestra.run.smithi107.stdout:/usr/bin/ceph: stderr
2024-03-11T19:41:45.268+0000 7faa9f400700 1 -- 172.21.15.107:0/2279943041 <== mon.0 v2:172.21.15.107:3300/0 8 ==== mgrmap(e 9) v1 ==== 45782+0+0 (secure 0 0 0) 0x7faa9802d910 con 0x7faaa8107430
2024-03-11T19:41:46.551 INFO:teuthology.orchestra.run.smithi107.stdout:/usr/bin/ceph: stderr
2024-03-11T19:41:45.268+0000 7faa9f400700 1 --2- 172.21.15.107:0/2279943041 >> [v2:172.21.15.107:6800/3464148109,v1:172.21.15.107:6801/3464148109] conn(0x7faa8c03ca70 0x7faa8c03ee60 unknown :-1 s=NONE pgs=0 cs=0 l=1 rev1=0 crypto rx=0 tx=0 comp rx=0 tx=0).connect
2024-03-11T19:41:46.551 INFO:teuthology.orchestra.run.smithi107.stdout:/usr/bin/ceph: stderr
2024-03-11T19:41:45.270+0000 7faaaca00700 1 -- 172.21.15.107:0/2279943041 shutdown_connections
2024-03-11T19:41:46.551 INFO:teuthology.orchestra.run.smithi107.stdout:/usr/bin/ceph: stderr
2024-03-11T19:41:45.270+0000 7faaaca00700 1 --2- 172.21.15.107:0/2279943041 >> [v2:172.21.15.107:6800/3464148109,v1:172.21.15.107:6801/3464148109] conn(0x7faa8c03ca70 0x7faa8c03ee60 unknown :-1 s=BANNER_CONNECTING pgs=0 cs=0 l=1 rev1=0 crypto rx=0 tx=0 comp rx=0 tx=0).stop
2024-03-11T19:41:46.551 INFO:teuthology.orchestra.run.smithi107.stdout:/usr/bin/ceph: stderr
2024-03-11T19:41:45.270+0000 7faaaca00700 1 --2- 172.21.15.107:0/2279943041 >> [v2:172.21.15.107:3300/0,v1:172.21.15.107:6789/0] conn(0x7faaa8107430 0x7faaa819b0f0 unknown :-1 s=CLOSED pgs=56 cs=0 l=1 rev1=1 crypto rx=0 tx=0 comp rx=0 tx=0).stop
2024-03-11T19:41:46.551 INFO:teuthology.orchestra.run.smithi107.stdout:/usr/bin/ceph: stderr
2024-03-11T19:41:45.270+0000 7faaaca00700 1 -- 172.21.15.107:0/2279943041 >> 172.21.15.107:0/2279943041 conn(0x7faaa8102b10 msgr2=0x7faaa8103510 unknown :-1 s=STATE_NONE l=0).mark_down
2024-03-11T19:41:46.551 INFO:teuthology.orchestra.run.smithi107.stdout:/usr/bin/ceph: stderr
2024-03-11T19:41:45.270+0000 7faa9f400700 1 -- 172.21.15.107:0/2279943041 >> [v2:172.21.15.107:6800/3464148109,v1:172.21.15.107:6801/3464148109] conn(0x7faa8c03ca70 msgr2=0x7faa8c03ee60 unknown :-1 s=STATE_CLOSED l=1).mark_down
2024-03-11T19:41:46.551 INFO:teuthology.orchestra.run.smithi107.stdout:/usr/bin/ceph: stderr
2024-03-11T19:41:45.270+0000 7faa9f400700 1 --2- 172.21.15.107:0/2279943041 >> [v2:172.21.15.107:6800/3464148109,v1:172.21.15.107:6801/3464148109] conn(0x7faa8c03ca70 0x7faa8c03ee60 unknown :-1 s=CLOSED pgs=0 cs=0 l=1 rev1=0 crypto rx=0 tx=0 comp rx=0 tx=0).stop
2024-03-11T19:41:46.552 INFO:teuthology.orchestra.run.smithi107.stdout:/usr/bin/ceph: stderr
2024-03-11T19:41:45.270+0000 7faaaca00700 1 -- 172.21.15.107:0/2279943041 shutdown_connections
2024-03-11T19:41:46.552 INFO:teuthology.orchestra.run.smithi107.stdout:/usr/bin/ceph: stderr
2024-03-11T19:41:45.271+0000 7faaaca00700 1 -- 172.21.15.107:0/2279943041 wait complete.
2024-03-11T19:41:47.270 INFO:journalctl@ceph.mgr.x.smithi107.stdout:Mar 11 19:41:47 smithi107 ceph-1ccf666c-dfdf-11ee-95c8-87774f69a715-mgr-x[31951]:
2024-03-11T19:41:47.001+0000 7f0ac73dd200 -1 mgr[py] Module zabbix has missing NOTIFY_TYPES member
2024-03-11T19:41:47.270 INFO:journalctl@ceph.mgr.x.smithi107.stdout:Mar 11 19:41:47 smithi107 ceph-1ccf666c-dfdf-11ee-95c8-87774f69a715-mgr-x[31951]:
2024-03-11T19:41:47.125+0000 7f0ac73dd200 -1 mgr[py] Module balancer has missing NOTIFY_TYPES member
2024-03-11T19:41:47.544 INFO:journalctl@ceph.mgr.x.smithi107.stdout:Mar 11 19:41:47 smithi107 ceph-1ccf666c-dfdf-11ee-95c8-87774f69a715-mgr-x[31951]:
2024-03-11T19:41:47.302+0000 7f0ac73dd200 -1 mgr[py] Module influx has missing NOTIFY_TYPES member
2024-03-11T19:41:47.544 INFO:journalctl@ceph.mgr.x.smithi107.stdout:Mar 11 19:41:47 smithi107 ceph-1ccf666c-dfdf-11ee-95c8-87774f69a715-mgr-x[31951]:
2024-03-11T19:41:47.427+0000 7f0ac73dd200 -1 mgr[py] Module alerts has missing NOTIFY_TYPES member
2024-03-11T19:41:47.898 INFO:journalctl@ceph.mgr.x.smithi107.stdout:Mar 11 19:41:47 smithi107 ceph-1ccf666c-dfdf-11ee-95c8-87774f69a715-mgr-x[31951]:
2024-03-11T19:41:47.546+0000 7f0ac73dd200 -1 mgr[py] Module iostat has missing NOTIFY_TYPES member
2024-03-11T19:41:48.171 INFO:journalctl@ceph.mon.a.smithi107.stdout:Mar 11 19:41:48 smithi107 ceph-mon[31712]: from='client.? 172.21.15.107:0/4196988677' entity='client.admin' cmd=[{"prefix": "mgr stat"}]: dispatch
2024-03-11T19:41:48.171 INFO:journalctl@ceph.mgr.x.smithi107.stdout:Mar 11 19:41:47 smithi107 ceph-1ccf666c-dfdf-11ee-95c8-87774f69a715-mgr-x[31951]:
2024-03-11T19:41:47.894+0000 7f0ac73dd200 -1 mgr[py] Module rgw has missing NOTIFY_TYPES member
2024-03-11T19:41:48.171 INFO:journalctl@ceph.mgr.x.smithi107.stdout:Mar 11 19:41:48 smithi107 ceph-1ccf666c-dfdf-11ee-95c8-87774f69a715-mgr-x[31951]:
2024-03-11T19:41:48.044+0000 7f0ac73dd200 -1 mgr[py] Module rbd_support has missing NOTIFY_TYPES member
2024-03-11T19:41:48.171 INFO:journalctl@ceph.mgr.x.smithi107.stdout:Mar 11 19:41:48 smithi107 ceph-1ccf666c-dfdf-11ee-95c8-87774f69a715-mgr-x[31951]:
2024-03-11T19:41:48.167+0000 7f0ac73dd200 -1 mgr[py] Module progress has missing NOTIFY_TYPES member
2024-03-11T19:41:48.428 INFO:journalctl@ceph.mgr.x.smithi107.stdout:Mar 11 19:41:48 smithi107 ceph-1ccf666c-dfdf-11ee-95c8-87774f69a715-mgr-x[31951]:
2024-03-11T19:41:48.292+0000 7f0ac73dd200 -1 mgr[py] Module pg_autoscaler has missing NOTIFY_TYPES member
2024-03-11T19:41:48.688 INFO:teuthology.orchestra.run.smithi107.stdout:/usr/bin/ceph: stdout {
2024-03-11T19:41:48.688 INFO:teuthology.orchestra.run.smithi107.stdout:/usr/bin/ceph: stdout "epoch": 9,
2024-03-11T19:41:48.688 INFO:teuthology.orchestra.run.smithi107.stdout:/usr/bin/ceph: stdout "available": true,
2024-03-11T19:41:48.688 INFO:teuthology.orchestra.run.smithi107.stdout:/usr/bin/ceph: stdout "active_name": "x",
2024-03-11T19:41:48.688 INFO:teuthology.orchestra.run.smithi107.stdout:/usr/bin/ceph: stdout "num_standby": 0
2024-03-11T19:41:48.688 INFO:teuthology.orchestra.run.smithi107.stdout:/usr/bin/ceph: stdout }
2024-03-11T19:41:48.688 INFO:teuthology.orchestra.run.smithi107.stdout:/usr/bin/ceph: stderr
2024-03-11T19:41:47.731+0000 7fc5f1000700 1 Processor -- start
2024-03-11T19:41:48.688 INFO:teuthology.orchestra.run.smithi107.stdout:/usr/bin/ceph: stderr
2024-03-11T19:41:47.731+0000 7fc5f1000700 1 -- start start
2024-03-11T19:41:48.688 INFO:teuthology.orchestra.run.smithi107.stdout:/usr/bin/ceph: stderr
2024-03-11T19:41:47.731+0000 7fc5f1000700 1 --2- >> [v2:172.21.15.107:3300/0,v1:172.21.15.107:6789/0] conn(0x7fc5ec108040 0x7fc5ec10a430 unknown :-1 s=NONE pgs=0 cs=0 l=0 rev1=0 crypto rx=0 tx=0 comp rx=0 tx=0).connect
2024-03-11T19:41:48.688 INFO:teuthology.orchestra.run.smithi107.stdout:/usr/bin/ceph: stderr
2024-03-11T19:41:47.731+0000 7fc5f1000700 1 -- --> [v2:172.21.15.107:3300/0,v1:172.21.15.107:6789/0] -- mon_getmap magic: 0 v1 -- 0x7fc5ec07aed0 con 0x7fc5ec108040
2024-03-11T19:41:48.688 INFO:teuthology.orchestra.run.smithi107.stdout:/usr/bin/ceph: stderr
2024-03-11T19:41:47.732+0000 7fc5e9e00700 1 --2- >> [v2:172.21.15.107:3300/0,v1:172.21.15.107:6789/0] conn(0x7fc5ec108040 0x7fc5ec10a430 unknown :-1 s=BANNER_CONNECTING pgs=0 cs=0 l=0 rev1=0 crypto rx=0 tx=0 comp rx=0 tx=0)._handle_peer_banner_payload supported=3 required=0
2024-03-11T19:41:48.689 INFO:teuthology.orchestra.run.smithi107.stdout:/usr/bin/ceph: stderr
2024-03-11T19:41:47.732+0000 7fc5e9e00700 1 --2- >> [v2:172.21.15.107:3300/0,v1:172.21.15.107:6789/0] conn(0x7fc5ec108040 0x7fc5ec10a430 unknown :-1 s=HELLO_CONNECTING pgs=0 cs=0 l=0 rev1=1 crypto rx=0 tx=0 comp rx=0 tx=0).handle_hello peer v2:172.21.15.107:3300/0 says I am v2:172.21.15.107:41356/0 (socket says 172.21.15.107:41356)
2024-03-11T19:41:48.689 INFO:teuthology.orchestra.run.smithi107.stdout:/usr/bin/ceph: stderr
2024-03-11T19:41:47.732+0000 7fc5e9e00700 1 -- 172.21.15.107:0/2673826408 learned_addr learned my addr 172.21.15.107:0/2673826408 (peer_addr_for_me v2:172.21.15.107:0/0)
2024-03-11T19:41:48.689 INFO:teuthology.orchestra.run.smithi107.stdout:/usr/bin/ceph: stderr
2024-03-11T19:41:47.732+0000 7fc5e9e00700 1 -- 172.21.15.107:0/2673826408 --> [v2:172.21.15.107:3300/0,v1:172.21.15.107:6789/0] -- mon_subscribe({config=0+,monmap=0+}) v3 -- 0x7fc5ec10a970 con 0x7fc5ec108040
2024-03-11T19:41:48.689 INFO:teuthology.orchestra.run.smithi107.stdout:/usr/bin/ceph: stderr
2024-03-11T19:41:47.733+0000 7fc5e9e00700 1 --2- 172.21.15.107:0/2673826408 >> [v2:172.21.15.107:3300/0,v1:172.21.15.107:6789/0] conn(0x7fc5ec108040 0x7fc5ec10a430 secure :-1 s=READY pgs=59 cs=0 l=1 rev1=1 crypto rx=0x7fc5dc0098a0 tx=0x7fc5dc009bb0 comp rx=0 tx=0).ready entity=mon.0 client_cookie=7dd20f96dcb48ff4 server_cookie=0 in_seq=0 out_seq=0
2024-03-11T19:41:48.689 INFO:teuthology.orchestra.run.smithi107.stdout:/usr/bin/ceph: stderr
2024-03-11T19:41:47.733+0000 7fc5e8a00700 1 -- 172.21.15.107:0/2673826408 <== mon.0 v2:172.21.15.107:3300/0 1 ==== mon_map magic: 0 v1 ==== 205+0+0 (secure 0 0 0) 0x7fc5dc004160 con 0x7fc5ec108040
2024-03-11T19:41:48.689 INFO:teuthology.orchestra.run.smithi107.stdout:/usr/bin/ceph: stderr
2024-03-11T19:41:47.733+0000 7fc5e8a00700 1 -- 172.21.15.107:0/2673826408 <== mon.0 v2:172.21.15.107:3300/0 2 ==== config(27 keys) v1 ==== 1140+0+0 (secure 0 0 0) 0x7fc5dc0042c0 con 0x7fc5ec108040
2024-03-11T19:41:48.689 INFO:teuthology.orchestra.run.smithi107.stdout:/usr/bin/ceph: stderr
2024-03-11T19:41:47.733+0000 7fc5e8a00700 1 -- 172.21.15.107:0/2673826408 <== mon.0 v2:172.21.15.107:3300/0 3 ==== mon_map magic: 0 v1 ==== 205+0+0 (secure 0 0 0) 0x7fc5dc011a80 con 0x7fc5ec108040
2024-03-11T19:41:48.689 INFO:teuthology.orchestra.run.smithi107.stdout:/usr/bin/ceph: stderr
2024-03-11T19:41:47.734+0000 7fc5f1000700 1 -- 172.21.15.107:0/2673826408 >> [v2:172.21.15.107:3300/0,v1:172.21.15.107:6789/0] conn(0x7fc5ec108040 msgr2=0x7fc5ec10a430 secure :-1 s=STATE_CONNECTION_ESTABLISHED l=1).mark_down
2024-03-11T19:41:48.689 INFO:teuthology.orchestra.run.smithi107.stdout:/usr/bin/ceph: stderr
2024-03-11T19:41:47.734+0000 7fc5f1000700 1 --2- 172.21.15.107:0/2673826408 >> [v2:172.21.15.107:3300/0,v1:172.21.15.107:6789/0] conn(0x7fc5ec108040 0x7fc5ec10a430 secure :-1 s=READY pgs=59 cs=0 l=1 rev1=1 crypto rx=0x7fc5dc0098a0 tx=0x7fc5dc009bb0 comp rx=0 tx=0).stop
2024-03-11T19:41:48.689 INFO:teuthology.orchestra.run.smithi107.stdout:/usr/bin/ceph: stderr
2024-03-11T19:41:47.734+0000 7fc5f1000700 1 -- 172.21.15.107:0/2673826408 shutdown_connections
2024-03-11T19:41:48.689 INFO:teuthology.orchestra.run.smithi107.stdout:/usr/bin/ceph: stderr
2024-03-11T19:41:47.734+0000 7fc5f1000700 1 --2- 172.21.15.107:0/2673826408 >> [v2:172.21.15.107:3300/0,v1:172.21.15.107:6789/0] conn(0x7fc5ec108040 0x7fc5ec10a430 unknown :-1 s=CLOSED pgs=59 cs=0 l=1 rev1=1 crypto rx=0 tx=0 comp rx=0 tx=0).stop
2024-03-11T19:41:48.689 INFO:teuthology.orchestra.run.smithi107.stdout:/usr/bin/ceph: stderr
2024-03-11T19:41:47.734+0000 7fc5f1000700 1 -- 172.21.15.107:0/2673826408 >> 172.21.15.107:0/2673826408 conn(0x7fc5ec101ad0 msgr2=0x7fc5ec103ef0 unknown :-1 s=STATE_NONE l=0).mark_down
2024-03-11T19:41:48.689 INFO:teuthology.orchestra.run.smithi107.stdout:/usr/bin/ceph: stderr
2024-03-11T19:41:47.734+0000 7fc5f1000700 1 -- 172.21.15.107:0/2673826408 shutdown_connections
2024-03-11T19:41:48.689 INFO:teuthology.orchestra.run.smithi107.stdout:/usr/bin/ceph: stderr
2024-03-11T19:41:47.734+0000 7fc5f1000700 1 -- 172.21.15.107:0/2673826408 wait complete.
2024-03-11T19:41:48.690 INFO:teuthology.orchestra.run.smithi107.stdout:/usr/bin/ceph: stderr
2024-03-11T19:41:47.735+0000 7fc5f1000700 1 Processor -- start
2024-03-11T19:41:48.690 INFO:teuthology.orchestra.run.smithi107.stdout:/usr/bin/ceph: stderr
2024-03-11T19:41:47.735+0000 7fc5f1000700 1 -- start start
2024-03-11T19:41:48.690 INFO:teuthology.orchestra.run.smithi107.stdout:/usr/bin/ceph: stderr
2024-03-11T19:41:47.735+0000 7fc5f1000700 1 --2- >> [v2:172.21.15.107:3300/0,v1:172.21.15.107:6789/0] conn(0x7fc5ec108040 0x7fc5ec19b390 unknown :-1 s=NONE pgs=0 cs=0 l=1 rev1=0 crypto rx=0 tx=0 comp rx=0 tx=0).connect
2024-03-11T19:41:48.690 INFO:teuthology.orchestra.run.smithi107.stdout:/usr/bin/ceph: stderr
2024-03-11T19:41:47.735+0000 7fc5f1000700 1 -- --> [v2:172.21.15.107:3300/0,v1:172.21.15.107:6789/0] -- mon_getmap magic: 0 v1 -- 0x7fc5ec19b8d0 con 0x7fc5ec108040
2024-03-11T19:41:48.690 INFO:teuthology.orchestra.run.smithi107.stdout:/usr/bin/ceph: stderr
2024-03-11T19:41:47.736+0000 7fc5e9e00700 1 --2- >> [v2:172.21.15.107:3300/0,v1:172.21.15.107:6789/0] conn(0x7fc5ec108040 0x7fc5ec19b390 unknown :-1 s=BANNER_CONNECTING pgs=0 cs=0 l=1 rev1=0 crypto rx=0 tx=0 comp rx=0 tx=0)._handle_peer_banner_payload supported=3 required=0
2024-03-11T19:41:48.690 INFO:teuthology.orchestra.run.smithi107.stdout:/usr/bin/ceph: stderr
2024-03-11T19:41:47.736+0000 7fc5e9e00700 1 --2- >> [v2:172.21.15.107:3300/0,v1:172.21.15.107:6789/0] conn(0x7fc5ec108040 0x7fc5ec19b390 unknown :-1 s=HELLO_CONNECTING pgs=0 cs=0 l=1 rev1=1 crypto rx=0 tx=0 comp rx=0 tx=0).handle_hello peer v2:172.21.15.107:3300/0 says I am v2:172.21.15.107:41362/0 (socket says 172.21.15.107:41362)
2024-03-11T19:41:48.690 INFO:teuthology.orchestra.run.smithi107.stdout:/usr/bin/ceph: stderr
2024-03-11T19:41:47.736+0000 7fc5e9e00700 1 -- 172.21.15.107:0/4196988677 learned_addr learned my addr 172.21.15.107:0/4196988677 (peer_addr_for_me v2:172.21.15.107:0/0)
2024-03-11T19:41:48.690 INFO:teuthology.orchestra.run.smithi107.stdout:/usr/bin/ceph: stderr
2024-03-11T19:41:47.736+0000 7fc5e9e00700 1 -- 172.21.15.107:0/4196988677 --> [v2:172.21.15.107:3300/0,v1:172.21.15.107:6789/0] -- mon_subscribe({config=0+,monmap=0+}) v3 -- 0x7fc5dc009550 con 0x7fc5ec108040
2024-03-11T19:41:48.690 INFO:teuthology.orchestra.run.smithi107.stdout:/usr/bin/ceph: stderr
2024-03-11T19:41:47.736+0000 7fc5e9e00700 1 --2- 172.21.15.107:0/4196988677 >> [v2:172.21.15.107:3300/0,v1:172.21.15.107:6789/0] conn(0x7fc5ec108040 0x7fc5ec19b390 secure :-1 s=READY pgs=60 cs=0 l=1 rev1=1 crypto rx=0x7fc5dc003f20 tx=0x7fc5dc011b00 comp rx=0 tx=0).ready entity=mon.0 client_cookie=0 server_cookie=0 in_seq=0 out_seq=0
2024-03-11T19:41:48.690 INFO:teuthology.orchestra.run.smithi107.stdout:/usr/bin/ceph: stderr
2024-03-11T19:41:47.737+0000 7fc5e2a00700 1 -- 172.21.15.107:0/4196988677 <== mon.0 v2:172.21.15.107:3300/0 1 ==== mon_map magic: 0 v1 ==== 205+0+0 (secure 0 0 0) 0x7fc5dc0039f0 con 0x7fc5ec108040
2024-03-11T19:41:48.690 INFO:teuthology.orchestra.run.smithi107.stdout:/usr/bin/ceph: stderr
2024-03-11T19:41:47.737+0000 7fc5e2a00700 1 -- 172.21.15.107:0/4196988677 <== mon.0 v2:172.21.15.107:3300/0 2 ==== config(27 keys) v1 ==== 1140+0+0 (secure 0 0 0) 0x7fc5dc003b50 con 0x7fc5ec108040
2024-03-11T19:41:48.690 INFO:teuthology.orchestra.run.smithi107.stdout:/usr/bin/ceph: stderr
2024-03-11T19:41:47.737+0000 7fc5f1000700 1 -- 172.21.15.107:0/4196988677 --> [v2:172.21.15.107:3300/0,v1:172.21.15.107:6789/0] -- mon_subscribe({mgrmap=0+}) v3 -- 0x7fc5ec19bad0 con 0x7fc5ec108040
2024-03-11T19:41:48.690 INFO:teuthology.orchestra.run.smithi107.stdout:/usr/bin/ceph: stderr
2024-03-11T19:41:47.737+0000 7fc5e2a00700 1 -- 172.21.15.107:0/4196988677 <== mon.0 v2:172.21.15.107:3300/0 3 ==== mon_map magic: 0 v1 ==== 205+0+0 (secure 0 0 0) 0x7fc5dc01a6d0 con 0x7fc5ec108040
2024-03-11T19:41:48.690 INFO:teuthology.orchestra.run.smithi107.stdout:/usr/bin/ceph: stderr
2024-03-11T19:41:47.737+0000 7fc5f1000700 1 -- 172.21.15.107:0/4196988677 --> [v2:172.21.15.107:3300/0,v1:172.21.15.107:6789/0] -- mon_subscribe({osdmap=0}) v3 -- 0x7fc5ec19bf70 con 0x7fc5ec108040
2024-03-11T19:41:48.691 INFO:teuthology.orchestra.run.smithi107.stdout:/usr/bin/ceph: stderr
2024-03-11T19:41:47.738+0000 7fc5e2a00700 1 -- 172.21.15.107:0/4196988677 <== mon.0 v2:172.21.15.107:3300/0 4 ==== mgrmap(e 9) v1 ==== 45782+0+0 (secure 0 0 0) 0x7fc5dc01a940 con 0x7fc5ec108040
2024-03-11T19:41:48.691 INFO:teuthology.orchestra.run.smithi107.stdout:/usr/bin/ceph: stderr
2024-03-11T19:41:47.738+0000 7fc5f1000700 1 -- 172.21.15.107:0/4196988677 --> [v2:172.21.15.107:3300/0,v1:172.21.15.107:6789/0] -- mon_command({"prefix": "get_command_descriptions"} v 0) v1 -- 0x7fc5ec10b810 con 0x7fc5ec108040
2024-03-11T19:41:48.691 INFO:teuthology.orchestra.run.smithi107.stdout:/usr/bin/ceph: stderr
2024-03-11T19:41:47.738+0000 7fc5e2a00700 1 --2- 172.21.15.107:0/4196988677 >> [v2:172.21.15.107:6800/3464148109,v1:172.21.15.107:6801/3464148109] conn(0x7fc5d0038d10 0x7fc5d003b1d0 unknown :-1 s=NONE pgs=0 cs=0 l=1 rev1=0 crypto rx=0 tx=0 comp rx=0 tx=0).connect
2024-03-11T19:41:48.691 INFO:teuthology.orchestra.run.smithi107.stdout:/usr/bin/ceph: stderr
2024-03-11T19:41:47.738+0000 7fc5e2a00700 1 -- 172.21.15.107:0/4196988677 <== mon.0 v2:172.21.15.107:3300/0 5 ==== osd_map(2..2 src has 1..2) v4 ==== 940+0+0 (secure 0 0 0) 0x7fc5dc04d1d0 con 0x7fc5ec108040
2024-03-11T19:41:48.691 INFO:teuthology.orchestra.run.smithi107.stdout:/usr/bin/ceph: stderr
2024-03-11T19:41:47.739+0000 7fc5e9400700 1 -- 172.21.15.107:0/4196988677 >> [v2:172.21.15.107:6800/3464148109,v1:172.21.15.107:6801/3464148109] conn(0x7fc5d0038d10 msgr2=0x7fc5d003b1d0 unknown :-1 s=STATE_CONNECTING_RE l=1).process reconnect failed to v2:172.21.15.107:6800/3464148109
2024-03-11T19:41:48.691 INFO:teuthology.orchestra.run.smithi107.stdout:/usr/bin/ceph: stderr
2024-03-11T19:41:47.739+0000 7fc5e9400700 1 --2- 172.21.15.107:0/4196988677 >> [v2:172.21.15.107:6800/3464148109,v1:172.21.15.107:6801/3464148109] conn(0x7fc5d0038d10 0x7fc5d003b1d0 unknown :-1 s=START_CONNECT pgs=0 cs=0 l=1 rev1=0 crypto rx=0 tx=0 comp rx=0 tx=0)._fault waiting 0.200000
2024-03-11T19:41:48.691 INFO:teuthology.orchestra.run.smithi107.stdout:/usr/bin/ceph: stderr
2024-03-11T19:41:47.744+0000 7fc5e2a00700 1 -- 172.21.15.107:0/4196988677 <== mon.0 v2:172.21.15.107:3300/0 6 ==== mon_command_ack([{"prefix": "get_command_descriptions"}]=0 v0) v1 ==== 72+0+183564 (secure 0 0 0) 0x7fc5dc02c350 con 0x7fc5ec108040
2024-03-11T19:41:48.691 INFO:teuthology.orchestra.run.smithi107.stdout:/usr/bin/ceph: stderr
2024-03-11T19:41:47.940+0000 7fc5e9400700 1 -- 172.21.15.107:0/4196988677 >> [v2:172.21.15.107:6800/3464148109,v1:172.21.15.107:6801/3464148109] conn(0x7fc5d0038d10 msgr2=0x7fc5d003b1d0 unknown :-1 s=STATE_CONNECTING_RE l=1).process reconnect failed to v2:172.21.15.107:6800/3464148109
2024-03-11T19:41:48.691 INFO:teuthology.orchestra.run.smithi107.stdout:/usr/bin/ceph: stderr
2024-03-11T19:41:47.940+0000 7fc5e9400700 1 --2- 172.21.15.107:0/4196988677 >> [v2:172.21.15.107:6800/3464148109,v1:172.21.15.107:6801/3464148109] conn(0x7fc5d0038d10 0x7fc5d003b1d0 unknown :-1 s=START_CONNECT pgs=0 cs=0 l=1 rev1=0 crypto rx=0 tx=0 comp rx=0 tx=0)._fault waiting 0.400000
2024-03-11T19:41:48.691 INFO:teuthology.orchestra.run.smithi107.stdout:/usr/bin/ceph: stderr
2024-03-11T19:41:48.020+0000 7fc5f1000700 1 -- 172.21.15.107:0/4196988677 --> [v2:172.21.15.107:3300/0,v1:172.21.15.107:6789/0] -- mon_command({"prefix": "mgr stat"} v 0) v1 -- 0x7fc5ec19e850 con 0x7fc5ec108040
2024-03-11T19:41:48.691 INFO:teuthology.orchestra.run.smithi107.stdout:/usr/bin/ceph: stderr
2024-03-11T19:41:48.021+0000 7fc5e2a00700 1 -- 172.21.15.107:0/4196988677 <== mon.0 v2:172.21.15.107:3300/0 7 ==== mon_command_ack([{"prefix": "mgr stat"}]=0 v9) v1 ==== 56+0+88 (secure 0 0 0) 0x7fc5dc02c350 con 0x7fc5ec108040
2024-03-11T19:41:48.691 INFO:teuthology.orchestra.run.smithi107.stdout:/usr/bin/ceph: stderr
2024-03-11T19:41:48.024+0000 7fc5f1000700 1 -- 172.21.15.107:0/4196988677 >> [v2:172.21.15.107:6800/3464148109,v1:172.21.15.107:6801/3464148109] conn(0x7fc5d0038d10 msgr2=0x7fc5d003b1d0 unknown :-1 s=STATE_CONNECTING l=1).mark_down
2024-03-11T19:41:48.691 INFO:teuthology.orchestra.run.smithi107.stdout:/usr/bin/ceph: stderr
2024-03-11T19:41:48.024+0000 7fc5f1000700 1 --2- 172.21.15.107:0/4196988677 >> [v2:172.21.15.107:6800/3464148109,v1:172.21.15.107:6801/3464148109] conn(0x7fc5d0038d10 0x7fc5d003b1d0 unknown :-1 s=START_CONNECT pgs=0 cs=0 l=1 rev1=0 crypto rx=0 tx=0 comp rx=0 tx=0).stop
2024-03-11T19:41:48.691 INFO:teuthology.orchestra.run.smithi107.stdout:/usr/bin/ceph: stderr
2024-03-11T19:41:48.024+0000 7fc5f1000700 1 -- 172.21.15.107:0/4196988677 >> [v2:172.21.15.107:3300/0,v1:172.21.15.107:6789/0] conn(0x7fc5ec108040 msgr2=0x7fc5ec19b390 secure :-1 s=STATE_CONNECTION_ESTABLISHED l=1).mark_down
2024-03-11T19:41:48.692 INFO:teuthology.orchestra.run.smithi107.stdout:/usr/bin/ceph: stderr
2024-03-11T19:41:48.024+0000 7fc5f1000700 1 --2- 172.21.15.107:0/4196988677 >> [v2:172.21.15.107:3300/0,v1:172.21.15.107:6789/0] conn(0x7fc5ec108040 0x7fc5ec19b390 secure :-1 s=READY pgs=60 cs=0 l=1 rev1=1 crypto rx=0x7fc5dc003f20 tx=0x7fc5dc011b00 comp rx=0 tx=0).stop
