2024-03-11T19:43:52.154+0000 7f76637fe700 1 -- 172.21.15.3:0/1986397398 <== mon.0 v2:172.21.15.3:3300/0 5 ==== osd_map(2..2 src has 1..2) v4 ==== 940+0+0 (secure 0 0 0) 0x7f766404d0a0 con 0x7f7674107f30
2024-03-11T19:43:52.978 INFO:teuthology.orchestra.run.smithi003.stdout:/usr/bin/ceph: stderr
2024-03-11T19:43:52.154+0000 7f7671d9b700 1 --2- 172.21.15.3:0/1986397398 >> [v2:172.21.15.3:6800/3991523484,v1:172.21.15.3:6801/3991523484] conn(0x7f765c038cb0 0x7f765c03b170 unknown :-1 s=BANNER_CONNECTING pgs=0 cs=0 l=1 rev1=0 crypto rx=0 tx=0 comp rx=0 tx=0)._handle_peer_banner_payload supported=3 required=0
2024-03-11T19:43:52.978 INFO:teuthology.orchestra.run.smithi003.stdout:/usr/bin/ceph: stderr
2024-03-11T19:43:52.154+0000 7f7671d9b700 1 --2- 172.21.15.3:0/1986397398 >> [v2:172.21.15.3:6800/3991523484,v1:172.21.15.3:6801/3991523484] conn(0x7f765c038cb0 0x7f765c03b170 secure :-1 s=READY pgs=9 cs=0 l=1 rev1=1 crypto rx=0x7f7668006fd0 tx=0x7f7668006e40 comp rx=0 tx=0).ready entity=mgr.14120 client_cookie=0 server_cookie=0 in_seq=0 out_seq=0
2024-03-11T19:43:52.978 INFO:teuthology.orchestra.run.smithi003.stdout:/usr/bin/ceph: stderr
2024-03-11T19:43:52.159+0000 7f76637fe700 1 -- 172.21.15.3:0/1986397398 <== mon.0 v2:172.21.15.3:3300/0 6 ==== mon_command_ack([{"prefix": "get_command_descriptions"}]=0 v0) v1 ==== 72+0+183564 (secure 0 0 0) 0x7f766402d440 con 0x7f7674107f30
2024-03-11T19:43:52.978 INFO:teuthology.orchestra.run.smithi003.stdout:/usr/bin/ceph: stderr
2024-03-11T19:43:52.363+0000 7f767886b700 1 -- 172.21.15.3:0/1986397398 --> [v2:172.21.15.3:6800/3991523484,v1:172.21.15.3:6801/3991523484] -- mgr_command(tid 0: {"prefix": "cephadm generate-key", "target": ["mon-mgr", ""]}) v1 -- 0x7f7674102b80 con 0x7f765c038cb0
2024-03-11T19:43:52.979 INFO:teuthology.orchestra.run.smithi003.stdout:/usr/bin/ceph: stderr
2024-03-11T19:43:52.425+0000 7f76637fe700 1 -- 172.21.15.3:0/1986397398 <== mgr.14120 v2:172.21.15.3:6800/3991523484 1 ==== mgr_command_reply(tid 0: 0 ) v1 ==== 8+0+0 (secure 0 0 0) 0x7f7674102b80 con 0x7f765c038cb0
2024-03-11T19:43:52.979 INFO:teuthology.orchestra.run.smithi003.stdout:/usr/bin/ceph: stderr
2024-03-11T19:43:52.427+0000 7f767886b700 1 -- 172.21.15.3:0/1986397398 >> [v2:172.21.15.3:6800/3991523484,v1:172.21.15.3:6801/3991523484] conn(0x7f765c038cb0 msgr2=0x7f765c03b170 secure :-1 s=STATE_CONNECTION_ESTABLISHED l=1).mark_down
2024-03-11T19:43:52.979 INFO:teuthology.orchestra.run.smithi003.stdout:/usr/bin/ceph: stderr
2024-03-11T19:43:52.427+0000 7f767886b700 1 --2- 172.21.15.3:0/1986397398 >> [v2:172.21.15.3:6800/3991523484,v1:172.21.15.3:6801/3991523484] conn(0x7f765c038cb0 0x7f765c03b170 secure :-1 s=READY pgs=9 cs=0 l=1 rev1=1 crypto rx=0x7f7668006fd0 tx=0x7f7668006e40 comp rx=0 tx=0).stop
2024-03-11T19:43:52.979 INFO:teuthology.orchestra.run.smithi003.stdout:/usr/bin/ceph: stderr
2024-03-11T19:43:52.427+0000 7f767886b700 1 -- 172.21.15.3:0/1986397398 >> [v2:172.21.15.3:3300/0,v1:172.21.15.3:6789/0] conn(0x7f7674107f30 msgr2=0x7f767419b1d0 secure :-1 s=STATE_CONNECTION_ESTABLISHED l=1).mark_down
2024-03-11T19:43:52.979 INFO:teuthology.orchestra.run.smithi003.stdout:/usr/bin/ceph: stderr
2024-03-11T19:43:52.427+0000 7f767886b700 1 --2- 172.21.15.3:0/1986397398 >> [v2:172.21.15.3:3300/0,v1:172.21.15.3:6789/0] conn(0x7f7674107f30 0x7f767419b1d0 secure :-1 s=READY pgs=42 cs=0 l=1 rev1=1 crypto rx=0x7f7664006af0 tx=0x7f7664011ab0 comp rx=0 tx=0).stop
2024-03-11T19:43:52.979 INFO:teuthology.orchestra.run.smithi003.stdout:/usr/bin/ceph: stderr
2024-03-11T19:43:52.427+0000 7f767886b700 1 -- 172.21.15.3:0/1986397398 shutdown_connections
2024-03-11T19:43:52.979 INFO:teuthology.orchestra.run.smithi003.stdout:/usr/bin/ceph: stderr
2024-03-11T19:43:52.427+0000 7f767886b700 1 --2- 172.21.15.3:0/1986397398 >> [v2:172.21.15.3:6800/3991523484,v1:172.21.15.3:6801/3991523484] conn(0x7f765c038cb0 0x7f765c03b170 unknown :-1 s=CLOSED pgs=9 cs=0 l=1 rev1=1 crypto rx=0 tx=0 comp rx=0 tx=0).stop
2024-03-11T19:43:52.979 INFO:teuthology.orchestra.run.smithi003.stdout:/usr/bin/ceph: stderr
2024-03-11T19:43:52.427+0000 7f767886b700 1 --2- 172.21.15.3:0/1986397398 >> [v2:172.21.15.3:3300/0,v1:172.21.15.3:6789/0] conn(0x7f7674107f30 0x7f767419b1d0 unknown :-1 s=CLOSED pgs=42 cs=0 l=1 rev1=1 crypto rx=0 tx=0 comp rx=0 tx=0).stop
2024-03-11T19:43:52.979 INFO:teuthology.orchestra.run.smithi003.stdout:/usr/bin/ceph: stderr
2024-03-11T19:43:52.427+0000 7f767886b700 1 -- 172.21.15.3:0/1986397398 >> 172.21.15.3:0/1986397398 conn(0x7f7674101980 msgr2=0x7f7674102470 unknown :-1 s=STATE_NONE l=0).mark_down
2024-03-11T19:43:52.979 INFO:teuthology.orchestra.run.smithi003.stdout:/usr/bin/ceph: stderr
2024-03-11T19:43:52.427+0000 7f767886b700 1 -- 172.21.15.3:0/1986397398 shutdown_connections
2024-03-11T19:43:52.979 INFO:teuthology.orchestra.run.smithi003.stdout:/usr/bin/ceph: stderr
2024-03-11T19:43:52.427+0000 7f767886b700 1 -- 172.21.15.3:0/1986397398 wait complete.
2024-03-11T19:43:53.610 INFO:journalctl@ceph.mon.a.smithi003.stdout:Mar 11 19:43:53 smithi003 ceph-mon[31927]: from='client.14136 -' entity='client.admin' cmd=[{"prefix": "cephadm generate-key", "target": ["mon-mgr", ""]}]: dispatch
2024-03-11T19:43:53.611 INFO:journalctl@ceph.mon.a.smithi003.stdout:Mar 11 19:43:53 smithi003 ceph-mon[31927]: Generating ssh key...
2024-03-11T19:43:53.611 INFO:journalctl@ceph.mon.a.smithi003.stdout:Mar 11 19:43:53 smithi003 ceph-mon[31927]: from='mgr.14120 172.21.15.3:0/443092771' entity='mgr.x'
2024-03-11T19:43:53.611 INFO:journalctl@ceph.mon.a.smithi003.stdout:Mar 11 19:43:53 smithi003 ceph-mon[31927]: from='mgr.14120 172.21.15.3:0/443092771' entity='mgr.x'
2024-03-11T19:43:54.232 INFO:teuthology.orchestra.run.smithi003.stdout:/usr/bin/ceph: stdout ssh-rsa AAAAB3NzaC1yc2EAAAADAQABAAABgQDFHRJWcyx9X6XaFRQwL/fMu1V4CUz1xzh35BkuozQvLBCSfa7Pwq8x8HzfRc6ghPqTay30ksrMHsCsbWIXSEQT19O/q+faNNwTQFdUzyTH/Eaz8AUwcDVjssJ/tdEsFjWuKfQ6Bm09wkvNDkUmA3rPdTCneek9hZ3SpwEZSdnPEPXMnuN0Q+rcUpwANCLgzrg68/P40LRuzoYgBugLVw75ijGRiuk5eDHRAwEFyqGzcJ1Sh5sq23DFy/h4tnnxAcdbvmwU8bGSQ+WEvR4D62Dib2B1X4SkL2NarNEdmieru0gwj1SVvr7e7TkjkFehRnDTW2kIc39LAj1gpk7ax5u8oYKe01u2GsUyeDysgci+tv4bCCGjyLgfhZBw7kNniy5bx94IJbF3J+LZXZyUgpDwL/gtN+d4/ncT+NqS1I4YhyUZuTYqwouz1AHolIZfpM4qMxW3SCy4xlmAelsqoXZllRxPYvi79RcD1ZSDyYDDI8ujBIzYhV/jyvb2naVJsEs= ceph-735e58e4-dfdf-11ee-95c8-87774f69a715
2024-03-11T19:43:54.232 INFO:teuthology.orchestra.run.smithi003.stdout:/usr/bin/ceph: stderr
2024-03-11T19:43:53.378+0000 7fa4077d7700 1 Processor -- start
2024-03-11T19:43:54.232 INFO:teuthology.orchestra.run.smithi003.stdout:/usr/bin/ceph: stderr
2024-03-11T19:43:53.378+0000 7fa4077d7700 1 -- start start
2024-03-11T19:43:54.233 INFO:teuthology.orchestra.run.smithi003.stdout:/usr/bin/ceph: stderr
2024-03-11T19:43:53.378+0000 7fa4077d7700 1 --2- >> [v2:172.21.15.3:3300/0,v1:172.21.15.3:6789/0] conn(0x7fa400106380 0x7fa4001067a0 unknown :-1 s=NONE pgs=0 cs=0 l=0 rev1=0 crypto rx=0 tx=0 comp rx=0 tx=0).connect
2024-03-11T19:43:54.233 INFO:teuthology.orchestra.run.smithi003.stdout:/usr/bin/ceph: stderr
2024-03-11T19:43:53.378+0000 7fa4077d7700 1 -- --> [v2:172.21.15.3:3300/0,v1:172.21.15.3:6789/0] -- mon_getmap magic: 0 v1 -- 0x7fa400106d70 con 0x7fa400106380
2024-03-11T19:43:54.233 INFO:teuthology.orchestra.run.smithi003.stdout:/usr/bin/ceph: stderr
2024-03-11T19:43:53.379+0000 7fa405573700 1 --2- >> [v2:172.21.15.3:3300/0,v1:172.21.15.3:6789/0] conn(0x7fa400106380 0x7fa4001067a0 unknown :-1 s=BANNER_CONNECTING pgs=0 cs=0 l=0 rev1=0 crypto rx=0 tx=0 comp rx=0 tx=0)._handle_peer_banner_payload supported=3 required=0
2024-03-11T19:43:54.233 INFO:teuthology.orchestra.run.smithi003.stdout:/usr/bin/ceph: stderr
2024-03-11T19:43:53.379+0000 7fa405573700 1 --2- >> [v2:172.21.15.3:3300/0,v1:172.21.15.3:6789/0] conn(0x7fa400106380 0x7fa4001067a0 unknown :-1 s=HELLO_CONNECTING pgs=0 cs=0 l=0 rev1=1 crypto rx=0 tx=0 comp rx=0 tx=0).handle_hello peer v2:172.21.15.3:3300/0 says I am v2:172.21.15.3:42816/0 (socket says 172.21.15.3:42816)
2024-03-11T19:43:54.233 INFO:teuthology.orchestra.run.smithi003.stdout:/usr/bin/ceph: stderr
2024-03-11T19:43:53.379+0000 7fa405573700 1 -- 172.21.15.3:0/17124126 learned_addr learned my addr 172.21.15.3:0/17124126 (peer_addr_for_me v2:172.21.15.3:0/0)
2024-03-11T19:43:54.233 INFO:teuthology.orchestra.run.smithi003.stdout:/usr/bin/ceph: stderr
2024-03-11T19:43:53.379+0000 7fa405573700 1 -- 172.21.15.3:0/17124126 --> [v2:172.21.15.3:3300/0,v1:172.21.15.3:6789/0] -- mon_subscribe({config=0+,monmap=0+}) v3 -- 0x7fa400107580 con 0x7fa400106380
2024-03-11T19:43:54.233 INFO:teuthology.orchestra.run.smithi003.stdout:/usr/bin/ceph: stderr
2024-03-11T19:43:53.379+0000 7fa405573700 1 --2- 172.21.15.3:0/17124126 >> [v2:172.21.15.3:3300/0,v1:172.21.15.3:6789/0] conn(0x7fa400106380 0x7fa4001067a0 secure :-1 s=READY pgs=43 cs=0 l=1 rev1=1 crypto rx=0x7fa3f8009e80 tx=0x7fa3f800b330 comp rx=0 tx=0).ready entity=mon.0 client_cookie=949f7e9993e588dd server_cookie=0 in_seq=0 out_seq=0
2024-03-11T19:43:54.233 INFO:teuthology.orchestra.run.smithi003.stdout:/usr/bin/ceph: stderr
2024-03-11T19:43:53.379+0000 7fa3fffff700 1 -- 172.21.15.3:0/17124126 <== mon.0 v2:172.21.15.3:3300/0 1 ==== mon_map magic: 0 v1 ==== 205+0+0 (secure 0 0 0) 0x7fa3f800e070 con 0x7fa400106380
2024-03-11T19:43:54.233 INFO:teuthology.orchestra.run.smithi003.stdout:/usr/bin/ceph: stderr
2024-03-11T19:43:53.379+0000 7fa3fffff700 1 -- 172.21.15.3:0/17124126 <== mon.0 v2:172.21.15.3:3300/0 2 ==== config(26 keys) v1 ==== 1071+0+0 (secure 0 0 0) 0x7fa3f800b8c0 con 0x7fa400106380
2024-03-11T19:43:54.233 INFO:teuthology.orchestra.run.smithi003.stdout:/usr/bin/ceph: stderr
2024-03-11T19:43:53.379+0000 7fa3fffff700 1 -- 172.21.15.3:0/17124126 <== mon.0 v2:172.21.15.3:3300/0 3 ==== mon_map magic: 0 v1 ==== 205+0+0 (secure 0 0 0) 0x7fa3f80044b0 con 0x7fa400106380
2024-03-11T19:43:54.233 INFO:teuthology.orchestra.run.smithi003.stdout:/usr/bin/ceph: stderr
2024-03-11T19:43:53.380+0000 7fa4077d7700 1 -- 172.21.15.3:0/17124126 >> [v2:172.21.15.3:3300/0,v1:172.21.15.3:6789/0] conn(0x7fa400106380 msgr2=0x7fa4001067a0 secure :-1 s=STATE_CONNECTION_ESTABLISHED l=1).mark_down
2024-03-11T19:43:54.233 INFO:teuthology.orchestra.run.smithi003.stdout:/usr/bin/ceph: stderr
2024-03-11T19:43:53.380+0000 7fa4077d7700 1 --2- 172.21.15.3:0/17124126 >> [v2:172.21.15.3:3300/0,v1:172.21.15.3:6789/0] conn(0x7fa400106380 0x7fa4001067a0 secure :-1 s=READY pgs=43 cs=0 l=1 rev1=1 crypto rx=0x7fa3f8009e80 tx=0x7fa3f800b330 comp rx=0 tx=0).stop
2024-03-11T19:43:54.233 INFO:teuthology.orchestra.run.smithi003.stdout:/usr/bin/ceph: stderr
2024-03-11T19:43:53.380+0000 7fa4077d7700 1 -- 172.21.15.3:0/17124126 shutdown_connections
2024-03-11T19:43:54.234 INFO:teuthology.orchestra.run.smithi003.stdout:/usr/bin/ceph: stderr
2024-03-11T19:43:53.380+0000 7fa4077d7700 1 --2- 172.21.15.3:0/17124126 >> [v2:172.21.15.3:3300/0,v1:172.21.15.3:6789/0] conn(0x7fa400106380 0x7fa4001067a0 unknown :-1 s=CLOSED pgs=43 cs=0 l=1 rev1=1 crypto rx=0 tx=0 comp rx=0 tx=0).stop
2024-03-11T19:43:54.234 INFO:teuthology.orchestra.run.smithi003.stdout:/usr/bin/ceph: stderr
2024-03-11T19:43:53.380+0000 7fa4077d7700 1 -- 172.21.15.3:0/17124126 >> 172.21.15.3:0/17124126 conn(0x7fa400101980 msgr2=0x7fa400103da0 unknown :-1 s=STATE_NONE l=0).mark_down
2024-03-11T19:43:54.234 INFO:teuthology.orchestra.run.smithi003.stdout:/usr/bin/ceph: stderr
2024-03-11T19:43:53.380+0000 7fa4077d7700 1 -- 172.21.15.3:0/17124126 shutdown_connections
2024-03-11T19:43:54.234 INFO:teuthology.orchestra.run.smithi003.stdout:/usr/bin/ceph: stderr
2024-03-11T19:43:53.380+0000 7fa4077d7700 1 -- 172.21.15.3:0/17124126 wait complete.
2024-03-11T19:43:54.234 INFO:teuthology.orchestra.run.smithi003.stdout:/usr/bin/ceph: stderr
2024-03-11T19:43:53.381+0000 7fa4077d7700 1 Processor -- start
2024-03-11T19:43:54.234 INFO:teuthology.orchestra.run.smithi003.stdout:/usr/bin/ceph: stderr
2024-03-11T19:43:53.381+0000 7fa4077d7700 1 -- start start
2024-03-11T19:43:54.234 INFO:teuthology.orchestra.run.smithi003.stdout:/usr/bin/ceph: stderr
2024-03-11T19:43:53.381+0000 7fa4077d7700 1 --2- >> [v2:172.21.15.3:3300/0,v1:172.21.15.3:6789/0] conn(0x7fa400106380 0x7fa400191430 unknown :-1 s=NONE pgs=0 cs=0 l=1 rev1=0 crypto rx=0 tx=0 comp rx=0 tx=0).connect
2024-03-11T19:43:54.234 INFO:teuthology.orchestra.run.smithi003.stdout:/usr/bin/ceph: stderr
2024-03-11T19:43:53.381+0000 7fa4077d7700 1 -- --> [v2:172.21.15.3:3300/0,v1:172.21.15.3:6789/0] -- mon_getmap magic: 0 v1 -- 0x7fa400191970 con 0x7fa400106380
2024-03-11T19:43:54.234 INFO:teuthology.orchestra.run.smithi003.stdout:/usr/bin/ceph: stderr
2024-03-11T19:43:53.381+0000 7fa405573700 1 --2- >> [v2:172.21.15.3:3300/0,v1:172.21.15.3:6789/0] conn(0x7fa400106380 0x7fa400191430 unknown :-1 s=BANNER_CONNECTING pgs=0 cs=0 l=1 rev1=0 crypto rx=0 tx=0 comp rx=0 tx=0)._handle_peer_banner_payload supported=3 required=0
2024-03-11T19:43:54.234 INFO:teuthology.orchestra.run.smithi003.stdout:/usr/bin/ceph: stderr
2024-03-11T19:43:53.381+0000 7fa405573700 1 --2- >> [v2:172.21.15.3:3300/0,v1:172.21.15.3:6789/0] conn(0x7fa400106380 0x7fa400191430 unknown :-1 s=HELLO_CONNECTING pgs=0 cs=0 l=1 rev1=1 crypto rx=0 tx=0 comp rx=0 tx=0).handle_hello peer v2:172.21.15.3:3300/0 says I am v2:172.21.15.3:42824/0 (socket says 172.21.15.3:42824)
2024-03-11T19:43:54.234 INFO:teuthology.orchestra.run.smithi003.stdout:/usr/bin/ceph: stderr
2024-03-11T19:43:53.381+0000 7fa405573700 1 -- 172.21.15.3:0/402621242 learned_addr learned my addr 172.21.15.3:0/402621242 (peer_addr_for_me v2:172.21.15.3:0/0)
2024-03-11T19:43:54.234 INFO:teuthology.orchestra.run.smithi003.stdout:/usr/bin/ceph: stderr
2024-03-11T19:43:53.381+0000 7fa405573700 1 -- 172.21.15.3:0/402621242 --> [v2:172.21.15.3:3300/0,v1:172.21.15.3:6789/0] -- mon_subscribe({config=0+,monmap=0+}) v3 -- 0x7fa3f8009b30 con 0x7fa400106380
2024-03-11T19:43:54.234 INFO:teuthology.orchestra.run.smithi003.stdout:/usr/bin/ceph: stderr
2024-03-11T19:43:53.381+0000 7fa405573700 1 --2- 172.21.15.3:0/402621242 >> [v2:172.21.15.3:3300/0,v1:172.21.15.3:6789/0] conn(0x7fa400106380 0x7fa400191430 secure :-1 s=READY pgs=44 cs=0 l=1 rev1=1 crypto rx=0x7fa3f8000f80 tx=0x7fa3f8004600 comp rx=0 tx=0).ready entity=mon.0 client_cookie=0 server_cookie=0 in_seq=0 out_seq=0
2024-03-11T19:43:54.234 INFO:teuthology.orchestra.run.smithi003.stdout:/usr/bin/ceph: stderr
2024-03-11T19:43:53.381+0000 7fa3fe7fc700 1 -- 172.21.15.3:0/402621242 <== mon.0 v2:172.21.15.3:3300/0 1 ==== mon_map magic: 0 v1 ==== 205+0+0 (secure 0 0 0) 0x7fa3f800e040 con 0x7fa400106380
2024-03-11T19:43:54.235 INFO:teuthology.orchestra.run.smithi003.stdout:/usr/bin/ceph: stderr
2024-03-11T19:43:53.381+0000 7fa3fe7fc700 1 -- 172.21.15.3:0/402621242 <== mon.0 v2:172.21.15.3:3300/0 2 ==== config(26 keys) v1 ==== 1071+0+0 (secure 0 0 0) 0x7fa3f800bd70 con 0x7fa400106380
2024-03-11T19:43:54.235 INFO:teuthology.orchestra.run.smithi003.stdout:/usr/bin/ceph: stderr
2024-03-11T19:43:53.381+0000 7fa3fe7fc700 1 -- 172.21.15.3:0/402621242 <== mon.0 v2:172.21.15.3:3300/0 3 ==== mon_map magic: 0 v1 ==== 205+0+0 (secure 0 0 0) 0x7fa3f801c770 con 0x7fa400106380
2024-03-11T19:43:54.235 INFO:teuthology.orchestra.run.smithi003.stdout:/usr/bin/ceph: stderr
2024-03-11T19:43:53.381+0000 7fa4077d7700 1 -- 172.21.15.3:0/402621242 --> [v2:172.21.15.3:3300/0,v1:172.21.15.3:6789/0] -- mon_subscribe({mgrmap=0+}) v3 -- 0x7fa40018fb60 con 0x7fa400106380
2024-03-11T19:43:54.235 INFO:teuthology.orchestra.run.smithi003.stdout:/usr/bin/ceph: stderr
2024-03-11T19:43:53.382+0000 7fa4077d7700 1 -- 172.21.15.3:0/402621242 --> [v2:172.21.15.3:3300/0,v1:172.21.15.3:6789/0] -- mon_subscribe({osdmap=0}) v3 -- 0x7fa400190060 con 0x7fa400106380
2024-03-11T19:43:54.235 INFO:teuthology.orchestra.run.smithi003.stdout:/usr/bin/ceph: stderr
2024-03-11T19:43:53.382+0000 7fa3fe7fc700 1 -- 172.21.15.3:0/402621242 <== mon.0 v2:172.21.15.3:3300/0 4 ==== mgrmap(e 8) v1 ==== 45769+0+0 (secure 0 0 0) 0x7fa3f8012bc0 con 0x7fa400106380
2024-03-11T19:43:54.235 INFO:teuthology.orchestra.run.smithi003.stdout:/usr/bin/ceph: stderr
2024-03-11T19:43:53.383+0000 7fa3fe7fc700 1 --2- 172.21.15.3:0/402621242 >> [v2:172.21.15.3:6800/3991523484,v1:172.21.15.3:6801/3991523484] conn(0x7fa3e8038d50 0x7fa3e803b210 unknown :-1 s=NONE pgs=0 cs=0 l=1 rev1=0 crypto rx=0 tx=0 comp rx=0 tx=0).connect
2024-03-11T19:43:54.235 INFO:teuthology.orchestra.run.smithi003.stdout:/usr/bin/ceph: stderr
2024-03-11T19:43:53.383+0000 7fa3fe7fc700 1 -- 172.21.15.3:0/402621242 <== mon.0 v2:172.21.15.3:3300/0 5 ==== osd_map(2..2 src has 1..2) v4 ==== 940+0+0 (secure 0 0 0) 0x7fa3f804cc70 con 0x7fa400106380
2024-03-11T19:43:54.235 INFO:teuthology.orchestra.run.smithi003.stdout:/usr/bin/ceph: stderr
2024-03-11T19:43:53.383+0000 7fa4077d7700 1 -- 172.21.15.3:0/402621242 --> [v2:172.21.15.3:3300/0,v1:172.21.15.3:6789/0] -- mon_command({"prefix": "get_command_descriptions"} v 0) v1 -- 0x7fa4000632a0 con 0x7fa400106380
2024-03-11T19:43:54.235 INFO:teuthology.orchestra.run.smithi003.stdout:/usr/bin/ceph: stderr
2024-03-11T19:43:53.383+0000 7fa404d72700 1 --2- 172.21.15.3:0/402621242 >> [v2:172.21.15.3:6800/3991523484,v1:172.21.15.3:6801/3991523484] conn(0x7fa3e8038d50 0x7fa3e803b210 unknown :-1 s=BANNER_CONNECTING pgs=0 cs=0 l=1 rev1=0 crypto rx=0 tx=0 comp rx=0 tx=0)._handle_peer_banner_payload supported=3 required=0
2024-03-11T19:43:54.235 INFO:teuthology.orchestra.run.smithi003.stdout:/usr/bin/ceph: stderr
2024-03-11T19:43:53.383+0000 7fa404d72700 1 --2- 172.21.15.3:0/402621242 >> [v2:172.21.15.3:6800/3991523484,v1:172.21.15.3:6801/3991523484] conn(0x7fa3e8038d50 0x7fa3e803b210 secure :-1 s=READY pgs=10 cs=0 l=1 rev1=1 crypto rx=0x7fa3f4006fd0 tx=0x7fa3f4006e40 comp rx=0 tx=0).ready entity=mgr.14120 client_cookie=0 server_cookie=0 in_seq=0 out_seq=0
2024-03-11T19:43:54.235 INFO:teuthology.orchestra.run.smithi003.stdout:/usr/bin/ceph: stderr
2024-03-11T19:43:53.388+0000 7fa3fe7fc700 1 -- 172.21.15.3:0/402621242 <== mon.0 v2:172.21.15.3:3300/0 6 ==== mon_command_ack([{"prefix": "get_command_descriptions"}]=0 v0) v1 ==== 72+0+183564 (secure 0 0 0) 0x7fa3f802a070 con 0x7fa400106380
2024-03-11T19:43:54.235 INFO:teuthology.orchestra.run.smithi003.stdout:/usr/bin/ceph: stderr
2024-03-11T19:43:53.593+0000 7fa4077d7700 1 -- 172.21.15.3:0/402621242 --> [v2:172.21.15.3:6800/3991523484,v1:172.21.15.3:6801/3991523484] -- mgr_command(tid 0: {"prefix": "cephadm get-pub-key", "target": ["mon-mgr", ""]}) v1 -- 0x7fa400194ef0 con 0x7fa3e8038d50
2024-03-11T19:43:54.235 INFO:teuthology.orchestra.run.smithi003.stdout:/usr/bin/ceph: stderr
2024-03-11T19:43:53.593+0000 7fa3fe7fc700 1 -- 172.21.15.3:0/402621242 <== mgr.14120 v2:172.21.15.3:6800/3991523484 1 ==== mgr_command_reply(tid 0: 0 ) v1 ==== 8+0+595 (secure 0 0 0) 0x7fa400194ef0 con 0x7fa3e8038d50
2024-03-11T19:43:54.235 INFO:teuthology.orchestra.run.smithi003.stdout:/usr/bin/ceph: stderr
2024-03-11T19:43:53.595+0000 7fa4077d7700 1 -- 172.21.15.3:0/402621242 >> [v2:172.21.15.3:6800/3991523484,v1:172.21.15.3:6801/3991523484] conn(0x7fa3e8038d50 msgr2=0x7fa3e803b210 secure :-1 s=STATE_CONNECTION_ESTABLISHED l=1).mark_down
2024-03-11T19:43:54.236 INFO:teuthology.orchestra.run.smithi003.stdout:/usr/bin/ceph: stderr
2024-03-11T19:43:53.595+0000 7fa4077d7700 1 --2- 172.21.15.3:0/402621242 >> [v2:172.21.15.3:6800/3991523484,v1:172.21.15.3:6801/3991523484] conn(0x7fa3e8038d50 0x7fa3e803b210 secure :-1 s=READY pgs=10 cs=0 l=1 rev1=1 crypto rx=0x7fa3f4006fd0 tx=0x7fa3f4006e40 comp rx=0 tx=0).stop
2024-03-11T19:43:54.236 INFO:teuthology.orchestra.run.smithi003.stdout:/usr/bin/ceph: stderr
2024-03-11T19:43:53.595+0000 7fa4077d7700 1 -- 172.21.15.3:0/402621242 >> [v2:172.21.15.3:3300/0,v1:172.21.15.3:6789/0] conn(0x7fa400106380 msgr2=0x7fa400191430 secure :-1 s=STATE_CONNECTION_ESTABLISHED l=1).mark_down
2024-03-11T19:43:54.236 INFO:teuthology.orchestra.run.smithi003.stdout:/usr/bin/ceph: stderr
2024-03-11T19:43:53.595+0000 7fa4077d7700 1 --2- 172.21.15.3:0/402621242 >> [v2:172.21.15.3:3300/0,v1:172.21.15.3:6789/0] conn(0x7fa400106380 0x7fa400191430 secure :-1 s=READY pgs=44 cs=0 l=1 rev1=1 crypto rx=0x7fa3f8000f80 tx=0x7fa3f8004600 comp rx=0 tx=0).stop
2024-03-11T19:43:54.236 INFO:teuthology.orchestra.run.smithi003.stdout:/usr/bin/ceph: stderr
2024-03-11T19:43:53.595+0000 7fa4077d7700 1 -- 172.21.15.3:0/402621242 shutdown_connections
2024-03-11T19:43:54.236 INFO:teuthology.orchestra.run.smithi003.stdout:/usr/bin/ceph: stderr
2024-03-11T19:43:53.595+0000 7fa4077d7700 1 --2- 172.21.15.3:0/402621242 >> [v2:172.21.15.3:6800/3991523484,v1:172.21.15.3:6801/3991523484] conn(0x7fa3e8038d50 0x7fa3e803b210 unknown :-1 s=CLOSED pgs=10 cs=0 l=1 rev1=1 crypto rx=0 tx=0 comp rx=0 tx=0).stop
2024-03-11T19:43:54.236 INFO:teuthology.orchestra.run.smithi003.stdout:/usr/bin/ceph: stderr
2024-03-11T19:43:53.595+0000 7fa4077d7700 1 --2- 172.21.15.3:0/402621242 >> [v2:172.21.15.3:3300/0,v1:172.21.15.3:6789/0] conn(0x7fa400106380 0x7fa400191430 unknown :-1 s=CLOSED pgs=44 cs=0 l=1 rev1=1 crypto rx=0 tx=0 comp rx=0 tx=0).stop
2024-03-11T19:43:54.236 INFO:teuthology.orchestra.run.smithi003.stdout:/usr/bin/ceph: stderr
2024-03-11T19:43:53.595+0000 7fa4077d7700 1 -- 172.21.15.3:0/402621242 >> 172.21.15.3:0/402621242 conn(0x7fa400101980 msgr2=0x7fa4001027e0 unknown :-1 s=STATE_NONE l=0).mark_down
2024-03-11T19:43:54.236 INFO:teuthology.orchestra.run.smithi003.stdout:/usr/bin/ceph: stderr
2024-03-11T19:43:53.595+0000 7fa4077d7700 1 -- 172.21.15.3:0/402621242 shutdown_connections
2024-03-11T19:43:54.236 INFO:teuthology.orchestra.run.smithi003.stdout:/usr/bin/ceph: stderr
2024-03-11T19:43:53.595+0000 7fa4077d7700 1 -- 172.21.15.3:0/402621242 wait complete.
2024-03-11T19:43:54.236 INFO:teuthology.orchestra.run.smithi003.stdout:Wrote public SSH key to /home/ubuntu/cephtest/ceph.pub
2024-03-11T19:43:54.236 INFO:teuthology.orchestra.run.smithi003.stdout:Adding key to root@localhost authorized_keys...
2024-03-11T19:43:54.236 INFO:teuthology.orchestra.run.smithi003.stdout:Adding host smithi003...
2024-03-11T19:43:54.610 INFO:journalctl@ceph.mon.a.smithi003.stdout:Mar 11 19:43:54 smithi003 ceph-mon[31927]: from='client.14138 -' entity='client.admin' cmd=[{"prefix": "cephadm get-pub-key", "target": ["mon-mgr", ""]}]: dispatch
2024-03-11T19:43:55.681 INFO:journalctl@ceph.mon.a.smithi003.stdout:Mar 11 19:43:55 smithi003 ceph-mon[31927]: from='client.14140 -' entity='client.admin' cmd=[{"prefix": "orch host add", "hostname": "smithi003", "addr": "172.21.15.3", "target": ["mon-mgr", ""]}]: dispatch
2024-03-11T19:43:56.931 INFO:journalctl@ceph.mon.a.smithi003.stdout:Mar 11 19:43:56 smithi003 ceph-mon[31927]: Deploying cephadm binary to smithi003
2024-03-11T19:43:59.840 INFO:teuthology.orchestra.run.smithi003.stdout:/usr/bin/ceph: stdout Added host 'smithi003' with addr '172.21.15.3'
2024-03-11T19:43:59.840 INFO:teuthology.orchestra.run.smithi003.stdout:/usr/bin/ceph: stderr
2024-03-11T19:43:54.641+0000 7f473570c700 1 Processor -- start
2024-03-11T19:43:59.840 INFO:teuthology.orchestra.run.smithi003.stdout:/usr/bin/ceph: stderr
2024-03-11T19:43:54.641+0000 7f473570c700 1 -- start start
2024-03-11T19:43:59.840 INFO:teuthology.orchestra.run.smithi003.stdout:/usr/bin/ceph: stderr
2024-03-11T19:43:54.642+0000 7f473570c700 1 --2- >> [v2:172.21.15.3:3300/0,v1:172.21.15.3:6789/0] conn(0x7f47301074d0 0x7f47301078f0 unknown :-1 s=NONE pgs=0 cs=0 l=0 rev1=0 crypto rx=0 tx=0 comp rx=0 tx=0).connect
2024-03-11T19:43:59.840 INFO:teuthology.orchestra.run.smithi003.stdout:/usr/bin/ceph: stderr
2024-03-11T19:43:54.642+0000 7f473570c700 1 -- --> [v2:172.21.15.3:3300/0,v1:172.21.15.3:6789/0] -- mon_getmap magic: 0 v1 -- 0x7f4730107ec0 con 0x7f47301074d0
2024-03-11T19:43:59.840 INFO:teuthology.orchestra.run.smithi003.stdout:/usr/bin/ceph: stderr
2024-03-11T19:43:54.642+0000 7f472effd700 1 --2- >> [v2:172.21.15.3:3300/0,v1:172.21.15.3:6789/0] conn(0x7f47301074d0 0x7f47301078f0 unknown :-1 s=BANNER_CONNECTING pgs=0 cs=0 l=0 rev1=0 crypto rx=0 tx=0 comp rx=0 tx=0)._handle_peer_banner_payload supported=3 required=0
2024-03-11T19:43:59.840 INFO:teuthology.orchestra.run.smithi003.stdout:/usr/bin/ceph: stderr
2024-03-11T19:43:54.642+0000 7f472effd700 1 --2- >> [v2:172.21.15.3:3300/0,v1:172.21.15.3:6789/0] conn(0x7f47301074d0 0x7f47301078f0 unknown :-1 s=HELLO_CONNECTING pgs=0 cs=0 l=0 rev1=1 crypto rx=0 tx=0 comp rx=0 tx=0).handle_hello peer v2:172.21.15.3:3300/0 says I am v2:172.21.15.3:42828/0 (socket says 172.21.15.3:42828)
2024-03-11T19:43:59.840 INFO:teuthology.orchestra.run.smithi003.stdout:/usr/bin/ceph: stderr
2024-03-11T19:43:54.642+0000 7f472effd700 1 -- 172.21.15.3:0/1090781376 learned_addr learned my addr 172.21.15.3:0/1090781376 (peer_addr_for_me v2:172.21.15.3:0/0)
2024-03-11T19:43:59.841 INFO:teuthology.orchestra.run.smithi003.stdout:/usr/bin/ceph: stderr
2024-03-11T19:43:54.642+0000 7f472effd700 1 -- 172.21.15.3:0/1090781376 --> [v2:172.21.15.3:3300/0,v1:172.21.15.3:6789/0] -- mon_subscribe({config=0+,monmap=0+}) v3 -- 0x7f4730108680 con 0x7f47301074d0
2024-03-11T19:43:59.841 INFO:teuthology.orchestra.run.smithi003.stdout:/usr/bin/ceph: stderr
2024-03-11T19:43:54.642+0000 7f472effd700 1 --2- 172.21.15.3:0/1090781376 >> [v2:172.21.15.3:3300/0,v1:172.21.15.3:6789/0] conn(0x7f47301074d0 0x7f47301078f0 secure :-1 s=READY pgs=45 cs=0 l=1 rev1=1 crypto rx=0x7f47200098a0 tx=0x7f4720009bb0 comp rx=0 tx=0).ready entity=mon.0 client_cookie=89675cd79c6805d server_cookie=0 in_seq=0 out_seq=0
2024-03-11T19:43:59.841 INFO:teuthology.orchestra.run.smithi003.stdout:/usr/bin/ceph: stderr
2024-03-11T19:43:54.642+0000 7f472dffb700 1 -- 172.21.15.3:0/1090781376 <== mon.0 v2:172.21.15.3:3300/0 1 ==== mon_map magic: 0 v1 ==== 205+0+0 (secure 0 0 0) 0x7f4720004160 con 0x7f47301074d0
2024-03-11T19:43:59.841 INFO:teuthology.orchestra.run.smithi003.stdout:/usr/bin/ceph: stderr
2024-03-11T19:43:54.642+0000 7f472dffb700 1 -- 172.21.15.3:0/1090781376 <== mon.0 v2:172.21.15.3:3300/0 2 ==== config(26 keys) v1 ==== 1071+0+0 (secure 0 0 0) 0x7f47200042c0 con 0x7f47301074d0
2024-03-11T19:43:59.841 INFO:teuthology.orchestra.run.smithi003.stdout:/usr/bin/ceph: stderr
2024-03-11T19:43:54.642+0000 7f472dffb700 1 -- 172.21.15.3:0/1090781376 <== mon.0 v2:172.21.15.3:3300/0 3 ==== mon_map magic: 0 v1 ==== 205+0+0 (secure 0 0 0) 0x7f4720011a50 con 0x7f47301074d0
2024-03-11T19:43:59.841 INFO:teuthology.orchestra.run.smithi003.stdout:/usr/bin/ceph: stderr
2024-03-11T19:43:54.643+0000 7f473570c700 1 -- 172.21.15.3:0/1090781376 >> [v2:172.21.15.3:3300/0,v1:172.21.15.3:6789/0] conn(0x7f47301074d0 msgr2=0x7f47301078f0 secure :-1 s=STATE_CONNECTION_ESTABLISHED l=1).mark_down
2024-03-11T19:43:59.841 INFO:teuthology.orchestra.run.smithi003.stdout:/usr/bin/ceph: stderr
2024-03-11T19:43:54.643+0000 7f473570c700 1 --2- 172.21.15.3:0/1090781376 >> [v2:172.21.15.3:3300/0,v1:172.21.15.3:6789/0] conn(0x7f47301074d0 0x7f47301078f0 secure :-1 s=READY pgs=45 cs=0 l=1 rev1=1 crypto rx=0x7f47200098a0 tx=0x7f4720009bb0 comp rx=0 tx=0).stop
2024-03-11T19:43:59.841 INFO:teuthology.orchestra.run.smithi003.stdout:/usr/bin/ceph: stderr
2024-03-11T19:43:54.643+0000 7f473570c700 1 -- 172.21.15.3:0/1090781376 shutdown_connections
2024-03-11T19:43:59.841 INFO:teuthology.orchestra.run.smithi003.stdout:/usr/bin/ceph: stderr
2024-03-11T19:43:54.643+0000 7f473570c700 1 --2- 172.21.15.3:0/1090781376 >> [v2:172.21.15.3:3300/0,v1:172.21.15.3:6789/0] conn(0x7f47301074d0 0x7f47301078f0 unknown :-1 s=CLOSED pgs=45 cs=0 l=1 rev1=1 crypto rx=0 tx=0 comp rx=0 tx=0).stop
2024-03-11T19:43:59.841 INFO:teuthology.orchestra.run.smithi003.stdout:/usr/bin/ceph: stderr
2024-03-11T19:43:54.643+0000 7f473570c700 1 -- 172.21.15.3:0/1090781376 >> 172.21.15.3:0/1090781376 conn(0x7f4730102ab0 msgr2=0x7f4730104ed0 unknown :-1 s=STATE_NONE l=0).mark_down
2024-03-11T19:43:59.841 INFO:teuthology.orchestra.run.smithi003.stdout:/usr/bin/ceph: stderr
2024-03-11T19:43:54.643+0000 7f473570c700 1 -- 172.21.15.3:0/1090781376 shutdown_connections
2024-03-11T19:43:59.841 INFO:teuthology.orchestra.run.smithi003.stdout:/usr/bin/ceph: stderr
2024-03-11T19:43:54.643+0000 7f473570c700 1 -- 172.21.15.3:0/1090781376 wait complete.
2024-03-11T19:43:59.842 INFO:teuthology.orchestra.run.smithi003.stdout:/usr/bin/ceph: stderr
2024-03-11T19:43:54.644+0000 7f473570c700 1 Processor -- start
2024-03-11T19:43:59.842 INFO:teuthology.orchestra.run.smithi003.stdout:/usr/bin/ceph: stderr
2024-03-11T19:43:54.644+0000 7f473570c700 1 -- start start
2024-03-11T19:43:59.842 INFO:teuthology.orchestra.run.smithi003.stdout:/usr/bin/ceph: stderr
2024-03-11T19:43:54.644+0000 7f473570c700 1 --2- >> [v2:172.21.15.3:3300/0,v1:172.21.15.3:6789/0] conn(0x7f47301074d0 0x7f473007cb80 unknown :-1 s=NONE pgs=0 cs=0 l=1 rev1=0 crypto rx=0 tx=0 comp rx=0 tx=0).connect
2024-03-11T19:43:59.842 INFO:teuthology.orchestra.run.smithi003.stdout:/usr/bin/ceph: stderr
2024-03-11T19:43:54.644+0000 7f473570c700 1 -- --> [v2:172.21.15.3:3300/0,v1:172.21.15.3:6789/0] -- mon_getmap magic: 0 v1 -- 0x7f473007d0c0 con 0x7f47301074d0
2024-03-11T19:43:59.842 INFO:teuthology.orchestra.run.smithi003.stdout:/usr/bin/ceph: stderr
2024-03-11T19:43:54.644+0000 7f472effd700 1 --2- >> [v2:172.21.15.3:3300/0,v1:172.21.15.3:6789/0] conn(0x7f47301074d0 0x7f473007cb80 unknown :-1 s=BANNER_CONNECTING pgs=0 cs=0 l=1 rev1=0 crypto rx=0 tx=0 comp rx=0 tx=0)._handle_peer_banner_payload supported=3 required=0
2024-03-11T19:43:59.842 INFO:teuthology.orchestra.run.smithi003.stdout:/usr/bin/ceph: stderr
2024-03-11T19:43:54.644+0000 7f472effd700 1 --2- >> [v2:172.21.15.3:3300/0,v1:172.21.15.3:6789/0] conn(0x7f47301074d0 0x7f473007cb80 unknown :-1 s=HELLO_CONNECTING pgs=0 cs=0 l=1 rev1=1 crypto rx=0 tx=0 comp rx=0 tx=0).handle_hello peer v2:172.21.15.3:3300/0 says I am v2:172.21.15.3:42842/0 (socket says 172.21.15.3:42842)
2024-03-11T19:43:59.842 INFO:teuthology.orchestra.run.smithi003.stdout:/usr/bin/ceph: stderr
2024-03-11T19:43:54.644+0000 7f472effd700 1 -- 172.21.15.3:0/1027242742 learned_addr learned my addr 172.21.15.3:0/1027242742 (peer_addr_for_me v2:172.21.15.3:0/0)
2024-03-11T19:43:59.842 INFO:teuthology.orchestra.run.smithi003.stdout:/usr/bin/ceph: stderr
2024-03-11T19:43:54.644+0000 7f472effd700 1 -- 172.21.15.3:0/1027242742 --> [v2:172.21.15.3:3300/0,v1:172.21.15.3:6789/0] -- mon_subscribe({config=0+,monmap=0+}) v3 -- 0x7f4720009550 con 0x7f47301074d0
2024-03-11T19:43:59.842 INFO:teuthology.orchestra.run.smithi003.stdout:/usr/bin/ceph: stderr
2024-03-11T19:43:54.645+0000 7f472effd700 1 --2- 172.21.15.3:0/1027242742 >> [v2:172.21.15.3:3300/0,v1:172.21.15.3:6789/0] conn(0x7f47301074d0 0x7f473007cb80 secure :-1 s=READY pgs=46 cs=0 l=1 rev1=1 crypto rx=0x7f4720006af0 tx=0x7f4720011ab0 comp rx=0 tx=0).ready entity=mon.0 client_cookie=0 server_cookie=0 in_seq=0 out_seq=0
2024-03-11T19:43:59.842 INFO:teuthology.orchestra.run.smithi003.stdout:/usr/bin/ceph: stderr
2024-03-11T19:43:54.645+0000 7f4717fff700 1 -- 172.21.15.3:0/1027242742 <== mon.0 v2:172.21.15.3:3300/0 1 ==== mon_map magic: 0 v1 ==== 205+0+0 (secure 0 0 0) 0x7f4720003930 con 0x7f47301074d0
2024-03-11T19:43:59.842 INFO:teuthology.orchestra.run.smithi003.stdout:/usr/bin/ceph: stderr
2024-03-11T19:43:54.645+0000 7f4717fff700 1 -- 172.21.15.3:0/1027242742 <== mon.0 v2:172.21.15.3:3300/0 2 ==== config(26 keys) v1 ==== 1071+0+0 (secure 0 0 0) 0x7f4720003a90 con 0x7f47301074d0
2024-03-11T19:43:59.842 INFO:teuthology.orchestra.run.smithi003.stdout:/usr/bin/ceph: stderr
2024-03-11T19:43:54.645+0000 7f473570c700 1 -- 172.21.15.3:0/1027242742 --> [v2:172.21.15.3:3300/0,v1:172.21.15.3:6789/0] -- mon_subscribe({mgrmap=0+}) v3 -- 0x7f473007b2b0 con 0x7f47301074d0
2024-03-11T19:43:59.843 INFO:teuthology.orchestra.run.smithi003.stdout:/usr/bin/ceph: stderr
2024-03-11T19:43:54.645+0000 7f4717fff700 1 -- 172.21.15.3:0/1027242742 <== mon.0 v2:172.21.15.3:3300/0 3 ==== mon_map magic: 0 v1 ==== 205+0+0 (secure 0 0 0) 0x7f4720019670 con 0x7f47301074d0
2024-03-11T19:43:59.843 INFO:teuthology.orchestra.run.smithi003.stdout:/usr/bin/ceph: stderr
2024-03-11T19:43:54.645+0000 7f473570c700 1 -- 172.21.15.3:0/1027242742 --> [v2:172.21.15.3:3300/0,v1:172.21.15.3:6789/0] -- mon_subscribe({osdmap=0}) v3 -- 0x7f473007b750 con 0x7f47301074d0
2024-03-11T19:43:59.843 INFO:teuthology.orchestra.run.smithi003.stdout:/usr/bin/ceph: stderr
2024-03-11T19:43:54.646+0000 7f4717fff700 1 -- 172.21.15.3:0/1027242742 <== mon.0 v2:172.21.15.3:3300/0 4 ==== mgrmap(e 8) v1 ==== 45769+0+0 (secure 0 0 0) 0x7f47200198e0 con 0x7f47301074d0
2024-03-11T19:43:59.843 INFO:teuthology.orchestra.run.smithi003.stdout:/usr/bin/ceph: stderr
2024-03-11T19:43:54.646+0000 7f4717fff700 1 --2- 172.21.15.3:0/1027242742 >> [v2:172.21.15.3:6800/3991523484,v1:172.21.15.3:6801/3991523484] conn(0x7f4718038cb0 0x7f471803b170 unknown :-1 s=NONE pgs=0 cs=0 l=1 rev1=0 crypto rx=0 tx=0 comp rx=0 tx=0).connect
2024-03-11T19:43:59.843 INFO:teuthology.orchestra.run.smithi003.stdout:/usr/bin/ceph: stderr
2024-03-11T19:43:54.646+0000 7f473570c700 1 -- 172.21.15.3:0/1027242742 --> [v2:172.21.15.3:3300/0,v1:172.21.15.3:6789/0] -- mon_command({"prefix": "get_command_descriptions"} v 0) v1 -- 0x7f47300632a0 con 0x7f47301074d0
2024-03-11T19:43:59.843 INFO:teuthology.orchestra.run.smithi003.stdout:/usr/bin/ceph: stderr
2024-03-11T19:43:54.646+0000 7f4717fff700 1 -- 172.21.15.3:0/1027242742 <== mon.0 v2:172.21.15.3:3300/0 5 ==== osd_map(2..2 src has 1..2) v4 ==== 940+0+0 (secure 0 0 0) 0x7f472004d070 con 0x7f47301074d0
2024-03-11T19:43:59.843 INFO:teuthology.orchestra.run.smithi003.stdout:/usr/bin/ceph: stderr
2024-03-11T19:43:54.646+0000 7f472e7fc700 1 --2- 172.21.15.3:0/1027242742 >> [v2:172.21.15.3:6800/3991523484,v1:172.21.15.3:6801/3991523484] conn(0x7f4718038cb0 0x7f471803b170 unknown :-1 s=BANNER_CONNECTING pgs=0 cs=0 l=1 rev1=0 crypto rx=0 tx=0 comp rx=0 tx=0)._handle_peer_banner_payload supported=3 required=0
2024-03-11T19:43:59.843 INFO:teuthology.orchestra.run.smithi003.stdout:/usr/bin/ceph: stderr
2024-03-11T19:43:54.646+0000 7f472e7fc700 1 --2- 172.21.15.3:0/1027242742 >> [v2:172.21.15.3:6800/3991523484,v1:172.21.15.3:6801/3991523484] conn(0x7f4718038cb0 0x7f471803b170 secure :-1 s=READY pgs=11 cs=0 l=1 rev1=1 crypto rx=0x7f4724006fd0 tx=0x7f4724006e40 comp rx=0 tx=0).ready entity=mgr.14120 client_cookie=0 server_cookie=0 in_seq=0 out_seq=0
2024-03-11T19:43:59.843 INFO:teuthology.orchestra.run.smithi003.stdout:/usr/bin/ceph: stderr
2024-03-11T19:43:54.651+0000 7f4717fff700 1 -- 172.21.15.3:0/1027242742 <== mon.0 v2:172.21.15.3:3300/0 6 ==== mon_command_ack([{"prefix": "get_command_descriptions"}]=0 v0) v1 ==== 72+0+183564 (secure 0 0 0) 0x7f47200186d0 con 0x7f47301074d0
2024-03-11T19:43:59.843 INFO:teuthology.orchestra.run.smithi003.stdout:/usr/bin/ceph: stderr
2024-03-11T19:43:54.858+0000 7f473570c700 1 -- 172.21.15.3:0/1027242742 --> [v2:172.21.15.3:6800/3991523484,v1:172.21.15.3:6801/3991523484] -- mgr_command(tid 0: {"prefix": "orch host add", "hostname": "smithi003", "addr": "172.21.15.3", "target": ["mon-mgr", ""]}) v1 -- 0x7f473007bd60 con 0x7f4718038cb0
2024-03-11T19:43:59.843 INFO:teuthology.orchestra.run.smithi003.stdout:/usr/bin/ceph: stderr
2024-03-11T19:43:59.245+0000 7f4717fff700 1 -- 172.21.15.3:0/1027242742 <== mgr.14120 v2:172.21.15.3:6800/3991523484 1 ==== mgr_command_reply(tid 0: 0 ) v1 ==== 8+0+47 (secure 0 0 0) 0x7f473007bd60 con 0x7f4718038cb0
2024-03-11T19:43:59.843 INFO:teuthology.orchestra.run.smithi003.stdout:/usr/bin/ceph: stderr
2024-03-11T19:43:59.248+0000 7f473570c700 1 -- 172.21.15.3:0/1027242742 >> [v2:172.21.15.3:6800/3991523484,v1:172.21.15.3:6801/3991523484] conn(0x7f4718038cb0 msgr2=0x7f471803b170 secure :-1 s=STATE_CONNECTION_ESTABLISHED l=1).mark_down
2024-03-11T19:43:59.843 INFO:teuthology.orchestra.run.smithi003.stdout:/usr/bin/ceph: stderr
2024-03-11T19:43:59.248+0000 7f473570c700 1 --2- 172.21.15.3:0/1027242742 >> [v2:172.21.15.3:6800/3991523484,v1:172.21.15.3:6801/3991523484] conn(0x7f4718038cb0 0x7f471803b170 secure :-1 s=READY pgs=11 cs=0 l=1 rev1=1 crypto rx=0x7f4724006fd0 tx=0x7f4724006e40 comp rx=0 tx=0).stop
2024-03-11T19:43:59.843 INFO:teuthology.orchestra.run.smithi003.stdout:/usr/bin/ceph: stderr
2024-03-11T19:43:59.248+0000 7f473570c700 1 -- 172.21.15.3:0/1027242742 >> [v2:172.21.15.3:3300/0,v1:172.21.15.3:6789/0] conn(0x7f47301074d0 msgr2=0x7f473007cb80 secure :-1 s=STATE_CONNECTION_ESTABLISHED l=1).mark_down
2024-03-11T19:43:59.844 INFO:teuthology.orchestra.run.smithi003.stdout:/usr/bin/ceph: stderr
2024-03-11T19:43:59.248+0000 7f473570c700 1 --2- 172.21.15.3:0/1027242742 >> [v2:172.21.15.3:3300/0,v1:172.21.15.3:6789/0] conn(0x7f47301074d0 0x7f473007cb80 secure :-1 s=READY pgs=46 cs=0 l=1 rev1=1 crypto rx=0x7f4720006af0 tx=0x7f4720011ab0 comp rx=0 tx=0).stop
2024-03-11T19:43:59.844 INFO:teuthology.orchestra.run.smithi003.stdout:/usr/bin/ceph: stderr
2024-03-11T19:43:59.248+0000 7f473570c700 1 -- 172.21.15.3:0/1027242742 shutdown_connections
2024-03-11T19:43:59.844 INFO:teuthology.orchestra.run.smithi003.stdout:/usr/bin/ceph: stderr
2024-03-11T19:43:59.248+0000 7f473570c700 1 --2- 172.21.15.3:0/1027242742 >> [v2:172.21.15.3:6800/3991523484,v1:172.21.15.3:6801/3991523484] conn(0x7f4718038cb0 0x7f471803b170 unknown :-1 s=CLOSED pgs=11 cs=0 l=1 rev1=1 crypto rx=0 tx=0 comp rx=0 tx=0).stop
2024-03-11T19:43:59.844 INFO:teuthology.orchestra.run.smithi003.stdout:/usr/bin/ceph: stderr
2024-03-11T19:43:59.248+0000 7f473570c700 1 --2- 172.21.15.3:0/1027242742 >> [v2:172.21.15.3:3300/0,v1:172.21.15.3:6789/0] conn(0x7f47301074d0 0x7f473007cb80 unknown :-1 s=CLOSED pgs=46 cs=0 l=1 rev1=1 crypto rx=0 tx=0 comp rx=0 tx=0).stop
2024-03-11T19:43:59.844 INFO:teuthology.orchestra.run.smithi003.stdout:/usr/bin/ceph: stderr
2024-03-11T19:43:59.248+0000 7f473570c700 1 -- 172.21.15.3:0/1027242742 >> 172.21.15.3:0/1027242742 conn(0x7f4730102ab0 msgr2=0x7f47301035e0 unknown :-1 s=STATE_NONE l=0).mark_down
2024-03-11T19:43:59.844 INFO:teuthology.orchestra.run.smithi003.stdout:/usr/bin/ceph: stderr
2024-03-11T19:43:59.249+0000 7f473570c700 1 -- 172.21.15.3:0/1027242742 shutdown_connections
2024-03-11T19:43:59.844 INFO:teuthology.orchestra.run.smithi003.stdout:/usr/bin/ceph: stderr
2024-03-11T19:43:59.249+0000 7f473570c700 1 -- 172.21.15.3:0/1027242742 wait complete.
2024-03-11T19:43:59.844 INFO:teuthology.orchestra.run.smithi003.stdout:Deploying unmanaged mon service...
2024-03-11T19:44:00.431 INFO:journalctl@ceph.mon.a.smithi003.stdout:Mar 11 19:44:00 smithi003 ceph-mon[31927]: from='mgr.14120 172.21.15.3:0/443092771' entity='mgr.x'
2024-03-11T19:44:00.431 INFO:journalctl@ceph.mon.a.smithi003.stdout:Mar 11 19:44:00 smithi003 ceph-mon[31927]: Added host smithi003
2024-03-11T19:44:00.431 INFO:journalctl@ceph.mon.a.smithi003.stdout:Mar 11 19:44:00 smithi003 ceph-mon[31927]: from='mgr.14120 172.21.15.3:0/443092771' entity='mgr.x' cmd=[{"prefix": "config dump", "format": "json"}]: dispatch
2024-03-11T19:44:01.139 INFO:teuthology.orchestra.run.smithi003.stdout:/usr/bin/ceph: stdout Scheduled mon update...
2024-03-11T19:44:01.139 INFO:teuthology.orchestra.run.smithi003.stdout:/usr/bin/ceph: stderr
2024-03-11T19:44:00.216+0000 7fba84b38700 1 Processor -- start
2024-03-11T19:44:01.140 INFO:teuthology.orchestra.run.smithi003.stdout:/usr/bin/ceph: stderr
2024-03-11T19:44:00.216+0000 7fba84b38700 1 -- start start
2024-03-11T19:44:01.140 INFO:teuthology.orchestra.run.smithi003.stdout:/usr/bin/ceph: stderr
2024-03-11T19:44:00.216+0000 7fba84b38700 1 --2- >> [v2:172.21.15.3:3300/0,v1:172.21.15.3:6789/0] conn(0x7fba80107f50 0x7fba8010a340 unknown :-1 s=NONE pgs=0 cs=0 l=0 rev1=0 crypto rx=0 tx=0 comp rx=0 tx=0).connect
2024-03-11T19:44:01.140 INFO:teuthology.orchestra.run.smithi003.stdout:/usr/bin/ceph: stderr
2024-03-11T19:44:00.216+0000 7fba84b38700 1 -- --> [v2:172.21.15.3:3300/0,v1:172.21.15.3:6789/0] -- mon_getmap magic: 0 v1 -- 0x7fba8007ae60 con 0x7fba80107f50
2024-03-11T19:44:01.140 INFO:teuthology.orchestra.run.smithi003.stdout:/usr/bin/ceph: stderr
2024-03-11T19:44:00.217+0000 7fba7e59c700 1 --2- >> [v2:172.21.15.3:3300/0,v1:172.21.15.3:6789/0] conn(0x7fba80107f50 0x7fba8010a340 unknown :-1 s=BANNER_CONNECTING pgs=0 cs=0 l=0 rev1=0 crypto rx=0 tx=0 comp rx=0 tx=0)._handle_peer_banner_payload supported=3 required=0
2024-03-11T19:44:01.140 INFO:teuthology.orchestra.run.smithi003.stdout:/usr/bin/ceph: stderr
2024-03-11T19:44:00.217+0000 7fba7e59c700 1 --2- >> [v2:172.21.15.3:3300/0,v1:172.21.15.3:6789/0] conn(0x7fba80107f50 0x7fba8010a340 unknown :-1 s=HELLO_CONNECTING pgs=0 cs=0 l=0 rev1=1 crypto rx=0 tx=0 comp rx=0 tx=0).handle_hello peer v2:172.21.15.3:3300/0 says I am v2:172.21.15.3:42844/0 (socket says 172.21.15.3:42844)
2024-03-11T19:44:01.140 INFO:teuthology.orchestra.run.smithi003.stdout:/usr/bin/ceph: stderr
2024-03-11T19:44:00.217+0000 7fba7e59c700 1 -- 172.21.15.3:0/450276161 learned_addr learned my addr 172.21.15.3:0/450276161 (peer_addr_for_me v2:172.21.15.3:0/0)
2024-03-11T19:44:01.140 INFO:teuthology.orchestra.run.smithi003.stdout:/usr/bin/ceph: stderr
2024-03-11T19:44:00.217+0000 7fba7e59c700 1 -- 172.21.15.3:0/450276161 --> [v2:172.21.15.3:3300/0,v1:172.21.15.3:6789/0] -- mon_subscribe({config=0+,monmap=0+}) v3 -- 0x7fba8010a880 con 0x7fba80107f50
2024-03-11T19:44:01.140 INFO:teuthology.orchestra.run.smithi003.stdout:/usr/bin/ceph: stderr
2024-03-11T19:44:00.217+0000 7fba7e59c700 1 --2- 172.21.15.3:0/450276161 >> [v2:172.21.15.3:3300/0,v1:172.21.15.3:6789/0] conn(0x7fba80107f50 0x7fba8010a340 secure :-1 s=READY pgs=47 cs=0 l=1 rev1=1 crypto rx=0x7fba78009e80 tx=0x7fba7800b330 comp rx=0 tx=0).ready entity=mon.0 client_cookie=a4c16ce69aa8f68 server_cookie=0 in_seq=0 out_seq=0
2024-03-11T19:44:01.140 INFO:teuthology.orchestra.run.smithi003.stdout:/usr/bin/ceph: stderr
2024-03-11T19:44:00.217+0000 7fba7d59a700 1 -- 172.21.15.3:0/450276161 <== mon.0 v2:172.21.15.3:3300/0 1 ==== mon_map magic: 0 v1 ==== 205+0+0 (secure 0 0 0) 0x7fba7800e070 con 0x7fba80107f50
2024-03-11T19:44:01.140 INFO:teuthology.orchestra.run.smithi003.stdout:/usr/bin/ceph: stderr
2024-03-11T19:44:00.217+0000 7fba7d59a700 1 -- 172.21.15.3:0/450276161 <== mon.0 v2:172.21.15.3:3300/0 2 ==== config(26 keys) v1 ==== 1071+0+0 (secure 0 0 0) 0x7fba7800b8c0 con 0x7fba80107f50
2024-03-11T19:44:01.140 INFO:teuthology.orchestra.run.smithi003.stdout:/usr/bin/ceph: stderr
2024-03-11T19:44:00.217+0000 7fba7d59a700 1 -- 172.21.15.3:0/450276161 <== mon.0 v2:172.21.15.3:3300/0 3 ==== mon_map magic: 0 v1 ==== 205+0+0 (secure 0 0 0) 0x7fba780044b0 con 0x7fba80107f50
2024-03-11T19:44:01.140 INFO:teuthology.orchestra.run.smithi003.stdout:/usr/bin/ceph: stderr
2024-03-11T19:44:00.218+0000 7fba84b38700 1 -- 172.21.15.3:0/450276161 >> [v2:172.21.15.3:3300/0,v1:172.21.15.3:6789/0] conn(0x7fba80107f50 msgr2=0x7fba8010a340 secure :-1 s=STATE_CONNECTION_ESTABLISHED l=1).mark_down
2024-03-11T19:44:01.140 INFO:teuthology.orchestra.run.smithi003.stdout:/usr/bin/ceph: stderr
2024-03-11T19:44:00.218+0000 7fba84b38700 1 --2- 172.21.15.3:0/450276161 >> [v2:172.21.15.3:3300/0,v1:172.21.15.3:6789/0] conn(0x7fba80107f50 0x7fba8010a340 secure :-1 s=READY pgs=47 cs=0 l=1 rev1=1 crypto rx=0x7fba78009e80 tx=0x7fba7800b330 comp rx=0 tx=0).stop
2024-03-11T19:44:01.141 INFO:teuthology.orchestra.run.smithi003.stdout:/usr/bin/ceph: stderr
2024-03-11T19:44:00.218+0000 7fba84b38700 1 -- 172.21.15.3:0/450276161 shutdown_connections
2024-03-11T19:44:01.141 INFO:teuthology.orchestra.run.smithi003.stdout:/usr/bin/ceph: stderr
2024-03-11T19:44:00.218+0000 7fba84b38700 1 --2- 172.21.15.3:0/450276161 >> [v2:172.21.15.3:3300/0,v1:172.21.15.3:6789/0] conn(0x7fba80107f50 0x7fba8010a340 unknown :-1 s=CLOSED pgs=47 cs=0 l=1 rev1=1 crypto rx=0 tx=0 comp rx=0 tx=0).stop
2024-03-11T19:44:01.141 INFO:teuthology.orchestra.run.smithi003.stdout:/usr/bin/ceph: stderr
2024-03-11T19:44:00.218+0000 7fba84b38700 1 -- 172.21.15.3:0/450276161 >> 172.21.15.3:0/450276161 conn(0x7fba80101980 msgr2=0x7fba80103da0 unknown :-1 s=STATE_NONE l=0).mark_down
2024-03-11T19:44:01.141 INFO:teuthology.orchestra.run.smithi003.stdout:/usr/bin/ceph: stderr
2024-03-11T19:44:00.218+0000 7fba84b38700 1 -- 172.21.15.3:0/450276161 shutdown_connections
2024-03-11T19:44:01.141 INFO:teuthology.orchestra.run.smithi003.stdout:/usr/bin/ceph: stderr
2024-03-11T19:44:00.218+0000 7fba84b38700 1 -- 172.21.15.3:0/450276161 wait complete.
2024-03-11T19:44:01.141 INFO:teuthology.orchestra.run.smithi003.stdout:/usr/bin/ceph: stderr
2024-03-11T19:44:00.219+0000 7fba84b38700 1 Processor -- start
2024-03-11T19:44:01.141 INFO:teuthology.orchestra.run.smithi003.stdout:/usr/bin/ceph: stderr
2024-03-11T19:44:00.219+0000 7fba84b38700 1 -- start start
2024-03-11T19:44:01.141 INFO:teuthology.orchestra.run.smithi003.stdout:/usr/bin/ceph: stderr
2024-03-11T19:44:00.219+0000 7fba84b38700 1 --2- >> [v2:172.21.15.3:3300/0,v1:172.21.15.3:6789/0] conn(0x7fba80107f50 0x7fba8019b0e0 unknown :-1 s=NONE pgs=0 cs=0 l=1 rev1=0 crypto rx=0 tx=0 comp rx=0 tx=0).connect
2024-03-11T19:44:01.141 INFO:teuthology.orchestra.run.smithi003.stdout:/usr/bin/ceph: stderr
2024-03-11T19:44:00.219+0000 7fba84b38700 1 -- --> [v2:172.21.15.3:3300/0,v1:172.21.15.3:6789/0] -- mon_getmap magic: 0 v1 -- 0x7fba8019b620 con 0x7fba80107f50
2024-03-11T19:44:01.141 INFO:teuthology.orchestra.run.smithi003.stdout:/usr/bin/ceph: stderr
2024-03-11T19:44:00.219+0000 7fba7e59c700 1 --2- >> [v2:172.21.15.3:3300/0,v1:172.21.15.3:6789/0] conn(0x7fba80107f50 0x7fba8019b0e0 unknown :-1 s=BANNER_CONNECTING pgs=0 cs=0 l=1 rev1=0 crypto rx=0 tx=0 comp rx=0 tx=0)._handle_peer_banner_payload supported=3 required=0
2024-03-11T19:44:01.141 INFO:teuthology.orchestra.run.smithi003.stdout:/usr/bin/ceph: stderr
2024-03-11T19:44:00.219+0000 7fba7e59c700 1 --2- >> [v2:172.21.15.3:3300/0,v1:172.21.15.3:6789/0] conn(0x7fba80107f50 0x7fba8019b0e0 unknown :-1 s=HELLO_CONNECTING pgs=0 cs=0 l=1 rev1=1 crypto rx=0 tx=0 comp rx=0 tx=0).handle_hello peer v2:172.21.15.3:3300/0 says I am v2:172.21.15.3:42852/0 (socket says 172.21.15.3:42852)
2024-03-11T19:44:01.141 INFO:teuthology.orchestra.run.smithi003.stdout:/usr/bin/ceph: stderr
2024-03-11T19:44:00.219+0000 7fba7e59c700 1 -- 172.21.15.3:0/4195200224 learned_addr learned my addr 172.21.15.3:0/4195200224 (peer_addr_for_me v2:172.21.15.3:0/0)
2024-03-11T19:44:01.142 INFO:teuthology.orchestra.run.smithi003.stdout:/usr/bin/ceph: stderr
2024-03-11T19:44:00.220+0000 7fba7e59c700 1 -- 172.21.15.3:0/4195200224 --> [v2:172.21.15.3:3300/0,v1:172.21.15.3:6789/0] -- mon_subscribe({config=0+,monmap=0+}) v3 -- 0x7fba78009b30 con 0x7fba80107f50
2024-03-11T19:44:01.142 INFO:teuthology.orchestra.run.smithi003.stdout:/usr/bin/ceph: stderr
2024-03-11T19:44:00.220+0000 7fba7e59c700 1 --2- 172.21.15.3:0/4195200224 >> [v2:172.21.15.3:3300/0,v1:172.21.15.3:6789/0] conn(0x7fba80107f50 0x7fba8019b0e0 secure :-1 s=READY pgs=48 cs=0 l=1 rev1=1 crypto rx=0x7fba780072a0 tx=0x7fba78004600 comp rx=0 tx=0).ready entity=mon.0 client_cookie=0 server_cookie=0 in_seq=0 out_seq=0
2024-03-11T19:44:01.142 INFO:teuthology.orchestra.run.smithi003.stdout:/usr/bin/ceph: stderr
2024-03-11T19:44:00.220+0000 7fba777fe700 1 -- 172.21.15.3:0/4195200224 <== mon.0 v2:172.21.15.3:3300/0 1 ==== mon_map magic: 0 v1 ==== 205+0+0 (secure 0 0 0) 0x7fba7800e040 con 0x7fba80107f50
2024-03-11T19:44:01.142 INFO:teuthology.orchestra.run.smithi003.stdout:/usr/bin/ceph: stderr
2024-03-11T19:44:00.220+0000 7fba777fe700 1 -- 172.21.15.3:0/4195200224 <== mon.0 v2:172.21.15.3:3300/0 2 ==== config(26 keys) v1 ==== 1071+0+0 (secure 0 0 0) 0x7fba7800bdf0 con 0x7fba80107f50
2024-03-11T19:44:01.142 INFO:teuthology.orchestra.run.smithi003.stdout:/usr/bin/ceph: stderr
2024-03-11T19:44:00.220+0000 7fba84b38700 1 -- 172.21.15.3:0/4195200224 --> [v2:172.21.15.3:3300/0,v1:172.21.15.3:6789/0] -- mon_subscribe({mgrmap=0+}) v3 -- 0x7fba8019b820 con 0x7fba80107f50
2024-03-11T19:44:01.142 INFO:teuthology.orchestra.run.smithi003.stdout:/usr/bin/ceph: stderr
2024-03-11T19:44:00.220+0000 7fba777fe700 1 -- 172.21.15.3:0/4195200224 <== mon.0 v2:172.21.15.3:3300/0 3 ==== mon_map magic: 0 v1 ==== 205+0+0 (secure 0 0 0) 0x7fba7801c7e0 con 0x7fba80107f50
2024-03-11T19:44:01.142 INFO:teuthology.orchestra.run.smithi003.stdout:/usr/bin/ceph: stderr
2024-03-11T19:44:00.220+0000 7fba84b38700 1 -- 172.21.15.3:0/4195200224 --> [v2:172.21.15.3:3300/0,v1:172.21.15.3:6789/0] -- mon_subscribe({osdmap=0}) v3 -- 0x7fba8019bd20 con 0x7fba80107f50
2024-03-11T19:44:01.142 INFO:teuthology.orchestra.run.smithi003.stdout:/usr/bin/ceph: stderr
2024-03-11T19:44:00.221+0000 7fba777fe700 1 -- 172.21.15.3:0/4195200224 <== mon.0 v2:172.21.15.3:3300/0 4 ==== mgrmap(e 8) v1 ==== 45769+0+0 (secure 0 0 0) 0x7fba7801caa0 con 0x7fba80107f50
2024-03-11T19:44:01.142 INFO:teuthology.orchestra.run.smithi003.stdout:/usr/bin/ceph: stderr
2024-03-11T19:44:00.221+0000 7fba84b38700 1 -- 172.21.15.3:0/4195200224 --> [v2:172.21.15.3:3300/0,v1:172.21.15.3:6789/0] -- mon_command({"prefix": "get_command_descriptions"} v 0) v1 -- 0x7fba8010b620 con 0x7fba80107f50
2024-03-11T19:44:01.142 INFO:teuthology.orchestra.run.smithi003.stdout:/usr/bin/ceph: stderr
2024-03-11T19:44:00.221+0000 7fba777fe700 1 --2- 172.21.15.3:0/4195200224 >> [v2:172.21.15.3:6800/3991523484,v1:172.21.15.3:6801/3991523484] conn(0x7fba6c038cb0 0x7fba6c03b170 unknown :-1 s=NONE pgs=0 cs=0 l=1 rev1=0 crypto rx=0 tx=0 comp rx=0 tx=0).connect
2024-03-11T19:44:01.142 INFO:teuthology.orchestra.run.smithi003.stdout:/usr/bin/ceph: stderr
2024-03-11T19:44:00.221+0000 7fba777fe700 1 -- 172.21.15.3:0/4195200224 <== mon.0 v2:172.21.15.3:3300/0 5 ==== osd_map(2..2 src has 1..2) v4 ==== 940+0+0 (secure 0 0 0) 0x7fba7804cde0 con 0x7fba80107f50
2024-03-11T19:44:01.143 INFO:teuthology.orchestra.run.smithi003.stdout:/usr/bin/ceph: stderr
2024-03-11T19:44:00.222+0000 7fba7dd9b700 1 --2- 172.21.15.3:0/4195200224 >> [v2:172.21.15.3:6800/3991523484,v1:172.21.15.3:6801/3991523484] conn(0x7fba6c038cb0 0x7fba6c03b170 unknown :-1 s=BANNER_CONNECTING pgs=0 cs=0 l=1 rev1=0 crypto rx=0 tx=0 comp rx=0 tx=0)._handle_peer_banner_payload supported=3 required=0
