2024-03-11T19:44:10.025+0000 7fb7a2556700 1 --2- 172.21.15.3:0/1102373278 >> [v2:172.21.15.3:3300/0,v1:172.21.15.3:6789/0] conn(0x7fb79c1074a0 0x7fb79c1078c0 secure :-1 s=READY pgs=61 cs=0 l=1 rev1=1 crypto rx=0x7fb78c0098a0 tx=0x7fb78c009bb0 comp rx=0 tx=0).ready entity=mon.0 client_cookie=1449a8918e8d8505 server_cookie=0 in_seq=0 out_seq=0
2024-03-11T19:44:16.425 INFO:teuthology.orchestra.run.smithi003.stdout:/usr/bin/ceph: stderr
2024-03-11T19:44:10.025+0000 7fb7a1554700 1 -- 172.21.15.3:0/1102373278 <== mon.0 v2:172.21.15.3:3300/0 1 ==== mon_map magic: 0 v1 ==== 205+0+0 (secure 0 0 0) 0x7fb78c004160 con 0x7fb79c1074a0
2024-03-11T19:44:16.425 INFO:teuthology.orchestra.run.smithi003.stdout:/usr/bin/ceph: stderr
2024-03-11T19:44:10.025+0000 7fb7a1554700 1 -- 172.21.15.3:0/1102373278 <== mon.0 v2:172.21.15.3:3300/0 2 ==== config(26 keys) v1 ==== 1102+0+0 (secure 0 0 0) 0x7fb78c0042c0 con 0x7fb79c1074a0
2024-03-11T19:44:16.425 INFO:teuthology.orchestra.run.smithi003.stdout:/usr/bin/ceph: stderr
2024-03-11T19:44:10.025+0000 7fb7a1554700 1 -- 172.21.15.3:0/1102373278 <== mon.0 v2:172.21.15.3:3300/0 3 ==== mon_map magic: 0 v1 ==== 205+0+0 (secure 0 0 0) 0x7fb78c0119b0 con 0x7fb79c1074a0
2024-03-11T19:44:16.426 INFO:teuthology.orchestra.run.smithi003.stdout:/usr/bin/ceph: stderr
2024-03-11T19:44:10.026+0000 7fb7a47ba700 1 -- 172.21.15.3:0/1102373278 >> [v2:172.21.15.3:3300/0,v1:172.21.15.3:6789/0] conn(0x7fb79c1074a0 msgr2=0x7fb79c1078c0 secure :-1 s=STATE_CONNECTION_ESTABLISHED l=1).mark_down
2024-03-11T19:44:16.426 INFO:teuthology.orchestra.run.smithi003.stdout:/usr/bin/ceph: stderr
2024-03-11T19:44:10.026+0000 7fb7a47ba700 1 --2- 172.21.15.3:0/1102373278 >> [v2:172.21.15.3:3300/0,v1:172.21.15.3:6789/0] conn(0x7fb79c1074a0 0x7fb79c1078c0 secure :-1 s=READY pgs=61 cs=0 l=1 rev1=1 crypto rx=0x7fb78c0098a0 tx=0x7fb78c009bb0 comp rx=0 tx=0).stop
2024-03-11T19:44:16.426 INFO:teuthology.orchestra.run.smithi003.stdout:/usr/bin/ceph: stderr
2024-03-11T19:44:10.026+0000 7fb7a47ba700 1 -- 172.21.15.3:0/1102373278 shutdown_connections
2024-03-11T19:44:16.426 INFO:teuthology.orchestra.run.smithi003.stdout:/usr/bin/ceph: stderr
2024-03-11T19:44:10.026+0000 7fb7a47ba700 1 --2- 172.21.15.3:0/1102373278 >> [v2:172.21.15.3:3300/0,v1:172.21.15.3:6789/0] conn(0x7fb79c1074a0 0x7fb79c1078c0 unknown :-1 s=CLOSED pgs=61 cs=0 l=1 rev1=1 crypto rx=0 tx=0 comp rx=0 tx=0).stop
2024-03-11T19:44:16.426 INFO:teuthology.orchestra.run.smithi003.stdout:/usr/bin/ceph: stderr
2024-03-11T19:44:10.026+0000 7fb7a47ba700 1 -- 172.21.15.3:0/1102373278 >> 172.21.15.3:0/1102373278 conn(0x7fb79c102a80 msgr2=0x7fb79c104ea0 unknown :-1 s=STATE_NONE l=0).mark_down
2024-03-11T19:44:16.426 INFO:teuthology.orchestra.run.smithi003.stdout:/usr/bin/ceph: stderr
2024-03-11T19:44:10.026+0000 7fb7a47ba700 1 -- 172.21.15.3:0/1102373278 shutdown_connections
2024-03-11T19:44:16.426 INFO:teuthology.orchestra.run.smithi003.stdout:/usr/bin/ceph: stderr
2024-03-11T19:44:10.026+0000 7fb7a47ba700 1 -- 172.21.15.3:0/1102373278 wait complete.
2024-03-11T19:44:16.426 INFO:teuthology.orchestra.run.smithi003.stdout:/usr/bin/ceph: stderr
2024-03-11T19:44:10.027+0000 7fb7a47ba700 1 Processor -- start
2024-03-11T19:44:16.426 INFO:teuthology.orchestra.run.smithi003.stdout:/usr/bin/ceph: stderr
2024-03-11T19:44:10.027+0000 7fb7a47ba700 1 -- start start
2024-03-11T19:44:16.426 INFO:teuthology.orchestra.run.smithi003.stdout:/usr/bin/ceph: stderr
2024-03-11T19:44:10.027+0000 7fb7a47ba700 1 --2- >> [v2:172.21.15.3:3300/0,v1:172.21.15.3:6789/0] conn(0x7fb79c1074a0 0x7fb79c07cb80 unknown :-1 s=NONE pgs=0 cs=0 l=1 rev1=0 crypto rx=0 tx=0 comp rx=0 tx=0).connect
2024-03-11T19:44:16.426 INFO:teuthology.orchestra.run.smithi003.stdout:/usr/bin/ceph: stderr
2024-03-11T19:44:10.027+0000 7fb7a47ba700 1 -- --> [v2:172.21.15.3:3300/0,v1:172.21.15.3:6789/0] -- mon_getmap magic: 0 v1 -- 0x7fb79c07d0c0 con 0x7fb79c1074a0
2024-03-11T19:44:16.426 INFO:teuthology.orchestra.run.smithi003.stdout:/usr/bin/ceph: stderr
2024-03-11T19:44:10.027+0000 7fb7a2556700 1 --2- >> [v2:172.21.15.3:3300/0,v1:172.21.15.3:6789/0] conn(0x7fb79c1074a0 0x7fb79c07cb80 unknown :-1 s=BANNER_CONNECTING pgs=0 cs=0 l=1 rev1=0 crypto rx=0 tx=0 comp rx=0 tx=0)._handle_peer_banner_payload supported=3 required=0
2024-03-11T19:44:16.426 INFO:teuthology.orchestra.run.smithi003.stdout:/usr/bin/ceph: stderr
2024-03-11T19:44:10.027+0000 7fb7a2556700 1 --2- >> [v2:172.21.15.3:3300/0,v1:172.21.15.3:6789/0] conn(0x7fb79c1074a0 0x7fb79c07cb80 unknown :-1 s=HELLO_CONNECTING pgs=0 cs=0 l=1 rev1=1 crypto rx=0 tx=0 comp rx=0 tx=0).handle_hello peer v2:172.21.15.3:3300/0 says I am v2:172.21.15.3:57126/0 (socket says 172.21.15.3:57126)
2024-03-11T19:44:16.427 INFO:teuthology.orchestra.run.smithi003.stdout:/usr/bin/ceph: stderr
2024-03-11T19:44:10.027+0000 7fb7a2556700 1 -- 172.21.15.3:0/218908119 learned_addr learned my addr 172.21.15.3:0/218908119 (peer_addr_for_me v2:172.21.15.3:0/0)
2024-03-11T19:44:16.427 INFO:teuthology.orchestra.run.smithi003.stdout:/usr/bin/ceph: stderr
2024-03-11T19:44:10.027+0000 7fb7a2556700 1 -- 172.21.15.3:0/218908119 --> [v2:172.21.15.3:3300/0,v1:172.21.15.3:6789/0] -- mon_subscribe({config=0+,monmap=0+}) v3 -- 0x7fb78c009550 con 0x7fb79c1074a0
2024-03-11T19:44:16.427 INFO:teuthology.orchestra.run.smithi003.stdout:/usr/bin/ceph: stderr
2024-03-11T19:44:10.027+0000 7fb7a2556700 1 --2- 172.21.15.3:0/218908119 >> [v2:172.21.15.3:3300/0,v1:172.21.15.3:6789/0] conn(0x7fb79c1074a0 0x7fb79c07cb80 secure :-1 s=READY pgs=62 cs=0 l=1 rev1=1 crypto rx=0x7fb78c011670 tx=0x7fb78c011a30 comp rx=0 tx=0).ready entity=mon.0 client_cookie=0 server_cookie=0 in_seq=0 out_seq=0
2024-03-11T19:44:16.427 INFO:teuthology.orchestra.run.smithi003.stdout:/usr/bin/ceph: stderr
2024-03-11T19:44:10.028+0000 7fb7937fe700 1 -- 172.21.15.3:0/218908119 <== mon.0 v2:172.21.15.3:3300/0 1 ==== mon_map magic: 0 v1 ==== 205+0+0 (secure 0 0 0) 0x7fb78c0038b0 con 0x7fb79c1074a0
2024-03-11T19:44:16.427 INFO:teuthology.orchestra.run.smithi003.stdout:/usr/bin/ceph: stderr
2024-03-11T19:44:10.028+0000 7fb7937fe700 1 -- 172.21.15.3:0/218908119 <== mon.0 v2:172.21.15.3:3300/0 2 ==== config(26 keys) v1 ==== 1102+0+0 (secure 0 0 0) 0x7fb78c003a10 con 0x7fb79c1074a0
2024-03-11T19:44:16.427 INFO:teuthology.orchestra.run.smithi003.stdout:/usr/bin/ceph: stderr
2024-03-11T19:44:10.028+0000 7fb7a47ba700 1 -- 172.21.15.3:0/218908119 --> [v2:172.21.15.3:3300/0,v1:172.21.15.3:6789/0] -- mon_subscribe({mgrmap=0+}) v3 -- 0x7fb79c07b2b0 con 0x7fb79c1074a0
2024-03-11T19:44:16.427 INFO:teuthology.orchestra.run.smithi003.stdout:/usr/bin/ceph: stderr
2024-03-11T19:44:10.028+0000 7fb7a47ba700 1 -- 172.21.15.3:0/218908119 --> [v2:172.21.15.3:3300/0,v1:172.21.15.3:6789/0] -- mon_subscribe({osdmap=0}) v3 -- 0x7fb79c07b750 con 0x7fb79c1074a0
2024-03-11T19:44:16.427 INFO:teuthology.orchestra.run.smithi003.stdout:/usr/bin/ceph: stderr
2024-03-11T19:44:10.028+0000 7fb7937fe700 1 -- 172.21.15.3:0/218908119 <== mon.0 v2:172.21.15.3:3300/0 3 ==== mon_map magic: 0 v1 ==== 205+0+0 (secure 0 0 0) 0x7fb78c019530 con 0x7fb79c1074a0
2024-03-11T19:44:16.427 INFO:teuthology.orchestra.run.smithi003.stdout:/usr/bin/ceph: stderr
2024-03-11T19:44:10.029+0000 7fb7937fe700 1 -- 172.21.15.3:0/218908119 <== mon.0 v2:172.21.15.3:3300/0 4 ==== mgrmap(e 9) v1 ==== 45782+0+0 (secure 0 0 0) 0x7fb78c019870 con 0x7fb79c1074a0
2024-03-11T19:44:16.427 INFO:teuthology.orchestra.run.smithi003.stdout:/usr/bin/ceph: stderr
2024-03-11T19:44:10.029+0000 7fb7937fe700 1 --2- 172.21.15.3:0/218908119 >> [v2:172.21.15.3:6800/3991523484,v1:172.21.15.3:6801/3991523484] conn(0x7fb788038cb0 0x7fb78803b170 unknown :-1 s=NONE pgs=0 cs=0 l=1 rev1=0 crypto rx=0 tx=0 comp rx=0 tx=0).connect
2024-03-11T19:44:16.427 INFO:teuthology.orchestra.run.smithi003.stdout:/usr/bin/ceph: stderr
2024-03-11T19:44:10.029+0000 7fb7937fe700 1 -- 172.21.15.3:0/218908119 --> [v2:172.21.15.3:6800/3991523484,v1:172.21.15.3:6801/3991523484] -- command(tid 0: {"prefix": "get_command_descriptions"}) v1 -- 0x7fb78803b880 con 0x7fb788038cb0
2024-03-11T19:44:16.427 INFO:teuthology.orchestra.run.smithi003.stdout:/usr/bin/ceph: stderr
2024-03-11T19:44:10.029+0000 7fb7937fe700 1 -- 172.21.15.3:0/218908119 <== mon.0 v2:172.21.15.3:3300/0 5 ==== osd_map(2..2 src has 1..2) v4 ==== 940+0+0 (secure 0 0 0) 0x7fb78c04cfa0 con 0x7fb79c1074a0
2024-03-11T19:44:16.427 INFO:teuthology.orchestra.run.smithi003.stdout:/usr/bin/ceph: stderr
2024-03-11T19:44:10.029+0000 7fb7a1d55700 1 -- 172.21.15.3:0/218908119 >> [v2:172.21.15.3:6800/3991523484,v1:172.21.15.3:6801/3991523484] conn(0x7fb788038cb0 msgr2=0x7fb78803b170 unknown :-1 s=STATE_CONNECTING_RE l=1).process reconnect failed to v2:172.21.15.3:6800/3991523484
2024-03-11T19:44:16.428 INFO:teuthology.orchestra.run.smithi003.stdout:/usr/bin/ceph: stderr
2024-03-11T19:44:10.029+0000 7fb7a1d55700 1 --2- 172.21.15.3:0/218908119 >> [v2:172.21.15.3:6800/3991523484,v1:172.21.15.3:6801/3991523484] conn(0x7fb788038cb0 0x7fb78803b170 unknown :-1 s=START_CONNECT pgs=0 cs=0 l=1 rev1=0 crypto rx=0 tx=0 comp rx=0 tx=0)._fault waiting 0.200000
2024-03-11T19:44:16.428 INFO:teuthology.orchestra.run.smithi003.stdout:/usr/bin/ceph: stderr
2024-03-11T19:44:10.230+0000 7fb7a1d55700 1 -- 172.21.15.3:0/218908119 >> [v2:172.21.15.3:6800/3991523484,v1:172.21.15.3:6801/3991523484] conn(0x7fb788038cb0 msgr2=0x7fb78803b170 unknown :-1 s=STATE_CONNECTING_RE l=1).process reconnect failed to v2:172.21.15.3:6800/3991523484
2024-03-11T19:44:16.428 INFO:teuthology.orchestra.run.smithi003.stdout:/usr/bin/ceph: stderr
2024-03-11T19:44:10.230+0000 7fb7a1d55700 1 --2- 172.21.15.3:0/218908119 >> [v2:172.21.15.3:6800/3991523484,v1:172.21.15.3:6801/3991523484] conn(0x7fb788038cb0 0x7fb78803b170 unknown :-1 s=START_CONNECT pgs=0 cs=0 l=1 rev1=0 crypto rx=0 tx=0 comp rx=0 tx=0)._fault waiting 0.400000
2024-03-11T19:44:16.428 INFO:teuthology.orchestra.run.smithi003.stdout:/usr/bin/ceph: stderr
2024-03-11T19:44:10.631+0000 7fb7a1d55700 1 -- 172.21.15.3:0/218908119 >> [v2:172.21.15.3:6800/3991523484,v1:172.21.15.3:6801/3991523484] conn(0x7fb788038cb0 msgr2=0x7fb78803b170 unknown :-1 s=STATE_CONNECTING_RE l=1).process reconnect failed to v2:172.21.15.3:6800/3991523484
2024-03-11T19:44:16.428 INFO:teuthology.orchestra.run.smithi003.stdout:/usr/bin/ceph: stderr
2024-03-11T19:44:10.631+0000 7fb7a1d55700 1 --2- 172.21.15.3:0/218908119 >> [v2:172.21.15.3:6800/3991523484,v1:172.21.15.3:6801/3991523484] conn(0x7fb788038cb0 0x7fb78803b170 unknown :-1 s=START_CONNECT pgs=0 cs=0 l=1 rev1=0 crypto rx=0 tx=0 comp rx=0 tx=0)._fault waiting 0.800000
2024-03-11T19:44:16.428 INFO:teuthology.orchestra.run.smithi003.stdout:/usr/bin/ceph: stderr
2024-03-11T19:44:11.432+0000 7fb7a1d55700 1 -- 172.21.15.3:0/218908119 >> [v2:172.21.15.3:6800/3991523484,v1:172.21.15.3:6801/3991523484] conn(0x7fb788038cb0 msgr2=0x7fb78803b170 unknown :-1 s=STATE_CONNECTING_RE l=1).process reconnect failed to v2:172.21.15.3:6800/3991523484
2024-03-11T19:44:16.428 INFO:teuthology.orchestra.run.smithi003.stdout:/usr/bin/ceph: stderr
2024-03-11T19:44:11.432+0000 7fb7a1d55700 1 --2- 172.21.15.3:0/218908119 >> [v2:172.21.15.3:6800/3991523484,v1:172.21.15.3:6801/3991523484] conn(0x7fb788038cb0 0x7fb78803b170 unknown :-1 s=START_CONNECT pgs=0 cs=0 l=1 rev1=0 crypto rx=0 tx=0 comp rx=0 tx=0)._fault waiting 1.600000
2024-03-11T19:44:16.428 INFO:teuthology.orchestra.run.smithi003.stdout:/usr/bin/ceph: stderr
2024-03-11T19:44:13.033+0000 7fb7a1d55700 1 -- 172.21.15.3:0/218908119 >> [v2:172.21.15.3:6800/3991523484,v1:172.21.15.3:6801/3991523484] conn(0x7fb788038cb0 msgr2=0x7fb78803b170 unknown :-1 s=STATE_CONNECTING_RE l=1).process reconnect failed to v2:172.21.15.3:6800/3991523484
2024-03-11T19:44:16.428 INFO:teuthology.orchestra.run.smithi003.stdout:/usr/bin/ceph: stderr
2024-03-11T19:44:13.033+0000 7fb7a1d55700 1 --2- 172.21.15.3:0/218908119 >> [v2:172.21.15.3:6800/3991523484,v1:172.21.15.3:6801/3991523484] conn(0x7fb788038cb0 0x7fb78803b170 unknown :-1 s=START_CONNECT pgs=0 cs=0 l=1 rev1=0 crypto rx=0 tx=0 comp rx=0 tx=0)._fault waiting 3.200000
2024-03-11T19:44:16.428 INFO:teuthology.orchestra.run.smithi003.stdout:/usr/bin/ceph: stderr
2024-03-11T19:44:14.659+0000 7fb7937fe700 1 -- 172.21.15.3:0/218908119 <== mon.0 v2:172.21.15.3:3300/0 6 ==== mgrmap(e 10) v1 ==== 45549+0+0 (secure 0 0 0) 0x7fb78c02d960 con 0x7fb79c1074a0
2024-03-11T19:44:16.428 INFO:teuthology.orchestra.run.smithi003.stdout:/usr/bin/ceph: stderr
2024-03-11T19:44:14.659+0000 7fb7937fe700 1 -- 172.21.15.3:0/218908119 >> [v2:172.21.15.3:6800/3991523484,v1:172.21.15.3:6801/3991523484] conn(0x7fb788038cb0 msgr2=0x7fb78803b170 unknown :-1 s=STATE_CONNECTING l=1).mark_down
2024-03-11T19:44:16.428 INFO:teuthology.orchestra.run.smithi003.stdout:/usr/bin/ceph: stderr
2024-03-11T19:44:14.659+0000 7fb7937fe700 1 --2- 172.21.15.3:0/218908119 >> [v2:172.21.15.3:6800/3991523484,v1:172.21.15.3:6801/3991523484] conn(0x7fb788038cb0 0x7fb78803b170 unknown :-1 s=START_CONNECT pgs=0 cs=0 l=1 rev1=0 crypto rx=0 tx=0 comp rx=0 tx=0).stop
2024-03-11T19:44:16.428 INFO:teuthology.orchestra.run.smithi003.stdout:/usr/bin/ceph: stderr
2024-03-11T19:44:15.660+0000 7fb7937fe700 1 -- 172.21.15.3:0/218908119 <== mon.0 v2:172.21.15.3:3300/0 7 ==== mgrmap(e 11) v1 ==== 45676+0+0 (secure 0 0 0) 0x7fb78c04e620 con 0x7fb79c1074a0
2024-03-11T19:44:16.429 INFO:teuthology.orchestra.run.smithi003.stdout:/usr/bin/ceph: stderr
2024-03-11T19:44:15.660+0000 7fb7937fe700 1 --2- 172.21.15.3:0/218908119 >> [v2:172.21.15.3:6800/1848792721,v1:172.21.15.3:6801/1848792721] conn(0x7fb78803c730 0x7fb78803eb20 unknown :-1 s=NONE pgs=0 cs=0 l=1 rev1=0 crypto rx=0 tx=0 comp rx=0 tx=0).connect
2024-03-11T19:44:16.429 INFO:teuthology.orchestra.run.smithi003.stdout:/usr/bin/ceph: stderr
2024-03-11T19:44:15.661+0000 7fb7937fe700 1 -- 172.21.15.3:0/218908119 --> [v2:172.21.15.3:6800/1848792721,v1:172.21.15.3:6801/1848792721] -- command(tid 0: {"prefix": "get_command_descriptions"}) v1 -- 0x7fb78803b880 con 0x7fb78803c730
2024-03-11T19:44:16.429 INFO:teuthology.orchestra.run.smithi003.stdout:/usr/bin/ceph: stderr
2024-03-11T19:44:15.661+0000 7fb7a1d55700 1 --2- 172.21.15.3:0/218908119 >> [v2:172.21.15.3:6800/1848792721,v1:172.21.15.3:6801/1848792721] conn(0x7fb78803c730 0x7fb78803eb20 unknown :-1 s=BANNER_CONNECTING pgs=0 cs=0 l=1 rev1=0 crypto rx=0 tx=0 comp rx=0 tx=0)._handle_peer_banner_payload supported=3 required=0
2024-03-11T19:44:16.429 INFO:teuthology.orchestra.run.smithi003.stdout:/usr/bin/ceph: stderr
2024-03-11T19:44:15.662+0000 7fb7a1d55700 1 --2- 172.21.15.3:0/218908119 >> [v2:172.21.15.3:6800/1848792721,v1:172.21.15.3:6801/1848792721] conn(0x7fb78803c730 0x7fb78803eb20 secure :-1 s=READY pgs=1 cs=0 l=1 rev1=1 crypto rx=0x7fb798003a10 tx=0x7fb7980092b0 comp rx=0 tx=0).ready entity=mgr.14152 client_cookie=0 server_cookie=0 in_seq=0 out_seq=0
2024-03-11T19:44:16.429 INFO:teuthology.orchestra.run.smithi003.stdout:/usr/bin/ceph: stderr
2024-03-11T19:44:15.662+0000 7fb7937fe700 1 -- 172.21.15.3:0/218908119 <== mgr.14152 v2:172.21.15.3:6800/1848792721 1 ==== command_reply(tid 0: 0 ) v1 ==== 8+0+7774 (secure 0 0 0) 0x7fb78803b880 con 0x7fb78803c730
2024-03-11T19:44:16.429 INFO:teuthology.orchestra.run.smithi003.stdout:/usr/bin/ceph: stderr
2024-03-11T19:44:15.669+0000 7fb7a47ba700 1 -- 172.21.15.3:0/218908119 --> [v2:172.21.15.3:6800/1848792721,v1:172.21.15.3:6801/1848792721] -- command(tid 1: {"prefix": "mgr_status"}) v1 -- 0x7fb79c0632a0 con 0x7fb78803c730
2024-03-11T19:44:16.429 INFO:teuthology.orchestra.run.smithi003.stdout:/usr/bin/ceph: stderr
2024-03-11T19:44:15.669+0000 7fb7937fe700 1 -- 172.21.15.3:0/218908119 <== mgr.14152 v2:172.21.15.3:6800/1848792721 2 ==== command_reply(tid 1: 0 ) v1 ==== 8+0+52 (secure 0 0 0) 0x7fb79c0632a0 con 0x7fb78803c730
2024-03-11T19:44:16.429 INFO:teuthology.orchestra.run.smithi003.stdout:/usr/bin/ceph: stderr
2024-03-11T19:44:15.670+0000 7fb7a47ba700 1 -- 172.21.15.3:0/218908119 >> [v2:172.21.15.3:6800/1848792721,v1:172.21.15.3:6801/1848792721] conn(0x7fb78803c730 msgr2=0x7fb78803eb20 secure :-1 s=STATE_CONNECTION_ESTABLISHED l=1).mark_down
2024-03-11T19:44:16.429 INFO:teuthology.orchestra.run.smithi003.stdout:/usr/bin/ceph: stderr
2024-03-11T19:44:15.670+0000 7fb7a47ba700 1 --2- 172.21.15.3:0/218908119 >> [v2:172.21.15.3:6800/1848792721,v1:172.21.15.3:6801/1848792721] conn(0x7fb78803c730 0x7fb78803eb20 secure :-1 s=READY pgs=1 cs=0 l=1 rev1=1 crypto rx=0x7fb798003a10 tx=0x7fb7980092b0 comp rx=0 tx=0).stop
2024-03-11T19:44:16.429 INFO:teuthology.orchestra.run.smithi003.stdout:/usr/bin/ceph: stderr
2024-03-11T19:44:15.670+0000 7fb7a47ba700 1 -- 172.21.15.3:0/218908119 >> [v2:172.21.15.3:3300/0,v1:172.21.15.3:6789/0] conn(0x7fb79c1074a0 msgr2=0x7fb79c07cb80 secure :-1 s=STATE_CONNECTION_ESTABLISHED l=1).mark_down
2024-03-11T19:44:16.429 INFO:teuthology.orchestra.run.smithi003.stdout:/usr/bin/ceph: stderr
2024-03-11T19:44:15.670+0000 7fb7a47ba700 1 --2- 172.21.15.3:0/218908119 >> [v2:172.21.15.3:3300/0,v1:172.21.15.3:6789/0] conn(0x7fb79c1074a0 0x7fb79c07cb80 secure :-1 s=READY pgs=62 cs=0 l=1 rev1=1 crypto rx=0x7fb78c011670 tx=0x7fb78c011a30 comp rx=0 tx=0).stop
2024-03-11T19:44:16.429 INFO:teuthology.orchestra.run.smithi003.stdout:/usr/bin/ceph: stderr
2024-03-11T19:44:15.670+0000 7fb7a47ba700 1 -- 172.21.15.3:0/218908119 shutdown_connections
2024-03-11T19:44:16.429 INFO:teuthology.orchestra.run.smithi003.stdout:/usr/bin/ceph: stderr
2024-03-11T19:44:15.670+0000 7fb7a47ba700 1 --2- 172.21.15.3:0/218908119 >> [v2:172.21.15.3:6800/1848792721,v1:172.21.15.3:6801/1848792721] conn(0x7fb78803c730 0x7fb78803eb20 unknown :-1 s=CLOSED pgs=1 cs=0 l=1 rev1=1 crypto rx=0 tx=0 comp rx=0 tx=0).stop
2024-03-11T19:44:16.429 INFO:teuthology.orchestra.run.smithi003.stdout:/usr/bin/ceph: stderr
2024-03-11T19:44:15.670+0000 7fb7a47ba700 1 --2- 172.21.15.3:0/218908119 >> [v2:172.21.15.3:3300/0,v1:172.21.15.3:6789/0] conn(0x7fb79c1074a0 0x7fb79c07cb80 unknown :-1 s=CLOSED pgs=62 cs=0 l=1 rev1=1 crypto rx=0 tx=0 comp rx=0 tx=0).stop
2024-03-11T19:44:16.430 INFO:teuthology.orchestra.run.smithi003.stdout:/usr/bin/ceph: stderr
2024-03-11T19:44:15.670+0000 7fb7a47ba700 1 --2- 172.21.15.3:0/218908119 >> [v2:172.21.15.3:6800/3991523484,v1:172.21.15.3:6801/3991523484] conn(0x7fb788038cb0 0x7fb78803b170 unknown :-1 s=CLOSED pgs=0 cs=0 l=1 rev1=0 crypto rx=0 tx=0 comp rx=0 tx=0).stop
2024-03-11T19:44:16.430 INFO:teuthology.orchestra.run.smithi003.stdout:/usr/bin/ceph: stderr
2024-03-11T19:44:15.670+0000 7fb7a47ba700 1 -- 172.21.15.3:0/218908119 >> 172.21.15.3:0/218908119 conn(0x7fb79c102a80 msgr2=0x7fb79c103600 unknown :-1 s=STATE_NONE l=0).mark_down
2024-03-11T19:44:16.430 INFO:teuthology.orchestra.run.smithi003.stdout:/usr/bin/ceph: stderr
2024-03-11T19:44:15.670+0000 7fb7a47ba700 1 -- 172.21.15.3:0/218908119 shutdown_connections
2024-03-11T19:44:16.430 INFO:teuthology.orchestra.run.smithi003.stdout:/usr/bin/ceph: stderr
2024-03-11T19:44:15.670+0000 7fb7a47ba700 1 -- 172.21.15.3:0/218908119 wait complete.
2024-03-11T19:44:16.430 INFO:teuthology.orchestra.run.smithi003.stdout:mgr epoch 9 is available
2024-03-11T19:44:16.430 INFO:teuthology.orchestra.run.smithi003.stdout:Generating a dashboard self-signed certificate...
2024-03-11T19:44:18.039 INFO:journalctl@ceph.mon.a.smithi003.stdout:Mar 11 19:44:17 smithi003 ceph-mon[31927]: mgrmap e12: x(active, since 2s)
2024-03-11T19:44:18.040 INFO:journalctl@ceph.mon.a.smithi003.stdout:Mar 11 19:44:17 smithi003 ceph-mon[31927]: from='mgr.14152 172.21.15.3:0/3875273334' entity='mgr.x'
2024-03-11T19:44:18.040 INFO:journalctl@ceph.mon.a.smithi003.stdout:Mar 11 19:44:17 smithi003 ceph-mon[31927]: from='client.14164 -' entity='client.admin' cmd=[{"prefix": "dashboard create-self-signed-cert", "target": ["mon-mgr", ""]}]: dispatch
2024-03-11T19:44:18.298 INFO:teuthology.orchestra.run.smithi003.stdout:/usr/bin/ceph: stdout Self-signed certificate created
2024-03-11T19:44:18.299 INFO:teuthology.orchestra.run.smithi003.stdout:/usr/bin/ceph: stderr
2024-03-11T19:44:17.184+0000 7fd437c2f700 1 Processor -- start
2024-03-11T19:44:18.299 INFO:teuthology.orchestra.run.smithi003.stdout:/usr/bin/ceph: stderr
2024-03-11T19:44:17.184+0000 7fd437c2f700 1 -- start start
2024-03-11T19:44:18.299 INFO:teuthology.orchestra.run.smithi003.stdout:/usr/bin/ceph: stderr
2024-03-11T19:44:17.184+0000 7fd437c2f700 1 --2- >> [v2:172.21.15.3:3300/0,v1:172.21.15.3:6789/0] conn(0x7fd430106380 0x7fd4301067a0 unknown :-1 s=NONE pgs=0 cs=0 l=0 rev1=0 crypto rx=0 tx=0 comp rx=0 tx=0).connect
2024-03-11T19:44:18.299 INFO:teuthology.orchestra.run.smithi003.stdout:/usr/bin/ceph: stderr
2024-03-11T19:44:17.184+0000 7fd437c2f700 1 -- --> [v2:172.21.15.3:3300/0,v1:172.21.15.3:6789/0] -- mon_getmap magic: 0 v1 -- 0x7fd430106d70 con 0x7fd430106380
2024-03-11T19:44:18.299 INFO:teuthology.orchestra.run.smithi003.stdout:/usr/bin/ceph: stderr
2024-03-11T19:44:17.185+0000 7fd4359cb700 1 --2- >> [v2:172.21.15.3:3300/0,v1:172.21.15.3:6789/0] conn(0x7fd430106380 0x7fd4301067a0 unknown :-1 s=BANNER_CONNECTING pgs=0 cs=0 l=0 rev1=0 crypto rx=0 tx=0 comp rx=0 tx=0)._handle_peer_banner_payload supported=3 required=0
2024-03-11T19:44:18.299 INFO:teuthology.orchestra.run.smithi003.stdout:/usr/bin/ceph: stderr
2024-03-11T19:44:17.185+0000 7fd4359cb700 1 --2- >> [v2:172.21.15.3:3300/0,v1:172.21.15.3:6789/0] conn(0x7fd430106380 0x7fd4301067a0 unknown :-1 s=HELLO_CONNECTING pgs=0 cs=0 l=0 rev1=1 crypto rx=0 tx=0 comp rx=0 tx=0).handle_hello peer v2:172.21.15.3:3300/0 says I am v2:172.21.15.3:50256/0 (socket says 172.21.15.3:50256)
2024-03-11T19:44:18.299 INFO:teuthology.orchestra.run.smithi003.stdout:/usr/bin/ceph: stderr
2024-03-11T19:44:17.185+0000 7fd4359cb700 1 -- 172.21.15.3:0/223811358 learned_addr learned my addr 172.21.15.3:0/223811358 (peer_addr_for_me v2:172.21.15.3:0/0)
2024-03-11T19:44:18.299 INFO:teuthology.orchestra.run.smithi003.stdout:/usr/bin/ceph: stderr
2024-03-11T19:44:17.185+0000 7fd4359cb700 1 -- 172.21.15.3:0/223811358 --> [v2:172.21.15.3:3300/0,v1:172.21.15.3:6789/0] -- mon_subscribe({config=0+,monmap=0+}) v3 -- 0x7fd430107580 con 0x7fd430106380
2024-03-11T19:44:18.299 INFO:teuthology.orchestra.run.smithi003.stdout:/usr/bin/ceph: stderr
2024-03-11T19:44:17.185+0000 7fd4359cb700 1 --2- 172.21.15.3:0/223811358 >> [v2:172.21.15.3:3300/0,v1:172.21.15.3:6789/0] conn(0x7fd430106380 0x7fd4301067a0 secure :-1 s=READY pgs=70 cs=0 l=1 rev1=1 crypto rx=0x7fd42000bb40 tx=0x7fd42000be50 comp rx=0 tx=0).ready entity=mon.0 client_cookie=620df61e7cfc6d24 server_cookie=0 in_seq=0 out_seq=0
2024-03-11T19:44:18.299 INFO:teuthology.orchestra.run.smithi003.stdout:/usr/bin/ceph: stderr
2024-03-11T19:44:17.186+0000 7fd4349c9700 1 -- 172.21.15.3:0/223811358 <== mon.0 v2:172.21.15.3:3300/0 1 ==== mon_map magic: 0 v1 ==== 205+0+0 (secure 0 0 0) 0x7fd42000dbe0 con 0x7fd430106380
2024-03-11T19:44:18.299 INFO:teuthology.orchestra.run.smithi003.stdout:/usr/bin/ceph: stderr
2024-03-11T19:44:17.186+0000 7fd4349c9700 1 -- 172.21.15.3:0/223811358 <== mon.0 v2:172.21.15.3:3300/0 2 ==== config(26 keys) v1 ==== 1102+0+0 (secure 0 0 0) 0x7fd4200044e0 con 0x7fd430106380
2024-03-11T19:44:18.299 INFO:teuthology.orchestra.run.smithi003.stdout:/usr/bin/ceph: stderr
2024-03-11T19:44:17.186+0000 7fd4349c9700 1 -- 172.21.15.3:0/223811358 <== mon.0 v2:172.21.15.3:3300/0 3 ==== mon_map magic: 0 v1 ==== 205+0+0 (secure 0 0 0) 0x7fd420003e00 con 0x7fd430106380
2024-03-11T19:44:18.300 INFO:teuthology.orchestra.run.smithi003.stdout:/usr/bin/ceph: stderr
2024-03-11T19:44:17.186+0000 7fd437c2f700 1 -- 172.21.15.3:0/223811358 >> [v2:172.21.15.3:3300/0,v1:172.21.15.3:6789/0] conn(0x7fd430106380 msgr2=0x7fd4301067a0 secure :-1 s=STATE_CONNECTION_ESTABLISHED l=1).mark_down
2024-03-11T19:44:18.300 INFO:teuthology.orchestra.run.smithi003.stdout:/usr/bin/ceph: stderr
2024-03-11T19:44:17.186+0000 7fd437c2f700 1 --2- 172.21.15.3:0/223811358 >> [v2:172.21.15.3:3300/0,v1:172.21.15.3:6789/0] conn(0x7fd430106380 0x7fd4301067a0 secure :-1 s=READY pgs=70 cs=0 l=1 rev1=1 crypto rx=0x7fd42000bb40 tx=0x7fd42000be50 comp rx=0 tx=0).stop
2024-03-11T19:44:18.300 INFO:teuthology.orchestra.run.smithi003.stdout:/usr/bin/ceph: stderr
2024-03-11T19:44:17.186+0000 7fd437c2f700 1 -- 172.21.15.3:0/223811358 shutdown_connections
2024-03-11T19:44:18.300 INFO:teuthology.orchestra.run.smithi003.stdout:/usr/bin/ceph: stderr
2024-03-11T19:44:17.186+0000 7fd437c2f700 1 --2- 172.21.15.3:0/223811358 >> [v2:172.21.15.3:3300/0,v1:172.21.15.3:6789/0] conn(0x7fd430106380 0x7fd4301067a0 unknown :-1 s=CLOSED pgs=70 cs=0 l=1 rev1=1 crypto rx=0 tx=0 comp rx=0 tx=0).stop
2024-03-11T19:44:18.300 INFO:teuthology.orchestra.run.smithi003.stdout:/usr/bin/ceph: stderr
2024-03-11T19:44:17.186+0000 7fd437c2f700 1 -- 172.21.15.3:0/223811358 >> 172.21.15.3:0/223811358 conn(0x7fd430101960 msgr2=0x7fd430103d80 unknown :-1 s=STATE_NONE l=0).mark_down
2024-03-11T19:44:18.300 INFO:teuthology.orchestra.run.smithi003.stdout:/usr/bin/ceph: stderr
2024-03-11T19:44:17.186+0000 7fd437c2f700 1 -- 172.21.15.3:0/223811358 shutdown_connections
2024-03-11T19:44:18.300 INFO:teuthology.orchestra.run.smithi003.stdout:/usr/bin/ceph: stderr
2024-03-11T19:44:17.186+0000 7fd437c2f700 1 -- 172.21.15.3:0/223811358 wait complete.
2024-03-11T19:44:18.300 INFO:teuthology.orchestra.run.smithi003.stdout:/usr/bin/ceph: stderr
2024-03-11T19:44:17.187+0000 7fd437c2f700 1 Processor -- start
2024-03-11T19:44:18.300 INFO:teuthology.orchestra.run.smithi003.stdout:/usr/bin/ceph: stderr
2024-03-11T19:44:17.187+0000 7fd437c2f700 1 -- start start
2024-03-11T19:44:18.300 INFO:teuthology.orchestra.run.smithi003.stdout:/usr/bin/ceph: stderr
2024-03-11T19:44:17.187+0000 7fd437c2f700 1 --2- >> [v2:172.21.15.3:3300/0,v1:172.21.15.3:6789/0] conn(0x7fd430106380 0x7fd43019d400 unknown :-1 s=NONE pgs=0 cs=0 l=1 rev1=0 crypto rx=0 tx=0 comp rx=0 tx=0).connect
2024-03-11T19:44:18.300 INFO:teuthology.orchestra.run.smithi003.stdout:/usr/bin/ceph: stderr
2024-03-11T19:44:17.187+0000 7fd437c2f700 1 -- --> [v2:172.21.15.3:3300/0,v1:172.21.15.3:6789/0] -- mon_getmap magic: 0 v1 -- 0x7fd43019d940 con 0x7fd430106380
2024-03-11T19:44:18.300 INFO:teuthology.orchestra.run.smithi003.stdout:/usr/bin/ceph: stderr
2024-03-11T19:44:17.187+0000 7fd4359cb700 1 --2- >> [v2:172.21.15.3:3300/0,v1:172.21.15.3:6789/0] conn(0x7fd430106380 0x7fd43019d400 unknown :-1 s=BANNER_CONNECTING pgs=0 cs=0 l=1 rev1=0 crypto rx=0 tx=0 comp rx=0 tx=0)._handle_peer_banner_payload supported=3 required=0
2024-03-11T19:44:18.300 INFO:teuthology.orchestra.run.smithi003.stdout:/usr/bin/ceph: stderr
2024-03-11T19:44:17.187+0000 7fd4359cb700 1 --2- >> [v2:172.21.15.3:3300/0,v1:172.21.15.3:6789/0] conn(0x7fd430106380 0x7fd43019d400 unknown :-1 s=HELLO_CONNECTING pgs=0 cs=0 l=1 rev1=1 crypto rx=0 tx=0 comp rx=0 tx=0).handle_hello peer v2:172.21.15.3:3300/0 says I am v2:172.21.15.3:50258/0 (socket says 172.21.15.3:50258)
2024-03-11T19:44:18.300 INFO:teuthology.orchestra.run.smithi003.stdout:/usr/bin/ceph: stderr
2024-03-11T19:44:17.187+0000 7fd4359cb700 1 -- 172.21.15.3:0/3383260907 learned_addr learned my addr 172.21.15.3:0/3383260907 (peer_addr_for_me v2:172.21.15.3:0/0)
2024-03-11T19:44:18.301 INFO:teuthology.orchestra.run.smithi003.stdout:/usr/bin/ceph: stderr
2024-03-11T19:44:17.187+0000 7fd4359cb700 1 -- 172.21.15.3:0/3383260907 --> [v2:172.21.15.3:3300/0,v1:172.21.15.3:6789/0] -- mon_subscribe({config=0+,monmap=0+}) v3 -- 0x7fd42000b7f0 con 0x7fd430106380
2024-03-11T19:44:18.301 INFO:teuthology.orchestra.run.smithi003.stdout:/usr/bin/ceph: stderr
2024-03-11T19:44:17.188+0000 7fd4359cb700 1 --2- 172.21.15.3:0/3383260907 >> [v2:172.21.15.3:3300/0,v1:172.21.15.3:6789/0] conn(0x7fd430106380 0x7fd43019d400 secure :-1 s=READY pgs=71 cs=0 l=1 rev1=1 crypto rx=0x7fd42000dfa0 tx=0x7fd420003f50 comp rx=0 tx=0).ready entity=mon.0 client_cookie=0 server_cookie=0 in_seq=0 out_seq=0
2024-03-11T19:44:18.301 INFO:teuthology.orchestra.run.smithi003.stdout:/usr/bin/ceph: stderr
2024-03-11T19:44:17.188+0000 7fd426ffd700 1 -- 172.21.15.3:0/3383260907 <== mon.0 v2:172.21.15.3:3300/0 1 ==== mon_map magic: 0 v1 ==== 205+0+0 (secure 0 0 0) 0x7fd420010680 con 0x7fd430106380
2024-03-11T19:44:18.301 INFO:teuthology.orchestra.run.smithi003.stdout:/usr/bin/ceph: stderr
2024-03-11T19:44:17.188+0000 7fd426ffd700 1 -- 172.21.15.3:0/3383260907 <== mon.0 v2:172.21.15.3:3300/0 2 ==== config(26 keys) v1 ==== 1102+0+0 (secure 0 0 0) 0x7fd420010c90 con 0x7fd430106380
2024-03-11T19:44:18.301 INFO:teuthology.orchestra.run.smithi003.stdout:/usr/bin/ceph: stderr
2024-03-11T19:44:17.188+0000 7fd437c2f700 1 -- 172.21.15.3:0/3383260907 --> [v2:172.21.15.3:3300/0,v1:172.21.15.3:6789/0] -- mon_subscribe({mgrmap=0+}) v3 -- 0x7fd43019db40 con 0x7fd430106380
2024-03-11T19:44:18.301 INFO:teuthology.orchestra.run.smithi003.stdout:/usr/bin/ceph: stderr
2024-03-11T19:44:17.188+0000 7fd426ffd700 1 -- 172.21.15.3:0/3383260907 <== mon.0 v2:172.21.15.3:3300/0 3 ==== mon_map magic: 0 v1 ==== 205+0+0 (secure 0 0 0) 0x7fd420021bd0 con 0x7fd430106380
2024-03-11T19:44:18.301 INFO:teuthology.orchestra.run.smithi003.stdout:/usr/bin/ceph: stderr
2024-03-11T19:44:17.188+0000 7fd437c2f700 1 -- 172.21.15.3:0/3383260907 --> [v2:172.21.15.3:3300/0,v1:172.21.15.3:6789/0] -- mon_subscribe({osdmap=0}) v3 -- 0x7fd43019df80 con 0x7fd430106380
2024-03-11T19:44:18.301 INFO:teuthology.orchestra.run.smithi003.stdout:/usr/bin/ceph: stderr
2024-03-11T19:44:17.189+0000 7fd426ffd700 1 -- 172.21.15.3:0/3383260907 <== mon.0 v2:172.21.15.3:3300/0 4 ==== mgrmap(e 12) v1 ==== 45782+0+0 (secure 0 0 0) 0x7fd4200193f0 con 0x7fd430106380
2024-03-11T19:44:18.301 INFO:teuthology.orchestra.run.smithi003.stdout:/usr/bin/ceph: stderr
2024-03-11T19:44:17.189+0000 7fd437c2f700 1 -- 172.21.15.3:0/3383260907 --> [v2:172.21.15.3:3300/0,v1:172.21.15.3:6789/0] -- mon_command({"prefix": "get_command_descriptions"} v 0) v1 -- 0x7fd430079fe0 con 0x7fd430106380
2024-03-11T19:44:18.301 INFO:teuthology.orchestra.run.smithi003.stdout:/usr/bin/ceph: stderr
2024-03-11T19:44:17.189+0000 7fd426ffd700 1 --2- 172.21.15.3:0/3383260907 >> [v2:172.21.15.3:6800/1848792721,v1:172.21.15.3:6801/1848792721] conn(0x7fd41c038cb0 0x7fd41c03b170 unknown :-1 s=NONE pgs=0 cs=0 l=1 rev1=0 crypto rx=0 tx=0 comp rx=0 tx=0).connect
2024-03-11T19:44:18.301 INFO:teuthology.orchestra.run.smithi003.stdout:/usr/bin/ceph: stderr
2024-03-11T19:44:17.189+0000 7fd426ffd700 1 -- 172.21.15.3:0/3383260907 <== mon.0 v2:172.21.15.3:3300/0 5 ==== osd_map(3..3 src has 1..3) v4 ==== 1155+0+0 (secure 0 0 0) 0x7fd42004d460 con 0x7fd430106380
2024-03-11T19:44:18.301 INFO:teuthology.orchestra.run.smithi003.stdout:/usr/bin/ceph: stderr
2024-03-11T19:44:17.189+0000 7fd4351ca700 1 --2- 172.21.15.3:0/3383260907 >> [v2:172.21.15.3:6800/1848792721,v1:172.21.15.3:6801/1848792721] conn(0x7fd41c038cb0 0x7fd41c03b170 unknown :-1 s=BANNER_CONNECTING pgs=0 cs=0 l=1 rev1=0 crypto rx=0 tx=0 comp rx=0 tx=0)._handle_peer_banner_payload supported=3 required=0
2024-03-11T19:44:18.301 INFO:teuthology.orchestra.run.smithi003.stdout:/usr/bin/ceph: stderr
2024-03-11T19:44:17.190+0000 7fd4351ca700 1 --2- 172.21.15.3:0/3383260907 >> [v2:172.21.15.3:6800/1848792721,v1:172.21.15.3:6801/1848792721] conn(0x7fd41c038cb0 0x7fd41c03b170 secure :-1 s=READY pgs=7 cs=0 l=1 rev1=1 crypto rx=0x7fd42c006fd0 tx=0x7fd42c006e40 comp rx=0 tx=0).ready entity=mgr.14152 client_cookie=0 server_cookie=0 in_seq=0 out_seq=0
2024-03-11T19:44:18.302 INFO:teuthology.orchestra.run.smithi003.stdout:/usr/bin/ceph: stderr
2024-03-11T19:44:17.194+0000 7fd426ffd700 1 -- 172.21.15.3:0/3383260907 <== mon.0 v2:172.21.15.3:3300/0 6 ==== mon_command_ack([{"prefix": "get_command_descriptions"}]=0 v0) v1 ==== 72+0+183564 (secure 0 0 0) 0x7fd42000fc20 con 0x7fd430106380
2024-03-11T19:44:18.302 INFO:teuthology.orchestra.run.smithi003.stdout:/usr/bin/ceph: stderr
2024-03-11T19:44:17.400+0000 7fd437c2f700 1 -- 172.21.15.3:0/3383260907 --> [v2:172.21.15.3:6800/1848792721,v1:172.21.15.3:6801/1848792721] -- mgr_command(tid 0: {"prefix": "dashboard create-self-signed-cert", "target": ["mon-mgr", ""]}) v1 -- 0x7fd4300620b0 con 0x7fd41c038cb0
2024-03-11T19:44:18.302 INFO:teuthology.orchestra.run.smithi003.stdout:/usr/bin/ceph: stderr
2024-03-11T19:44:17.732+0000 7fd426ffd700 1 -- 172.21.15.3:0/3383260907 <== mgr.14152 v2:172.21.15.3:6800/1848792721 1 ==== mgr_command_reply(tid 0: 0 ) v1 ==== 8+0+32 (secure 0 0 0) 0x7fd4300620b0 con 0x7fd41c038cb0
2024-03-11T19:44:18.302 INFO:teuthology.orchestra.run.smithi003.stdout:/usr/bin/ceph: stderr
2024-03-11T19:44:17.735+0000 7fd437c2f700 1 -- 172.21.15.3:0/3383260907 >> [v2:172.21.15.3:6800/1848792721,v1:172.21.15.3:6801/1848792721] conn(0x7fd41c038cb0 msgr2=0x7fd41c03b170 secure :-1 s=STATE_CONNECTION_ESTABLISHED l=1).mark_down
2024-03-11T19:44:18.302 INFO:teuthology.orchestra.run.smithi003.stdout:/usr/bin/ceph: stderr
2024-03-11T19:44:17.735+0000 7fd437c2f700 1 --2- 172.21.15.3:0/3383260907 >> [v2:172.21.15.3:6800/1848792721,v1:172.21.15.3:6801/1848792721] conn(0x7fd41c038cb0 0x7fd41c03b170 secure :-1 s=READY pgs=7 cs=0 l=1 rev1=1 crypto rx=0x7fd42c006fd0 tx=0x7fd42c006e40 comp rx=0 tx=0).stop
2024-03-11T19:44:18.302 INFO:teuthology.orchestra.run.smithi003.stdout:/usr/bin/ceph: stderr
2024-03-11T19:44:17.735+0000 7fd437c2f700 1 -- 172.21.15.3:0/3383260907 >> [v2:172.21.15.3:3300/0,v1:172.21.15.3:6789/0] conn(0x7fd430106380 msgr2=0x7fd43019d400 secure :-1 s=STATE_CONNECTION_ESTABLISHED l=1).mark_down
2024-03-11T19:44:18.302 INFO:teuthology.orchestra.run.smithi003.stdout:/usr/bin/ceph: stderr
2024-03-11T19:44:17.735+0000 7fd437c2f700 1 --2- 172.21.15.3:0/3383260907 >> [v2:172.21.15.3:3300/0,v1:172.21.15.3:6789/0] conn(0x7fd430106380 0x7fd43019d400 secure :-1 s=READY pgs=71 cs=0 l=1 rev1=1 crypto rx=0x7fd42000dfa0 tx=0x7fd420003f50 comp rx=0 tx=0).stop
2024-03-11T19:44:18.302 INFO:teuthology.orchestra.run.smithi003.stdout:/usr/bin/ceph: stderr
2024-03-11T19:44:17.736+0000 7fd437c2f700 1 -- 172.21.15.3:0/3383260907 shutdown_connections
2024-03-11T19:44:18.302 INFO:teuthology.orchestra.run.smithi003.stdout:/usr/bin/ceph: stderr
2024-03-11T19:44:17.736+0000 7fd437c2f700 1 --2- 172.21.15.3:0/3383260907 >> [v2:172.21.15.3:6800/1848792721,v1:172.21.15.3:6801/1848792721] conn(0x7fd41c038cb0 0x7fd41c03b170 unknown :-1 s=CLOSED pgs=7 cs=0 l=1 rev1=1 crypto rx=0 tx=0 comp rx=0 tx=0).stop
2024-03-11T19:44:18.302 INFO:teuthology.orchestra.run.smithi003.stdout:/usr/bin/ceph: stderr
2024-03-11T19:44:17.736+0000 7fd437c2f700 1 --2- 172.21.15.3:0/3383260907 >> [v2:172.21.15.3:3300/0,v1:172.21.15.3:6789/0] conn(0x7fd430106380 0x7fd43019d400 unknown :-1 s=CLOSED pgs=71 cs=0 l=1 rev1=1 crypto rx=0 tx=0 comp rx=0 tx=0).stop
2024-03-11T19:44:18.302 INFO:teuthology.orchestra.run.smithi003.stdout:/usr/bin/ceph: stderr
2024-03-11T19:44:17.736+0000 7fd437c2f700 1 -- 172.21.15.3:0/3383260907 >> 172.21.15.3:0/3383260907 conn(0x7fd430101960 msgr2=0x7fd43018f7a0 unknown :-1 s=STATE_NONE l=0).mark_down
2024-03-11T19:44:18.302 INFO:teuthology.orchestra.run.smithi003.stdout:/usr/bin/ceph: stderr
2024-03-11T19:44:17.736+0000 7fd437c2f700 1 -- 172.21.15.3:0/3383260907 shutdown_connections
2024-03-11T19:44:18.302 INFO:teuthology.orchestra.run.smithi003.stdout:/usr/bin/ceph: stderr
2024-03-11T19:44:17.736+0000 7fd437c2f700 1 -- 172.21.15.3:0/3383260907 wait complete.
2024-03-11T19:44:18.303 INFO:teuthology.orchestra.run.smithi003.stdout:Creating initial admin user...
2024-03-11T19:44:18.931 INFO:journalctl@ceph.mon.a.smithi003.stdout:Mar 11 19:44:18 smithi003 ceph-mon[31927]: from='mgr.14152 172.21.15.3:0/3875273334' entity='mgr.x'
2024-03-11T19:44:18.931 INFO:journalctl@ceph.mon.a.smithi003.stdout:Mar 11 19:44:18 smithi003 ceph-mon[31927]: from='mgr.14152 172.21.15.3:0/3875273334' entity='mgr.x'
2024-03-11T19:44:18.931 INFO:journalctl@ceph.mon.a.smithi003.stdout:Mar 11 19:44:18 smithi003 ceph-mon[31927]: from='mgr.14152 172.21.15.3:0/3875273334' entity='mgr.x'
2024-03-11T19:44:20.152 INFO:teuthology.orchestra.run.smithi003.stdout:/usr/bin/ceph: stdout {"username": "admin", "password": "$2b$12$rgvPKO3dRWWggPj4IUjUcOz12YPx1L.V.rMypXm8xDtXyfGpg5dOG", "roles": ["administrator"], "name": null, "email": null, "lastUpdate": 1710186259, "enabled": true, "pwdExpirationDate": null, "pwdUpdateRequired": true}
2024-03-11T19:44:20.152 INFO:teuthology.orchestra.run.smithi003.stdout:/usr/bin/ceph: stderr
2024-03-11T19:44:18.768+0000 7f16ffb37700 1 Processor -- start
2024-03-11T19:44:20.152 INFO:teuthology.orchestra.run.smithi003.stdout:/usr/bin/ceph: stderr
2024-03-11T19:44:18.768+0000 7f16ffb37700 1 -- start start
2024-03-11T19:44:20.152 INFO:teuthology.orchestra.run.smithi003.stdout:/usr/bin/ceph: stderr
2024-03-11T19:44:18.769+0000 7f16ffb37700 1 --2- >> [v2:172.21.15.3:3300/0,v1:172.21.15.3:6789/0] conn(0x7f16f8105770 0x7f16f8105b90 unknown :-1 s=NONE pgs=0 cs=0 l=0 rev1=0 crypto rx=0 tx=0 comp rx=0 tx=0).connect
2024-03-11T19:44:20.152 INFO:teuthology.orchestra.run.smithi003.stdout:/usr/bin/ceph: stderr
2024-03-11T19:44:18.769+0000 7f16ffb37700 1 -- --> [v2:172.21.15.3:3300/0,v1:172.21.15.3:6789/0] -- mon_getmap magic: 0 v1 -- 0x7f16f8106160 con 0x7f16f8105770
2024-03-11T19:44:20.152 INFO:teuthology.orchestra.run.smithi003.stdout:/usr/bin/ceph: stderr
2024-03-11T19:44:18.769+0000 7f16fd8d3700 1 --2- >> [v2:172.21.15.3:3300/0,v1:172.21.15.3:6789/0] conn(0x7f16f8105770 0x7f16f8105b90 unknown :-1 s=BANNER_CONNECTING pgs=0 cs=0 l=0 rev1=0 crypto rx=0 tx=0 comp rx=0 tx=0)._handle_peer_banner_payload supported=3 required=0
2024-03-11T19:44:20.152 INFO:teuthology.orchestra.run.smithi003.stdout:/usr/bin/ceph: stderr
2024-03-11T19:44:18.769+0000 7f16fd8d3700 1 --2- >> [v2:172.21.15.3:3300/0,v1:172.21.15.3:6789/0] conn(0x7f16f8105770 0x7f16f8105b90 unknown :-1 s=HELLO_CONNECTING pgs=0 cs=0 l=0 rev1=1 crypto rx=0 tx=0 comp rx=0 tx=0).handle_hello peer v2:172.21.15.3:3300/0 says I am v2:172.21.15.3:50268/0 (socket says 172.21.15.3:50268)
2024-03-11T19:44:20.152 INFO:teuthology.orchestra.run.smithi003.stdout:/usr/bin/ceph: stderr
2024-03-11T19:44:18.769+0000 7f16fd8d3700 1 -- 172.21.15.3:0/1392310885 learned_addr learned my addr 172.21.15.3:0/1392310885 (peer_addr_for_me v2:172.21.15.3:0/0)
2024-03-11T19:44:20.152 INFO:teuthology.orchestra.run.smithi003.stdout:/usr/bin/ceph: stderr
2024-03-11T19:44:18.769+0000 7f16fd8d3700 1 -- 172.21.15.3:0/1392310885 --> [v2:172.21.15.3:3300/0,v1:172.21.15.3:6789/0] -- mon_subscribe({config=0+,monmap=0+}) v3 -- 0x7f16f8108700 con 0x7f16f8105770
2024-03-11T19:44:20.153 INFO:teuthology.orchestra.run.smithi003.stdout:/usr/bin/ceph: stderr
2024-03-11T19:44:18.769+0000 7f16fd8d3700 1 --2- 172.21.15.3:0/1392310885 >> [v2:172.21.15.3:3300/0,v1:172.21.15.3:6789/0] conn(0x7f16f8105770 0x7f16f8105b90 secure :-1 s=READY pgs=72 cs=0 l=1 rev1=1 crypto rx=0x7f16f40098a0 tx=0x7f16f4009bb0 comp rx=0 tx=0).ready entity=mon.0 client_cookie=3a3a80ccc4d3e7f server_cookie=0 in_seq=0 out_seq=0
2024-03-11T19:44:20.153 INFO:teuthology.orchestra.run.smithi003.stdout:/usr/bin/ceph: stderr
2024-03-11T19:44:18.769+0000 7f16fc8d1700 1 -- 172.21.15.3:0/1392310885 <== mon.0 v2:172.21.15.3:3300/0 1 ==== mon_map magic: 0 v1 ==== 205+0+0 (secure 0 0 0) 0x7f16f4004160 con 0x7f16f8105770
2024-03-11T19:44:20.153 INFO:teuthology.orchestra.run.smithi003.stdout:/usr/bin/ceph: stderr
2024-03-11T19:44:18.769+0000 7f16fc8d1700 1 -- 172.21.15.3:0/1392310885 <== mon.0 v2:172.21.15.3:3300/0 2 ==== config(26 keys) v1 ==== 1102+0+0 (secure 0 0 0) 0x7f16f40042c0 con 0x7f16f8105770
2024-03-11T19:44:20.153 INFO:teuthology.orchestra.run.smithi003.stdout:/usr/bin/ceph: stderr
2024-03-11T19:44:18.769+0000 7f16fc8d1700 1 -- 172.21.15.3:0/1392310885 <== mon.0 v2:172.21.15.3:3300/0 3 ==== mon_map magic: 0 v1 ==== 205+0+0 (secure 0 0 0) 0x7f16f40119b0 con 0x7f16f8105770
2024-03-11T19:44:20.153 INFO:teuthology.orchestra.run.smithi003.stdout:/usr/bin/ceph: stderr
2024-03-11T19:44:18.770+0000 7f16ffb37700 1 -- 172.21.15.3:0/1392310885 >> [v2:172.21.15.3:3300/0,v1:172.21.15.3:6789/0] conn(0x7f16f8105770 msgr2=0x7f16f8105b90 secure :-1 s=STATE_CONNECTION_ESTABLISHED l=1).mark_down
2024-03-11T19:44:20.153 INFO:teuthology.orchestra.run.smithi003.stdout:/usr/bin/ceph: stderr
2024-03-11T19:44:18.770+0000 7f16ffb37700 1 --2- 172.21.15.3:0/1392310885 >> [v2:172.21.15.3:3300/0,v1:172.21.15.3:6789/0] conn(0x7f16f8105770 0x7f16f8105b90 secure :-1 s=READY pgs=72 cs=0 l=1 rev1=1 crypto rx=0x7f16f40098a0 tx=0x7f16f4009bb0 comp rx=0 tx=0).stop
2024-03-11T19:44:20.153 INFO:teuthology.orchestra.run.smithi003.stdout:/usr/bin/ceph: stderr
2024-03-11T19:44:18.770+0000 7f16ffb37700 1 -- 172.21.15.3:0/1392310885 shutdown_connections
2024-03-11T19:44:20.153 INFO:teuthology.orchestra.run.smithi003.stdout:/usr/bin/ceph: stderr
2024-03-11T19:44:18.770+0000 7f16ffb37700 1 --2- 172.21.15.3:0/1392310885 >> [v2:172.21.15.3:3300/0,v1:172.21.15.3:6789/0] conn(0x7f16f8105770 0x7f16f8105b90 unknown :-1 s=CLOSED pgs=72 cs=0 l=1 rev1=1 crypto rx=0 tx=0 comp rx=0 tx=0).stop
2024-03-11T19:44:20.153 INFO:teuthology.orchestra.run.smithi003.stdout:/usr/bin/ceph: stderr
2024-03-11T19:44:18.770+0000 7f16ffb37700 1 -- 172.21.15.3:0/1392310885 >> 172.21.15.3:0/1392310885 conn(0x7f16f8101100 msgr2=0x7f16f8103520 unknown :-1 s=STATE_NONE l=0).mark_down
2024-03-11T19:44:20.153 INFO:teuthology.orchestra.run.smithi003.stdout:/usr/bin/ceph: stderr
2024-03-11T19:44:18.770+0000 7f16ffb37700 1 -- 172.21.15.3:0/1392310885 shutdown_connections
2024-03-11T19:44:20.153 INFO:teuthology.orchestra.run.smithi003.stdout:/usr/bin/ceph: stderr
2024-03-11T19:44:18.770+0000 7f16ffb37700 1 -- 172.21.15.3:0/1392310885 wait complete.
2024-03-11T19:44:20.153 INFO:teuthology.orchestra.run.smithi003.stdout:/usr/bin/ceph: stderr
2024-03-11T19:44:18.771+0000 7f16ffb37700 1 Processor -- start
2024-03-11T19:44:20.153 INFO:teuthology.orchestra.run.smithi003.stdout:/usr/bin/ceph: stderr
2024-03-11T19:44:18.771+0000 7f16ffb37700 1 -- start start
2024-03-11T19:44:20.153 INFO:teuthology.orchestra.run.smithi003.stdout:/usr/bin/ceph: stderr
2024-03-11T19:44:18.771+0000 7f16ffb37700 1 --2- >> [v2:172.21.15.3:3300/0,v1:172.21.15.3:6789/0] conn(0x7f16f8105770 0x7f16f8107f80 unknown :-1 s=NONE pgs=0 cs=0 l=1 rev1=0 crypto rx=0 tx=0 comp rx=0 tx=0).connect
2024-03-11T19:44:20.154 INFO:teuthology.orchestra.run.smithi003.stdout:/usr/bin/ceph: stderr
2024-03-11T19:44:18.771+0000 7f16ffb37700 1 -- --> [v2:172.21.15.3:3300/0,v1:172.21.15.3:6789/0] -- mon_getmap magic: 0 v1 -- 0x7f16f81084c0 con 0x7f16f8105770
2024-03-11T19:44:20.154 INFO:teuthology.orchestra.run.smithi003.stdout:/usr/bin/ceph: stderr
2024-03-11T19:44:18.771+0000 7f16fd8d3700 1 --2- >> [v2:172.21.15.3:3300/0,v1:172.21.15.3:6789/0] conn(0x7f16f8105770 0x7f16f8107f80 unknown :-1 s=BANNER_CONNECTING pgs=0 cs=0 l=1 rev1=0 crypto rx=0 tx=0 comp rx=0 tx=0)._handle_peer_banner_payload supported=3 required=0
2024-03-11T19:44:20.154 INFO:teuthology.orchestra.run.smithi003.stdout:/usr/bin/ceph: stderr
2024-03-11T19:44:18.771+0000 7f16fd8d3700 1 --2- >> [v2:172.21.15.3:3300/0,v1:172.21.15.3:6789/0] conn(0x7f16f8105770 0x7f16f8107f80 unknown :-1 s=HELLO_CONNECTING pgs=0 cs=0 l=1 rev1=1 crypto rx=0 tx=0 comp rx=0 tx=0).handle_hello peer v2:172.21.15.3:3300/0 says I am v2:172.21.15.3:50276/0 (socket says 172.21.15.3:50276)
2024-03-11T19:44:20.154 INFO:teuthology.orchestra.run.smithi003.stdout:/usr/bin/ceph: stderr
2024-03-11T19:44:18.771+0000 7f16fd8d3700 1 -- 172.21.15.3:0/2624312489 learned_addr learned my addr 172.21.15.3:0/2624312489 (peer_addr_for_me v2:172.21.15.3:0/0)
2024-03-11T19:44:20.154 INFO:teuthology.orchestra.run.smithi003.stdout:/usr/bin/ceph: stderr
2024-03-11T19:44:18.771+0000 7f16fd8d3700 1 -- 172.21.15.3:0/2624312489 --> [v2:172.21.15.3:3300/0,v1:172.21.15.3:6789/0] -- mon_subscribe({config=0+,monmap=0+}) v3 -- 0x7f16f4009550 con 0x7f16f8105770
2024-03-11T19:44:20.154 INFO:teuthology.orchestra.run.smithi003.stdout:/usr/bin/ceph: stderr
2024-03-11T19:44:18.771+0000 7f16fd8d3700 1 --2- 172.21.15.3:0/2624312489 >> [v2:172.21.15.3:3300/0,v1:172.21.15.3:6789/0] conn(0x7f16f8105770 0x7f16f8107f80 secure :-1 s=READY pgs=73 cs=0 l=1 rev1=1 crypto rx=0x7f16f4011670 tx=0x7f16f4011a30 comp rx=0 tx=0).ready entity=mon.0 client_cookie=0 server_cookie=0 in_seq=0 out_seq=0
2024-03-11T19:44:20.154 INFO:teuthology.orchestra.run.smithi003.stdout:/usr/bin/ceph: stderr
2024-03-11T19:44:18.771+0000 7f16eeffd700 1 -- 172.21.15.3:0/2624312489 <== mon.0 v2:172.21.15.3:3300/0 1 ==== mon_map magic: 0 v1 ==== 205+0+0 (secure 0 0 0) 0x7f16f40038b0 con 0x7f16f8105770
2024-03-11T19:44:20.154 INFO:teuthology.orchestra.run.smithi003.stdout:/usr/bin/ceph: stderr
2024-03-11T19:44:18.771+0000 7f16eeffd700 1 -- 172.21.15.3:0/2624312489 <== mon.0 v2:172.21.15.3:3300/0 2 ==== config(26 keys) v1 ==== 1102+0+0 (secure 0 0 0) 0x7f16f4003a10 con 0x7f16f8105770
2024-03-11T19:44:20.154 INFO:teuthology.orchestra.run.smithi003.stdout:/usr/bin/ceph: stderr
2024-03-11T19:44:18.772+0000 7f16ffb37700 1 -- 172.21.15.3:0/2624312489 --> [v2:172.21.15.3:3300/0,v1:172.21.15.3:6789/0] -- mon_subscribe({mgrmap=0+}) v3 -- 0x7f16f81066b0 con 0x7f16f8105770
2024-03-11T19:44:20.154 INFO:teuthology.orchestra.run.smithi003.stdout:/usr/bin/ceph: stderr
2024-03-11T19:44:18.772+0000 7f16eeffd700 1 -- 172.21.15.3:0/2624312489 <== mon.0 v2:172.21.15.3:3300/0 3 ==== mon_map magic: 0 v1 ==== 205+0+0 (secure 0 0 0) 0x7f16f4019530 con 0x7f16f8105770
2024-03-11T19:44:20.154 INFO:teuthology.orchestra.run.smithi003.stdout:/usr/bin/ceph: stderr
2024-03-11T19:44:18.772+0000 7f16ffb37700 1 -- 172.21.15.3:0/2624312489 --> [v2:172.21.15.3:3300/0,v1:172.21.15.3:6789/0] -- mon_subscribe({osdmap=0}) v3 -- 0x7f16f8106b50 con 0x7f16f8105770
2024-03-11T19:44:20.154 INFO:teuthology.orchestra.run.smithi003.stdout:/usr/bin/ceph: stderr
2024-03-11T19:44:18.772+0000 7f16eeffd700 1 -- 172.21.15.3:0/2624312489 <== mon.0 v2:172.21.15.3:3300/0 4 ==== mgrmap(e 12) v1 ==== 45782+0+0 (secure 0 0 0) 0x7f16f40197a0 con 0x7f16f8105770
2024-03-11T19:44:20.154 INFO:teuthology.orchestra.run.smithi003.stdout:/usr/bin/ceph: stderr
2024-03-11T19:44:18.772+0000 7f16eeffd700 1 --2- 172.21.15.3:0/2624312489 >> [v2:172.21.15.3:6800/1848792721,v1:172.21.15.3:6801/1848792721] conn(0x7f16e4038d10 0x7f16e403b1d0 unknown :-1 s=NONE pgs=0 cs=0 l=1 rev1=0 crypto rx=0 tx=0 comp rx=0 tx=0).connect
2024-03-11T19:44:20.154 INFO:teuthology.orchestra.run.smithi003.stdout:/usr/bin/ceph: stderr
2024-03-11T19:44:18.772+0000 7f16ffb37700 1 -- 172.21.15.3:0/2624312489 --> [v2:172.21.15.3:3300/0,v1:172.21.15.3:6789/0] -- mon_command({"prefix": "get_command_descriptions"} v 0) v1 -- 0x7f16f810b930 con 0x7f16f8105770
2024-03-11T19:44:20.155 INFO:teuthology.orchestra.run.smithi003.stdout:/usr/bin/ceph: stderr
2024-03-11T19:44:18.773+0000 7f16eeffd700 1 -- 172.21.15.3:0/2624312489 <== mon.0 v2:172.21.15.3:3300/0 5 ==== osd_map(3..3 src has 1..3) v4 ==== 1155+0+0 (secure 0 0 0) 0x7f16f404d110 con 0x7f16f8105770
2024-03-11T19:44:20.155 INFO:teuthology.orchestra.run.smithi003.stdout:/usr/bin/ceph: stderr
2024-03-11T19:44:18.773+0000 7f16fd0d2700 1 --2- 172.21.15.3:0/2624312489 >> [v2:172.21.15.3:6800/1848792721,v1:172.21.15.3:6801/1848792721] conn(0x7f16e4038d10 0x7f16e403b1d0 unknown :-1 s=BANNER_CONNECTING pgs=0 cs=0 l=1 rev1=0 crypto rx=0 tx=0 comp rx=0 tx=0)._handle_peer_banner_payload supported=3 required=0
2024-03-11T19:44:20.155 INFO:teuthology.orchestra.run.smithi003.stdout:/usr/bin/ceph: stderr
2024-03-11T19:44:18.773+0000 7f16fd0d2700 1 --2- 172.21.15.3:0/2624312489 >> [v2:172.21.15.3:6800/1848792721,v1:172.21.15.3:6801/1848792721] conn(0x7f16e4038d10 0x7f16e403b1d0 secure :-1 s=READY pgs=8 cs=0 l=1 rev1=1 crypto rx=0x7f16e8006fd0 tx=0x7f16e8006e40 comp rx=0 tx=0).ready entity=mgr.14152 client_cookie=0 server_cookie=0 in_seq=0 out_seq=0
2024-03-11T19:44:20.155 INFO:teuthology.orchestra.run.smithi003.stdout:/usr/bin/ceph: stderr
2024-03-11T19:44:18.777+0000 7f16eeffd700 1 -- 172.21.15.3:0/2624312489 <== mon.0 v2:172.21.15.3:3300/0 6 ==== mon_command_ack([{"prefix": "get_command_descriptions"}]=0 v0) v1 ==== 72+0+183564 (secure 0 0 0) 0x7f16f4019af0 con 0x7f16f8105770
2024-03-11T19:44:20.155 INFO:teuthology.orchestra.run.smithi003.stdout:/usr/bin/ceph: stderr
2024-03-11T19:44:19.003+0000 7f16ffb37700 1 -- 172.21.15.3:0/2624312489 --> [v2:172.21.15.3:6800/1848792721,v1:172.21.15.3:6801/1848792721] -- mgr_command(tid 0: {"prefix": "dashboard ac-user-create", "username": "admin", "rolename": "administrator", "force_password": true, "pwd_update_required": true, "target": ["mon-mgr", ""]}) v1 -- 0x7f16f810bb10 con 0x7f16e4038d10
2024-03-11T19:44:20.155 INFO:teuthology.orchestra.run.smithi003.stdout:/usr/bin/ceph: stderr
2024-03-11T19:44:19.250+0000 7f16eeffd700 1 -- 172.21.15.3:0/2624312489 <== mgr.14152 v2:172.21.15.3:6800/1848792721 1 ==== mgr_command_reply(tid 0: 0 ) v1 ==== 8+0+252 (secure 0 0 0) 0x7f16f810bb10 con 0x7f16e4038d10
2024-03-11T19:44:20.155 INFO:teuthology.orchestra.run.smithi003.stdout:/usr/bin/ceph: stderr
2024-03-11T19:44:19.252+0000 7f16ffb37700 1 -- 172.21.15.3:0/2624312489 >> [v2:172.21.15.3:6800/1848792721,v1:172.21.15.3:6801/1848792721] conn(0x7f16e4038d10 msgr2=0x7f16e403b1d0 secure :-1 s=STATE_CONNECTION_ESTABLISHED l=1).mark_down
2024-03-11T19:44:20.155 INFO:teuthology.orchestra.run.smithi003.stdout:/usr/bin/ceph: stderr
2024-03-11T19:44:19.252+0000 7f16ffb37700 1 --2- 172.21.15.3:0/2624312489 >> [v2:172.21.15.3:6800/1848792721,v1:172.21.15.3:6801/1848792721] conn(0x7f16e4038d10 0x7f16e403b1d0 secure :-1 s=READY pgs=8 cs=0 l=1 rev1=1 crypto rx=0x7f16e8006fd0 tx=0x7f16e8006e40 comp rx=0 tx=0).stop
2024-03-11T19:44:20.155 INFO:teuthology.orchestra.run.smithi003.stdout:/usr/bin/ceph: stderr
2024-03-11T19:44:19.252+0000 7f16ffb37700 1 -- 172.21.15.3:0/2624312489 >> [v2:172.21.15.3:3300/0,v1:172.21.15.3:6789/0] conn(0x7f16f8105770 msgr2=0x7f16f8107f80 secure :-1 s=STATE_CONNECTION_ESTABLISHED l=1).mark_down
2024-03-11T19:44:20.155 INFO:teuthology.orchestra.run.smithi003.stdout:/usr/bin/ceph: stderr
