2024-03-11T19:47:49.161+0000 7f7a4b400700 1 --2- >> [v2:172.21.15.97:3300/0,v1:172.21.15.97:6789/0] conn(0x7f7a4c107fc0 0x7f7a4c19b250 unknown :-1 s=HELLO_CONNECTING pgs=0 cs=0 l=1 rev1=1 crypto rx=0 tx=0 comp rx=0 tx=0).handle_hello peer v2:172.21.15.97:3300/0 says I am v2:172.21.15.97:57726/0 (socket says 172.21.15.97:57726)
2024-03-11T19:47:50.385 INFO:teuthology.orchestra.run.smithi097.stdout:/usr/bin/ceph: stderr
2024-03-11T19:47:49.161+0000 7f7a4b400700 1 -- 172.21.15.97:0/2368087846 learned_addr learned my addr 172.21.15.97:0/2368087846 (peer_addr_for_me v2:172.21.15.97:0/0)
2024-03-11T19:47:50.385 INFO:teuthology.orchestra.run.smithi097.stdout:/usr/bin/ceph: stderr
2024-03-11T19:47:49.161+0000 7f7a4b400700 1 -- 172.21.15.97:0/2368087846 --> [v2:172.21.15.97:3300/0,v1:172.21.15.97:6789/0] -- mon_subscribe({config=0+,monmap=0+}) v3 -- 0x7f7a3c009550 con 0x7f7a4c107fc0
2024-03-11T19:47:50.385 INFO:teuthology.orchestra.run.smithi097.stdout:/usr/bin/ceph: stderr
2024-03-11T19:47:49.161+0000 7f7a4b400700 1 --2- 172.21.15.97:0/2368087846 >> [v2:172.21.15.97:3300/0,v1:172.21.15.97:6789/0] conn(0x7f7a4c107fc0 0x7f7a4c19b250 secure :-1 s=READY pgs=73 cs=0 l=1 rev1=1 crypto rx=0x7f7a3c009130 tx=0x7f7a3c011b00 comp rx=0 tx=0).ready entity=mon.0 client_cookie=0 server_cookie=0 in_seq=0 out_seq=0
2024-03-11T19:47:50.385 INFO:teuthology.orchestra.run.smithi097.stdout:/usr/bin/ceph: stderr
2024-03-11T19:47:49.162+0000 7f7a43e00700 1 -- 172.21.15.97:0/2368087846 <== mon.0 v2:172.21.15.97:3300/0 1 ==== mon_map magic: 0 v1 ==== 205+0+0 (secure 0 0 0) 0x7f7a3c003aa0 con 0x7f7a4c107fc0
2024-03-11T19:47:50.385 INFO:teuthology.orchestra.run.smithi097.stdout:/usr/bin/ceph: stderr
2024-03-11T19:47:49.162+0000 7f7a43e00700 1 -- 172.21.15.97:0/2368087846 <== mon.0 v2:172.21.15.97:3300/0 2 ==== config(27 keys) v1 ==== 1140+0+0 (secure 0 0 0) 0x7f7a3c003c00 con 0x7f7a4c107fc0
2024-03-11T19:47:50.386 INFO:teuthology.orchestra.run.smithi097.stdout:/usr/bin/ceph: stderr
2024-03-11T19:47:49.162+0000 7f7a52200700 1 -- 172.21.15.97:0/2368087846 --> [v2:172.21.15.97:3300/0,v1:172.21.15.97:6789/0] -- mon_subscribe({mgrmap=0+}) v3 -- 0x7f7a4c19b990 con 0x7f7a4c107fc0
2024-03-11T19:47:50.386 INFO:teuthology.orchestra.run.smithi097.stdout:/usr/bin/ceph: stderr
2024-03-11T19:47:49.162+0000 7f7a43e00700 1 -- 172.21.15.97:0/2368087846 <== mon.0 v2:172.21.15.97:3300/0 3 ==== mon_map magic: 0 v1 ==== 205+0+0 (secure 0 0 0) 0x7f7a3c0248a0 con 0x7f7a4c107fc0
2024-03-11T19:47:50.386 INFO:teuthology.orchestra.run.smithi097.stdout:/usr/bin/ceph: stderr
2024-03-11T19:47:49.162+0000 7f7a52200700 1 -- 172.21.15.97:0/2368087846 --> [v2:172.21.15.97:3300/0,v1:172.21.15.97:6789/0] -- mon_subscribe({osdmap=0}) v3 -- 0x7f7a4c19be30 con 0x7f7a4c107fc0
2024-03-11T19:47:50.386 INFO:teuthology.orchestra.run.smithi097.stdout:/usr/bin/ceph: stderr
2024-03-11T19:47:49.163+0000 7f7a43e00700 1 -- 172.21.15.97:0/2368087846 <== mon.0 v2:172.21.15.97:3300/0 4 ==== mgrmap(e 12) v1 ==== 45782+0+0 (secure 0 0 0) 0x7f7a3c024ae0 con 0x7f7a4c107fc0
2024-03-11T19:47:50.386 INFO:teuthology.orchestra.run.smithi097.stdout:/usr/bin/ceph: stderr
2024-03-11T19:47:49.163+0000 7f7a52200700 1 -- 172.21.15.97:0/2368087846 --> [v2:172.21.15.97:3300/0,v1:172.21.15.97:6789/0] -- mon_command({"prefix": "get_command_descriptions"} v 0) v1 -- 0x7f7a4c10b790 con 0x7f7a4c107fc0
2024-03-11T19:47:50.386 INFO:teuthology.orchestra.run.smithi097.stdout:/usr/bin/ceph: stderr
2024-03-11T19:47:49.164+0000 7f7a43e00700 1 --2- 172.21.15.97:0/2368087846 >> [v2:172.21.15.97:6800/3389151509,v1:172.21.15.97:6801/3389151509] conn(0x7f7a30038d00 0x7f7a3003b1c0 unknown :-1 s=NONE pgs=0 cs=0 l=1 rev1=0 crypto rx=0 tx=0 comp rx=0 tx=0).connect
2024-03-11T19:47:50.386 INFO:teuthology.orchestra.run.smithi097.stdout:/usr/bin/ceph: stderr
2024-03-11T19:47:49.164+0000 7f7a43e00700 1 -- 172.21.15.97:0/2368087846 <== mon.0 v2:172.21.15.97:3300/0 5 ==== osd_map(3..3 src has 1..3) v4 ==== 1155+0+0 (secure 0 0 0) 0x7f7a3c04d050 con 0x7f7a4c107fc0
2024-03-11T19:47:50.386 INFO:teuthology.orchestra.run.smithi097.stdout:/usr/bin/ceph: stderr
2024-03-11T19:47:49.164+0000 7f7a4aa00700 1 --2- 172.21.15.97:0/2368087846 >> [v2:172.21.15.97:6800/3389151509,v1:172.21.15.97:6801/3389151509] conn(0x7f7a30038d00 0x7f7a3003b1c0 unknown :-1 s=BANNER_CONNECTING pgs=0 cs=0 l=1 rev1=0 crypto rx=0 tx=0 comp rx=0 tx=0)._handle_peer_banner_payload supported=3 required=0
2024-03-11T19:47:50.386 INFO:teuthology.orchestra.run.smithi097.stdout:/usr/bin/ceph: stderr
2024-03-11T19:47:49.165+0000 7f7a4aa00700 1 --2- 172.21.15.97:0/2368087846 >> [v2:172.21.15.97:6800/3389151509,v1:172.21.15.97:6801/3389151509] conn(0x7f7a30038d00 0x7f7a3003b1c0 secure :-1 s=READY pgs=8 cs=0 l=1 rev1=1 crypto rx=0x7f7a38006fd0 tx=0x7f7a38006e40 comp rx=0 tx=0).ready entity=mgr.14152 client_cookie=0 server_cookie=0 in_seq=0 out_seq=0
2024-03-11T19:47:50.386 INFO:teuthology.orchestra.run.smithi097.stdout:/usr/bin/ceph: stderr
2024-03-11T19:47:49.170+0000 7f7a43e00700 1 -- 172.21.15.97:0/2368087846 <== mon.0 v2:172.21.15.97:3300/0 6 ==== mon_command_ack([{"prefix": "get_command_descriptions"}]=0 v0) v1 ==== 72+0+183564 (secure 0 0 0) 0x7f7a3c080d20 con 0x7f7a4c107fc0
2024-03-11T19:47:50.386 INFO:teuthology.orchestra.run.smithi097.stdout:/usr/bin/ceph: stderr
2024-03-11T19:47:49.409+0000 7f7a52200700 1 -- 172.21.15.97:0/2368087846 --> [v2:172.21.15.97:6800/3389151509,v1:172.21.15.97:6801/3389151509] -- mgr_command(tid 0: {"prefix": "dashboard ac-user-create", "username": "admin", "rolename": "administrator", "force_password": true, "pwd_update_required": true, "target": ["mon-mgr", ""]}) v1 -- 0x7f7a4c0630c0 con 0x7f7a30038d00
2024-03-11T19:47:50.386 INFO:teuthology.orchestra.run.smithi097.stdout:/usr/bin/ceph: stderr
2024-03-11T19:47:49.672+0000 7f7a43e00700 1 -- 172.21.15.97:0/2368087846 <== mgr.14152 v2:172.21.15.97:6800/3389151509 1 ==== mgr_command_reply(tid 0: 0 ) v1 ==== 8+0+252 (secure 0 0 0) 0x7f7a4c0630c0 con 0x7f7a30038d00
2024-03-11T19:47:50.386 INFO:teuthology.orchestra.run.smithi097.stdout:/usr/bin/ceph: stderr
2024-03-11T19:47:49.675+0000 7f7a52200700 1 -- 172.21.15.97:0/2368087846 >> [v2:172.21.15.97:6800/3389151509,v1:172.21.15.97:6801/3389151509] conn(0x7f7a30038d00 msgr2=0x7f7a3003b1c0 secure :-1 s=STATE_CONNECTION_ESTABLISHED l=1).mark_down
2024-03-11T19:47:50.387 INFO:teuthology.orchestra.run.smithi097.stdout:/usr/bin/ceph: stderr
2024-03-11T19:47:49.675+0000 7f7a52200700 1 --2- 172.21.15.97:0/2368087846 >> [v2:172.21.15.97:6800/3389151509,v1:172.21.15.97:6801/3389151509] conn(0x7f7a30038d00 0x7f7a3003b1c0 secure :-1 s=READY pgs=8 cs=0 l=1 rev1=1 crypto rx=0x7f7a38006fd0 tx=0x7f7a38006e40 comp rx=0 tx=0).stop
2024-03-11T19:47:50.387 INFO:teuthology.orchestra.run.smithi097.stdout:/usr/bin/ceph: stderr
2024-03-11T19:47:49.675+0000 7f7a52200700 1 -- 172.21.15.97:0/2368087846 >> [v2:172.21.15.97:3300/0,v1:172.21.15.97:6789/0] conn(0x7f7a4c107fc0 msgr2=0x7f7a4c19b250 secure :-1 s=STATE_CONNECTION_ESTABLISHED l=1).mark_down
2024-03-11T19:47:50.387 INFO:teuthology.orchestra.run.smithi097.stdout:/usr/bin/ceph: stderr
2024-03-11T19:47:49.675+0000 7f7a52200700 1 --2- 172.21.15.97:0/2368087846 >> [v2:172.21.15.97:3300/0,v1:172.21.15.97:6789/0] conn(0x7f7a4c107fc0 0x7f7a4c19b250 secure :-1 s=READY pgs=73 cs=0 l=1 rev1=1 crypto rx=0x7f7a3c009130 tx=0x7f7a3c011b00 comp rx=0 tx=0).stop
2024-03-11T19:47:50.387 INFO:teuthology.orchestra.run.smithi097.stdout:/usr/bin/ceph: stderr
2024-03-11T19:47:49.675+0000 7f7a52200700 1 -- 172.21.15.97:0/2368087846 shutdown_connections
2024-03-11T19:47:50.387 INFO:teuthology.orchestra.run.smithi097.stdout:/usr/bin/ceph: stderr
2024-03-11T19:47:49.675+0000 7f7a52200700 1 --2- 172.21.15.97:0/2368087846 >> [v2:172.21.15.97:6800/3389151509,v1:172.21.15.97:6801/3389151509] conn(0x7f7a30038d00 0x7f7a3003b1c0 unknown :-1 s=CLOSED pgs=8 cs=0 l=1 rev1=1 crypto rx=0 tx=0 comp rx=0 tx=0).stop
2024-03-11T19:47:50.387 INFO:teuthology.orchestra.run.smithi097.stdout:/usr/bin/ceph: stderr
2024-03-11T19:47:49.675+0000 7f7a52200700 1 --2- 172.21.15.97:0/2368087846 >> [v2:172.21.15.97:3300/0,v1:172.21.15.97:6789/0] conn(0x7f7a4c107fc0 0x7f7a4c19b250 unknown :-1 s=CLOSED pgs=73 cs=0 l=1 rev1=1 crypto rx=0 tx=0 comp rx=0 tx=0).stop
2024-03-11T19:47:50.387 INFO:teuthology.orchestra.run.smithi097.stdout:/usr/bin/ceph: stderr
2024-03-11T19:47:49.675+0000 7f7a52200700 1 -- 172.21.15.97:0/2368087846 >> 172.21.15.97:0/2368087846 conn(0x7f7a4c101a30 msgr2=0x7f7a4c1024d0 unknown :-1 s=STATE_NONE l=0).mark_down
2024-03-11T19:47:50.387 INFO:teuthology.orchestra.run.smithi097.stdout:/usr/bin/ceph: stderr
2024-03-11T19:47:49.675+0000 7f7a52200700 1 -- 172.21.15.97:0/2368087846 shutdown_connections
2024-03-11T19:47:50.387 INFO:teuthology.orchestra.run.smithi097.stdout:/usr/bin/ceph: stderr
2024-03-11T19:47:49.675+0000 7f7a52200700 1 -- 172.21.15.97:0/2368087846 wait complete.
2024-03-11T19:47:50.387 INFO:teuthology.orchestra.run.smithi097.stdout:Fetching dashboard port number...
2024-03-11T19:47:50.672 INFO:journalctl@ceph.mon.a.smithi097.stdout:Mar 11 19:47:50 smithi097 ceph-mon[31898]: from='client.14166 -' entity='client.admin' cmd=[{"prefix": "dashboard ac-user-create", "username": "admin", "rolename": "administrator", "force_password": true, "pwd_update_required": true, "target": ["mon-mgr", ""]}]: dispatch
2024-03-11T19:47:50.672 INFO:journalctl@ceph.mon.a.smithi097.stdout:Mar 11 19:47:50 smithi097 ceph-mon[31898]: from='mgr.14152 172.21.15.97:0/3716618585' entity='mgr.x'
2024-03-11T19:47:52.090 INFO:journalctl@ceph.mon.a.smithi097.stdout:Mar 11 19:47:51 smithi097 ceph-mon[31898]: mgrmap e13: x(active, since 6s)
2024-03-11T19:47:52.090 INFO:journalctl@ceph.mon.a.smithi097.stdout:Mar 11 19:47:51 smithi097 ceph-mon[31898]: from='client.? 172.21.15.97:0/1748940395' entity='client.admin' cmd=[{"prefix": "config get", "who": "mgr", "key": "mgr/dashboard/ssl_server_port"}]: dispatch
2024-03-11T19:47:52.100 INFO:teuthology.orchestra.run.smithi097.stdout:/usr/bin/ceph: stdout 8443
2024-03-11T19:47:52.100 INFO:teuthology.orchestra.run.smithi097.stdout:/usr/bin/ceph: stderr
2024-03-11T19:47:51.105+0000 7f797ac00700 1 Processor -- start
2024-03-11T19:47:52.100 INFO:teuthology.orchestra.run.smithi097.stdout:/usr/bin/ceph: stderr
2024-03-11T19:47:51.106+0000 7f797ac00700 1 -- start start
2024-03-11T19:47:52.106 INFO:teuthology.orchestra.run.smithi097.stdout:/usr/bin/ceph: stderr
2024-03-11T19:47:51.106+0000 7f797ac00700 1 --2- >> [v2:172.21.15.97:3300/0,v1:172.21.15.97:6789/0] conn(0x7f797410e020 0x7f797410e440 unknown :-1 s=NONE pgs=0 cs=0 l=0 rev1=0 crypto rx=0 tx=0 comp rx=0 tx=0).connect
2024-03-11T19:47:52.106 INFO:teuthology.orchestra.run.smithi097.stdout:/usr/bin/ceph: stderr
2024-03-11T19:47:51.106+0000 7f797ac00700 1 -- --> [v2:172.21.15.97:3300/0,v1:172.21.15.97:6789/0] -- mon_getmap magic: 0 v1 -- 0x7f797410ea10 con 0x7f797410e020
2024-03-11T19:47:52.106 INFO:teuthology.orchestra.run.smithi097.stdout:/usr/bin/ceph: stderr
2024-03-11T19:47:51.106+0000 7f7973e00700 1 --2- >> [v2:172.21.15.97:3300/0,v1:172.21.15.97:6789/0] conn(0x7f797410e020 0x7f797410e440 unknown :-1 s=BANNER_CONNECTING pgs=0 cs=0 l=0 rev1=0 crypto rx=0 tx=0 comp rx=0 tx=0)._handle_peer_banner_payload supported=3 required=0
2024-03-11T19:47:52.106 INFO:teuthology.orchestra.run.smithi097.stdout:/usr/bin/ceph: stderr
2024-03-11T19:47:51.106+0000 7f7973e00700 1 --2- >> [v2:172.21.15.97:3300/0,v1:172.21.15.97:6789/0] conn(0x7f797410e020 0x7f797410e440 unknown :-1 s=HELLO_CONNECTING pgs=0 cs=0 l=0 rev1=1 crypto rx=0 tx=0 comp rx=0 tx=0).handle_hello peer v2:172.21.15.97:3300/0 says I am v2:172.21.15.97:57736/0 (socket says 172.21.15.97:57736)
2024-03-11T19:47:52.106 INFO:teuthology.orchestra.run.smithi097.stdout:/usr/bin/ceph: stderr
2024-03-11T19:47:51.106+0000 7f7973e00700 1 -- 172.21.15.97:0/879767250 learned_addr learned my addr 172.21.15.97:0/879767250 (peer_addr_for_me v2:172.21.15.97:0/0)
2024-03-11T19:47:52.107 INFO:teuthology.orchestra.run.smithi097.stdout:/usr/bin/ceph: stderr
2024-03-11T19:47:51.107+0000 7f7973e00700 1 -- 172.21.15.97:0/879767250 --> [v2:172.21.15.97:3300/0,v1:172.21.15.97:6789/0] -- mon_subscribe({config=0+,monmap=0+}) v3 -- 0x7f797410eb50 con 0x7f797410e020
2024-03-11T19:47:52.107 INFO:teuthology.orchestra.run.smithi097.stdout:/usr/bin/ceph: stderr
2024-03-11T19:47:51.107+0000 7f7973e00700 1 --2- 172.21.15.97:0/879767250 >> [v2:172.21.15.97:3300/0,v1:172.21.15.97:6789/0] conn(0x7f797410e020 0x7f797410e440 secure :-1 s=READY pgs=74 cs=0 l=1 rev1=1 crypto rx=0x7f79640098a0 tx=0x7f7964009bb0 comp rx=0 tx=0).ready entity=mon.0 client_cookie=202cd1713c2201f7 server_cookie=0 in_seq=0 out_seq=0
2024-03-11T19:47:52.107 INFO:teuthology.orchestra.run.smithi097.stdout:/usr/bin/ceph: stderr
2024-03-11T19:47:51.108+0000 7f7972a00700 1 -- 172.21.15.97:0/879767250 <== mon.0 v2:172.21.15.97:3300/0 1 ==== mon_map magic: 0 v1 ==== 205+0+0 (secure 0 0 0) 0x7f7964004160 con 0x7f797410e020
2024-03-11T19:47:52.107 INFO:teuthology.orchestra.run.smithi097.stdout:/usr/bin/ceph: stderr
2024-03-11T19:47:51.108+0000 7f7972a00700 1 -- 172.21.15.97:0/879767250 <== mon.0 v2:172.21.15.97:3300/0 2 ==== config(27 keys) v1 ==== 1140+0+0 (secure 0 0 0) 0x7f79640042c0 con 0x7f797410e020
2024-03-11T19:47:52.107 INFO:teuthology.orchestra.run.smithi097.stdout:/usr/bin/ceph: stderr
2024-03-11T19:47:51.108+0000 7f7972a00700 1 -- 172.21.15.97:0/879767250 <== mon.0 v2:172.21.15.97:3300/0 3 ==== mon_map magic: 0 v1 ==== 205+0+0 (secure 0 0 0) 0x7f7964011a80 con 0x7f797410e020
2024-03-11T19:47:52.107 INFO:teuthology.orchestra.run.smithi097.stdout:/usr/bin/ceph: stderr
2024-03-11T19:47:51.108+0000 7f797ac00700 1 -- 172.21.15.97:0/879767250 >> [v2:172.21.15.97:3300/0,v1:172.21.15.97:6789/0] conn(0x7f797410e020 msgr2=0x7f797410e440 secure :-1 s=STATE_CONNECTION_ESTABLISHED l=1).mark_down
2024-03-11T19:47:52.107 INFO:teuthology.orchestra.run.smithi097.stdout:/usr/bin/ceph: stderr
2024-03-11T19:47:51.108+0000 7f797ac00700 1 --2- 172.21.15.97:0/879767250 >> [v2:172.21.15.97:3300/0,v1:172.21.15.97:6789/0] conn(0x7f797410e020 0x7f797410e440 secure :-1 s=READY pgs=74 cs=0 l=1 rev1=1 crypto rx=0x7f79640098a0 tx=0x7f7964009bb0 comp rx=0 tx=0).stop
2024-03-11T19:47:52.107 INFO:teuthology.orchestra.run.smithi097.stdout:/usr/bin/ceph: stderr
2024-03-11T19:47:51.108+0000 7f797ac00700 1 -- 172.21.15.97:0/879767250 shutdown_connections
2024-03-11T19:47:52.107 INFO:teuthology.orchestra.run.smithi097.stdout:/usr/bin/ceph: stderr
2024-03-11T19:47:51.108+0000 7f797ac00700 1 --2- 172.21.15.97:0/879767250 >> [v2:172.21.15.97:3300/0,v1:172.21.15.97:6789/0] conn(0x7f797410e020 0x7f797410e440 unknown :-1 s=CLOSED pgs=74 cs=0 l=1 rev1=1 crypto rx=0 tx=0 comp rx=0 tx=0).stop
2024-03-11T19:47:52.107 INFO:teuthology.orchestra.run.smithi097.stdout:/usr/bin/ceph: stderr
2024-03-11T19:47:51.108+0000 7f797ac00700 1 -- 172.21.15.97:0/879767250 >> 172.21.15.97:0/879767250 conn(0x7f797407ce20 msgr2=0x7f797407f240 unknown :-1 s=STATE_NONE l=0).mark_down
2024-03-11T19:47:52.107 INFO:teuthology.orchestra.run.smithi097.stdout:/usr/bin/ceph: stderr
2024-03-11T19:47:51.108+0000 7f797ac00700 1 -- 172.21.15.97:0/879767250 shutdown_connections
2024-03-11T19:47:52.107 INFO:teuthology.orchestra.run.smithi097.stdout:/usr/bin/ceph: stderr
2024-03-11T19:47:51.109+0000 7f797ac00700 1 -- 172.21.15.97:0/879767250 wait complete.
2024-03-11T19:47:52.107 INFO:teuthology.orchestra.run.smithi097.stdout:/usr/bin/ceph: stderr
2024-03-11T19:47:51.109+0000 7f797ac00700 1 Processor -- start
2024-03-11T19:47:52.107 INFO:teuthology.orchestra.run.smithi097.stdout:/usr/bin/ceph: stderr
2024-03-11T19:47:51.110+0000 7f797ac00700 1 -- start start
2024-03-11T19:47:52.108 INFO:teuthology.orchestra.run.smithi097.stdout:/usr/bin/ceph: stderr
2024-03-11T19:47:51.110+0000 7f797ac00700 1 --2- >> [v2:172.21.15.97:3300/0,v1:172.21.15.97:6789/0] conn(0x7f797410e020 0x7f79741a17a0 unknown :-1 s=NONE pgs=0 cs=0 l=1 rev1=0 crypto rx=0 tx=0 comp rx=0 tx=0).connect
2024-03-11T19:47:52.108 INFO:teuthology.orchestra.run.smithi097.stdout:/usr/bin/ceph: stderr
2024-03-11T19:47:51.110+0000 7f797ac00700 1 -- --> [v2:172.21.15.97:3300/0,v1:172.21.15.97:6789/0] -- mon_getmap magic: 0 v1 -- 0x7f79741a1ce0 con 0x7f797410e020
2024-03-11T19:47:52.108 INFO:teuthology.orchestra.run.smithi097.stdout:/usr/bin/ceph: stderr
2024-03-11T19:47:51.110+0000 7f7973e00700 1 --2- >> [v2:172.21.15.97:3300/0,v1:172.21.15.97:6789/0] conn(0x7f797410e020 0x7f79741a17a0 unknown :-1 s=BANNER_CONNECTING pgs=0 cs=0 l=1 rev1=0 crypto rx=0 tx=0 comp rx=0 tx=0)._handle_peer_banner_payload supported=3 required=0
2024-03-11T19:47:52.108 INFO:teuthology.orchestra.run.smithi097.stdout:/usr/bin/ceph: stderr
2024-03-11T19:47:51.110+0000 7f7973e00700 1 --2- >> [v2:172.21.15.97:3300/0,v1:172.21.15.97:6789/0] conn(0x7f797410e020 0x7f79741a17a0 unknown :-1 s=HELLO_CONNECTING pgs=0 cs=0 l=1 rev1=1 crypto rx=0 tx=0 comp rx=0 tx=0).handle_hello peer v2:172.21.15.97:3300/0 says I am v2:172.21.15.97:57746/0 (socket says 172.21.15.97:57746)
2024-03-11T19:47:52.108 INFO:teuthology.orchestra.run.smithi097.stdout:/usr/bin/ceph: stderr
2024-03-11T19:47:51.110+0000 7f7973e00700 1 -- 172.21.15.97:0/1748940395 learned_addr learned my addr 172.21.15.97:0/1748940395 (peer_addr_for_me v2:172.21.15.97:0/0)
2024-03-11T19:47:52.108 INFO:teuthology.orchestra.run.smithi097.stdout:/usr/bin/ceph: stderr
2024-03-11T19:47:51.111+0000 7f7973e00700 1 -- 172.21.15.97:0/1748940395 --> [v2:172.21.15.97:3300/0,v1:172.21.15.97:6789/0] -- mon_subscribe({config=0+,monmap=0+}) v3 -- 0x7f7964009550 con 0x7f797410e020
2024-03-11T19:47:52.108 INFO:teuthology.orchestra.run.smithi097.stdout:/usr/bin/ceph: stderr
2024-03-11T19:47:51.111+0000 7f7973e00700 1 --2- 172.21.15.97:0/1748940395 >> [v2:172.21.15.97:3300/0,v1:172.21.15.97:6789/0] conn(0x7f797410e020 0x7f79741a17a0 secure :-1 s=READY pgs=75 cs=0 l=1 rev1=1 crypto rx=0x7f7964011740 tx=0x7f7964011b00 comp rx=0 tx=0).ready entity=mon.0 client_cookie=0 server_cookie=0 in_seq=0 out_seq=0
2024-03-11T19:47:52.108 INFO:teuthology.orchestra.run.smithi097.stdout:/usr/bin/ceph: stderr
2024-03-11T19:47:51.111+0000 7f7970c00700 1 -- 172.21.15.97:0/1748940395 <== mon.0 v2:172.21.15.97:3300/0 1 ==== mon_map magic: 0 v1 ==== 205+0+0 (secure 0 0 0) 0x7f7964003b20 con 0x7f797410e020
2024-03-11T19:47:52.108 INFO:teuthology.orchestra.run.smithi097.stdout:/usr/bin/ceph: stderr
2024-03-11T19:47:51.111+0000 7f7970c00700 1 -- 172.21.15.97:0/1748940395 <== mon.0 v2:172.21.15.97:3300/0 2 ==== config(27 keys) v1 ==== 1140+0+0 (secure 0 0 0) 0x7f796401a910 con 0x7f797410e020
2024-03-11T19:47:52.108 INFO:teuthology.orchestra.run.smithi097.stdout:/usr/bin/ceph: stderr
2024-03-11T19:47:51.111+0000 7f7970c00700 1 -- 172.21.15.97:0/1748940395 <== mon.0 v2:172.21.15.97:3300/0 3 ==== mon_map magic: 0 v1 ==== 205+0+0 (secure 0 0 0) 0x7f79640248c0 con 0x7f797410e020
2024-03-11T19:47:52.108 INFO:teuthology.orchestra.run.smithi097.stdout:/usr/bin/ceph: stderr
2024-03-11T19:47:51.111+0000 7f797ac00700 1 -- 172.21.15.97:0/1748940395 --> [v2:172.21.15.97:3300/0,v1:172.21.15.97:6789/0] -- mon_subscribe({mgrmap=0+}) v3 -- 0x7f79741a1ee0 con 0x7f797410e020
2024-03-11T19:47:52.108 INFO:teuthology.orchestra.run.smithi097.stdout:/usr/bin/ceph: stderr
2024-03-11T19:47:51.111+0000 7f797ac00700 1 -- 172.21.15.97:0/1748940395 --> [v2:172.21.15.97:3300/0,v1:172.21.15.97:6789/0] -- mon_subscribe({osdmap=0}) v3 -- 0x7f79741a2380 con 0x7f797410e020
2024-03-11T19:47:52.108 INFO:teuthology.orchestra.run.smithi097.stdout:/usr/bin/ceph: stderr
2024-03-11T19:47:51.112+0000 7f7970c00700 1 -- 172.21.15.97:0/1748940395 <== mon.0 v2:172.21.15.97:3300/0 4 ==== mgrmap(e 13) v1 ==== 45825+0+0 (secure 0 0 0) 0x7f796401a430 con 0x7f797410e020
2024-03-11T19:47:52.108 INFO:teuthology.orchestra.run.smithi097.stdout:/usr/bin/ceph: stderr
2024-03-11T19:47:51.112+0000 7f797ac00700 1 -- 172.21.15.97:0/1748940395 --> [v2:172.21.15.97:3300/0,v1:172.21.15.97:6789/0] -- mon_command({"prefix": "get_command_descriptions"} v 0) v1 -- 0x7f7974111fc0 con 0x7f797410e020
2024-03-11T19:47:52.108 INFO:teuthology.orchestra.run.smithi097.stdout:/usr/bin/ceph: stderr
2024-03-11T19:47:51.113+0000 7f7970c00700 1 --2- 172.21.15.97:0/1748940395 >> [v2:172.21.15.97:6800/3389151509,v1:172.21.15.97:6801/3389151509] conn(0x7f7958038e00 0x7f795803b2c0 unknown :-1 s=NONE pgs=0 cs=0 l=1 rev1=0 crypto rx=0 tx=0 comp rx=0 tx=0).connect
2024-03-11T19:47:52.108 INFO:teuthology.orchestra.run.smithi097.stdout:/usr/bin/ceph: stderr
2024-03-11T19:47:51.113+0000 7f7970c00700 1 -- 172.21.15.97:0/1748940395 <== mon.0 v2:172.21.15.97:3300/0 5 ==== osd_map(3..3 src has 1..3) v4 ==== 1155+0+0 (secure 0 0 0) 0x7f796404d010 con 0x7f797410e020
2024-03-11T19:47:52.109 INFO:teuthology.orchestra.run.smithi097.stdout:/usr/bin/ceph: stderr
2024-03-11T19:47:51.113+0000 7f7973400700 1 --2- 172.21.15.97:0/1748940395 >> [v2:172.21.15.97:6800/3389151509,v1:172.21.15.97:6801/3389151509] conn(0x7f7958038e00 0x7f795803b2c0 unknown :-1 s=BANNER_CONNECTING pgs=0 cs=0 l=1 rev1=0 crypto rx=0 tx=0 comp rx=0 tx=0)._handle_peer_banner_payload supported=3 required=0
2024-03-11T19:47:52.109 INFO:teuthology.orchestra.run.smithi097.stdout:/usr/bin/ceph: stderr
2024-03-11T19:47:51.114+0000 7f7973400700 1 --2- 172.21.15.97:0/1748940395 >> [v2:172.21.15.97:6800/3389151509,v1:172.21.15.97:6801/3389151509] conn(0x7f7958038e00 0x7f795803b2c0 secure :-1 s=READY pgs=9 cs=0 l=1 rev1=1 crypto rx=0x7f7960006fd0 tx=0x7f7960006e40 comp rx=0 tx=0).ready entity=mgr.14152 client_cookie=0 server_cookie=0 in_seq=0 out_seq=0
2024-03-11T19:47:52.109 INFO:teuthology.orchestra.run.smithi097.stdout:/usr/bin/ceph: stderr
2024-03-11T19:47:51.118+0000 7f7970c00700 1 -- 172.21.15.97:0/1748940395 <== mon.0 v2:172.21.15.97:3300/0 6 ==== mon_command_ack([{"prefix": "get_command_descriptions"}]=0 v0) v1 ==== 72+0+183564 (secure 0 0 0) 0x7f796401aa80 con 0x7f797410e020
2024-03-11T19:47:52.109 INFO:teuthology.orchestra.run.smithi097.stdout:/usr/bin/ceph: stderr
2024-03-11T19:47:51.331+0000 7f797ac00700 1 -- 172.21.15.97:0/1748940395 --> [v2:172.21.15.97:3300/0,v1:172.21.15.97:6789/0] -- mon_command({"prefix": "config get", "who": "mgr", "key": "mgr/dashboard/ssl_server_port"} v 0) v1 -- 0x7f797410eb50 con 0x7f797410e020
2024-03-11T19:47:52.109 INFO:teuthology.orchestra.run.smithi097.stdout:/usr/bin/ceph: stderr
2024-03-11T19:47:51.332+0000 7f7970c00700 1 -- 172.21.15.97:0/1748940395 <== mon.0 v2:172.21.15.97:3300/0 7 ==== mon_command_ack([{"prefix": "config get", "who": "mgr", "key": "mgr/dashboard/ssl_server_port"}]=0 v8) v1 ==== 112+0+5 (secure 0 0 0) 0x7f797410eb50 con 0x7f797410e020
2024-03-11T19:47:52.109 INFO:teuthology.orchestra.run.smithi097.stdout:/usr/bin/ceph: stderr
2024-03-11T19:47:51.335+0000 7f797ac00700 1 -- 172.21.15.97:0/1748940395 >> [v2:172.21.15.97:6800/3389151509,v1:172.21.15.97:6801/3389151509] conn(0x7f7958038e00 msgr2=0x7f795803b2c0 secure :-1 s=STATE_CONNECTION_ESTABLISHED l=1).mark_down
2024-03-11T19:47:52.109 INFO:teuthology.orchestra.run.smithi097.stdout:/usr/bin/ceph: stderr
2024-03-11T19:47:51.335+0000 7f797ac00700 1 --2- 172.21.15.97:0/1748940395 >> [v2:172.21.15.97:6800/3389151509,v1:172.21.15.97:6801/3389151509] conn(0x7f7958038e00 0x7f795803b2c0 secure :-1 s=READY pgs=9 cs=0 l=1 rev1=1 crypto rx=0x7f7960006fd0 tx=0x7f7960006e40 comp rx=0 tx=0).stop
2024-03-11T19:47:52.109 INFO:teuthology.orchestra.run.smithi097.stdout:/usr/bin/ceph: stderr
2024-03-11T19:47:51.335+0000 7f797ac00700 1 -- 172.21.15.97:0/1748940395 >> [v2:172.21.15.97:3300/0,v1:172.21.15.97:6789/0] conn(0x7f797410e020 msgr2=0x7f79741a17a0 secure :-1 s=STATE_CONNECTION_ESTABLISHED l=1).mark_down
2024-03-11T19:47:52.109 INFO:teuthology.orchestra.run.smithi097.stdout:/usr/bin/ceph: stderr
2024-03-11T19:47:51.335+0000 7f797ac00700 1 --2- 172.21.15.97:0/1748940395 >> [v2:172.21.15.97:3300/0,v1:172.21.15.97:6789/0] conn(0x7f797410e020 0x7f79741a17a0 secure :-1 s=READY pgs=75 cs=0 l=1 rev1=1 crypto rx=0x7f7964011740 tx=0x7f7964011b00 comp rx=0 tx=0).stop
2024-03-11T19:47:52.109 INFO:teuthology.orchestra.run.smithi097.stdout:/usr/bin/ceph: stderr
2024-03-11T19:47:51.335+0000 7f797ac00700 1 -- 172.21.15.97:0/1748940395 shutdown_connections
2024-03-11T19:47:52.109 INFO:teuthology.orchestra.run.smithi097.stdout:/usr/bin/ceph: stderr
2024-03-11T19:47:51.335+0000 7f797ac00700 1 --2- 172.21.15.97:0/1748940395 >> [v2:172.21.15.97:6800/3389151509,v1:172.21.15.97:6801/3389151509] conn(0x7f7958038e00 0x7f795803b2c0 unknown :-1 s=CLOSED pgs=9 cs=0 l=1 rev1=1 crypto rx=0 tx=0 comp rx=0 tx=0).stop
2024-03-11T19:47:52.109 INFO:teuthology.orchestra.run.smithi097.stdout:/usr/bin/ceph: stderr
2024-03-11T19:47:51.335+0000 7f797ac00700 1 --2- 172.21.15.97:0/1748940395 >> [v2:172.21.15.97:3300/0,v1:172.21.15.97:6789/0] conn(0x7f797410e020 0x7f79741a17a0 unknown :-1 s=CLOSED pgs=75 cs=0 l=1 rev1=1 crypto rx=0 tx=0 comp rx=0 tx=0).stop
2024-03-11T19:47:52.109 INFO:teuthology.orchestra.run.smithi097.stdout:/usr/bin/ceph: stderr
2024-03-11T19:47:51.335+0000 7f797ac00700 1 -- 172.21.15.97:0/1748940395 >> 172.21.15.97:0/1748940395 conn(0x7f797407ce20 msgr2=0x7f797407e8b0 unknown :-1 s=STATE_NONE l=0).mark_down
2024-03-11T19:47:52.109 INFO:teuthology.orchestra.run.smithi097.stdout:/usr/bin/ceph: stderr
2024-03-11T19:47:51.335+0000 7f797ac00700 1 -- 172.21.15.97:0/1748940395 shutdown_connections
2024-03-11T19:47:52.109 INFO:teuthology.orchestra.run.smithi097.stdout:/usr/bin/ceph: stderr
2024-03-11T19:47:51.335+0000 7f797ac00700 1 -- 172.21.15.97:0/1748940395 wait complete.
2024-03-11T19:47:52.131 INFO:teuthology.orchestra.run.smithi097.stdout:Non-zero exit code 1 from systemctl is-enabled firewalld.service
2024-03-11T19:47:52.132 INFO:teuthology.orchestra.run.smithi097.stdout:systemctl: stdout disabled
2024-03-11T19:47:52.153 INFO:teuthology.orchestra.run.smithi097.stdout:Non-zero exit code 3 from systemctl is-active firewalld.service
2024-03-11T19:47:52.153 INFO:teuthology.orchestra.run.smithi097.stdout:systemctl: stdout inactive
2024-03-11T19:47:52.153 INFO:teuthology.orchestra.run.smithi097.stdout:firewalld.service is not enabled
2024-03-11T19:47:52.153 INFO:teuthology.orchestra.run.smithi097.stdout:Not possible to open ports <[8443]>. firewalld.service is not available
2024-03-11T19:47:52.157 INFO:teuthology.orchestra.run.smithi097.stdout:Ceph Dashboard is now available at:
2024-03-11T19:47:52.157 INFO:teuthology.orchestra.run.smithi097.stdout:
2024-03-11T19:47:52.157 INFO:teuthology.orchestra.run.smithi097.stdout: URL: https://smithi097.front.sepia.ceph.com:8443/
2024-03-11T19:47:52.157 INFO:teuthology.orchestra.run.smithi097.stdout: User: admin
2024-03-11T19:47:52.157 INFO:teuthology.orchestra.run.smithi097.stdout: Password: twc4srx7py
2024-03-11T19:47:52.157 INFO:teuthology.orchestra.run.smithi097.stdout:
2024-03-11T19:47:52.158 INFO:teuthology.orchestra.run.smithi097.stdout:Saving cluster configuration to /var/lib/ceph/e81ca0d2-dfdf-11ee-95c8-87774f69a715/config directory
2024-03-11T19:47:52.159 INFO:teuthology.orchestra.run.smithi097.stdout:Enabling autotune for osd_memory_target
2024-03-11T19:47:54.246 INFO:teuthology.orchestra.run.smithi097.stdout:/usr/bin/ceph: stderr
2024-03-11T19:47:53.262+0000 7fac61600700 1 Processor -- start
2024-03-11T19:47:54.246 INFO:teuthology.orchestra.run.smithi097.stdout:/usr/bin/ceph: stderr
2024-03-11T19:47:53.263+0000 7fac61600700 1 -- start start
2024-03-11T19:47:54.246 INFO:teuthology.orchestra.run.smithi097.stdout:/usr/bin/ceph: stderr
2024-03-11T19:47:53.263+0000 7fac61600700 1 --2- >> [v2:172.21.15.97:3300/0,v1:172.21.15.97:6789/0] conn(0x7fac5c109600 0x7fac5c109a20 unknown :-1 s=NONE pgs=0 cs=0 l=0 rev1=0 crypto rx=0 tx=0 comp rx=0 tx=0).connect
2024-03-11T19:47:54.246 INFO:teuthology.orchestra.run.smithi097.stdout:/usr/bin/ceph: stderr
2024-03-11T19:47:53.263+0000 7fac61600700 1 -- --> [v2:172.21.15.97:3300/0,v1:172.21.15.97:6789/0] -- mon_getmap magic: 0 v1 -- 0x7fac5c109ff0 con 0x7fac5c109600
2024-03-11T19:47:54.246 INFO:teuthology.orchestra.run.smithi097.stdout:/usr/bin/ceph: stderr
2024-03-11T19:47:53.263+0000 7fac5be00700 1 --2- >> [v2:172.21.15.97:3300/0,v1:172.21.15.97:6789/0] conn(0x7fac5c109600 0x7fac5c109a20 unknown :-1 s=BANNER_CONNECTING pgs=0 cs=0 l=0 rev1=0 crypto rx=0 tx=0 comp rx=0 tx=0)._handle_peer_banner_payload supported=3 required=0
2024-03-11T19:47:54.246 INFO:teuthology.orchestra.run.smithi097.stdout:/usr/bin/ceph: stderr
2024-03-11T19:47:53.264+0000 7fac5be00700 1 --2- >> [v2:172.21.15.97:3300/0,v1:172.21.15.97:6789/0] conn(0x7fac5c109600 0x7fac5c109a20 unknown :-1 s=HELLO_CONNECTING pgs=0 cs=0 l=0 rev1=1 crypto rx=0 tx=0 comp rx=0 tx=0).handle_hello peer v2:172.21.15.97:3300/0 says I am v2:172.21.15.97:57762/0 (socket says 172.21.15.97:57762)
2024-03-11T19:47:54.246 INFO:teuthology.orchestra.run.smithi097.stdout:/usr/bin/ceph: stderr
2024-03-11T19:47:53.264+0000 7fac5be00700 1 -- 172.21.15.97:0/3390600155 learned_addr learned my addr 172.21.15.97:0/3390600155 (peer_addr_for_me v2:172.21.15.97:0/0)
2024-03-11T19:47:54.246 INFO:teuthology.orchestra.run.smithi097.stdout:/usr/bin/ceph: stderr
2024-03-11T19:47:53.264+0000 7fac5be00700 1 -- 172.21.15.97:0/3390600155 --> [v2:172.21.15.97:3300/0,v1:172.21.15.97:6789/0] -- mon_subscribe({config=0+,monmap=0+}) v3 -- 0x7fac5c10a760 con 0x7fac5c109600
2024-03-11T19:47:54.246 INFO:teuthology.orchestra.run.smithi097.stdout:/usr/bin/ceph: stderr
2024-03-11T19:47:53.264+0000 7fac5be00700 1 --2- 172.21.15.97:0/3390600155 >> [v2:172.21.15.97:3300/0,v1:172.21.15.97:6789/0] conn(0x7fac5c109600 0x7fac5c109a20 secure :-1 s=READY pgs=76 cs=0 l=1 rev1=1 crypto rx=0x7fac4c0098a0 tx=0x7fac4c009bb0 comp rx=0 tx=0).ready entity=mon.0 client_cookie=7057c727644a8366 server_cookie=0 in_seq=0 out_seq=0
2024-03-11T19:47:54.247 INFO:teuthology.orchestra.run.smithi097.stdout:/usr/bin/ceph: stderr
2024-03-11T19:47:53.264+0000 7fac5aa00700 1 -- 172.21.15.97:0/3390600155 <== mon.0 v2:172.21.15.97:3300/0 1 ==== mon_map magic: 0 v1 ==== 205+0+0 (secure 0 0 0) 0x7fac4c004160 con 0x7fac5c109600
2024-03-11T19:47:54.247 INFO:teuthology.orchestra.run.smithi097.stdout:/usr/bin/ceph: stderr
2024-03-11T19:47:53.265+0000 7fac5aa00700 1 -- 172.21.15.97:0/3390600155 <== mon.0 v2:172.21.15.97:3300/0 2 ==== config(27 keys) v1 ==== 1140+0+0 (secure 0 0 0) 0x7fac4c0042c0 con 0x7fac5c109600
2024-03-11T19:47:54.247 INFO:teuthology.orchestra.run.smithi097.stdout:/usr/bin/ceph: stderr
2024-03-11T19:47:53.265+0000 7fac5aa00700 1 -- 172.21.15.97:0/3390600155 <== mon.0 v2:172.21.15.97:3300/0 3 ==== mon_map magic: 0 v1 ==== 205+0+0 (secure 0 0 0) 0x7fac4c011a80 con 0x7fac5c109600
2024-03-11T19:47:54.247 INFO:teuthology.orchestra.run.smithi097.stdout:/usr/bin/ceph: stderr
2024-03-11T19:47:53.265+0000 7fac61600700 1 -- 172.21.15.97:0/3390600155 >> [v2:172.21.15.97:3300/0,v1:172.21.15.97:6789/0] conn(0x7fac5c109600 msgr2=0x7fac5c109a20 secure :-1 s=STATE_CONNECTION_ESTABLISHED l=1).mark_down
2024-03-11T19:47:54.247 INFO:teuthology.orchestra.run.smithi097.stdout:/usr/bin/ceph: stderr
2024-03-11T19:47:53.265+0000 7fac61600700 1 --2- 172.21.15.97:0/3390600155 >> [v2:172.21.15.97:3300/0,v1:172.21.15.97:6789/0] conn(0x7fac5c109600 0x7fac5c109a20 secure :-1 s=READY pgs=76 cs=0 l=1 rev1=1 crypto rx=0x7fac4c0098a0 tx=0x7fac4c009bb0 comp rx=0 tx=0).stop
2024-03-11T19:47:54.247 INFO:teuthology.orchestra.run.smithi097.stdout:/usr/bin/ceph: stderr
2024-03-11T19:47:53.265+0000 7fac61600700 1 -- 172.21.15.97:0/3390600155 shutdown_connections
2024-03-11T19:47:54.247 INFO:teuthology.orchestra.run.smithi097.stdout:/usr/bin/ceph: stderr
2024-03-11T19:47:53.265+0000 7fac61600700 1 --2- 172.21.15.97:0/3390600155 >> [v2:172.21.15.97:3300/0,v1:172.21.15.97:6789/0] conn(0x7fac5c109600 0x7fac5c109a20 unknown :-1 s=CLOSED pgs=76 cs=0 l=1 rev1=1 crypto rx=0 tx=0 comp rx=0 tx=0).stop
2024-03-11T19:47:54.247 INFO:teuthology.orchestra.run.smithi097.stdout:/usr/bin/ceph: stderr
2024-03-11T19:47:53.265+0000 7fac61600700 1 -- 172.21.15.97:0/3390600155 >> 172.21.15.97:0/3390600155 conn(0x7fac5c07cc20 msgr2=0x7fac5c1074e0 unknown :-1 s=STATE_NONE l=0).mark_down
2024-03-11T19:47:54.247 INFO:teuthology.orchestra.run.smithi097.stdout:/usr/bin/ceph: stderr
2024-03-11T19:47:53.265+0000 7fac61600700 1 -- 172.21.15.97:0/3390600155 shutdown_connections
2024-03-11T19:47:54.247 INFO:teuthology.orchestra.run.smithi097.stdout:/usr/bin/ceph: stderr
2024-03-11T19:47:53.266+0000 7fac61600700 1 -- 172.21.15.97:0/3390600155 wait complete.
2024-03-11T19:47:54.247 INFO:teuthology.orchestra.run.smithi097.stdout:/usr/bin/ceph: stderr
2024-03-11T19:47:53.266+0000 7fac61600700 1 Processor -- start
2024-03-11T19:47:54.247 INFO:teuthology.orchestra.run.smithi097.stdout:/usr/bin/ceph: stderr
2024-03-11T19:47:53.267+0000 7fac61600700 1 -- start start
2024-03-11T19:47:54.247 INFO:teuthology.orchestra.run.smithi097.stdout:/usr/bin/ceph: stderr
2024-03-11T19:47:53.267+0000 7fac61600700 1 --2- >> [v2:172.21.15.97:3300/0,v1:172.21.15.97:6789/0] conn(0x7fac5c109600 0x7fac5c19d220 unknown :-1 s=NONE pgs=0 cs=0 l=1 rev1=0 crypto rx=0 tx=0 comp rx=0 tx=0).connect
2024-03-11T19:47:54.247 INFO:teuthology.orchestra.run.smithi097.stdout:/usr/bin/ceph: stderr
2024-03-11T19:47:53.267+0000 7fac61600700 1 -- --> [v2:172.21.15.97:3300/0,v1:172.21.15.97:6789/0] -- mon_getmap magic: 0 v1 -- 0x7fac5c19d760 con 0x7fac5c109600
2024-03-11T19:47:54.247 INFO:teuthology.orchestra.run.smithi097.stdout:/usr/bin/ceph: stderr
2024-03-11T19:47:53.267+0000 7fac5be00700 1 --2- >> [v2:172.21.15.97:3300/0,v1:172.21.15.97:6789/0] conn(0x7fac5c109600 0x7fac5c19d220 unknown :-1 s=BANNER_CONNECTING pgs=0 cs=0 l=1 rev1=0 crypto rx=0 tx=0 comp rx=0 tx=0)._handle_peer_banner_payload supported=3 required=0
2024-03-11T19:47:54.248 INFO:teuthology.orchestra.run.smithi097.stdout:/usr/bin/ceph: stderr
2024-03-11T19:47:53.267+0000 7fac5be00700 1 --2- >> [v2:172.21.15.97:3300/0,v1:172.21.15.97:6789/0] conn(0x7fac5c109600 0x7fac5c19d220 unknown :-1 s=HELLO_CONNECTING pgs=0 cs=0 l=1 rev1=1 crypto rx=0 tx=0 comp rx=0 tx=0).handle_hello peer v2:172.21.15.97:3300/0 says I am v2:172.21.15.97:57766/0 (socket says 172.21.15.97:57766)
2024-03-11T19:47:54.248 INFO:teuthology.orchestra.run.smithi097.stdout:/usr/bin/ceph: stderr
2024-03-11T19:47:53.267+0000 7fac5be00700 1 -- 172.21.15.97:0/2762713317 learned_addr learned my addr 172.21.15.97:0/2762713317 (peer_addr_for_me v2:172.21.15.97:0/0)
2024-03-11T19:47:54.248 INFO:teuthology.orchestra.run.smithi097.stdout:/usr/bin/ceph: stderr
2024-03-11T19:47:53.268+0000 7fac5be00700 1 -- 172.21.15.97:0/2762713317 --> [v2:172.21.15.97:3300/0,v1:172.21.15.97:6789/0] -- mon_subscribe({config=0+,monmap=0+}) v3 -- 0x7fac4c009550 con 0x7fac5c109600
2024-03-11T19:47:54.248 INFO:teuthology.orchestra.run.smithi097.stdout:/usr/bin/ceph: stderr
2024-03-11T19:47:53.268+0000 7fac5be00700 1 --2- 172.21.15.97:0/2762713317 >> [v2:172.21.15.97:3300/0,v1:172.21.15.97:6789/0] conn(0x7fac5c109600 0x7fac5c19d220 secure :-1 s=READY pgs=77 cs=0 l=1 rev1=1 crypto rx=0x7fac4c011740 tx=0x7fac4c011a50 comp rx=0 tx=0).ready entity=mon.0 client_cookie=0 server_cookie=0 in_seq=0 out_seq=0
2024-03-11T19:47:54.248 INFO:teuthology.orchestra.run.smithi097.stdout:/usr/bin/ceph: stderr
2024-03-11T19:47:53.268+0000 7fac58c00700 1 -- 172.21.15.97:0/2762713317 <== mon.0 v2:172.21.15.97:3300/0 1 ==== mon_map magic: 0 v1 ==== 205+0+0 (secure 0 0 0) 0x7fac4c003af0 con 0x7fac5c109600
2024-03-11T19:47:54.248 INFO:teuthology.orchestra.run.smithi097.stdout:/usr/bin/ceph: stderr
2024-03-11T19:47:53.268+0000 7fac58c00700 1 -- 172.21.15.97:0/2762713317 <== mon.0 v2:172.21.15.97:3300/0 2 ==== config(27 keys) v1 ==== 1140+0+0 (secure 0 0 0) 0x7fac4c01a910 con 0x7fac5c109600
2024-03-11T19:47:54.248 INFO:teuthology.orchestra.run.smithi097.stdout:/usr/bin/ceph: stderr
2024-03-11T19:47:53.268+0000 7fac61600700 1 -- 172.21.15.97:0/2762713317 --> [v2:172.21.15.97:3300/0,v1:172.21.15.97:6789/0] -- mon_subscribe({mgrmap=0+}) v3 -- 0x7fac5c19d960 con 0x7fac5c109600
2024-03-11T19:47:54.248 INFO:teuthology.orchestra.run.smithi097.stdout:/usr/bin/ceph: stderr
2024-03-11T19:47:53.268+0000 7fac58c00700 1 -- 172.21.15.97:0/2762713317 <== mon.0 v2:172.21.15.97:3300/0 3 ==== mon_map magic: 0 v1 ==== 205+0+0 (secure 0 0 0) 0x7fac4c024870 con 0x7fac5c109600
2024-03-11T19:47:54.248 INFO:teuthology.orchestra.run.smithi097.stdout:/usr/bin/ceph: stderr
2024-03-11T19:47:53.268+0000 7fac61600700 1 -- 172.21.15.97:0/2762713317 --> [v2:172.21.15.97:3300/0,v1:172.21.15.97:6789/0] -- mon_subscribe({osdmap=0}) v3 -- 0x7fac5c19de00 con 0x7fac5c109600
2024-03-11T19:47:54.248 INFO:teuthology.orchestra.run.smithi097.stdout:/usr/bin/ceph: stderr
2024-03-11T19:47:53.270+0000 7fac61600700 1 -- 172.21.15.97:0/2762713317 --> [v2:172.21.15.97:3300/0,v1:172.21.15.97:6789/0] -- mon_command({"prefix": "get_command_descriptions"} v 0) v1 -- 0x7fac5c10d990 con 0x7fac5c109600
2024-03-11T19:47:54.248 INFO:teuthology.orchestra.run.smithi097.stdout:/usr/bin/ceph: stderr
2024-03-11T19:47:53.270+0000 7fac58c00700 1 -- 172.21.15.97:0/2762713317 <== mon.0 v2:172.21.15.97:3300/0 4 ==== mgrmap(e 13) v1 ==== 45825+0+0 (secure 0 0 0) 0x7fac4c01a430 con 0x7fac5c109600
2024-03-11T19:47:54.248 INFO:teuthology.orchestra.run.smithi097.stdout:/usr/bin/ceph: stderr
2024-03-11T19:47:53.270+0000 7fac58c00700 1 --2- 172.21.15.97:0/2762713317 >> [v2:172.21.15.97:6800/3389151509,v1:172.21.15.97:6801/3389151509] conn(0x7fac40038d50 0x7fac4003b210 unknown :-1 s=NONE pgs=0 cs=0 l=1 rev1=0 crypto rx=0 tx=0 comp rx=0 tx=0).connect
2024-03-11T19:47:54.248 INFO:teuthology.orchestra.run.smithi097.stdout:/usr/bin/ceph: stderr
2024-03-11T19:47:53.270+0000 7fac58c00700 1 -- 172.21.15.97:0/2762713317 <== mon.0 v2:172.21.15.97:3300/0 5 ==== osd_map(3..3 src has 1..3) v4 ==== 1155+0+0 (secure 0 0 0) 0x7fac4c04d260 con 0x7fac5c109600
2024-03-11T19:47:54.248 INFO:teuthology.orchestra.run.smithi097.stdout:/usr/bin/ceph: stderr
2024-03-11T19:47:53.271+0000 7fac5b400700 1 --2- 172.21.15.97:0/2762713317 >> [v2:172.21.15.97:6800/3389151509,v1:172.21.15.97:6801/3389151509] conn(0x7fac40038d50 0x7fac4003b210 unknown :-1 s=BANNER_CONNECTING pgs=0 cs=0 l=1 rev1=0 crypto rx=0 tx=0 comp rx=0 tx=0)._handle_peer_banner_payload supported=3 required=0
2024-03-11T19:47:54.248 INFO:teuthology.orchestra.run.smithi097.stdout:/usr/bin/ceph: stderr
2024-03-11T19:47:53.271+0000 7fac5b400700 1 --2- 172.21.15.97:0/2762713317 >> [v2:172.21.15.97:6800/3389151509,v1:172.21.15.97:6801/3389151509] conn(0x7fac40038d50 0x7fac4003b210 secure :-1 s=READY pgs=10 cs=0 l=1 rev1=1 crypto rx=0x7fac44006fd0 tx=0x7fac44006e40 comp rx=0 tx=0).ready entity=mgr.14152 client_cookie=0 server_cookie=0 in_seq=0 out_seq=0
2024-03-11T19:47:54.249 INFO:teuthology.orchestra.run.smithi097.stdout:/usr/bin/ceph: stderr
2024-03-11T19:47:53.276+0000 7fac58c00700 1 -- 172.21.15.97:0/2762713317 <== mon.0 v2:172.21.15.97:3300/0 6 ==== mon_command_ack([{"prefix": "get_command_descriptions"}]=0 v0) v1 ==== 72+0+183564 (secure 0 0 0) 0x7fac4c018530 con 0x7fac5c109600
2024-03-11T19:47:54.249 INFO:teuthology.orchestra.run.smithi097.stdout:/usr/bin/ceph: stderr
2024-03-11T19:47:53.497+0000 7fac61600700 1 -- 172.21.15.97:0/2762713317 --> [v2:172.21.15.97:3300/0,v1:172.21.15.97:6789/0] -- mon_command([{prefix=config set, name=osd_memory_target_autotune}] v 0) v1 -- 0x7fac5c1a06e0 con 0x7fac5c109600
2024-03-11T19:47:54.249 INFO:teuthology.orchestra.run.smithi097.stdout:/usr/bin/ceph: stderr
2024-03-11T19:47:53.498+0000 7fac58c00700 1 -- 172.21.15.97:0/2762713317 <== mon.0 v2:172.21.15.97:3300/0 7 ==== mon_command_ack([{prefix=config set, name=osd_memory_target_autotune}]=0 v8)=0 v8) v1 ==== 127+0+0 (secure 0 0 0) 0x7fac4c018350 con 0x7fac5c109600
2024-03-11T19:47:54.249 INFO:teuthology.orchestra.run.smithi097.stdout:/usr/bin/ceph: stderr
2024-03-11T19:47:53.501+0000 7fac61600700 1 -- 172.21.15.97:0/2762713317 >> [v2:172.21.15.97:6800/3389151509,v1:172.21.15.97:6801/3389151509] conn(0x7fac40038d50 msgr2=0x7fac4003b210 secure :-1 s=STATE_CONNECTION_ESTABLISHED l=1).mark_down
2024-03-11T19:47:54.249 INFO:teuthology.orchestra.run.smithi097.stdout:/usr/bin/ceph: stderr
2024-03-11T19:47:53.501+0000 7fac61600700 1 --2- 172.21.15.97:0/2762713317 >> [v2:172.21.15.97:6800/3389151509,v1:172.21.15.97:6801/3389151509] conn(0x7fac40038d50 0x7fac4003b210 secure :-1 s=READY pgs=10 cs=0 l=1 rev1=1 crypto rx=0x7fac44006fd0 tx=0x7fac44006e40 comp rx=0 tx=0).stop
2024-03-11T19:47:54.249 INFO:teuthology.orchestra.run.smithi097.stdout:/usr/bin/ceph: stderr
2024-03-11T19:47:53.501+0000 7fac61600700 1 -- 172.21.15.97:0/2762713317 >> [v2:172.21.15.97:3300/0,v1:172.21.15.97:6789/0] conn(0x7fac5c109600 msgr2=0x7fac5c19d220 secure :-1 s=STATE_CONNECTION_ESTABLISHED l=1).mark_down
2024-03-11T19:47:54.249 INFO:teuthology.orchestra.run.smithi097.stdout:/usr/bin/ceph: stderr
2024-03-11T19:47:53.501+0000 7fac61600700 1 --2- 172.21.15.97:0/2762713317 >> [v2:172.21.15.97:3300/0,v1:172.21.15.97:6789/0] conn(0x7fac5c109600 0x7fac5c19d220 secure :-1 s=READY pgs=77 cs=0 l=1 rev1=1 crypto rx=0x7fac4c011740 tx=0x7fac4c011a50 comp rx=0 tx=0).stop
2024-03-11T19:47:54.249 INFO:teuthology.orchestra.run.smithi097.stdout:/usr/bin/ceph: stderr
2024-03-11T19:47:53.501+0000 7fac61600700 1 -- 172.21.15.97:0/2762713317 shutdown_connections
2024-03-11T19:47:54.249 INFO:teuthology.orchestra.run.smithi097.stdout:/usr/bin/ceph: stderr
2024-03-11T19:47:53.501+0000 7fac61600700 1 --2- 172.21.15.97:0/2762713317 >> [v2:172.21.15.97:6800/3389151509,v1:172.21.15.97:6801/3389151509] conn(0x7fac40038d50 0x7fac4003b210 unknown :-1 s=CLOSED pgs=10 cs=0 l=1 rev1=1 crypto rx=0 tx=0 comp rx=0 tx=0).stop
2024-03-11T19:47:54.249 INFO:teuthology.orchestra.run.smithi097.stdout:/usr/bin/ceph: stderr
2024-03-11T19:47:53.501+0000 7fac61600700 1 --2- 172.21.15.97:0/2762713317 >> [v2:172.21.15.97:3300/0,v1:172.21.15.97:6789/0] conn(0x7fac5c109600 0x7fac5c19d220 unknown :-1 s=CLOSED pgs=77 cs=0 l=1 rev1=1 crypto rx=0 tx=0 comp rx=0 tx=0).stop
2024-03-11T19:47:54.249 INFO:teuthology.orchestra.run.smithi097.stdout:/usr/bin/ceph: stderr
2024-03-11T19:47:53.501+0000 7fac61600700 1 -- 172.21.15.97:0/2762713317 >> 172.21.15.97:0/2762713317 conn(0x7fac5c07cc20 msgr2=0x7fac5c106b10 unknown :-1 s=STATE_NONE l=0).mark_down
2024-03-11T19:47:54.249 INFO:teuthology.orchestra.run.smithi097.stdout:/usr/bin/ceph: stderr
2024-03-11T19:47:53.501+0000 7fac61600700 1 -- 172.21.15.97:0/2762713317 shutdown_connections
2024-03-11T19:47:54.249 INFO:teuthology.orchestra.run.smithi097.stdout:/usr/bin/ceph: stderr
2024-03-11T19:47:53.501+0000 7fac61600700 1 -- 172.21.15.97:0/2762713317 wait complete.
2024-03-11T19:47:55.916 INFO:teuthology.orchestra.run.smithi097.stdout:/usr/bin/ceph: stderr
2024-03-11T19:47:54.869+0000 7f6976a00700 1 Processor -- start
2024-03-11T19:47:55.916 INFO:teuthology.orchestra.run.smithi097.stdout:/usr/bin/ceph: stderr
2024-03-11T19:47:54.869+0000 7f6976a00700 1 -- start start
2024-03-11T19:47:55.916 INFO:teuthology.orchestra.run.smithi097.stdout:/usr/bin/ceph: stderr
2024-03-11T19:47:54.870+0000 7f6976a00700 1 --2- >> [v2:172.21.15.97:3300/0,v1:172.21.15.97:6789/0] conn(0x7f697007cea0 0x7f697007b350 unknown :-1 s=NONE pgs=0 cs=0 l=0 rev1=0 crypto rx=0 tx=0 comp rx=0 tx=0).connect
2024-03-11T19:47:55.916 INFO:teuthology.orchestra.run.smithi097.stdout:/usr/bin/ceph: stderr
2024-03-11T19:47:54.870+0000 7f6976a00700 1 -- --> [v2:172.21.15.97:3300/0,v1:172.21.15.97:6789/0] -- mon_getmap magic: 0 v1 -- 0x7f697007b920 con 0x7f697007cea0
2024-03-11T19:47:55.916 INFO:teuthology.orchestra.run.smithi097.stdout:/usr/bin/ceph: stderr
2024-03-11T19:47:54.870+0000 7f696fe00700 1 --2- >> [v2:172.21.15.97:3300/0,v1:172.21.15.97:6789/0] conn(0x7f697007cea0 0x7f697007b350 unknown :-1 s=BANNER_CONNECTING pgs=0 cs=0 l=0 rev1=0 crypto rx=0 tx=0 comp rx=0 tx=0)._handle_peer_banner_payload supported=3 required=0
2024-03-11T19:47:55.916 INFO:teuthology.orchestra.run.smithi097.stdout:/usr/bin/ceph: stderr
2024-03-11T19:47:54.870+0000 7f696fe00700 1 --2- >> [v2:172.21.15.97:3300/0,v1:172.21.15.97:6789/0] conn(0x7f697007cea0 0x7f697007b350 unknown :-1 s=HELLO_CONNECTING pgs=0 cs=0 l=0 rev1=1 crypto rx=0 tx=0 comp rx=0 tx=0).handle_hello peer v2:172.21.15.97:3300/0 says I am v2:172.21.15.97:58932/0 (socket says 172.21.15.97:58932)
2024-03-11T19:47:55.916 INFO:teuthology.orchestra.run.smithi097.stdout:/usr/bin/ceph: stderr
2024-03-11T19:47:54.870+0000 7f696fe00700 1 -- 172.21.15.97:0/3633866180 learned_addr learned my addr 172.21.15.97:0/3633866180 (peer_addr_for_me v2:172.21.15.97:0/0)
2024-03-11T19:47:55.916 INFO:teuthology.orchestra.run.smithi097.stdout:/usr/bin/ceph: stderr
2024-03-11T19:47:54.871+0000 7f696fe00700 1 -- 172.21.15.97:0/3633866180 --> [v2:172.21.15.97:3300/0,v1:172.21.15.97:6789/0] -- mon_subscribe({config=0+,monmap=0+}) v3 -- 0x7f697007ba60 con 0x7f697007cea0
2024-03-11T19:47:55.916 INFO:teuthology.orchestra.run.smithi097.stdout:/usr/bin/ceph: stderr
2024-03-11T19:47:54.871+0000 7f696fe00700 1 --2- 172.21.15.97:0/3633866180 >> [v2:172.21.15.97:3300/0,v1:172.21.15.97:6789/0] conn(0x7f697007cea0 0x7f697007b350 secure :-1 s=READY pgs=78 cs=0 l=1 rev1=1 crypto rx=0x7f69600098a0 tx=0x7f6960009bb0 comp rx=0 tx=0).ready entity=mon.0 client_cookie=ec9c98e38784611a server_cookie=0 in_seq=0 out_seq=0
2024-03-11T19:47:55.916 INFO:teuthology.orchestra.run.smithi097.stdout:/usr/bin/ceph: stderr
2024-03-11T19:47:54.871+0000 7f696ea00700 1 -- 172.21.15.97:0/3633866180 <== mon.0 v2:172.21.15.97:3300/0 1 ==== mon_map magic: 0 v1 ==== 205+0+0 (secure 0 0 0) 0x7f6960004160 con 0x7f697007cea0
2024-03-11T19:47:55.917 INFO:teuthology.orchestra.run.smithi097.stdout:/usr/bin/ceph: stderr
2024-03-11T19:47:54.871+0000 7f696ea00700 1 -- 172.21.15.97:0/3633866180 <== mon.0 v2:172.21.15.97:3300/0 2 ==== config(27 keys) v1 ==== 1140+0+0 (secure 0 0 0) 0x7f69600042c0 con 0x7f697007cea0
2024-03-11T19:47:55.917 INFO:teuthology.orchestra.run.smithi097.stdout:/usr/bin/ceph: stderr
2024-03-11T19:47:54.871+0000 7f696ea00700 1 -- 172.21.15.97:0/3633866180 <== mon.0 v2:172.21.15.97:3300/0 3 ==== mon_map magic: 0 v1 ==== 205+0+0 (secure 0 0 0) 0x7f6960011a80 con 0x7f697007cea0
2024-03-11T19:47:55.917 INFO:teuthology.orchestra.run.smithi097.stdout:/usr/bin/ceph: stderr
2024-03-11T19:47:54.872+0000 7f6976a00700 1 -- 172.21.15.97:0/3633866180 >> [v2:172.21.15.97:3300/0,v1:172.21.15.97:6789/0] conn(0x7f697007cea0 msgr2=0x7f697007b350 secure :-1 s=STATE_CONNECTION_ESTABLISHED l=1).mark_down
2024-03-11T19:47:55.917 INFO:teuthology.orchestra.run.smithi097.stdout:/usr/bin/ceph: stderr
2024-03-11T19:47:54.872+0000 7f6976a00700 1 --2- 172.21.15.97:0/3633866180 >> [v2:172.21.15.97:3300/0,v1:172.21.15.97:6789/0] conn(0x7f697007cea0 0x7f697007b350 secure :-1 s=READY pgs=78 cs=0 l=1 rev1=1 crypto rx=0x7f69600098a0 tx=0x7f6960009bb0 comp rx=0 tx=0).stop
2024-03-11T19:47:55.917 INFO:teuthology.orchestra.run.smithi097.stdout:/usr/bin/ceph: stderr
2024-03-11T19:47:54.872+0000 7f6976a00700 1 -- 172.21.15.97:0/3633866180 shutdown_connections
2024-03-11T19:47:55.917 INFO:teuthology.orchestra.run.smithi097.stdout:/usr/bin/ceph: stderr
2024-03-11T19:47:54.872+0000 7f6976a00700 1 --2- 172.21.15.97:0/3633866180 >> [v2:172.21.15.97:3300/0,v1:172.21.15.97:6789/0] conn(0x7f697007cea0 0x7f697007b350 unknown :-1 s=CLOSED pgs=78 cs=0 l=1 rev1=1 crypto rx=0 tx=0 comp rx=0 tx=0).stop
2024-03-11T19:47:55.917 INFO:teuthology.orchestra.run.smithi097.stdout:/usr/bin/ceph: stderr
2024-03-11T19:47:54.872+0000 7f6976a00700 1 -- 172.21.15.97:0/3633866180 >> 172.21.15.97:0/3633866180 conn(0x7f6970102bd0 msgr2=0x7f6970104ff0 unknown :-1 s=STATE_NONE l=0).mark_down
2024-03-11T19:47:55.917 INFO:teuthology.orchestra.run.smithi097.stdout:/usr/bin/ceph: stderr
2024-03-11T19:47:54.872+0000 7f6976a00700 1 -- 172.21.15.97:0/3633866180 shutdown_connections
2024-03-11T19:47:55.917 INFO:teuthology.orchestra.run.smithi097.stdout:/usr/bin/ceph: stderr
2024-03-11T19:47:54.872+0000 7f6976a00700 1 -- 172.21.15.97:0/3633866180 wait complete.
2024-03-11T19:47:55.917 INFO:teuthology.orchestra.run.smithi097.stdout:/usr/bin/ceph: stderr
2024-03-11T19:47:54.873+0000 7f6976a00700 1 Processor -- start
2024-03-11T19:47:55.917 INFO:teuthology.orchestra.run.smithi097.stdout:/usr/bin/ceph: stderr
2024-03-11T19:47:54.874+0000 7f6976a00700 1 -- start start
2024-03-11T19:47:55.917 INFO:teuthology.orchestra.run.smithi097.stdout:/usr/bin/ceph: stderr
2024-03-11T19:47:54.874+0000 7f6976a00700 1 --2- >> [v2:172.21.15.97:3300/0,v1:172.21.15.97:6789/0] conn(0x7f697007cea0 0x7f69701a17b0 unknown :-1 s=NONE pgs=0 cs=0 l=1 rev1=0 crypto rx=0 tx=0 comp rx=0 tx=0).connect
2024-03-11T19:47:55.917 INFO:teuthology.orchestra.run.smithi097.stdout:/usr/bin/ceph: stderr
2024-03-11T19:47:54.874+0000 7f6976a00700 1 -- --> [v2:172.21.15.97:3300/0,v1:172.21.15.97:6789/0] -- mon_getmap magic: 0 v1 -- 0x7f69701a1cf0 con 0x7f697007cea0
2024-03-11T19:47:55.917 INFO:teuthology.orchestra.run.smithi097.stdout:/usr/bin/ceph: stderr
2024-03-11T19:47:54.874+0000 7f696fe00700 1 --2- >> [v2:172.21.15.97:3300/0,v1:172.21.15.97:6789/0] conn(0x7f697007cea0 0x7f69701a17b0 unknown :-1 s=BANNER_CONNECTING pgs=0 cs=0 l=1 rev1=0 crypto rx=0 tx=0 comp rx=0 tx=0)._handle_peer_banner_payload supported=3 required=0
2024-03-11T19:47:55.917 INFO:teuthology.orchestra.run.smithi097.stdout:/usr/bin/ceph: stderr
2024-03-11T19:47:54.874+0000 7f696fe00700 1 --2- >> [v2:172.21.15.97:3300/0,v1:172.21.15.97:6789/0] conn(0x7f697007cea0 0x7f69701a17b0 unknown :-1 s=HELLO_CONNECTING pgs=0 cs=0 l=1 rev1=1 crypto rx=0 tx=0 comp rx=0 tx=0).handle_hello peer v2:172.21.15.97:3300/0 says I am v2:172.21.15.97:58946/0 (socket says 172.21.15.97:58946)
2024-03-11T19:47:55.917 INFO:teuthology.orchestra.run.smithi097.stdout:/usr/bin/ceph: stderr
2024-03-11T19:47:54.874+0000 7f696fe00700 1 -- 172.21.15.97:0/3619091367 learned_addr learned my addr 172.21.15.97:0/3619091367 (peer_addr_for_me v2:172.21.15.97:0/0)
2024-03-11T19:47:55.918 INFO:teuthology.orchestra.run.smithi097.stdout:/usr/bin/ceph: stderr
