2024-03-11T20:07:23.272 INFO:teuthology.orchestra.run.smithi060.stdout:/usr/bin/ceph: stdout "election_epoch": 5,
2024-03-11T20:07:23.272 INFO:teuthology.orchestra.run.smithi060.stdout:/usr/bin/ceph: stdout "quorum": [
2024-03-11T20:07:23.272 INFO:teuthology.orchestra.run.smithi060.stdout:/usr/bin/ceph: stdout 0
2024-03-11T20:07:23.273 INFO:teuthology.orchestra.run.smithi060.stdout:/usr/bin/ceph: stdout ],
2024-03-11T20:07:23.273 INFO:teuthology.orchestra.run.smithi060.stdout:/usr/bin/ceph: stdout "quorum_names": [
2024-03-11T20:07:23.273 INFO:teuthology.orchestra.run.smithi060.stdout:/usr/bin/ceph: stdout "a"
2024-03-11T20:07:23.273 INFO:teuthology.orchestra.run.smithi060.stdout:/usr/bin/ceph: stdout ],
2024-03-11T20:07:23.273 INFO:teuthology.orchestra.run.smithi060.stdout:/usr/bin/ceph: stdout "quorum_age": 21,
2024-03-11T20:07:23.273 INFO:teuthology.orchestra.run.smithi060.stdout:/usr/bin/ceph: stdout "monmap": {
2024-03-11T20:07:23.273 INFO:teuthology.orchestra.run.smithi060.stdout:/usr/bin/ceph: stdout "epoch": 1,
2024-03-11T20:07:23.273 INFO:teuthology.orchestra.run.smithi060.stdout:/usr/bin/ceph: stdout "min_mon_release_name": "squid",
2024-03-11T20:07:23.273 INFO:teuthology.orchestra.run.smithi060.stdout:/usr/bin/ceph: stdout "num_mons": 1
2024-03-11T20:07:23.273 INFO:teuthology.orchestra.run.smithi060.stdout:/usr/bin/ceph: stdout },
2024-03-11T20:07:23.273 INFO:teuthology.orchestra.run.smithi060.stdout:/usr/bin/ceph: stdout "osdmap": {
2024-03-11T20:07:23.273 INFO:teuthology.orchestra.run.smithi060.stdout:/usr/bin/ceph: stdout "epoch": 1,
2024-03-11T20:07:23.273 INFO:teuthology.orchestra.run.smithi060.stdout:/usr/bin/ceph: stdout "num_osds": 0,
2024-03-11T20:07:23.273 INFO:teuthology.orchestra.run.smithi060.stdout:/usr/bin/ceph: stdout "num_up_osds": 0,
2024-03-11T20:07:23.273 INFO:teuthology.orchestra.run.smithi060.stdout:/usr/bin/ceph: stdout "osd_up_since": 0,
2024-03-11T20:07:23.273 INFO:teuthology.orchestra.run.smithi060.stdout:/usr/bin/ceph: stdout "num_in_osds": 0,
2024-03-11T20:07:23.274 INFO:teuthology.orchestra.run.smithi060.stdout:/usr/bin/ceph: stdout "osd_in_since": 0,
2024-03-11T20:07:23.274 INFO:teuthology.orchestra.run.smithi060.stdout:/usr/bin/ceph: stdout "num_remapped_pgs": 0
2024-03-11T20:07:23.274 INFO:teuthology.orchestra.run.smithi060.stdout:/usr/bin/ceph: stdout },
2024-03-11T20:07:23.274 INFO:teuthology.orchestra.run.smithi060.stdout:/usr/bin/ceph: stdout "pgmap": {
2024-03-11T20:07:23.274 INFO:teuthology.orchestra.run.smithi060.stdout:/usr/bin/ceph: stdout "pgs_by_state": [],
2024-03-11T20:07:23.284 INFO:teuthology.orchestra.run.smithi060.stdout:/usr/bin/ceph: stdout "num_pgs": 0,
2024-03-11T20:07:23.284 INFO:teuthology.orchestra.run.smithi060.stdout:/usr/bin/ceph: stdout "num_pools": 0,
2024-03-11T20:07:23.284 INFO:teuthology.orchestra.run.smithi060.stdout:/usr/bin/ceph: stdout "num_objects": 0,
2024-03-11T20:07:23.284 INFO:teuthology.orchestra.run.smithi060.stdout:/usr/bin/ceph: stdout "data_bytes": 0,
2024-03-11T20:07:23.284 INFO:teuthology.orchestra.run.smithi060.stdout:/usr/bin/ceph: stdout "bytes_used": 0,
2024-03-11T20:07:23.284 INFO:teuthology.orchestra.run.smithi060.stdout:/usr/bin/ceph: stdout "bytes_avail": 0,
2024-03-11T20:07:23.284 INFO:teuthology.orchestra.run.smithi060.stdout:/usr/bin/ceph: stdout "bytes_total": 0
2024-03-11T20:07:23.285 INFO:teuthology.orchestra.run.smithi060.stdout:/usr/bin/ceph: stdout },
2024-03-11T20:07:23.285 INFO:teuthology.orchestra.run.smithi060.stdout:/usr/bin/ceph: stdout "fsmap": {
2024-03-11T20:07:23.285 INFO:teuthology.orchestra.run.smithi060.stdout:/usr/bin/ceph: stdout "epoch": 1,
2024-03-11T20:07:23.285 INFO:teuthology.orchestra.run.smithi060.stdout:/usr/bin/ceph: stdout "by_rank": [],
2024-03-11T20:07:23.285 INFO:teuthology.orchestra.run.smithi060.stdout:/usr/bin/ceph: stdout "up:standby": 0
2024-03-11T20:07:23.285 INFO:teuthology.orchestra.run.smithi060.stdout:/usr/bin/ceph: stdout },
2024-03-11T20:07:23.285 INFO:teuthology.orchestra.run.smithi060.stdout:/usr/bin/ceph: stdout "mgrmap": {
2024-03-11T20:07:23.285 INFO:teuthology.orchestra.run.smithi060.stdout:/usr/bin/ceph: stdout "available": true,
2024-03-11T20:07:23.285 INFO:teuthology.orchestra.run.smithi060.stdout:/usr/bin/ceph: stdout "num_standbys": 0,
2024-03-11T20:07:23.285 INFO:teuthology.orchestra.run.smithi060.stdout:/usr/bin/ceph: stdout "modules": [
2024-03-11T20:07:23.285 INFO:teuthology.orchestra.run.smithi060.stdout:/usr/bin/ceph: stdout "iostat",
2024-03-11T20:07:23.285 INFO:teuthology.orchestra.run.smithi060.stdout:/usr/bin/ceph: stdout "nfs",
2024-03-11T20:07:23.285 INFO:teuthology.orchestra.run.smithi060.stdout:/usr/bin/ceph: stdout "restful"
2024-03-11T20:07:23.285 INFO:teuthology.orchestra.run.smithi060.stdout:/usr/bin/ceph: stdout ],
2024-03-11T20:07:23.285 INFO:teuthology.orchestra.run.smithi060.stdout:/usr/bin/ceph: stdout "services": {}
2024-03-11T20:07:23.285 INFO:teuthology.orchestra.run.smithi060.stdout:/usr/bin/ceph: stdout },
2024-03-11T20:07:23.286 INFO:teuthology.orchestra.run.smithi060.stdout:/usr/bin/ceph: stdout "servicemap": {
2024-03-11T20:07:23.286 INFO:teuthology.orchestra.run.smithi060.stdout:/usr/bin/ceph: stdout "epoch": 1,
2024-03-11T20:07:23.286 INFO:teuthology.orchestra.run.smithi060.stdout:/usr/bin/ceph: stdout "modified": "2024-03-11T20:06:54.589137+0000",
2024-03-11T20:07:23.286 INFO:teuthology.orchestra.run.smithi060.stdout:/usr/bin/ceph: stdout "services": {}
2024-03-11T20:07:23.286 INFO:teuthology.orchestra.run.smithi060.stdout:/usr/bin/ceph: stdout },
2024-03-11T20:07:23.286 INFO:teuthology.orchestra.run.smithi060.stdout:/usr/bin/ceph: stdout "progress_events": {}
2024-03-11T20:07:23.286 INFO:teuthology.orchestra.run.smithi060.stdout:/usr/bin/ceph: stdout }
2024-03-11T20:07:23.286 INFO:teuthology.orchestra.run.smithi060.stdout:/usr/bin/ceph: stderr
2024-03-11T20:07:22.236+0000 7fbf65600700 1 Processor -- start
2024-03-11T20:07:23.286 INFO:teuthology.orchestra.run.smithi060.stdout:/usr/bin/ceph: stderr
2024-03-11T20:07:22.237+0000 7fbf65600700 1 -- start start
2024-03-11T20:07:23.286 INFO:teuthology.orchestra.run.smithi060.stdout:/usr/bin/ceph: stderr
2024-03-11T20:07:22.237+0000 7fbf65600700 1 --2- >> [v2:172.21.15.60:3300/0,v1:172.21.15.60:6789/0] conn(0x7fbf6007ce80 0x7fbf6007b330 unknown :-1 s=NONE pgs=0 cs=0 l=0 rev1=0 crypto rx=0 tx=0 comp rx=0 tx=0).connect
2024-03-11T20:07:23.286 INFO:teuthology.orchestra.run.smithi060.stdout:/usr/bin/ceph: stderr
2024-03-11T20:07:22.237+0000 7fbf65600700 1 -- --> [v2:172.21.15.60:3300/0,v1:172.21.15.60:6789/0] -- mon_getmap magic: 0 v1 -- 0x7fbf6007b900 con 0x7fbf6007ce80
2024-03-11T20:07:23.286 INFO:teuthology.orchestra.run.smithi060.stdout:/usr/bin/ceph: stderr
2024-03-11T20:07:22.237+0000 7fbf5ea00700 1 --2- >> [v2:172.21.15.60:3300/0,v1:172.21.15.60:6789/0] conn(0x7fbf6007ce80 0x7fbf6007b330 unknown :-1 s=BANNER_CONNECTING pgs=0 cs=0 l=0 rev1=0 crypto rx=0 tx=0 comp rx=0 tx=0)._handle_peer_banner_payload supported=3 required=0
2024-03-11T20:07:23.286 INFO:teuthology.orchestra.run.smithi060.stdout:/usr/bin/ceph: stderr
2024-03-11T20:07:22.238+0000 7fbf5ea00700 1 --2- >> [v2:172.21.15.60:3300/0,v1:172.21.15.60:6789/0] conn(0x7fbf6007ce80 0x7fbf6007b330 unknown :-1 s=HELLO_CONNECTING pgs=0 cs=0 l=0 rev1=1 crypto rx=0 tx=0 comp rx=0 tx=0).handle_hello peer v2:172.21.15.60:3300/0 says I am v2:172.21.15.60:53908/0 (socket says 172.21.15.60:53908)
2024-03-11T20:07:23.286 INFO:teuthology.orchestra.run.smithi060.stdout:/usr/bin/ceph: stderr
2024-03-11T20:07:22.238+0000 7fbf5ea00700 1 -- 172.21.15.60:0/3153778459 learned_addr learned my addr 172.21.15.60:0/3153778459 (peer_addr_for_me v2:172.21.15.60:0/0)
2024-03-11T20:07:23.287 INFO:teuthology.orchestra.run.smithi060.stdout:/usr/bin/ceph: stderr
2024-03-11T20:07:22.238+0000 7fbf5ea00700 1 -- 172.21.15.60:0/3153778459 --> [v2:172.21.15.60:3300/0,v1:172.21.15.60:6789/0] -- mon_subscribe({config=0+,monmap=0+}) v3 -- 0x7fbf6007ba40 con 0x7fbf6007ce80
2024-03-11T20:07:23.287 INFO:teuthology.orchestra.run.smithi060.stdout:/usr/bin/ceph: stderr
2024-03-11T20:07:22.238+0000 7fbf5ea00700 1 --2- 172.21.15.60:0/3153778459 >> [v2:172.21.15.60:3300/0,v1:172.21.15.60:6789/0] conn(0x7fbf6007ce80 0x7fbf6007b330 secure :-1 s=READY pgs=18 cs=0 l=1 rev1=1 crypto rx=0x7fbf500098a0 tx=0x7fbf50009bb0 comp rx=0 tx=0).ready entity=mon.0 client_cookie=db3d3340b0ee852a server_cookie=0 in_seq=0 out_seq=0
2024-03-11T20:07:23.287 INFO:teuthology.orchestra.run.smithi060.stdout:/usr/bin/ceph: stderr
2024-03-11T20:07:22.239+0000 7fbf5e000700 1 -- 172.21.15.60:0/3153778459 <== mon.0 v2:172.21.15.60:3300/0 1 ==== mon_map magic: 0 v1 ==== 205+0+0 (secure 0 0 0) 0x7fbf50004160 con 0x7fbf6007ce80
2024-03-11T20:07:23.287 INFO:teuthology.orchestra.run.smithi060.stdout:/usr/bin/ceph: stderr
2024-03-11T20:07:22.239+0000 7fbf5e000700 1 -- 172.21.15.60:0/3153778459 <== mon.0 v2:172.21.15.60:3300/0 2 ==== config(29 keys) v1 ==== 1178+0+0 (secure 0 0 0) 0x7fbf500042c0 con 0x7fbf6007ce80
2024-03-11T20:07:23.287 INFO:teuthology.orchestra.run.smithi060.stdout:/usr/bin/ceph: stderr
2024-03-11T20:07:22.239+0000 7fbf5e000700 1 -- 172.21.15.60:0/3153778459 <== mon.0 v2:172.21.15.60:3300/0 3 ==== mon_map magic: 0 v1 ==== 205+0+0 (secure 0 0 0) 0x7fbf50011c20 con 0x7fbf6007ce80
2024-03-11T20:07:23.287 INFO:teuthology.orchestra.run.smithi060.stdout:/usr/bin/ceph: stderr
2024-03-11T20:07:22.240+0000 7fbf65600700 1 -- 172.21.15.60:0/3153778459 >> [v2:172.21.15.60:3300/0,v1:172.21.15.60:6789/0] conn(0x7fbf6007ce80 msgr2=0x7fbf6007b330 secure :-1 s=STATE_CONNECTION_ESTABLISHED l=1).mark_down
2024-03-11T20:07:23.287 INFO:teuthology.orchestra.run.smithi060.stdout:/usr/bin/ceph: stderr
2024-03-11T20:07:22.240+0000 7fbf65600700 1 --2- 172.21.15.60:0/3153778459 >> [v2:172.21.15.60:3300/0,v1:172.21.15.60:6789/0] conn(0x7fbf6007ce80 0x7fbf6007b330 secure :-1 s=READY pgs=18 cs=0 l=1 rev1=1 crypto rx=0x7fbf500098a0 tx=0x7fbf50009bb0 comp rx=0 tx=0).stop
2024-03-11T20:07:23.287 INFO:teuthology.orchestra.run.smithi060.stdout:/usr/bin/ceph: stderr
2024-03-11T20:07:22.240+0000 7fbf65600700 1 -- 172.21.15.60:0/3153778459 shutdown_connections
2024-03-11T20:07:23.287 INFO:teuthology.orchestra.run.smithi060.stdout:/usr/bin/ceph: stderr
2024-03-11T20:07:22.240+0000 7fbf65600700 1 --2- 172.21.15.60:0/3153778459 >> [v2:172.21.15.60:3300/0,v1:172.21.15.60:6789/0] conn(0x7fbf6007ce80 0x7fbf6007b330 unknown :-1 s=CLOSED pgs=18 cs=0 l=1 rev1=1 crypto rx=0 tx=0 comp rx=0 tx=0).stop
2024-03-11T20:07:23.287 INFO:teuthology.orchestra.run.smithi060.stdout:/usr/bin/ceph: stderr
2024-03-11T20:07:22.240+0000 7fbf65600700 1 -- 172.21.15.60:0/3153778459 >> 172.21.15.60:0/3153778459 conn(0x7fbf60102ec0 msgr2=0x7fbf601052e0 unknown :-1 s=STATE_NONE l=0).mark_down
2024-03-11T20:07:23.287 INFO:teuthology.orchestra.run.smithi060.stdout:/usr/bin/ceph: stderr
2024-03-11T20:07:22.240+0000 7fbf65600700 1 -- 172.21.15.60:0/3153778459 shutdown_connections
2024-03-11T20:07:23.287 INFO:teuthology.orchestra.run.smithi060.stdout:/usr/bin/ceph: stderr
2024-03-11T20:07:22.240+0000 7fbf65600700 1 -- 172.21.15.60:0/3153778459 wait complete.
2024-03-11T20:07:23.287 INFO:teuthology.orchestra.run.smithi060.stdout:/usr/bin/ceph: stderr
2024-03-11T20:07:22.241+0000 7fbf65600700 1 Processor -- start
2024-03-11T20:07:23.287 INFO:teuthology.orchestra.run.smithi060.stdout:/usr/bin/ceph: stderr
2024-03-11T20:07:22.242+0000 7fbf65600700 1 -- start start
2024-03-11T20:07:23.287 INFO:teuthology.orchestra.run.smithi060.stdout:/usr/bin/ceph: stderr
2024-03-11T20:07:22.242+0000 7fbf65600700 1 --2- >> [v2:172.21.15.60:3300/0,v1:172.21.15.60:6789/0] conn(0x7fbf6007ce80 0x7fbf601a1d60 unknown :-1 s=NONE pgs=0 cs=0 l=1 rev1=0 crypto rx=0 tx=0 comp rx=0 tx=0).connect
2024-03-11T20:07:23.288 INFO:teuthology.orchestra.run.smithi060.stdout:/usr/bin/ceph: stderr
2024-03-11T20:07:22.242+0000 7fbf65600700 1 -- --> [v2:172.21.15.60:3300/0,v1:172.21.15.60:6789/0] -- mon_getmap magic: 0 v1 -- 0x7fbf601a22a0 con 0x7fbf6007ce80
2024-03-11T20:07:23.288 INFO:teuthology.orchestra.run.smithi060.stdout:/usr/bin/ceph: stderr
2024-03-11T20:07:22.242+0000 7fbf5ea00700 1 --2- >> [v2:172.21.15.60:3300/0,v1:172.21.15.60:6789/0] conn(0x7fbf6007ce80 0x7fbf601a1d60 unknown :-1 s=BANNER_CONNECTING pgs=0 cs=0 l=1 rev1=0 crypto rx=0 tx=0 comp rx=0 tx=0)._handle_peer_banner_payload supported=3 required=0
2024-03-11T20:07:23.288 INFO:teuthology.orchestra.run.smithi060.stdout:/usr/bin/ceph: stderr
2024-03-11T20:07:22.242+0000 7fbf5ea00700 1 --2- >> [v2:172.21.15.60:3300/0,v1:172.21.15.60:6789/0] conn(0x7fbf6007ce80 0x7fbf601a1d60 unknown :-1 s=HELLO_CONNECTING pgs=0 cs=0 l=1 rev1=1 crypto rx=0 tx=0 comp rx=0 tx=0).handle_hello peer v2:172.21.15.60:3300/0 says I am v2:172.21.15.60:53910/0 (socket says 172.21.15.60:53910)
2024-03-11T20:07:23.288 INFO:teuthology.orchestra.run.smithi060.stdout:/usr/bin/ceph: stderr
2024-03-11T20:07:22.242+0000 7fbf5ea00700 1 -- 172.21.15.60:0/3386982276 learned_addr learned my addr 172.21.15.60:0/3386982276 (peer_addr_for_me v2:172.21.15.60:0/0)
2024-03-11T20:07:23.288 INFO:teuthology.orchestra.run.smithi060.stdout:/usr/bin/ceph: stderr
2024-03-11T20:07:22.243+0000 7fbf5ea00700 1 -- 172.21.15.60:0/3386982276 --> [v2:172.21.15.60:3300/0,v1:172.21.15.60:6789/0] -- mon_subscribe({config=0+,monmap=0+}) v3 -- 0x7fbf50009550 con 0x7fbf6007ce80
2024-03-11T20:07:23.288 INFO:teuthology.orchestra.run.smithi060.stdout:/usr/bin/ceph: stderr
2024-03-11T20:07:22.243+0000 7fbf5ea00700 1 --2- 172.21.15.60:0/3386982276 >> [v2:172.21.15.60:3300/0,v1:172.21.15.60:6789/0] conn(0x7fbf6007ce80 0x7fbf601a1d60 secure :-1 s=READY pgs=19 cs=0 l=1 rev1=1 crypto rx=0x7fbf50000c00 tx=0x7fbf50011a70 comp rx=0 tx=0).ready entity=mon.0 client_cookie=0 server_cookie=0 in_seq=0 out_seq=0
2024-03-11T20:07:23.288 INFO:teuthology.orchestra.run.smithi060.stdout:/usr/bin/ceph: stderr
2024-03-11T20:07:22.243+0000 7fbf57e00700 1 -- 172.21.15.60:0/3386982276 <== mon.0 v2:172.21.15.60:3300/0 1 ==== mon_map magic: 0 v1 ==== 205+0+0 (secure 0 0 0) 0x7fbf500038b0 con 0x7fbf6007ce80
2024-03-11T20:07:23.288 INFO:teuthology.orchestra.run.smithi060.stdout:/usr/bin/ceph: stderr
2024-03-11T20:07:22.243+0000 7fbf57e00700 1 -- 172.21.15.60:0/3386982276 <== mon.0 v2:172.21.15.60:3300/0 2 ==== config(29 keys) v1 ==== 1178+0+0 (secure 0 0 0) 0x7fbf50011e90 con 0x7fbf6007ce80
2024-03-11T20:07:23.288 INFO:teuthology.orchestra.run.smithi060.stdout:/usr/bin/ceph: stderr
2024-03-11T20:07:22.243+0000 7fbf57e00700 1 -- 172.21.15.60:0/3386982276 <== mon.0 v2:172.21.15.60:3300/0 3 ==== mon_map magic: 0 v1 ==== 205+0+0 (secure 0 0 0) 0x7fbf5001a430 con 0x7fbf6007ce80
2024-03-11T20:07:23.288 INFO:teuthology.orchestra.run.smithi060.stdout:/usr/bin/ceph: stderr
2024-03-11T20:07:22.244+0000 7fbf65600700 1 -- 172.21.15.60:0/3386982276 --> [v2:172.21.15.60:3300/0,v1:172.21.15.60:6789/0] -- mon_subscribe({mgrmap=0+}) v3 -- 0x7fbf601a24a0 con 0x7fbf6007ce80
2024-03-11T20:07:23.288 INFO:teuthology.orchestra.run.smithi060.stdout:/usr/bin/ceph: stderr
2024-03-11T20:07:22.244+0000 7fbf65600700 1 -- 172.21.15.60:0/3386982276 --> [v2:172.21.15.60:3300/0,v1:172.21.15.60:6789/0] -- mon_subscribe({osdmap=0}) v3 -- 0x7fbf601a2940 con 0x7fbf6007ce80
2024-03-11T20:07:23.288 INFO:teuthology.orchestra.run.smithi060.stdout:/usr/bin/ceph: stderr
2024-03-11T20:07:22.245+0000 7fbf57e00700 1 -- 172.21.15.60:0/3386982276 <== mon.0 v2:172.21.15.60:3300/0 4 ==== mgrmap(e 3) v1 ==== 45652+0+0 (secure 0 0 0) 0x7fbf50024440 con 0x7fbf6007ce80
2024-03-11T20:07:23.288 INFO:teuthology.orchestra.run.smithi060.stdout:/usr/bin/ceph: stderr
2024-03-11T20:07:22.245+0000 7fbf65600700 1 -- 172.21.15.60:0/3386982276 --> [v2:172.21.15.60:3300/0,v1:172.21.15.60:6789/0] -- mon_command({"prefix": "get_command_descriptions"} v 0) v1 -- 0x7fbf6019ba50 con 0x7fbf6007ce80
2024-03-11T20:07:23.288 INFO:teuthology.orchestra.run.smithi060.stdout:/usr/bin/ceph: stderr
2024-03-11T20:07:22.245+0000 7fbf57e00700 1 --2- 172.21.15.60:0/3386982276 >> [v2:172.21.15.60:6800/1126134998,v1:172.21.15.60:6801/1126134998] conn(0x7fbf44038b90 0x7fbf4403b050 unknown :-1 s=NONE pgs=0 cs=0 l=1 rev1=0 crypto rx=0 tx=0 comp rx=0 tx=0).connect
2024-03-11T20:07:23.289 INFO:teuthology.orchestra.run.smithi060.stdout:/usr/bin/ceph: stderr
2024-03-11T20:07:22.245+0000 7fbf57e00700 1 -- 172.21.15.60:0/3386982276 <== mon.0 v2:172.21.15.60:3300/0 5 ==== osd_map(1..1 src has 1..1) v4 ==== 725+0+0 (secure 0 0 0) 0x7fbf5004c4c0 con 0x7fbf6007ce80
2024-03-11T20:07:23.289 INFO:teuthology.orchestra.run.smithi060.stdout:/usr/bin/ceph: stderr
2024-03-11T20:07:22.246+0000 7fbf56000700 1 --2- 172.21.15.60:0/3386982276 >> [v2:172.21.15.60:6800/1126134998,v1:172.21.15.60:6801/1126134998] conn(0x7fbf44038b90 0x7fbf4403b050 unknown :-1 s=BANNER_CONNECTING pgs=0 cs=0 l=1 rev1=0 crypto rx=0 tx=0 comp rx=0 tx=0)._handle_peer_banner_payload supported=3 required=0
2024-03-11T20:07:23.289 INFO:teuthology.orchestra.run.smithi060.stdout:/usr/bin/ceph: stderr
2024-03-11T20:07:22.246+0000 7fbf56000700 1 --2- 172.21.15.60:0/3386982276 >> [v2:172.21.15.60:6800/1126134998,v1:172.21.15.60:6801/1126134998] conn(0x7fbf44038b90 0x7fbf4403b050 secure :-1 s=READY pgs=6 cs=0 l=1 rev1=1 crypto rx=0x7fbf48006fd0 tx=0x7fbf48006e40 comp rx=0 tx=0).ready entity=mgr.14100 client_cookie=0 server_cookie=0 in_seq=0 out_seq=0
2024-03-11T20:07:23.289 INFO:teuthology.orchestra.run.smithi060.stdout:/usr/bin/ceph: stderr
2024-03-11T20:07:22.252+0000 7fbf57e00700 1 -- 172.21.15.60:0/3386982276 <== mon.0 v2:172.21.15.60:3300/0 6 ==== mon_command_ack([{"prefix": "get_command_descriptions"}]=0 v0) v1 ==== 72+0+183564 (secure 0 0 0) 0x7fbf50024760 con 0x7fbf6007ce80
2024-03-11T20:07:23.289 INFO:teuthology.orchestra.run.smithi060.stdout:/usr/bin/ceph: stderr
2024-03-11T20:07:22.335+0000 7fbf57e00700 1 -- 172.21.15.60:0/3386982276 <== mon.0 v2:172.21.15.60:3300/0 7 ==== mgrmap(e 4) v1 ==== 45758+0+0 (secure 0 0 0) 0x7fbf5002d3f0 con 0x7fbf6007ce80
2024-03-11T20:07:23.289 INFO:teuthology.orchestra.run.smithi060.stdout:/usr/bin/ceph: stderr
2024-03-11T20:07:22.565+0000 7fbf65600700 1 -- 172.21.15.60:0/3386982276 --> [v2:172.21.15.60:3300/0,v1:172.21.15.60:6789/0] -- mon_command({"prefix": "status", "format": "json-pretty"} v 0) v1 -- 0x7fbf60109b30 con 0x7fbf6007ce80
2024-03-11T20:07:23.289 INFO:teuthology.orchestra.run.smithi060.stdout:/usr/bin/ceph: stderr
2024-03-11T20:07:22.566+0000 7fbf57e00700 1 -- 172.21.15.60:0/3386982276 <== mon.0 v2:172.21.15.60:3300/0 8 ==== mon_command_ack([{"prefix": "status", "format": "json-pretty"}]=0 v0) v1 ==== 79+0+1239 (secure 0 0 0) 0x7fbf50018920 con 0x7fbf6007ce80
2024-03-11T20:07:23.289 INFO:teuthology.orchestra.run.smithi060.stdout:/usr/bin/ceph: stderr
2024-03-11T20:07:22.569+0000 7fbf65600700 1 -- 172.21.15.60:0/3386982276 >> [v2:172.21.15.60:6800/1126134998,v1:172.21.15.60:6801/1126134998] conn(0x7fbf44038b90 msgr2=0x7fbf4403b050 secure :-1 s=STATE_CONNECTION_ESTABLISHED l=1).mark_down
2024-03-11T20:07:23.289 INFO:teuthology.orchestra.run.smithi060.stdout:/usr/bin/ceph: stderr
2024-03-11T20:07:22.569+0000 7fbf65600700 1 --2- 172.21.15.60:0/3386982276 >> [v2:172.21.15.60:6800/1126134998,v1:172.21.15.60:6801/1126134998] conn(0x7fbf44038b90 0x7fbf4403b050 secure :-1 s=READY pgs=6 cs=0 l=1 rev1=1 crypto rx=0x7fbf48006fd0 tx=0x7fbf48006e40 comp rx=0 tx=0).stop
2024-03-11T20:07:23.289 INFO:teuthology.orchestra.run.smithi060.stdout:/usr/bin/ceph: stderr
2024-03-11T20:07:22.569+0000 7fbf65600700 1 -- 172.21.15.60:0/3386982276 >> [v2:172.21.15.60:3300/0,v1:172.21.15.60:6789/0] conn(0x7fbf6007ce80 msgr2=0x7fbf601a1d60 secure :-1 s=STATE_CONNECTION_ESTABLISHED l=1).mark_down
2024-03-11T20:07:23.289 INFO:teuthology.orchestra.run.smithi060.stdout:/usr/bin/ceph: stderr
2024-03-11T20:07:22.569+0000 7fbf65600700 1 --2- 172.21.15.60:0/3386982276 >> [v2:172.21.15.60:3300/0,v1:172.21.15.60:6789/0] conn(0x7fbf6007ce80 0x7fbf601a1d60 secure :-1 s=READY pgs=19 cs=0 l=1 rev1=1 crypto rx=0x7fbf50000c00 tx=0x7fbf50011a70 comp rx=0 tx=0).stop
2024-03-11T20:07:23.289 INFO:teuthology.orchestra.run.smithi060.stdout:/usr/bin/ceph: stderr
2024-03-11T20:07:22.569+0000 7fbf65600700 1 -- 172.21.15.60:0/3386982276 shutdown_connections
2024-03-11T20:07:23.289 INFO:teuthology.orchestra.run.smithi060.stdout:/usr/bin/ceph: stderr
2024-03-11T20:07:22.569+0000 7fbf65600700 1 --2- 172.21.15.60:0/3386982276 >> [v2:172.21.15.60:6800/1126134998,v1:172.21.15.60:6801/1126134998] conn(0x7fbf44038b90 0x7fbf4403b050 unknown :-1 s=CLOSED pgs=6 cs=0 l=1 rev1=1 crypto rx=0 tx=0 comp rx=0 tx=0).stop
2024-03-11T20:07:23.289 INFO:teuthology.orchestra.run.smithi060.stdout:/usr/bin/ceph: stderr
2024-03-11T20:07:22.569+0000 7fbf65600700 1 --2- 172.21.15.60:0/3386982276 >> [v2:172.21.15.60:3300/0,v1:172.21.15.60:6789/0] conn(0x7fbf6007ce80 0x7fbf601a1d60 unknown :-1 s=CLOSED pgs=19 cs=0 l=1 rev1=1 crypto rx=0 tx=0 comp rx=0 tx=0).stop
2024-03-11T20:07:23.289 INFO:teuthology.orchestra.run.smithi060.stdout:/usr/bin/ceph: stderr
2024-03-11T20:07:22.569+0000 7fbf65600700 1 -- 172.21.15.60:0/3386982276 >> 172.21.15.60:0/3386982276 conn(0x7fbf60102ec0 msgr2=0x7fbf60198b90 unknown :-1 s=STATE_NONE l=0).mark_down
2024-03-11T20:07:23.290 INFO:teuthology.orchestra.run.smithi060.stdout:/usr/bin/ceph: stderr
2024-03-11T20:07:22.570+0000 7fbf65600700 1 -- 172.21.15.60:0/3386982276 shutdown_connections
2024-03-11T20:07:23.290 INFO:teuthology.orchestra.run.smithi060.stdout:/usr/bin/ceph: stderr
2024-03-11T20:07:22.570+0000 7fbf65600700 1 -- 172.21.15.60:0/3386982276 wait complete.
2024-03-11T20:07:23.290 INFO:teuthology.orchestra.run.smithi060.stdout:mgr is available
2024-03-11T20:07:23.617 INFO:journalctl@ceph.mon.a.smithi060.stdout:Mar 11 20:07:23 smithi060 ceph-mon[31864]: mgrmap e4: x(active, since 2s)
2024-03-11T20:07:23.617 INFO:journalctl@ceph.mon.a.smithi060.stdout:Mar 11 20:07:23 smithi060 ceph-mon[31864]: from='client.? 172.21.15.60:0/3386982276' entity='client.admin' cmd=[{"prefix": "status", "format": "json-pretty"}]: dispatch
2024-03-11T20:07:24.627 INFO:journalctl@ceph.mon.a.smithi060.stdout:Mar 11 20:07:24 smithi060 ceph-mon[31864]: from='client.? 172.21.15.60:0/737267292' entity='client.admin' cmd=[{"prefix": "config assimilate-conf"}]: dispatch
2024-03-11T20:07:24.967 INFO:teuthology.orchestra.run.smithi060.stdout:/usr/bin/ceph: stdout
2024-03-11T20:07:24.968 INFO:teuthology.orchestra.run.smithi060.stdout:/usr/bin/ceph: stdout [global]
2024-03-11T20:07:24.968 INFO:teuthology.orchestra.run.smithi060.stdout:/usr/bin/ceph: stdout fsid = b81c3d7c-dfe2-11ee-95c8-87774f69a715
2024-03-11T20:07:24.968 INFO:teuthology.orchestra.run.smithi060.stdout:/usr/bin/ceph: stdout mon_osd_allow_pg_remap = true
2024-03-11T20:07:24.968 INFO:teuthology.orchestra.run.smithi060.stdout:/usr/bin/ceph: stdout mon_osd_allow_primary_affinity = true
2024-03-11T20:07:24.969 INFO:teuthology.orchestra.run.smithi060.stdout:/usr/bin/ceph: stdout mon_warn_on_no_sortbitwise = false
2024-03-11T20:07:24.969 INFO:teuthology.orchestra.run.smithi060.stdout:/usr/bin/ceph: stdout osd_crush_chooseleaf_type = 0
2024-03-11T20:07:24.970 INFO:teuthology.orchestra.run.smithi060.stdout:/usr/bin/ceph: stdout
2024-03-11T20:07:24.970 INFO:teuthology.orchestra.run.smithi060.stdout:/usr/bin/ceph: stdout [mgr]
2024-03-11T20:07:24.970 INFO:teuthology.orchestra.run.smithi060.stdout:/usr/bin/ceph: stdout mgr/telemetry/nag = false
2024-03-11T20:07:24.970 INFO:teuthology.orchestra.run.smithi060.stdout:/usr/bin/ceph: stdout
2024-03-11T20:07:24.970 INFO:teuthology.orchestra.run.smithi060.stdout:/usr/bin/ceph: stdout [osd]
2024-03-11T20:07:24.970 INFO:teuthology.orchestra.run.smithi060.stdout:/usr/bin/ceph: stdout mon_osd_backfillfull_ratio = 0.85
2024-03-11T20:07:24.970 INFO:teuthology.orchestra.run.smithi060.stdout:/usr/bin/ceph: stdout mon_osd_full_ratio = 0.9
2024-03-11T20:07:24.970 INFO:teuthology.orchestra.run.smithi060.stdout:/usr/bin/ceph: stdout mon_osd_nearfull_ratio = 0.8
2024-03-11T20:07:24.973 INFO:teuthology.orchestra.run.smithi060.stdout:/usr/bin/ceph: stdout osd_map_max_advance = 10
2024-03-11T20:07:24.973 INFO:teuthology.orchestra.run.smithi060.stdout:/usr/bin/ceph: stdout osd_sloppy_crc = true
2024-03-11T20:07:24.973 INFO:teuthology.orchestra.run.smithi060.stdout:/usr/bin/ceph: stderr
2024-03-11T20:07:23.968+0000 7fc1df600700 1 Processor -- start
2024-03-11T20:07:24.973 INFO:teuthology.orchestra.run.smithi060.stdout:/usr/bin/ceph: stderr
2024-03-11T20:07:23.968+0000 7fc1df600700 1 -- start start
2024-03-11T20:07:24.973 INFO:teuthology.orchestra.run.smithi060.stdout:/usr/bin/ceph: stderr
2024-03-11T20:07:23.969+0000 7fc1df600700 1 --2- >> [v2:172.21.15.60:3300/0,v1:172.21.15.60:6789/0] conn(0x7fc1d81078c0 0x7fc1d8107ce0 unknown :-1 s=NONE pgs=0 cs=0 l=0 rev1=0 crypto rx=0 tx=0 comp rx=0 tx=0).connect
2024-03-11T20:07:24.973 INFO:teuthology.orchestra.run.smithi060.stdout:/usr/bin/ceph: stderr
2024-03-11T20:07:23.969+0000 7fc1df600700 1 -- --> [v2:172.21.15.60:3300/0,v1:172.21.15.60:6789/0] -- mon_getmap magic: 0 v1 -- 0x7fc1d81082b0 con 0x7fc1d81078c0
2024-03-11T20:07:24.973 INFO:teuthology.orchestra.run.smithi060.stdout:/usr/bin/ceph: stderr
2024-03-11T20:07:23.969+0000 7fc1dcc00700 1 --2- >> [v2:172.21.15.60:3300/0,v1:172.21.15.60:6789/0] conn(0x7fc1d81078c0 0x7fc1d8107ce0 unknown :-1 s=BANNER_CONNECTING pgs=0 cs=0 l=0 rev1=0 crypto rx=0 tx=0 comp rx=0 tx=0)._handle_peer_banner_payload supported=3 required=0
2024-03-11T20:07:24.973 INFO:teuthology.orchestra.run.smithi060.stdout:/usr/bin/ceph: stderr
2024-03-11T20:07:23.969+0000 7fc1dcc00700 1 --2- >> [v2:172.21.15.60:3300/0,v1:172.21.15.60:6789/0] conn(0x7fc1d81078c0 0x7fc1d8107ce0 unknown :-1 s=HELLO_CONNECTING pgs=0 cs=0 l=0 rev1=1 crypto rx=0 tx=0 comp rx=0 tx=0).handle_hello peer v2:172.21.15.60:3300/0 says I am v2:172.21.15.60:53914/0 (socket says 172.21.15.60:53914)
2024-03-11T20:07:24.973 INFO:teuthology.orchestra.run.smithi060.stdout:/usr/bin/ceph: stderr
2024-03-11T20:07:23.969+0000 7fc1dcc00700 1 -- 172.21.15.60:0/460471992 learned_addr learned my addr 172.21.15.60:0/460471992 (peer_addr_for_me v2:172.21.15.60:0/0)
2024-03-11T20:07:24.973 INFO:teuthology.orchestra.run.smithi060.stdout:/usr/bin/ceph: stderr
2024-03-11T20:07:23.970+0000 7fc1dcc00700 1 -- 172.21.15.60:0/460471992 --> [v2:172.21.15.60:3300/0,v1:172.21.15.60:6789/0] -- mon_subscribe({config=0+,monmap=0+}) v3 -- 0x7fc1d8108a20 con 0x7fc1d81078c0
2024-03-11T20:07:24.973 INFO:teuthology.orchestra.run.smithi060.stdout:/usr/bin/ceph: stderr
2024-03-11T20:07:23.970+0000 7fc1dcc00700 1 --2- 172.21.15.60:0/460471992 >> [v2:172.21.15.60:3300/0,v1:172.21.15.60:6789/0] conn(0x7fc1d81078c0 0x7fc1d8107ce0 secure :-1 s=READY pgs=20 cs=0 l=1 rev1=1 crypto rx=0x7fc1cc009e80 tx=0x7fc1cc00b330 comp rx=0 tx=0).ready entity=mon.0 client_cookie=c6550e41dae4ff5c server_cookie=0 in_seq=0 out_seq=0
2024-03-11T20:07:24.974 INFO:teuthology.orchestra.run.smithi060.stdout:/usr/bin/ceph: stderr
2024-03-11T20:07:23.971+0000 7fc1d7400700 1 -- 172.21.15.60:0/460471992 <== mon.0 v2:172.21.15.60:3300/0 1 ==== mon_map magic: 0 v1 ==== 205+0+0 (secure 0 0 0) 0x7fc1cc00e070 con 0x7fc1d81078c0
2024-03-11T20:07:24.974 INFO:teuthology.orchestra.run.smithi060.stdout:/usr/bin/ceph: stderr
2024-03-11T20:07:23.971+0000 7fc1d7400700 1 -- 172.21.15.60:0/460471992 <== mon.0 v2:172.21.15.60:3300/0 2 ==== config(29 keys) v1 ==== 1178+0+0 (secure 0 0 0) 0x7fc1cc00b8c0 con 0x7fc1d81078c0
2024-03-11T20:07:24.974 INFO:teuthology.orchestra.run.smithi060.stdout:/usr/bin/ceph: stderr
2024-03-11T20:07:23.971+0000 7fc1d7400700 1 -- 172.21.15.60:0/460471992 <== mon.0 v2:172.21.15.60:3300/0 3 ==== mon_map magic: 0 v1 ==== 205+0+0 (secure 0 0 0) 0x7fc1cc004710 con 0x7fc1d81078c0
2024-03-11T20:07:24.974 INFO:teuthology.orchestra.run.smithi060.stdout:/usr/bin/ceph: stderr
2024-03-11T20:07:23.971+0000 7fc1df600700 1 -- 172.21.15.60:0/460471992 >> [v2:172.21.15.60:3300/0,v1:172.21.15.60:6789/0] conn(0x7fc1d81078c0 msgr2=0x7fc1d8107ce0 secure :-1 s=STATE_CONNECTION_ESTABLISHED l=1).mark_down
2024-03-11T20:07:24.974 INFO:teuthology.orchestra.run.smithi060.stdout:/usr/bin/ceph: stderr
2024-03-11T20:07:23.971+0000 7fc1df600700 1 --2- 172.21.15.60:0/460471992 >> [v2:172.21.15.60:3300/0,v1:172.21.15.60:6789/0] conn(0x7fc1d81078c0 0x7fc1d8107ce0 secure :-1 s=READY pgs=20 cs=0 l=1 rev1=1 crypto rx=0x7fc1cc009e80 tx=0x7fc1cc00b330 comp rx=0 tx=0).stop
2024-03-11T20:07:24.974 INFO:teuthology.orchestra.run.smithi060.stdout:/usr/bin/ceph: stderr
2024-03-11T20:07:23.972+0000 7fc1df600700 1 -- 172.21.15.60:0/460471992 shutdown_connections
2024-03-11T20:07:24.974 INFO:teuthology.orchestra.run.smithi060.stdout:/usr/bin/ceph: stderr
2024-03-11T20:07:23.972+0000 7fc1df600700 1 --2- 172.21.15.60:0/460471992 >> [v2:172.21.15.60:3300/0,v1:172.21.15.60:6789/0] conn(0x7fc1d81078c0 0x7fc1d8107ce0 unknown :-1 s=CLOSED pgs=20 cs=0 l=1 rev1=1 crypto rx=0 tx=0 comp rx=0 tx=0).stop
2024-03-11T20:07:24.974 INFO:teuthology.orchestra.run.smithi060.stdout:/usr/bin/ceph: stderr
2024-03-11T20:07:23.972+0000 7fc1df600700 1 -- 172.21.15.60:0/460471992 >> 172.21.15.60:0/460471992 conn(0x7fc1d8102e60 msgr2=0x7fc1d81052a0 unknown :-1 s=STATE_NONE l=0).mark_down
2024-03-11T20:07:24.974 INFO:teuthology.orchestra.run.smithi060.stdout:/usr/bin/ceph: stderr
2024-03-11T20:07:23.972+0000 7fc1df600700 1 -- 172.21.15.60:0/460471992 shutdown_connections
2024-03-11T20:07:24.978 INFO:teuthology.orchestra.run.smithi060.stdout:/usr/bin/ceph: stderr
2024-03-11T20:07:23.972+0000 7fc1df600700 1 -- 172.21.15.60:0/460471992 wait complete.
2024-03-11T20:07:24.978 INFO:teuthology.orchestra.run.smithi060.stdout:/usr/bin/ceph: stderr
2024-03-11T20:07:23.973+0000 7fc1df600700 1 Processor -- start
2024-03-11T20:07:24.978 INFO:teuthology.orchestra.run.smithi060.stdout:/usr/bin/ceph: stderr
2024-03-11T20:07:23.973+0000 7fc1df600700 1 -- start start
2024-03-11T20:07:24.978 INFO:teuthology.orchestra.run.smithi060.stdout:/usr/bin/ceph: stderr
2024-03-11T20:07:23.973+0000 7fc1df600700 1 --2- >> [v2:172.21.15.60:3300/0,v1:172.21.15.60:6789/0] conn(0x7fc1d81078c0 0x7fc1d819d950 unknown :-1 s=NONE pgs=0 cs=0 l=1 rev1=0 crypto rx=0 tx=0 comp rx=0 tx=0).connect
2024-03-11T20:07:24.978 INFO:teuthology.orchestra.run.smithi060.stdout:/usr/bin/ceph: stderr
2024-03-11T20:07:23.973+0000 7fc1df600700 1 -- --> [v2:172.21.15.60:3300/0,v1:172.21.15.60:6789/0] -- mon_getmap magic: 0 v1 -- 0x7fc1d819de90 con 0x7fc1d81078c0
2024-03-11T20:07:24.978 INFO:teuthology.orchestra.run.smithi060.stdout:/usr/bin/ceph: stderr
2024-03-11T20:07:23.974+0000 7fc1dcc00700 1 --2- >> [v2:172.21.15.60:3300/0,v1:172.21.15.60:6789/0] conn(0x7fc1d81078c0 0x7fc1d819d950 unknown :-1 s=BANNER_CONNECTING pgs=0 cs=0 l=1 rev1=0 crypto rx=0 tx=0 comp rx=0 tx=0)._handle_peer_banner_payload supported=3 required=0
2024-03-11T20:07:24.978 INFO:teuthology.orchestra.run.smithi060.stdout:/usr/bin/ceph: stderr
2024-03-11T20:07:23.974+0000 7fc1dcc00700 1 --2- >> [v2:172.21.15.60:3300/0,v1:172.21.15.60:6789/0] conn(0x7fc1d81078c0 0x7fc1d819d950 unknown :-1 s=HELLO_CONNECTING pgs=0 cs=0 l=1 rev1=1 crypto rx=0 tx=0 comp rx=0 tx=0).handle_hello peer v2:172.21.15.60:3300/0 says I am v2:172.21.15.60:53930/0 (socket says 172.21.15.60:53930)
2024-03-11T20:07:24.978 INFO:teuthology.orchestra.run.smithi060.stdout:/usr/bin/ceph: stderr
2024-03-11T20:07:23.974+0000 7fc1dcc00700 1 -- 172.21.15.60:0/737267292 learned_addr learned my addr 172.21.15.60:0/737267292 (peer_addr_for_me v2:172.21.15.60:0/0)
2024-03-11T20:07:24.978 INFO:teuthology.orchestra.run.smithi060.stdout:/usr/bin/ceph: stderr
2024-03-11T20:07:23.974+0000 7fc1dcc00700 1 -- 172.21.15.60:0/737267292 --> [v2:172.21.15.60:3300/0,v1:172.21.15.60:6789/0] -- mon_subscribe({config=0+,monmap=0+}) v3 -- 0x7fc1cc009b30 con 0x7fc1d81078c0
2024-03-11T20:07:24.979 INFO:teuthology.orchestra.run.smithi060.stdout:/usr/bin/ceph: stderr
2024-03-11T20:07:23.974+0000 7fc1dcc00700 1 --2- 172.21.15.60:0/737267292 >> [v2:172.21.15.60:3300/0,v1:172.21.15.60:6789/0] conn(0x7fc1d81078c0 0x7fc1d819d950 secure :-1 s=READY pgs=21 cs=0 l=1 rev1=1 crypto rx=0x7fc1cc00bf60 tx=0x7fc1cc00bf90 comp rx=0 tx=0).ready entity=mon.0 client_cookie=0 server_cookie=0 in_seq=0 out_seq=0
2024-03-11T20:07:24.979 INFO:teuthology.orchestra.run.smithi060.stdout:/usr/bin/ceph: stderr
2024-03-11T20:07:23.975+0000 7fc1d5600700 1 -- 172.21.15.60:0/737267292 <== mon.0 v2:172.21.15.60:3300/0 1 ==== mon_map magic: 0 v1 ==== 205+0+0 (secure 0 0 0) 0x7fc1cc00e040 con 0x7fc1d81078c0
2024-03-11T20:07:24.979 INFO:teuthology.orchestra.run.smithi060.stdout:/usr/bin/ceph: stderr
2024-03-11T20:07:23.975+0000 7fc1df600700 1 -- 172.21.15.60:0/737267292 --> [v2:172.21.15.60:3300/0,v1:172.21.15.60:6789/0] -- mon_subscribe({mgrmap=0+}) v3 -- 0x7fc1d819e090 con 0x7fc1d81078c0
2024-03-11T20:07:24.979 INFO:teuthology.orchestra.run.smithi060.stdout:/usr/bin/ceph: stderr
2024-03-11T20:07:23.975+0000 7fc1d5600700 1 -- 172.21.15.60:0/737267292 <== mon.0 v2:172.21.15.60:3300/0 2 ==== config(29 keys) v1 ==== 1178+0+0 (secure 0 0 0) 0x7fc1cc003ef0 con 0x7fc1d81078c0
2024-03-11T20:07:24.979 INFO:teuthology.orchestra.run.smithi060.stdout:/usr/bin/ceph: stderr
2024-03-11T20:07:23.975+0000 7fc1d5600700 1 -- 172.21.15.60:0/737267292 <== mon.0 v2:172.21.15.60:3300/0 3 ==== mon_map magic: 0 v1 ==== 205+0+0 (secure 0 0 0) 0x7fc1cc0128e0 con 0x7fc1d81078c0
2024-03-11T20:07:24.979 INFO:teuthology.orchestra.run.smithi060.stdout:/usr/bin/ceph: stderr
2024-03-11T20:07:23.975+0000 7fc1df600700 1 -- 172.21.15.60:0/737267292 --> [v2:172.21.15.60:3300/0,v1:172.21.15.60:6789/0] -- mon_subscribe({osdmap=0}) v3 -- 0x7fc1d819e590 con 0x7fc1d81078c0
2024-03-11T20:07:24.979 INFO:teuthology.orchestra.run.smithi060.stdout:/usr/bin/ceph: stderr
2024-03-11T20:07:23.976+0000 7fc1d5600700 1 -- 172.21.15.60:0/737267292 <== mon.0 v2:172.21.15.60:3300/0 4 ==== mgrmap(e 4) v1 ==== 45758+0+0 (secure 0 0 0) 0x7fc1cc012ba0 con 0x7fc1d81078c0
2024-03-11T20:07:24.979 INFO:teuthology.orchestra.run.smithi060.stdout:/usr/bin/ceph: stderr
2024-03-11T20:07:23.976+0000 7fc1df600700 1 -- 172.21.15.60:0/737267292 --> [v2:172.21.15.60:3300/0,v1:172.21.15.60:6789/0] -- mon_command({"prefix": "get_command_descriptions"} v 0) v1 -- 0x7fc1d810bc50 con 0x7fc1d81078c0
2024-03-11T20:07:24.979 INFO:teuthology.orchestra.run.smithi060.stdout:/usr/bin/ceph: stderr
2024-03-11T20:07:23.977+0000 7fc1d5600700 1 --2- 172.21.15.60:0/737267292 >> [v2:172.21.15.60:6800/1126134998,v1:172.21.15.60:6801/1126134998] conn(0x7fc1c0038c10 0x7fc1c003b0d0 unknown :-1 s=NONE pgs=0 cs=0 l=1 rev1=0 crypto rx=0 tx=0 comp rx=0 tx=0).connect
2024-03-11T20:07:24.979 INFO:teuthology.orchestra.run.smithi060.stdout:/usr/bin/ceph: stderr
2024-03-11T20:07:23.977+0000 7fc1d5600700 1 -- 172.21.15.60:0/737267292 <== mon.0 v2:172.21.15.60:3300/0 5 ==== osd_map(1..1 src has 1..1) v4 ==== 725+0+0 (secure 0 0 0) 0x7fc1cc04ca50 con 0x7fc1d81078c0
2024-03-11T20:07:24.979 INFO:teuthology.orchestra.run.smithi060.stdout:/usr/bin/ceph: stderr
2024-03-11T20:07:23.977+0000 7fc1d7e00700 1 --2- 172.21.15.60:0/737267292 >> [v2:172.21.15.60:6800/1126134998,v1:172.21.15.60:6801/1126134998] conn(0x7fc1c0038c10 0x7fc1c003b0d0 unknown :-1 s=BANNER_CONNECTING pgs=0 cs=0 l=1 rev1=0 crypto rx=0 tx=0 comp rx=0 tx=0)._handle_peer_banner_payload supported=3 required=0
2024-03-11T20:07:24.979 INFO:teuthology.orchestra.run.smithi060.stdout:/usr/bin/ceph: stderr
2024-03-11T20:07:23.978+0000 7fc1d7e00700 1 --2- 172.21.15.60:0/737267292 >> [v2:172.21.15.60:6800/1126134998,v1:172.21.15.60:6801/1126134998] conn(0x7fc1c0038c10 0x7fc1c003b0d0 secure :-1 s=READY pgs=7 cs=0 l=1 rev1=1 crypto rx=0x7fc1c4006fd0 tx=0x7fc1c4006e40 comp rx=0 tx=0).ready entity=mgr.14100 client_cookie=0 server_cookie=0 in_seq=0 out_seq=0
2024-03-11T20:07:24.979 INFO:teuthology.orchestra.run.smithi060.stdout:/usr/bin/ceph: stderr
2024-03-11T20:07:23.982+0000 7fc1d5600700 1 -- 172.21.15.60:0/737267292 <== mon.0 v2:172.21.15.60:3300/0 6 ==== mon_command_ack([{"prefix": "get_command_descriptions"}]=0 v0) v1 ==== 72+0+183564 (secure 0 0 0) 0x7fc1cc01bbf0 con 0x7fc1d81078c0
2024-03-11T20:07:24.979 INFO:teuthology.orchestra.run.smithi060.stdout:/usr/bin/ceph: stderr
2024-03-11T20:07:24.207+0000 7fc1df600700 1 -- 172.21.15.60:0/737267292 --> [v2:172.21.15.60:3300/0,v1:172.21.15.60:6789/0] -- mon_command({"prefix": "config assimilate-conf"} v 0) v1 -- 0x7fc1d81a0e80 con 0x7fc1d81078c0
2024-03-11T20:07:24.980 INFO:teuthology.orchestra.run.smithi060.stdout:/usr/bin/ceph: stderr
2024-03-11T20:07:24.209+0000 7fc1d5600700 1 -- 172.21.15.60:0/737267292 <== mon.0 v2:172.21.15.60:3300/0 7 ==== mon_command_ack([{"prefix": "config assimilate-conf"}]=0 v3) v1 ==== 70+0+373 (secure 0 0 0) 0x7fc1cc020030 con 0x7fc1d81078c0
2024-03-11T20:07:24.980 INFO:teuthology.orchestra.run.smithi060.stdout:/usr/bin/ceph: stderr
2024-03-11T20:07:24.213+0000 7fc1df600700 1 -- 172.21.15.60:0/737267292 >> [v2:172.21.15.60:6800/1126134998,v1:172.21.15.60:6801/1126134998] conn(0x7fc1c0038c10 msgr2=0x7fc1c003b0d0 secure :-1 s=STATE_CONNECTION_ESTABLISHED l=1).mark_down
2024-03-11T20:07:24.980 INFO:teuthology.orchestra.run.smithi060.stdout:/usr/bin/ceph: stderr
2024-03-11T20:07:24.213+0000 7fc1df600700 1 --2- 172.21.15.60:0/737267292 >> [v2:172.21.15.60:6800/1126134998,v1:172.21.15.60:6801/1126134998] conn(0x7fc1c0038c10 0x7fc1c003b0d0 secure :-1 s=READY pgs=7 cs=0 l=1 rev1=1 crypto rx=0x7fc1c4006fd0 tx=0x7fc1c4006e40 comp rx=0 tx=0).stop
2024-03-11T20:07:24.980 INFO:teuthology.orchestra.run.smithi060.stdout:/usr/bin/ceph: stderr
2024-03-11T20:07:24.213+0000 7fc1df600700 1 -- 172.21.15.60:0/737267292 >> [v2:172.21.15.60:3300/0,v1:172.21.15.60:6789/0] conn(0x7fc1d81078c0 msgr2=0x7fc1d819d950 secure :-1 s=STATE_CONNECTION_ESTABLISHED l=1).mark_down
2024-03-11T20:07:24.980 INFO:teuthology.orchestra.run.smithi060.stdout:/usr/bin/ceph: stderr
2024-03-11T20:07:24.213+0000 7fc1df600700 1 --2- 172.21.15.60:0/737267292 >> [v2:172.21.15.60:3300/0,v1:172.21.15.60:6789/0] conn(0x7fc1d81078c0 0x7fc1d819d950 secure :-1 s=READY pgs=21 cs=0 l=1 rev1=1 crypto rx=0x7fc1cc00bf60 tx=0x7fc1cc00bf90 comp rx=0 tx=0).stop
2024-03-11T20:07:24.980 INFO:teuthology.orchestra.run.smithi060.stdout:/usr/bin/ceph: stderr
2024-03-11T20:07:24.213+0000 7fc1df600700 1 -- 172.21.15.60:0/737267292 shutdown_connections
2024-03-11T20:07:24.980 INFO:teuthology.orchestra.run.smithi060.stdout:/usr/bin/ceph: stderr
2024-03-11T20:07:24.213+0000 7fc1df600700 1 --2- 172.21.15.60:0/737267292 >> [v2:172.21.15.60:6800/1126134998,v1:172.21.15.60:6801/1126134998] conn(0x7fc1c0038c10 0x7fc1c003b0d0 unknown :-1 s=CLOSED pgs=7 cs=0 l=1 rev1=1 crypto rx=0 tx=0 comp rx=0 tx=0).stop
2024-03-11T20:07:24.980 INFO:teuthology.orchestra.run.smithi060.stdout:/usr/bin/ceph: stderr
2024-03-11T20:07:24.213+0000 7fc1df600700 1 --2- 172.21.15.60:0/737267292 >> [v2:172.21.15.60:3300/0,v1:172.21.15.60:6789/0] conn(0x7fc1d81078c0 0x7fc1d819d950 unknown :-1 s=CLOSED pgs=21 cs=0 l=1 rev1=1 crypto rx=0 tx=0 comp rx=0 tx=0).stop
2024-03-11T20:07:24.980 INFO:teuthology.orchestra.run.smithi060.stdout:/usr/bin/ceph: stderr
2024-03-11T20:07:24.213+0000 7fc1df600700 1 -- 172.21.15.60:0/737267292 >> 172.21.15.60:0/737267292 conn(0x7fc1d8102e60 msgr2=0x7fc1d8103950 unknown :-1 s=STATE_NONE l=0).mark_down
2024-03-11T20:07:24.980 INFO:teuthology.orchestra.run.smithi060.stdout:/usr/bin/ceph: stderr
2024-03-11T20:07:24.213+0000 7fc1df600700 1 -- 172.21.15.60:0/737267292 shutdown_connections
2024-03-11T20:07:24.980 INFO:teuthology.orchestra.run.smithi060.stdout:/usr/bin/ceph: stderr
2024-03-11T20:07:24.213+0000 7fc1df600700 1 -- 172.21.15.60:0/737267292 wait complete.
2024-03-11T20:07:24.981 INFO:teuthology.orchestra.run.smithi060.stdout:Enabling cephadm module...
2024-03-11T20:07:26.176 INFO:journalctl@ceph.mon.a.smithi060.stdout:Mar 11 20:07:25 smithi060 ceph-mon[31864]: from='client.? 172.21.15.60:0/4127472359' entity='client.admin' cmd=[{"prefix": "mgr module enable", "module": "cephadm"}]: dispatch
2024-03-11T20:07:26.177 INFO:journalctl@ceph.mgr.x.smithi060.stdout:Mar 11 20:07:26 smithi060 ceph-b81c3d7c-dfe2-11ee-95c8-87774f69a715-mgr-x[32092]: ignoring --setuser ceph since I am not root
2024-03-11T20:07:26.177 INFO:journalctl@ceph.mgr.x.smithi060.stdout:Mar 11 20:07:26 smithi060 ceph-b81c3d7c-dfe2-11ee-95c8-87774f69a715-mgr-x[32092]: ignoring --setgroup ceph since I am not root
2024-03-11T20:07:26.617 INFO:teuthology.orchestra.run.smithi060.stdout:/usr/bin/ceph: stderr
2024-03-11T20:07:25.564+0000 7ffa52400700 1 Processor -- start
2024-03-11T20:07:26.617 INFO:teuthology.orchestra.run.smithi060.stdout:/usr/bin/ceph: stderr
2024-03-11T20:07:25.565+0000 7ffa52400700 1 -- start start
2024-03-11T20:07:26.617 INFO:teuthology.orchestra.run.smithi060.stdout:/usr/bin/ceph: stderr
2024-03-11T20:07:25.565+0000 7ffa52400700 1 --2- >> [v2:172.21.15.60:3300/0,v1:172.21.15.60:6789/0] conn(0x7ffa4c107670 0x7ffa4c107a90 unknown :-1 s=NONE pgs=0 cs=0 l=0 rev1=0 crypto rx=0 tx=0 comp rx=0 tx=0).connect
2024-03-11T20:07:26.617 INFO:teuthology.orchestra.run.smithi060.stdout:/usr/bin/ceph: stderr
2024-03-11T20:07:25.565+0000 7ffa52400700 1 -- --> [v2:172.21.15.60:3300/0,v1:172.21.15.60:6789/0] -- mon_getmap magic: 0 v1 -- 0x7ffa4c107fd0 con 0x7ffa4c107670
2024-03-11T20:07:26.617 INFO:teuthology.orchestra.run.smithi060.stdout:/usr/bin/ceph: stderr
2024-03-11T20:07:25.565+0000 7ffa51000700 1 --2- >> [v2:172.21.15.60:3300/0,v1:172.21.15.60:6789/0] conn(0x7ffa4c107670 0x7ffa4c107a90 unknown :-1 s=BANNER_CONNECTING pgs=0 cs=0 l=0 rev1=0 crypto rx=0 tx=0 comp rx=0 tx=0)._handle_peer_banner_payload supported=3 required=0
2024-03-11T20:07:26.617 INFO:teuthology.orchestra.run.smithi060.stdout:/usr/bin/ceph: stderr
2024-03-11T20:07:25.566+0000 7ffa51000700 1 --2- >> [v2:172.21.15.60:3300/0,v1:172.21.15.60:6789/0] conn(0x7ffa4c107670 0x7ffa4c107a90 unknown :-1 s=HELLO_CONNECTING pgs=0 cs=0 l=0 rev1=1 crypto rx=0 tx=0 comp rx=0 tx=0).handle_hello peer v2:172.21.15.60:3300/0 says I am v2:172.21.15.60:53944/0 (socket says 172.21.15.60:53944)
2024-03-11T20:07:26.617 INFO:teuthology.orchestra.run.smithi060.stdout:/usr/bin/ceph: stderr
2024-03-11T20:07:25.566+0000 7ffa51000700 1 -- 172.21.15.60:0/1163369032 learned_addr learned my addr 172.21.15.60:0/1163369032 (peer_addr_for_me v2:172.21.15.60:0/0)
2024-03-11T20:07:26.617 INFO:teuthology.orchestra.run.smithi060.stdout:/usr/bin/ceph: stderr
2024-03-11T20:07:25.566+0000 7ffa51000700 1 -- 172.21.15.60:0/1163369032 --> [v2:172.21.15.60:3300/0,v1:172.21.15.60:6789/0] -- mon_subscribe({config=0+,monmap=0+}) v3 -- 0x7ffa4c108110 con 0x7ffa4c107670
2024-03-11T20:07:26.617 INFO:teuthology.orchestra.run.smithi060.stdout:/usr/bin/ceph: stderr
2024-03-11T20:07:25.566+0000 7ffa51000700 1 --2- 172.21.15.60:0/1163369032 >> [v2:172.21.15.60:3300/0,v1:172.21.15.60:6789/0] conn(0x7ffa4c107670 0x7ffa4c107a90 secure :-1 s=READY pgs=22 cs=0 l=1 rev1=1 crypto rx=0x7ffa3c0098a0 tx=0x7ffa3c009bb0 comp rx=0 tx=0).ready entity=mon.0 client_cookie=3bf070f55d4fcd4 server_cookie=0 in_seq=0 out_seq=0
2024-03-11T20:07:26.617 INFO:teuthology.orchestra.run.smithi060.stdout:/usr/bin/ceph: stderr
2024-03-11T20:07:25.567+0000 7ffa4be00700 1 -- 172.21.15.60:0/1163369032 <== mon.0 v2:172.21.15.60:3300/0 1 ==== mon_map magic: 0 v1 ==== 205+0+0 (secure 0 0 0) 0x7ffa3c004160 con 0x7ffa4c107670
2024-03-11T20:07:26.618 INFO:teuthology.orchestra.run.smithi060.stdout:/usr/bin/ceph: stderr
2024-03-11T20:07:25.567+0000 7ffa4be00700 1 -- 172.21.15.60:0/1163369032 <== mon.0 v2:172.21.15.60:3300/0 2 ==== config(29 keys) v1 ==== 1178+0+0 (secure 0 0 0) 0x7ffa3c0042c0 con 0x7ffa4c107670
2024-03-11T20:07:26.618 INFO:teuthology.orchestra.run.smithi060.stdout:/usr/bin/ceph: stderr
2024-03-11T20:07:25.567+0000 7ffa4be00700 1 -- 172.21.15.60:0/1163369032 <== mon.0 v2:172.21.15.60:3300/0 3 ==== mon_map magic: 0 v1 ==== 205+0+0 (secure 0 0 0) 0x7ffa3c011c20 con 0x7ffa4c107670
2024-03-11T20:07:26.618 INFO:teuthology.orchestra.run.smithi060.stdout:/usr/bin/ceph: stderr
2024-03-11T20:07:25.567+0000 7ffa52400700 1 -- 172.21.15.60:0/1163369032 >> [v2:172.21.15.60:3300/0,v1:172.21.15.60:6789/0] conn(0x7ffa4c107670 msgr2=0x7ffa4c107a90 secure :-1 s=STATE_CONNECTION_ESTABLISHED l=1).mark_down
2024-03-11T20:07:26.618 INFO:teuthology.orchestra.run.smithi060.stdout:/usr/bin/ceph: stderr
2024-03-11T20:07:25.567+0000 7ffa52400700 1 --2- 172.21.15.60:0/1163369032 >> [v2:172.21.15.60:3300/0,v1:172.21.15.60:6789/0] conn(0x7ffa4c107670 0x7ffa4c107a90 secure :-1 s=READY pgs=22 cs=0 l=1 rev1=1 crypto rx=0x7ffa3c0098a0 tx=0x7ffa3c009bb0 comp rx=0 tx=0).stop
2024-03-11T20:07:26.618 INFO:teuthology.orchestra.run.smithi060.stdout:/usr/bin/ceph: stderr
2024-03-11T20:07:25.568+0000 7ffa52400700 1 -- 172.21.15.60:0/1163369032 shutdown_connections
2024-03-11T20:07:26.618 INFO:teuthology.orchestra.run.smithi060.stdout:/usr/bin/ceph: stderr
2024-03-11T20:07:25.568+0000 7ffa52400700 1 --2- 172.21.15.60:0/1163369032 >> [v2:172.21.15.60:3300/0,v1:172.21.15.60:6789/0] conn(0x7ffa4c107670 0x7ffa4c107a90 unknown :-1 s=CLOSED pgs=22 cs=0 l=1 rev1=1 crypto rx=0 tx=0 comp rx=0 tx=0).stop
2024-03-11T20:07:26.618 INFO:teuthology.orchestra.run.smithi060.stdout:/usr/bin/ceph: stderr
2024-03-11T20:07:25.568+0000 7ffa52400700 1 -- 172.21.15.60:0/1163369032 >> 172.21.15.60:0/1163369032 conn(0x7ffa4c102d70 msgr2=0x7ffa4c105190 unknown :-1 s=STATE_NONE l=0).mark_down
2024-03-11T20:07:26.618 INFO:teuthology.orchestra.run.smithi060.stdout:/usr/bin/ceph: stderr
2024-03-11T20:07:25.568+0000 7ffa52400700 1 -- 172.21.15.60:0/1163369032 shutdown_connections
2024-03-11T20:07:26.618 INFO:teuthology.orchestra.run.smithi060.stdout:/usr/bin/ceph: stderr
2024-03-11T20:07:25.568+0000 7ffa52400700 1 -- 172.21.15.60:0/1163369032 wait complete.
2024-03-11T20:07:26.618 INFO:teuthology.orchestra.run.smithi060.stdout:/usr/bin/ceph: stderr
2024-03-11T20:07:25.569+0000 7ffa52400700 1 Processor -- start
2024-03-11T20:07:26.619 INFO:teuthology.orchestra.run.smithi060.stdout:/usr/bin/ceph: stderr
2024-03-11T20:07:25.569+0000 7ffa52400700 1 -- start start
2024-03-11T20:07:26.619 INFO:teuthology.orchestra.run.smithi060.stdout:/usr/bin/ceph: stderr
2024-03-11T20:07:25.569+0000 7ffa52400700 1 --2- >> [v2:172.21.15.60:3300/0,v1:172.21.15.60:6789/0] conn(0x7ffa4c107670 0x7ffa4c19b490 unknown :-1 s=NONE pgs=0 cs=0 l=1 rev1=0 crypto rx=0 tx=0 comp rx=0 tx=0).connect
2024-03-11T20:07:26.619 INFO:teuthology.orchestra.run.smithi060.stdout:/usr/bin/ceph: stderr
2024-03-11T20:07:25.569+0000 7ffa52400700 1 -- --> [v2:172.21.15.60:3300/0,v1:172.21.15.60:6789/0] -- mon_getmap magic: 0 v1 -- 0x7ffa4c19b9d0 con 0x7ffa4c107670
2024-03-11T20:07:26.619 INFO:teuthology.orchestra.run.smithi060.stdout:/usr/bin/ceph: stderr
2024-03-11T20:07:25.570+0000 7ffa51000700 1 --2- >> [v2:172.21.15.60:3300/0,v1:172.21.15.60:6789/0] conn(0x7ffa4c107670 0x7ffa4c19b490 unknown :-1 s=BANNER_CONNECTING pgs=0 cs=0 l=1 rev1=0 crypto rx=0 tx=0 comp rx=0 tx=0)._handle_peer_banner_payload supported=3 required=0
2024-03-11T20:07:26.619 INFO:teuthology.orchestra.run.smithi060.stdout:/usr/bin/ceph: stderr
2024-03-11T20:07:25.570+0000 7ffa51000700 1 --2- >> [v2:172.21.15.60:3300/0,v1:172.21.15.60:6789/0] conn(0x7ffa4c107670 0x7ffa4c19b490 unknown :-1 s=HELLO_CONNECTING pgs=0 cs=0 l=1 rev1=1 crypto rx=0 tx=0 comp rx=0 tx=0).handle_hello peer v2:172.21.15.60:3300/0 says I am v2:172.21.15.60:53946/0 (socket says 172.21.15.60:53946)
2024-03-11T20:07:26.619 INFO:teuthology.orchestra.run.smithi060.stdout:/usr/bin/ceph: stderr
2024-03-11T20:07:25.570+0000 7ffa51000700 1 -- 172.21.15.60:0/4127472359 learned_addr learned my addr 172.21.15.60:0/4127472359 (peer_addr_for_me v2:172.21.15.60:0/0)
2024-03-11T20:07:26.619 INFO:teuthology.orchestra.run.smithi060.stdout:/usr/bin/ceph: stderr
2024-03-11T20:07:25.570+0000 7ffa51000700 1 -- 172.21.15.60:0/4127472359 --> [v2:172.21.15.60:3300/0,v1:172.21.15.60:6789/0] -- mon_subscribe({config=0+,monmap=0+}) v3 -- 0x7ffa3c009550 con 0x7ffa4c107670
2024-03-11T20:07:26.619 INFO:teuthology.orchestra.run.smithi060.stdout:/usr/bin/ceph: stderr
2024-03-11T20:07:25.571+0000 7ffa51000700 1 --2- 172.21.15.60:0/4127472359 >> [v2:172.21.15.60:3300/0,v1:172.21.15.60:6789/0] conn(0x7ffa4c107670 0x7ffa4c19b490 secure :-1 s=READY pgs=23 cs=0 l=1 rev1=1 crypto rx=0x7ffa3c000c00 tx=0x7ffa3c011ca0 comp rx=0 tx=0).ready entity=mon.0 client_cookie=0 server_cookie=0 in_seq=0 out_seq=0
2024-03-11T20:07:26.619 INFO:teuthology.orchestra.run.smithi060.stdout:/usr/bin/ceph: stderr
2024-03-11T20:07:25.571+0000 7ffa4a000700 1 -- 172.21.15.60:0/4127472359 <== mon.0 v2:172.21.15.60:3300/0 1 ==== mon_map magic: 0 v1 ==== 205+0+0 (secure 0 0 0) 0x7ffa3c0039c0 con 0x7ffa4c107670
2024-03-11T20:07:26.619 INFO:teuthology.orchestra.run.smithi060.stdout:/usr/bin/ceph: stderr
2024-03-11T20:07:25.571+0000 7ffa4a000700 1 -- 172.21.15.60:0/4127472359 <== mon.0 v2:172.21.15.60:3300/0 2 ==== config(29 keys) v1 ==== 1178+0+0 (secure 0 0 0) 0x7ffa3c011e90 con 0x7ffa4c107670
2024-03-11T20:07:26.619 INFO:teuthology.orchestra.run.smithi060.stdout:/usr/bin/ceph: stderr
2024-03-11T20:07:25.571+0000 7ffa4a000700 1 -- 172.21.15.60:0/4127472359 <== mon.0 v2:172.21.15.60:3300/0 3 ==== mon_map magic: 0 v1 ==== 205+0+0 (secure 0 0 0) 0x7ffa3c01a5c0 con 0x7ffa4c107670
2024-03-11T20:07:26.619 INFO:teuthology.orchestra.run.smithi060.stdout:/usr/bin/ceph: stderr
2024-03-11T20:07:25.571+0000 7ffa52400700 1 -- 172.21.15.60:0/4127472359 --> [v2:172.21.15.60:3300/0,v1:172.21.15.60:6789/0] -- mon_subscribe({mgrmap=0+}) v3 -- 0x7ffa4c19bbd0 con 0x7ffa4c107670
2024-03-11T20:07:26.619 INFO:teuthology.orchestra.run.smithi060.stdout:/usr/bin/ceph: stderr
2024-03-11T20:07:25.571+0000 7ffa52400700 1 -- 172.21.15.60:0/4127472359 --> [v2:172.21.15.60:3300/0,v1:172.21.15.60:6789/0] -- mon_subscribe({osdmap=0}) v3 -- 0x7ffa4c19c070 con 0x7ffa4c107670
2024-03-11T20:07:26.619 INFO:teuthology.orchestra.run.smithi060.stdout:/usr/bin/ceph: stderr
