2024-03-11T20:08:10.427 INFO:journalctl@ceph.mon.a.smithi060.stdout:Mar 11 20:08:10 smithi060 ceph-mon[31864]: from='mgr.14152 172.21.15.60:0/2754445652' entity='mgr.x' cmd=[{"prefix": "osd metadata"}]: dispatch
2024-03-11T20:08:10.427 INFO:journalctl@ceph.mon.a.smithi060.stdout:Mar 11 20:08:10 smithi060 ceph-mon[31864]: from='mgr.14152 172.21.15.60:0/2754445652' entity='mgr.x' cmd=[{"prefix": "mon metadata"}]: dispatch
2024-03-11T20:08:10.427 INFO:journalctl@ceph.mon.a.smithi060.stdout:Mar 11 20:08:10 smithi060 ceph-mon[31864]: Manager daemon x is now available
2024-03-11T20:08:11.330 INFO:journalctl@ceph.mon.a.smithi060.stdout:Mar 11 20:08:11 smithi060 ceph-mon[31864]: from='mgr.14152 172.21.15.60:0/2754445652' entity='mgr.x' cmd=[{"prefix": "config dump", "format": "json"}]: dispatch
2024-03-11T20:08:11.330 INFO:journalctl@ceph.mon.a.smithi060.stdout:Mar 11 20:08:11 smithi060 ceph-mon[31864]: from='mgr.14152 172.21.15.60:0/2754445652' entity='mgr.x' cmd=[{"prefix": "config dump", "format": "json"}]: dispatch
2024-03-11T20:08:11.330 INFO:journalctl@ceph.mon.a.smithi060.stdout:Mar 11 20:08:11 smithi060 ceph-mon[31864]: from='mgr.14152 172.21.15.60:0/2754445652' entity='mgr.x' cmd=[{"prefix":"config rm","who":"mgr","name":"mgr/rbd_support/x/mirror_snapshot_schedule"}]: dispatch
2024-03-11T20:08:11.330 INFO:journalctl@ceph.mon.a.smithi060.stdout:Mar 11 20:08:11 smithi060 ceph-mon[31864]: from='mgr.14152 172.21.15.60:0/2754445652' entity='mgr.x' cmd=[{"prefix":"config rm","who":"mgr","name":"mgr/rbd_support/x/trash_purge_schedule"}]: dispatch
2024-03-11T20:08:11.330 INFO:journalctl@ceph.mon.a.smithi060.stdout:Mar 11 20:08:11 smithi060 ceph-mon[31864]: [11/Mar/2024:20:08:10] ENGINE Bus STARTING
2024-03-11T20:08:11.330 INFO:journalctl@ceph.mon.a.smithi060.stdout:Mar 11 20:08:11 smithi060 ceph-mon[31864]: [11/Mar/2024:20:08:10] ENGINE Serving on http://172.21.15.60:8765
2024-03-11T20:08:11.330 INFO:journalctl@ceph.mon.a.smithi060.stdout:Mar 11 20:08:11 smithi060 ceph-mon[31864]: [11/Mar/2024:20:08:10] ENGINE Serving on https://172.21.15.60:7150
2024-03-11T20:08:11.330 INFO:journalctl@ceph.mon.a.smithi060.stdout:Mar 11 20:08:11 smithi060 ceph-mon[31864]: [11/Mar/2024:20:08:10] ENGINE Bus STARTED
2024-03-11T20:08:11.330 INFO:journalctl@ceph.mon.a.smithi060.stdout:Mar 11 20:08:11 smithi060 ceph-mon[31864]: mgrmap e11: x(active, since 1.00893s)
2024-03-11T20:08:11.895 INFO:teuthology.orchestra.run.smithi060.stdout:/usr/bin/ceph: stdout {
2024-03-11T20:08:11.895 INFO:teuthology.orchestra.run.smithi060.stdout:/usr/bin/ceph: stdout "mgrmap_epoch": 11,
2024-03-11T20:08:11.895 INFO:teuthology.orchestra.run.smithi060.stdout:/usr/bin/ceph: stdout "initialized": true
2024-03-11T20:08:11.895 INFO:teuthology.orchestra.run.smithi060.stdout:/usr/bin/ceph: stdout }
2024-03-11T20:08:11.895 INFO:teuthology.orchestra.run.smithi060.stdout:/usr/bin/ceph: stderr
2024-03-11T20:08:04.709+0000 7fd471400700 1 Processor -- start
2024-03-11T20:08:11.895 INFO:teuthology.orchestra.run.smithi060.stdout:/usr/bin/ceph: stderr
2024-03-11T20:08:04.709+0000 7fd471400700 1 -- start start
2024-03-11T20:08:11.895 INFO:teuthology.orchestra.run.smithi060.stdout:/usr/bin/ceph: stderr
2024-03-11T20:08:04.709+0000 7fd471400700 1 --2- >> [v2:172.21.15.60:3300/0,v1:172.21.15.60:6789/0] conn(0x7fd46c108330 0x7fd46c10a720 unknown :-1 s=NONE pgs=0 cs=0 l=0 rev1=0 crypto rx=0 tx=0 comp rx=0 tx=0).connect
2024-03-11T20:08:11.895 INFO:teuthology.orchestra.run.smithi060.stdout:/usr/bin/ceph: stderr
2024-03-11T20:08:04.709+0000 7fd471400700 1 -- --> [v2:172.21.15.60:3300/0,v1:172.21.15.60:6789/0] -- mon_getmap magic: 0 v1 -- 0x7fd46c07ae30 con 0x7fd46c108330
2024-03-11T20:08:11.895 INFO:teuthology.orchestra.run.smithi060.stdout:/usr/bin/ceph: stderr
2024-03-11T20:08:04.709+0000 7fd46a800700 1 --2- >> [v2:172.21.15.60:3300/0,v1:172.21.15.60:6789/0] conn(0x7fd46c108330 0x7fd46c10a720 unknown :-1 s=BANNER_CONNECTING pgs=0 cs=0 l=0 rev1=0 crypto rx=0 tx=0 comp rx=0 tx=0)._handle_peer_banner_payload supported=3 required=0
2024-03-11T20:08:11.896 INFO:teuthology.orchestra.run.smithi060.stdout:/usr/bin/ceph: stderr
2024-03-11T20:08:04.709+0000 7fd46a800700 1 --2- >> [v2:172.21.15.60:3300/0,v1:172.21.15.60:6789/0] conn(0x7fd46c108330 0x7fd46c10a720 unknown :-1 s=HELLO_CONNECTING pgs=0 cs=0 l=0 rev1=1 crypto rx=0 tx=0 comp rx=0 tx=0).handle_hello peer v2:172.21.15.60:3300/0 says I am v2:172.21.15.60:44622/0 (socket says 172.21.15.60:44622)
2024-03-11T20:08:11.896 INFO:teuthology.orchestra.run.smithi060.stdout:/usr/bin/ceph: stderr
2024-03-11T20:08:04.709+0000 7fd46a800700 1 -- 172.21.15.60:0/1785607728 learned_addr learned my addr 172.21.15.60:0/1785607728 (peer_addr_for_me v2:172.21.15.60:0/0)
2024-03-11T20:08:11.896 INFO:teuthology.orchestra.run.smithi060.stdout:/usr/bin/ceph: stderr
2024-03-11T20:08:04.710+0000 7fd46a800700 1 -- 172.21.15.60:0/1785607728 --> [v2:172.21.15.60:3300/0,v1:172.21.15.60:6789/0] -- mon_subscribe({config=0+,monmap=0+}) v3 -- 0x7fd46c10ac60 con 0x7fd46c108330
2024-03-11T20:08:11.896 INFO:teuthology.orchestra.run.smithi060.stdout:/usr/bin/ceph: stderr
2024-03-11T20:08:04.710+0000 7fd46a800700 1 --2- 172.21.15.60:0/1785607728 >> [v2:172.21.15.60:3300/0,v1:172.21.15.60:6789/0] conn(0x7fd46c108330 0x7fd46c10a720 secure :-1 s=READY pgs=61 cs=0 l=1 rev1=1 crypto rx=0x7fd45c0098a0 tx=0x7fd45c009bb0 comp rx=0 tx=0).ready entity=mon.0 client_cookie=edf93c38d3e059b7 server_cookie=0 in_seq=0 out_seq=0
2024-03-11T20:08:11.896 INFO:teuthology.orchestra.run.smithi060.stdout:/usr/bin/ceph: stderr
2024-03-11T20:08:04.711+0000 7fd469400700 1 -- 172.21.15.60:0/1785607728 <== mon.0 v2:172.21.15.60:3300/0 1 ==== mon_map magic: 0 v1 ==== 205+0+0 (secure 0 0 0) 0x7fd45c004160 con 0x7fd46c108330
2024-03-11T20:08:11.896 INFO:teuthology.orchestra.run.smithi060.stdout:/usr/bin/ceph: stderr
2024-03-11T20:08:04.711+0000 7fd469400700 1 -- 172.21.15.60:0/1785607728 <== mon.0 v2:172.21.15.60:3300/0 2 ==== config(29 keys) v1 ==== 1209+0+0 (secure 0 0 0) 0x7fd45c003bc0 con 0x7fd46c108330
2024-03-11T20:08:11.896 INFO:teuthology.orchestra.run.smithi060.stdout:/usr/bin/ceph: stderr
2024-03-11T20:08:04.711+0000 7fd469400700 1 -- 172.21.15.60:0/1785607728 <== mon.0 v2:172.21.15.60:3300/0 3 ==== mon_map magic: 0 v1 ==== 205+0+0 (secure 0 0 0) 0x7fd45c011be0 con 0x7fd46c108330
2024-03-11T20:08:11.896 INFO:teuthology.orchestra.run.smithi060.stdout:/usr/bin/ceph: stderr
2024-03-11T20:08:04.711+0000 7fd471400700 1 -- 172.21.15.60:0/1785607728 >> [v2:172.21.15.60:3300/0,v1:172.21.15.60:6789/0] conn(0x7fd46c108330 msgr2=0x7fd46c10a720 secure :-1 s=STATE_CONNECTION_ESTABLISHED l=1).mark_down
2024-03-11T20:08:11.896 INFO:teuthology.orchestra.run.smithi060.stdout:/usr/bin/ceph: stderr
2024-03-11T20:08:04.711+0000 7fd471400700 1 --2- 172.21.15.60:0/1785607728 >> [v2:172.21.15.60:3300/0,v1:172.21.15.60:6789/0] conn(0x7fd46c108330 0x7fd46c10a720 secure :-1 s=READY pgs=61 cs=0 l=1 rev1=1 crypto rx=0x7fd45c0098a0 tx=0x7fd45c009bb0 comp rx=0 tx=0).stop
2024-03-11T20:08:11.896 INFO:teuthology.orchestra.run.smithi060.stdout:/usr/bin/ceph: stderr
2024-03-11T20:08:04.711+0000 7fd471400700 1 -- 172.21.15.60:0/1785607728 shutdown_connections
2024-03-11T20:08:11.896 INFO:teuthology.orchestra.run.smithi060.stdout:/usr/bin/ceph: stderr
2024-03-11T20:08:04.711+0000 7fd471400700 1 --2- 172.21.15.60:0/1785607728 >> [v2:172.21.15.60:3300/0,v1:172.21.15.60:6789/0] conn(0x7fd46c108330 0x7fd46c10a720 unknown :-1 s=CLOSED pgs=61 cs=0 l=1 rev1=1 crypto rx=0 tx=0 comp rx=0 tx=0).stop
2024-03-11T20:08:11.896 INFO:teuthology.orchestra.run.smithi060.stdout:/usr/bin/ceph: stderr
2024-03-11T20:08:04.711+0000 7fd471400700 1 -- 172.21.15.60:0/1785607728 >> 172.21.15.60:0/1785607728 conn(0x7fd46c101d60 msgr2=0x7fd46c104180 unknown :-1 s=STATE_NONE l=0).mark_down
2024-03-11T20:08:11.896 INFO:teuthology.orchestra.run.smithi060.stdout:/usr/bin/ceph: stderr
2024-03-11T20:08:04.712+0000 7fd471400700 1 -- 172.21.15.60:0/1785607728 shutdown_connections
2024-03-11T20:08:11.896 INFO:teuthology.orchestra.run.smithi060.stdout:/usr/bin/ceph: stderr
2024-03-11T20:08:04.712+0000 7fd471400700 1 -- 172.21.15.60:0/1785607728 wait complete.
2024-03-11T20:08:11.896 INFO:teuthology.orchestra.run.smithi060.stdout:/usr/bin/ceph: stderr
2024-03-11T20:08:04.713+0000 7fd471400700 1 Processor -- start
2024-03-11T20:08:11.897 INFO:teuthology.orchestra.run.smithi060.stdout:/usr/bin/ceph: stderr
2024-03-11T20:08:04.713+0000 7fd471400700 1 -- start start
2024-03-11T20:08:11.897 INFO:teuthology.orchestra.run.smithi060.stdout:/usr/bin/ceph: stderr
2024-03-11T20:08:04.713+0000 7fd471400700 1 --2- >> [v2:172.21.15.60:3300/0,v1:172.21.15.60:6789/0] conn(0x7fd46c108330 0x7fd46c107b60 unknown :-1 s=NONE pgs=0 cs=0 l=1 rev1=0 crypto rx=0 tx=0 comp rx=0 tx=0).connect
2024-03-11T20:08:11.897 INFO:teuthology.orchestra.run.smithi060.stdout:/usr/bin/ceph: stderr
2024-03-11T20:08:04.713+0000 7fd471400700 1 -- --> [v2:172.21.15.60:3300/0,v1:172.21.15.60:6789/0] -- mon_getmap magic: 0 v1 -- 0x7fd46c1080a0 con 0x7fd46c108330
2024-03-11T20:08:11.897 INFO:teuthology.orchestra.run.smithi060.stdout:/usr/bin/ceph: stderr
2024-03-11T20:08:04.713+0000 7fd46a800700 1 --2- >> [v2:172.21.15.60:3300/0,v1:172.21.15.60:6789/0] conn(0x7fd46c108330 0x7fd46c107b60 unknown :-1 s=BANNER_CONNECTING pgs=0 cs=0 l=1 rev1=0 crypto rx=0 tx=0 comp rx=0 tx=0)._handle_peer_banner_payload supported=3 required=0
2024-03-11T20:08:11.897 INFO:teuthology.orchestra.run.smithi060.stdout:/usr/bin/ceph: stderr
2024-03-11T20:08:04.713+0000 7fd46a800700 1 --2- >> [v2:172.21.15.60:3300/0,v1:172.21.15.60:6789/0] conn(0x7fd46c108330 0x7fd46c107b60 unknown :-1 s=HELLO_CONNECTING pgs=0 cs=0 l=1 rev1=1 crypto rx=0 tx=0 comp rx=0 tx=0).handle_hello peer v2:172.21.15.60:3300/0 says I am v2:172.21.15.60:44630/0 (socket says 172.21.15.60:44630)
2024-03-11T20:08:11.897 INFO:teuthology.orchestra.run.smithi060.stdout:/usr/bin/ceph: stderr
2024-03-11T20:08:04.713+0000 7fd46a800700 1 -- 172.21.15.60:0/778603031 learned_addr learned my addr 172.21.15.60:0/778603031 (peer_addr_for_me v2:172.21.15.60:0/0)
2024-03-11T20:08:11.897 INFO:teuthology.orchestra.run.smithi060.stdout:/usr/bin/ceph: stderr
2024-03-11T20:08:04.714+0000 7fd46a800700 1 -- 172.21.15.60:0/778603031 --> [v2:172.21.15.60:3300/0,v1:172.21.15.60:6789/0] -- mon_subscribe({config=0+,monmap=0+}) v3 -- 0x7fd45c009550 con 0x7fd46c108330
2024-03-11T20:08:11.897 INFO:teuthology.orchestra.run.smithi060.stdout:/usr/bin/ceph: stderr
2024-03-11T20:08:04.714+0000 7fd46a800700 1 --2- 172.21.15.60:0/778603031 >> [v2:172.21.15.60:3300/0,v1:172.21.15.60:6789/0] conn(0x7fd46c108330 0x7fd46c107b60 secure :-1 s=READY pgs=62 cs=0 l=1 rev1=1 crypto rx=0x7fd45c011700 tx=0x7fd45c003980 comp rx=0 tx=0).ready entity=mon.0 client_cookie=0 server_cookie=0 in_seq=0 out_seq=0
2024-03-11T20:08:11.897 INFO:teuthology.orchestra.run.smithi060.stdout:/usr/bin/ceph: stderr
2024-03-11T20:08:04.714+0000 7fd463400700 1 -- 172.21.15.60:0/778603031 <== mon.0 v2:172.21.15.60:3300/0 1 ==== mon_map magic: 0 v1 ==== 205+0+0 (secure 0 0 0) 0x7fd45c011ea0 con 0x7fd46c108330
2024-03-11T20:08:11.897 INFO:teuthology.orchestra.run.smithi060.stdout:/usr/bin/ceph: stderr
2024-03-11T20:08:04.714+0000 7fd463400700 1 -- 172.21.15.60:0/778603031 <== mon.0 v2:172.21.15.60:3300/0 2 ==== config(29 keys) v1 ==== 1209+0+0 (secure 0 0 0) 0x7fd45c004210 con 0x7fd46c108330
2024-03-11T20:08:11.897 INFO:teuthology.orchestra.run.smithi060.stdout:/usr/bin/ceph: stderr
2024-03-11T20:08:04.714+0000 7fd463400700 1 -- 172.21.15.60:0/778603031 <== mon.0 v2:172.21.15.60:3300/0 3 ==== mon_map magic: 0 v1 ==== 205+0+0 (secure 0 0 0) 0x7fd45c019710 con 0x7fd46c108330
2024-03-11T20:08:11.897 INFO:teuthology.orchestra.run.smithi060.stdout:/usr/bin/ceph: stderr
2024-03-11T20:08:04.715+0000 7fd471400700 1 -- 172.21.15.60:0/778603031 --> [v2:172.21.15.60:3300/0,v1:172.21.15.60:6789/0] -- mon_subscribe({mgrmap=0+}) v3 -- 0x7fd46c1062e0 con 0x7fd46c108330
2024-03-11T20:08:11.897 INFO:teuthology.orchestra.run.smithi060.stdout:/usr/bin/ceph: stderr
2024-03-11T20:08:04.715+0000 7fd471400700 1 -- 172.21.15.60:0/778603031 --> [v2:172.21.15.60:3300/0,v1:172.21.15.60:6789/0] -- mon_subscribe({osdmap=0}) v3 -- 0x7fd46c106780 con 0x7fd46c108330
2024-03-11T20:08:11.898 INFO:teuthology.orchestra.run.smithi060.stdout:/usr/bin/ceph: stderr
2024-03-11T20:08:04.716+0000 7fd463400700 1 -- 172.21.15.60:0/778603031 <== mon.0 v2:172.21.15.60:3300/0 4 ==== mgrmap(e 9) v1 ==== 45782+0+0 (secure 0 0 0) 0x7fd45c01a430 con 0x7fd46c108330
2024-03-11T20:08:11.898 INFO:teuthology.orchestra.run.smithi060.stdout:/usr/bin/ceph: stderr
2024-03-11T20:08:04.716+0000 7fd463400700 1 --2- 172.21.15.60:0/778603031 >> [v2:172.21.15.60:6800/3536613629,v1:172.21.15.60:6801/3536613629] conn(0x7fd450038d10 0x7fd45003b1d0 unknown :-1 s=NONE pgs=0 cs=0 l=1 rev1=0 crypto rx=0 tx=0 comp rx=0 tx=0).connect
2024-03-11T20:08:11.898 INFO:teuthology.orchestra.run.smithi060.stdout:/usr/bin/ceph: stderr
2024-03-11T20:08:04.716+0000 7fd463400700 1 -- 172.21.15.60:0/778603031 --> [v2:172.21.15.60:6800/3536613629,v1:172.21.15.60:6801/3536613629] -- command(tid 0: {"prefix": "get_command_descriptions"}) v1 -- 0x7fd45003b8e0 con 0x7fd450038d10
2024-03-11T20:08:11.898 INFO:teuthology.orchestra.run.smithi060.stdout:/usr/bin/ceph: stderr
2024-03-11T20:08:04.716+0000 7fd463400700 1 -- 172.21.15.60:0/778603031 <== mon.0 v2:172.21.15.60:3300/0 5 ==== osd_map(2..2 src has 1..2) v4 ==== 940+0+0 (secure 0 0 0) 0x7fd45c04ccb0 con 0x7fd46c108330
2024-03-11T20:08:11.898 INFO:teuthology.orchestra.run.smithi060.stdout:/usr/bin/ceph: stderr
2024-03-11T20:08:04.716+0000 7fd469e00700 1 -- 172.21.15.60:0/778603031 >> [v2:172.21.15.60:6800/3536613629,v1:172.21.15.60:6801/3536613629] conn(0x7fd450038d10 msgr2=0x7fd45003b1d0 unknown :-1 s=STATE_CONNECTING_RE l=1).process reconnect failed to v2:172.21.15.60:6800/3536613629
2024-03-11T20:08:11.898 INFO:teuthology.orchestra.run.smithi060.stdout:/usr/bin/ceph: stderr
2024-03-11T20:08:04.717+0000 7fd469e00700 1 --2- 172.21.15.60:0/778603031 >> [v2:172.21.15.60:6800/3536613629,v1:172.21.15.60:6801/3536613629] conn(0x7fd450038d10 0x7fd45003b1d0 unknown :-1 s=START_CONNECT pgs=0 cs=0 l=1 rev1=0 crypto rx=0 tx=0 comp rx=0 tx=0)._fault waiting 0.200000
2024-03-11T20:08:11.898 INFO:teuthology.orchestra.run.smithi060.stdout:/usr/bin/ceph: stderr
2024-03-11T20:08:04.918+0000 7fd469e00700 1 -- 172.21.15.60:0/778603031 >> [v2:172.21.15.60:6800/3536613629,v1:172.21.15.60:6801/3536613629] conn(0x7fd450038d10 msgr2=0x7fd45003b1d0 unknown :-1 s=STATE_CONNECTING_RE l=1).process reconnect failed to v2:172.21.15.60:6800/3536613629
2024-03-11T20:08:11.898 INFO:teuthology.orchestra.run.smithi060.stdout:/usr/bin/ceph: stderr
2024-03-11T20:08:04.918+0000 7fd469e00700 1 --2- 172.21.15.60:0/778603031 >> [v2:172.21.15.60:6800/3536613629,v1:172.21.15.60:6801/3536613629] conn(0x7fd450038d10 0x7fd45003b1d0 unknown :-1 s=START_CONNECT pgs=0 cs=0 l=1 rev1=0 crypto rx=0 tx=0 comp rx=0 tx=0)._fault waiting 0.400000
2024-03-11T20:08:11.898 INFO:teuthology.orchestra.run.smithi060.stdout:/usr/bin/ceph: stderr
2024-03-11T20:08:05.319+0000 7fd469e00700 1 -- 172.21.15.60:0/778603031 >> [v2:172.21.15.60:6800/3536613629,v1:172.21.15.60:6801/3536613629] conn(0x7fd450038d10 msgr2=0x7fd45003b1d0 unknown :-1 s=STATE_CONNECTING_RE l=1).process reconnect failed to v2:172.21.15.60:6800/3536613629
2024-03-11T20:08:11.898 INFO:teuthology.orchestra.run.smithi060.stdout:/usr/bin/ceph: stderr
2024-03-11T20:08:05.319+0000 7fd469e00700 1 --2- 172.21.15.60:0/778603031 >> [v2:172.21.15.60:6800/3536613629,v1:172.21.15.60:6801/3536613629] conn(0x7fd450038d10 0x7fd45003b1d0 unknown :-1 s=START_CONNECT pgs=0 cs=0 l=1 rev1=0 crypto rx=0 tx=0 comp rx=0 tx=0)._fault waiting 0.800000
2024-03-11T20:08:11.898 INFO:teuthology.orchestra.run.smithi060.stdout:/usr/bin/ceph: stderr
2024-03-11T20:08:06.120+0000 7fd469e00700 1 -- 172.21.15.60:0/778603031 >> [v2:172.21.15.60:6800/3536613629,v1:172.21.15.60:6801/3536613629] conn(0x7fd450038d10 msgr2=0x7fd45003b1d0 unknown :-1 s=STATE_CONNECTING_RE l=1).process reconnect failed to v2:172.21.15.60:6800/3536613629
2024-03-11T20:08:11.898 INFO:teuthology.orchestra.run.smithi060.stdout:/usr/bin/ceph: stderr
2024-03-11T20:08:06.120+0000 7fd469e00700 1 --2- 172.21.15.60:0/778603031 >> [v2:172.21.15.60:6800/3536613629,v1:172.21.15.60:6801/3536613629] conn(0x7fd450038d10 0x7fd45003b1d0 unknown :-1 s=START_CONNECT pgs=0 cs=0 l=1 rev1=0 crypto rx=0 tx=0 comp rx=0 tx=0)._fault waiting 1.600000
2024-03-11T20:08:11.898 INFO:teuthology.orchestra.run.smithi060.stdout:/usr/bin/ceph: stderr
2024-03-11T20:08:07.722+0000 7fd469e00700 1 -- 172.21.15.60:0/778603031 >> [v2:172.21.15.60:6800/3536613629,v1:172.21.15.60:6801/3536613629] conn(0x7fd450038d10 msgr2=0x7fd45003b1d0 unknown :-1 s=STATE_CONNECTING_RE l=1).process reconnect failed to v2:172.21.15.60:6800/3536613629
2024-03-11T20:08:11.899 INFO:teuthology.orchestra.run.smithi060.stdout:/usr/bin/ceph: stderr
2024-03-11T20:08:07.722+0000 7fd469e00700 1 --2- 172.21.15.60:0/778603031 >> [v2:172.21.15.60:6800/3536613629,v1:172.21.15.60:6801/3536613629] conn(0x7fd450038d10 0x7fd45003b1d0 unknown :-1 s=START_CONNECT pgs=0 cs=0 l=1 rev1=0 crypto rx=0 tx=0 comp rx=0 tx=0)._fault waiting 3.200000
2024-03-11T20:08:11.899 INFO:teuthology.orchestra.run.smithi060.stdout:/usr/bin/ceph: stderr
2024-03-11T20:08:10.002+0000 7fd463400700 1 -- 172.21.15.60:0/778603031 <== mon.0 v2:172.21.15.60:3300/0 6 ==== mgrmap(e 10) v1 ==== 45549+0+0 (secure 0 0 0) 0x7fd45c019900 con 0x7fd46c108330
2024-03-11T20:08:11.899 INFO:teuthology.orchestra.run.smithi060.stdout:/usr/bin/ceph: stderr
2024-03-11T20:08:10.002+0000 7fd463400700 1 -- 172.21.15.60:0/778603031 >> [v2:172.21.15.60:6800/3536613629,v1:172.21.15.60:6801/3536613629] conn(0x7fd450038d10 msgr2=0x7fd45003b1d0 unknown :-1 s=STATE_CONNECTING l=1).mark_down
2024-03-11T20:08:11.899 INFO:teuthology.orchestra.run.smithi060.stdout:/usr/bin/ceph: stderr
2024-03-11T20:08:10.002+0000 7fd463400700 1 --2- 172.21.15.60:0/778603031 >> [v2:172.21.15.60:6800/3536613629,v1:172.21.15.60:6801/3536613629] conn(0x7fd450038d10 0x7fd45003b1d0 unknown :-1 s=START_CONNECT pgs=0 cs=0 l=1 rev1=0 crypto rx=0 tx=0 comp rx=0 tx=0).stop
2024-03-11T20:08:11.899 INFO:teuthology.orchestra.run.smithi060.stdout:/usr/bin/ceph: stderr
2024-03-11T20:08:11.002+0000 7fd463400700 1 -- 172.21.15.60:0/778603031 <== mon.0 v2:172.21.15.60:3300/0 7 ==== mgrmap(e 11) v1 ==== 45676+0+0 (secure 0 0 0) 0x7fd45c017970 con 0x7fd46c108330
2024-03-11T20:08:11.899 INFO:teuthology.orchestra.run.smithi060.stdout:/usr/bin/ceph: stderr
2024-03-11T20:08:11.003+0000 7fd463400700 1 --2- 172.21.15.60:0/778603031 >> [v2:172.21.15.60:6800/1159094308,v1:172.21.15.60:6801/1159094308] conn(0x7fd45003c7c0 0x7fd45003ebb0 unknown :-1 s=NONE pgs=0 cs=0 l=1 rev1=0 crypto rx=0 tx=0 comp rx=0 tx=0).connect
2024-03-11T20:08:11.899 INFO:teuthology.orchestra.run.smithi060.stdout:/usr/bin/ceph: stderr
2024-03-11T20:08:11.003+0000 7fd463400700 1 -- 172.21.15.60:0/778603031 --> [v2:172.21.15.60:6800/1159094308,v1:172.21.15.60:6801/1159094308] -- command(tid 0: {"prefix": "get_command_descriptions"}) v1 -- 0x7fd45003b8e0 con 0x7fd45003c7c0
2024-03-11T20:08:11.899 INFO:teuthology.orchestra.run.smithi060.stdout:/usr/bin/ceph: stderr
2024-03-11T20:08:11.004+0000 7fd469e00700 1 --2- 172.21.15.60:0/778603031 >> [v2:172.21.15.60:6800/1159094308,v1:172.21.15.60:6801/1159094308] conn(0x7fd45003c7c0 0x7fd45003ebb0 unknown :-1 s=BANNER_CONNECTING pgs=0 cs=0 l=1 rev1=0 crypto rx=0 tx=0 comp rx=0 tx=0)._handle_peer_banner_payload supported=3 required=0
2024-03-11T20:08:11.899 INFO:teuthology.orchestra.run.smithi060.stdout:/usr/bin/ceph: stderr
2024-03-11T20:08:11.005+0000 7fd469e00700 1 --2- 172.21.15.60:0/778603031 >> [v2:172.21.15.60:6800/1159094308,v1:172.21.15.60:6801/1159094308] conn(0x7fd45003c7c0 0x7fd45003ebb0 secure :-1 s=READY pgs=2 cs=0 l=1 rev1=1 crypto rx=0x7fd458003a10 tx=0x7fd458009270 comp rx=0 tx=0).ready entity=mgr.14152 client_cookie=0 server_cookie=0 in_seq=0 out_seq=0
2024-03-11T20:08:11.899 INFO:teuthology.orchestra.run.smithi060.stdout:/usr/bin/ceph: stderr
2024-03-11T20:08:11.006+0000 7fd463400700 1 -- 172.21.15.60:0/778603031 <== mgr.14152 v2:172.21.15.60:6800/1159094308 1 ==== command_reply(tid 0: 0 ) v1 ==== 8+0+7774 (secure 0 0 0) 0x7fd45003b8e0 con 0x7fd45003c7c0
2024-03-11T20:08:11.899 INFO:teuthology.orchestra.run.smithi060.stdout:/usr/bin/ceph: stderr
2024-03-11T20:08:11.016+0000 7fd471400700 1 -- 172.21.15.60:0/778603031 --> [v2:172.21.15.60:6800/1159094308,v1:172.21.15.60:6801/1159094308] -- command(tid 1: {"prefix": "mgr_status"}) v1 -- 0x7fd46c0632a0 con 0x7fd45003c7c0
2024-03-11T20:08:11.899 INFO:teuthology.orchestra.run.smithi060.stdout:/usr/bin/ceph: stderr
2024-03-11T20:08:11.016+0000 7fd463400700 1 -- 172.21.15.60:0/778603031 <== mgr.14152 v2:172.21.15.60:6800/1159094308 2 ==== command_reply(tid 1: 0 ) v1 ==== 8+0+52 (secure 0 0 0) 0x7fd46c0632a0 con 0x7fd45003c7c0
2024-03-11T20:08:11.899 INFO:teuthology.orchestra.run.smithi060.stdout:/usr/bin/ceph: stderr
2024-03-11T20:08:11.017+0000 7fd471400700 1 -- 172.21.15.60:0/778603031 >> [v2:172.21.15.60:6800/1159094308,v1:172.21.15.60:6801/1159094308] conn(0x7fd45003c7c0 msgr2=0x7fd45003ebb0 secure :-1 s=STATE_CONNECTION_ESTABLISHED l=1).mark_down
2024-03-11T20:08:11.899 INFO:teuthology.orchestra.run.smithi060.stdout:/usr/bin/ceph: stderr
2024-03-11T20:08:11.017+0000 7fd471400700 1 --2- 172.21.15.60:0/778603031 >> [v2:172.21.15.60:6800/1159094308,v1:172.21.15.60:6801/1159094308] conn(0x7fd45003c7c0 0x7fd45003ebb0 secure :-1 s=READY pgs=2 cs=0 l=1 rev1=1 crypto rx=0x7fd458003a10 tx=0x7fd458009270 comp rx=0 tx=0).stop
2024-03-11T20:08:11.899 INFO:teuthology.orchestra.run.smithi060.stdout:/usr/bin/ceph: stderr
2024-03-11T20:08:11.017+0000 7fd471400700 1 -- 172.21.15.60:0/778603031 >> [v2:172.21.15.60:3300/0,v1:172.21.15.60:6789/0] conn(0x7fd46c108330 msgr2=0x7fd46c107b60 secure :-1 s=STATE_CONNECTION_ESTABLISHED l=1).mark_down
2024-03-11T20:08:11.900 INFO:teuthology.orchestra.run.smithi060.stdout:/usr/bin/ceph: stderr
2024-03-11T20:08:11.017+0000 7fd471400700 1 --2- 172.21.15.60:0/778603031 >> [v2:172.21.15.60:3300/0,v1:172.21.15.60:6789/0] conn(0x7fd46c108330 0x7fd46c107b60 secure :-1 s=READY pgs=62 cs=0 l=1 rev1=1 crypto rx=0x7fd45c011700 tx=0x7fd45c003980 comp rx=0 tx=0).stop
2024-03-11T20:08:11.900 INFO:teuthology.orchestra.run.smithi060.stdout:/usr/bin/ceph: stderr
2024-03-11T20:08:11.017+0000 7fd471400700 1 -- 172.21.15.60:0/778603031 shutdown_connections
2024-03-11T20:08:11.900 INFO:teuthology.orchestra.run.smithi060.stdout:/usr/bin/ceph: stderr
2024-03-11T20:08:11.017+0000 7fd471400700 1 --2- 172.21.15.60:0/778603031 >> [v2:172.21.15.60:3300/0,v1:172.21.15.60:6789/0] conn(0x7fd46c108330 0x7fd46c107b60 unknown :-1 s=CLOSED pgs=62 cs=0 l=1 rev1=1 crypto rx=0 tx=0 comp rx=0 tx=0).stop
2024-03-11T20:08:11.900 INFO:teuthology.orchestra.run.smithi060.stdout:/usr/bin/ceph: stderr
2024-03-11T20:08:11.017+0000 7fd471400700 1 --2- 172.21.15.60:0/778603031 >> [v2:172.21.15.60:6800/1159094308,v1:172.21.15.60:6801/1159094308] conn(0x7fd45003c7c0 0x7fd45003ebb0 unknown :-1 s=CLOSED pgs=2 cs=0 l=1 rev1=1 crypto rx=0 tx=0 comp rx=0 tx=0).stop
2024-03-11T20:08:11.900 INFO:teuthology.orchestra.run.smithi060.stdout:/usr/bin/ceph: stderr
2024-03-11T20:08:11.017+0000 7fd471400700 1 --2- 172.21.15.60:0/778603031 >> [v2:172.21.15.60:6800/3536613629,v1:172.21.15.60:6801/3536613629] conn(0x7fd450038d10 0x7fd45003b1d0 unknown :-1 s=CLOSED pgs=0 cs=0 l=1 rev1=0 crypto rx=0 tx=0 comp rx=0 tx=0).stop
2024-03-11T20:08:11.900 INFO:teuthology.orchestra.run.smithi060.stdout:/usr/bin/ceph: stderr
2024-03-11T20:08:11.017+0000 7fd471400700 1 -- 172.21.15.60:0/778603031 >> 172.21.15.60:0/778603031 conn(0x7fd46c101d60 msgr2=0x7fd46c102870 unknown :-1 s=STATE_NONE l=0).mark_down
2024-03-11T20:08:11.900 INFO:teuthology.orchestra.run.smithi060.stdout:/usr/bin/ceph: stderr
2024-03-11T20:08:11.017+0000 7fd471400700 1 -- 172.21.15.60:0/778603031 shutdown_connections
2024-03-11T20:08:11.900 INFO:teuthology.orchestra.run.smithi060.stdout:/usr/bin/ceph: stderr
2024-03-11T20:08:11.017+0000 7fd471400700 1 -- 172.21.15.60:0/778603031 wait complete.
2024-03-11T20:08:11.900 INFO:teuthology.orchestra.run.smithi060.stdout:mgr epoch 9 is available
2024-03-11T20:08:11.900 INFO:teuthology.orchestra.run.smithi060.stdout:Generating a dashboard self-signed certificate...
2024-03-11T20:08:12.176 INFO:journalctl@ceph.mon.a.smithi060.stdout:Mar 11 20:08:12 smithi060 ceph-mon[31864]: from='client.14156 -' entity='client.admin' cmd=[{"prefix": "get_command_descriptions"}]: dispatch
2024-03-11T20:08:12.176 INFO:journalctl@ceph.mon.a.smithi060.stdout:Mar 11 20:08:12 smithi060 ceph-mon[31864]: from='client.14156 -' entity='client.admin' cmd=[{"prefix": "mgr_status"}]: dispatch
2024-03-11T20:08:13.411 INFO:journalctl@ceph.mon.a.smithi060.stdout:Mar 11 20:08:13 smithi060 ceph-mon[31864]: mgrmap e12: x(active, since 2s)
2024-03-11T20:08:13.411 INFO:journalctl@ceph.mon.a.smithi060.stdout:Mar 11 20:08:13 smithi060 ceph-mon[31864]: from='mgr.14152 172.21.15.60:0/2754445652' entity='mgr.x'
2024-03-11T20:08:14.313 INFO:teuthology.orchestra.run.smithi060.stdout:/usr/bin/ceph: stdout Self-signed certificate created
2024-03-11T20:08:14.313 INFO:teuthology.orchestra.run.smithi060.stdout:/usr/bin/ceph: stderr
2024-03-11T20:08:13.217+0000 7f3992200700 1 Processor -- start
2024-03-11T20:08:14.314 INFO:teuthology.orchestra.run.smithi060.stdout:/usr/bin/ceph: stderr
2024-03-11T20:08:13.218+0000 7f3992200700 1 -- start start
2024-03-11T20:08:14.314 INFO:teuthology.orchestra.run.smithi060.stdout:/usr/bin/ceph: stderr
2024-03-11T20:08:13.218+0000 7f3992200700 1 --2- >> [v2:172.21.15.60:3300/0,v1:172.21.15.60:6789/0] conn(0x7f398c07ced0 0x7f398c07b330 unknown :-1 s=NONE pgs=0 cs=0 l=0 rev1=0 crypto rx=0 tx=0 comp rx=0 tx=0).connect
2024-03-11T20:08:14.314 INFO:teuthology.orchestra.run.smithi060.stdout:/usr/bin/ceph: stderr
2024-03-11T20:08:13.218+0000 7f3992200700 1 -- --> [v2:172.21.15.60:3300/0,v1:172.21.15.60:6789/0] -- mon_getmap magic: 0 v1 -- 0x7f398c07b900 con 0x7f398c07ced0
2024-03-11T20:08:14.314 INFO:teuthology.orchestra.run.smithi060.stdout:/usr/bin/ceph: stderr
2024-03-11T20:08:13.219+0000 7f398b400700 1 --2- >> [v2:172.21.15.60:3300/0,v1:172.21.15.60:6789/0] conn(0x7f398c07ced0 0x7f398c07b330 unknown :-1 s=BANNER_CONNECTING pgs=0 cs=0 l=0 rev1=0 crypto rx=0 tx=0 comp rx=0 tx=0)._handle_peer_banner_payload supported=3 required=0
2024-03-11T20:08:14.314 INFO:teuthology.orchestra.run.smithi060.stdout:/usr/bin/ceph: stderr
2024-03-11T20:08:13.219+0000 7f398b400700 1 --2- >> [v2:172.21.15.60:3300/0,v1:172.21.15.60:6789/0] conn(0x7f398c07ced0 0x7f398c07b330 unknown :-1 s=HELLO_CONNECTING pgs=0 cs=0 l=0 rev1=1 crypto rx=0 tx=0 comp rx=0 tx=0).handle_hello peer v2:172.21.15.60:3300/0 says I am v2:172.21.15.60:54858/0 (socket says 172.21.15.60:54858)
2024-03-11T20:08:14.314 INFO:teuthology.orchestra.run.smithi060.stdout:/usr/bin/ceph: stderr
2024-03-11T20:08:13.219+0000 7f398b400700 1 -- 172.21.15.60:0/1834919189 learned_addr learned my addr 172.21.15.60:0/1834919189 (peer_addr_for_me v2:172.21.15.60:0/0)
2024-03-11T20:08:14.314 INFO:teuthology.orchestra.run.smithi060.stdout:/usr/bin/ceph: stderr
2024-03-11T20:08:13.219+0000 7f398b400700 1 -- 172.21.15.60:0/1834919189 --> [v2:172.21.15.60:3300/0,v1:172.21.15.60:6789/0] -- mon_subscribe({config=0+,monmap=0+}) v3 -- 0x7f398c07ba40 con 0x7f398c07ced0
2024-03-11T20:08:14.314 INFO:teuthology.orchestra.run.smithi060.stdout:/usr/bin/ceph: stderr
2024-03-11T20:08:13.220+0000 7f398b400700 1 --2- 172.21.15.60:0/1834919189 >> [v2:172.21.15.60:3300/0,v1:172.21.15.60:6789/0] conn(0x7f398c07ced0 0x7f398c07b330 secure :-1 s=READY pgs=70 cs=0 l=1 rev1=1 crypto rx=0x7f397c0098a0 tx=0x7f397c009bb0 comp rx=0 tx=0).ready entity=mon.0 client_cookie=3c194b55d0dd89ce server_cookie=0 in_seq=0 out_seq=0
2024-03-11T20:08:14.314 INFO:teuthology.orchestra.run.smithi060.stdout:/usr/bin/ceph: stderr
2024-03-11T20:08:13.220+0000 7f398a000700 1 -- 172.21.15.60:0/1834919189 <== mon.0 v2:172.21.15.60:3300/0 1 ==== mon_map magic: 0 v1 ==== 205+0+0 (secure 0 0 0) 0x7f397c004160 con 0x7f398c07ced0
2024-03-11T20:08:14.314 INFO:teuthology.orchestra.run.smithi060.stdout:/usr/bin/ceph: stderr
2024-03-11T20:08:13.220+0000 7f398a000700 1 -- 172.21.15.60:0/1834919189 <== mon.0 v2:172.21.15.60:3300/0 2 ==== config(29 keys) v1 ==== 1209+0+0 (secure 0 0 0) 0x7f397c003bc0 con 0x7f398c07ced0
2024-03-11T20:08:14.314 INFO:teuthology.orchestra.run.smithi060.stdout:/usr/bin/ceph: stderr
2024-03-11T20:08:13.220+0000 7f398a000700 1 -- 172.21.15.60:0/1834919189 <== mon.0 v2:172.21.15.60:3300/0 3 ==== mon_map magic: 0 v1 ==== 205+0+0 (secure 0 0 0) 0x7f397c011be0 con 0x7f398c07ced0
2024-03-11T20:08:14.314 INFO:teuthology.orchestra.run.smithi060.stdout:/usr/bin/ceph: stderr
2024-03-11T20:08:13.221+0000 7f3992200700 1 -- 172.21.15.60:0/1834919189 >> [v2:172.21.15.60:3300/0,v1:172.21.15.60:6789/0] conn(0x7f398c07ced0 msgr2=0x7f398c07b330 secure :-1 s=STATE_CONNECTION_ESTABLISHED l=1).mark_down
2024-03-11T20:08:14.315 INFO:teuthology.orchestra.run.smithi060.stdout:/usr/bin/ceph: stderr
2024-03-11T20:08:13.221+0000 7f3992200700 1 --2- 172.21.15.60:0/1834919189 >> [v2:172.21.15.60:3300/0,v1:172.21.15.60:6789/0] conn(0x7f398c07ced0 0x7f398c07b330 secure :-1 s=READY pgs=70 cs=0 l=1 rev1=1 crypto rx=0x7f397c0098a0 tx=0x7f397c009bb0 comp rx=0 tx=0).stop
2024-03-11T20:08:14.315 INFO:teuthology.orchestra.run.smithi060.stdout:/usr/bin/ceph: stderr
2024-03-11T20:08:13.221+0000 7f3992200700 1 -- 172.21.15.60:0/1834919189 shutdown_connections
2024-03-11T20:08:14.315 INFO:teuthology.orchestra.run.smithi060.stdout:/usr/bin/ceph: stderr
2024-03-11T20:08:13.221+0000 7f3992200700 1 --2- 172.21.15.60:0/1834919189 >> [v2:172.21.15.60:3300/0,v1:172.21.15.60:6789/0] conn(0x7f398c07ced0 0x7f398c07b330 unknown :-1 s=CLOSED pgs=70 cs=0 l=1 rev1=1 crypto rx=0 tx=0 comp rx=0 tx=0).stop
2024-03-11T20:08:14.315 INFO:teuthology.orchestra.run.smithi060.stdout:/usr/bin/ceph: stderr
2024-03-11T20:08:13.221+0000 7f3992200700 1 -- 172.21.15.60:0/1834919189 >> 172.21.15.60:0/1834919189 conn(0x7f398c102e80 msgr2=0x7f398c1052a0 unknown :-1 s=STATE_NONE l=0).mark_down
2024-03-11T20:08:14.315 INFO:teuthology.orchestra.run.smithi060.stdout:/usr/bin/ceph: stderr
2024-03-11T20:08:13.221+0000 7f3992200700 1 -- 172.21.15.60:0/1834919189 shutdown_connections
2024-03-11T20:08:14.315 INFO:teuthology.orchestra.run.smithi060.stdout:/usr/bin/ceph: stderr
2024-03-11T20:08:13.222+0000 7f3992200700 1 -- 172.21.15.60:0/1834919189 wait complete.
2024-03-11T20:08:14.315 INFO:teuthology.orchestra.run.smithi060.stdout:/usr/bin/ceph: stderr
2024-03-11T20:08:13.223+0000 7f3992200700 1 Processor -- start
2024-03-11T20:08:14.315 INFO:teuthology.orchestra.run.smithi060.stdout:/usr/bin/ceph: stderr
2024-03-11T20:08:13.223+0000 7f3992200700 1 -- start start
2024-03-11T20:08:14.315 INFO:teuthology.orchestra.run.smithi060.stdout:/usr/bin/ceph: stderr
2024-03-11T20:08:13.223+0000 7f3992200700 1 --2- >> [v2:172.21.15.60:3300/0,v1:172.21.15.60:6789/0] conn(0x7f398c07ced0 0x7f398c19d8e0 unknown :-1 s=NONE pgs=0 cs=0 l=1 rev1=0 crypto rx=0 tx=0 comp rx=0 tx=0).connect
2024-03-11T20:08:14.315 INFO:teuthology.orchestra.run.smithi060.stdout:/usr/bin/ceph: stderr
2024-03-11T20:08:13.223+0000 7f3992200700 1 -- --> [v2:172.21.15.60:3300/0,v1:172.21.15.60:6789/0] -- mon_getmap magic: 0 v1 -- 0x7f398c19de20 con 0x7f398c07ced0
2024-03-11T20:08:14.315 INFO:teuthology.orchestra.run.smithi060.stdout:/usr/bin/ceph: stderr
2024-03-11T20:08:13.224+0000 7f398b400700 1 --2- >> [v2:172.21.15.60:3300/0,v1:172.21.15.60:6789/0] conn(0x7f398c07ced0 0x7f398c19d8e0 unknown :-1 s=BANNER_CONNECTING pgs=0 cs=0 l=1 rev1=0 crypto rx=0 tx=0 comp rx=0 tx=0)._handle_peer_banner_payload supported=3 required=0
2024-03-11T20:08:14.315 INFO:teuthology.orchestra.run.smithi060.stdout:/usr/bin/ceph: stderr
2024-03-11T20:08:13.224+0000 7f398b400700 1 --2- >> [v2:172.21.15.60:3300/0,v1:172.21.15.60:6789/0] conn(0x7f398c07ced0 0x7f398c19d8e0 unknown :-1 s=HELLO_CONNECTING pgs=0 cs=0 l=1 rev1=1 crypto rx=0 tx=0 comp rx=0 tx=0).handle_hello peer v2:172.21.15.60:3300/0 says I am v2:172.21.15.60:54866/0 (socket says 172.21.15.60:54866)
2024-03-11T20:08:14.315 INFO:teuthology.orchestra.run.smithi060.stdout:/usr/bin/ceph: stderr
2024-03-11T20:08:13.224+0000 7f398b400700 1 -- 172.21.15.60:0/1539653047 learned_addr learned my addr 172.21.15.60:0/1539653047 (peer_addr_for_me v2:172.21.15.60:0/0)
2024-03-11T20:08:14.315 INFO:teuthology.orchestra.run.smithi060.stdout:/usr/bin/ceph: stderr
2024-03-11T20:08:13.224+0000 7f398b400700 1 -- 172.21.15.60:0/1539653047 --> [v2:172.21.15.60:3300/0,v1:172.21.15.60:6789/0] -- mon_subscribe({config=0+,monmap=0+}) v3 -- 0x7f397c009550 con 0x7f398c07ced0
2024-03-11T20:08:14.316 INFO:teuthology.orchestra.run.smithi060.stdout:/usr/bin/ceph: stderr
2024-03-11T20:08:13.225+0000 7f398b400700 1 --2- 172.21.15.60:0/1539653047 >> [v2:172.21.15.60:3300/0,v1:172.21.15.60:6789/0] conn(0x7f398c07ced0 0x7f398c19d8e0 secure :-1 s=READY pgs=71 cs=0 l=1 rev1=1 crypto rx=0x7f397c009520 tx=0x7f397c0090c0 comp rx=0 tx=0).ready entity=mon.0 client_cookie=0 server_cookie=0 in_seq=0 out_seq=0
2024-03-11T20:08:14.316 INFO:teuthology.orchestra.run.smithi060.stdout:/usr/bin/ceph: stderr
2024-03-11T20:08:13.225+0000 7f3983e00700 1 -- 172.21.15.60:0/1539653047 <== mon.0 v2:172.21.15.60:3300/0 1 ==== mon_map magic: 0 v1 ==== 205+0+0 (secure 0 0 0) 0x7f397c004130 con 0x7f398c07ced0
2024-03-11T20:08:14.316 INFO:teuthology.orchestra.run.smithi060.stdout:/usr/bin/ceph: stderr
2024-03-11T20:08:13.225+0000 7f3983e00700 1 -- 172.21.15.60:0/1539653047 <== mon.0 v2:172.21.15.60:3300/0 2 ==== config(29 keys) v1 ==== 1209+0+0 (secure 0 0 0) 0x7f397c004290 con 0x7f398c07ced0
2024-03-11T20:08:14.316 INFO:teuthology.orchestra.run.smithi060.stdout:/usr/bin/ceph: stderr
2024-03-11T20:08:13.225+0000 7f3992200700 1 -- 172.21.15.60:0/1539653047 --> [v2:172.21.15.60:3300/0,v1:172.21.15.60:6789/0] -- mon_subscribe({mgrmap=0+}) v3 -- 0x7f398c19e020 con 0x7f398c07ced0
2024-03-11T20:08:14.316 INFO:teuthology.orchestra.run.smithi060.stdout:/usr/bin/ceph: stderr
2024-03-11T20:08:13.225+0000 7f3983e00700 1 -- 172.21.15.60:0/1539653047 <== mon.0 v2:172.21.15.60:3300/0 3 ==== mon_map magic: 0 v1 ==== 205+0+0 (secure 0 0 0) 0x7f397c024870 con 0x7f398c07ced0
2024-03-11T20:08:14.316 INFO:teuthology.orchestra.run.smithi060.stdout:/usr/bin/ceph: stderr
2024-03-11T20:08:13.225+0000 7f3992200700 1 -- 172.21.15.60:0/1539653047 --> [v2:172.21.15.60:3300/0,v1:172.21.15.60:6789/0] -- mon_subscribe({osdmap=0}) v3 -- 0x7f398c19e4c0 con 0x7f398c07ced0
2024-03-11T20:08:14.316 INFO:teuthology.orchestra.run.smithi060.stdout:/usr/bin/ceph: stderr
2024-03-11T20:08:13.226+0000 7f3983e00700 1 -- 172.21.15.60:0/1539653047 <== mon.0 v2:172.21.15.60:3300/0 4 ==== mgrmap(e 12) v1 ==== 45782+0+0 (secure 0 0 0) 0x7f397c01a430 con 0x7f398c07ced0
2024-03-11T20:08:14.316 INFO:teuthology.orchestra.run.smithi060.stdout:/usr/bin/ceph: stderr
2024-03-11T20:08:13.227+0000 7f3992200700 1 -- 172.21.15.60:0/1539653047 --> [v2:172.21.15.60:3300/0,v1:172.21.15.60:6789/0] -- mon_command({"prefix": "get_command_descriptions"} v 0) v1 -- 0x7f398c10dd60 con 0x7f398c07ced0
2024-03-11T20:08:14.316 INFO:teuthology.orchestra.run.smithi060.stdout:/usr/bin/ceph: stderr
2024-03-11T20:08:13.227+0000 7f3983e00700 1 --2- 172.21.15.60:0/1539653047 >> [v2:172.21.15.60:6800/1159094308,v1:172.21.15.60:6801/1159094308] conn(0x7f3970038d00 0x7f397003b1c0 unknown :-1 s=NONE pgs=0 cs=0 l=1 rev1=0 crypto rx=0 tx=0 comp rx=0 tx=0).connect
2024-03-11T20:08:14.316 INFO:teuthology.orchestra.run.smithi060.stdout:/usr/bin/ceph: stderr
2024-03-11T20:08:13.227+0000 7f3983e00700 1 -- 172.21.15.60:0/1539653047 <== mon.0 v2:172.21.15.60:3300/0 5 ==== osd_map(3..3 src has 1..3) v4 ==== 1155+0+0 (secure 0 0 0) 0x7f397c04d020 con 0x7f398c07ced0
2024-03-11T20:08:14.316 INFO:teuthology.orchestra.run.smithi060.stdout:/usr/bin/ceph: stderr
2024-03-11T20:08:13.227+0000 7f398aa00700 1 --2- 172.21.15.60:0/1539653047 >> [v2:172.21.15.60:6800/1159094308,v1:172.21.15.60:6801/1159094308] conn(0x7f3970038d00 0x7f397003b1c0 unknown :-1 s=BANNER_CONNECTING pgs=0 cs=0 l=1 rev1=0 crypto rx=0 tx=0 comp rx=0 tx=0)._handle_peer_banner_payload supported=3 required=0
2024-03-11T20:08:14.316 INFO:teuthology.orchestra.run.smithi060.stdout:/usr/bin/ceph: stderr
2024-03-11T20:08:13.228+0000 7f398aa00700 1 --2- 172.21.15.60:0/1539653047 >> [v2:172.21.15.60:6800/1159094308,v1:172.21.15.60:6801/1159094308] conn(0x7f3970038d00 0x7f397003b1c0 secure :-1 s=READY pgs=7 cs=0 l=1 rev1=1 crypto rx=0x7f3978006fd0 tx=0x7f3978006e40 comp rx=0 tx=0).ready entity=mgr.14152 client_cookie=0 server_cookie=0 in_seq=0 out_seq=0
2024-03-11T20:08:14.316 INFO:teuthology.orchestra.run.smithi060.stdout:/usr/bin/ceph: stderr
2024-03-11T20:08:13.233+0000 7f3983e00700 1 -- 172.21.15.60:0/1539653047 <== mon.0 v2:172.21.15.60:3300/0 6 ==== mon_command_ack([{"prefix": "get_command_descriptions"}]=0 v0) v1 ==== 72+0+183564 (secure 0 0 0) 0x7f397c010380 con 0x7f398c07ced0
2024-03-11T20:08:14.316 INFO:teuthology.orchestra.run.smithi060.stdout:/usr/bin/ceph: stderr
2024-03-11T20:08:13.487+0000 7f3992200700 1 -- 172.21.15.60:0/1539653047 --> [v2:172.21.15.60:6800/1159094308,v1:172.21.15.60:6801/1159094308] -- mgr_command(tid 0: {"prefix": "dashboard create-self-signed-cert", "target": ["mon-mgr", ""]}) v1 -- 0x7f398c1a0e00 con 0x7f3970038d00
2024-03-11T20:08:14.316 INFO:teuthology.orchestra.run.smithi060.stdout:/usr/bin/ceph: stderr
2024-03-11T20:08:13.581+0000 7f3983e00700 1 -- 172.21.15.60:0/1539653047 <== mgr.14152 v2:172.21.15.60:6800/1159094308 1 ==== mgr_command_reply(tid 0: 0 ) v1 ==== 8+0+32 (secure 0 0 0) 0x7f398c1a0e00 con 0x7f3970038d00
2024-03-11T20:08:14.317 INFO:teuthology.orchestra.run.smithi060.stdout:/usr/bin/ceph: stderr
2024-03-11T20:08:13.584+0000 7f3992200700 1 -- 172.21.15.60:0/1539653047 >> [v2:172.21.15.60:6800/1159094308,v1:172.21.15.60:6801/1159094308] conn(0x7f3970038d00 msgr2=0x7f397003b1c0 secure :-1 s=STATE_CONNECTION_ESTABLISHED l=1).mark_down
2024-03-11T20:08:14.317 INFO:teuthology.orchestra.run.smithi060.stdout:/usr/bin/ceph: stderr
2024-03-11T20:08:13.584+0000 7f3992200700 1 --2- 172.21.15.60:0/1539653047 >> [v2:172.21.15.60:6800/1159094308,v1:172.21.15.60:6801/1159094308] conn(0x7f3970038d00 0x7f397003b1c0 secure :-1 s=READY pgs=7 cs=0 l=1 rev1=1 crypto rx=0x7f3978006fd0 tx=0x7f3978006e40 comp rx=0 tx=0).stop
2024-03-11T20:08:14.317 INFO:teuthology.orchestra.run.smithi060.stdout:/usr/bin/ceph: stderr
2024-03-11T20:08:13.584+0000 7f3992200700 1 -- 172.21.15.60:0/1539653047 >> [v2:172.21.15.60:3300/0,v1:172.21.15.60:6789/0] conn(0x7f398c07ced0 msgr2=0x7f398c19d8e0 secure :-1 s=STATE_CONNECTION_ESTABLISHED l=1).mark_down
2024-03-11T20:08:14.317 INFO:teuthology.orchestra.run.smithi060.stdout:/usr/bin/ceph: stderr
2024-03-11T20:08:13.584+0000 7f3992200700 1 --2- 172.21.15.60:0/1539653047 >> [v2:172.21.15.60:3300/0,v1:172.21.15.60:6789/0] conn(0x7f398c07ced0 0x7f398c19d8e0 secure :-1 s=READY pgs=71 cs=0 l=1 rev1=1 crypto rx=0x7f397c009520 tx=0x7f397c0090c0 comp rx=0 tx=0).stop
2024-03-11T20:08:14.317 INFO:teuthology.orchestra.run.smithi060.stdout:/usr/bin/ceph: stderr
2024-03-11T20:08:13.585+0000 7f3992200700 1 -- 172.21.15.60:0/1539653047 shutdown_connections
2024-03-11T20:08:14.317 INFO:teuthology.orchestra.run.smithi060.stdout:/usr/bin/ceph: stderr
2024-03-11T20:08:13.585+0000 7f3992200700 1 --2- 172.21.15.60:0/1539653047 >> [v2:172.21.15.60:6800/1159094308,v1:172.21.15.60:6801/1159094308] conn(0x7f3970038d00 0x7f397003b1c0 unknown :-1 s=CLOSED pgs=7 cs=0 l=1 rev1=1 crypto rx=0 tx=0 comp rx=0 tx=0).stop
2024-03-11T20:08:14.317 INFO:teuthology.orchestra.run.smithi060.stdout:/usr/bin/ceph: stderr
2024-03-11T20:08:13.585+0000 7f3992200700 1 --2- 172.21.15.60:0/1539653047 >> [v2:172.21.15.60:3300/0,v1:172.21.15.60:6789/0] conn(0x7f398c07ced0 0x7f398c19d8e0 unknown :-1 s=CLOSED pgs=71 cs=0 l=1 rev1=1 crypto rx=0 tx=0 comp rx=0 tx=0).stop
2024-03-11T20:08:14.317 INFO:teuthology.orchestra.run.smithi060.stdout:/usr/bin/ceph: stderr
2024-03-11T20:08:13.585+0000 7f3992200700 1 -- 172.21.15.60:0/1539653047 >> 172.21.15.60:0/1539653047 conn(0x7f398c102e80 msgr2=0x7f398c1039e0 unknown :-1 s=STATE_NONE l=0).mark_down
2024-03-11T20:08:14.317 INFO:teuthology.orchestra.run.smithi060.stdout:/usr/bin/ceph: stderr
2024-03-11T20:08:13.585+0000 7f3992200700 1 -- 172.21.15.60:0/1539653047 shutdown_connections
2024-03-11T20:08:14.317 INFO:teuthology.orchestra.run.smithi060.stdout:/usr/bin/ceph: stderr
2024-03-11T20:08:13.585+0000 7f3992200700 1 -- 172.21.15.60:0/1539653047 wait complete.
2024-03-11T20:08:14.317 INFO:teuthology.orchestra.run.smithi060.stdout:Creating initial admin user...
2024-03-11T20:08:14.872 INFO:journalctl@ceph.mon.a.smithi060.stdout:Mar 11 20:08:14 smithi060 ceph-mon[31864]: from='client.14164 -' entity='client.admin' cmd=[{"prefix": "dashboard create-self-signed-cert", "target": ["mon-mgr", ""]}]: dispatch
2024-03-11T20:08:14.873 INFO:journalctl@ceph.mon.a.smithi060.stdout:Mar 11 20:08:14 smithi060 ceph-mon[31864]: from='mgr.14152 172.21.15.60:0/2754445652' entity='mgr.x'
2024-03-11T20:08:14.873 INFO:journalctl@ceph.mon.a.smithi060.stdout:Mar 11 20:08:14 smithi060 ceph-mon[31864]: from='mgr.14152 172.21.15.60:0/2754445652' entity='mgr.x'
2024-03-11T20:08:16.142 INFO:journalctl@ceph.mon.a.smithi060.stdout:Mar 11 20:08:16 smithi060 ceph-mon[31864]: from='mgr.14152 172.21.15.60:0/2754445652' entity='mgr.x'
2024-03-11T20:08:16.142 INFO:journalctl@ceph.mon.a.smithi060.stdout:Mar 11 20:08:16 smithi060 ceph-mon[31864]: from='client.14166 -' entity='client.admin' cmd=[{"prefix": "dashboard ac-user-create", "username": "admin", "rolename": "administrator", "force_password": true, "pwd_update_required": true, "target": ["mon-mgr", ""]}]: dispatch
2024-03-11T20:08:16.143 INFO:journalctl@ceph.mon.a.smithi060.stdout:Mar 11 20:08:16 smithi060 ceph-mon[31864]: from='mgr.14152 172.21.15.60:0/2754445652' entity='mgr.x'
2024-03-11T20:08:16.156 INFO:teuthology.orchestra.run.smithi060.stdout:/usr/bin/ceph: stdout {"username": "admin", "password": "$2b$12$O4A/YO5eo2BxfUQLKZtqqO/fRas02SR76Pwyg/JVE1xpCzIheqW8K", "roles": ["administrator"], "name": null, "email": null, "lastUpdate": 1710187695, "enabled": true, "pwdExpirationDate": null, "pwdUpdateRequired": true}
2024-03-11T20:08:16.156 INFO:teuthology.orchestra.run.smithi060.stdout:/usr/bin/ceph: stderr
2024-03-11T20:08:14.951+0000 7f0d3fc00700 1 Processor -- start
2024-03-11T20:08:16.156 INFO:teuthology.orchestra.run.smithi060.stdout:/usr/bin/ceph: stderr
2024-03-11T20:08:14.951+0000 7f0d3fc00700 1 -- start start
2024-03-11T20:08:16.156 INFO:teuthology.orchestra.run.smithi060.stdout:/usr/bin/ceph: stderr
2024-03-11T20:08:14.951+0000 7f0d3fc00700 1 --2- >> [v2:172.21.15.60:3300/0,v1:172.21.15.60:6789/0] conn(0x7f0d381078c0 0x7f0d38107ce0 unknown :-1 s=NONE pgs=0 cs=0 l=0 rev1=0 crypto rx=0 tx=0 comp rx=0 tx=0).connect
2024-03-11T20:08:16.157 INFO:teuthology.orchestra.run.smithi060.stdout:/usr/bin/ceph: stderr
2024-03-11T20:08:14.951+0000 7f0d3fc00700 1 -- --> [v2:172.21.15.60:3300/0,v1:172.21.15.60:6789/0] -- mon_getmap magic: 0 v1 -- 0x7f0d381082b0 con 0x7f0d381078c0
2024-03-11T20:08:16.157 INFO:teuthology.orchestra.run.smithi060.stdout:/usr/bin/ceph: stderr
2024-03-11T20:08:14.952+0000 7f0d3d200700 1 --2- >> [v2:172.21.15.60:3300/0,v1:172.21.15.60:6789/0] conn(0x7f0d381078c0 0x7f0d38107ce0 unknown :-1 s=BANNER_CONNECTING pgs=0 cs=0 l=0 rev1=0 crypto rx=0 tx=0 comp rx=0 tx=0)._handle_peer_banner_payload supported=3 required=0
2024-03-11T20:08:16.157 INFO:teuthology.orchestra.run.smithi060.stdout:/usr/bin/ceph: stderr
2024-03-11T20:08:14.952+0000 7f0d3d200700 1 --2- >> [v2:172.21.15.60:3300/0,v1:172.21.15.60:6789/0] conn(0x7f0d381078c0 0x7f0d38107ce0 unknown :-1 s=HELLO_CONNECTING pgs=0 cs=0 l=0 rev1=1 crypto rx=0 tx=0 comp rx=0 tx=0).handle_hello peer v2:172.21.15.60:3300/0 says I am v2:172.21.15.60:54876/0 (socket says 172.21.15.60:54876)
2024-03-11T20:08:16.157 INFO:teuthology.orchestra.run.smithi060.stdout:/usr/bin/ceph: stderr
2024-03-11T20:08:14.952+0000 7f0d3d200700 1 -- 172.21.15.60:0/239784162 learned_addr learned my addr 172.21.15.60:0/239784162 (peer_addr_for_me v2:172.21.15.60:0/0)
2024-03-11T20:08:16.157 INFO:teuthology.orchestra.run.smithi060.stdout:/usr/bin/ceph: stderr
2024-03-11T20:08:14.952+0000 7f0d3d200700 1 -- 172.21.15.60:0/239784162 --> [v2:172.21.15.60:3300/0,v1:172.21.15.60:6789/0] -- mon_subscribe({config=0+,monmap=0+}) v3 -- 0x7f0d38108a20 con 0x7f0d381078c0
2024-03-11T20:08:16.157 INFO:teuthology.orchestra.run.smithi060.stdout:/usr/bin/ceph: stderr
2024-03-11T20:08:14.952+0000 7f0d3d200700 1 --2- 172.21.15.60:0/239784162 >> [v2:172.21.15.60:3300/0,v1:172.21.15.60:6789/0] conn(0x7f0d381078c0 0x7f0d38107ce0 secure :-1 s=READY pgs=72 cs=0 l=1 rev1=1 crypto rx=0x7f0d2c0098a0 tx=0x7f0d2c009bb0 comp rx=0 tx=0).ready entity=mon.0 client_cookie=f7e13173e36a77ee server_cookie=0 in_seq=0 out_seq=0
2024-03-11T20:08:16.157 INFO:teuthology.orchestra.run.smithi060.stdout:/usr/bin/ceph: stderr
2024-03-11T20:08:14.953+0000 7f0d37400700 1 -- 172.21.15.60:0/239784162 <== mon.0 v2:172.21.15.60:3300/0 1 ==== mon_map magic: 0 v1 ==== 205+0+0 (secure 0 0 0) 0x7f0d2c004160 con 0x7f0d381078c0
2024-03-11T20:08:16.157 INFO:teuthology.orchestra.run.smithi060.stdout:/usr/bin/ceph: stderr
2024-03-11T20:08:14.953+0000 7f0d37400700 1 -- 172.21.15.60:0/239784162 <== mon.0 v2:172.21.15.60:3300/0 2 ==== config(29 keys) v1 ==== 1209+0+0 (secure 0 0 0) 0x7f0d2c003bc0 con 0x7f0d381078c0
2024-03-11T20:08:16.157 INFO:teuthology.orchestra.run.smithi060.stdout:/usr/bin/ceph: stderr
2024-03-11T20:08:14.953+0000 7f0d37400700 1 -- 172.21.15.60:0/239784162 <== mon.0 v2:172.21.15.60:3300/0 3 ==== mon_map magic: 0 v1 ==== 205+0+0 (secure 0 0 0) 0x7f0d2c011be0 con 0x7f0d381078c0
2024-03-11T20:08:16.157 INFO:teuthology.orchestra.run.smithi060.stdout:/usr/bin/ceph: stderr
2024-03-11T20:08:14.953+0000 7f0d3fc00700 1 -- 172.21.15.60:0/239784162 >> [v2:172.21.15.60:3300/0,v1:172.21.15.60:6789/0] conn(0x7f0d381078c0 msgr2=0x7f0d38107ce0 secure :-1 s=STATE_CONNECTION_ESTABLISHED l=1).mark_down
2024-03-11T20:08:16.157 INFO:teuthology.orchestra.run.smithi060.stdout:/usr/bin/ceph: stderr
2024-03-11T20:08:14.953+0000 7f0d3fc00700 1 --2- 172.21.15.60:0/239784162 >> [v2:172.21.15.60:3300/0,v1:172.21.15.60:6789/0] conn(0x7f0d381078c0 0x7f0d38107ce0 secure :-1 s=READY pgs=72 cs=0 l=1 rev1=1 crypto rx=0x7f0d2c0098a0 tx=0x7f0d2c009bb0 comp rx=0 tx=0).stop
2024-03-11T20:08:16.158 INFO:teuthology.orchestra.run.smithi060.stdout:/usr/bin/ceph: stderr
2024-03-11T20:08:14.954+0000 7f0d3fc00700 1 -- 172.21.15.60:0/239784162 shutdown_connections
2024-03-11T20:08:16.158 INFO:teuthology.orchestra.run.smithi060.stdout:/usr/bin/ceph: stderr
2024-03-11T20:08:14.954+0000 7f0d3fc00700 1 --2- 172.21.15.60:0/239784162 >> [v2:172.21.15.60:3300/0,v1:172.21.15.60:6789/0] conn(0x7f0d381078c0 0x7f0d38107ce0 unknown :-1 s=CLOSED pgs=72 cs=0 l=1 rev1=1 crypto rx=0 tx=0 comp rx=0 tx=0).stop
2024-03-11T20:08:16.158 INFO:teuthology.orchestra.run.smithi060.stdout:/usr/bin/ceph: stderr
2024-03-11T20:08:14.954+0000 7f0d3fc00700 1 -- 172.21.15.60:0/239784162 >> 172.21.15.60:0/239784162 conn(0x7f0d38102e60 msgr2=0x7f0d381052a0 unknown :-1 s=STATE_NONE l=0).mark_down
2024-03-11T20:08:16.158 INFO:teuthology.orchestra.run.smithi060.stdout:/usr/bin/ceph: stderr
2024-03-11T20:08:14.954+0000 7f0d3fc00700 1 -- 172.21.15.60:0/239784162 shutdown_connections
2024-03-11T20:08:16.158 INFO:teuthology.orchestra.run.smithi060.stdout:/usr/bin/ceph: stderr
2024-03-11T20:08:14.954+0000 7f0d3fc00700 1 -- 172.21.15.60:0/239784162 wait complete.
2024-03-11T20:08:16.158 INFO:teuthology.orchestra.run.smithi060.stdout:/usr/bin/ceph: stderr
2024-03-11T20:08:14.955+0000 7f0d3fc00700 1 Processor -- start
2024-03-11T20:08:16.158 INFO:teuthology.orchestra.run.smithi060.stdout:/usr/bin/ceph: stderr
2024-03-11T20:08:14.955+0000 7f0d3fc00700 1 -- start start
2024-03-11T20:08:16.158 INFO:teuthology.orchestra.run.smithi060.stdout:/usr/bin/ceph: stderr
2024-03-11T20:08:14.955+0000 7f0d3fc00700 1 --2- >> [v2:172.21.15.60:3300/0,v1:172.21.15.60:6789/0] conn(0x7f0d381078c0 0x7f0d3807cb60 unknown :-1 s=NONE pgs=0 cs=0 l=1 rev1=0 crypto rx=0 tx=0 comp rx=0 tx=0).connect
2024-03-11T20:08:16.158 INFO:teuthology.orchestra.run.smithi060.stdout:/usr/bin/ceph: stderr
2024-03-11T20:08:14.955+0000 7f0d3fc00700 1 -- --> [v2:172.21.15.60:3300/0,v1:172.21.15.60:6789/0] -- mon_getmap magic: 0 v1 -- 0x7f0d3807d0a0 con 0x7f0d381078c0
2024-03-11T20:08:16.158 INFO:teuthology.orchestra.run.smithi060.stdout:/usr/bin/ceph: stderr
2024-03-11T20:08:14.956+0000 7f0d3d200700 1 --2- >> [v2:172.21.15.60:3300/0,v1:172.21.15.60:6789/0] conn(0x7f0d381078c0 0x7f0d3807cb60 unknown :-1 s=BANNER_CONNECTING pgs=0 cs=0 l=1 rev1=0 crypto rx=0 tx=0 comp rx=0 tx=0)._handle_peer_banner_payload supported=3 required=0
2024-03-11T20:08:16.158 INFO:teuthology.orchestra.run.smithi060.stdout:/usr/bin/ceph: stderr
2024-03-11T20:08:14.956+0000 7f0d3d200700 1 --2- >> [v2:172.21.15.60:3300/0,v1:172.21.15.60:6789/0] conn(0x7f0d381078c0 0x7f0d3807cb60 unknown :-1 s=HELLO_CONNECTING pgs=0 cs=0 l=1 rev1=1 crypto rx=0 tx=0 comp rx=0 tx=0).handle_hello peer v2:172.21.15.60:3300/0 says I am v2:172.21.15.60:54882/0 (socket says 172.21.15.60:54882)
2024-03-11T20:08:16.158 INFO:teuthology.orchestra.run.smithi060.stdout:/usr/bin/ceph: stderr
2024-03-11T20:08:14.956+0000 7f0d3d200700 1 -- 172.21.15.60:0/2496249714 learned_addr learned my addr 172.21.15.60:0/2496249714 (peer_addr_for_me v2:172.21.15.60:0/0)
2024-03-11T20:08:16.159 INFO:teuthology.orchestra.run.smithi060.stdout:/usr/bin/ceph: stderr
