2024-03-12T03:49:51.018+0000 7febda7a8700 1 -- 172.21.15.29:0/3821411534 --> [v2:172.21.15.29:3300/0,v1:172.21.15.29:6789/0] -- mon_subscribe({osdmap=0}) v3 -- 0x7febd419adb0 con 0x7febd41064b0
2024-03-12T03:49:52.644 INFO:teuthology.orchestra.run.smithi029.stdout:/usr/bin/ceph: stderr
2024-03-12T03:49:51.018+0000 7febd17fa700 1 -- 172.21.15.29:0/3821411534 <== mon.0 v2:172.21.15.29:3300/0 4 ==== mgrmap(e 8) v1 ==== 45769+0+0 (secure 0 0 0) 0x7febc4019830 con 0x7febd41064b0
2024-03-12T03:49:52.644 INFO:teuthology.orchestra.run.smithi029.stdout:/usr/bin/ceph: stderr
2024-03-12T03:49:51.019+0000 7febd17fa700 1 --2- 172.21.15.29:0/3821411534 >> [v2:172.21.15.29:6800/527363993,v1:172.21.15.29:6801/527363993] conn(0x7febbc038c60 0x7febbc03b120 unknown :-1 s=NONE pgs=0 cs=0 l=1 rev1=0 crypto rx=0 tx=0 comp rx=0 tx=0).connect
2024-03-12T03:49:52.644 INFO:teuthology.orchestra.run.smithi029.stdout:/usr/bin/ceph: stderr
2024-03-12T03:49:51.019+0000 7febd17fa700 1 -- 172.21.15.29:0/3821411534 <== mon.0 v2:172.21.15.29:3300/0 5 ==== osd_map(2..2 src has 1..2) v4 ==== 940+0+0 (secure 0 0 0) 0x7febc404cee0 con 0x7febd41064b0
2024-03-12T03:49:52.645 INFO:teuthology.orchestra.run.smithi029.stdout:/usr/bin/ceph: stderr
2024-03-12T03:49:51.019+0000 7febda7a8700 1 -- 172.21.15.29:0/3821411534 --> [v2:172.21.15.29:3300/0,v1:172.21.15.29:6789/0] -- mon_command({"prefix": "get_command_descriptions"} v 0) v1 -- 0x7febd410a8e0 con 0x7febd41064b0
2024-03-12T03:49:52.645 INFO:teuthology.orchestra.run.smithi029.stdout:/usr/bin/ceph: stderr
2024-03-12T03:49:51.019+0000 7febd37fe700 1 --2- 172.21.15.29:0/3821411534 >> [v2:172.21.15.29:6800/527363993,v1:172.21.15.29:6801/527363993] conn(0x7febbc038c60 0x7febbc03b120 unknown :-1 s=BANNER_CONNECTING pgs=0 cs=0 l=1 rev1=0 crypto rx=0 tx=0 comp rx=0 tx=0)._handle_peer_banner_payload supported=3 required=0
2024-03-12T03:49:52.645 INFO:teuthology.orchestra.run.smithi029.stdout:/usr/bin/ceph: stderr
2024-03-12T03:49:51.019+0000 7febd37fe700 1 --2- 172.21.15.29:0/3821411534 >> [v2:172.21.15.29:6800/527363993,v1:172.21.15.29:6801/527363993] conn(0x7febbc038c60 0x7febbc03b120 secure :-1 s=READY pgs=16 cs=0 l=1 rev1=1 crypto rx=0x7febc8006fd0 tx=0x7febc8006e40 comp rx=0 tx=0).ready entity=mgr.14118 client_cookie=0 server_cookie=0 in_seq=0 out_seq=0
2024-03-12T03:49:52.645 INFO:teuthology.orchestra.run.smithi029.stdout:/usr/bin/ceph: stderr
2024-03-12T03:49:51.024+0000 7febd17fa700 1 -- 172.21.15.29:0/3821411534 <== mon.0 v2:172.21.15.29:3300/0 6 ==== mon_command_ack([{"prefix": "get_command_descriptions"}]=0 v0) v1 ==== 72+0+183564 (secure 0 0 0) 0x7febc4019b30 con 0x7febd41064b0
2024-03-12T03:49:52.645 INFO:teuthology.orchestra.run.smithi029.stdout:/usr/bin/ceph: stderr
2024-03-12T03:49:51.287+0000 7febda7a8700 1 -- 172.21.15.29:0/3821411534 --> [v2:172.21.15.29:3300/0,v1:172.21.15.29:6789/0] -- mon_command({"prefix": "mgr module enable", "module": "dashboard"} v 0) v1 -- 0x7febd410aaf0 con 0x7febd41064b0
2024-03-12T03:49:52.645 INFO:teuthology.orchestra.run.smithi029.stdout:/usr/bin/ceph: stderr
2024-03-12T03:49:51.739+0000 7febd17fa700 1 -- 172.21.15.29:0/3821411534 <== mon.0 v2:172.21.15.29:3300/0 7 ==== mon_command_ack([{"prefix": "mgr module enable", "module": "dashboard"}]=0 v9) v1 ==== 88+0+0 (secure 0 0 0) 0x7febc404b090 con 0x7febd41064b0
2024-03-12T03:49:52.645 INFO:teuthology.orchestra.run.smithi029.stdout:/usr/bin/ceph: stderr
2024-03-12T03:49:51.740+0000 7febd17fa700 1 -- 172.21.15.29:0/3821411534 <== mon.0 v2:172.21.15.29:3300/0 8 ==== mgrmap(e 9) v1 ==== 45782+0+0 (secure 0 0 0) 0x7febc402d960 con 0x7febd41064b0
2024-03-12T03:49:52.645 INFO:teuthology.orchestra.run.smithi029.stdout:/usr/bin/ceph: stderr
2024-03-12T03:49:51.742+0000 7febda7a8700 1 -- 172.21.15.29:0/3821411534 >> [v2:172.21.15.29:6800/527363993,v1:172.21.15.29:6801/527363993] conn(0x7febbc038c60 msgr2=0x7febbc03b120 secure :-1 s=STATE_CONNECTION_ESTABLISHED l=1).mark_down
2024-03-12T03:49:52.645 INFO:teuthology.orchestra.run.smithi029.stdout:/usr/bin/ceph: stderr
2024-03-12T03:49:51.742+0000 7febda7a8700 1 --2- 172.21.15.29:0/3821411534 >> [v2:172.21.15.29:6800/527363993,v1:172.21.15.29:6801/527363993] conn(0x7febbc038c60 0x7febbc03b120 secure :-1 s=READY pgs=16 cs=0 l=1 rev1=1 crypto rx=0x7febc8006fd0 tx=0x7febc8006e40 comp rx=0 tx=0).stop
2024-03-12T03:49:52.645 INFO:teuthology.orchestra.run.smithi029.stdout:/usr/bin/ceph: stderr
2024-03-12T03:49:51.742+0000 7febda7a8700 1 -- 172.21.15.29:0/3821411534 >> [v2:172.21.15.29:3300/0,v1:172.21.15.29:6789/0] conn(0x7febd41064b0 msgr2=0x7febd419a1d0 secure :-1 s=STATE_CONNECTION_ESTABLISHED l=1).mark_down
2024-03-12T03:49:52.645 INFO:teuthology.orchestra.run.smithi029.stdout:/usr/bin/ceph: stderr
2024-03-12T03:49:51.742+0000 7febda7a8700 1 --2- 172.21.15.29:0/3821411534 >> [v2:172.21.15.29:3300/0,v1:172.21.15.29:6789/0] conn(0x7febd41064b0 0x7febd419a1d0 secure :-1 s=READY pgs=54 cs=0 l=1 rev1=1 crypto rx=0x7febc4011670 tx=0x7febc4011a30 comp rx=0 tx=0).stop
2024-03-12T03:49:52.645 INFO:teuthology.orchestra.run.smithi029.stdout:/usr/bin/ceph: stderr
2024-03-12T03:49:51.742+0000 7febda7a8700 1 -- 172.21.15.29:0/3821411534 shutdown_connections
2024-03-12T03:49:52.645 INFO:teuthology.orchestra.run.smithi029.stdout:/usr/bin/ceph: stderr
2024-03-12T03:49:51.742+0000 7febda7a8700 1 --2- 172.21.15.29:0/3821411534 >> [v2:172.21.15.29:6800/527363993,v1:172.21.15.29:6801/527363993] conn(0x7febbc038c60 0x7febbc03b120 unknown :-1 s=CLOSED pgs=16 cs=0 l=1 rev1=1 crypto rx=0 tx=0 comp rx=0 tx=0).stop
2024-03-12T03:49:52.645 INFO:teuthology.orchestra.run.smithi029.stdout:/usr/bin/ceph: stderr
2024-03-12T03:49:51.742+0000 7febda7a8700 1 --2- 172.21.15.29:0/3821411534 >> [v2:172.21.15.29:3300/0,v1:172.21.15.29:6789/0] conn(0x7febd41064b0 0x7febd419a1d0 unknown :-1 s=CLOSED pgs=54 cs=0 l=1 rev1=1 crypto rx=0 tx=0 comp rx=0 tx=0).stop
2024-03-12T03:49:52.646 INFO:teuthology.orchestra.run.smithi029.stdout:/usr/bin/ceph: stderr
2024-03-12T03:49:51.742+0000 7febda7a8700 1 -- 172.21.15.29:0/3821411534 >> 172.21.15.29:0/3821411534 conn(0x7febd4101a90 msgr2=0x7febd4102560 unknown :-1 s=STATE_NONE l=0).mark_down
2024-03-12T03:49:52.646 INFO:teuthology.orchestra.run.smithi029.stdout:/usr/bin/ceph: stderr
2024-03-12T03:49:51.742+0000 7febda7a8700 1 -- 172.21.15.29:0/3821411534 shutdown_connections
2024-03-12T03:49:52.646 INFO:teuthology.orchestra.run.smithi029.stdout:/usr/bin/ceph: stderr
2024-03-12T03:49:51.742+0000 7febda7a8700 1 -- 172.21.15.29:0/3821411534 wait complete.
2024-03-12T03:49:52.741 INFO:journalctl@ceph.mgr.x.smithi029.stdout:Mar 12 03:49:52 smithi029 ceph-398f7ad2-e023-11ee-95c8-87774f69a715-mgr-x[32525]:
2024-03-12T03:49:52.320+0000 7f30d8a44200 -1 mgr[py] Module osd_perf_query has missing NOTIFY_TYPES member
2024-03-12T03:49:52.742 INFO:journalctl@ceph.mgr.x.smithi029.stdout:Mar 12 03:49:52 smithi029 ceph-398f7ad2-e023-11ee-95c8-87774f69a715-mgr-x[32525]:
2024-03-12T03:49:52.416+0000 7f30d8a44200 -1 mgr[py] Module snap_schedule has missing NOTIFY_TYPES member
2024-03-12T03:49:53.049 INFO:journalctl@ceph.mon.a.smithi029.stdout:Mar 12 03:49:52 smithi029 ceph-mon[32292]: from='client.? 172.21.15.29:0/3821411534' entity='client.admin' cmd='[{"prefix": "mgr module enable", "module": "dashboard"}]': finished
2024-03-12T03:49:53.049 INFO:journalctl@ceph.mon.a.smithi029.stdout:Mar 12 03:49:52 smithi029 ceph-mon[32292]: mgrmap e9: x(active, since 22s)
2024-03-12T03:49:53.338 INFO:journalctl@ceph.mgr.x.smithi029.stdout:Mar 12 03:49:53 smithi029 ceph-398f7ad2-e023-11ee-95c8-87774f69a715-mgr-x[32525]:
2024-03-12T03:49:53.089+0000 7f30d8a44200 -1 mgr[py] Module zabbix has missing NOTIFY_TYPES member
2024-03-12T03:49:53.338 INFO:journalctl@ceph.mgr.x.smithi029.stdout:Mar 12 03:49:53 smithi029 ceph-398f7ad2-e023-11ee-95c8-87774f69a715-mgr-x[32525]:
2024-03-12T03:49:53.190+0000 7f30d8a44200 -1 mgr[py] Module balancer has missing NOTIFY_TYPES member
2024-03-12T03:49:53.338 INFO:journalctl@ceph.mgr.x.smithi029.stdout:Mar 12 03:49:53 smithi029 ceph-398f7ad2-e023-11ee-95c8-87774f69a715-mgr-x[32525]:
2024-03-12T03:49:53.335+0000 7f30d8a44200 -1 mgr[py] Module influx has missing NOTIFY_TYPES member
2024-03-12T03:49:53.590 INFO:journalctl@ceph.mgr.x.smithi029.stdout:Mar 12 03:49:53 smithi029 ceph-398f7ad2-e023-11ee-95c8-87774f69a715-mgr-x[32525]:
2024-03-12T03:49:53.434+0000 7f30d8a44200 -1 mgr[py] Module alerts has missing NOTIFY_TYPES member
2024-03-12T03:49:53.591 INFO:journalctl@ceph.mgr.x.smithi029.stdout:Mar 12 03:49:53 smithi029 ceph-398f7ad2-e023-11ee-95c8-87774f69a715-mgr-x[32525]:
2024-03-12T03:49:53.522+0000 7f30d8a44200 -1 mgr[py] Module iostat has missing NOTIFY_TYPES member
2024-03-12T03:49:53.907 INFO:journalctl@ceph.mon.a.smithi029.stdout:Mar 12 03:49:53 smithi029 ceph-mon[32292]: from='client.? 172.21.15.29:0/2351976367' entity='client.admin' cmd=[{"prefix": "mgr stat"}]: dispatch
2024-03-12T03:49:53.908 INFO:journalctl@ceph.mgr.x.smithi029.stdout:Mar 12 03:49:53 smithi029 ceph-398f7ad2-e023-11ee-95c8-87774f69a715-mgr-x[32525]:
2024-03-12T03:49:53.792+0000 7f30d8a44200 -1 mgr[py] Module rgw has missing NOTIFY_TYPES member
2024-03-12T03:49:53.908 INFO:journalctl@ceph.mgr.x.smithi029.stdout:Mar 12 03:49:53 smithi029 ceph-398f7ad2-e023-11ee-95c8-87774f69a715-mgr-x[32525]:
2024-03-12T03:49:53.905+0000 7f30d8a44200 -1 mgr[py] Module rbd_support has missing NOTIFY_TYPES member
2024-03-12T03:49:54.271 INFO:journalctl@ceph.mgr.x.smithi029.stdout:Mar 12 03:49:53 smithi029 ceph-398f7ad2-e023-11ee-95c8-87774f69a715-mgr-x[32525]:
2024-03-12T03:49:53.993+0000 7f30d8a44200 -1 mgr[py] Module progress has missing NOTIFY_TYPES member
2024-03-12T03:49:54.272 INFO:journalctl@ceph.mgr.x.smithi029.stdout:Mar 12 03:49:54 smithi029 ceph-398f7ad2-e023-11ee-95c8-87774f69a715-mgr-x[32525]:
2024-03-12T03:49:54.090+0000 7f30d8a44200 -1 mgr[py] Module pg_autoscaler has missing NOTIFY_TYPES member
2024-03-12T03:49:54.272 INFO:journalctl@ceph.mgr.x.smithi029.stdout:Mar 12 03:49:54 smithi029 ceph-398f7ad2-e023-11ee-95c8-87774f69a715-mgr-x[32525]:
2024-03-12T03:49:54.269+0000 7f30d8a44200 -1 mgr[py] Module devicehealth has missing NOTIFY_TYPES member
2024-03-12T03:49:54.379 INFO:teuthology.orchestra.run.smithi029.stdout:/usr/bin/ceph: stdout {
2024-03-12T03:49:54.379 INFO:teuthology.orchestra.run.smithi029.stdout:/usr/bin/ceph: stdout "epoch": 9,
2024-03-12T03:49:54.379 INFO:teuthology.orchestra.run.smithi029.stdout:/usr/bin/ceph: stdout "available": true,
2024-03-12T03:49:54.379 INFO:teuthology.orchestra.run.smithi029.stdout:/usr/bin/ceph: stdout "active_name": "x",
2024-03-12T03:49:54.380 INFO:teuthology.orchestra.run.smithi029.stdout:/usr/bin/ceph: stdout "num_standby": 0
2024-03-12T03:49:54.380 INFO:teuthology.orchestra.run.smithi029.stdout:/usr/bin/ceph: stdout }
2024-03-12T03:49:54.380 INFO:teuthology.orchestra.run.smithi029.stdout:/usr/bin/ceph: stderr
2024-03-12T03:49:53.148+0000 7f00ae565700 1 Processor -- start
2024-03-12T03:49:54.380 INFO:teuthology.orchestra.run.smithi029.stdout:/usr/bin/ceph: stderr
2024-03-12T03:49:53.148+0000 7f00ae565700 1 -- start start
2024-03-12T03:49:54.380 INFO:teuthology.orchestra.run.smithi029.stdout:/usr/bin/ceph: stderr
2024-03-12T03:49:53.148+0000 7f00ae565700 1 --2- >> [v2:172.21.15.29:3300/0,v1:172.21.15.29:6789/0] conn(0x7f00a8107fe0 0x7f00a810a3d0 unknown :-1 s=NONE pgs=0 cs=0 l=0 rev1=0 crypto rx=0 tx=0 comp rx=0 tx=0).connect
2024-03-12T03:49:54.380 INFO:teuthology.orchestra.run.smithi029.stdout:/usr/bin/ceph: stderr
2024-03-12T03:49:53.148+0000 7f00ae565700 1 -- --> [v2:172.21.15.29:3300/0,v1:172.21.15.29:6789/0] -- mon_getmap magic: 0 v1 -- 0x7f00a807aeb0 con 0x7f00a8107fe0
2024-03-12T03:49:54.380 INFO:teuthology.orchestra.run.smithi029.stdout:/usr/bin/ceph: stderr
2024-03-12T03:49:53.148+0000 7f00a7fff700 1 --2- >> [v2:172.21.15.29:3300/0,v1:172.21.15.29:6789/0] conn(0x7f00a8107fe0 0x7f00a810a3d0 unknown :-1 s=BANNER_CONNECTING pgs=0 cs=0 l=0 rev1=0 crypto rx=0 tx=0 comp rx=0 tx=0)._handle_peer_banner_payload supported=3 required=0
2024-03-12T03:49:54.380 INFO:teuthology.orchestra.run.smithi029.stdout:/usr/bin/ceph: stderr
2024-03-12T03:49:53.148+0000 7f00a7fff700 1 --2- >> [v2:172.21.15.29:3300/0,v1:172.21.15.29:6789/0] conn(0x7f00a8107fe0 0x7f00a810a3d0 unknown :-1 s=HELLO_CONNECTING pgs=0 cs=0 l=0 rev1=1 crypto rx=0 tx=0 comp rx=0 tx=0).handle_hello peer v2:172.21.15.29:3300/0 says I am v2:172.21.15.29:52794/0 (socket says 172.21.15.29:52794)
2024-03-12T03:49:54.380 INFO:teuthology.orchestra.run.smithi029.stdout:/usr/bin/ceph: stderr
2024-03-12T03:49:53.148+0000 7f00a7fff700 1 -- 172.21.15.29:0/3293619262 learned_addr learned my addr 172.21.15.29:0/3293619262 (peer_addr_for_me v2:172.21.15.29:0/0)
2024-03-12T03:49:54.380 INFO:teuthology.orchestra.run.smithi029.stdout:/usr/bin/ceph: stderr
2024-03-12T03:49:53.148+0000 7f00a7fff700 1 -- 172.21.15.29:0/3293619262 --> [v2:172.21.15.29:3300/0,v1:172.21.15.29:6789/0] -- mon_subscribe({config=0+,monmap=0+}) v3 -- 0x7f00a810a910 con 0x7f00a8107fe0
2024-03-12T03:49:54.380 INFO:teuthology.orchestra.run.smithi029.stdout:/usr/bin/ceph: stderr
2024-03-12T03:49:53.148+0000 7f00a7fff700 1 --2- 172.21.15.29:0/3293619262 >> [v2:172.21.15.29:3300/0,v1:172.21.15.29:6789/0] conn(0x7f00a8107fe0 0x7f00a810a3d0 secure :-1 s=READY pgs=57 cs=0 l=1 rev1=1 crypto rx=0x7f00980098a0 tx=0x7f0098009bb0 comp rx=0 tx=0).ready entity=mon.0 client_cookie=deaf6e14240dc456 server_cookie=0 in_seq=0 out_seq=0
2024-03-12T03:49:54.380 INFO:teuthology.orchestra.run.smithi029.stdout:/usr/bin/ceph: stderr
2024-03-12T03:49:53.149+0000 7f00a6ffd700 1 -- 172.21.15.29:0/3293619262 <== mon.0 v2:172.21.15.29:3300/0 1 ==== mon_map magic: 0 v1 ==== 205+0+0 (secure 0 0 0) 0x7f0098004160 con 0x7f00a8107fe0
2024-03-12T03:49:54.381 INFO:teuthology.orchestra.run.smithi029.stdout:/usr/bin/ceph: stderr
2024-03-12T03:49:53.149+0000 7f00a6ffd700 1 -- 172.21.15.29:0/3293619262 <== mon.0 v2:172.21.15.29:3300/0 2 ==== config(26 keys) v1 ==== 1102+0+0 (secure 0 0 0) 0x7f00980042c0 con 0x7f00a8107fe0
2024-03-12T03:49:54.381 INFO:teuthology.orchestra.run.smithi029.stdout:/usr/bin/ceph: stderr
2024-03-12T03:49:53.149+0000 7f00a6ffd700 1 -- 172.21.15.29:0/3293619262 <== mon.0 v2:172.21.15.29:3300/0 3 ==== mon_map magic: 0 v1 ==== 205+0+0 (secure 0 0 0) 0x7f00980119b0 con 0x7f00a8107fe0
2024-03-12T03:49:54.381 INFO:teuthology.orchestra.run.smithi029.stdout:/usr/bin/ceph: stderr
2024-03-12T03:49:53.149+0000 7f00ae565700 1 -- 172.21.15.29:0/3293619262 >> [v2:172.21.15.29:3300/0,v1:172.21.15.29:6789/0] conn(0x7f00a8107fe0 msgr2=0x7f00a810a3d0 secure :-1 s=STATE_CONNECTION_ESTABLISHED l=1).mark_down
2024-03-12T03:49:54.381 INFO:teuthology.orchestra.run.smithi029.stdout:/usr/bin/ceph: stderr
2024-03-12T03:49:53.149+0000 7f00ae565700 1 --2- 172.21.15.29:0/3293619262 >> [v2:172.21.15.29:3300/0,v1:172.21.15.29:6789/0] conn(0x7f00a8107fe0 0x7f00a810a3d0 secure :-1 s=READY pgs=57 cs=0 l=1 rev1=1 crypto rx=0x7f00980098a0 tx=0x7f0098009bb0 comp rx=0 tx=0).stop
2024-03-12T03:49:54.381 INFO:teuthology.orchestra.run.smithi029.stdout:/usr/bin/ceph: stderr
2024-03-12T03:49:53.149+0000 7f00ae565700 1 -- 172.21.15.29:0/3293619262 shutdown_connections
2024-03-12T03:49:54.381 INFO:teuthology.orchestra.run.smithi029.stdout:/usr/bin/ceph: stderr
2024-03-12T03:49:53.149+0000 7f00ae565700 1 --2- 172.21.15.29:0/3293619262 >> [v2:172.21.15.29:3300/0,v1:172.21.15.29:6789/0] conn(0x7f00a8107fe0 0x7f00a810a3d0 unknown :-1 s=CLOSED pgs=57 cs=0 l=1 rev1=1 crypto rx=0 tx=0 comp rx=0 tx=0).stop
2024-03-12T03:49:54.381 INFO:teuthology.orchestra.run.smithi029.stdout:/usr/bin/ceph: stderr
2024-03-12T03:49:53.149+0000 7f00ae565700 1 -- 172.21.15.29:0/3293619262 >> 172.21.15.29:0/3293619262 conn(0x7f00a8101a30 msgr2=0x7f00a8103e50 unknown :-1 s=STATE_NONE l=0).mark_down
2024-03-12T03:49:54.381 INFO:teuthology.orchestra.run.smithi029.stdout:/usr/bin/ceph: stderr
2024-03-12T03:49:53.149+0000 7f00ae565700 1 -- 172.21.15.29:0/3293619262 shutdown_connections
2024-03-12T03:49:54.381 INFO:teuthology.orchestra.run.smithi029.stdout:/usr/bin/ceph: stderr
2024-03-12T03:49:53.149+0000 7f00ae565700 1 -- 172.21.15.29:0/3293619262 wait complete.
2024-03-12T03:49:54.381 INFO:teuthology.orchestra.run.smithi029.stdout:/usr/bin/ceph: stderr
2024-03-12T03:49:53.150+0000 7f00ae565700 1 Processor -- start
2024-03-12T03:49:54.381 INFO:teuthology.orchestra.run.smithi029.stdout:/usr/bin/ceph: stderr
2024-03-12T03:49:53.150+0000 7f00ae565700 1 -- start start
2024-03-12T03:49:54.381 INFO:teuthology.orchestra.run.smithi029.stdout:/usr/bin/ceph: stderr
2024-03-12T03:49:53.150+0000 7f00ae565700 1 --2- >> [v2:172.21.15.29:3300/0,v1:172.21.15.29:6789/0] conn(0x7f00a8107fe0 0x7f00a8107860 unknown :-1 s=NONE pgs=0 cs=0 l=1 rev1=0 crypto rx=0 tx=0 comp rx=0 tx=0).connect
2024-03-12T03:49:54.381 INFO:teuthology.orchestra.run.smithi029.stdout:/usr/bin/ceph: stderr
2024-03-12T03:49:53.150+0000 7f00ae565700 1 -- --> [v2:172.21.15.29:3300/0,v1:172.21.15.29:6789/0] -- mon_getmap magic: 0 v1 -- 0x7f00a8107da0 con 0x7f00a8107fe0
2024-03-12T03:49:54.382 INFO:teuthology.orchestra.run.smithi029.stdout:/usr/bin/ceph: stderr
2024-03-12T03:49:53.150+0000 7f00a7fff700 1 --2- >> [v2:172.21.15.29:3300/0,v1:172.21.15.29:6789/0] conn(0x7f00a8107fe0 0x7f00a8107860 unknown :-1 s=BANNER_CONNECTING pgs=0 cs=0 l=1 rev1=0 crypto rx=0 tx=0 comp rx=0 tx=0)._handle_peer_banner_payload supported=3 required=0
2024-03-12T03:49:54.382 INFO:teuthology.orchestra.run.smithi029.stdout:/usr/bin/ceph: stderr
2024-03-12T03:49:53.150+0000 7f00a7fff700 1 --2- >> [v2:172.21.15.29:3300/0,v1:172.21.15.29:6789/0] conn(0x7f00a8107fe0 0x7f00a8107860 unknown :-1 s=HELLO_CONNECTING pgs=0 cs=0 l=1 rev1=1 crypto rx=0 tx=0 comp rx=0 tx=0).handle_hello peer v2:172.21.15.29:3300/0 says I am v2:172.21.15.29:52800/0 (socket says 172.21.15.29:52800)
2024-03-12T03:49:54.382 INFO:teuthology.orchestra.run.smithi029.stdout:/usr/bin/ceph: stderr
2024-03-12T03:49:53.150+0000 7f00a7fff700 1 -- 172.21.15.29:0/2351976367 learned_addr learned my addr 172.21.15.29:0/2351976367 (peer_addr_for_me v2:172.21.15.29:0/0)
2024-03-12T03:49:54.382 INFO:teuthology.orchestra.run.smithi029.stdout:/usr/bin/ceph: stderr
2024-03-12T03:49:53.151+0000 7f00a7fff700 1 -- 172.21.15.29:0/2351976367 --> [v2:172.21.15.29:3300/0,v1:172.21.15.29:6789/0] -- mon_subscribe({config=0+,monmap=0+}) v3 -- 0x7f0098009550 con 0x7f00a8107fe0
2024-03-12T03:49:54.382 INFO:teuthology.orchestra.run.smithi029.stdout:/usr/bin/ceph: stderr
2024-03-12T03:49:53.151+0000 7f00a7fff700 1 --2- 172.21.15.29:0/2351976367 >> [v2:172.21.15.29:3300/0,v1:172.21.15.29:6789/0] conn(0x7f00a8107fe0 0x7f00a8107860 secure :-1 s=READY pgs=58 cs=0 l=1 rev1=1 crypto rx=0x7f0098011980 tx=0x7f0098011a60 comp rx=0 tx=0).ready entity=mon.0 client_cookie=0 server_cookie=0 in_seq=0 out_seq=0
2024-03-12T03:49:54.382 INFO:teuthology.orchestra.run.smithi029.stdout:/usr/bin/ceph: stderr
2024-03-12T03:49:53.151+0000 7f00a57fa700 1 -- 172.21.15.29:0/2351976367 <== mon.0 v2:172.21.15.29:3300/0 1 ==== mon_map magic: 0 v1 ==== 205+0+0 (secure 0 0 0) 0x7f00980039c0 con 0x7f00a8107fe0
2024-03-12T03:49:54.382 INFO:teuthology.orchestra.run.smithi029.stdout:/usr/bin/ceph: stderr
2024-03-12T03:49:53.151+0000 7f00a57fa700 1 -- 172.21.15.29:0/2351976367 <== mon.0 v2:172.21.15.29:3300/0 2 ==== config(26 keys) v1 ==== 1102+0+0 (secure 0 0 0) 0x7f0098003b20 con 0x7f00a8107fe0
2024-03-12T03:49:54.382 INFO:teuthology.orchestra.run.smithi029.stdout:/usr/bin/ceph: stderr
2024-03-12T03:49:53.151+0000 7f00ae565700 1 -- 172.21.15.29:0/2351976367 --> [v2:172.21.15.29:3300/0,v1:172.21.15.29:6789/0] -- mon_subscribe({mgrmap=0+}) v3 -- 0x7f00a8105f90 con 0x7f00a8107fe0
2024-03-12T03:49:54.382 INFO:teuthology.orchestra.run.smithi029.stdout:/usr/bin/ceph: stderr
2024-03-12T03:49:53.151+0000 7f00a57fa700 1 -- 172.21.15.29:0/2351976367 <== mon.0 v2:172.21.15.29:3300/0 3 ==== mon_map magic: 0 v1 ==== 205+0+0 (secure 0 0 0) 0x7f0098019650 con 0x7f00a8107fe0
2024-03-12T03:49:54.382 INFO:teuthology.orchestra.run.smithi029.stdout:/usr/bin/ceph: stderr
2024-03-12T03:49:53.151+0000 7f00ae565700 1 -- 172.21.15.29:0/2351976367 --> [v2:172.21.15.29:3300/0,v1:172.21.15.29:6789/0] -- mon_subscribe({osdmap=0}) v3 -- 0x7f00a8106430 con 0x7f00a8107fe0
2024-03-12T03:49:54.382 INFO:teuthology.orchestra.run.smithi029.stdout:/usr/bin/ceph: stderr
2024-03-12T03:49:53.152+0000 7f00ae565700 1 -- 172.21.15.29:0/2351976367 --> [v2:172.21.15.29:3300/0,v1:172.21.15.29:6789/0] -- mon_command({"prefix": "get_command_descriptions"} v 0) v1 -- 0x7f00a810b750 con 0x7f00a8107fe0
2024-03-12T03:49:54.382 INFO:teuthology.orchestra.run.smithi029.stdout:/usr/bin/ceph: stderr
2024-03-12T03:49:53.153+0000 7f00a57fa700 1 -- 172.21.15.29:0/2351976367 <== mon.0 v2:172.21.15.29:3300/0 4 ==== mgrmap(e 9) v1 ==== 45782+0+0 (secure 0 0 0) 0x7f009801aa70 con 0x7f00a8107fe0
2024-03-12T03:49:54.382 INFO:teuthology.orchestra.run.smithi029.stdout:/usr/bin/ceph: stderr
2024-03-12T03:49:53.153+0000 7f00a57fa700 1 --2- 172.21.15.29:0/2351976367 >> [v2:172.21.15.29:6800/527363993,v1:172.21.15.29:6801/527363993] conn(0x7f0094038d00 0x7f009403b1c0 unknown :-1 s=NONE pgs=0 cs=0 l=1 rev1=0 crypto rx=0 tx=0 comp rx=0 tx=0).connect
2024-03-12T03:49:54.383 INFO:teuthology.orchestra.run.smithi029.stdout:/usr/bin/ceph: stderr
2024-03-12T03:49:53.153+0000 7f00a57fa700 1 -- 172.21.15.29:0/2351976367 <== mon.0 v2:172.21.15.29:3300/0 5 ==== osd_map(2..2 src has 1..2) v4 ==== 940+0+0 (secure 0 0 0) 0x7f009804d020 con 0x7f00a8107fe0
2024-03-12T03:49:54.383 INFO:teuthology.orchestra.run.smithi029.stdout:/usr/bin/ceph: stderr
2024-03-12T03:49:53.153+0000 7f00a77fe700 1 -- 172.21.15.29:0/2351976367 >> [v2:172.21.15.29:6800/527363993,v1:172.21.15.29:6801/527363993] conn(0x7f0094038d00 msgr2=0x7f009403b1c0 unknown :-1 s=STATE_CONNECTING_RE l=1).process reconnect failed to v2:172.21.15.29:6800/527363993
2024-03-12T03:49:54.383 INFO:teuthology.orchestra.run.smithi029.stdout:/usr/bin/ceph: stderr
2024-03-12T03:49:53.153+0000 7f00a77fe700 1 --2- 172.21.15.29:0/2351976367 >> [v2:172.21.15.29:6800/527363993,v1:172.21.15.29:6801/527363993] conn(0x7f0094038d00 0x7f009403b1c0 unknown :-1 s=START_CONNECT pgs=0 cs=0 l=1 rev1=0 crypto rx=0 tx=0 comp rx=0 tx=0)._fault waiting 0.200000
2024-03-12T03:49:54.383 INFO:teuthology.orchestra.run.smithi029.stdout:/usr/bin/ceph: stderr
2024-03-12T03:49:53.161+0000 7f00a57fa700 1 -- 172.21.15.29:0/2351976367 <== mon.0 v2:172.21.15.29:3300/0 6 ==== mon_command_ack([{"prefix": "get_command_descriptions"}]=0 v0) v1 ==== 72+0+183564 (secure 0 0 0) 0x7f0098019e30 con 0x7f00a8107fe0
2024-03-12T03:49:54.383 INFO:teuthology.orchestra.run.smithi029.stdout:/usr/bin/ceph: stderr
2024-03-12T03:49:53.354+0000 7f00a77fe700 1 -- 172.21.15.29:0/2351976367 >> [v2:172.21.15.29:6800/527363993,v1:172.21.15.29:6801/527363993] conn(0x7f0094038d00 msgr2=0x7f009403b1c0 unknown :-1 s=STATE_CONNECTING_RE l=1).process reconnect failed to v2:172.21.15.29:6800/527363993
2024-03-12T03:49:54.383 INFO:teuthology.orchestra.run.smithi029.stdout:/usr/bin/ceph: stderr
2024-03-12T03:49:53.354+0000 7f00a77fe700 1 --2- 172.21.15.29:0/2351976367 >> [v2:172.21.15.29:6800/527363993,v1:172.21.15.29:6801/527363993] conn(0x7f0094038d00 0x7f009403b1c0 unknown :-1 s=START_CONNECT pgs=0 cs=0 l=1 rev1=0 crypto rx=0 tx=0 comp rx=0 tx=0)._fault waiting 0.400000
2024-03-12T03:49:54.383 INFO:teuthology.orchestra.run.smithi029.stdout:/usr/bin/ceph: stderr
2024-03-12T03:49:53.424+0000 7f00ae565700 1 -- 172.21.15.29:0/2351976367 --> [v2:172.21.15.29:3300/0,v1:172.21.15.29:6789/0] -- mon_command({"prefix": "mgr stat"} v 0) v1 -- 0x7f00a8106a30 con 0x7f00a8107fe0
2024-03-12T03:49:54.383 INFO:teuthology.orchestra.run.smithi029.stdout:/usr/bin/ceph: stderr
2024-03-12T03:49:53.425+0000 7f00a57fa700 1 -- 172.21.15.29:0/2351976367 <== mon.0 v2:172.21.15.29:3300/0 7 ==== mon_command_ack([{"prefix": "mgr stat"}]=0 v9) v1 ==== 56+0+88 (secure 0 0 0) 0x7f0098023390 con 0x7f00a8107fe0
2024-03-12T03:49:54.383 INFO:teuthology.orchestra.run.smithi029.stdout:/usr/bin/ceph: stderr
2024-03-12T03:49:53.427+0000 7f00ae565700 1 -- 172.21.15.29:0/2351976367 >> [v2:172.21.15.29:6800/527363993,v1:172.21.15.29:6801/527363993] conn(0x7f0094038d00 msgr2=0x7f009403b1c0 unknown :-1 s=STATE_CONNECTING l=1).mark_down
2024-03-12T03:49:54.383 INFO:teuthology.orchestra.run.smithi029.stdout:/usr/bin/ceph: stderr
2024-03-12T03:49:53.427+0000 7f00ae565700 1 --2- 172.21.15.29:0/2351976367 >> [v2:172.21.15.29:6800/527363993,v1:172.21.15.29:6801/527363993] conn(0x7f0094038d00 0x7f009403b1c0 unknown :-1 s=START_CONNECT pgs=0 cs=0 l=1 rev1=0 crypto rx=0 tx=0 comp rx=0 tx=0).stop
2024-03-12T03:49:54.383 INFO:teuthology.orchestra.run.smithi029.stdout:/usr/bin/ceph: stderr
2024-03-12T03:49:53.427+0000 7f00ae565700 1 -- 172.21.15.29:0/2351976367 >> [v2:172.21.15.29:3300/0,v1:172.21.15.29:6789/0] conn(0x7f00a8107fe0 msgr2=0x7f00a8107860 secure :-1 s=STATE_CONNECTION_ESTABLISHED l=1).mark_down
2024-03-12T03:49:54.383 INFO:teuthology.orchestra.run.smithi029.stdout:/usr/bin/ceph: stderr
2024-03-12T03:49:53.427+0000 7f00ae565700 1 --2- 172.21.15.29:0/2351976367 >> [v2:172.21.15.29:3300/0,v1:172.21.15.29:6789/0] conn(0x7f00a8107fe0 0x7f00a8107860 secure :-1 s=READY pgs=58 cs=0 l=1 rev1=1 crypto rx=0x7f0098011980 tx=0x7f0098011a60 comp rx=0 tx=0).stop
2024-03-12T03:49:54.384 INFO:teuthology.orchestra.run.smithi029.stdout:/usr/bin/ceph: stderr
2024-03-12T03:49:53.427+0000 7f00ae565700 1 -- 172.21.15.29:0/2351976367 shutdown_connections
2024-03-12T03:49:54.384 INFO:teuthology.orchestra.run.smithi029.stdout:/usr/bin/ceph: stderr
2024-03-12T03:49:53.427+0000 7f00ae565700 1 --2- 172.21.15.29:0/2351976367 >> [v2:172.21.15.29:6800/527363993,v1:172.21.15.29:6801/527363993] conn(0x7f0094038d00 0x7f009403b1c0 unknown :-1 s=CLOSED pgs=0 cs=0 l=1 rev1=0 crypto rx=0 tx=0 comp rx=0 tx=0).stop
2024-03-12T03:49:54.384 INFO:teuthology.orchestra.run.smithi029.stdout:/usr/bin/ceph: stderr
2024-03-12T03:49:53.427+0000 7f00ae565700 1 --2- 172.21.15.29:0/2351976367 >> [v2:172.21.15.29:3300/0,v1:172.21.15.29:6789/0] conn(0x7f00a8107fe0 0x7f00a8107860 unknown :-1 s=CLOSED pgs=58 cs=0 l=1 rev1=1 crypto rx=0 tx=0 comp rx=0 tx=0).stop
2024-03-12T03:49:54.384 INFO:teuthology.orchestra.run.smithi029.stdout:/usr/bin/ceph: stderr
2024-03-12T03:49:53.427+0000 7f00ae565700 1 -- 172.21.15.29:0/2351976367 >> 172.21.15.29:0/2351976367 conn(0x7f00a8101a30 msgr2=0x7f00a8102540 unknown :-1 s=STATE_NONE l=0).mark_down
2024-03-12T03:49:54.384 INFO:teuthology.orchestra.run.smithi029.stdout:/usr/bin/ceph: stderr
2024-03-12T03:49:53.427+0000 7f00ae565700 1 -- 172.21.15.29:0/2351976367 shutdown_connections
2024-03-12T03:49:54.384 INFO:teuthology.orchestra.run.smithi029.stdout:/usr/bin/ceph: stderr
2024-03-12T03:49:53.427+0000 7f00ae565700 1 -- 172.21.15.29:0/2351976367 wait complete.
2024-03-12T03:49:54.384 INFO:teuthology.orchestra.run.smithi029.stdout:Waiting for the mgr to restart...
2024-03-12T03:49:54.384 INFO:teuthology.orchestra.run.smithi029.stdout:Waiting for mgr epoch 9...
2024-03-12T03:49:55.340 INFO:journalctl@ceph.mgr.x.smithi029.stdout:Mar 12 03:49:55 smithi029 ceph-398f7ad2-e023-11ee-95c8-87774f69a715-mgr-x[32525]:
2024-03-12T03:49:55.265+0000 7f30d8a44200 -1 mgr[py] Module rook has missing NOTIFY_TYPES member
2024-03-12T03:49:55.737 INFO:journalctl@ceph.mgr.x.smithi029.stdout:Mar 12 03:49:55 smithi029 ceph-398f7ad2-e023-11ee-95c8-87774f69a715-mgr-x[32525]:
2024-03-12T03:49:55.399+0000 7f30d8a44200 -1 mgr[py] Module diskprediction_local has missing NOTIFY_TYPES member
2024-03-12T03:49:55.737 INFO:journalctl@ceph.mgr.x.smithi029.stdout:Mar 12 03:49:55 smithi029 ceph-398f7ad2-e023-11ee-95c8-87774f69a715-mgr-x[32525]:
2024-03-12T03:49:55.734+0000 7f30d8a44200 -1 mgr[py] Module selftest has missing NOTIFY_TYPES member
2024-03-12T03:49:56.029 INFO:journalctl@ceph.mgr.x.smithi029.stdout:Mar 12 03:49:55 smithi029 ceph-398f7ad2-e023-11ee-95c8-87774f69a715-mgr-x[32525]:
2024-03-12T03:49:55.827+0000 7f30d8a44200 -1 mgr[py] Module telegraf has missing NOTIFY_TYPES member
2024-03-12T03:49:56.029 INFO:journalctl@ceph.mgr.x.smithi029.stdout:Mar 12 03:49:56 smithi029 ceph-398f7ad2-e023-11ee-95c8-87774f69a715-mgr-x[32525]:
2024-03-12T03:49:56.027+0000 7f30d8a44200 -1 mgr[py] Module test_orchestrator has missing NOTIFY_TYPES member
2024-03-12T03:49:56.340 INFO:journalctl@ceph.mgr.x.smithi029.stdout:Mar 12 03:49:56 smithi029 ceph-398f7ad2-e023-11ee-95c8-87774f69a715-mgr-x[32525]:
2024-03-12T03:49:56.216+0000 7f30d8a44200 -1 mgr[py] Module crash has missing NOTIFY_TYPES member
2024-03-12T03:49:56.769 INFO:journalctl@ceph.mgr.x.smithi029.stdout:Mar 12 03:49:56 smithi029 ceph-398f7ad2-e023-11ee-95c8-87774f69a715-mgr-x[32525]:
2024-03-12T03:49:56.507+0000 7f30d8a44200 -1 mgr[py] Module orchestrator has missing NOTIFY_TYPES member
2024-03-12T03:49:56.769 INFO:journalctl@ceph.mgr.x.smithi029.stdout:Mar 12 03:49:56 smithi029 ceph-398f7ad2-e023-11ee-95c8-87774f69a715-mgr-x[32525]:
2024-03-12T03:49:56.766+0000 7f30d8a44200 -1 mgr[py] Module osd_support has missing NOTIFY_TYPES member
2024-03-12T03:49:57.090 INFO:journalctl@ceph.mgr.x.smithi029.stdout:Mar 12 03:49:57 smithi029 ceph-398f7ad2-e023-11ee-95c8-87774f69a715-mgr-x[32525]:
2024-03-12T03:49:57.009+0000 7f30d8a44200 -1 mgr[py] Module volumes has missing NOTIFY_TYPES member
2024-03-12T03:49:58.090 INFO:journalctl@ceph.mgr.x.smithi029.stdout:Mar 12 03:49:57 smithi029 ceph-398f7ad2-e023-11ee-95c8-87774f69a715-mgr-x[32525]:
2024-03-12T03:49:57.832+0000 7f30d8a44200 -1 mgr[py] Module telemetry has missing NOTIFY_TYPES member
2024-03-12T03:49:58.736 INFO:journalctl@ceph.mgr.x.smithi029.stdout:Mar 12 03:49:58 smithi029 ceph-398f7ad2-e023-11ee-95c8-87774f69a715-mgr-x[32525]:
2024-03-12T03:49:58.412+0000 7f30d8a44200 -1 mgr[py] Module prometheus has missing NOTIFY_TYPES member
2024-03-12T03:49:58.736 INFO:journalctl@ceph.mgr.x.smithi029.stdout:Mar 12 03:49:58 smithi029 ceph-398f7ad2-e023-11ee-95c8-87774f69a715-mgr-x[32525]:
2024-03-12T03:49:58.513+0000 7f30d8a44200 -1 mgr[py] Module status has missing NOTIFY_TYPES member
2024-03-12T03:49:58.736 INFO:journalctl@ceph.mgr.x.smithi029.stdout:Mar 12 03:49:58 smithi029 ceph-398f7ad2-e023-11ee-95c8-87774f69a715-mgr-x[32525]:
2024-03-12T03:49:58.733+0000 7f30d8a44200 -1 mgr[py] Module nfs has missing NOTIFY_TYPES member
2024-03-12T03:49:59.090 INFO:journalctl@ceph.mon.a.smithi029.stdout:Mar 12 03:49:58 smithi029 ceph-mon[32292]: Active manager daemon x restarted
2024-03-12T03:49:59.091 INFO:journalctl@ceph.mon.a.smithi029.stdout:Mar 12 03:49:58 smithi029 ceph-mon[32292]: Activating manager daemon x
2024-03-12T03:49:59.091 INFO:journalctl@ceph.mon.a.smithi029.stdout:Mar 12 03:49:58 smithi029 ceph-mon[32292]: osdmap e3: 0 total, 0 up, 0 in
2024-03-12T03:49:59.091 INFO:journalctl@ceph.mon.a.smithi029.stdout:Mar 12 03:49:58 smithi029 ceph-mon[32292]: mgrmap e10: x(active, starting, since 0.00316954s)
2024-03-12T03:49:59.091 INFO:journalctl@ceph.mon.a.smithi029.stdout:Mar 12 03:49:58 smithi029 ceph-mon[32292]: from='mgr.14150 172.21.15.29:0/1368972914' entity='mgr.x' cmd=[{"prefix": "mon metadata", "id": "a"}]: dispatch
2024-03-12T03:49:59.091 INFO:journalctl@ceph.mon.a.smithi029.stdout:Mar 12 03:49:58 smithi029 ceph-mon[32292]: from='mgr.14150 172.21.15.29:0/1368972914' entity='mgr.x' cmd=[{"prefix": "mgr metadata", "who": "x", "id": "x"}]: dispatch
2024-03-12T03:49:59.091 INFO:journalctl@ceph.mon.a.smithi029.stdout:Mar 12 03:49:58 smithi029 ceph-mon[32292]: from='mgr.14150 172.21.15.29:0/1368972914' entity='mgr.x' cmd=[{"prefix": "mds metadata"}]: dispatch
2024-03-12T03:49:59.091 INFO:journalctl@ceph.mon.a.smithi029.stdout:Mar 12 03:49:58 smithi029 ceph-mon[32292]: from='mgr.14150 172.21.15.29:0/1368972914' entity='mgr.x' cmd=[{"prefix": "osd metadata"}]: dispatch
2024-03-12T03:49:59.091 INFO:journalctl@ceph.mon.a.smithi029.stdout:Mar 12 03:49:58 smithi029 ceph-mon[32292]: from='mgr.14150 172.21.15.29:0/1368972914' entity='mgr.x' cmd=[{"prefix": "mon metadata"}]: dispatch
2024-03-12T03:49:59.091 INFO:journalctl@ceph.mon.a.smithi029.stdout:Mar 12 03:49:58 smithi029 ceph-mon[32292]: Manager daemon x is now available
2024-03-12T03:49:59.091 INFO:journalctl@ceph.mon.a.smithi029.stdout:Mar 12 03:49:58 smithi029 ceph-mon[32292]: from='mgr.14150 172.21.15.29:0/1368972914' entity='mgr.x' cmd=[{"prefix": "config dump", "format": "json"}]: dispatch
2024-03-12T03:49:59.091 INFO:journalctl@ceph.mon.a.smithi029.stdout:Mar 12 03:49:58 smithi029 ceph-mon[32292]: from='mgr.14150 172.21.15.29:0/1368972914' entity='mgr.x' cmd=[{"prefix": "config dump", "format": "json"}]: dispatch
2024-03-12T03:50:00.090 INFO:journalctl@ceph.mon.a.smithi029.stdout:Mar 12 03:49:59 smithi029 ceph-mon[32292]: from='mgr.14150 172.21.15.29:0/1368972914' entity='mgr.x' cmd=[{"prefix":"config rm","who":"mgr","name":"mgr/rbd_support/x/mirror_snapshot_schedule"}]: dispatch
2024-03-12T03:50:00.091 INFO:journalctl@ceph.mon.a.smithi029.stdout:Mar 12 03:49:59 smithi029 ceph-mon[32292]: from='mgr.14150 172.21.15.29:0/1368972914' entity='mgr.x' cmd=[{"prefix":"config rm","who":"mgr","name":"mgr/rbd_support/x/trash_purge_schedule"}]: dispatch
2024-03-12T03:50:00.091 INFO:journalctl@ceph.mon.a.smithi029.stdout:Mar 12 03:49:59 smithi029 ceph-mon[32292]: mgrmap e11: x(active, since 1.00589s)
2024-03-12T03:50:00.770 INFO:teuthology.orchestra.run.smithi029.stdout:/usr/bin/ceph: stdout {
2024-03-12T03:50:00.770 INFO:teuthology.orchestra.run.smithi029.stdout:/usr/bin/ceph: stdout "mgrmap_epoch": 11,
2024-03-12T03:50:00.770 INFO:teuthology.orchestra.run.smithi029.stdout:/usr/bin/ceph: stdout "initialized": true
2024-03-12T03:50:00.770 INFO:teuthology.orchestra.run.smithi029.stdout:/usr/bin/ceph: stdout }
2024-03-12T03:50:00.770 INFO:teuthology.orchestra.run.smithi029.stdout:/usr/bin/ceph: stderr
2024-03-12T03:49:54.853+0000 7f57d836f700 1 Processor -- start
2024-03-12T03:50:00.771 INFO:teuthology.orchestra.run.smithi029.stdout:/usr/bin/ceph: stderr
2024-03-12T03:49:54.853+0000 7f57d836f700 1 -- start start
2024-03-12T03:50:00.771 INFO:teuthology.orchestra.run.smithi029.stdout:/usr/bin/ceph: stderr
2024-03-12T03:49:54.854+0000 7f57d836f700 1 --2- >> [v2:172.21.15.29:3300/0,v1:172.21.15.29:6789/0] conn(0x7f57d0108010 0x7f57d010a400 unknown :-1 s=NONE pgs=0 cs=0 l=0 rev1=0 crypto rx=0 tx=0 comp rx=0 tx=0).connect
2024-03-12T03:50:00.771 INFO:teuthology.orchestra.run.smithi029.stdout:/usr/bin/ceph: stderr
2024-03-12T03:49:54.854+0000 7f57d836f700 1 -- --> [v2:172.21.15.29:3300/0,v1:172.21.15.29:6789/0] -- mon_getmap magic: 0 v1 -- 0x7f57d0075420 con 0x7f57d0108010
2024-03-12T03:50:00.771 INFO:teuthology.orchestra.run.smithi029.stdout:/usr/bin/ceph: stderr
2024-03-12T03:49:54.854+0000 7f57d610b700 1 --2- >> [v2:172.21.15.29:3300/0,v1:172.21.15.29:6789/0] conn(0x7f57d0108010 0x7f57d010a400 unknown :-1 s=BANNER_CONNECTING pgs=0 cs=0 l=0 rev1=0 crypto rx=0 tx=0 comp rx=0 tx=0)._handle_peer_banner_payload supported=3 required=0
2024-03-12T03:50:00.771 INFO:teuthology.orchestra.run.smithi029.stdout:/usr/bin/ceph: stderr
2024-03-12T03:49:54.854+0000 7f57d610b700 1 --2- >> [v2:172.21.15.29:3300/0,v1:172.21.15.29:6789/0] conn(0x7f57d0108010 0x7f57d010a400 unknown :-1 s=HELLO_CONNECTING pgs=0 cs=0 l=0 rev1=1 crypto rx=0 tx=0 comp rx=0 tx=0).handle_hello peer v2:172.21.15.29:3300/0 says I am v2:172.21.15.29:52812/0 (socket says 172.21.15.29:52812)
2024-03-12T03:50:00.771 INFO:teuthology.orchestra.run.smithi029.stdout:/usr/bin/ceph: stderr
2024-03-12T03:49:54.854+0000 7f57d610b700 1 -- 172.21.15.29:0/3296263948 learned_addr learned my addr 172.21.15.29:0/3296263948 (peer_addr_for_me v2:172.21.15.29:0/0)
2024-03-12T03:50:00.771 INFO:teuthology.orchestra.run.smithi029.stdout:/usr/bin/ceph: stderr
2024-03-12T03:49:54.854+0000 7f57d610b700 1 -- 172.21.15.29:0/3296263948 --> [v2:172.21.15.29:3300/0,v1:172.21.15.29:6789/0] -- mon_subscribe({config=0+,monmap=0+}) v3 -- 0x7f57d010a940 con 0x7f57d0108010
2024-03-12T03:50:00.771 INFO:teuthology.orchestra.run.smithi029.stdout:/usr/bin/ceph: stderr
2024-03-12T03:49:54.854+0000 7f57d610b700 1 --2- 172.21.15.29:0/3296263948 >> [v2:172.21.15.29:3300/0,v1:172.21.15.29:6789/0] conn(0x7f57d0108010 0x7f57d010a400 secure :-1 s=READY pgs=59 cs=0 l=1 rev1=1 crypto rx=0x7f57c40098a0 tx=0x7f57c4009bb0 comp rx=0 tx=0).ready entity=mon.0 client_cookie=afa9681ef742b756 server_cookie=0 in_seq=0 out_seq=0
2024-03-12T03:50:00.771 INFO:teuthology.orchestra.run.smithi029.stdout:/usr/bin/ceph: stderr
2024-03-12T03:49:54.854+0000 7f57d5109700 1 -- 172.21.15.29:0/3296263948 <== mon.0 v2:172.21.15.29:3300/0 1 ==== mon_map magic: 0 v1 ==== 205+0+0 (secure 0 0 0) 0x7f57c4004160 con 0x7f57d0108010
2024-03-12T03:50:00.771 INFO:teuthology.orchestra.run.smithi029.stdout:/usr/bin/ceph: stderr
2024-03-12T03:49:54.855+0000 7f57d5109700 1 -- 172.21.15.29:0/3296263948 <== mon.0 v2:172.21.15.29:3300/0 2 ==== config(26 keys) v1 ==== 1102+0+0 (secure 0 0 0) 0x7f57c40042c0 con 0x7f57d0108010
2024-03-12T03:50:00.771 INFO:teuthology.orchestra.run.smithi029.stdout:/usr/bin/ceph: stderr
2024-03-12T03:49:54.855+0000 7f57d5109700 1 -- 172.21.15.29:0/3296263948 <== mon.0 v2:172.21.15.29:3300/0 3 ==== mon_map magic: 0 v1 ==== 205+0+0 (secure 0 0 0) 0x7f57c40119b0 con 0x7f57d0108010
2024-03-12T03:50:00.771 INFO:teuthology.orchestra.run.smithi029.stdout:/usr/bin/ceph: stderr
2024-03-12T03:49:54.855+0000 7f57d836f700 1 -- 172.21.15.29:0/3296263948 >> [v2:172.21.15.29:3300/0,v1:172.21.15.29:6789/0] conn(0x7f57d0108010 msgr2=0x7f57d010a400 secure :-1 s=STATE_CONNECTION_ESTABLISHED l=1).mark_down
2024-03-12T03:50:00.771 INFO:teuthology.orchestra.run.smithi029.stdout:/usr/bin/ceph: stderr
2024-03-12T03:49:54.855+0000 7f57d836f700 1 --2- 172.21.15.29:0/3296263948 >> [v2:172.21.15.29:3300/0,v1:172.21.15.29:6789/0] conn(0x7f57d0108010 0x7f57d010a400 secure :-1 s=READY pgs=59 cs=0 l=1 rev1=1 crypto rx=0x7f57c40098a0 tx=0x7f57c4009bb0 comp rx=0 tx=0).stop
2024-03-12T03:50:00.771 INFO:teuthology.orchestra.run.smithi029.stdout:/usr/bin/ceph: stderr
2024-03-12T03:49:54.855+0000 7f57d836f700 1 -- 172.21.15.29:0/3296263948 shutdown_connections
2024-03-12T03:50:00.772 INFO:teuthology.orchestra.run.smithi029.stdout:/usr/bin/ceph: stderr
2024-03-12T03:49:54.855+0000 7f57d836f700 1 --2- 172.21.15.29:0/3296263948 >> [v2:172.21.15.29:3300/0,v1:172.21.15.29:6789/0] conn(0x7f57d0108010 0x7f57d010a400 unknown :-1 s=CLOSED pgs=59 cs=0 l=1 rev1=1 crypto rx=0 tx=0 comp rx=0 tx=0).stop
2024-03-12T03:50:00.772 INFO:teuthology.orchestra.run.smithi029.stdout:/usr/bin/ceph: stderr
2024-03-12T03:49:54.855+0000 7f57d836f700 1 -- 172.21.15.29:0/3296263948 >> 172.21.15.29:0/3296263948 conn(0x7f57d0101a80 msgr2=0x7f57d0103ea0 unknown :-1 s=STATE_NONE l=0).mark_down
2024-03-12T03:50:00.772 INFO:teuthology.orchestra.run.smithi029.stdout:/usr/bin/ceph: stderr
2024-03-12T03:49:54.855+0000 7f57d836f700 1 -- 172.21.15.29:0/3296263948 shutdown_connections
2024-03-12T03:50:00.772 INFO:teuthology.orchestra.run.smithi029.stdout:/usr/bin/ceph: stderr
2024-03-12T03:49:54.855+0000 7f57d836f700 1 -- 172.21.15.29:0/3296263948 wait complete.
2024-03-12T03:50:00.772 INFO:teuthology.orchestra.run.smithi029.stdout:/usr/bin/ceph: stderr
2024-03-12T03:49:54.856+0000 7f57d836f700 1 Processor -- start
2024-03-12T03:50:00.772 INFO:teuthology.orchestra.run.smithi029.stdout:/usr/bin/ceph: stderr
2024-03-12T03:49:54.856+0000 7f57d836f700 1 -- start start
2024-03-12T03:50:00.772 INFO:teuthology.orchestra.run.smithi029.stdout:/usr/bin/ceph: stderr
2024-03-12T03:49:54.856+0000 7f57d836f700 1 --2- >> [v2:172.21.15.29:3300/0,v1:172.21.15.29:6789/0] conn(0x7f57d0108010 0x7f57d019b350 unknown :-1 s=NONE pgs=0 cs=0 l=1 rev1=0 crypto rx=0 tx=0 comp rx=0 tx=0).connect
2024-03-12T03:50:00.772 INFO:teuthology.orchestra.run.smithi029.stdout:/usr/bin/ceph: stderr
2024-03-12T03:49:54.856+0000 7f57d836f700 1 -- --> [v2:172.21.15.29:3300/0,v1:172.21.15.29:6789/0] -- mon_getmap magic: 0 v1 -- 0x7f57d019b890 con 0x7f57d0108010
2024-03-12T03:50:00.772 INFO:teuthology.orchestra.run.smithi029.stdout:/usr/bin/ceph: stderr
2024-03-12T03:49:54.856+0000 7f57d610b700 1 --2- >> [v2:172.21.15.29:3300/0,v1:172.21.15.29:6789/0] conn(0x7f57d0108010 0x7f57d019b350 unknown :-1 s=BANNER_CONNECTING pgs=0 cs=0 l=1 rev1=0 crypto rx=0 tx=0 comp rx=0 tx=0)._handle_peer_banner_payload supported=3 required=0
2024-03-12T03:50:00.772 INFO:teuthology.orchestra.run.smithi029.stdout:/usr/bin/ceph: stderr
2024-03-12T03:49:54.856+0000 7f57d610b700 1 --2- >> [v2:172.21.15.29:3300/0,v1:172.21.15.29:6789/0] conn(0x7f57d0108010 0x7f57d019b350 unknown :-1 s=HELLO_CONNECTING pgs=0 cs=0 l=1 rev1=1 crypto rx=0 tx=0 comp rx=0 tx=0).handle_hello peer v2:172.21.15.29:3300/0 says I am v2:172.21.15.29:52820/0 (socket says 172.21.15.29:52820)
2024-03-12T03:50:00.772 INFO:teuthology.orchestra.run.smithi029.stdout:/usr/bin/ceph: stderr
2024-03-12T03:49:54.856+0000 7f57d610b700 1 -- 172.21.15.29:0/384775388 learned_addr learned my addr 172.21.15.29:0/384775388 (peer_addr_for_me v2:172.21.15.29:0/0)
2024-03-12T03:50:00.772 INFO:teuthology.orchestra.run.smithi029.stdout:/usr/bin/ceph: stderr
2024-03-12T03:49:54.857+0000 7f57d610b700 1 -- 172.21.15.29:0/384775388 --> [v2:172.21.15.29:3300/0,v1:172.21.15.29:6789/0] -- mon_subscribe({config=0+,monmap=0+}) v3 -- 0x7f57c4009550 con 0x7f57d0108010
2024-03-12T03:50:00.772 INFO:teuthology.orchestra.run.smithi029.stdout:/usr/bin/ceph: stderr
2024-03-12T03:49:54.857+0000 7f57d610b700 1 --2- 172.21.15.29:0/384775388 >> [v2:172.21.15.29:3300/0,v1:172.21.15.29:6789/0] conn(0x7f57d0108010 0x7f57d019b350 secure :-1 s=READY pgs=60 cs=0 l=1 rev1=1 crypto rx=0x7f57c4011670 tx=0x7f57c4011a30 comp rx=0 tx=0).ready entity=mon.0 client_cookie=0 server_cookie=0 in_seq=0 out_seq=0
2024-03-12T03:50:00.772 INFO:teuthology.orchestra.run.smithi029.stdout:/usr/bin/ceph: stderr
2024-03-12T03:49:54.857+0000 7f57c37fe700 1 -- 172.21.15.29:0/384775388 <== mon.0 v2:172.21.15.29:3300/0 1 ==== mon_map magic: 0 v1 ==== 205+0+0 (secure 0 0 0) 0x7f57c40038b0 con 0x7f57d0108010
2024-03-12T03:50:00.773 INFO:teuthology.orchestra.run.smithi029.stdout:/usr/bin/ceph: stderr
2024-03-12T03:49:54.857+0000 7f57d836f700 1 -- 172.21.15.29:0/384775388 --> [v2:172.21.15.29:3300/0,v1:172.21.15.29:6789/0] -- mon_subscribe({mgrmap=0+}) v3 -- 0x7f57d019ba90 con 0x7f57d0108010
2024-03-12T03:50:00.773 INFO:teuthology.orchestra.run.smithi029.stdout:/usr/bin/ceph: stderr
2024-03-12T03:49:54.857+0000 7f57c37fe700 1 -- 172.21.15.29:0/384775388 <== mon.0 v2:172.21.15.29:3300/0 2 ==== config(26 keys) v1 ==== 1102+0+0 (secure 0 0 0) 0x7f57c4003a10 con 0x7f57d0108010
2024-03-12T03:50:00.773 INFO:teuthology.orchestra.run.smithi029.stdout:/usr/bin/ceph: stderr
2024-03-12T03:49:54.858+0000 7f57c37fe700 1 -- 172.21.15.29:0/384775388 <== mon.0 v2:172.21.15.29:3300/0 3 ==== mon_map magic: 0 v1 ==== 205+0+0 (secure 0 0 0) 0x7f57c4019550 con 0x7f57d0108010
2024-03-12T03:50:00.773 INFO:teuthology.orchestra.run.smithi029.stdout:/usr/bin/ceph: stderr
2024-03-12T03:49:54.858+0000 7f57c37fe700 1 -- 172.21.15.29:0/384775388 <== mon.0 v2:172.21.15.29:3300/0 4 ==== mgrmap(e 9) v1 ==== 45782+0+0 (secure 0 0 0) 0x7f57c4019830 con 0x7f57d0108010
2024-03-12T03:50:00.773 INFO:teuthology.orchestra.run.smithi029.stdout:/usr/bin/ceph: stderr
2024-03-12T03:49:54.858+0000 7f57d836f700 1 -- 172.21.15.29:0/384775388 --> [v2:172.21.15.29:3300/0,v1:172.21.15.29:6789/0] -- mon_subscribe({osdmap=0}) v3 -- 0x7f57d019bf30 con 0x7f57d0108010
2024-03-12T03:50:00.773 INFO:teuthology.orchestra.run.smithi029.stdout:/usr/bin/ceph: stderr
2024-03-12T03:49:54.858+0000 7f57c37fe700 1 --2- 172.21.15.29:0/384775388 >> [v2:172.21.15.29:6800/527363993,v1:172.21.15.29:6801/527363993] conn(0x7f57bc038d00 0x7f57bc03b1c0 unknown :-1 s=NONE pgs=0 cs=0 l=1 rev1=0 crypto rx=0 tx=0 comp rx=0 tx=0).connect
2024-03-12T03:50:00.773 INFO:teuthology.orchestra.run.smithi029.stdout:/usr/bin/ceph: stderr
2024-03-12T03:49:54.858+0000 7f57c37fe700 1 -- 172.21.15.29:0/384775388 <== mon.0 v2:172.21.15.29:3300/0 5 ==== osd_map(2..2 src has 1..2) v4 ==== 940+0+0 (secure 0 0 0) 0x7f57c4003b80 con 0x7f57d0108010
2024-03-12T03:50:00.773 INFO:teuthology.orchestra.run.smithi029.stdout:/usr/bin/ceph: stderr
2024-03-12T03:49:54.858+0000 7f57d590a700 1 -- 172.21.15.29:0/384775388 >> [v2:172.21.15.29:6800/527363993,v1:172.21.15.29:6801/527363993] conn(0x7f57bc038d00 msgr2=0x7f57bc03b1c0 unknown :-1 s=STATE_CONNECTING_RE l=1).process reconnect failed to v2:172.21.15.29:6800/527363993
2024-03-12T03:50:00.773 INFO:teuthology.orchestra.run.smithi029.stdout:/usr/bin/ceph: stderr
2024-03-12T03:49:54.858+0000 7f57d590a700 1 --2- 172.21.15.29:0/384775388 >> [v2:172.21.15.29:6800/527363993,v1:172.21.15.29:6801/527363993] conn(0x7f57bc038d00 0x7f57bc03b1c0 unknown :-1 s=START_CONNECT pgs=0 cs=0 l=1 rev1=0 crypto rx=0 tx=0 comp rx=0 tx=0)._fault waiting 0.200000
2024-03-12T03:50:00.773 INFO:teuthology.orchestra.run.smithi029.stdout:/usr/bin/ceph: stderr
2024-03-12T03:49:54.859+0000 7f57d836f700 1 -- 172.21.15.29:0/384775388 --> [v2:172.21.15.29:6800/527363993,v1:172.21.15.29:6801/527363993] -- command(tid 0: {"prefix": "get_command_descriptions"}) v1 -- 0x7f57d010b780 con 0x7f57bc038d00
2024-03-12T03:50:00.773 INFO:teuthology.orchestra.run.smithi029.stdout:/usr/bin/ceph: stderr
2024-03-12T03:49:55.059+0000 7f57d590a700 1 -- 172.21.15.29:0/384775388 >> [v2:172.21.15.29:6800/527363993,v1:172.21.15.29:6801/527363993] conn(0x7f57bc038d00 msgr2=0x7f57bc03b1c0 unknown :-1 s=STATE_CONNECTING_RE l=1).process reconnect failed to v2:172.21.15.29:6800/527363993
2024-03-12T03:50:00.773 INFO:teuthology.orchestra.run.smithi029.stdout:/usr/bin/ceph: stderr
2024-03-12T03:49:55.059+0000 7f57d590a700 1 --2- 172.21.15.29:0/384775388 >> [v2:172.21.15.29:6800/527363993,v1:172.21.15.29:6801/527363993] conn(0x7f57bc038d00 0x7f57bc03b1c0 unknown :-1 s=START_CONNECT pgs=0 cs=0 l=1 rev1=0 crypto rx=0 tx=0 comp rx=0 tx=0)._fault waiting 0.400000
2024-03-12T03:50:00.773 INFO:teuthology.orchestra.run.smithi029.stdout:/usr/bin/ceph: stderr
2024-03-12T03:49:55.460+0000 7f57d590a700 1 -- 172.21.15.29:0/384775388 >> [v2:172.21.15.29:6800/527363993,v1:172.21.15.29:6801/527363993] conn(0x7f57bc038d00 msgr2=0x7f57bc03b1c0 unknown :-1 s=STATE_CONNECTING_RE l=1).process reconnect failed to v2:172.21.15.29:6800/527363993
2024-03-12T03:50:00.774 INFO:teuthology.orchestra.run.smithi029.stdout:/usr/bin/ceph: stderr
2024-03-12T03:49:55.460+0000 7f57d590a700 1 --2- 172.21.15.29:0/384775388 >> [v2:172.21.15.29:6800/527363993,v1:172.21.15.29:6801/527363993] conn(0x7f57bc038d00 0x7f57bc03b1c0 unknown :-1 s=START_CONNECT pgs=0 cs=0 l=1 rev1=0 crypto rx=0 tx=0 comp rx=0 tx=0)._fault waiting 0.800000
2024-03-12T03:50:00.774 INFO:teuthology.orchestra.run.smithi029.stdout:/usr/bin/ceph: stderr
2024-03-12T03:49:56.261+0000 7f57d590a700 1 -- 172.21.15.29:0/384775388 >> [v2:172.21.15.29:6800/527363993,v1:172.21.15.29:6801/527363993] conn(0x7f57bc038d00 msgr2=0x7f57bc03b1c0 unknown :-1 s=STATE_CONNECTING_RE l=1).process reconnect failed to v2:172.21.15.29:6800/527363993
2024-03-12T03:50:00.774 INFO:teuthology.orchestra.run.smithi029.stdout:/usr/bin/ceph: stderr
2024-03-12T03:49:56.261+0000 7f57d590a700 1 --2- 172.21.15.29:0/384775388 >> [v2:172.21.15.29:6800/527363993,v1:172.21.15.29:6801/527363993] conn(0x7f57bc038d00 0x7f57bc03b1c0 unknown :-1 s=START_CONNECT pgs=0 cs=0 l=1 rev1=0 crypto rx=0 tx=0 comp rx=0 tx=0)._fault waiting 1.600000
2024-03-12T03:50:00.774 INFO:teuthology.orchestra.run.smithi029.stdout:/usr/bin/ceph: stderr
2024-03-12T03:49:57.862+0000 7f57d590a700 1 -- 172.21.15.29:0/384775388 >> [v2:172.21.15.29:6800/527363993,v1:172.21.15.29:6801/527363993] conn(0x7f57bc038d00 msgr2=0x7f57bc03b1c0 unknown :-1 s=STATE_CONNECTING_RE l=1).process reconnect failed to v2:172.21.15.29:6800/527363993
2024-03-12T03:50:00.774 INFO:teuthology.orchestra.run.smithi029.stdout:/usr/bin/ceph: stderr
2024-03-12T03:49:57.862+0000 7f57d590a700 1 --2- 172.21.15.29:0/384775388 >> [v2:172.21.15.29:6800/527363993,v1:172.21.15.29:6801/527363993] conn(0x7f57bc038d00 0x7f57bc03b1c0 unknown :-1 s=START_CONNECT pgs=0 cs=0 l=1 rev1=0 crypto rx=0 tx=0 comp rx=0 tx=0)._fault waiting 3.200000
2024-03-12T03:50:00.774 INFO:teuthology.orchestra.run.smithi029.stdout:/usr/bin/ceph: stderr
2024-03-12T03:49:58.748+0000 7f57c37fe700 1 -- 172.21.15.29:0/384775388 <== mon.0 v2:172.21.15.29:3300/0 6 ==== mgrmap(e 10) v1 ==== 45549+0+0 (secure 0 0 0) 0x7f57c4019ae0 con 0x7f57d0108010
2024-03-12T03:50:00.774 INFO:teuthology.orchestra.run.smithi029.stdout:/usr/bin/ceph: stderr
2024-03-12T03:49:58.748+0000 7f57c37fe700 1 -- 172.21.15.29:0/384775388 >> [v2:172.21.15.29:6800/527363993,v1:172.21.15.29:6801/527363993] conn(0x7f57bc038d00 msgr2=0x7f57bc03b1c0 unknown :-1 s=STATE_CONNECTING l=1).mark_down
2024-03-12T03:50:00.774 INFO:teuthology.orchestra.run.smithi029.stdout:/usr/bin/ceph: stderr
2024-03-12T03:49:58.748+0000 7f57c37fe700 1 --2- 172.21.15.29:0/384775388 >> [v2:172.21.15.29:6800/527363993,v1:172.21.15.29:6801/527363993] conn(0x7f57bc038d00 0x7f57bc03b1c0 unknown :-1 s=START_CONNECT pgs=0 cs=0 l=1 rev1=0 crypto rx=0 tx=0 comp rx=0 tx=0).stop
2024-03-12T03:50:00.774 INFO:teuthology.orchestra.run.smithi029.stdout:/usr/bin/ceph: stderr
2024-03-12T03:49:59.749+0000 7f57c37fe700 1 -- 172.21.15.29:0/384775388 <== mon.0 v2:172.21.15.29:3300/0 7 ==== mgrmap(e 11) v1 ==== 45676+0+0 (secure 0 0 0) 0x7f57c4041610 con 0x7f57d0108010
2024-03-12T03:50:00.774 INFO:teuthology.orchestra.run.smithi029.stdout:/usr/bin/ceph: stderr
2024-03-12T03:49:59.749+0000 7f57c37fe700 1 --2- 172.21.15.29:0/384775388 >> [v2:172.21.15.29:6800/2402348304,v1:172.21.15.29:6801/2402348304] conn(0x7f57bc03c5d0 0x7f57bc03e9c0 unknown :-1 s=NONE pgs=0 cs=0 l=1 rev1=0 crypto rx=0 tx=0 comp rx=0 tx=0).connect
2024-03-12T03:50:00.774 INFO:teuthology.orchestra.run.smithi029.stdout:/usr/bin/ceph: stderr
