2024-03-12T03:59:07.578+0000 7fcc04a00700 1 -- 172.21.15.8:0/2426591571 --> [v2:172.21.15.8:3300/0,v1:172.21.15.8:6789/0] -- mon_subscribe({mgrmap=0+}) v3 -- 0x7fcc0019dcb0 con 0x7fcc0007ce20
2024-03-12T03:59:08.885 INFO:teuthology.orchestra.run.smithi008.stdout:/usr/bin/ceph: stderr
2024-03-12T03:59:07.579+0000 7fcc04a00700 1 -- 172.21.15.8:0/2426591571 --> [v2:172.21.15.8:3300/0,v1:172.21.15.8:6789/0] -- mon_subscribe({osdmap=0}) v3 -- 0x7fcc0019e150 con 0x7fcc0007ce20
2024-03-12T03:59:08.885 INFO:teuthology.orchestra.run.smithi008.stdout:/usr/bin/ceph: stderr
2024-03-12T03:59:07.580+0000 7fcbf6a00700 1 -- 172.21.15.8:0/2426591571 <== mon.0 v2:172.21.15.8:3300/0 4 ==== mgrmap(e 8) v1 ==== 45769+0+0 (secure 0 0 0) 0x7fcbf001ac30 con 0x7fcc0007ce20
2024-03-12T03:59:08.885 INFO:teuthology.orchestra.run.smithi008.stdout:/usr/bin/ceph: stderr
2024-03-12T03:59:07.580+0000 7fcc04a00700 1 -- 172.21.15.8:0/2426591571 --> [v2:172.21.15.8:3300/0,v1:172.21.15.8:6789/0] -- mon_command({"prefix": "get_command_descriptions"} v 0) v1 -- 0x7fcc0010d9c0 con 0x7fcc0007ce20
2024-03-12T03:59:08.886 INFO:teuthology.orchestra.run.smithi008.stdout:/usr/bin/ceph: stderr
2024-03-12T03:59:07.581+0000 7fcbf6a00700 1 --2- 172.21.15.8:0/2426591571 >> [v2:172.21.15.8:6800/3277803434,v1:172.21.15.8:6801/3277803434] conn(0x7fcbe4038d00 0x7fcbe403b1c0 unknown :-1 s=NONE pgs=0 cs=0 l=1 rev1=0 crypto rx=0 tx=0 comp rx=0 tx=0).connect
2024-03-12T03:59:08.886 INFO:teuthology.orchestra.run.smithi008.stdout:/usr/bin/ceph: stderr
2024-03-12T03:59:07.581+0000 7fcbf6a00700 1 -- 172.21.15.8:0/2426591571 <== mon.0 v2:172.21.15.8:3300/0 5 ==== osd_map(2..2 src has 1..2) v4 ==== 940+0+0 (secure 0 0 0) 0x7fcbf004cda0 con 0x7fcc0007ce20
2024-03-12T03:59:08.886 INFO:teuthology.orchestra.run.smithi008.stdout:/usr/bin/ceph: stderr
2024-03-12T03:59:07.581+0000 7fcbfd400700 1 --2- 172.21.15.8:0/2426591571 >> [v2:172.21.15.8:6800/3277803434,v1:172.21.15.8:6801/3277803434] conn(0x7fcbe4038d00 0x7fcbe403b1c0 unknown :-1 s=BANNER_CONNECTING pgs=0 cs=0 l=1 rev1=0 crypto rx=0 tx=0 comp rx=0 tx=0)._handle_peer_banner_payload supported=3 required=0
2024-03-12T03:59:08.886 INFO:teuthology.orchestra.run.smithi008.stdout:/usr/bin/ceph: stderr
2024-03-12T03:59:07.582+0000 7fcbfd400700 1 --2- 172.21.15.8:0/2426591571 >> [v2:172.21.15.8:6800/3277803434,v1:172.21.15.8:6801/3277803434] conn(0x7fcbe4038d00 0x7fcbe403b1c0 secure :-1 s=READY pgs=12 cs=0 l=1 rev1=1 crypto rx=0x7fcbec006fd0 tx=0x7fcbec006e40 comp rx=0 tx=0).ready entity=mgr.14120 client_cookie=0 server_cookie=0 in_seq=0 out_seq=0
2024-03-12T03:59:08.886 INFO:teuthology.orchestra.run.smithi008.stdout:/usr/bin/ceph: stderr
2024-03-12T03:59:07.586+0000 7fcbf6a00700 1 -- 172.21.15.8:0/2426591571 <== mon.0 v2:172.21.15.8:3300/0 6 ==== mon_command_ack([{"prefix": "get_command_descriptions"}]=0 v0) v1 ==== 72+0+183564 (secure 0 0 0) 0x7fcbf0024a10 con 0x7fcc0007ce20
2024-03-12T03:59:08.886 INFO:teuthology.orchestra.run.smithi008.stdout:/usr/bin/ceph: stderr
2024-03-12T03:59:07.832+0000 7fcc04a00700 1 -- 172.21.15.8:0/2426591571 --> [v2:172.21.15.8:6800/3277803434,v1:172.21.15.8:6801/3277803434] -- mgr_command(tid 0: {"prefix": "orch apply", "service_type": "mon", "unmanaged": true, "target": ["mon-mgr", ""]}) v1 -- 0x7fcc00103de0 con 0x7fcbe4038d00
2024-03-12T03:59:08.886 INFO:teuthology.orchestra.run.smithi008.stdout:/usr/bin/ceph: stderr
2024-03-12T03:59:07.843+0000 7fcbf6a00700 1 -- 172.21.15.8:0/2426591571 <== mgr.14120 v2:172.21.15.8:6800/3277803434 1 ==== mgr_command_reply(tid 0: 0 ) v1 ==== 8+0+24 (secure 0 0 0) 0x7fcc00103de0 con 0x7fcbe4038d00
2024-03-12T03:59:08.886 INFO:teuthology.orchestra.run.smithi008.stdout:/usr/bin/ceph: stderr
2024-03-12T03:59:07.846+0000 7fcc04a00700 1 -- 172.21.15.8:0/2426591571 >> [v2:172.21.15.8:6800/3277803434,v1:172.21.15.8:6801/3277803434] conn(0x7fcbe4038d00 msgr2=0x7fcbe403b1c0 secure :-1 s=STATE_CONNECTION_ESTABLISHED l=1).mark_down
2024-03-12T03:59:08.886 INFO:teuthology.orchestra.run.smithi008.stdout:/usr/bin/ceph: stderr
2024-03-12T03:59:07.846+0000 7fcc04a00700 1 --2- 172.21.15.8:0/2426591571 >> [v2:172.21.15.8:6800/3277803434,v1:172.21.15.8:6801/3277803434] conn(0x7fcbe4038d00 0x7fcbe403b1c0 secure :-1 s=READY pgs=12 cs=0 l=1 rev1=1 crypto rx=0x7fcbec006fd0 tx=0x7fcbec006e40 comp rx=0 tx=0).stop
2024-03-12T03:59:08.886 INFO:teuthology.orchestra.run.smithi008.stdout:/usr/bin/ceph: stderr
2024-03-12T03:59:07.846+0000 7fcc04a00700 1 -- 172.21.15.8:0/2426591571 >> [v2:172.21.15.8:3300/0,v1:172.21.15.8:6789/0] conn(0x7fcc0007ce20 msgr2=0x7fcc0019d570 secure :-1 s=STATE_CONNECTION_ESTABLISHED l=1).mark_down
2024-03-12T03:59:08.886 INFO:teuthology.orchestra.run.smithi008.stdout:/usr/bin/ceph: stderr
2024-03-12T03:59:07.846+0000 7fcc04a00700 1 --2- 172.21.15.8:0/2426591571 >> [v2:172.21.15.8:3300/0,v1:172.21.15.8:6789/0] conn(0x7fcc0007ce20 0x7fcc0019d570 secure :-1 s=READY pgs=48 cs=0 l=1 rev1=1 crypto rx=0x7fcbf0009130 tx=0x7fcbf0011bf0 comp rx=0 tx=0).stop
2024-03-12T03:59:08.886 INFO:teuthology.orchestra.run.smithi008.stdout:/usr/bin/ceph: stderr
2024-03-12T03:59:07.846+0000 7fcc04a00700 1 -- 172.21.15.8:0/2426591571 shutdown_connections
2024-03-12T03:59:08.886 INFO:teuthology.orchestra.run.smithi008.stdout:/usr/bin/ceph: stderr
2024-03-12T03:59:07.846+0000 7fcc04a00700 1 --2- 172.21.15.8:0/2426591571 >> [v2:172.21.15.8:6800/3277803434,v1:172.21.15.8:6801/3277803434] conn(0x7fcbe4038d00 0x7fcbe403b1c0 unknown :-1 s=CLOSED pgs=12 cs=0 l=1 rev1=1 crypto rx=0 tx=0 comp rx=0 tx=0).stop
2024-03-12T03:59:08.887 INFO:teuthology.orchestra.run.smithi008.stdout:/usr/bin/ceph: stderr
2024-03-12T03:59:07.846+0000 7fcc04a00700 1 --2- 172.21.15.8:0/2426591571 >> [v2:172.21.15.8:3300/0,v1:172.21.15.8:6789/0] conn(0x7fcc0007ce20 0x7fcc0019d570 unknown :-1 s=CLOSED pgs=48 cs=0 l=1 rev1=1 crypto rx=0 tx=0 comp rx=0 tx=0).stop
2024-03-12T03:59:08.887 INFO:teuthology.orchestra.run.smithi008.stdout:/usr/bin/ceph: stderr
2024-03-12T03:59:07.846+0000 7fcc04a00700 1 -- 172.21.15.8:0/2426591571 >> 172.21.15.8:0/2426591571 conn(0x7fcc00102b90 msgr2=0x7fcc001036d0 unknown :-1 s=STATE_NONE l=0).mark_down
2024-03-12T03:59:08.887 INFO:teuthology.orchestra.run.smithi008.stdout:/usr/bin/ceph: stderr
2024-03-12T03:59:07.846+0000 7fcc04a00700 1 -- 172.21.15.8:0/2426591571 shutdown_connections
2024-03-12T03:59:08.887 INFO:teuthology.orchestra.run.smithi008.stdout:/usr/bin/ceph: stderr
2024-03-12T03:59:07.847+0000 7fcc04a00700 1 -- 172.21.15.8:0/2426591571 wait complete.
2024-03-12T03:59:08.888 INFO:teuthology.orchestra.run.smithi008.stdout:Deploying unmanaged mgr service...
2024-03-12T03:59:09.119 INFO:journalctl@ceph.mon.a.smithi008.stdout:Mar 12 03:59:08 smithi008 ceph-mon[31863]: from='client.14142 -' entity='client.admin' cmd=[{"prefix": "orch apply", "service_type": "mon", "unmanaged": true, "target": ["mon-mgr", ""]}]: dispatch
2024-03-12T03:59:09.120 INFO:journalctl@ceph.mon.a.smithi008.stdout:Mar 12 03:59:08 smithi008 ceph-mon[31863]: Saving service mon spec with placement count:5
2024-03-12T03:59:09.120 INFO:journalctl@ceph.mon.a.smithi008.stdout:Mar 12 03:59:08 smithi008 ceph-mon[31863]: from='mgr.14120 172.21.15.8:0/124893801' entity='mgr.x'
2024-03-12T03:59:10.546 INFO:teuthology.orchestra.run.smithi008.stdout:/usr/bin/ceph: stdout Scheduled mgr update...
2024-03-12T03:59:10.546 INFO:teuthology.orchestra.run.smithi008.stdout:/usr/bin/ceph: stderr
2024-03-12T03:59:09.562+0000 7f258be00700 1 Processor -- start
2024-03-12T03:59:10.546 INFO:teuthology.orchestra.run.smithi008.stdout:/usr/bin/ceph: stderr
2024-03-12T03:59:09.563+0000 7f258be00700 1 -- start start
2024-03-12T03:59:10.546 INFO:teuthology.orchestra.run.smithi008.stdout:/usr/bin/ceph: stderr
2024-03-12T03:59:09.563+0000 7f258be00700 1 --2- >> [v2:172.21.15.8:3300/0,v1:172.21.15.8:6789/0] conn(0x7f258c107ee0 0x7f258c10a2d0 unknown :-1 s=NONE pgs=0 cs=0 l=0 rev1=0 crypto rx=0 tx=0 comp rx=0 tx=0).connect
2024-03-12T03:59:10.546 INFO:teuthology.orchestra.run.smithi008.stdout:/usr/bin/ceph: stderr
2024-03-12T03:59:09.563+0000 7f258be00700 1 -- --> [v2:172.21.15.8:3300/0,v1:172.21.15.8:6789/0] -- mon_getmap magic: 0 v1 -- 0x7f258c07ae00 con 0x7f258c107ee0
2024-03-12T03:59:10.546 INFO:teuthology.orchestra.run.smithi008.stdout:/usr/bin/ceph: stderr
2024-03-12T03:59:09.563+0000 7f258aa00700 1 --2- >> [v2:172.21.15.8:3300/0,v1:172.21.15.8:6789/0] conn(0x7f258c107ee0 0x7f258c10a2d0 unknown :-1 s=BANNER_CONNECTING pgs=0 cs=0 l=0 rev1=0 crypto rx=0 tx=0 comp rx=0 tx=0)._handle_peer_banner_payload supported=3 required=0
2024-03-12T03:59:10.546 INFO:teuthology.orchestra.run.smithi008.stdout:/usr/bin/ceph: stderr
2024-03-12T03:59:09.563+0000 7f258aa00700 1 --2- >> [v2:172.21.15.8:3300/0,v1:172.21.15.8:6789/0] conn(0x7f258c107ee0 0x7f258c10a2d0 unknown :-1 s=HELLO_CONNECTING pgs=0 cs=0 l=0 rev1=1 crypto rx=0 tx=0 comp rx=0 tx=0).handle_hello peer v2:172.21.15.8:3300/0 says I am v2:172.21.15.8:35734/0 (socket says 172.21.15.8:35734)
2024-03-12T03:59:10.546 INFO:teuthology.orchestra.run.smithi008.stdout:/usr/bin/ceph: stderr
2024-03-12T03:59:09.563+0000 7f258aa00700 1 -- 172.21.15.8:0/2551995502 learned_addr learned my addr 172.21.15.8:0/2551995502 (peer_addr_for_me v2:172.21.15.8:0/0)
2024-03-12T03:59:10.546 INFO:teuthology.orchestra.run.smithi008.stdout:/usr/bin/ceph: stderr
2024-03-12T03:59:09.564+0000 7f258aa00700 1 -- 172.21.15.8:0/2551995502 --> [v2:172.21.15.8:3300/0,v1:172.21.15.8:6789/0] -- mon_subscribe({config=0+,monmap=0+}) v3 -- 0x7f258c07af40 con 0x7f258c107ee0
2024-03-12T03:59:10.551 INFO:teuthology.orchestra.run.smithi008.stdout:/usr/bin/ceph: stderr
2024-03-12T03:59:09.564+0000 7f258aa00700 1 --2- 172.21.15.8:0/2551995502 >> [v2:172.21.15.8:3300/0,v1:172.21.15.8:6789/0] conn(0x7f258c107ee0 0x7f258c10a2d0 secure :-1 s=READY pgs=49 cs=0 l=1 rev1=1 crypto rx=0x7f257c0098a0 tx=0x7f257c009bb0 comp rx=0 tx=0).ready entity=mon.0 client_cookie=7a59efa963a4c93e server_cookie=0 in_seq=0 out_seq=0
2024-03-12T03:59:10.551 INFO:teuthology.orchestra.run.smithi008.stdout:/usr/bin/ceph: stderr
2024-03-12T03:59:09.564+0000 7f2589600700 1 -- 172.21.15.8:0/2551995502 <== mon.0 v2:172.21.15.8:3300/0 1 ==== mon_map magic: 0 v1 ==== 205+0+0 (secure 0 0 0) 0x7f257c004160 con 0x7f258c107ee0
2024-03-12T03:59:10.551 INFO:teuthology.orchestra.run.smithi008.stdout:/usr/bin/ceph: stderr
2024-03-12T03:59:09.565+0000 7f2589600700 1 -- 172.21.15.8:0/2551995502 <== mon.0 v2:172.21.15.8:3300/0 2 ==== config(28 keys) v1 ==== 1143+0+0 (secure 0 0 0) 0x7f257c0042c0 con 0x7f258c107ee0
2024-03-12T03:59:10.551 INFO:teuthology.orchestra.run.smithi008.stdout:/usr/bin/ceph: stderr
2024-03-12T03:59:09.565+0000 7f2589600700 1 -- 172.21.15.8:0/2551995502 <== mon.0 v2:172.21.15.8:3300/0 3 ==== mon_map magic: 0 v1 ==== 205+0+0 (secure 0 0 0) 0x7f257c011b70 con 0x7f258c107ee0
2024-03-12T03:59:10.552 INFO:teuthology.orchestra.run.smithi008.stdout:/usr/bin/ceph: stderr
2024-03-12T03:59:09.565+0000 7f258be00700 1 -- 172.21.15.8:0/2551995502 >> [v2:172.21.15.8:3300/0,v1:172.21.15.8:6789/0] conn(0x7f258c107ee0 msgr2=0x7f258c10a2d0 secure :-1 s=STATE_CONNECTION_ESTABLISHED l=1).mark_down
2024-03-12T03:59:10.552 INFO:teuthology.orchestra.run.smithi008.stdout:/usr/bin/ceph: stderr
2024-03-12T03:59:09.565+0000 7f258be00700 1 --2- 172.21.15.8:0/2551995502 >> [v2:172.21.15.8:3300/0,v1:172.21.15.8:6789/0] conn(0x7f258c107ee0 0x7f258c10a2d0 secure :-1 s=READY pgs=49 cs=0 l=1 rev1=1 crypto rx=0x7f257c0098a0 tx=0x7f257c009bb0 comp rx=0 tx=0).stop
2024-03-12T03:59:10.552 INFO:teuthology.orchestra.run.smithi008.stdout:/usr/bin/ceph: stderr
2024-03-12T03:59:09.565+0000 7f258be00700 1 -- 172.21.15.8:0/2551995502 shutdown_connections
2024-03-12T03:59:10.552 INFO:teuthology.orchestra.run.smithi008.stdout:/usr/bin/ceph: stderr
2024-03-12T03:59:09.565+0000 7f258be00700 1 --2- 172.21.15.8:0/2551995502 >> [v2:172.21.15.8:3300/0,v1:172.21.15.8:6789/0] conn(0x7f258c107ee0 0x7f258c10a2d0 unknown :-1 s=CLOSED pgs=49 cs=0 l=1 rev1=1 crypto rx=0 tx=0 comp rx=0 tx=0).stop
2024-03-12T03:59:10.552 INFO:teuthology.orchestra.run.smithi008.stdout:/usr/bin/ceph: stderr
2024-03-12T03:59:09.565+0000 7f258be00700 1 -- 172.21.15.8:0/2551995502 >> 172.21.15.8:0/2551995502 conn(0x7f258c101870 msgr2=0x7f258c103c90 unknown :-1 s=STATE_NONE l=0).mark_down
2024-03-12T03:59:10.552 INFO:teuthology.orchestra.run.smithi008.stdout:/usr/bin/ceph: stderr
2024-03-12T03:59:09.565+0000 7f258be00700 1 -- 172.21.15.8:0/2551995502 shutdown_connections
2024-03-12T03:59:10.552 INFO:teuthology.orchestra.run.smithi008.stdout:/usr/bin/ceph: stderr
2024-03-12T03:59:09.565+0000 7f258be00700 1 -- 172.21.15.8:0/2551995502 wait complete.
2024-03-12T03:59:10.552 INFO:teuthology.orchestra.run.smithi008.stdout:/usr/bin/ceph: stderr
2024-03-12T03:59:09.566+0000 7f258be00700 1 Processor -- start
2024-03-12T03:59:10.552 INFO:teuthology.orchestra.run.smithi008.stdout:/usr/bin/ceph: stderr
2024-03-12T03:59:09.567+0000 7f258be00700 1 -- start start
2024-03-12T03:59:10.552 INFO:teuthology.orchestra.run.smithi008.stdout:/usr/bin/ceph: stderr
2024-03-12T03:59:09.567+0000 7f258be00700 1 --2- >> [v2:172.21.15.8:3300/0,v1:172.21.15.8:6789/0] conn(0x7f258c107ee0 0x7f258c19b220 unknown :-1 s=NONE pgs=0 cs=0 l=1 rev1=0 crypto rx=0 tx=0 comp rx=0 tx=0).connect
2024-03-12T03:59:10.552 INFO:teuthology.orchestra.run.smithi008.stdout:/usr/bin/ceph: stderr
2024-03-12T03:59:09.567+0000 7f258be00700 1 -- --> [v2:172.21.15.8:3300/0,v1:172.21.15.8:6789/0] -- mon_getmap magic: 0 v1 -- 0x7f258c19b760 con 0x7f258c107ee0
2024-03-12T03:59:10.552 INFO:teuthology.orchestra.run.smithi008.stdout:/usr/bin/ceph: stderr
2024-03-12T03:59:09.567+0000 7f258aa00700 1 --2- >> [v2:172.21.15.8:3300/0,v1:172.21.15.8:6789/0] conn(0x7f258c107ee0 0x7f258c19b220 unknown :-1 s=BANNER_CONNECTING pgs=0 cs=0 l=1 rev1=0 crypto rx=0 tx=0 comp rx=0 tx=0)._handle_peer_banner_payload supported=3 required=0
2024-03-12T03:59:10.552 INFO:teuthology.orchestra.run.smithi008.stdout:/usr/bin/ceph: stderr
2024-03-12T03:59:09.567+0000 7f258aa00700 1 --2- >> [v2:172.21.15.8:3300/0,v1:172.21.15.8:6789/0] conn(0x7f258c107ee0 0x7f258c19b220 unknown :-1 s=HELLO_CONNECTING pgs=0 cs=0 l=1 rev1=1 crypto rx=0 tx=0 comp rx=0 tx=0).handle_hello peer v2:172.21.15.8:3300/0 says I am v2:172.21.15.8:35742/0 (socket says 172.21.15.8:35742)
2024-03-12T03:59:10.552 INFO:teuthology.orchestra.run.smithi008.stdout:/usr/bin/ceph: stderr
2024-03-12T03:59:09.567+0000 7f258aa00700 1 -- 172.21.15.8:0/2614189875 learned_addr learned my addr 172.21.15.8:0/2614189875 (peer_addr_for_me v2:172.21.15.8:0/0)
2024-03-12T03:59:10.553 INFO:teuthology.orchestra.run.smithi008.stdout:/usr/bin/ceph: stderr
2024-03-12T03:59:09.567+0000 7f258aa00700 1 -- 172.21.15.8:0/2614189875 --> [v2:172.21.15.8:3300/0,v1:172.21.15.8:6789/0] -- mon_subscribe({config=0+,monmap=0+}) v3 -- 0x7f257c009550 con 0x7f258c107ee0
2024-03-12T03:59:10.553 INFO:teuthology.orchestra.run.smithi008.stdout:/usr/bin/ceph: stderr
2024-03-12T03:59:09.568+0000 7f258aa00700 1 --2- 172.21.15.8:0/2614189875 >> [v2:172.21.15.8:3300/0,v1:172.21.15.8:6789/0] conn(0x7f258c107ee0 0x7f258c19b220 secure :-1 s=READY pgs=50 cs=0 l=1 rev1=1 crypto rx=0x7f257c011b20 tx=0x7f257c011c00 comp rx=0 tx=0).ready entity=mon.0 client_cookie=0 server_cookie=0 in_seq=0 out_seq=0
2024-03-12T03:59:10.553 INFO:teuthology.orchestra.run.smithi008.stdout:/usr/bin/ceph: stderr
2024-03-12T03:59:09.568+0000 7f2590a00700 1 -- 172.21.15.8:0/2614189875 <== mon.0 v2:172.21.15.8:3300/0 1 ==== mon_map magic: 0 v1 ==== 205+0+0 (secure 0 0 0) 0x7f257c0039c0 con 0x7f258c107ee0
2024-03-12T03:59:10.553 INFO:teuthology.orchestra.run.smithi008.stdout:/usr/bin/ceph: stderr
2024-03-12T03:59:09.568+0000 7f2590a00700 1 -- 172.21.15.8:0/2614189875 <== mon.0 v2:172.21.15.8:3300/0 2 ==== config(28 keys) v1 ==== 1143+0+0 (secure 0 0 0) 0x7f257c003b20 con 0x7f258c107ee0
2024-03-12T03:59:10.553 INFO:teuthology.orchestra.run.smithi008.stdout:/usr/bin/ceph: stderr
2024-03-12T03:59:09.568+0000 7f2590a00700 1 -- 172.21.15.8:0/2614189875 <== mon.0 v2:172.21.15.8:3300/0 3 ==== mon_map magic: 0 v1 ==== 205+0+0 (secure 0 0 0) 0x7f257c024630 con 0x7f258c107ee0
2024-03-12T03:59:10.553 INFO:teuthology.orchestra.run.smithi008.stdout:/usr/bin/ceph: stderr
2024-03-12T03:59:09.568+0000 7f258be00700 1 -- 172.21.15.8:0/2614189875 --> [v2:172.21.15.8:3300/0,v1:172.21.15.8:6789/0] -- mon_subscribe({mgrmap=0+}) v3 -- 0x7f258c19b960 con 0x7f258c107ee0
2024-03-12T03:59:10.553 INFO:teuthology.orchestra.run.smithi008.stdout:/usr/bin/ceph: stderr
2024-03-12T03:59:09.568+0000 7f258be00700 1 -- 172.21.15.8:0/2614189875 --> [v2:172.21.15.8:3300/0,v1:172.21.15.8:6789/0] -- mon_subscribe({osdmap=0}) v3 -- 0x7f258c19be00 con 0x7f258c107ee0
2024-03-12T03:59:10.553 INFO:teuthology.orchestra.run.smithi008.stdout:/usr/bin/ceph: stderr
2024-03-12T03:59:09.570+0000 7f2590a00700 1 -- 172.21.15.8:0/2614189875 <== mon.0 v2:172.21.15.8:3300/0 4 ==== mgrmap(e 8) v1 ==== 45769+0+0 (secure 0 0 0) 0x7f257c01aa30 con 0x7f258c107ee0
2024-03-12T03:59:10.553 INFO:teuthology.orchestra.run.smithi008.stdout:/usr/bin/ceph: stderr
2024-03-12T03:59:09.570+0000 7f258be00700 1 -- 172.21.15.8:0/2614189875 --> [v2:172.21.15.8:3300/0,v1:172.21.15.8:6789/0] -- mon_command({"prefix": "get_command_descriptions"} v 0) v1 -- 0x7f258c10b600 con 0x7f258c107ee0
2024-03-12T03:59:10.553 INFO:teuthology.orchestra.run.smithi008.stdout:/usr/bin/ceph: stderr
2024-03-12T03:59:09.570+0000 7f2590a00700 1 --2- 172.21.15.8:0/2614189875 >> [v2:172.21.15.8:6800/3277803434,v1:172.21.15.8:6801/3277803434] conn(0x7f2570038d00 0x7f257003b1c0 unknown :-1 s=NONE pgs=0 cs=0 l=1 rev1=0 crypto rx=0 tx=0 comp rx=0 tx=0).connect
2024-03-12T03:59:10.553 INFO:teuthology.orchestra.run.smithi008.stdout:/usr/bin/ceph: stderr
2024-03-12T03:59:09.570+0000 7f2590a00700 1 -- 172.21.15.8:0/2614189875 <== mon.0 v2:172.21.15.8:3300/0 5 ==== osd_map(2..2 src has 1..2) v4 ==== 940+0+0 (secure 0 0 0) 0x7f257c04cc90 con 0x7f258c107ee0
2024-03-12T03:59:10.553 INFO:teuthology.orchestra.run.smithi008.stdout:/usr/bin/ceph: stderr
2024-03-12T03:59:09.570+0000 7f258a000700 1 --2- 172.21.15.8:0/2614189875 >> [v2:172.21.15.8:6800/3277803434,v1:172.21.15.8:6801/3277803434] conn(0x7f2570038d00 0x7f257003b1c0 unknown :-1 s=BANNER_CONNECTING pgs=0 cs=0 l=1 rev1=0 crypto rx=0 tx=0 comp rx=0 tx=0)._handle_peer_banner_payload supported=3 required=0
2024-03-12T03:59:10.553 INFO:teuthology.orchestra.run.smithi008.stdout:/usr/bin/ceph: stderr
2024-03-12T03:59:09.571+0000 7f258a000700 1 --2- 172.21.15.8:0/2614189875 >> [v2:172.21.15.8:6800/3277803434,v1:172.21.15.8:6801/3277803434] conn(0x7f2570038d00 0x7f257003b1c0 secure :-1 s=READY pgs=13 cs=0 l=1 rev1=1 crypto rx=0x7f2578006fd0 tx=0x7f2578006e40 comp rx=0 tx=0).ready entity=mgr.14120 client_cookie=0 server_cookie=0 in_seq=0 out_seq=0
2024-03-12T03:59:10.553 INFO:teuthology.orchestra.run.smithi008.stdout:/usr/bin/ceph: stderr
2024-03-12T03:59:09.576+0000 7f2590a00700 1 -- 172.21.15.8:0/2614189875 <== mon.0 v2:172.21.15.8:3300/0 6 ==== mon_command_ack([{"prefix": "get_command_descriptions"}]=0 v0) v1 ==== 72+0+183564 (secure 0 0 0) 0x7f257c018530 con 0x7f258c107ee0
2024-03-12T03:59:10.554 INFO:teuthology.orchestra.run.smithi008.stdout:/usr/bin/ceph: stderr
2024-03-12T03:59:09.791+0000 7f2590a00700 1 -- 172.21.15.8:0/2614189875 <== mon.0 v2:172.21.15.8:3300/0 7 ==== config(28 keys) v1 ==== 1174+0+0 (secure 0 0 0) 0x7f257c018530 con 0x7f258c107ee0
2024-03-12T03:59:10.554 INFO:teuthology.orchestra.run.smithi008.stdout:/usr/bin/ceph: stderr
2024-03-12T03:59:09.824+0000 7f258be00700 1 -- 172.21.15.8:0/2614189875 --> [v2:172.21.15.8:6800/3277803434,v1:172.21.15.8:6801/3277803434] -- mgr_command(tid 0: {"prefix": "orch apply", "service_type": "mgr", "unmanaged": true, "target": ["mon-mgr", ""]}) v1 -- 0x7f258c102ae0 con 0x7f2570038d00
2024-03-12T03:59:10.554 INFO:teuthology.orchestra.run.smithi008.stdout:/usr/bin/ceph: stderr
2024-03-12T03:59:09.834+0000 7f2590a00700 1 -- 172.21.15.8:0/2614189875 <== mgr.14120 v2:172.21.15.8:6800/3277803434 1 ==== mgr_command_reply(tid 0: 0 ) v1 ==== 8+0+24 (secure 0 0 0) 0x7f258c102ae0 con 0x7f2570038d00
2024-03-12T03:59:10.554 INFO:teuthology.orchestra.run.smithi008.stdout:/usr/bin/ceph: stderr
2024-03-12T03:59:09.837+0000 7f258be00700 1 -- 172.21.15.8:0/2614189875 >> [v2:172.21.15.8:6800/3277803434,v1:172.21.15.8:6801/3277803434] conn(0x7f2570038d00 msgr2=0x7f257003b1c0 secure :-1 s=STATE_CONNECTION_ESTABLISHED l=1).mark_down
2024-03-12T03:59:10.554 INFO:teuthology.orchestra.run.smithi008.stdout:/usr/bin/ceph: stderr
2024-03-12T03:59:09.837+0000 7f258be00700 1 --2- 172.21.15.8:0/2614189875 >> [v2:172.21.15.8:6800/3277803434,v1:172.21.15.8:6801/3277803434] conn(0x7f2570038d00 0x7f257003b1c0 secure :-1 s=READY pgs=13 cs=0 l=1 rev1=1 crypto rx=0x7f2578006fd0 tx=0x7f2578006e40 comp rx=0 tx=0).stop
2024-03-12T03:59:10.554 INFO:teuthology.orchestra.run.smithi008.stdout:/usr/bin/ceph: stderr
2024-03-12T03:59:09.837+0000 7f258be00700 1 -- 172.21.15.8:0/2614189875 >> [v2:172.21.15.8:3300/0,v1:172.21.15.8:6789/0] conn(0x7f258c107ee0 msgr2=0x7f258c19b220 secure :-1 s=STATE_CONNECTION_ESTABLISHED l=1).mark_down
2024-03-12T03:59:10.554 INFO:teuthology.orchestra.run.smithi008.stdout:/usr/bin/ceph: stderr
2024-03-12T03:59:09.837+0000 7f258be00700 1 --2- 172.21.15.8:0/2614189875 >> [v2:172.21.15.8:3300/0,v1:172.21.15.8:6789/0] conn(0x7f258c107ee0 0x7f258c19b220 secure :-1 s=READY pgs=50 cs=0 l=1 rev1=1 crypto rx=0x7f257c011b20 tx=0x7f257c011c00 comp rx=0 tx=0).stop
2024-03-12T03:59:10.554 INFO:teuthology.orchestra.run.smithi008.stdout:/usr/bin/ceph: stderr
2024-03-12T03:59:09.837+0000 7f258be00700 1 -- 172.21.15.8:0/2614189875 shutdown_connections
2024-03-12T03:59:10.554 INFO:teuthology.orchestra.run.smithi008.stdout:/usr/bin/ceph: stderr
2024-03-12T03:59:09.837+0000 7f258be00700 1 --2- 172.21.15.8:0/2614189875 >> [v2:172.21.15.8:6800/3277803434,v1:172.21.15.8:6801/3277803434] conn(0x7f2570038d00 0x7f257003b1c0 unknown :-1 s=CLOSED pgs=13 cs=0 l=1 rev1=1 crypto rx=0 tx=0 comp rx=0 tx=0).stop
2024-03-12T03:59:10.554 INFO:teuthology.orchestra.run.smithi008.stdout:/usr/bin/ceph: stderr
2024-03-12T03:59:09.838+0000 7f258be00700 1 --2- 172.21.15.8:0/2614189875 >> [v2:172.21.15.8:3300/0,v1:172.21.15.8:6789/0] conn(0x7f258c107ee0 0x7f258c19b220 unknown :-1 s=CLOSED pgs=50 cs=0 l=1 rev1=1 crypto rx=0 tx=0 comp rx=0 tx=0).stop
2024-03-12T03:59:10.554 INFO:teuthology.orchestra.run.smithi008.stdout:/usr/bin/ceph: stderr
2024-03-12T03:59:09.838+0000 7f258be00700 1 -- 172.21.15.8:0/2614189875 >> 172.21.15.8:0/2614189875 conn(0x7f258c101870 msgr2=0x7f258c1023d0 unknown :-1 s=STATE_NONE l=0).mark_down
2024-03-12T03:59:10.554 INFO:teuthology.orchestra.run.smithi008.stdout:/usr/bin/ceph: stderr
2024-03-12T03:59:09.838+0000 7f258be00700 1 -- 172.21.15.8:0/2614189875 shutdown_connections
2024-03-12T03:59:10.554 INFO:teuthology.orchestra.run.smithi008.stdout:/usr/bin/ceph: stderr
2024-03-12T03:59:09.838+0000 7f258be00700 1 -- 172.21.15.8:0/2614189875 wait complete.
2024-03-12T03:59:11.042 INFO:journalctl@ceph.mon.a.smithi008.stdout:Mar 12 03:59:10 smithi008 ceph-mon[31863]: from='mgr.14120 172.21.15.8:0/124893801' entity='mgr.x'
2024-03-12T03:59:11.043 INFO:journalctl@ceph.mon.a.smithi008.stdout:Mar 12 03:59:10 smithi008 ceph-mon[31863]: from='client.14144 -' entity='client.admin' cmd=[{"prefix": "orch apply", "service_type": "mgr", "unmanaged": true, "target": ["mon-mgr", ""]}]: dispatch
2024-03-12T03:59:11.043 INFO:journalctl@ceph.mon.a.smithi008.stdout:Mar 12 03:59:10 smithi008 ceph-mon[31863]: Saving service mgr spec with placement count:2
2024-03-12T03:59:11.043 INFO:journalctl@ceph.mon.a.smithi008.stdout:Mar 12 03:59:10 smithi008 ceph-mon[31863]: from='mgr.14120 172.21.15.8:0/124893801' entity='mgr.x'
2024-03-12T03:59:11.043 INFO:journalctl@ceph.mon.a.smithi008.stdout:Mar 12 03:59:10 smithi008 ceph-mon[31863]: pgmap v3: 0 pgs: ; 0 B data, 0 B used, 0 B / 0 B avail
2024-03-12T03:59:11.043 INFO:journalctl@ceph.mon.a.smithi008.stdout:Mar 12 03:59:10 smithi008 ceph-mon[31863]: from='mgr.14120 172.21.15.8:0/124893801' entity='mgr.x'
2024-03-12T03:59:12.736 INFO:teuthology.orchestra.run.smithi008.stdout:/usr/bin/ceph: stderr
2024-03-12T03:59:11.198+0000 7f733a800700 1 Processor -- start
2024-03-12T03:59:12.736 INFO:teuthology.orchestra.run.smithi008.stdout:/usr/bin/ceph: stderr
2024-03-12T03:59:11.198+0000 7f733a800700 1 -- start start
2024-03-12T03:59:12.736 INFO:teuthology.orchestra.run.smithi008.stdout:/usr/bin/ceph: stderr
2024-03-12T03:59:11.198+0000 7f733a800700 1 --2- >> [v2:172.21.15.8:3300/0,v1:172.21.15.8:6789/0] conn(0x7f733407ce40 0x7f733407b2f0 unknown :-1 s=NONE pgs=0 cs=0 l=0 rev1=0 crypto rx=0 tx=0 comp rx=0 tx=0).connect
2024-03-12T03:59:12.736 INFO:teuthology.orchestra.run.smithi008.stdout:/usr/bin/ceph: stderr
2024-03-12T03:59:11.198+0000 7f733a800700 1 -- --> [v2:172.21.15.8:3300/0,v1:172.21.15.8:6789/0] -- mon_getmap magic: 0 v1 -- 0x7f733407b830 con 0x7f733407ce40
2024-03-12T03:59:12.736 INFO:teuthology.orchestra.run.smithi008.stdout:/usr/bin/ceph: stderr
2024-03-12T03:59:11.198+0000 7f7333400700 1 --2- >> [v2:172.21.15.8:3300/0,v1:172.21.15.8:6789/0] conn(0x7f733407ce40 0x7f733407b2f0 unknown :-1 s=BANNER_CONNECTING pgs=0 cs=0 l=0 rev1=0 crypto rx=0 tx=0 comp rx=0 tx=0)._handle_peer_banner_payload supported=3 required=0
2024-03-12T03:59:12.736 INFO:teuthology.orchestra.run.smithi008.stdout:/usr/bin/ceph: stderr
2024-03-12T03:59:11.199+0000 7f7333400700 1 --2- >> [v2:172.21.15.8:3300/0,v1:172.21.15.8:6789/0] conn(0x7f733407ce40 0x7f733407b2f0 unknown :-1 s=HELLO_CONNECTING pgs=0 cs=0 l=0 rev1=1 crypto rx=0 tx=0 comp rx=0 tx=0).handle_hello peer v2:172.21.15.8:3300/0 says I am v2:172.21.15.8:35756/0 (socket says 172.21.15.8:35756)
2024-03-12T03:59:12.736 INFO:teuthology.orchestra.run.smithi008.stdout:/usr/bin/ceph: stderr
2024-03-12T03:59:11.199+0000 7f7333400700 1 -- 172.21.15.8:0/973816518 learned_addr learned my addr 172.21.15.8:0/973816518 (peer_addr_for_me v2:172.21.15.8:0/0)
2024-03-12T03:59:12.736 INFO:teuthology.orchestra.run.smithi008.stdout:/usr/bin/ceph: stderr
2024-03-12T03:59:11.199+0000 7f7333400700 1 -- 172.21.15.8:0/973816518 --> [v2:172.21.15.8:3300/0,v1:172.21.15.8:6789/0] -- mon_subscribe({config=0+,monmap=0+}) v3 -- 0x7f733407b970 con 0x7f733407ce40
2024-03-12T03:59:12.736 INFO:teuthology.orchestra.run.smithi008.stdout:/usr/bin/ceph: stderr
2024-03-12T03:59:11.199+0000 7f7333400700 1 --2- 172.21.15.8:0/973816518 >> [v2:172.21.15.8:3300/0,v1:172.21.15.8:6789/0] conn(0x7f733407ce40 0x7f733407b2f0 secure :-1 s=READY pgs=51 cs=0 l=1 rev1=1 crypto rx=0x7f73240098a0 tx=0x7f7324009bb0 comp rx=0 tx=0).ready entity=mon.0 client_cookie=142b3f4875e2bacc server_cookie=0 in_seq=0 out_seq=0
2024-03-12T03:59:12.737 INFO:teuthology.orchestra.run.smithi008.stdout:/usr/bin/ceph: stderr
2024-03-12T03:59:11.200+0000 7f7332000700 1 -- 172.21.15.8:0/973816518 <== mon.0 v2:172.21.15.8:3300/0 1 ==== mon_map magic: 0 v1 ==== 205+0+0 (secure 0 0 0) 0x7f7324004160 con 0x7f733407ce40
2024-03-12T03:59:12.737 INFO:teuthology.orchestra.run.smithi008.stdout:/usr/bin/ceph: stderr
2024-03-12T03:59:11.200+0000 7f7332000700 1 -- 172.21.15.8:0/973816518 <== mon.0 v2:172.21.15.8:3300/0 2 ==== config(28 keys) v1 ==== 1174+0+0 (secure 0 0 0) 0x7f73240042c0 con 0x7f733407ce40
2024-03-12T03:59:12.737 INFO:teuthology.orchestra.run.smithi008.stdout:/usr/bin/ceph: stderr
2024-03-12T03:59:11.200+0000 7f7332000700 1 -- 172.21.15.8:0/973816518 <== mon.0 v2:172.21.15.8:3300/0 3 ==== mon_map magic: 0 v1 ==== 205+0+0 (secure 0 0 0) 0x7f7324011b90 con 0x7f733407ce40
2024-03-12T03:59:12.737 INFO:teuthology.orchestra.run.smithi008.stdout:/usr/bin/ceph: stderr
2024-03-12T03:59:11.200+0000 7f733a800700 1 -- 172.21.15.8:0/973816518 >> [v2:172.21.15.8:3300/0,v1:172.21.15.8:6789/0] conn(0x7f733407ce40 msgr2=0x7f733407b2f0 secure :-1 s=STATE_CONNECTION_ESTABLISHED l=1).mark_down
2024-03-12T03:59:12.737 INFO:teuthology.orchestra.run.smithi008.stdout:/usr/bin/ceph: stderr
2024-03-12T03:59:11.200+0000 7f733a800700 1 --2- 172.21.15.8:0/973816518 >> [v2:172.21.15.8:3300/0,v1:172.21.15.8:6789/0] conn(0x7f733407ce40 0x7f733407b2f0 secure :-1 s=READY pgs=51 cs=0 l=1 rev1=1 crypto rx=0x7f73240098a0 tx=0x7f7324009bb0 comp rx=0 tx=0).stop
2024-03-12T03:59:12.737 INFO:teuthology.orchestra.run.smithi008.stdout:/usr/bin/ceph: stderr
2024-03-12T03:59:11.200+0000 7f733a800700 1 -- 172.21.15.8:0/973816518 shutdown_connections
2024-03-12T03:59:12.737 INFO:teuthology.orchestra.run.smithi008.stdout:/usr/bin/ceph: stderr
2024-03-12T03:59:11.200+0000 7f733a800700 1 --2- 172.21.15.8:0/973816518 >> [v2:172.21.15.8:3300/0,v1:172.21.15.8:6789/0] conn(0x7f733407ce40 0x7f733407b2f0 unknown :-1 s=CLOSED pgs=51 cs=0 l=1 rev1=1 crypto rx=0 tx=0 comp rx=0 tx=0).stop
2024-03-12T03:59:12.737 INFO:teuthology.orchestra.run.smithi008.stdout:/usr/bin/ceph: stderr
2024-03-12T03:59:11.200+0000 7f733a800700 1 -- 172.21.15.8:0/973816518 >> 172.21.15.8:0/973816518 conn(0x7f7334102b90 msgr2=0x7f7334104fb0 unknown :-1 s=STATE_NONE l=0).mark_down
2024-03-12T03:59:12.737 INFO:teuthology.orchestra.run.smithi008.stdout:/usr/bin/ceph: stderr
2024-03-12T03:59:11.201+0000 7f733a800700 1 -- 172.21.15.8:0/973816518 shutdown_connections
2024-03-12T03:59:12.737 INFO:teuthology.orchestra.run.smithi008.stdout:/usr/bin/ceph: stderr
2024-03-12T03:59:11.201+0000 7f733a800700 1 -- 172.21.15.8:0/973816518 wait complete.
2024-03-12T03:59:12.737 INFO:teuthology.orchestra.run.smithi008.stdout:/usr/bin/ceph: stderr
2024-03-12T03:59:11.202+0000 7f733a800700 1 Processor -- start
2024-03-12T03:59:12.737 INFO:teuthology.orchestra.run.smithi008.stdout:/usr/bin/ceph: stderr
2024-03-12T03:59:11.202+0000 7f733a800700 1 -- start start
2024-03-12T03:59:12.737 INFO:teuthology.orchestra.run.smithi008.stdout:/usr/bin/ceph: stderr
2024-03-12T03:59:11.202+0000 7f733a800700 1 --2- >> [v2:172.21.15.8:3300/0,v1:172.21.15.8:6789/0] conn(0x7f733407ce40 0x7f73341a1990 unknown :-1 s=NONE pgs=0 cs=0 l=1 rev1=0 crypto rx=0 tx=0 comp rx=0 tx=0).connect
2024-03-12T03:59:12.737 INFO:teuthology.orchestra.run.smithi008.stdout:/usr/bin/ceph: stderr
2024-03-12T03:59:11.202+0000 7f733a800700 1 -- --> [v2:172.21.15.8:3300/0,v1:172.21.15.8:6789/0] -- mon_getmap magic: 0 v1 -- 0x7f73341a1ed0 con 0x7f733407ce40
2024-03-12T03:59:12.737 INFO:teuthology.orchestra.run.smithi008.stdout:/usr/bin/ceph: stderr
2024-03-12T03:59:11.202+0000 7f7333400700 1 --2- >> [v2:172.21.15.8:3300/0,v1:172.21.15.8:6789/0] conn(0x7f733407ce40 0x7f73341a1990 unknown :-1 s=BANNER_CONNECTING pgs=0 cs=0 l=1 rev1=0 crypto rx=0 tx=0 comp rx=0 tx=0)._handle_peer_banner_payload supported=3 required=0
2024-03-12T03:59:12.738 INFO:teuthology.orchestra.run.smithi008.stdout:/usr/bin/ceph: stderr
2024-03-12T03:59:11.202+0000 7f7333400700 1 --2- >> [v2:172.21.15.8:3300/0,v1:172.21.15.8:6789/0] conn(0x7f733407ce40 0x7f73341a1990 unknown :-1 s=HELLO_CONNECTING pgs=0 cs=0 l=1 rev1=1 crypto rx=0 tx=0 comp rx=0 tx=0).handle_hello peer v2:172.21.15.8:3300/0 says I am v2:172.21.15.8:35766/0 (socket says 172.21.15.8:35766)
2024-03-12T03:59:12.738 INFO:teuthology.orchestra.run.smithi008.stdout:/usr/bin/ceph: stderr
2024-03-12T03:59:11.202+0000 7f7333400700 1 -- 172.21.15.8:0/2285370923 learned_addr learned my addr 172.21.15.8:0/2285370923 (peer_addr_for_me v2:172.21.15.8:0/0)
2024-03-12T03:59:12.738 INFO:teuthology.orchestra.run.smithi008.stdout:/usr/bin/ceph: stderr
2024-03-12T03:59:11.203+0000 7f7333400700 1 -- 172.21.15.8:0/2285370923 --> [v2:172.21.15.8:3300/0,v1:172.21.15.8:6789/0] -- mon_subscribe({config=0+,monmap=0+}) v3 -- 0x7f7324009550 con 0x7f733407ce40
2024-03-12T03:59:12.738 INFO:teuthology.orchestra.run.smithi008.stdout:/usr/bin/ceph: stderr
2024-03-12T03:59:11.203+0000 7f7333400700 1 --2- 172.21.15.8:0/2285370923 >> [v2:172.21.15.8:3300/0,v1:172.21.15.8:6789/0] conn(0x7f733407ce40 0x7f73341a1990 secure :-1 s=READY pgs=52 cs=0 l=1 rev1=1 crypto rx=0x7f7324011670 tx=0x7f7324011bf0 comp rx=0 tx=0).ready entity=mon.0 client_cookie=0 server_cookie=0 in_seq=0 out_seq=0
2024-03-12T03:59:12.738 INFO:teuthology.orchestra.run.smithi008.stdout:/usr/bin/ceph: stderr
2024-03-12T03:59:11.203+0000 7f732be00700 1 -- 172.21.15.8:0/2285370923 <== mon.0 v2:172.21.15.8:3300/0 1 ==== mon_map magic: 0 v1 ==== 205+0+0 (secure 0 0 0) 0x7f7324003a40 con 0x7f733407ce40
2024-03-12T03:59:12.738 INFO:teuthology.orchestra.run.smithi008.stdout:/usr/bin/ceph: stderr
2024-03-12T03:59:11.203+0000 7f732be00700 1 -- 172.21.15.8:0/2285370923 <== mon.0 v2:172.21.15.8:3300/0 2 ==== config(28 keys) v1 ==== 1174+0+0 (secure 0 0 0) 0x7f7324003ba0 con 0x7f733407ce40
2024-03-12T03:59:12.738 INFO:teuthology.orchestra.run.smithi008.stdout:/usr/bin/ceph: stderr
2024-03-12T03:59:11.203+0000 7f733a800700 1 -- 172.21.15.8:0/2285370923 --> [v2:172.21.15.8:3300/0,v1:172.21.15.8:6789/0] -- mon_subscribe({mgrmap=0+}) v3 -- 0x7f73341a20d0 con 0x7f733407ce40
2024-03-12T03:59:12.738 INFO:teuthology.orchestra.run.smithi008.stdout:/usr/bin/ceph: stderr
2024-03-12T03:59:11.203+0000 7f732be00700 1 -- 172.21.15.8:0/2285370923 <== mon.0 v2:172.21.15.8:3300/0 3 ==== mon_map magic: 0 v1 ==== 205+0+0 (secure 0 0 0) 0x7f732401a760 con 0x7f733407ce40
2024-03-12T03:59:12.738 INFO:teuthology.orchestra.run.smithi008.stdout:/usr/bin/ceph: stderr
2024-03-12T03:59:11.203+0000 7f733a800700 1 -- 172.21.15.8:0/2285370923 --> [v2:172.21.15.8:3300/0,v1:172.21.15.8:6789/0] -- mon_subscribe({osdmap=0}) v3 -- 0x7f73341a2570 con 0x7f733407ce40
2024-03-12T03:59:12.738 INFO:teuthology.orchestra.run.smithi008.stdout:/usr/bin/ceph: stderr
2024-03-12T03:59:11.205+0000 7f733a800700 1 -- 172.21.15.8:0/2285370923 --> [v2:172.21.15.8:3300/0,v1:172.21.15.8:6789/0] -- mon_command({"prefix": "get_command_descriptions"} v 0) v1 -- 0x7f733419b0b0 con 0x7f733407ce40
2024-03-12T03:59:12.738 INFO:teuthology.orchestra.run.smithi008.stdout:/usr/bin/ceph: stderr
2024-03-12T03:59:11.205+0000 7f732be00700 1 -- 172.21.15.8:0/2285370923 <== mon.0 v2:172.21.15.8:3300/0 4 ==== mgrmap(e 8) v1 ==== 45769+0+0 (secure 0 0 0) 0x7f7324024430 con 0x7f733407ce40
2024-03-12T03:59:12.738 INFO:teuthology.orchestra.run.smithi008.stdout:/usr/bin/ceph: stderr
2024-03-12T03:59:11.206+0000 7f732be00700 1 --2- 172.21.15.8:0/2285370923 >> [v2:172.21.15.8:6800/3277803434,v1:172.21.15.8:6801/3277803434] conn(0x7f7318038d10 0x7f731803b1d0 unknown :-1 s=NONE pgs=0 cs=0 l=1 rev1=0 crypto rx=0 tx=0 comp rx=0 tx=0).connect
2024-03-12T03:59:12.738 INFO:teuthology.orchestra.run.smithi008.stdout:/usr/bin/ceph: stderr
2024-03-12T03:59:11.206+0000 7f732be00700 1 -- 172.21.15.8:0/2285370923 <== mon.0 v2:172.21.15.8:3300/0 5 ==== osd_map(2..2 src has 1..2) v4 ==== 940+0+0 (secure 0 0 0) 0x7f732404d340 con 0x7f733407ce40
2024-03-12T03:59:12.739 INFO:teuthology.orchestra.run.smithi008.stdout:/usr/bin/ceph: stderr
2024-03-12T03:59:11.207+0000 7f7332a00700 1 --2- 172.21.15.8:0/2285370923 >> [v2:172.21.15.8:6800/3277803434,v1:172.21.15.8:6801/3277803434] conn(0x7f7318038d10 0x7f731803b1d0 unknown :-1 s=BANNER_CONNECTING pgs=0 cs=0 l=1 rev1=0 crypto rx=0 tx=0 comp rx=0 tx=0)._handle_peer_banner_payload supported=3 required=0
2024-03-12T03:59:12.739 INFO:teuthology.orchestra.run.smithi008.stdout:/usr/bin/ceph: stderr
2024-03-12T03:59:11.207+0000 7f7332a00700 1 --2- 172.21.15.8:0/2285370923 >> [v2:172.21.15.8:6800/3277803434,v1:172.21.15.8:6801/3277803434] conn(0x7f7318038d10 0x7f731803b1d0 secure :-1 s=READY pgs=14 cs=0 l=1 rev1=1 crypto rx=0x7f7320006fd0 tx=0x7f7320006e40 comp rx=0 tx=0).ready entity=mgr.14120 client_cookie=0 server_cookie=0 in_seq=0 out_seq=0
2024-03-12T03:59:12.739 INFO:teuthology.orchestra.run.smithi008.stdout:/usr/bin/ceph: stderr
2024-03-12T03:59:11.213+0000 7f732be00700 1 -- 172.21.15.8:0/2285370923 <== mon.0 v2:172.21.15.8:3300/0 6 ==== mon_command_ack([{"prefix": "get_command_descriptions"}]=0 v0) v1 ==== 72+0+183564 (secure 0 0 0) 0x7f7324018760 con 0x7f733407ce40
2024-03-12T03:59:12.739 INFO:teuthology.orchestra.run.smithi008.stdout:/usr/bin/ceph: stderr
2024-03-12T03:59:11.491+0000 7f733a800700 1 -- 172.21.15.8:0/2285370923 --> [v2:172.21.15.8:3300/0,v1:172.21.15.8:6789/0] -- mon_command([{prefix=config set, name=mgr/cephadm/container_init}] v 0) v1 -- 0x7f733402d940 con 0x7f733407ce40
2024-03-12T03:59:12.739 INFO:teuthology.orchestra.run.smithi008.stdout:/usr/bin/ceph: stderr
2024-03-12T03:59:11.494+0000 7f732be00700 1 -- 172.21.15.8:0/2285370923 <== mon.0 v2:172.21.15.8:3300/0 7 ==== mon_command_ack([{prefix=config set, name=mgr/cephadm/container_init}]=0 v7)=0 v7) v1 ==== 142+0+0 (secure 0 0 0) 0x7f7324018350 con 0x7f733407ce40
2024-03-12T03:59:12.739 INFO:teuthology.orchestra.run.smithi008.stdout:/usr/bin/ceph: stderr
2024-03-12T03:59:11.497+0000 7f733a800700 1 -- 172.21.15.8:0/2285370923 >> [v2:172.21.15.8:6800/3277803434,v1:172.21.15.8:6801/3277803434] conn(0x7f7318038d10 msgr2=0x7f731803b1d0 secure :-1 s=STATE_CONNECTION_ESTABLISHED l=1).mark_down
2024-03-12T03:59:12.739 INFO:teuthology.orchestra.run.smithi008.stdout:/usr/bin/ceph: stderr
2024-03-12T03:59:11.497+0000 7f733a800700 1 --2- 172.21.15.8:0/2285370923 >> [v2:172.21.15.8:6800/3277803434,v1:172.21.15.8:6801/3277803434] conn(0x7f7318038d10 0x7f731803b1d0 secure :-1 s=READY pgs=14 cs=0 l=1 rev1=1 crypto rx=0x7f7320006fd0 tx=0x7f7320006e40 comp rx=0 tx=0).stop
2024-03-12T03:59:12.739 INFO:teuthology.orchestra.run.smithi008.stdout:/usr/bin/ceph: stderr
2024-03-12T03:59:11.497+0000 7f733a800700 1 -- 172.21.15.8:0/2285370923 >> [v2:172.21.15.8:3300/0,v1:172.21.15.8:6789/0] conn(0x7f733407ce40 msgr2=0x7f73341a1990 secure :-1 s=STATE_CONNECTION_ESTABLISHED l=1).mark_down
2024-03-12T03:59:12.739 INFO:teuthology.orchestra.run.smithi008.stdout:/usr/bin/ceph: stderr
2024-03-12T03:59:11.497+0000 7f733a800700 1 --2- 172.21.15.8:0/2285370923 >> [v2:172.21.15.8:3300/0,v1:172.21.15.8:6789/0] conn(0x7f733407ce40 0x7f73341a1990 secure :-1 s=READY pgs=52 cs=0 l=1 rev1=1 crypto rx=0x7f7324011670 tx=0x7f7324011bf0 comp rx=0 tx=0).stop
2024-03-12T03:59:12.740 INFO:teuthology.orchestra.run.smithi008.stdout:/usr/bin/ceph: stderr
2024-03-12T03:59:11.497+0000 7f733a800700 1 -- 172.21.15.8:0/2285370923 shutdown_connections
2024-03-12T03:59:12.740 INFO:teuthology.orchestra.run.smithi008.stdout:/usr/bin/ceph: stderr
2024-03-12T03:59:11.497+0000 7f733a800700 1 --2- 172.21.15.8:0/2285370923 >> [v2:172.21.15.8:6800/3277803434,v1:172.21.15.8:6801/3277803434] conn(0x7f7318038d10 0x7f731803b1d0 unknown :-1 s=CLOSED pgs=14 cs=0 l=1 rev1=1 crypto rx=0 tx=0 comp rx=0 tx=0).stop
2024-03-12T03:59:12.740 INFO:teuthology.orchestra.run.smithi008.stdout:/usr/bin/ceph: stderr
2024-03-12T03:59:11.497+0000 7f733a800700 1 --2- 172.21.15.8:0/2285370923 >> [v2:172.21.15.8:3300/0,v1:172.21.15.8:6789/0] conn(0x7f733407ce40 0x7f73341a1990 unknown :-1 s=CLOSED pgs=52 cs=0 l=1 rev1=1 crypto rx=0 tx=0 comp rx=0 tx=0).stop
2024-03-12T03:59:12.740 INFO:teuthology.orchestra.run.smithi008.stdout:/usr/bin/ceph: stderr
2024-03-12T03:59:11.497+0000 7f733a800700 1 -- 172.21.15.8:0/2285370923 >> 172.21.15.8:0/2285370923 conn(0x7f7334102b90 msgr2=0x7f7334104f80 unknown :-1 s=STATE_NONE l=0).mark_down
2024-03-12T03:59:12.740 INFO:teuthology.orchestra.run.smithi008.stdout:/usr/bin/ceph: stderr
2024-03-12T03:59:11.497+0000 7f733a800700 1 -- 172.21.15.8:0/2285370923 shutdown_connections
2024-03-12T03:59:12.740 INFO:teuthology.orchestra.run.smithi008.stdout:/usr/bin/ceph: stderr
2024-03-12T03:59:11.498+0000 7f733a800700 1 -- 172.21.15.8:0/2285370923 wait complete.
2024-03-12T03:59:12.869 INFO:journalctl@ceph.mon.a.smithi008.stdout:Mar 12 03:59:12 smithi008 ceph-mon[31863]: from='client.? 172.21.15.8:0/2285370923' entity='client.admin'
2024-03-12T03:59:12.869 INFO:journalctl@ceph.mon.a.smithi008.stdout:Mar 12 03:59:12 smithi008 ceph-mon[31863]: pgmap v4: 0 pgs: ; 0 B data, 0 B used, 0 B / 0 B avail
2024-03-12T03:59:14.369 INFO:journalctl@ceph.mon.a.smithi008.stdout:Mar 12 03:59:14 smithi008 ceph-mon[31863]: from='mgr.14120 172.21.15.8:0/124893801' entity='mgr.x'
2024-03-12T03:59:14.369 INFO:journalctl@ceph.mon.a.smithi008.stdout:Mar 12 03:59:14 smithi008 ceph-mon[31863]: from='client.? 172.21.15.8:0/621868535' entity='client.admin'
2024-03-12T03:59:14.383 INFO:teuthology.orchestra.run.smithi008.stdout:/usr/bin/ceph: stderr
2024-03-12T03:59:13.390+0000 7fc78f400700 1 Processor -- start
2024-03-12T03:59:14.387 INFO:teuthology.orchestra.run.smithi008.stdout:/usr/bin/ceph: stderr
2024-03-12T03:59:13.390+0000 7fc78f400700 1 -- start start
2024-03-12T03:59:14.388 INFO:teuthology.orchestra.run.smithi008.stdout:/usr/bin/ceph: stderr
2024-03-12T03:59:13.391+0000 7fc78f400700 1 --2- >> [v2:172.21.15.8:3300/0,v1:172.21.15.8:6789/0] conn(0x7fc788105eb0 0x7fc7881062d0 unknown :-1 s=NONE pgs=0 cs=0 l=0 rev1=0 crypto rx=0 tx=0 comp rx=0 tx=0).connect
2024-03-12T03:59:14.388 INFO:teuthology.orchestra.run.smithi008.stdout:/usr/bin/ceph: stderr
2024-03-12T03:59:13.391+0000 7fc78f400700 1 -- --> [v2:172.21.15.8:3300/0,v1:172.21.15.8:6789/0] -- mon_getmap magic: 0 v1 -- 0x7fc78807ae20 con 0x7fc788105eb0
2024-03-12T03:59:14.388 INFO:teuthology.orchestra.run.smithi008.stdout:/usr/bin/ceph: stderr
2024-03-12T03:59:13.391+0000 7fc78ca00700 1 --2- >> [v2:172.21.15.8:3300/0,v1:172.21.15.8:6789/0] conn(0x7fc788105eb0 0x7fc7881062d0 unknown :-1 s=BANNER_CONNECTING pgs=0 cs=0 l=0 rev1=0 crypto rx=0 tx=0 comp rx=0 tx=0)._handle_peer_banner_payload supported=3 required=0
2024-03-12T03:59:14.388 INFO:teuthology.orchestra.run.smithi008.stdout:/usr/bin/ceph: stderr
2024-03-12T03:59:13.391+0000 7fc78ca00700 1 --2- >> [v2:172.21.15.8:3300/0,v1:172.21.15.8:6789/0] conn(0x7fc788105eb0 0x7fc7881062d0 unknown :-1 s=HELLO_CONNECTING pgs=0 cs=0 l=0 rev1=1 crypto rx=0 tx=0 comp rx=0 tx=0).handle_hello peer v2:172.21.15.8:3300/0 says I am v2:172.21.15.8:35774/0 (socket says 172.21.15.8:35774)
2024-03-12T03:59:14.388 INFO:teuthology.orchestra.run.smithi008.stdout:/usr/bin/ceph: stderr
2024-03-12T03:59:13.391+0000 7fc78ca00700 1 -- 172.21.15.8:0/1572404992 learned_addr learned my addr 172.21.15.8:0/1572404992 (peer_addr_for_me v2:172.21.15.8:0/0)
2024-03-12T03:59:14.388 INFO:teuthology.orchestra.run.smithi008.stdout:/usr/bin/ceph: stderr
2024-03-12T03:59:13.392+0000 7fc78ca00700 1 -- 172.21.15.8:0/1572404992 --> [v2:172.21.15.8:3300/0,v1:172.21.15.8:6789/0] -- mon_subscribe({config=0+,monmap=0+}) v3 -- 0x7fc78807af60 con 0x7fc788105eb0
2024-03-12T03:59:14.388 INFO:teuthology.orchestra.run.smithi008.stdout:/usr/bin/ceph: stderr
2024-03-12T03:59:13.392+0000 7fc78ca00700 1 --2- 172.21.15.8:0/1572404992 >> [v2:172.21.15.8:3300/0,v1:172.21.15.8:6789/0] conn(0x7fc788105eb0 0x7fc7881062d0 secure :-1 s=READY pgs=53 cs=0 l=1 rev1=1 crypto rx=0x7fc77c0098a0 tx=0x7fc77c009bb0 comp rx=0 tx=0).ready entity=mon.0 client_cookie=8ca90f68abc34988 server_cookie=0 in_seq=0 out_seq=0
2024-03-12T03:59:14.388 INFO:teuthology.orchestra.run.smithi008.stdout:/usr/bin/ceph: stderr
2024-03-12T03:59:13.393+0000 7fc787400700 1 -- 172.21.15.8:0/1572404992 <== mon.0 v2:172.21.15.8:3300/0 1 ==== mon_map magic: 0 v1 ==== 205+0+0 (secure 0 0 0) 0x7fc77c004160 con 0x7fc788105eb0
2024-03-12T03:59:14.388 INFO:teuthology.orchestra.run.smithi008.stdout:/usr/bin/ceph: stderr
2024-03-12T03:59:13.393+0000 7fc787400700 1 -- 172.21.15.8:0/1572404992 <== mon.0 v2:172.21.15.8:3300/0 2 ==== config(28 keys) v1 ==== 1174+0+0 (secure 0 0 0) 0x7fc77c0042c0 con 0x7fc788105eb0
2024-03-12T03:59:14.388 INFO:teuthology.orchestra.run.smithi008.stdout:/usr/bin/ceph: stderr
2024-03-12T03:59:13.393+0000 7fc787400700 1 -- 172.21.15.8:0/1572404992 <== mon.0 v2:172.21.15.8:3300/0 3 ==== mon_map magic: 0 v1 ==== 205+0+0 (secure 0 0 0) 0x7fc77c011b90 con 0x7fc788105eb0
2024-03-12T03:59:14.388 INFO:teuthology.orchestra.run.smithi008.stdout:/usr/bin/ceph: stderr
2024-03-12T03:59:13.393+0000 7fc78f400700 1 -- 172.21.15.8:0/1572404992 >> [v2:172.21.15.8:3300/0,v1:172.21.15.8:6789/0] conn(0x7fc788105eb0 msgr2=0x7fc7881062d0 secure :-1 s=STATE_CONNECTION_ESTABLISHED l=1).mark_down
2024-03-12T03:59:14.388 INFO:teuthology.orchestra.run.smithi008.stdout:/usr/bin/ceph: stderr
2024-03-12T03:59:13.393+0000 7fc78f400700 1 --2- 172.21.15.8:0/1572404992 >> [v2:172.21.15.8:3300/0,v1:172.21.15.8:6789/0] conn(0x7fc788105eb0 0x7fc7881062d0 secure :-1 s=READY pgs=53 cs=0 l=1 rev1=1 crypto rx=0x7fc77c0098a0 tx=0x7fc77c009bb0 comp rx=0 tx=0).stop
2024-03-12T03:59:14.388 INFO:teuthology.orchestra.run.smithi008.stdout:/usr/bin/ceph: stderr
2024-03-12T03:59:13.393+0000 7fc78f400700 1 -- 172.21.15.8:0/1572404992 shutdown_connections
2024-03-12T03:59:14.389 INFO:teuthology.orchestra.run.smithi008.stdout:/usr/bin/ceph: stderr
2024-03-12T03:59:13.393+0000 7fc78f400700 1 --2- 172.21.15.8:0/1572404992 >> [v2:172.21.15.8:3300/0,v1:172.21.15.8:6789/0] conn(0x7fc788105eb0 0x7fc7881062d0 unknown :-1 s=CLOSED pgs=53 cs=0 l=1 rev1=1 crypto rx=0 tx=0 comp rx=0 tx=0).stop
2024-03-12T03:59:14.389 INFO:teuthology.orchestra.run.smithi008.stdout:/usr/bin/ceph: stderr
2024-03-12T03:59:13.393+0000 7fc78f400700 1 -- 172.21.15.8:0/1572404992 >> 172.21.15.8:0/1572404992 conn(0x7fc788101ab0 msgr2=0x7fc788103ed0 unknown :-1 s=STATE_NONE l=0).mark_down
2024-03-12T03:59:14.389 INFO:teuthology.orchestra.run.smithi008.stdout:/usr/bin/ceph: stderr
2024-03-12T03:59:13.394+0000 7fc78f400700 1 -- 172.21.15.8:0/1572404992 shutdown_connections
2024-03-12T03:59:14.389 INFO:teuthology.orchestra.run.smithi008.stdout:/usr/bin/ceph: stderr
2024-03-12T03:59:13.394+0000 7fc78f400700 1 -- 172.21.15.8:0/1572404992 wait complete.
2024-03-12T03:59:14.389 INFO:teuthology.orchestra.run.smithi008.stdout:/usr/bin/ceph: stderr
2024-03-12T03:59:13.395+0000 7fc78f400700 1 Processor -- start
2024-03-12T03:59:14.389 INFO:teuthology.orchestra.run.smithi008.stdout:/usr/bin/ceph: stderr
2024-03-12T03:59:13.395+0000 7fc78f400700 1 -- start start
2024-03-12T03:59:14.389 INFO:teuthology.orchestra.run.smithi008.stdout:/usr/bin/ceph: stderr
2024-03-12T03:59:13.395+0000 7fc78f400700 1 --2- >> [v2:172.21.15.8:3300/0,v1:172.21.15.8:6789/0] conn(0x7fc788105eb0 0x7fc78819d5b0 unknown :-1 s=NONE pgs=0 cs=0 l=1 rev1=0 crypto rx=0 tx=0 comp rx=0 tx=0).connect
2024-03-12T03:59:14.389 INFO:teuthology.orchestra.run.smithi008.stdout:/usr/bin/ceph: stderr
2024-03-12T03:59:13.395+0000 7fc78f400700 1 -- --> [v2:172.21.15.8:3300/0,v1:172.21.15.8:6789/0] -- mon_getmap magic: 0 v1 -- 0x7fc78819daf0 con 0x7fc788105eb0
2024-03-12T03:59:14.389 INFO:teuthology.orchestra.run.smithi008.stdout:/usr/bin/ceph: stderr
2024-03-12T03:59:13.395+0000 7fc78ca00700 1 --2- >> [v2:172.21.15.8:3300/0,v1:172.21.15.8:6789/0] conn(0x7fc788105eb0 0x7fc78819d5b0 unknown :-1 s=BANNER_CONNECTING pgs=0 cs=0 l=1 rev1=0 crypto rx=0 tx=0 comp rx=0 tx=0)._handle_peer_banner_payload supported=3 required=0
2024-03-12T03:59:14.389 INFO:teuthology.orchestra.run.smithi008.stdout:/usr/bin/ceph: stderr
2024-03-12T03:59:13.396+0000 7fc78ca00700 1 --2- >> [v2:172.21.15.8:3300/0,v1:172.21.15.8:6789/0] conn(0x7fc788105eb0 0x7fc78819d5b0 unknown :-1 s=HELLO_CONNECTING pgs=0 cs=0 l=1 rev1=1 crypto rx=0 tx=0 comp rx=0 tx=0).handle_hello peer v2:172.21.15.8:3300/0 says I am v2:172.21.15.8:35790/0 (socket says 172.21.15.8:35790)
2024-03-12T03:59:14.389 INFO:teuthology.orchestra.run.smithi008.stdout:/usr/bin/ceph: stderr
2024-03-12T03:59:13.396+0000 7fc78ca00700 1 -- 172.21.15.8:0/621868535 learned_addr learned my addr 172.21.15.8:0/621868535 (peer_addr_for_me v2:172.21.15.8:0/0)
2024-03-12T03:59:14.389 INFO:teuthology.orchestra.run.smithi008.stdout:/usr/bin/ceph: stderr
2024-03-12T03:59:13.396+0000 7fc78ca00700 1 -- 172.21.15.8:0/621868535 --> [v2:172.21.15.8:3300/0,v1:172.21.15.8:6789/0] -- mon_subscribe({config=0+,monmap=0+}) v3 -- 0x7fc77c009550 con 0x7fc788105eb0
2024-03-12T03:59:14.389 INFO:teuthology.orchestra.run.smithi008.stdout:/usr/bin/ceph: stderr
2024-03-12T03:59:13.396+0000 7fc78ca00700 1 --2- 172.21.15.8:0/621868535 >> [v2:172.21.15.8:3300/0,v1:172.21.15.8:6789/0] conn(0x7fc788105eb0 0x7fc78819d5b0 secure :-1 s=READY pgs=54 cs=0 l=1 rev1=1 crypto rx=0x7fc77c011b40 tx=0x7fc77c011c20 comp rx=0 tx=0).ready entity=mon.0 client_cookie=0 server_cookie=0 in_seq=0 out_seq=0
2024-03-12T03:59:14.389 INFO:teuthology.orchestra.run.smithi008.stdout:/usr/bin/ceph: stderr
2024-03-12T03:59:13.397+0000 7fc785600700 1 -- 172.21.15.8:0/621868535 <== mon.0 v2:172.21.15.8:3300/0 1 ==== mon_map magic: 0 v1 ==== 205+0+0 (secure 0 0 0) 0x7fc77c003aa0 con 0x7fc788105eb0
2024-03-12T03:59:14.390 INFO:teuthology.orchestra.run.smithi008.stdout:/usr/bin/ceph: stderr
2024-03-12T03:59:13.397+0000 7fc785600700 1 -- 172.21.15.8:0/621868535 <== mon.0 v2:172.21.15.8:3300/0 2 ==== config(28 keys) v1 ==== 1174+0+0 (secure 0 0 0) 0x7fc77c003c00 con 0x7fc788105eb0
2024-03-12T03:59:14.390 INFO:teuthology.orchestra.run.smithi008.stdout:/usr/bin/ceph: stderr
2024-03-12T03:59:13.397+0000 7fc785600700 1 -- 172.21.15.8:0/621868535 <== mon.0 v2:172.21.15.8:3300/0 3 ==== mon_map magic: 0 v1 ==== 205+0+0 (secure 0 0 0) 0x7fc77c024840 con 0x7fc788105eb0
2024-03-12T03:59:14.390 INFO:teuthology.orchestra.run.smithi008.stdout:/usr/bin/ceph: stderr
2024-03-12T03:59:13.397+0000 7fc78f400700 1 -- 172.21.15.8:0/621868535 --> [v2:172.21.15.8:3300/0,v1:172.21.15.8:6789/0] -- mon_subscribe({mgrmap=0+}) v3 -- 0x7fc78819dcf0 con 0x7fc788105eb0
2024-03-12T03:59:14.390 INFO:teuthology.orchestra.run.smithi008.stdout:/usr/bin/ceph: stderr
2024-03-12T03:59:13.397+0000 7fc78f400700 1 -- 172.21.15.8:0/621868535 --> [v2:172.21.15.8:3300/0,v1:172.21.15.8:6789/0] -- mon_subscribe({osdmap=0}) v3 -- 0x7fc78819e190 con 0x7fc788105eb0
2024-03-12T03:59:14.392 INFO:teuthology.orchestra.run.smithi008.stdout:/usr/bin/ceph: stderr
2024-03-12T03:59:13.398+0000 7fc78f400700 1 -- 172.21.15.8:0/621868535 --> [v2:172.21.15.8:3300/0,v1:172.21.15.8:6789/0] -- mon_command({"prefix": "get_command_descriptions"} v 0) v1 -- 0x7fc788197280 con 0x7fc788105eb0
2024-03-12T03:59:14.392 INFO:teuthology.orchestra.run.smithi008.stdout:/usr/bin/ceph: stderr
