2024-03-12T03:59:27.236 INFO:teuthology.orchestra.run.smithi008.stdout:/usr/bin/ceph: stderr
2024-03-12T03:59:19.856+0000 7fcd6ac00700 1 -- --> [v2:172.21.15.8:3300/0,v1:172.21.15.8:6789/0] -- mon_getmap magic: 0 v1 -- 0x7fcd6407b8e0 con 0x7fcd6407ce60
2024-03-12T03:59:27.236 INFO:teuthology.orchestra.run.smithi008.stdout:/usr/bin/ceph: stderr
2024-03-12T03:59:19.857+0000 7fcd63e00700 1 --2- >> [v2:172.21.15.8:3300/0,v1:172.21.15.8:6789/0] conn(0x7fcd6407ce60 0x7fcd6407b310 unknown :-1 s=BANNER_CONNECTING pgs=0 cs=0 l=0 rev1=0 crypto rx=0 tx=0 comp rx=0 tx=0)._handle_peer_banner_payload supported=3 required=0
2024-03-12T03:59:27.236 INFO:teuthology.orchestra.run.smithi008.stdout:/usr/bin/ceph: stderr
2024-03-12T03:59:19.857+0000 7fcd63e00700 1 --2- >> [v2:172.21.15.8:3300/0,v1:172.21.15.8:6789/0] conn(0x7fcd6407ce60 0x7fcd6407b310 unknown :-1 s=HELLO_CONNECTING pgs=0 cs=0 l=0 rev1=1 crypto rx=0 tx=0 comp rx=0 tx=0).handle_hello peer v2:172.21.15.8:3300/0 says I am v2:172.21.15.8:42718/0 (socket says 172.21.15.8:42718)
2024-03-12T03:59:27.237 INFO:teuthology.orchestra.run.smithi008.stdout:/usr/bin/ceph: stderr
2024-03-12T03:59:19.857+0000 7fcd63e00700 1 -- 172.21.15.8:0/3122063679 learned_addr learned my addr 172.21.15.8:0/3122063679 (peer_addr_for_me v2:172.21.15.8:0/0)
2024-03-12T03:59:27.237 INFO:teuthology.orchestra.run.smithi008.stdout:/usr/bin/ceph: stderr
2024-03-12T03:59:19.857+0000 7fcd63e00700 1 -- 172.21.15.8:0/3122063679 --> [v2:172.21.15.8:3300/0,v1:172.21.15.8:6789/0] -- mon_subscribe({config=0+,monmap=0+}) v3 -- 0x7fcd6407ba20 con 0x7fcd6407ce60
2024-03-12T03:59:27.237 INFO:teuthology.orchestra.run.smithi008.stdout:/usr/bin/ceph: stderr
2024-03-12T03:59:19.857+0000 7fcd63e00700 1 --2- 172.21.15.8:0/3122063679 >> [v2:172.21.15.8:3300/0,v1:172.21.15.8:6789/0] conn(0x7fcd6407ce60 0x7fcd6407b310 secure :-1 s=READY pgs=61 cs=0 l=1 rev1=1 crypto rx=0x7fcd540098a0 tx=0x7fcd54009bb0 comp rx=0 tx=0).ready entity=mon.0 client_cookie=764e72f157808fe8 server_cookie=0 in_seq=0 out_seq=0
2024-03-12T03:59:27.238 INFO:teuthology.orchestra.run.smithi008.stdout:/usr/bin/ceph: stderr
2024-03-12T03:59:19.858+0000 7fcd62a00700 1 -- 172.21.15.8:0/3122063679 <== mon.0 v2:172.21.15.8:3300/0 1 ==== mon_map magic: 0 v1 ==== 205+0+0 (secure 0 0 0) 0x7fcd54004160 con 0x7fcd6407ce60
2024-03-12T03:59:27.238 INFO:teuthology.orchestra.run.smithi008.stdout:/usr/bin/ceph: stderr
2024-03-12T03:59:19.858+0000 7fcd62a00700 1 -- 172.21.15.8:0/3122063679 <== mon.0 v2:172.21.15.8:3300/0 2 ==== config(28 keys) v1 ==== 1174+0+0 (secure 0 0 0) 0x7fcd540042c0 con 0x7fcd6407ce60
2024-03-12T03:59:27.238 INFO:teuthology.orchestra.run.smithi008.stdout:/usr/bin/ceph: stderr
2024-03-12T03:59:19.858+0000 7fcd62a00700 1 -- 172.21.15.8:0/3122063679 <== mon.0 v2:172.21.15.8:3300/0 3 ==== mon_map magic: 0 v1 ==== 205+0+0 (secure 0 0 0) 0x7fcd54011b90 con 0x7fcd6407ce60
2024-03-12T03:59:27.239 INFO:teuthology.orchestra.run.smithi008.stdout:/usr/bin/ceph: stderr
2024-03-12T03:59:19.858+0000 7fcd6ac00700 1 -- 172.21.15.8:0/3122063679 >> [v2:172.21.15.8:3300/0,v1:172.21.15.8:6789/0] conn(0x7fcd6407ce60 msgr2=0x7fcd6407b310 secure :-1 s=STATE_CONNECTION_ESTABLISHED l=1).mark_down
2024-03-12T03:59:27.239 INFO:teuthology.orchestra.run.smithi008.stdout:/usr/bin/ceph: stderr
2024-03-12T03:59:19.858+0000 7fcd6ac00700 1 --2- 172.21.15.8:0/3122063679 >> [v2:172.21.15.8:3300/0,v1:172.21.15.8:6789/0] conn(0x7fcd6407ce60 0x7fcd6407b310 secure :-1 s=READY pgs=61 cs=0 l=1 rev1=1 crypto rx=0x7fcd540098a0 tx=0x7fcd54009bb0 comp rx=0 tx=0).stop
2024-03-12T03:59:27.239 INFO:teuthology.orchestra.run.smithi008.stdout:/usr/bin/ceph: stderr
2024-03-12T03:59:19.859+0000 7fcd6ac00700 1 -- 172.21.15.8:0/3122063679 shutdown_connections
2024-03-12T03:59:27.239 INFO:teuthology.orchestra.run.smithi008.stdout:/usr/bin/ceph: stderr
2024-03-12T03:59:19.859+0000 7fcd6ac00700 1 --2- 172.21.15.8:0/3122063679 >> [v2:172.21.15.8:3300/0,v1:172.21.15.8:6789/0] conn(0x7fcd6407ce60 0x7fcd6407b310 unknown :-1 s=CLOSED pgs=61 cs=0 l=1 rev1=1 crypto rx=0 tx=0 comp rx=0 tx=0).stop
2024-03-12T03:59:27.239 INFO:teuthology.orchestra.run.smithi008.stdout:/usr/bin/ceph: stderr
2024-03-12T03:59:19.859+0000 7fcd6ac00700 1 -- 172.21.15.8:0/3122063679 >> 172.21.15.8:0/3122063679 conn(0x7fcd64102b90 msgr2=0x7fcd64104fb0 unknown :-1 s=STATE_NONE l=0).mark_down
2024-03-12T03:59:27.239 INFO:teuthology.orchestra.run.smithi008.stdout:/usr/bin/ceph: stderr
2024-03-12T03:59:19.859+0000 7fcd6ac00700 1 -- 172.21.15.8:0/3122063679 shutdown_connections
2024-03-12T03:59:27.240 INFO:teuthology.orchestra.run.smithi008.stdout:/usr/bin/ceph: stderr
2024-03-12T03:59:19.859+0000 7fcd6ac00700 1 -- 172.21.15.8:0/3122063679 wait complete.
2024-03-12T03:59:27.240 INFO:teuthology.orchestra.run.smithi008.stdout:/usr/bin/ceph: stderr
2024-03-12T03:59:19.860+0000 7fcd6ac00700 1 Processor -- start
2024-03-12T03:59:27.240 INFO:teuthology.orchestra.run.smithi008.stdout:/usr/bin/ceph: stderr
2024-03-12T03:59:19.860+0000 7fcd6ac00700 1 -- start start
2024-03-12T03:59:27.240 INFO:teuthology.orchestra.run.smithi008.stdout:/usr/bin/ceph: stderr
2024-03-12T03:59:19.860+0000 7fcd6ac00700 1 --2- >> [v2:172.21.15.8:3300/0,v1:172.21.15.8:6789/0] conn(0x7fcd6407ce60 0x7fcd6419d590 unknown :-1 s=NONE pgs=0 cs=0 l=1 rev1=0 crypto rx=0 tx=0 comp rx=0 tx=0).connect
2024-03-12T03:59:27.243 INFO:teuthology.orchestra.run.smithi008.stdout:/usr/bin/ceph: stderr
2024-03-12T03:59:19.860+0000 7fcd6ac00700 1 -- --> [v2:172.21.15.8:3300/0,v1:172.21.15.8:6789/0] -- mon_getmap magic: 0 v1 -- 0x7fcd6419dad0 con 0x7fcd6407ce60
2024-03-12T03:59:27.243 INFO:teuthology.orchestra.run.smithi008.stdout:/usr/bin/ceph: stderr
2024-03-12T03:59:19.861+0000 7fcd63e00700 1 --2- >> [v2:172.21.15.8:3300/0,v1:172.21.15.8:6789/0] conn(0x7fcd6407ce60 0x7fcd6419d590 unknown :-1 s=BANNER_CONNECTING pgs=0 cs=0 l=1 rev1=0 crypto rx=0 tx=0 comp rx=0 tx=0)._handle_peer_banner_payload supported=3 required=0
2024-03-12T03:59:27.243 INFO:teuthology.orchestra.run.smithi008.stdout:/usr/bin/ceph: stderr
2024-03-12T03:59:19.861+0000 7fcd63e00700 1 --2- >> [v2:172.21.15.8:3300/0,v1:172.21.15.8:6789/0] conn(0x7fcd6407ce60 0x7fcd6419d590 unknown :-1 s=HELLO_CONNECTING pgs=0 cs=0 l=1 rev1=1 crypto rx=0 tx=0 comp rx=0 tx=0).handle_hello peer v2:172.21.15.8:3300/0 says I am v2:172.21.15.8:42722/0 (socket says 172.21.15.8:42722)
2024-03-12T03:59:27.243 INFO:teuthology.orchestra.run.smithi008.stdout:/usr/bin/ceph: stderr
2024-03-12T03:59:19.861+0000 7fcd63e00700 1 -- 172.21.15.8:0/1086049667 learned_addr learned my addr 172.21.15.8:0/1086049667 (peer_addr_for_me v2:172.21.15.8:0/0)
2024-03-12T03:59:27.243 INFO:teuthology.orchestra.run.smithi008.stdout:/usr/bin/ceph: stderr
2024-03-12T03:59:19.861+0000 7fcd63e00700 1 -- 172.21.15.8:0/1086049667 --> [v2:172.21.15.8:3300/0,v1:172.21.15.8:6789/0] -- mon_subscribe({config=0+,monmap=0+}) v3 -- 0x7fcd54009550 con 0x7fcd6407ce60
2024-03-12T03:59:27.243 INFO:teuthology.orchestra.run.smithi008.stdout:/usr/bin/ceph: stderr
2024-03-12T03:59:19.861+0000 7fcd63e00700 1 --2- 172.21.15.8:0/1086049667 >> [v2:172.21.15.8:3300/0,v1:172.21.15.8:6789/0] conn(0x7fcd6407ce60 0x7fcd6419d590 secure :-1 s=READY pgs=62 cs=0 l=1 rev1=1 crypto rx=0x7fcd54011b40 tx=0x7fcd54011c20 comp rx=0 tx=0).ready entity=mon.0 client_cookie=0 server_cookie=0 in_seq=0 out_seq=0
2024-03-12T03:59:27.243 INFO:teuthology.orchestra.run.smithi008.stdout:/usr/bin/ceph: stderr
2024-03-12T03:59:19.862+0000 7fcd60c00700 1 -- 172.21.15.8:0/1086049667 <== mon.0 v2:172.21.15.8:3300/0 1 ==== mon_map magic: 0 v1 ==== 205+0+0 (secure 0 0 0) 0x7fcd54003aa0 con 0x7fcd6407ce60
2024-03-12T03:59:27.243 INFO:teuthology.orchestra.run.smithi008.stdout:/usr/bin/ceph: stderr
2024-03-12T03:59:19.862+0000 7fcd60c00700 1 -- 172.21.15.8:0/1086049667 <== mon.0 v2:172.21.15.8:3300/0 2 ==== config(28 keys) v1 ==== 1174+0+0 (secure 0 0 0) 0x7fcd54003c00 con 0x7fcd6407ce60
2024-03-12T03:59:27.243 INFO:teuthology.orchestra.run.smithi008.stdout:/usr/bin/ceph: stderr
2024-03-12T03:59:19.862+0000 7fcd6ac00700 1 -- 172.21.15.8:0/1086049667 --> [v2:172.21.15.8:3300/0,v1:172.21.15.8:6789/0] -- mon_subscribe({mgrmap=0+}) v3 -- 0x7fcd6419dcd0 con 0x7fcd6407ce60
2024-03-12T03:59:27.243 INFO:teuthology.orchestra.run.smithi008.stdout:/usr/bin/ceph: stderr
2024-03-12T03:59:19.862+0000 7fcd60c00700 1 -- 172.21.15.8:0/1086049667 <== mon.0 v2:172.21.15.8:3300/0 3 ==== mon_map magic: 0 v1 ==== 205+0+0 (secure 0 0 0) 0x7fcd54024840 con 0x7fcd6407ce60
2024-03-12T03:59:27.243 INFO:teuthology.orchestra.run.smithi008.stdout:/usr/bin/ceph: stderr
2024-03-12T03:59:19.862+0000 7fcd6ac00700 1 -- 172.21.15.8:0/1086049667 --> [v2:172.21.15.8:3300/0,v1:172.21.15.8:6789/0] -- mon_subscribe({osdmap=0}) v3 -- 0x7fcd6419e170 con 0x7fcd6407ce60
2024-03-12T03:59:27.244 INFO:teuthology.orchestra.run.smithi008.stdout:/usr/bin/ceph: stderr
2024-03-12T03:59:19.863+0000 7fcd60c00700 1 -- 172.21.15.8:0/1086049667 <== mon.0 v2:172.21.15.8:3300/0 4 ==== mgrmap(e 9) v1 ==== 45782+0+0 (secure 0 0 0) 0x7fcd5401abc0 con 0x7fcd6407ce60
2024-03-12T03:59:27.244 INFO:teuthology.orchestra.run.smithi008.stdout:/usr/bin/ceph: stderr
2024-03-12T03:59:19.864+0000 7fcd60c00700 1 --2- 172.21.15.8:0/1086049667 >> [v2:172.21.15.8:6800/3277803434,v1:172.21.15.8:6801/3277803434] conn(0x7fcd48038d60 0x7fcd4803b220 unknown :-1 s=NONE pgs=0 cs=0 l=1 rev1=0 crypto rx=0 tx=0 comp rx=0 tx=0).connect
2024-03-12T03:59:27.244 INFO:teuthology.orchestra.run.smithi008.stdout:/usr/bin/ceph: stderr
2024-03-12T03:59:19.864+0000 7fcd6ac00700 1 -- 172.21.15.8:0/1086049667 --> [v2:172.21.15.8:6800/3277803434,v1:172.21.15.8:6801/3277803434] -- command(tid 0: {"prefix": "get_command_descriptions"}) v1 -- 0x7fcd6410da30 con 0x7fcd48038d60
2024-03-12T03:59:27.244 INFO:teuthology.orchestra.run.smithi008.stdout:/usr/bin/ceph: stderr
2024-03-12T03:59:19.864+0000 7fcd60c00700 1 -- 172.21.15.8:0/1086049667 <== mon.0 v2:172.21.15.8:3300/0 5 ==== osd_map(2..2 src has 1..2) v4 ==== 940+0+0 (secure 0 0 0) 0x7fcd5404ce90 con 0x7fcd6407ce60
2024-03-12T03:59:27.244 INFO:teuthology.orchestra.run.smithi008.stdout:/usr/bin/ceph: stderr
2024-03-12T03:59:19.864+0000 7fcd63400700 1 -- 172.21.15.8:0/1086049667 >> [v2:172.21.15.8:6800/3277803434,v1:172.21.15.8:6801/3277803434] conn(0x7fcd48038d60 msgr2=0x7fcd4803b220 unknown :-1 s=STATE_CONNECTING_RE l=1).process reconnect failed to v2:172.21.15.8:6800/3277803434
2024-03-12T03:59:27.244 INFO:teuthology.orchestra.run.smithi008.stdout:/usr/bin/ceph: stderr
2024-03-12T03:59:19.864+0000 7fcd63400700 1 --2- 172.21.15.8:0/1086049667 >> [v2:172.21.15.8:6800/3277803434,v1:172.21.15.8:6801/3277803434] conn(0x7fcd48038d60 0x7fcd4803b220 unknown :-1 s=START_CONNECT pgs=0 cs=0 l=1 rev1=0 crypto rx=0 tx=0 comp rx=0 tx=0)._fault waiting 0.200000
2024-03-12T03:59:27.244 INFO:teuthology.orchestra.run.smithi008.stdout:/usr/bin/ceph: stderr
2024-03-12T03:59:20.065+0000 7fcd63400700 1 -- 172.21.15.8:0/1086049667 >> [v2:172.21.15.8:6800/3277803434,v1:172.21.15.8:6801/3277803434] conn(0x7fcd48038d60 msgr2=0x7fcd4803b220 unknown :-1 s=STATE_CONNECTING_RE l=1).process reconnect failed to v2:172.21.15.8:6800/3277803434
2024-03-12T03:59:27.244 INFO:teuthology.orchestra.run.smithi008.stdout:/usr/bin/ceph: stderr
2024-03-12T03:59:20.065+0000 7fcd63400700 1 --2- 172.21.15.8:0/1086049667 >> [v2:172.21.15.8:6800/3277803434,v1:172.21.15.8:6801/3277803434] conn(0x7fcd48038d60 0x7fcd4803b220 unknown :-1 s=START_CONNECT pgs=0 cs=0 l=1 rev1=0 crypto rx=0 tx=0 comp rx=0 tx=0)._fault waiting 0.400000
2024-03-12T03:59:27.244 INFO:teuthology.orchestra.run.smithi008.stdout:/usr/bin/ceph: stderr
2024-03-12T03:59:20.466+0000 7fcd63400700 1 -- 172.21.15.8:0/1086049667 >> [v2:172.21.15.8:6800/3277803434,v1:172.21.15.8:6801/3277803434] conn(0x7fcd48038d60 msgr2=0x7fcd4803b220 unknown :-1 s=STATE_CONNECTING_RE l=1).process reconnect failed to v2:172.21.15.8:6800/3277803434
2024-03-12T03:59:27.244 INFO:teuthology.orchestra.run.smithi008.stdout:/usr/bin/ceph: stderr
2024-03-12T03:59:20.466+0000 7fcd63400700 1 --2- 172.21.15.8:0/1086049667 >> [v2:172.21.15.8:6800/3277803434,v1:172.21.15.8:6801/3277803434] conn(0x7fcd48038d60 0x7fcd4803b220 unknown :-1 s=START_CONNECT pgs=0 cs=0 l=1 rev1=0 crypto rx=0 tx=0 comp rx=0 tx=0)._fault waiting 0.800000
2024-03-12T03:59:27.244 INFO:teuthology.orchestra.run.smithi008.stdout:/usr/bin/ceph: stderr
2024-03-12T03:59:21.267+0000 7fcd63400700 1 -- 172.21.15.8:0/1086049667 >> [v2:172.21.15.8:6800/3277803434,v1:172.21.15.8:6801/3277803434] conn(0x7fcd48038d60 msgr2=0x7fcd4803b220 unknown :-1 s=STATE_CONNECTING_RE l=1).process reconnect failed to v2:172.21.15.8:6800/3277803434
2024-03-12T03:59:27.244 INFO:teuthology.orchestra.run.smithi008.stdout:/usr/bin/ceph: stderr
2024-03-12T03:59:21.267+0000 7fcd63400700 1 --2- 172.21.15.8:0/1086049667 >> [v2:172.21.15.8:6800/3277803434,v1:172.21.15.8:6801/3277803434] conn(0x7fcd48038d60 0x7fcd4803b220 unknown :-1 s=START_CONNECT pgs=0 cs=0 l=1 rev1=0 crypto rx=0 tx=0 comp rx=0 tx=0)._fault waiting 1.600000
2024-03-12T03:59:27.244 INFO:teuthology.orchestra.run.smithi008.stdout:/usr/bin/ceph: stderr
2024-03-12T03:59:22.869+0000 7fcd63400700 1 -- 172.21.15.8:0/1086049667 >> [v2:172.21.15.8:6800/3277803434,v1:172.21.15.8:6801/3277803434] conn(0x7fcd48038d60 msgr2=0x7fcd4803b220 unknown :-1 s=STATE_CONNECTING_RE l=1).process reconnect failed to v2:172.21.15.8:6800/3277803434
2024-03-12T03:59:27.244 INFO:teuthology.orchestra.run.smithi008.stdout:/usr/bin/ceph: stderr
2024-03-12T03:59:22.869+0000 7fcd63400700 1 --2- 172.21.15.8:0/1086049667 >> [v2:172.21.15.8:6800/3277803434,v1:172.21.15.8:6801/3277803434] conn(0x7fcd48038d60 0x7fcd4803b220 unknown :-1 s=START_CONNECT pgs=0 cs=0 l=1 rev1=0 crypto rx=0 tx=0 comp rx=0 tx=0)._fault waiting 3.200000
2024-03-12T03:59:27.245 INFO:teuthology.orchestra.run.smithi008.stdout:/usr/bin/ceph: stderr
2024-03-12T03:59:25.360+0000 7fcd60c00700 1 -- 172.21.15.8:0/1086049667 <== mon.0 v2:172.21.15.8:3300/0 6 ==== mgrmap(e 10) v1 ==== 45549+0+0 (secure 0 0 0) 0x7fcd540249a0 con 0x7fcd6407ce60
2024-03-12T03:59:27.245 INFO:teuthology.orchestra.run.smithi008.stdout:/usr/bin/ceph: stderr
2024-03-12T03:59:25.360+0000 7fcd60c00700 1 -- 172.21.15.8:0/1086049667 >> [v2:172.21.15.8:6800/3277803434,v1:172.21.15.8:6801/3277803434] conn(0x7fcd48038d60 msgr2=0x7fcd4803b220 unknown :-1 s=STATE_CONNECTING l=1).mark_down
2024-03-12T03:59:27.247 INFO:teuthology.orchestra.run.smithi008.stdout:/usr/bin/ceph: stderr
2024-03-12T03:59:25.360+0000 7fcd60c00700 1 --2- 172.21.15.8:0/1086049667 >> [v2:172.21.15.8:6800/3277803434,v1:172.21.15.8:6801/3277803434] conn(0x7fcd48038d60 0x7fcd4803b220 unknown :-1 s=START_CONNECT pgs=0 cs=0 l=1 rev1=0 crypto rx=0 tx=0 comp rx=0 tx=0).stop
2024-03-12T03:59:27.247 INFO:teuthology.orchestra.run.smithi008.stdout:/usr/bin/ceph: stderr
2024-03-12T03:59:26.363+0000 7fcd60c00700 1 -- 172.21.15.8:0/1086049667 <== mon.0 v2:172.21.15.8:3300/0 7 ==== mgrmap(e 11) v1 ==== 45676+0+0 (secure 0 0 0) 0x7fcd5404e910 con 0x7fcd6407ce60
2024-03-12T03:59:27.247 INFO:teuthology.orchestra.run.smithi008.stdout:/usr/bin/ceph: stderr
2024-03-12T03:59:26.364+0000 7fcd60c00700 1 --2- 172.21.15.8:0/1086049667 >> [v2:172.21.15.8:6800/1094132627,v1:172.21.15.8:6801/1094132627] conn(0x7fcd4803c660 0x7fcd4803ea50 unknown :-1 s=NONE pgs=0 cs=0 l=1 rev1=0 crypto rx=0 tx=0 comp rx=0 tx=0).connect
2024-03-12T03:59:27.247 INFO:teuthology.orchestra.run.smithi008.stdout:/usr/bin/ceph: stderr
2024-03-12T03:59:26.364+0000 7fcd60c00700 1 -- 172.21.15.8:0/1086049667 --> [v2:172.21.15.8:6800/1094132627,v1:172.21.15.8:6801/1094132627] -- command(tid 0: {"prefix": "get_command_descriptions"}) v1 -- 0x7fcd6410da30 con 0x7fcd4803c660
2024-03-12T03:59:27.247 INFO:teuthology.orchestra.run.smithi008.stdout:/usr/bin/ceph: stderr
2024-03-12T03:59:26.366+0000 7fcd63400700 1 --2- 172.21.15.8:0/1086049667 >> [v2:172.21.15.8:6800/1094132627,v1:172.21.15.8:6801/1094132627] conn(0x7fcd4803c660 0x7fcd4803ea50 unknown :-1 s=BANNER_CONNECTING pgs=0 cs=0 l=1 rev1=0 crypto rx=0 tx=0 comp rx=0 tx=0)._handle_peer_banner_payload supported=3 required=0
2024-03-12T03:59:27.247 INFO:teuthology.orchestra.run.smithi008.stdout:/usr/bin/ceph: stderr
2024-03-12T03:59:26.367+0000 7fcd63400700 1 --2- 172.21.15.8:0/1086049667 >> [v2:172.21.15.8:6800/1094132627,v1:172.21.15.8:6801/1094132627] conn(0x7fcd4803c660 0x7fcd4803ea50 secure :-1 s=READY pgs=1 cs=0 l=1 rev1=1 crypto rx=0x7fcd50003a10 tx=0x7fcd50009270 comp rx=0 tx=0).ready entity=mgr.14152 client_cookie=0 server_cookie=0 in_seq=0 out_seq=0
2024-03-12T03:59:27.247 INFO:teuthology.orchestra.run.smithi008.stdout:/usr/bin/ceph: stderr
2024-03-12T03:59:26.368+0000 7fcd60c00700 1 -- 172.21.15.8:0/1086049667 <== mgr.14152 v2:172.21.15.8:6800/1094132627 1 ==== command_reply(tid 0: 0 ) v1 ==== 8+0+7774 (secure 0 0 0) 0x7fcd6410da30 con 0x7fcd4803c660
2024-03-12T03:59:27.247 INFO:teuthology.orchestra.run.smithi008.stdout:/usr/bin/ceph: stderr
2024-03-12T03:59:26.380+0000 7fcd6ac00700 1 -- 172.21.15.8:0/1086049667 --> [v2:172.21.15.8:6800/1094132627,v1:172.21.15.8:6801/1094132627] -- command(tid 1: {"prefix": "mgr_status"}) v1 -- 0x7fcd6410dba0 con 0x7fcd4803c660
2024-03-12T03:59:27.248 INFO:teuthology.orchestra.run.smithi008.stdout:/usr/bin/ceph: stderr
2024-03-12T03:59:26.381+0000 7fcd60c00700 1 -- 172.21.15.8:0/1086049667 <== mgr.14152 v2:172.21.15.8:6800/1094132627 2 ==== command_reply(tid 1: 0 ) v1 ==== 8+0+52 (secure 0 0 0) 0x7fcd6410dba0 con 0x7fcd4803c660
2024-03-12T03:59:27.248 INFO:teuthology.orchestra.run.smithi008.stdout:/usr/bin/ceph: stderr
2024-03-12T03:59:26.381+0000 7fcd6ac00700 1 -- 172.21.15.8:0/1086049667 >> [v2:172.21.15.8:6800/1094132627,v1:172.21.15.8:6801/1094132627] conn(0x7fcd4803c660 msgr2=0x7fcd4803ea50 secure :-1 s=STATE_CONNECTION_ESTABLISHED l=1).mark_down
2024-03-12T03:59:27.248 INFO:teuthology.orchestra.run.smithi008.stdout:/usr/bin/ceph: stderr
2024-03-12T03:59:26.381+0000 7fcd6ac00700 1 --2- 172.21.15.8:0/1086049667 >> [v2:172.21.15.8:6800/1094132627,v1:172.21.15.8:6801/1094132627] conn(0x7fcd4803c660 0x7fcd4803ea50 secure :-1 s=READY pgs=1 cs=0 l=1 rev1=1 crypto rx=0x7fcd50003a10 tx=0x7fcd50009270 comp rx=0 tx=0).stop
2024-03-12T03:59:27.248 INFO:teuthology.orchestra.run.smithi008.stdout:/usr/bin/ceph: stderr
2024-03-12T03:59:26.381+0000 7fcd6ac00700 1 -- 172.21.15.8:0/1086049667 >> [v2:172.21.15.8:3300/0,v1:172.21.15.8:6789/0] conn(0x7fcd6407ce60 msgr2=0x7fcd6419d590 secure :-1 s=STATE_CONNECTION_ESTABLISHED l=1).mark_down
2024-03-12T03:59:27.248 INFO:teuthology.orchestra.run.smithi008.stdout:/usr/bin/ceph: stderr
2024-03-12T03:59:26.381+0000 7fcd6ac00700 1 --2- 172.21.15.8:0/1086049667 >> [v2:172.21.15.8:3300/0,v1:172.21.15.8:6789/0] conn(0x7fcd6407ce60 0x7fcd6419d590 secure :-1 s=READY pgs=62 cs=0 l=1 rev1=1 crypto rx=0x7fcd54011b40 tx=0x7fcd54011c20 comp rx=0 tx=0).stop
2024-03-12T03:59:27.248 INFO:teuthology.orchestra.run.smithi008.stdout:/usr/bin/ceph: stderr
2024-03-12T03:59:26.381+0000 7fcd6ac00700 1 -- 172.21.15.8:0/1086049667 shutdown_connections
2024-03-12T03:59:27.248 INFO:teuthology.orchestra.run.smithi008.stdout:/usr/bin/ceph: stderr
2024-03-12T03:59:26.381+0000 7fcd6ac00700 1 --2- 172.21.15.8:0/1086049667 >> [v2:172.21.15.8:3300/0,v1:172.21.15.8:6789/0] conn(0x7fcd6407ce60 0x7fcd6419d590 unknown :-1 s=CLOSED pgs=62 cs=0 l=1 rev1=1 crypto rx=0 tx=0 comp rx=0 tx=0).stop
2024-03-12T03:59:27.248 INFO:teuthology.orchestra.run.smithi008.stdout:/usr/bin/ceph: stderr
2024-03-12T03:59:26.381+0000 7fcd6ac00700 1 --2- 172.21.15.8:0/1086049667 >> [v2:172.21.15.8:6800/1094132627,v1:172.21.15.8:6801/1094132627] conn(0x7fcd4803c660 0x7fcd4803ea50 unknown :-1 s=CLOSED pgs=1 cs=0 l=1 rev1=1 crypto rx=0 tx=0 comp rx=0 tx=0).stop
2024-03-12T03:59:27.248 INFO:teuthology.orchestra.run.smithi008.stdout:/usr/bin/ceph: stderr
2024-03-12T03:59:26.381+0000 7fcd6ac00700 1 --2- 172.21.15.8:0/1086049667 >> [v2:172.21.15.8:6800/3277803434,v1:172.21.15.8:6801/3277803434] conn(0x7fcd48038d60 0x7fcd4803b220 unknown :-1 s=CLOSED pgs=0 cs=0 l=1 rev1=0 crypto rx=0 tx=0 comp rx=0 tx=0).stop
2024-03-12T03:59:27.248 INFO:teuthology.orchestra.run.smithi008.stdout:/usr/bin/ceph: stderr
2024-03-12T03:59:26.381+0000 7fcd6ac00700 1 -- 172.21.15.8:0/1086049667 >> 172.21.15.8:0/1086049667 conn(0x7fcd64102b90 msgr2=0x7fcd641036a0 unknown :-1 s=STATE_NONE l=0).mark_down
2024-03-12T03:59:27.248 INFO:teuthology.orchestra.run.smithi008.stdout:/usr/bin/ceph: stderr
2024-03-12T03:59:26.382+0000 7fcd6ac00700 1 -- 172.21.15.8:0/1086049667 shutdown_connections
2024-03-12T03:59:27.248 INFO:teuthology.orchestra.run.smithi008.stdout:/usr/bin/ceph: stderr
2024-03-12T03:59:26.382+0000 7fcd6ac00700 1 -- 172.21.15.8:0/1086049667 wait complete.
2024-03-12T03:59:27.248 INFO:teuthology.orchestra.run.smithi008.stdout:mgr epoch 9 is available
2024-03-12T03:59:27.248 INFO:teuthology.orchestra.run.smithi008.stdout:Generating a dashboard self-signed certificate...
2024-03-12T03:59:27.493 INFO:journalctl@ceph.mon.a.smithi008.stdout:Mar 12 03:59:27 smithi008 ceph-mon[31863]: [12/Mar/2024:03:59:26] ENGINE Bus STARTING
2024-03-12T03:59:27.493 INFO:journalctl@ceph.mon.a.smithi008.stdout:Mar 12 03:59:27 smithi008 ceph-mon[31863]: [12/Mar/2024:03:59:26] ENGINE Serving on https://172.21.15.8:7150
2024-03-12T03:59:27.493 INFO:journalctl@ceph.mon.a.smithi008.stdout:Mar 12 03:59:27 smithi008 ceph-mon[31863]: [12/Mar/2024:03:59:26] ENGINE Serving on http://172.21.15.8:8765
2024-03-12T03:59:27.494 INFO:journalctl@ceph.mon.a.smithi008.stdout:Mar 12 03:59:27 smithi008 ceph-mon[31863]: [12/Mar/2024:03:59:26] ENGINE Bus STARTED
2024-03-12T03:59:28.591 INFO:journalctl@ceph.mon.a.smithi008.stdout:Mar 12 03:59:28 smithi008 ceph-mon[31863]: mgrmap e12: x(active, since 2s)
2024-03-12T03:59:28.591 INFO:journalctl@ceph.mon.a.smithi008.stdout:Mar 12 03:59:28 smithi008 ceph-mon[31863]: from='mgr.14152 172.21.15.8:0/4169414002' entity='mgr.x'
2024-03-12T03:59:29.513 INFO:teuthology.orchestra.run.smithi008.stdout:/usr/bin/ceph: stdout Self-signed certificate created
2024-03-12T03:59:29.515 INFO:teuthology.orchestra.run.smithi008.stdout:/usr/bin/ceph: stderr
2024-03-12T03:59:28.346+0000 7fe074600700 1 Processor -- start
2024-03-12T03:59:29.515 INFO:teuthology.orchestra.run.smithi008.stdout:/usr/bin/ceph: stderr
2024-03-12T03:59:28.346+0000 7fe074600700 1 -- start start
2024-03-12T03:59:29.515 INFO:teuthology.orchestra.run.smithi008.stdout:/usr/bin/ceph: stderr
2024-03-12T03:59:28.346+0000 7fe074600700 1 --2- >> [v2:172.21.15.8:3300/0,v1:172.21.15.8:6789/0] conn(0x7fe06c108040 0x7fe06c10a430 unknown :-1 s=NONE pgs=0 cs=0 l=0 rev1=0 crypto rx=0 tx=0 comp rx=0 tx=0).connect
2024-03-12T03:59:29.515 INFO:teuthology.orchestra.run.smithi008.stdout:/usr/bin/ceph: stderr
2024-03-12T03:59:28.346+0000 7fe074600700 1 -- --> [v2:172.21.15.8:3300/0,v1:172.21.15.8:6789/0] -- mon_getmap magic: 0 v1 -- 0x7fe06c07ae40 con 0x7fe06c108040
2024-03-12T03:59:29.515 INFO:teuthology.orchestra.run.smithi008.stdout:/usr/bin/ceph: stderr
2024-03-12T03:59:28.347+0000 7fe071c00700 1 --2- >> [v2:172.21.15.8:3300/0,v1:172.21.15.8:6789/0] conn(0x7fe06c108040 0x7fe06c10a430 unknown :-1 s=BANNER_CONNECTING pgs=0 cs=0 l=0 rev1=0 crypto rx=0 tx=0 comp rx=0 tx=0)._handle_peer_banner_payload supported=3 required=0
2024-03-12T03:59:29.515 INFO:teuthology.orchestra.run.smithi008.stdout:/usr/bin/ceph: stderr
2024-03-12T03:59:28.347+0000 7fe071c00700 1 --2- >> [v2:172.21.15.8:3300/0,v1:172.21.15.8:6789/0] conn(0x7fe06c108040 0x7fe06c10a430 unknown :-1 s=HELLO_CONNECTING pgs=0 cs=0 l=0 rev1=1 crypto rx=0 tx=0 comp rx=0 tx=0).handle_hello peer v2:172.21.15.8:3300/0 says I am v2:172.21.15.8:59242/0 (socket says 172.21.15.8:59242)
2024-03-12T03:59:29.515 INFO:teuthology.orchestra.run.smithi008.stdout:/usr/bin/ceph: stderr
2024-03-12T03:59:28.347+0000 7fe071c00700 1 -- 172.21.15.8:0/1553645627 learned_addr learned my addr 172.21.15.8:0/1553645627 (peer_addr_for_me v2:172.21.15.8:0/0)
2024-03-12T03:59:29.515 INFO:teuthology.orchestra.run.smithi008.stdout:/usr/bin/ceph: stderr
2024-03-12T03:59:28.348+0000 7fe071c00700 1 -- 172.21.15.8:0/1553645627 --> [v2:172.21.15.8:3300/0,v1:172.21.15.8:6789/0] -- mon_subscribe({config=0+,monmap=0+}) v3 -- 0x7fe06c10a970 con 0x7fe06c108040
2024-03-12T03:59:29.515 INFO:teuthology.orchestra.run.smithi008.stdout:/usr/bin/ceph: stderr
2024-03-12T03:59:28.348+0000 7fe071c00700 1 --2- 172.21.15.8:0/1553645627 >> [v2:172.21.15.8:3300/0,v1:172.21.15.8:6789/0] conn(0x7fe06c108040 0x7fe06c10a430 secure :-1 s=READY pgs=70 cs=0 l=1 rev1=1 crypto rx=0x7fe0600098a0 tx=0x7fe060009bb0 comp rx=0 tx=0).ready entity=mon.0 client_cookie=a683706be4883990 server_cookie=0 in_seq=0 out_seq=0
2024-03-12T03:59:29.515 INFO:teuthology.orchestra.run.smithi008.stdout:/usr/bin/ceph: stderr
2024-03-12T03:59:28.348+0000 7fe06be00700 1 -- 172.21.15.8:0/1553645627 <== mon.0 v2:172.21.15.8:3300/0 1 ==== mon_map magic: 0 v1 ==== 205+0+0 (secure 0 0 0) 0x7fe060004160 con 0x7fe06c108040
2024-03-12T03:59:29.516 INFO:teuthology.orchestra.run.smithi008.stdout:/usr/bin/ceph: stderr
2024-03-12T03:59:28.349+0000 7fe06be00700 1 -- 172.21.15.8:0/1553645627 <== mon.0 v2:172.21.15.8:3300/0 2 ==== config(28 keys) v1 ==== 1174+0+0 (secure 0 0 0) 0x7fe0600042c0 con 0x7fe06c108040
2024-03-12T03:59:29.520 INFO:teuthology.orchestra.run.smithi008.stdout:/usr/bin/ceph: stderr
2024-03-12T03:59:28.349+0000 7fe06be00700 1 -- 172.21.15.8:0/1553645627 <== mon.0 v2:172.21.15.8:3300/0 3 ==== mon_map magic: 0 v1 ==== 205+0+0 (secure 0 0 0) 0x7fe060011b90 con 0x7fe06c108040
2024-03-12T03:59:29.521 INFO:teuthology.orchestra.run.smithi008.stdout:/usr/bin/ceph: stderr
2024-03-12T03:59:28.349+0000 7fe074600700 1 -- 172.21.15.8:0/1553645627 >> [v2:172.21.15.8:3300/0,v1:172.21.15.8:6789/0] conn(0x7fe06c108040 msgr2=0x7fe06c10a430 secure :-1 s=STATE_CONNECTION_ESTABLISHED l=1).mark_down
2024-03-12T03:59:29.521 INFO:teuthology.orchestra.run.smithi008.stdout:/usr/bin/ceph: stderr
2024-03-12T03:59:28.349+0000 7fe074600700 1 --2- 172.21.15.8:0/1553645627 >> [v2:172.21.15.8:3300/0,v1:172.21.15.8:6789/0] conn(0x7fe06c108040 0x7fe06c10a430 secure :-1 s=READY pgs=70 cs=0 l=1 rev1=1 crypto rx=0x7fe0600098a0 tx=0x7fe060009bb0 comp rx=0 tx=0).stop
2024-03-12T03:59:29.521 INFO:teuthology.orchestra.run.smithi008.stdout:/usr/bin/ceph: stderr
2024-03-12T03:59:28.349+0000 7fe074600700 1 -- 172.21.15.8:0/1553645627 shutdown_connections
2024-03-12T03:59:29.521 INFO:teuthology.orchestra.run.smithi008.stdout:/usr/bin/ceph: stderr
2024-03-12T03:59:28.349+0000 7fe074600700 1 --2- 172.21.15.8:0/1553645627 >> [v2:172.21.15.8:3300/0,v1:172.21.15.8:6789/0] conn(0x7fe06c108040 0x7fe06c10a430 unknown :-1 s=CLOSED pgs=70 cs=0 l=1 rev1=1 crypto rx=0 tx=0 comp rx=0 tx=0).stop
2024-03-12T03:59:29.521 INFO:teuthology.orchestra.run.smithi008.stdout:/usr/bin/ceph: stderr
2024-03-12T03:59:28.350+0000 7fe074600700 1 -- 172.21.15.8:0/1553645627 >> 172.21.15.8:0/1553645627 conn(0x7fe06c101a90 msgr2=0x7fe06c103eb0 unknown :-1 s=STATE_NONE l=0).mark_down
2024-03-12T03:59:29.521 INFO:teuthology.orchestra.run.smithi008.stdout:/usr/bin/ceph: stderr
2024-03-12T03:59:28.350+0000 7fe074600700 1 -- 172.21.15.8:0/1553645627 shutdown_connections
2024-03-12T03:59:29.521 INFO:teuthology.orchestra.run.smithi008.stdout:/usr/bin/ceph: stderr
2024-03-12T03:59:28.350+0000 7fe074600700 1 -- 172.21.15.8:0/1553645627 wait complete.
2024-03-12T03:59:29.521 INFO:teuthology.orchestra.run.smithi008.stdout:/usr/bin/ceph: stderr
2024-03-12T03:59:28.351+0000 7fe074600700 1 Processor -- start
2024-03-12T03:59:29.521 INFO:teuthology.orchestra.run.smithi008.stdout:/usr/bin/ceph: stderr
2024-03-12T03:59:28.351+0000 7fe074600700 1 -- start start
2024-03-12T03:59:29.521 INFO:teuthology.orchestra.run.smithi008.stdout:/usr/bin/ceph: stderr
2024-03-12T03:59:28.352+0000 7fe074600700 1 --2- >> [v2:172.21.15.8:3300/0,v1:172.21.15.8:6789/0] conn(0x7fe06c108040 0x7fe06c19b370 unknown :-1 s=NONE pgs=0 cs=0 l=1 rev1=0 crypto rx=0 tx=0 comp rx=0 tx=0).connect
2024-03-12T03:59:29.521 INFO:teuthology.orchestra.run.smithi008.stdout:/usr/bin/ceph: stderr
2024-03-12T03:59:28.352+0000 7fe074600700 1 -- --> [v2:172.21.15.8:3300/0,v1:172.21.15.8:6789/0] -- mon_getmap magic: 0 v1 -- 0x7fe06c19b8b0 con 0x7fe06c108040
2024-03-12T03:59:29.522 INFO:teuthology.orchestra.run.smithi008.stdout:/usr/bin/ceph: stderr
2024-03-12T03:59:28.352+0000 7fe071c00700 1 --2- >> [v2:172.21.15.8:3300/0,v1:172.21.15.8:6789/0] conn(0x7fe06c108040 0x7fe06c19b370 unknown :-1 s=BANNER_CONNECTING pgs=0 cs=0 l=1 rev1=0 crypto rx=0 tx=0 comp rx=0 tx=0)._handle_peer_banner_payload supported=3 required=0
2024-03-12T03:59:29.522 INFO:teuthology.orchestra.run.smithi008.stdout:/usr/bin/ceph: stderr
2024-03-12T03:59:28.352+0000 7fe071c00700 1 --2- >> [v2:172.21.15.8:3300/0,v1:172.21.15.8:6789/0] conn(0x7fe06c108040 0x7fe06c19b370 unknown :-1 s=HELLO_CONNECTING pgs=0 cs=0 l=1 rev1=1 crypto rx=0 tx=0 comp rx=0 tx=0).handle_hello peer v2:172.21.15.8:3300/0 says I am v2:172.21.15.8:59256/0 (socket says 172.21.15.8:59256)
2024-03-12T03:59:29.522 INFO:teuthology.orchestra.run.smithi008.stdout:/usr/bin/ceph: stderr
2024-03-12T03:59:28.352+0000 7fe071c00700 1 -- 172.21.15.8:0/643006972 learned_addr learned my addr 172.21.15.8:0/643006972 (peer_addr_for_me v2:172.21.15.8:0/0)
2024-03-12T03:59:29.522 INFO:teuthology.orchestra.run.smithi008.stdout:/usr/bin/ceph: stderr
2024-03-12T03:59:28.353+0000 7fe071c00700 1 -- 172.21.15.8:0/643006972 --> [v2:172.21.15.8:3300/0,v1:172.21.15.8:6789/0] -- mon_subscribe({config=0+,monmap=0+}) v3 -- 0x7fe060009550 con 0x7fe06c108040
2024-03-12T03:59:29.522 INFO:teuthology.orchestra.run.smithi008.stdout:/usr/bin/ceph: stderr
2024-03-12T03:59:28.353+0000 7fe071c00700 1 --2- 172.21.15.8:0/643006972 >> [v2:172.21.15.8:3300/0,v1:172.21.15.8:6789/0] conn(0x7fe06c108040 0x7fe06c19b370 secure :-1 s=READY pgs=71 cs=0 l=1 rev1=1 crypto rx=0x7fe060011b40 tx=0x7fe060011c20 comp rx=0 tx=0).ready entity=mon.0 client_cookie=0 server_cookie=0 in_seq=0 out_seq=0
2024-03-12T03:59:29.522 INFO:teuthology.orchestra.run.smithi008.stdout:/usr/bin/ceph: stderr
2024-03-12T03:59:28.353+0000 7fe06a000700 1 -- 172.21.15.8:0/643006972 <== mon.0 v2:172.21.15.8:3300/0 1 ==== mon_map magic: 0 v1 ==== 205+0+0 (secure 0 0 0) 0x7fe060003aa0 con 0x7fe06c108040
2024-03-12T03:59:29.522 INFO:teuthology.orchestra.run.smithi008.stdout:/usr/bin/ceph: stderr
2024-03-12T03:59:28.353+0000 7fe06a000700 1 -- 172.21.15.8:0/643006972 <== mon.0 v2:172.21.15.8:3300/0 2 ==== config(28 keys) v1 ==== 1174+0+0 (secure 0 0 0) 0x7fe060003c00 con 0x7fe06c108040
2024-03-12T03:59:29.522 INFO:teuthology.orchestra.run.smithi008.stdout:/usr/bin/ceph: stderr
2024-03-12T03:59:28.353+0000 7fe06a000700 1 -- 172.21.15.8:0/643006972 <== mon.0 v2:172.21.15.8:3300/0 3 ==== mon_map magic: 0 v1 ==== 205+0+0 (secure 0 0 0) 0x7fe060024840 con 0x7fe06c108040
2024-03-12T03:59:29.522 INFO:teuthology.orchestra.run.smithi008.stdout:/usr/bin/ceph: stderr
2024-03-12T03:59:28.353+0000 7fe074600700 1 -- 172.21.15.8:0/643006972 --> [v2:172.21.15.8:3300/0,v1:172.21.15.8:6789/0] -- mon_subscribe({mgrmap=0+}) v3 -- 0x7fe06c19bab0 con 0x7fe06c108040
2024-03-12T03:59:29.522 INFO:teuthology.orchestra.run.smithi008.stdout:/usr/bin/ceph: stderr
2024-03-12T03:59:28.354+0000 7fe074600700 1 -- 172.21.15.8:0/643006972 --> [v2:172.21.15.8:3300/0,v1:172.21.15.8:6789/0] -- mon_subscribe({osdmap=0}) v3 -- 0x7fe06c19bf50 con 0x7fe06c108040
2024-03-12T03:59:29.522 INFO:teuthology.orchestra.run.smithi008.stdout:/usr/bin/ceph: stderr
2024-03-12T03:59:28.355+0000 7fe074600700 1 -- 172.21.15.8:0/643006972 --> [v2:172.21.15.8:3300/0,v1:172.21.15.8:6789/0] -- mon_command({"prefix": "get_command_descriptions"} v 0) v1 -- 0x7fe06c10b7c0 con 0x7fe06c108040
2024-03-12T03:59:29.522 INFO:teuthology.orchestra.run.smithi008.stdout:/usr/bin/ceph: stderr
2024-03-12T03:59:28.355+0000 7fe06a000700 1 -- 172.21.15.8:0/643006972 <== mon.0 v2:172.21.15.8:3300/0 4 ==== mgrmap(e 12) v1 ==== 45782+0+0 (secure 0 0 0) 0x7fe06001abc0 con 0x7fe06c108040
2024-03-12T03:59:29.522 INFO:teuthology.orchestra.run.smithi008.stdout:/usr/bin/ceph: stderr
2024-03-12T03:59:28.355+0000 7fe06a000700 1 --2- 172.21.15.8:0/643006972 >> [v2:172.21.15.8:6800/1094132627,v1:172.21.15.8:6801/1094132627] conn(0x7fe054038d60 0x7fe05403b220 unknown :-1 s=NONE pgs=0 cs=0 l=1 rev1=0 crypto rx=0 tx=0 comp rx=0 tx=0).connect
2024-03-12T03:59:29.523 INFO:teuthology.orchestra.run.smithi008.stdout:/usr/bin/ceph: stderr
2024-03-12T03:59:28.355+0000 7fe06a000700 1 -- 172.21.15.8:0/643006972 <== mon.0 v2:172.21.15.8:3300/0 5 ==== osd_map(3..3 src has 1..3) v4 ==== 1155+0+0 (secure 0 0 0) 0x7fe06004ce60 con 0x7fe06c108040
2024-03-12T03:59:29.523 INFO:teuthology.orchestra.run.smithi008.stdout:/usr/bin/ceph: stderr
2024-03-12T03:59:28.356+0000 7fe071200700 1 --2- 172.21.15.8:0/643006972 >> [v2:172.21.15.8:6800/1094132627,v1:172.21.15.8:6801/1094132627] conn(0x7fe054038d60 0x7fe05403b220 unknown :-1 s=BANNER_CONNECTING pgs=0 cs=0 l=1 rev1=0 crypto rx=0 tx=0 comp rx=0 tx=0)._handle_peer_banner_payload supported=3 required=0
2024-03-12T03:59:29.523 INFO:teuthology.orchestra.run.smithi008.stdout:/usr/bin/ceph: stderr
2024-03-12T03:59:28.357+0000 7fe071200700 1 --2- 172.21.15.8:0/643006972 >> [v2:172.21.15.8:6800/1094132627,v1:172.21.15.8:6801/1094132627] conn(0x7fe054038d60 0x7fe05403b220 secure :-1 s=READY pgs=7 cs=0 l=1 rev1=1 crypto rx=0x7fe058006fd0 tx=0x7fe058006e40 comp rx=0 tx=0).ready entity=mgr.14152 client_cookie=0 server_cookie=0 in_seq=0 out_seq=0
2024-03-12T03:59:29.523 INFO:teuthology.orchestra.run.smithi008.stdout:/usr/bin/ceph: stderr
2024-03-12T03:59:28.361+0000 7fe06a000700 1 -- 172.21.15.8:0/643006972 <== mon.0 v2:172.21.15.8:3300/0 6 ==== mon_command_ack([{"prefix": "get_command_descriptions"}]=0 v0) v1 ==== 72+0+183564 (secure 0 0 0) 0x7fe0600249a0 con 0x7fe06c108040
2024-03-12T03:59:29.523 INFO:teuthology.orchestra.run.smithi008.stdout:/usr/bin/ceph: stderr
2024-03-12T03:59:28.589+0000 7fe074600700 1 -- 172.21.15.8:0/643006972 --> [v2:172.21.15.8:6800/1094132627,v1:172.21.15.8:6801/1094132627] -- mgr_command(tid 0: {"prefix": "dashboard create-self-signed-cert", "target": ["mon-mgr", ""]}) v1 -- 0x7fe06c19e890 con 0x7fe054038d60
2024-03-12T03:59:29.523 INFO:teuthology.orchestra.run.smithi008.stdout:/usr/bin/ceph: stderr
2024-03-12T03:59:28.790+0000 7fe06a000700 1 -- 172.21.15.8:0/643006972 <== mgr.14152 v2:172.21.15.8:6800/1094132627 1 ==== mgr_command_reply(tid 0: 0 ) v1 ==== 8+0+32 (secure 0 0 0) 0x7fe06c19e890 con 0x7fe054038d60
2024-03-12T03:59:29.523 INFO:teuthology.orchestra.run.smithi008.stdout:/usr/bin/ceph: stderr
2024-03-12T03:59:28.793+0000 7fe074600700 1 -- 172.21.15.8:0/643006972 >> [v2:172.21.15.8:6800/1094132627,v1:172.21.15.8:6801/1094132627] conn(0x7fe054038d60 msgr2=0x7fe05403b220 secure :-1 s=STATE_CONNECTION_ESTABLISHED l=1).mark_down
2024-03-12T03:59:29.523 INFO:teuthology.orchestra.run.smithi008.stdout:/usr/bin/ceph: stderr
2024-03-12T03:59:28.793+0000 7fe074600700 1 --2- 172.21.15.8:0/643006972 >> [v2:172.21.15.8:6800/1094132627,v1:172.21.15.8:6801/1094132627] conn(0x7fe054038d60 0x7fe05403b220 secure :-1 s=READY pgs=7 cs=0 l=1 rev1=1 crypto rx=0x7fe058006fd0 tx=0x7fe058006e40 comp rx=0 tx=0).stop
2024-03-12T03:59:29.523 INFO:teuthology.orchestra.run.smithi008.stdout:/usr/bin/ceph: stderr
2024-03-12T03:59:28.793+0000 7fe074600700 1 -- 172.21.15.8:0/643006972 >> [v2:172.21.15.8:3300/0,v1:172.21.15.8:6789/0] conn(0x7fe06c108040 msgr2=0x7fe06c19b370 secure :-1 s=STATE_CONNECTION_ESTABLISHED l=1).mark_down
2024-03-12T03:59:29.523 INFO:teuthology.orchestra.run.smithi008.stdout:/usr/bin/ceph: stderr
2024-03-12T03:59:28.793+0000 7fe074600700 1 --2- 172.21.15.8:0/643006972 >> [v2:172.21.15.8:3300/0,v1:172.21.15.8:6789/0] conn(0x7fe06c108040 0x7fe06c19b370 secure :-1 s=READY pgs=71 cs=0 l=1 rev1=1 crypto rx=0x7fe060011b40 tx=0x7fe060011c20 comp rx=0 tx=0).stop
2024-03-12T03:59:29.523 INFO:teuthology.orchestra.run.smithi008.stdout:/usr/bin/ceph: stderr
2024-03-12T03:59:28.793+0000 7fe074600700 1 -- 172.21.15.8:0/643006972 shutdown_connections
2024-03-12T03:59:29.523 INFO:teuthology.orchestra.run.smithi008.stdout:/usr/bin/ceph: stderr
2024-03-12T03:59:28.793+0000 7fe074600700 1 --2- 172.21.15.8:0/643006972 >> [v2:172.21.15.8:6800/1094132627,v1:172.21.15.8:6801/1094132627] conn(0x7fe054038d60 0x7fe05403b220 unknown :-1 s=CLOSED pgs=7 cs=0 l=1 rev1=1 crypto rx=0 tx=0 comp rx=0 tx=0).stop
2024-03-12T03:59:29.524 INFO:teuthology.orchestra.run.smithi008.stdout:/usr/bin/ceph: stderr
2024-03-12T03:59:28.793+0000 7fe074600700 1 --2- 172.21.15.8:0/643006972 >> [v2:172.21.15.8:3300/0,v1:172.21.15.8:6789/0] conn(0x7fe06c108040 0x7fe06c19b370 unknown :-1 s=CLOSED pgs=71 cs=0 l=1 rev1=1 crypto rx=0 tx=0 comp rx=0 tx=0).stop
2024-03-12T03:59:29.524 INFO:teuthology.orchestra.run.smithi008.stdout:/usr/bin/ceph: stderr
2024-03-12T03:59:28.793+0000 7fe074600700 1 -- 172.21.15.8:0/643006972 >> 172.21.15.8:0/643006972 conn(0x7fe06c101a90 msgr2=0x7fe06c102580 unknown :-1 s=STATE_NONE l=0).mark_down
2024-03-12T03:59:29.524 INFO:teuthology.orchestra.run.smithi008.stdout:/usr/bin/ceph: stderr
2024-03-12T03:59:28.793+0000 7fe074600700 1 -- 172.21.15.8:0/643006972 shutdown_connections
2024-03-12T03:59:29.524 INFO:teuthology.orchestra.run.smithi008.stdout:/usr/bin/ceph: stderr
2024-03-12T03:59:28.793+0000 7fe074600700 1 -- 172.21.15.8:0/643006972 wait complete.
2024-03-12T03:59:29.524 INFO:teuthology.orchestra.run.smithi008.stdout:Creating initial admin user...
2024-03-12T03:59:30.086 INFO:journalctl@ceph.mon.a.smithi008.stdout:Mar 12 03:59:29 smithi008 ceph-mon[31863]: from='client.14164 -' entity='client.admin' cmd=[{"prefix": "dashboard create-self-signed-cert", "target": ["mon-mgr", ""]}]: dispatch
2024-03-12T03:59:30.086 INFO:journalctl@ceph.mon.a.smithi008.stdout:Mar 12 03:59:29 smithi008 ceph-mon[31863]: from='mgr.14152 172.21.15.8:0/4169414002' entity='mgr.x'
2024-03-12T03:59:30.086 INFO:journalctl@ceph.mon.a.smithi008.stdout:Mar 12 03:59:29 smithi008 ceph-mon[31863]: from='mgr.14152 172.21.15.8:0/4169414002' entity='mgr.x'
2024-03-12T03:59:31.290 INFO:journalctl@ceph.mon.a.smithi008.stdout:Mar 12 03:59:31 smithi008 ceph-mon[31863]: from='mgr.14152 172.21.15.8:0/4169414002' entity='mgr.x'
2024-03-12T03:59:31.290 INFO:journalctl@ceph.mon.a.smithi008.stdout:Mar 12 03:59:31 smithi008 ceph-mon[31863]: from='mgr.14152 172.21.15.8:0/4169414002' entity='mgr.x'
2024-03-12T03:59:31.298 INFO:teuthology.orchestra.run.smithi008.stdout:/usr/bin/ceph: stdout {"username": "admin", "password": "$2b$12$vtsDuEtkckZto3KT.Ug.fO/JbkWLe8oLfYG45lU9vDKxkT1TiY6c6", "roles": ["administrator"], "name": null, "email": null, "lastUpdate": 1710215970, "enabled": true, "pwdExpirationDate": null, "pwdUpdateRequired": true}
2024-03-12T03:59:31.299 INFO:teuthology.orchestra.run.smithi008.stdout:/usr/bin/ceph: stderr
2024-03-12T03:59:30.083+0000 7f2779a00700 1 Processor -- start
2024-03-12T03:59:31.299 INFO:teuthology.orchestra.run.smithi008.stdout:/usr/bin/ceph: stderr
2024-03-12T03:59:30.083+0000 7f2779a00700 1 -- start start
2024-03-12T03:59:31.299 INFO:teuthology.orchestra.run.smithi008.stdout:/usr/bin/ceph: stderr
2024-03-12T03:59:30.084+0000 7f2779a00700 1 --2- >> [v2:172.21.15.8:3300/0,v1:172.21.15.8:6789/0] conn(0x7f277407cea0 0x7f277407b350 unknown :-1 s=NONE pgs=0 cs=0 l=0 rev1=0 crypto rx=0 tx=0 comp rx=0 tx=0).connect
2024-03-12T03:59:31.299 INFO:teuthology.orchestra.run.smithi008.stdout:/usr/bin/ceph: stderr
2024-03-12T03:59:30.084+0000 7f2779a00700 1 -- --> [v2:172.21.15.8:3300/0,v1:172.21.15.8:6789/0] -- mon_getmap magic: 0 v1 -- 0x7f277407b920 con 0x7f277407cea0
2024-03-12T03:59:31.304 INFO:teuthology.orchestra.run.smithi008.stdout:/usr/bin/ceph: stderr
2024-03-12T03:59:30.084+0000 7f2772a00700 1 --2- >> [v2:172.21.15.8:3300/0,v1:172.21.15.8:6789/0] conn(0x7f277407cea0 0x7f277407b350 unknown :-1 s=BANNER_CONNECTING pgs=0 cs=0 l=0 rev1=0 crypto rx=0 tx=0 comp rx=0 tx=0)._handle_peer_banner_payload supported=3 required=0
2024-03-12T03:59:31.304 INFO:teuthology.orchestra.run.smithi008.stdout:/usr/bin/ceph: stderr
2024-03-12T03:59:30.084+0000 7f2772a00700 1 --2- >> [v2:172.21.15.8:3300/0,v1:172.21.15.8:6789/0] conn(0x7f277407cea0 0x7f277407b350 unknown :-1 s=HELLO_CONNECTING pgs=0 cs=0 l=0 rev1=1 crypto rx=0 tx=0 comp rx=0 tx=0).handle_hello peer v2:172.21.15.8:3300/0 says I am v2:172.21.15.8:59264/0 (socket says 172.21.15.8:59264)
2024-03-12T03:59:31.304 INFO:teuthology.orchestra.run.smithi008.stdout:/usr/bin/ceph: stderr
2024-03-12T03:59:30.084+0000 7f2772a00700 1 -- 172.21.15.8:0/2390744134 learned_addr learned my addr 172.21.15.8:0/2390744134 (peer_addr_for_me v2:172.21.15.8:0/0)
2024-03-12T03:59:31.304 INFO:teuthology.orchestra.run.smithi008.stdout:/usr/bin/ceph: stderr
2024-03-12T03:59:30.085+0000 7f2772a00700 1 -- 172.21.15.8:0/2390744134 --> [v2:172.21.15.8:3300/0,v1:172.21.15.8:6789/0] -- mon_subscribe({config=0+,monmap=0+}) v3 -- 0x7f277407ba60 con 0x7f277407cea0
2024-03-12T03:59:31.304 INFO:teuthology.orchestra.run.smithi008.stdout:/usr/bin/ceph: stderr
2024-03-12T03:59:30.085+0000 7f2772a00700 1 --2- 172.21.15.8:0/2390744134 >> [v2:172.21.15.8:3300/0,v1:172.21.15.8:6789/0] conn(0x7f277407cea0 0x7f277407b350 secure :-1 s=READY pgs=72 cs=0 l=1 rev1=1 crypto rx=0x7f27640098a0 tx=0x7f2764009bb0 comp rx=0 tx=0).ready entity=mon.0 client_cookie=2260742e4b55c5db server_cookie=0 in_seq=0 out_seq=0
2024-03-12T03:59:31.305 INFO:teuthology.orchestra.run.smithi008.stdout:/usr/bin/ceph: stderr
2024-03-12T03:59:30.086+0000 7f2771600700 1 -- 172.21.15.8:0/2390744134 <== mon.0 v2:172.21.15.8:3300/0 1 ==== mon_map magic: 0 v1 ==== 205+0+0 (secure 0 0 0) 0x7f2764004160 con 0x7f277407cea0
2024-03-12T03:59:31.305 INFO:teuthology.orchestra.run.smithi008.stdout:/usr/bin/ceph: stderr
2024-03-12T03:59:30.086+0000 7f2771600700 1 -- 172.21.15.8:0/2390744134 <== mon.0 v2:172.21.15.8:3300/0 2 ==== config(28 keys) v1 ==== 1174+0+0 (secure 0 0 0) 0x7f27640042c0 con 0x7f277407cea0
2024-03-12T03:59:31.305 INFO:teuthology.orchestra.run.smithi008.stdout:/usr/bin/ceph: stderr
2024-03-12T03:59:30.086+0000 7f2771600700 1 -- 172.21.15.8:0/2390744134 <== mon.0 v2:172.21.15.8:3300/0 3 ==== mon_map magic: 0 v1 ==== 205+0+0 (secure 0 0 0) 0x7f2764011b90 con 0x7f277407cea0
2024-03-12T03:59:31.305 INFO:teuthology.orchestra.run.smithi008.stdout:/usr/bin/ceph: stderr
2024-03-12T03:59:30.087+0000 7f2779a00700 1 -- 172.21.15.8:0/2390744134 >> [v2:172.21.15.8:3300/0,v1:172.21.15.8:6789/0] conn(0x7f277407cea0 msgr2=0x7f277407b350 secure :-1 s=STATE_CONNECTION_ESTABLISHED l=1).mark_down
2024-03-12T03:59:31.305 INFO:teuthology.orchestra.run.smithi008.stdout:/usr/bin/ceph: stderr
2024-03-12T03:59:30.087+0000 7f2779a00700 1 --2- 172.21.15.8:0/2390744134 >> [v2:172.21.15.8:3300/0,v1:172.21.15.8:6789/0] conn(0x7f277407cea0 0x7f277407b350 secure :-1 s=READY pgs=72 cs=0 l=1 rev1=1 crypto rx=0x7f27640098a0 tx=0x7f2764009bb0 comp rx=0 tx=0).stop
2024-03-12T03:59:31.305 INFO:teuthology.orchestra.run.smithi008.stdout:/usr/bin/ceph: stderr
2024-03-12T03:59:30.087+0000 7f2779a00700 1 -- 172.21.15.8:0/2390744134 shutdown_connections
2024-03-12T03:59:31.305 INFO:teuthology.orchestra.run.smithi008.stdout:/usr/bin/ceph: stderr
2024-03-12T03:59:30.087+0000 7f2779a00700 1 --2- 172.21.15.8:0/2390744134 >> [v2:172.21.15.8:3300/0,v1:172.21.15.8:6789/0] conn(0x7f277407cea0 0x7f277407b350 unknown :-1 s=CLOSED pgs=72 cs=0 l=1 rev1=1 crypto rx=0 tx=0 comp rx=0 tx=0).stop
2024-03-12T03:59:31.305 INFO:teuthology.orchestra.run.smithi008.stdout:/usr/bin/ceph: stderr
2024-03-12T03:59:30.087+0000 7f2779a00700 1 -- 172.21.15.8:0/2390744134 >> 172.21.15.8:0/2390744134 conn(0x7f2774102ba0 msgr2=0x7f2774104fc0 unknown :-1 s=STATE_NONE l=0).mark_down
2024-03-12T03:59:31.305 INFO:teuthology.orchestra.run.smithi008.stdout:/usr/bin/ceph: stderr
2024-03-12T03:59:30.087+0000 7f2779a00700 1 -- 172.21.15.8:0/2390744134 shutdown_connections
2024-03-12T03:59:31.305 INFO:teuthology.orchestra.run.smithi008.stdout:/usr/bin/ceph: stderr
2024-03-12T03:59:30.087+0000 7f2779a00700 1 -- 172.21.15.8:0/2390744134 wait complete.
2024-03-12T03:59:31.305 INFO:teuthology.orchestra.run.smithi008.stdout:/usr/bin/ceph: stderr
2024-03-12T03:59:30.088+0000 7f2779a00700 1 Processor -- start
2024-03-12T03:59:31.305 INFO:teuthology.orchestra.run.smithi008.stdout:/usr/bin/ceph: stderr
2024-03-12T03:59:30.089+0000 7f2779a00700 1 -- start start
2024-03-12T03:59:31.305 INFO:teuthology.orchestra.run.smithi008.stdout:/usr/bin/ceph: stderr
2024-03-12T03:59:30.089+0000 7f2779a00700 1 --2- >> [v2:172.21.15.8:3300/0,v1:172.21.15.8:6789/0] conn(0x7f277407cea0 0x7f27741a19b0 unknown :-1 s=NONE pgs=0 cs=0 l=1 rev1=0 crypto rx=0 tx=0 comp rx=0 tx=0).connect
2024-03-12T03:59:31.305 INFO:teuthology.orchestra.run.smithi008.stdout:/usr/bin/ceph: stderr
2024-03-12T03:59:30.089+0000 7f2779a00700 1 -- --> [v2:172.21.15.8:3300/0,v1:172.21.15.8:6789/0] -- mon_getmap magic: 0 v1 -- 0x7f27741a1ef0 con 0x7f277407cea0
2024-03-12T03:59:31.306 INFO:teuthology.orchestra.run.smithi008.stdout:/usr/bin/ceph: stderr
2024-03-12T03:59:30.089+0000 7f2772a00700 1 --2- >> [v2:172.21.15.8:3300/0,v1:172.21.15.8:6789/0] conn(0x7f277407cea0 0x7f27741a19b0 unknown :-1 s=BANNER_CONNECTING pgs=0 cs=0 l=1 rev1=0 crypto rx=0 tx=0 comp rx=0 tx=0)._handle_peer_banner_payload supported=3 required=0
2024-03-12T03:59:31.306 INFO:teuthology.orchestra.run.smithi008.stdout:/usr/bin/ceph: stderr
2024-03-12T03:59:30.089+0000 7f2772a00700 1 --2- >> [v2:172.21.15.8:3300/0,v1:172.21.15.8:6789/0] conn(0x7f277407cea0 0x7f27741a19b0 unknown :-1 s=HELLO_CONNECTING pgs=0 cs=0 l=1 rev1=1 crypto rx=0 tx=0 comp rx=0 tx=0).handle_hello peer v2:172.21.15.8:3300/0 says I am v2:172.21.15.8:59268/0 (socket says 172.21.15.8:59268)
2024-03-12T03:59:31.306 INFO:teuthology.orchestra.run.smithi008.stdout:/usr/bin/ceph: stderr
2024-03-12T03:59:30.089+0000 7f2772a00700 1 -- 172.21.15.8:0/2412319416 learned_addr learned my addr 172.21.15.8:0/2412319416 (peer_addr_for_me v2:172.21.15.8:0/0)
2024-03-12T03:59:31.306 INFO:teuthology.orchestra.run.smithi008.stdout:/usr/bin/ceph: stderr
2024-03-12T03:59:30.090+0000 7f2772a00700 1 -- 172.21.15.8:0/2412319416 --> [v2:172.21.15.8:3300/0,v1:172.21.15.8:6789/0] -- mon_subscribe({config=0+,monmap=0+}) v3 -- 0x7f2764009550 con 0x7f277407cea0
2024-03-12T03:59:31.306 INFO:teuthology.orchestra.run.smithi008.stdout:/usr/bin/ceph: stderr
2024-03-12T03:59:30.090+0000 7f2772a00700 1 --2- 172.21.15.8:0/2412319416 >> [v2:172.21.15.8:3300/0,v1:172.21.15.8:6789/0] conn(0x7f277407cea0 0x7f27741a19b0 secure :-1 s=READY pgs=73 cs=0 l=1 rev1=1 crypto rx=0x7f2764011b40 tx=0x7f2764011c20 comp rx=0 tx=0).ready entity=mon.0 client_cookie=0 server_cookie=0 in_seq=0 out_seq=0
2024-03-12T03:59:31.306 INFO:teuthology.orchestra.run.smithi008.stdout:/usr/bin/ceph: stderr
2024-03-12T03:59:30.090+0000 7f276b400700 1 -- 172.21.15.8:0/2412319416 <== mon.0 v2:172.21.15.8:3300/0 1 ==== mon_map magic: 0 v1 ==== 205+0+0 (secure 0 0 0) 0x7f2764003aa0 con 0x7f277407cea0
2024-03-12T03:59:31.306 INFO:teuthology.orchestra.run.smithi008.stdout:/usr/bin/ceph: stderr
2024-03-12T03:59:30.090+0000 7f2779a00700 1 -- 172.21.15.8:0/2412319416 --> [v2:172.21.15.8:3300/0,v1:172.21.15.8:6789/0] -- mon_subscribe({mgrmap=0+}) v3 -- 0x7f27741a20f0 con 0x7f277407cea0
2024-03-12T03:59:31.306 INFO:teuthology.orchestra.run.smithi008.stdout:/usr/bin/ceph: stderr
2024-03-12T03:59:30.090+0000 7f276b400700 1 -- 172.21.15.8:0/2412319416 <== mon.0 v2:172.21.15.8:3300/0 2 ==== config(28 keys) v1 ==== 1174+0+0 (secure 0 0 0) 0x7f2764003c00 con 0x7f277407cea0
2024-03-12T03:59:31.306 INFO:teuthology.orchestra.run.smithi008.stdout:/usr/bin/ceph: stderr
2024-03-12T03:59:30.090+0000 7f276b400700 1 -- 172.21.15.8:0/2412319416 <== mon.0 v2:172.21.15.8:3300/0 3 ==== mon_map magic: 0 v1 ==== 205+0+0 (secure 0 0 0) 0x7f2764024840 con 0x7f277407cea0
2024-03-12T03:59:31.306 INFO:teuthology.orchestra.run.smithi008.stdout:/usr/bin/ceph: stderr
2024-03-12T03:59:30.091+0000 7f2779a00700 1 -- 172.21.15.8:0/2412319416 --> [v2:172.21.15.8:3300/0,v1:172.21.15.8:6789/0] -- mon_subscribe({osdmap=0}) v3 -- 0x7f27741a2590 con 0x7f277407cea0
2024-03-12T03:59:31.306 INFO:teuthology.orchestra.run.smithi008.stdout:/usr/bin/ceph: stderr
2024-03-12T03:59:30.092+0000 7f276b400700 1 -- 172.21.15.8:0/2412319416 <== mon.0 v2:172.21.15.8:3300/0 4 ==== mgrmap(e 12) v1 ==== 45782+0+0 (secure 0 0 0) 0x7f27640249a0 con 0x7f277407cea0
2024-03-12T03:59:31.306 INFO:teuthology.orchestra.run.smithi008.stdout:/usr/bin/ceph: stderr
2024-03-12T03:59:30.092+0000 7f2779a00700 1 -- 172.21.15.8:0/2412319416 --> [v2:172.21.15.8:3300/0,v1:172.21.15.8:6789/0] -- mon_command({"prefix": "get_command_descriptions"} v 0) v1 -- 0x7f2774109630 con 0x7f277407cea0
2024-03-12T03:59:31.306 INFO:teuthology.orchestra.run.smithi008.stdout:/usr/bin/ceph: stderr
2024-03-12T03:59:30.092+0000 7f276b400700 1 --2- 172.21.15.8:0/2412319416 >> [v2:172.21.15.8:6800/1094132627,v1:172.21.15.8:6801/1094132627] conn(0x7f2758038d60 0x7f275803b220 unknown :-1 s=NONE pgs=0 cs=0 l=1 rev1=0 crypto rx=0 tx=0 comp rx=0 tx=0).connect
2024-03-12T03:59:31.307 INFO:teuthology.orchestra.run.smithi008.stdout:/usr/bin/ceph: stderr
2024-03-12T03:59:30.092+0000 7f276b400700 1 -- 172.21.15.8:0/2412319416 <== mon.0 v2:172.21.15.8:3300/0 5 ==== osd_map(3..3 src has 1..3) v4 ==== 1155+0+0 (secure 0 0 0) 0x7f276404d070 con 0x7f277407cea0
2024-03-12T03:59:31.307 INFO:teuthology.orchestra.run.smithi008.stdout:/usr/bin/ceph: stderr
2024-03-12T03:59:30.093+0000 7f2772000700 1 --2- 172.21.15.8:0/2412319416 >> [v2:172.21.15.8:6800/1094132627,v1:172.21.15.8:6801/1094132627] conn(0x7f2758038d60 0x7f275803b220 unknown :-1 s=BANNER_CONNECTING pgs=0 cs=0 l=1 rev1=0 crypto rx=0 tx=0 comp rx=0 tx=0)._handle_peer_banner_payload supported=3 required=0
2024-03-12T03:59:31.307 INFO:teuthology.orchestra.run.smithi008.stdout:/usr/bin/ceph: stderr
