2024-03-12T03:59:13.399+0000 7fc785600700 1 -- 172.21.15.8:0/621868535 <== mon.0 v2:172.21.15.8:3300/0 4 ==== mgrmap(e 8) v1 ==== 45769+0+0 (secure 0 0 0) 0x7fc77c01abc0 con 0x7fc788105eb0
2024-03-12T03:59:14.392 INFO:teuthology.orchestra.run.smithi008.stdout:/usr/bin/ceph: stderr
2024-03-12T03:59:13.399+0000 7fc785600700 1 --2- 172.21.15.8:0/621868535 >> [v2:172.21.15.8:6800/3277803434,v1:172.21.15.8:6801/3277803434] conn(0x7fc770038d00 0x7fc77003b1c0 unknown :-1 s=NONE pgs=0 cs=0 l=1 rev1=0 crypto rx=0 tx=0 comp rx=0 tx=0).connect
2024-03-12T03:59:14.392 INFO:teuthology.orchestra.run.smithi008.stdout:/usr/bin/ceph: stderr
2024-03-12T03:59:13.399+0000 7fc785600700 1 -- 172.21.15.8:0/621868535 <== mon.0 v2:172.21.15.8:3300/0 5 ==== osd_map(2..2 src has 1..2) v4 ==== 940+0+0 (secure 0 0 0) 0x7fc77c04ce30 con 0x7fc788105eb0
2024-03-12T03:59:14.392 INFO:teuthology.orchestra.run.smithi008.stdout:/usr/bin/ceph: stderr
2024-03-12T03:59:13.400+0000 7fc787e00700 1 --2- 172.21.15.8:0/621868535 >> [v2:172.21.15.8:6800/3277803434,v1:172.21.15.8:6801/3277803434] conn(0x7fc770038d00 0x7fc77003b1c0 unknown :-1 s=BANNER_CONNECTING pgs=0 cs=0 l=1 rev1=0 crypto rx=0 tx=0 comp rx=0 tx=0)._handle_peer_banner_payload supported=3 required=0
2024-03-12T03:59:14.392 INFO:teuthology.orchestra.run.smithi008.stdout:/usr/bin/ceph: stderr
2024-03-12T03:59:13.400+0000 7fc787e00700 1 --2- 172.21.15.8:0/621868535 >> [v2:172.21.15.8:6800/3277803434,v1:172.21.15.8:6801/3277803434] conn(0x7fc770038d00 0x7fc77003b1c0 secure :-1 s=READY pgs=15 cs=0 l=1 rev1=1 crypto rx=0x7fc774006fd0 tx=0x7fc774006e40 comp rx=0 tx=0).ready entity=mgr.14120 client_cookie=0 server_cookie=0 in_seq=0 out_seq=0
2024-03-12T03:59:14.393 INFO:teuthology.orchestra.run.smithi008.stdout:/usr/bin/ceph: stderr
2024-03-12T03:59:13.405+0000 7fc785600700 1 -- 172.21.15.8:0/621868535 <== mon.0 v2:172.21.15.8:3300/0 6 ==== mon_command_ack([{"prefix": "get_command_descriptions"}]=0 v0) v1 ==== 72+0+183564 (secure 0 0 0) 0x7fc77c051070 con 0x7fc788105eb0
2024-03-12T03:59:14.393 INFO:teuthology.orchestra.run.smithi008.stdout:/usr/bin/ceph: stderr
2024-03-12T03:59:13.629+0000 7fc78f400700 1 -- 172.21.15.8:0/621868535 --> [v2:172.21.15.8:3300/0,v1:172.21.15.8:6789/0] -- mon_command([{prefix=config set, name=mgr/dashboard/ssl_server_port}] v 0) v1 -- 0x7fc7881075f0 con 0x7fc788105eb0
2024-03-12T03:59:14.393 INFO:teuthology.orchestra.run.smithi008.stdout:/usr/bin/ceph: stderr
2024-03-12T03:59:13.633+0000 7fc785600700 1 -- 172.21.15.8:0/621868535 <== mon.0 v2:172.21.15.8:3300/0 7 ==== mon_command_ack([{prefix=config set, name=mgr/dashboard/ssl_server_port}]=0 v8)=0 v8) v1 ==== 130+0+0 (secure 0 0 0) 0x7fc77c0249a0 con 0x7fc788105eb0
2024-03-12T03:59:14.393 INFO:teuthology.orchestra.run.smithi008.stdout:/usr/bin/ceph: stderr
2024-03-12T03:59:13.637+0000 7fc78f400700 1 -- 172.21.15.8:0/621868535 >> [v2:172.21.15.8:6800/3277803434,v1:172.21.15.8:6801/3277803434] conn(0x7fc770038d00 msgr2=0x7fc77003b1c0 secure :-1 s=STATE_CONNECTION_ESTABLISHED l=1).mark_down
2024-03-12T03:59:14.393 INFO:teuthology.orchestra.run.smithi008.stdout:/usr/bin/ceph: stderr
2024-03-12T03:59:13.637+0000 7fc78f400700 1 --2- 172.21.15.8:0/621868535 >> [v2:172.21.15.8:6800/3277803434,v1:172.21.15.8:6801/3277803434] conn(0x7fc770038d00 0x7fc77003b1c0 secure :-1 s=READY pgs=15 cs=0 l=1 rev1=1 crypto rx=0x7fc774006fd0 tx=0x7fc774006e40 comp rx=0 tx=0).stop
2024-03-12T03:59:14.393 INFO:teuthology.orchestra.run.smithi008.stdout:/usr/bin/ceph: stderr
2024-03-12T03:59:13.637+0000 7fc78f400700 1 -- 172.21.15.8:0/621868535 >> [v2:172.21.15.8:3300/0,v1:172.21.15.8:6789/0] conn(0x7fc788105eb0 msgr2=0x7fc78819d5b0 secure :-1 s=STATE_CONNECTION_ESTABLISHED l=1).mark_down
2024-03-12T03:59:14.393 INFO:teuthology.orchestra.run.smithi008.stdout:/usr/bin/ceph: stderr
2024-03-12T03:59:13.637+0000 7fc78f400700 1 --2- 172.21.15.8:0/621868535 >> [v2:172.21.15.8:3300/0,v1:172.21.15.8:6789/0] conn(0x7fc788105eb0 0x7fc78819d5b0 secure :-1 s=READY pgs=54 cs=0 l=1 rev1=1 crypto rx=0x7fc77c011b40 tx=0x7fc77c011c20 comp rx=0 tx=0).stop
2024-03-12T03:59:14.393 INFO:teuthology.orchestra.run.smithi008.stdout:/usr/bin/ceph: stderr
2024-03-12T03:59:13.637+0000 7fc78f400700 1 -- 172.21.15.8:0/621868535 shutdown_connections
2024-03-12T03:59:14.393 INFO:teuthology.orchestra.run.smithi008.stdout:/usr/bin/ceph: stderr
2024-03-12T03:59:13.637+0000 7fc78f400700 1 --2- 172.21.15.8:0/621868535 >> [v2:172.21.15.8:6800/3277803434,v1:172.21.15.8:6801/3277803434] conn(0x7fc770038d00 0x7fc77003b1c0 unknown :-1 s=CLOSED pgs=15 cs=0 l=1 rev1=1 crypto rx=0 tx=0 comp rx=0 tx=0).stop
2024-03-12T03:59:14.393 INFO:teuthology.orchestra.run.smithi008.stdout:/usr/bin/ceph: stderr
2024-03-12T03:59:13.637+0000 7fc78f400700 1 --2- 172.21.15.8:0/621868535 >> [v2:172.21.15.8:3300/0,v1:172.21.15.8:6789/0] conn(0x7fc788105eb0 0x7fc78819d5b0 unknown :-1 s=CLOSED pgs=54 cs=0 l=1 rev1=1 crypto rx=0 tx=0 comp rx=0 tx=0).stop
2024-03-12T03:59:14.393 INFO:teuthology.orchestra.run.smithi008.stdout:/usr/bin/ceph: stderr
2024-03-12T03:59:13.637+0000 7fc78f400700 1 -- 172.21.15.8:0/621868535 >> 172.21.15.8:0/621868535 conn(0x7fc788101ab0 msgr2=0x7fc7881943c0 unknown :-1 s=STATE_NONE l=0).mark_down
2024-03-12T03:59:14.393 INFO:teuthology.orchestra.run.smithi008.stdout:/usr/bin/ceph: stderr
2024-03-12T03:59:13.637+0000 7fc78f400700 1 -- 172.21.15.8:0/621868535 shutdown_connections
2024-03-12T03:59:14.393 INFO:teuthology.orchestra.run.smithi008.stdout:/usr/bin/ceph: stderr
2024-03-12T03:59:13.637+0000 7fc78f400700 1 -- 172.21.15.8:0/621868535 wait complete.
2024-03-12T03:59:14.393 INFO:teuthology.orchestra.run.smithi008.stdout:Enabling the dashboard module...
2024-03-12T03:59:15.284 INFO:journalctl@ceph.mon.a.smithi008.stdout:Mar 12 03:59:15 smithi008 ceph-mon[31863]: pgmap v5: 0 pgs: ; 0 B data, 0 B used, 0 B / 0 B avail
2024-03-12T03:59:16.369 INFO:journalctl@ceph.mon.a.smithi008.stdout:Mar 12 03:59:16 smithi008 ceph-mon[31863]: from='mgr.14120 172.21.15.8:0/124893801' entity='mgr.x'
2024-03-12T03:59:16.369 INFO:journalctl@ceph.mon.a.smithi008.stdout:Mar 12 03:59:16 smithi008 ceph-mon[31863]: from='client.? 172.21.15.8:0/1723781591' entity='client.admin' cmd=[{"prefix": "mgr module enable", "module": "dashboard"}]: dispatch
2024-03-12T03:59:16.369 INFO:journalctl@ceph.mgr.x.smithi008.stdout:Mar 12 03:59:16 smithi008 ceph-99e0de16-e024-11ee-95c8-87774f69a715-mgr-x[32091]: ignoring --setuser ceph since I am not root
2024-03-12T03:59:16.370 INFO:journalctl@ceph.mgr.x.smithi008.stdout:Mar 12 03:59:16 smithi008 ceph-99e0de16-e024-11ee-95c8-87774f69a715-mgr-x[32091]: ignoring --setgroup ceph since I am not root
2024-03-12T03:59:17.154 INFO:journalctl@ceph.mgr.x.smithi008.stdout:Mar 12 03:59:17 smithi008 ceph-99e0de16-e024-11ee-95c8-87774f69a715-mgr-x[32091]:
2024-03-12T03:59:17.022+0000 7f8eb0f66200 -1 mgr[py] Module osd_perf_query has missing NOTIFY_TYPES member
2024-03-12T03:59:17.154 INFO:journalctl@ceph.mgr.x.smithi008.stdout:Mar 12 03:59:17 smithi008 ceph-99e0de16-e024-11ee-95c8-87774f69a715-mgr-x[32091]:
2024-03-12T03:59:17.150+0000 7f8eb0f66200 -1 mgr[py] Module snap_schedule has missing NOTIFY_TYPES member
2024-03-12T03:59:17.574 INFO:journalctl@ceph.mon.a.smithi008.stdout:Mar 12 03:59:17 smithi008 ceph-mon[31863]: from='client.? 172.21.15.8:0/1723781591' entity='client.admin' cmd='[{"prefix": "mgr module enable", "module": "dashboard"}]': finished
2024-03-12T03:59:17.574 INFO:journalctl@ceph.mon.a.smithi008.stdout:Mar 12 03:59:17 smithi008 ceph-mon[31863]: mgrmap e9: x(active, since 25s)
2024-03-12T03:59:17.583 INFO:teuthology.orchestra.run.smithi008.stdout:/usr/bin/ceph: stderr
2024-03-12T03:59:14.976+0000 7ff33d400700 1 Processor -- start
2024-03-12T03:59:17.583 INFO:teuthology.orchestra.run.smithi008.stdout:/usr/bin/ceph: stderr
2024-03-12T03:59:14.977+0000 7ff33d400700 1 -- start start
2024-03-12T03:59:17.587 INFO:teuthology.orchestra.run.smithi008.stdout:/usr/bin/ceph: stderr
2024-03-12T03:59:14.977+0000 7ff33d400700 1 --2- >> [v2:172.21.15.8:3300/0,v1:172.21.15.8:6789/0] conn(0x7ff33807ce40 0x7ff33807b2f0 unknown :-1 s=NONE pgs=0 cs=0 l=0 rev1=0 crypto rx=0 tx=0 comp rx=0 tx=0).connect
2024-03-12T03:59:17.587 INFO:teuthology.orchestra.run.smithi008.stdout:/usr/bin/ceph: stderr
2024-03-12T03:59:14.977+0000 7ff33d400700 1 -- --> [v2:172.21.15.8:3300/0,v1:172.21.15.8:6789/0] -- mon_getmap magic: 0 v1 -- 0x7ff33807b830 con 0x7ff33807ce40
2024-03-12T03:59:17.587 INFO:teuthology.orchestra.run.smithi008.stdout:/usr/bin/ceph: stderr
2024-03-12T03:59:14.978+0000 7ff336800700 1 --2- >> [v2:172.21.15.8:3300/0,v1:172.21.15.8:6789/0] conn(0x7ff33807ce40 0x7ff33807b2f0 unknown :-1 s=BANNER_CONNECTING pgs=0 cs=0 l=0 rev1=0 crypto rx=0 tx=0 comp rx=0 tx=0)._handle_peer_banner_payload supported=3 required=0
2024-03-12T03:59:17.587 INFO:teuthology.orchestra.run.smithi008.stdout:/usr/bin/ceph: stderr
2024-03-12T03:59:14.978+0000 7ff336800700 1 --2- >> [v2:172.21.15.8:3300/0,v1:172.21.15.8:6789/0] conn(0x7ff33807ce40 0x7ff33807b2f0 unknown :-1 s=HELLO_CONNECTING pgs=0 cs=0 l=0 rev1=1 crypto rx=0 tx=0 comp rx=0 tx=0).handle_hello peer v2:172.21.15.8:3300/0 says I am v2:172.21.15.8:35802/0 (socket says 172.21.15.8:35802)
2024-03-12T03:59:17.587 INFO:teuthology.orchestra.run.smithi008.stdout:/usr/bin/ceph: stderr
2024-03-12T03:59:14.978+0000 7ff336800700 1 -- 172.21.15.8:0/1023496494 learned_addr learned my addr 172.21.15.8:0/1023496494 (peer_addr_for_me v2:172.21.15.8:0/0)
2024-03-12T03:59:17.587 INFO:teuthology.orchestra.run.smithi008.stdout:/usr/bin/ceph: stderr
2024-03-12T03:59:14.978+0000 7ff336800700 1 -- 172.21.15.8:0/1023496494 --> [v2:172.21.15.8:3300/0,v1:172.21.15.8:6789/0] -- mon_subscribe({config=0+,monmap=0+}) v3 -- 0x7ff33807b970 con 0x7ff33807ce40
2024-03-12T03:59:17.587 INFO:teuthology.orchestra.run.smithi008.stdout:/usr/bin/ceph: stderr
2024-03-12T03:59:14.979+0000 7ff336800700 1 --2- 172.21.15.8:0/1023496494 >> [v2:172.21.15.8:3300/0,v1:172.21.15.8:6789/0] conn(0x7ff33807ce40 0x7ff33807b2f0 secure :-1 s=READY pgs=55 cs=0 l=1 rev1=1 crypto rx=0x7ff3280098a0 tx=0x7ff328009bb0 comp rx=0 tx=0).ready entity=mon.0 client_cookie=ce91b9864812d8c2 server_cookie=0 in_seq=0 out_seq=0
2024-03-12T03:59:17.588 INFO:teuthology.orchestra.run.smithi008.stdout:/usr/bin/ceph: stderr
2024-03-12T03:59:14.979+0000 7ff335e00700 1 -- 172.21.15.8:0/1023496494 <== mon.0 v2:172.21.15.8:3300/0 1 ==== mon_map magic: 0 v1 ==== 205+0+0 (secure 0 0 0) 0x7ff328004160 con 0x7ff33807ce40
2024-03-12T03:59:17.588 INFO:teuthology.orchestra.run.smithi008.stdout:/usr/bin/ceph: stderr
2024-03-12T03:59:14.979+0000 7ff335e00700 1 -- 172.21.15.8:0/1023496494 <== mon.0 v2:172.21.15.8:3300/0 2 ==== config(28 keys) v1 ==== 1174+0+0 (secure 0 0 0) 0x7ff3280042c0 con 0x7ff33807ce40
2024-03-12T03:59:17.588 INFO:teuthology.orchestra.run.smithi008.stdout:/usr/bin/ceph: stderr
2024-03-12T03:59:14.979+0000 7ff335e00700 1 -- 172.21.15.8:0/1023496494 <== mon.0 v2:172.21.15.8:3300/0 3 ==== mon_map magic: 0 v1 ==== 205+0+0 (secure 0 0 0) 0x7ff328011b90 con 0x7ff33807ce40
2024-03-12T03:59:17.588 INFO:teuthology.orchestra.run.smithi008.stdout:/usr/bin/ceph: stderr
2024-03-12T03:59:14.980+0000 7ff33d400700 1 -- 172.21.15.8:0/1023496494 >> [v2:172.21.15.8:3300/0,v1:172.21.15.8:6789/0] conn(0x7ff33807ce40 msgr2=0x7ff33807b2f0 secure :-1 s=STATE_CONNECTION_ESTABLISHED l=1).mark_down
2024-03-12T03:59:17.588 INFO:teuthology.orchestra.run.smithi008.stdout:/usr/bin/ceph: stderr
2024-03-12T03:59:14.980+0000 7ff33d400700 1 --2- 172.21.15.8:0/1023496494 >> [v2:172.21.15.8:3300/0,v1:172.21.15.8:6789/0] conn(0x7ff33807ce40 0x7ff33807b2f0 secure :-1 s=READY pgs=55 cs=0 l=1 rev1=1 crypto rx=0x7ff3280098a0 tx=0x7ff328009bb0 comp rx=0 tx=0).stop
2024-03-12T03:59:17.588 INFO:teuthology.orchestra.run.smithi008.stdout:/usr/bin/ceph: stderr
2024-03-12T03:59:14.980+0000 7ff33d400700 1 -- 172.21.15.8:0/1023496494 shutdown_connections
2024-03-12T03:59:17.588 INFO:teuthology.orchestra.run.smithi008.stdout:/usr/bin/ceph: stderr
2024-03-12T03:59:14.980+0000 7ff33d400700 1 --2- 172.21.15.8:0/1023496494 >> [v2:172.21.15.8:3300/0,v1:172.21.15.8:6789/0] conn(0x7ff33807ce40 0x7ff33807b2f0 unknown :-1 s=CLOSED pgs=55 cs=0 l=1 rev1=1 crypto rx=0 tx=0 comp rx=0 tx=0).stop
2024-03-12T03:59:17.588 INFO:teuthology.orchestra.run.smithi008.stdout:/usr/bin/ceph: stderr
2024-03-12T03:59:14.980+0000 7ff33d400700 1 -- 172.21.15.8:0/1023496494 >> 172.21.15.8:0/1023496494 conn(0x7ff338102b90 msgr2=0x7ff338104fb0 unknown :-1 s=STATE_NONE l=0).mark_down
2024-03-12T03:59:17.588 INFO:teuthology.orchestra.run.smithi008.stdout:/usr/bin/ceph: stderr
2024-03-12T03:59:14.980+0000 7ff33d400700 1 -- 172.21.15.8:0/1023496494 shutdown_connections
2024-03-12T03:59:17.588 INFO:teuthology.orchestra.run.smithi008.stdout:/usr/bin/ceph: stderr
2024-03-12T03:59:14.980+0000 7ff33d400700 1 -- 172.21.15.8:0/1023496494 wait complete.
2024-03-12T03:59:17.588 INFO:teuthology.orchestra.run.smithi008.stdout:/usr/bin/ceph: stderr
2024-03-12T03:59:14.981+0000 7ff33d400700 1 Processor -- start
2024-03-12T03:59:17.588 INFO:teuthology.orchestra.run.smithi008.stdout:/usr/bin/ceph: stderr
2024-03-12T03:59:14.982+0000 7ff33d400700 1 -- start start
2024-03-12T03:59:17.589 INFO:teuthology.orchestra.run.smithi008.stdout:/usr/bin/ceph: stderr
2024-03-12T03:59:14.982+0000 7ff33d400700 1 --2- >> [v2:172.21.15.8:3300/0,v1:172.21.15.8:6789/0] conn(0x7ff33807ce40 0x7ff33819d580 unknown :-1 s=NONE pgs=0 cs=0 l=1 rev1=0 crypto rx=0 tx=0 comp rx=0 tx=0).connect
2024-03-12T03:59:17.589 INFO:teuthology.orchestra.run.smithi008.stdout:/usr/bin/ceph: stderr
2024-03-12T03:59:14.982+0000 7ff33d400700 1 -- --> [v2:172.21.15.8:3300/0,v1:172.21.15.8:6789/0] -- mon_getmap magic: 0 v1 -- 0x7ff33819dac0 con 0x7ff33807ce40
2024-03-12T03:59:17.589 INFO:teuthology.orchestra.run.smithi008.stdout:/usr/bin/ceph: stderr
2024-03-12T03:59:14.982+0000 7ff336800700 1 --2- >> [v2:172.21.15.8:3300/0,v1:172.21.15.8:6789/0] conn(0x7ff33807ce40 0x7ff33819d580 unknown :-1 s=BANNER_CONNECTING pgs=0 cs=0 l=1 rev1=0 crypto rx=0 tx=0 comp rx=0 tx=0)._handle_peer_banner_payload supported=3 required=0
2024-03-12T03:59:17.589 INFO:teuthology.orchestra.run.smithi008.stdout:/usr/bin/ceph: stderr
2024-03-12T03:59:14.982+0000 7ff336800700 1 --2- >> [v2:172.21.15.8:3300/0,v1:172.21.15.8:6789/0] conn(0x7ff33807ce40 0x7ff33819d580 unknown :-1 s=HELLO_CONNECTING pgs=0 cs=0 l=1 rev1=1 crypto rx=0 tx=0 comp rx=0 tx=0).handle_hello peer v2:172.21.15.8:3300/0 says I am v2:172.21.15.8:35812/0 (socket says 172.21.15.8:35812)
2024-03-12T03:59:17.589 INFO:teuthology.orchestra.run.smithi008.stdout:/usr/bin/ceph: stderr
2024-03-12T03:59:14.983+0000 7ff336800700 1 -- 172.21.15.8:0/1723781591 learned_addr learned my addr 172.21.15.8:0/1723781591 (peer_addr_for_me v2:172.21.15.8:0/0)
2024-03-12T03:59:17.589 INFO:teuthology.orchestra.run.smithi008.stdout:/usr/bin/ceph: stderr
2024-03-12T03:59:14.983+0000 7ff336800700 1 -- 172.21.15.8:0/1723781591 --> [v2:172.21.15.8:3300/0,v1:172.21.15.8:6789/0] -- mon_subscribe({config=0+,monmap=0+}) v3 -- 0x7ff328009550 con 0x7ff33807ce40
2024-03-12T03:59:17.589 INFO:teuthology.orchestra.run.smithi008.stdout:/usr/bin/ceph: stderr
2024-03-12T03:59:14.983+0000 7ff336800700 1 --2- 172.21.15.8:0/1723781591 >> [v2:172.21.15.8:3300/0,v1:172.21.15.8:6789/0] conn(0x7ff33807ce40 0x7ff33819d580 secure :-1 s=READY pgs=56 cs=0 l=1 rev1=1 crypto rx=0x7ff328011b40 tx=0x7ff328011c20 comp rx=0 tx=0).ready entity=mon.0 client_cookie=0 server_cookie=0 in_seq=0 out_seq=0
2024-03-12T03:59:17.589 INFO:teuthology.orchestra.run.smithi008.stdout:/usr/bin/ceph: stderr
2024-03-12T03:59:14.984+0000 7ff32fe00700 1 -- 172.21.15.8:0/1723781591 <== mon.0 v2:172.21.15.8:3300/0 1 ==== mon_map magic: 0 v1 ==== 205+0+0 (secure 0 0 0) 0x7ff328003b20 con 0x7ff33807ce40
2024-03-12T03:59:17.589 INFO:teuthology.orchestra.run.smithi008.stdout:/usr/bin/ceph: stderr
2024-03-12T03:59:14.984+0000 7ff32fe00700 1 -- 172.21.15.8:0/1723781591 <== mon.0 v2:172.21.15.8:3300/0 2 ==== config(28 keys) v1 ==== 1174+0+0 (secure 0 0 0) 0x7ff328003c80 con 0x7ff33807ce40
2024-03-12T03:59:17.589 INFO:teuthology.orchestra.run.smithi008.stdout:/usr/bin/ceph: stderr
2024-03-12T03:59:14.984+0000 7ff32fe00700 1 -- 172.21.15.8:0/1723781591 <== mon.0 v2:172.21.15.8:3300/0 3 ==== mon_map magic: 0 v1 ==== 205+0+0 (secure 0 0 0) 0x7ff3280248e0 con 0x7ff33807ce40
2024-03-12T03:59:17.589 INFO:teuthology.orchestra.run.smithi008.stdout:/usr/bin/ceph: stderr
2024-03-12T03:59:14.984+0000 7ff33d400700 1 -- 172.21.15.8:0/1723781591 --> [v2:172.21.15.8:3300/0,v1:172.21.15.8:6789/0] -- mon_subscribe({mgrmap=0+}) v3 -- 0x7ff33819dcc0 con 0x7ff33807ce40
2024-03-12T03:59:17.589 INFO:teuthology.orchestra.run.smithi008.stdout:/usr/bin/ceph: stderr
2024-03-12T03:59:14.984+0000 7ff33d400700 1 -- 172.21.15.8:0/1723781591 --> [v2:172.21.15.8:3300/0,v1:172.21.15.8:6789/0] -- mon_subscribe({osdmap=0}) v3 -- 0x7ff33819e160 con 0x7ff33807ce40
2024-03-12T03:59:17.589 INFO:teuthology.orchestra.run.smithi008.stdout:/usr/bin/ceph: stderr
2024-03-12T03:59:14.985+0000 7ff32fe00700 1 -- 172.21.15.8:0/1723781591 <== mon.0 v2:172.21.15.8:3300/0 4 ==== mgrmap(e 8) v1 ==== 45769+0+0 (secure 0 0 0) 0x7ff32801ac50 con 0x7ff33807ce40
2024-03-12T03:59:17.590 INFO:teuthology.orchestra.run.smithi008.stdout:/usr/bin/ceph: stderr
2024-03-12T03:59:14.985+0000 7ff33d400700 1 -- 172.21.15.8:0/1723781591 --> [v2:172.21.15.8:3300/0,v1:172.21.15.8:6789/0] -- mon_command({"prefix": "get_command_descriptions"} v 0) v1 -- 0x7ff33810d9f0 con 0x7ff33807ce40
2024-03-12T03:59:17.592 INFO:teuthology.orchestra.run.smithi008.stdout:/usr/bin/ceph: stderr
2024-03-12T03:59:14.986+0000 7ff32fe00700 1 --2- 172.21.15.8:0/1723781591 >> [v2:172.21.15.8:6800/3277803434,v1:172.21.15.8:6801/3277803434] conn(0x7ff31c038d00 0x7ff31c03b1c0 unknown :-1 s=NONE pgs=0 cs=0 l=1 rev1=0 crypto rx=0 tx=0 comp rx=0 tx=0).connect
2024-03-12T03:59:17.592 INFO:teuthology.orchestra.run.smithi008.stdout:/usr/bin/ceph: stderr
2024-03-12T03:59:14.986+0000 7ff32fe00700 1 -- 172.21.15.8:0/1723781591 <== mon.0 v2:172.21.15.8:3300/0 5 ==== osd_map(2..2 src has 1..2) v4 ==== 940+0+0 (secure 0 0 0) 0x7ff32804ce40 con 0x7ff33807ce40
2024-03-12T03:59:17.592 INFO:teuthology.orchestra.run.smithi008.stdout:/usr/bin/ceph: stderr
2024-03-12T03:59:14.986+0000 7ff32de00700 1 --2- 172.21.15.8:0/1723781591 >> [v2:172.21.15.8:6800/3277803434,v1:172.21.15.8:6801/3277803434] conn(0x7ff31c038d00 0x7ff31c03b1c0 unknown :-1 s=BANNER_CONNECTING pgs=0 cs=0 l=1 rev1=0 crypto rx=0 tx=0 comp rx=0 tx=0)._handle_peer_banner_payload supported=3 required=0
2024-03-12T03:59:17.592 INFO:teuthology.orchestra.run.smithi008.stdout:/usr/bin/ceph: stderr
2024-03-12T03:59:14.987+0000 7ff32de00700 1 --2- 172.21.15.8:0/1723781591 >> [v2:172.21.15.8:6800/3277803434,v1:172.21.15.8:6801/3277803434] conn(0x7ff31c038d00 0x7ff31c03b1c0 secure :-1 s=READY pgs=16 cs=0 l=1 rev1=1 crypto rx=0x7ff320006fd0 tx=0x7ff320006e40 comp rx=0 tx=0).ready entity=mgr.14120 client_cookie=0 server_cookie=0 in_seq=0 out_seq=0
2024-03-12T03:59:17.592 INFO:teuthology.orchestra.run.smithi008.stdout:/usr/bin/ceph: stderr
2024-03-12T03:59:14.992+0000 7ff32fe00700 1 -- 172.21.15.8:0/1723781591 <== mon.0 v2:172.21.15.8:3300/0 6 ==== mon_command_ack([{"prefix": "get_command_descriptions"}]=0 v0) v1 ==== 72+0+183564 (secure 0 0 0) 0x7ff328018760 con 0x7ff33807ce40
2024-03-12T03:59:17.592 INFO:teuthology.orchestra.run.smithi008.stdout:/usr/bin/ceph: stderr
2024-03-12T03:59:15.280+0000 7ff33d400700 1 -- 172.21.15.8:0/1723781591 --> [v2:172.21.15.8:3300/0,v1:172.21.15.8:6789/0] -- mon_command({"prefix": "mgr module enable", "module": "dashboard"} v 0) v1 -- 0x7ff3381a0a40 con 0x7ff33807ce40
2024-03-12T03:59:17.592 INFO:teuthology.orchestra.run.smithi008.stdout:/usr/bin/ceph: stderr
2024-03-12T03:59:16.160+0000 7ff32fe00700 1 -- 172.21.15.8:0/1723781591 <== mon.0 v2:172.21.15.8:3300/0 7 ==== mon_command_ack([{"prefix": "mgr module enable", "module": "dashboard"}]=0 v9) v1 ==== 88+0+0 (secure 0 0 0) 0x7ff32800b3e0 con 0x7ff33807ce40
2024-03-12T03:59:17.592 INFO:teuthology.orchestra.run.smithi008.stdout:/usr/bin/ceph: stderr
2024-03-12T03:59:16.163+0000 7ff32fe00700 1 -- 172.21.15.8:0/1723781591 <== mon.0 v2:172.21.15.8:3300/0 8 ==== mgrmap(e 9) v1 ==== 45782+0+0 (secure 0 0 0) 0x7ff32801a430 con 0x7ff33807ce40
2024-03-12T03:59:17.592 INFO:teuthology.orchestra.run.smithi008.stdout:/usr/bin/ceph: stderr
2024-03-12T03:59:16.164+0000 7ff33d400700 1 -- 172.21.15.8:0/1723781591 >> [v2:172.21.15.8:6800/3277803434,v1:172.21.15.8:6801/3277803434] conn(0x7ff31c038d00 msgr2=0x7ff31c03b1c0 secure :-1 s=STATE_CONNECTION_ESTABLISHED l=1).mark_down
2024-03-12T03:59:17.593 INFO:teuthology.orchestra.run.smithi008.stdout:/usr/bin/ceph: stderr
2024-03-12T03:59:16.164+0000 7ff33d400700 1 --2- 172.21.15.8:0/1723781591 >> [v2:172.21.15.8:6800/3277803434,v1:172.21.15.8:6801/3277803434] conn(0x7ff31c038d00 0x7ff31c03b1c0 secure :-1 s=READY pgs=16 cs=0 l=1 rev1=1 crypto rx=0x7ff320006fd0 tx=0x7ff320006e40 comp rx=0 tx=0).stop
2024-03-12T03:59:17.593 INFO:teuthology.orchestra.run.smithi008.stdout:/usr/bin/ceph: stderr
2024-03-12T03:59:16.164+0000 7ff33d400700 1 -- 172.21.15.8:0/1723781591 >> [v2:172.21.15.8:3300/0,v1:172.21.15.8:6789/0] conn(0x7ff33807ce40 msgr2=0x7ff33819d580 secure :-1 s=STATE_CONNECTION_ESTABLISHED l=1).mark_down
2024-03-12T03:59:17.593 INFO:teuthology.orchestra.run.smithi008.stdout:/usr/bin/ceph: stderr
2024-03-12T03:59:16.164+0000 7ff33d400700 1 --2- 172.21.15.8:0/1723781591 >> [v2:172.21.15.8:3300/0,v1:172.21.15.8:6789/0] conn(0x7ff33807ce40 0x7ff33819d580 secure :-1 s=READY pgs=56 cs=0 l=1 rev1=1 crypto rx=0x7ff328011b40 tx=0x7ff328011c20 comp rx=0 tx=0).stop
2024-03-12T03:59:17.593 INFO:teuthology.orchestra.run.smithi008.stdout:/usr/bin/ceph: stderr
2024-03-12T03:59:16.164+0000 7ff33d400700 1 -- 172.21.15.8:0/1723781591 shutdown_connections
2024-03-12T03:59:17.593 INFO:teuthology.orchestra.run.smithi008.stdout:/usr/bin/ceph: stderr
2024-03-12T03:59:16.164+0000 7ff33d400700 1 --2- 172.21.15.8:0/1723781591 >> [v2:172.21.15.8:6800/3277803434,v1:172.21.15.8:6801/3277803434] conn(0x7ff31c038d00 0x7ff31c03b1c0 unknown :-1 s=CLOSED pgs=16 cs=0 l=1 rev1=1 crypto rx=0 tx=0 comp rx=0 tx=0).stop
2024-03-12T03:59:17.593 INFO:teuthology.orchestra.run.smithi008.stdout:/usr/bin/ceph: stderr
2024-03-12T03:59:16.164+0000 7ff33d400700 1 --2- 172.21.15.8:0/1723781591 >> [v2:172.21.15.8:3300/0,v1:172.21.15.8:6789/0] conn(0x7ff33807ce40 0x7ff33819d580 unknown :-1 s=CLOSED pgs=56 cs=0 l=1 rev1=1 crypto rx=0 tx=0 comp rx=0 tx=0).stop
2024-03-12T03:59:17.593 INFO:teuthology.orchestra.run.smithi008.stdout:/usr/bin/ceph: stderr
2024-03-12T03:59:16.164+0000 7ff33d400700 1 -- 172.21.15.8:0/1723781591 >> 172.21.15.8:0/1723781591 conn(0x7ff338102b90 msgr2=0x7ff338103700 unknown :-1 s=STATE_NONE l=0).mark_down
2024-03-12T03:59:17.593 INFO:teuthology.orchestra.run.smithi008.stdout:/usr/bin/ceph: stderr
2024-03-12T03:59:16.166+0000 7ff33d400700 1 -- 172.21.15.8:0/1723781591 shutdown_connections
2024-03-12T03:59:17.593 INFO:teuthology.orchestra.run.smithi008.stdout:/usr/bin/ceph: stderr
2024-03-12T03:59:16.166+0000 7ff33d400700 1 -- 172.21.15.8:0/1723781591 wait complete.
2024-03-12T03:59:18.213 INFO:journalctl@ceph.mgr.x.smithi008.stdout:Mar 12 03:59:17 smithi008 ceph-99e0de16-e024-11ee-95c8-87774f69a715-mgr-x[32091]:
2024-03-12T03:59:17.980+0000 7f8eb0f66200 -1 mgr[py] Module zabbix has missing NOTIFY_TYPES member
2024-03-12T03:59:18.213 INFO:journalctl@ceph.mgr.x.smithi008.stdout:Mar 12 03:59:18 smithi008 ceph-99e0de16-e024-11ee-95c8-87774f69a715-mgr-x[32091]:
2024-03-12T03:59:18.109+0000 7f8eb0f66200 -1 mgr[py] Module balancer has missing NOTIFY_TYPES member
2024-03-12T03:59:18.506 INFO:journalctl@ceph.mgr.x.smithi008.stdout:Mar 12 03:59:18 smithi008 ceph-99e0de16-e024-11ee-95c8-87774f69a715-mgr-x[32091]:
2024-03-12T03:59:18.293+0000 7f8eb0f66200 -1 mgr[py] Module influx has missing NOTIFY_TYPES member
2024-03-12T03:59:18.506 INFO:journalctl@ceph.mgr.x.smithi008.stdout:Mar 12 03:59:18 smithi008 ceph-99e0de16-e024-11ee-95c8-87774f69a715-mgr-x[32091]:
2024-03-12T03:59:18.423+0000 7f8eb0f66200 -1 mgr[py] Module alerts has missing NOTIFY_TYPES member
2024-03-12T03:59:18.845 INFO:journalctl@ceph.mon.a.smithi008.stdout:Mar 12 03:59:18 smithi008 ceph-mon[31863]: from='client.? 172.21.15.8:0/452510131' entity='client.admin' cmd=[{"prefix": "mgr stat"}]: dispatch
2024-03-12T03:59:18.845 INFO:journalctl@ceph.mgr.x.smithi008.stdout:Mar 12 03:59:18 smithi008 ceph-99e0de16-e024-11ee-95c8-87774f69a715-mgr-x[32091]:
2024-03-12T03:59:18.539+0000 7f8eb0f66200 -1 mgr[py] Module iostat has missing NOTIFY_TYPES member
2024-03-12T03:59:19.119 INFO:journalctl@ceph.mgr.x.smithi008.stdout:Mar 12 03:59:18 smithi008 ceph-99e0de16-e024-11ee-95c8-87774f69a715-mgr-x[32091]:
2024-03-12T03:59:18.884+0000 7f8eb0f66200 -1 mgr[py] Module rgw has missing NOTIFY_TYPES member
2024-03-12T03:59:19.119 INFO:journalctl@ceph.mgr.x.smithi008.stdout:Mar 12 03:59:19 smithi008 ceph-99e0de16-e024-11ee-95c8-87774f69a715-mgr-x[32091]:
2024-03-12T03:59:19.031+0000 7f8eb0f66200 -1 mgr[py] Module rbd_support has missing NOTIFY_TYPES member
2024-03-12T03:59:19.172 INFO:teuthology.orchestra.run.smithi008.stdout:/usr/bin/ceph: stdout {
2024-03-12T03:59:19.172 INFO:teuthology.orchestra.run.smithi008.stdout:/usr/bin/ceph: stdout "epoch": 9,
2024-03-12T03:59:19.172 INFO:teuthology.orchestra.run.smithi008.stdout:/usr/bin/ceph: stdout "available": true,
2024-03-12T03:59:19.173 INFO:teuthology.orchestra.run.smithi008.stdout:/usr/bin/ceph: stdout "active_name": "x",
2024-03-12T03:59:19.173 INFO:teuthology.orchestra.run.smithi008.stdout:/usr/bin/ceph: stdout "num_standby": 0
2024-03-12T03:59:19.173 INFO:teuthology.orchestra.run.smithi008.stdout:/usr/bin/ceph: stdout }
2024-03-12T03:59:19.173 INFO:teuthology.orchestra.run.smithi008.stdout:/usr/bin/ceph: stderr
2024-03-12T03:59:18.209+0000 7f77b9600700 1 Processor -- start
2024-03-12T03:59:19.173 INFO:teuthology.orchestra.run.smithi008.stdout:/usr/bin/ceph: stderr
2024-03-12T03:59:18.209+0000 7f77b9600700 1 -- start start
2024-03-12T03:59:19.173 INFO:teuthology.orchestra.run.smithi008.stdout:/usr/bin/ceph: stderr
2024-03-12T03:59:18.210+0000 7f77b9600700 1 --2- >> [v2:172.21.15.8:3300/0,v1:172.21.15.8:6789/0] conn(0x7f77b4107ee0 0x7f77b410a2d0 unknown :-1 s=NONE pgs=0 cs=0 l=0 rev1=0 crypto rx=0 tx=0 comp rx=0 tx=0).connect
2024-03-12T03:59:19.173 INFO:teuthology.orchestra.run.smithi008.stdout:/usr/bin/ceph: stderr
2024-03-12T03:59:18.210+0000 7f77b9600700 1 -- --> [v2:172.21.15.8:3300/0,v1:172.21.15.8:6789/0] -- mon_getmap magic: 0 v1 -- 0x7f77b407ae00 con 0x7f77b4107ee0
2024-03-12T03:59:19.173 INFO:teuthology.orchestra.run.smithi008.stdout:/usr/bin/ceph: stderr
2024-03-12T03:59:18.211+0000 7f77b3e00700 1 --2- >> [v2:172.21.15.8:3300/0,v1:172.21.15.8:6789/0] conn(0x7f77b4107ee0 0x7f77b410a2d0 unknown :-1 s=BANNER_CONNECTING pgs=0 cs=0 l=0 rev1=0 crypto rx=0 tx=0 comp rx=0 tx=0)._handle_peer_banner_payload supported=3 required=0
2024-03-12T03:59:19.173 INFO:teuthology.orchestra.run.smithi008.stdout:/usr/bin/ceph: stderr
2024-03-12T03:59:18.211+0000 7f77b3e00700 1 --2- >> [v2:172.21.15.8:3300/0,v1:172.21.15.8:6789/0] conn(0x7f77b4107ee0 0x7f77b410a2d0 unknown :-1 s=HELLO_CONNECTING pgs=0 cs=0 l=0 rev1=1 crypto rx=0 tx=0 comp rx=0 tx=0).handle_hello peer v2:172.21.15.8:3300/0 says I am v2:172.21.15.8:42702/0 (socket says 172.21.15.8:42702)
2024-03-12T03:59:19.173 INFO:teuthology.orchestra.run.smithi008.stdout:/usr/bin/ceph: stderr
2024-03-12T03:59:18.211+0000 7f77b3e00700 1 -- 172.21.15.8:0/1544732028 learned_addr learned my addr 172.21.15.8:0/1544732028 (peer_addr_for_me v2:172.21.15.8:0/0)
2024-03-12T03:59:19.173 INFO:teuthology.orchestra.run.smithi008.stdout:/usr/bin/ceph: stderr
2024-03-12T03:59:18.211+0000 7f77b3e00700 1 -- 172.21.15.8:0/1544732028 --> [v2:172.21.15.8:3300/0,v1:172.21.15.8:6789/0] -- mon_subscribe({config=0+,monmap=0+}) v3 -- 0x7f77b407af40 con 0x7f77b4107ee0
2024-03-12T03:59:19.173 INFO:teuthology.orchestra.run.smithi008.stdout:/usr/bin/ceph: stderr
2024-03-12T03:59:18.212+0000 7f77b3e00700 1 --2- 172.21.15.8:0/1544732028 >> [v2:172.21.15.8:3300/0,v1:172.21.15.8:6789/0] conn(0x7f77b4107ee0 0x7f77b410a2d0 secure :-1 s=READY pgs=59 cs=0 l=1 rev1=1 crypto rx=0x7f77a40098a0 tx=0x7f77a4009bb0 comp rx=0 tx=0).ready entity=mon.0 client_cookie=d7c213d52e436a05 server_cookie=0 in_seq=0 out_seq=0
2024-03-12T03:59:19.173 INFO:teuthology.orchestra.run.smithi008.stdout:/usr/bin/ceph: stderr
2024-03-12T03:59:18.212+0000 7f77b2a00700 1 -- 172.21.15.8:0/1544732028 <== mon.0 v2:172.21.15.8:3300/0 1 ==== mon_map magic: 0 v1 ==== 205+0+0 (secure 0 0 0) 0x7f77a4004160 con 0x7f77b4107ee0
2024-03-12T03:59:19.173 INFO:teuthology.orchestra.run.smithi008.stdout:/usr/bin/ceph: stderr
2024-03-12T03:59:18.212+0000 7f77b2a00700 1 -- 172.21.15.8:0/1544732028 <== mon.0 v2:172.21.15.8:3300/0 2 ==== config(28 keys) v1 ==== 1174+0+0 (secure 0 0 0) 0x7f77a40042c0 con 0x7f77b4107ee0
2024-03-12T03:59:19.173 INFO:teuthology.orchestra.run.smithi008.stdout:/usr/bin/ceph: stderr
2024-03-12T03:59:18.212+0000 7f77b2a00700 1 -- 172.21.15.8:0/1544732028 <== mon.0 v2:172.21.15.8:3300/0 3 ==== mon_map magic: 0 v1 ==== 205+0+0 (secure 0 0 0) 0x7f77a4011b90 con 0x7f77b4107ee0
2024-03-12T03:59:19.174 INFO:teuthology.orchestra.run.smithi008.stdout:/usr/bin/ceph: stderr
2024-03-12T03:59:18.213+0000 7f77b9600700 1 -- 172.21.15.8:0/1544732028 >> [v2:172.21.15.8:3300/0,v1:172.21.15.8:6789/0] conn(0x7f77b4107ee0 msgr2=0x7f77b410a2d0 secure :-1 s=STATE_CONNECTION_ESTABLISHED l=1).mark_down
2024-03-12T03:59:19.174 INFO:teuthology.orchestra.run.smithi008.stdout:/usr/bin/ceph: stderr
2024-03-12T03:59:18.213+0000 7f77b9600700 1 --2- 172.21.15.8:0/1544732028 >> [v2:172.21.15.8:3300/0,v1:172.21.15.8:6789/0] conn(0x7f77b4107ee0 0x7f77b410a2d0 secure :-1 s=READY pgs=59 cs=0 l=1 rev1=1 crypto rx=0x7f77a40098a0 tx=0x7f77a4009bb0 comp rx=0 tx=0).stop
2024-03-12T03:59:19.174 INFO:teuthology.orchestra.run.smithi008.stdout:/usr/bin/ceph: stderr
2024-03-12T03:59:18.213+0000 7f77b9600700 1 -- 172.21.15.8:0/1544732028 shutdown_connections
2024-03-12T03:59:19.174 INFO:teuthology.orchestra.run.smithi008.stdout:/usr/bin/ceph: stderr
2024-03-12T03:59:18.213+0000 7f77b9600700 1 --2- 172.21.15.8:0/1544732028 >> [v2:172.21.15.8:3300/0,v1:172.21.15.8:6789/0] conn(0x7f77b4107ee0 0x7f77b410a2d0 unknown :-1 s=CLOSED pgs=59 cs=0 l=1 rev1=1 crypto rx=0 tx=0 comp rx=0 tx=0).stop
2024-03-12T03:59:19.174 INFO:teuthology.orchestra.run.smithi008.stdout:/usr/bin/ceph: stderr
2024-03-12T03:59:18.213+0000 7f77b9600700 1 -- 172.21.15.8:0/1544732028 >> 172.21.15.8:0/1544732028 conn(0x7f77b4101870 msgr2=0x7f77b4103c90 unknown :-1 s=STATE_NONE l=0).mark_down
2024-03-12T03:59:19.174 INFO:teuthology.orchestra.run.smithi008.stdout:/usr/bin/ceph: stderr
2024-03-12T03:59:18.213+0000 7f77b9600700 1 -- 172.21.15.8:0/1544732028 shutdown_connections
2024-03-12T03:59:19.174 INFO:teuthology.orchestra.run.smithi008.stdout:/usr/bin/ceph: stderr
2024-03-12T03:59:18.213+0000 7f77b9600700 1 -- 172.21.15.8:0/1544732028 wait complete.
2024-03-12T03:59:19.174 INFO:teuthology.orchestra.run.smithi008.stdout:/usr/bin/ceph: stderr
2024-03-12T03:59:18.214+0000 7f77b9600700 1 Processor -- start
2024-03-12T03:59:19.174 INFO:teuthology.orchestra.run.smithi008.stdout:/usr/bin/ceph: stderr
2024-03-12T03:59:18.214+0000 7f77b9600700 1 -- start start
2024-03-12T03:59:19.174 INFO:teuthology.orchestra.run.smithi008.stdout:/usr/bin/ceph: stderr
2024-03-12T03:59:18.214+0000 7f77b9600700 1 --2- >> [v2:172.21.15.8:3300/0,v1:172.21.15.8:6789/0] conn(0x7f77b4107ee0 0x7f77b419d490 unknown :-1 s=NONE pgs=0 cs=0 l=1 rev1=0 crypto rx=0 tx=0 comp rx=0 tx=0).connect
2024-03-12T03:59:19.174 INFO:teuthology.orchestra.run.smithi008.stdout:/usr/bin/ceph: stderr
2024-03-12T03:59:18.214+0000 7f77b9600700 1 -- --> [v2:172.21.15.8:3300/0,v1:172.21.15.8:6789/0] -- mon_getmap magic: 0 v1 -- 0x7f77b419d9d0 con 0x7f77b4107ee0
2024-03-12T03:59:19.174 INFO:teuthology.orchestra.run.smithi008.stdout:/usr/bin/ceph: stderr
2024-03-12T03:59:18.215+0000 7f77b3e00700 1 --2- >> [v2:172.21.15.8:3300/0,v1:172.21.15.8:6789/0] conn(0x7f77b4107ee0 0x7f77b419d490 unknown :-1 s=BANNER_CONNECTING pgs=0 cs=0 l=1 rev1=0 crypto rx=0 tx=0 comp rx=0 tx=0)._handle_peer_banner_payload supported=3 required=0
2024-03-12T03:59:19.174 INFO:teuthology.orchestra.run.smithi008.stdout:/usr/bin/ceph: stderr
2024-03-12T03:59:18.215+0000 7f77b3e00700 1 --2- >> [v2:172.21.15.8:3300/0,v1:172.21.15.8:6789/0] conn(0x7f77b4107ee0 0x7f77b419d490 unknown :-1 s=HELLO_CONNECTING pgs=0 cs=0 l=1 rev1=1 crypto rx=0 tx=0 comp rx=0 tx=0).handle_hello peer v2:172.21.15.8:3300/0 says I am v2:172.21.15.8:42710/0 (socket says 172.21.15.8:42710)
2024-03-12T03:59:19.174 INFO:teuthology.orchestra.run.smithi008.stdout:/usr/bin/ceph: stderr
2024-03-12T03:59:18.215+0000 7f77b3e00700 1 -- 172.21.15.8:0/452510131 learned_addr learned my addr 172.21.15.8:0/452510131 (peer_addr_for_me v2:172.21.15.8:0/0)
2024-03-12T03:59:19.175 INFO:teuthology.orchestra.run.smithi008.stdout:/usr/bin/ceph: stderr
2024-03-12T03:59:18.215+0000 7f77b3e00700 1 -- 172.21.15.8:0/452510131 --> [v2:172.21.15.8:3300/0,v1:172.21.15.8:6789/0] -- mon_subscribe({config=0+,monmap=0+}) v3 -- 0x7f77a4009550 con 0x7f77b4107ee0
2024-03-12T03:59:19.175 INFO:teuthology.orchestra.run.smithi008.stdout:/usr/bin/ceph: stderr
2024-03-12T03:59:18.215+0000 7f77b3e00700 1 --2- 172.21.15.8:0/452510131 >> [v2:172.21.15.8:3300/0,v1:172.21.15.8:6789/0] conn(0x7f77b4107ee0 0x7f77b419d490 secure :-1 s=READY pgs=60 cs=0 l=1 rev1=1 crypto rx=0x7f77a4011b40 tx=0x7f77a4011c20 comp rx=0 tx=0).ready entity=mon.0 client_cookie=0 server_cookie=0 in_seq=0 out_seq=0
2024-03-12T03:59:19.175 INFO:teuthology.orchestra.run.smithi008.stdout:/usr/bin/ceph: stderr
2024-03-12T03:59:18.216+0000 7f77b0c00700 1 -- 172.21.15.8:0/452510131 <== mon.0 v2:172.21.15.8:3300/0 1 ==== mon_map magic: 0 v1 ==== 205+0+0 (secure 0 0 0) 0x7f77a40038b0 con 0x7f77b4107ee0
2024-03-12T03:59:19.175 INFO:teuthology.orchestra.run.smithi008.stdout:/usr/bin/ceph: stderr
2024-03-12T03:59:18.216+0000 7f77b0c00700 1 -- 172.21.15.8:0/452510131 <== mon.0 v2:172.21.15.8:3300/0 2 ==== config(28 keys) v1 ==== 1174+0+0 (secure 0 0 0) 0x7f77a4003a10 con 0x7f77b4107ee0
2024-03-12T03:59:19.175 INFO:teuthology.orchestra.run.smithi008.stdout:/usr/bin/ceph: stderr
2024-03-12T03:59:18.216+0000 7f77b0c00700 1 -- 172.21.15.8:0/452510131 <== mon.0 v2:172.21.15.8:3300/0 3 ==== mon_map magic: 0 v1 ==== 205+0+0 (secure 0 0 0) 0x7f77a4024580 con 0x7f77b4107ee0
2024-03-12T03:59:19.175 INFO:teuthology.orchestra.run.smithi008.stdout:/usr/bin/ceph: stderr
2024-03-12T03:59:18.216+0000 7f77b9600700 1 -- 172.21.15.8:0/452510131 --> [v2:172.21.15.8:3300/0,v1:172.21.15.8:6789/0] -- mon_subscribe({mgrmap=0+}) v3 -- 0x7f77b419dbd0 con 0x7f77b4107ee0
2024-03-12T03:59:19.175 INFO:teuthology.orchestra.run.smithi008.stdout:/usr/bin/ceph: stderr
2024-03-12T03:59:18.216+0000 7f77b9600700 1 -- 172.21.15.8:0/452510131 --> [v2:172.21.15.8:3300/0,v1:172.21.15.8:6789/0] -- mon_subscribe({osdmap=0}) v3 -- 0x7f77b419e070 con 0x7f77b4107ee0
2024-03-12T03:59:19.175 INFO:teuthology.orchestra.run.smithi008.stdout:/usr/bin/ceph: stderr
2024-03-12T03:59:18.217+0000 7f77b9600700 1 -- 172.21.15.8:0/452510131 --> [v2:172.21.15.8:3300/0,v1:172.21.15.8:6789/0] -- mon_command({"prefix": "get_command_descriptions"} v 0) v1 -- 0x7f77b410b640 con 0x7f77b4107ee0
2024-03-12T03:59:19.175 INFO:teuthology.orchestra.run.smithi008.stdout:/usr/bin/ceph: stderr
2024-03-12T03:59:18.217+0000 7f77b0c00700 1 -- 172.21.15.8:0/452510131 <== mon.0 v2:172.21.15.8:3300/0 4 ==== mgrmap(e 9) v1 ==== 45782+0+0 (secure 0 0 0) 0x7f77a401a9c0 con 0x7f77b4107ee0
2024-03-12T03:59:19.175 INFO:teuthology.orchestra.run.smithi008.stdout:/usr/bin/ceph: stderr
2024-03-12T03:59:18.217+0000 7f77b0c00700 1 --2- 172.21.15.8:0/452510131 >> [v2:172.21.15.8:6800/3277803434,v1:172.21.15.8:6801/3277803434] conn(0x7f7798038d60 0x7f779803b220 unknown :-1 s=NONE pgs=0 cs=0 l=1 rev1=0 crypto rx=0 tx=0 comp rx=0 tx=0).connect
2024-03-12T03:59:19.175 INFO:teuthology.orchestra.run.smithi008.stdout:/usr/bin/ceph: stderr
2024-03-12T03:59:18.218+0000 7f77b0c00700 1 -- 172.21.15.8:0/452510131 <== mon.0 v2:172.21.15.8:3300/0 5 ==== osd_map(2..2 src has 1..2) v4 ==== 940+0+0 (secure 0 0 0) 0x7f77a404cc50 con 0x7f77b4107ee0
2024-03-12T03:59:19.175 INFO:teuthology.orchestra.run.smithi008.stdout:/usr/bin/ceph: stderr
2024-03-12T03:59:18.218+0000 7f77b3400700 1 -- 172.21.15.8:0/452510131 >> [v2:172.21.15.8:6800/3277803434,v1:172.21.15.8:6801/3277803434] conn(0x7f7798038d60 msgr2=0x7f779803b220 unknown :-1 s=STATE_CONNECTING_RE l=1).process reconnect failed to v2:172.21.15.8:6800/3277803434
2024-03-12T03:59:19.175 INFO:teuthology.orchestra.run.smithi008.stdout:/usr/bin/ceph: stderr
2024-03-12T03:59:18.218+0000 7f77b3400700 1 --2- 172.21.15.8:0/452510131 >> [v2:172.21.15.8:6800/3277803434,v1:172.21.15.8:6801/3277803434] conn(0x7f7798038d60 0x7f779803b220 unknown :-1 s=START_CONNECT pgs=0 cs=0 l=1 rev1=0 crypto rx=0 tx=0 comp rx=0 tx=0)._fault waiting 0.200000
2024-03-12T03:59:19.175 INFO:teuthology.orchestra.run.smithi008.stdout:/usr/bin/ceph: stderr
2024-03-12T03:59:18.223+0000 7f77b0c00700 1 -- 172.21.15.8:0/452510131 <== mon.0 v2:172.21.15.8:3300/0 6 ==== mon_command_ack([{"prefix": "get_command_descriptions"}]=0 v0) v1 ==== 72+0+183564 (secure 0 0 0) 0x7f77a4018530 con 0x7f77b4107ee0
2024-03-12T03:59:19.176 INFO:teuthology.orchestra.run.smithi008.stdout:/usr/bin/ceph: stderr
2024-03-12T03:59:18.419+0000 7f77b3400700 1 -- 172.21.15.8:0/452510131 >> [v2:172.21.15.8:6800/3277803434,v1:172.21.15.8:6801/3277803434] conn(0x7f7798038d60 msgr2=0x7f779803b220 unknown :-1 s=STATE_CONNECTING_RE l=1).process reconnect failed to v2:172.21.15.8:6800/3277803434
2024-03-12T03:59:19.176 INFO:teuthology.orchestra.run.smithi008.stdout:/usr/bin/ceph: stderr
2024-03-12T03:59:18.419+0000 7f77b3400700 1 --2- 172.21.15.8:0/452510131 >> [v2:172.21.15.8:6800/3277803434,v1:172.21.15.8:6801/3277803434] conn(0x7f7798038d60 0x7f779803b220 unknown :-1 s=START_CONNECT pgs=0 cs=0 l=1 rev1=0 crypto rx=0 tx=0 comp rx=0 tx=0)._fault waiting 0.400000
2024-03-12T03:59:19.176 INFO:teuthology.orchestra.run.smithi008.stdout:/usr/bin/ceph: stderr
2024-03-12T03:59:18.502+0000 7f77b9600700 1 -- 172.21.15.8:0/452510131 --> [v2:172.21.15.8:3300/0,v1:172.21.15.8:6789/0] -- mon_command({"prefix": "mgr stat"} v 0) v1 -- 0x7f77b41a09b0 con 0x7f77b4107ee0
2024-03-12T03:59:19.176 INFO:teuthology.orchestra.run.smithi008.stdout:/usr/bin/ceph: stderr
2024-03-12T03:59:18.503+0000 7f77b0c00700 1 -- 172.21.15.8:0/452510131 <== mon.0 v2:172.21.15.8:3300/0 7 ==== mon_command_ack([{"prefix": "mgr stat"}]=0 v9) v1 ==== 56+0+88 (secure 0 0 0) 0x7f77a4018350 con 0x7f77b4107ee0
2024-03-12T03:59:19.176 INFO:teuthology.orchestra.run.smithi008.stdout:/usr/bin/ceph: stderr
2024-03-12T03:59:18.506+0000 7f77b9600700 1 -- 172.21.15.8:0/452510131 >> [v2:172.21.15.8:6800/3277803434,v1:172.21.15.8:6801/3277803434] conn(0x7f7798038d60 msgr2=0x7f779803b220 unknown :-1 s=STATE_CONNECTING l=1).mark_down
2024-03-12T03:59:19.176 INFO:teuthology.orchestra.run.smithi008.stdout:/usr/bin/ceph: stderr
2024-03-12T03:59:18.506+0000 7f77b9600700 1 --2- 172.21.15.8:0/452510131 >> [v2:172.21.15.8:6800/3277803434,v1:172.21.15.8:6801/3277803434] conn(0x7f7798038d60 0x7f779803b220 unknown :-1 s=START_CONNECT pgs=0 cs=0 l=1 rev1=0 crypto rx=0 tx=0 comp rx=0 tx=0).stop
2024-03-12T03:59:19.176 INFO:teuthology.orchestra.run.smithi008.stdout:/usr/bin/ceph: stderr
2024-03-12T03:59:18.506+0000 7f77b9600700 1 -- 172.21.15.8:0/452510131 >> [v2:172.21.15.8:3300/0,v1:172.21.15.8:6789/0] conn(0x7f77b4107ee0 msgr2=0x7f77b419d490 secure :-1 s=STATE_CONNECTION_ESTABLISHED l=1).mark_down
2024-03-12T03:59:19.176 INFO:teuthology.orchestra.run.smithi008.stdout:/usr/bin/ceph: stderr
2024-03-12T03:59:18.506+0000 7f77b9600700 1 --2- 172.21.15.8:0/452510131 >> [v2:172.21.15.8:3300/0,v1:172.21.15.8:6789/0] conn(0x7f77b4107ee0 0x7f77b419d490 secure :-1 s=READY pgs=60 cs=0 l=1 rev1=1 crypto rx=0x7f77a4011b40 tx=0x7f77a4011c20 comp rx=0 tx=0).stop
2024-03-12T03:59:19.176 INFO:teuthology.orchestra.run.smithi008.stdout:/usr/bin/ceph: stderr
2024-03-12T03:59:18.506+0000 7f77b9600700 1 -- 172.21.15.8:0/452510131 shutdown_connections
2024-03-12T03:59:19.176 INFO:teuthology.orchestra.run.smithi008.stdout:/usr/bin/ceph: stderr
2024-03-12T03:59:18.506+0000 7f77b9600700 1 --2- 172.21.15.8:0/452510131 >> [v2:172.21.15.8:6800/3277803434,v1:172.21.15.8:6801/3277803434] conn(0x7f7798038d60 0x7f779803b220 unknown :-1 s=CLOSED pgs=0 cs=0 l=1 rev1=0 crypto rx=0 tx=0 comp rx=0 tx=0).stop
2024-03-12T03:59:19.176 INFO:teuthology.orchestra.run.smithi008.stdout:/usr/bin/ceph: stderr
2024-03-12T03:59:18.506+0000 7f77b9600700 1 --2- 172.21.15.8:0/452510131 >> [v2:172.21.15.8:3300/0,v1:172.21.15.8:6789/0] conn(0x7f77b4107ee0 0x7f77b419d490 unknown :-1 s=CLOSED pgs=60 cs=0 l=1 rev1=1 crypto rx=0 tx=0 comp rx=0 tx=0).stop
2024-03-12T03:59:19.176 INFO:teuthology.orchestra.run.smithi008.stdout:/usr/bin/ceph: stderr
2024-03-12T03:59:18.506+0000 7f77b9600700 1 -- 172.21.15.8:0/452510131 >> 172.21.15.8:0/452510131 conn(0x7f77b4101870 msgr2=0x7f77b4102350 unknown :-1 s=STATE_NONE l=0).mark_down
2024-03-12T03:59:19.176 INFO:teuthology.orchestra.run.smithi008.stdout:/usr/bin/ceph: stderr
2024-03-12T03:59:18.507+0000 7f77b9600700 1 -- 172.21.15.8:0/452510131 shutdown_connections
2024-03-12T03:59:19.176 INFO:teuthology.orchestra.run.smithi008.stdout:/usr/bin/ceph: stderr
2024-03-12T03:59:18.507+0000 7f77b9600700 1 -- 172.21.15.8:0/452510131 wait complete.
2024-03-12T03:59:19.177 INFO:teuthology.orchestra.run.smithi008.stdout:Waiting for the mgr to restart...
2024-03-12T03:59:19.177 INFO:teuthology.orchestra.run.smithi008.stdout:Waiting for mgr epoch 9...
2024-03-12T03:59:19.520 INFO:journalctl@ceph.mgr.x.smithi008.stdout:Mar 12 03:59:19 smithi008 ceph-99e0de16-e024-11ee-95c8-87774f69a715-mgr-x[32091]:
2024-03-12T03:59:19.147+0000 7f8eb0f66200 -1 mgr[py] Module progress has missing NOTIFY_TYPES member
2024-03-12T03:59:19.521 INFO:journalctl@ceph.mgr.x.smithi008.stdout:Mar 12 03:59:19 smithi008 ceph-99e0de16-e024-11ee-95c8-87774f69a715-mgr-x[32091]:
2024-03-12T03:59:19.290+0000 7f8eb0f66200 -1 mgr[py] Module pg_autoscaler has missing NOTIFY_TYPES member
2024-03-12T03:59:19.521 INFO:journalctl@ceph.mgr.x.smithi008.stdout:Mar 12 03:59:19 smithi008 ceph-99e0de16-e024-11ee-95c8-87774f69a715-mgr-x[32091]:
2024-03-12T03:59:19.516+0000 7f8eb0f66200 -1 mgr[py] Module devicehealth has missing NOTIFY_TYPES member
2024-03-12T03:59:21.119 INFO:journalctl@ceph.mgr.x.smithi008.stdout:Mar 12 03:59:20 smithi008 ceph-99e0de16-e024-11ee-95c8-87774f69a715-mgr-x[32091]:
2024-03-12T03:59:20.843+0000 7f8eb0f66200 -1 mgr[py] Module rook has missing NOTIFY_TYPES member
2024-03-12T03:59:21.120 INFO:journalctl@ceph.mgr.x.smithi008.stdout:Mar 12 03:59:21 smithi008 ceph-99e0de16-e024-11ee-95c8-87774f69a715-mgr-x[32091]:
2024-03-12T03:59:21.020+0000 7f8eb0f66200 -1 mgr[py] Module diskprediction_local has missing NOTIFY_TYPES member
2024-03-12T03:59:21.587 INFO:journalctl@ceph.mgr.x.smithi008.stdout:Mar 12 03:59:21 smithi008 ceph-99e0de16-e024-11ee-95c8-87774f69a715-mgr-x[32091]:
2024-03-12T03:59:21.457+0000 7f8eb0f66200 -1 mgr[py] Module selftest has missing NOTIFY_TYPES member
2024-03-12T03:59:21.857 INFO:journalctl@ceph.mgr.x.smithi008.stdout:Mar 12 03:59:21 smithi008 ceph-99e0de16-e024-11ee-95c8-87774f69a715-mgr-x[32091]:
2024-03-12T03:59:21.583+0000 7f8eb0f66200 -1 mgr[py] Module telegraf has missing NOTIFY_TYPES member
2024-03-12T03:59:22.114 INFO:journalctl@ceph.mgr.x.smithi008.stdout:Mar 12 03:59:21 smithi008 ceph-99e0de16-e024-11ee-95c8-87774f69a715-mgr-x[32091]:
2024-03-12T03:59:21.854+0000 7f8eb0f66200 -1 mgr[py] Module test_orchestrator has missing NOTIFY_TYPES member
2024-03-12T03:59:22.114 INFO:journalctl@ceph.mgr.x.smithi008.stdout:Mar 12 03:59:22 smithi008 ceph-99e0de16-e024-11ee-95c8-87774f69a715-mgr-x[32091]:
2024-03-12T03:59:22.111+0000 7f8eb0f66200 -1 mgr[py] Module crash has missing NOTIFY_TYPES member
2024-03-12T03:59:22.834 INFO:journalctl@ceph.mgr.x.smithi008.stdout:Mar 12 03:59:22 smithi008 ceph-99e0de16-e024-11ee-95c8-87774f69a715-mgr-x[32091]:
2024-03-12T03:59:22.504+0000 7f8eb0f66200 -1 mgr[py] Module orchestrator has missing NOTIFY_TYPES member
2024-03-12T03:59:22.835 INFO:journalctl@ceph.mgr.x.smithi008.stdout:Mar 12 03:59:22 smithi008 ceph-99e0de16-e024-11ee-95c8-87774f69a715-mgr-x[32091]:
2024-03-12T03:59:22.831+0000 7f8eb0f66200 -1 mgr[py] Module osd_support has missing NOTIFY_TYPES member
2024-03-12T03:59:23.619 INFO:journalctl@ceph.mgr.x.smithi008.stdout:Mar 12 03:59:23 smithi008 ceph-99e0de16-e024-11ee-95c8-87774f69a715-mgr-x[32091]:
2024-03-12T03:59:23.150+0000 7f8eb0f66200 -1 mgr[py] Module volumes has missing NOTIFY_TYPES member
2024-03-12T03:59:24.619 INFO:journalctl@ceph.mgr.x.smithi008.stdout:Mar 12 03:59:24 smithi008 ceph-99e0de16-e024-11ee-95c8-87774f69a715-mgr-x[32091]:
2024-03-12T03:59:24.206+0000 7f8eb0f66200 -1 mgr[py] Module telemetry has missing NOTIFY_TYPES member
2024-03-12T03:59:25.356 INFO:journalctl@ceph.mgr.x.smithi008.stdout:Mar 12 03:59:24 smithi008 ceph-99e0de16-e024-11ee-95c8-87774f69a715-mgr-x[32091]:
2024-03-12T03:59:24.925+0000 7f8eb0f66200 -1 mgr[py] Module prometheus has missing NOTIFY_TYPES member
2024-03-12T03:59:25.356 INFO:journalctl@ceph.mgr.x.smithi008.stdout:Mar 12 03:59:25 smithi008 ceph-99e0de16-e024-11ee-95c8-87774f69a715-mgr-x[32091]:
2024-03-12T03:59:25.060+0000 7f8eb0f66200 -1 mgr[py] Module status has missing NOTIFY_TYPES member
2024-03-12T03:59:25.619 INFO:journalctl@ceph.mgr.x.smithi008.stdout:Mar 12 03:59:25 smithi008 ceph-99e0de16-e024-11ee-95c8-87774f69a715-mgr-x[32091]:
2024-03-12T03:59:25.352+0000 7f8eb0f66200 -1 mgr[py] Module nfs has missing NOTIFY_TYPES member
2024-03-12T03:59:25.619 INFO:journalctl@ceph.mon.a.smithi008.stdout:Mar 12 03:59:25 smithi008 ceph-mon[31863]: Active manager daemon x restarted
2024-03-12T03:59:25.620 INFO:journalctl@ceph.mon.a.smithi008.stdout:Mar 12 03:59:25 smithi008 ceph-mon[31863]: Activating manager daemon x
2024-03-12T03:59:25.620 INFO:journalctl@ceph.mon.a.smithi008.stdout:Mar 12 03:59:25 smithi008 ceph-mon[31863]: osdmap e3: 0 total, 0 up, 0 in
2024-03-12T03:59:25.620 INFO:journalctl@ceph.mon.a.smithi008.stdout:Mar 12 03:59:25 smithi008 ceph-mon[31863]: mgrmap e10: x(active, starting, since 0.00721671s)
2024-03-12T03:59:25.620 INFO:journalctl@ceph.mon.a.smithi008.stdout:Mar 12 03:59:25 smithi008 ceph-mon[31863]: from='mgr.14152 172.21.15.8:0/4169414002' entity='mgr.x' cmd=[{"prefix": "mon metadata", "id": "a"}]: dispatch
2024-03-12T03:59:25.620 INFO:journalctl@ceph.mon.a.smithi008.stdout:Mar 12 03:59:25 smithi008 ceph-mon[31863]: from='mgr.14152 172.21.15.8:0/4169414002' entity='mgr.x' cmd=[{"prefix": "mgr metadata", "who": "x", "id": "x"}]: dispatch
2024-03-12T03:59:25.620 INFO:journalctl@ceph.mon.a.smithi008.stdout:Mar 12 03:59:25 smithi008 ceph-mon[31863]: from='mgr.14152 172.21.15.8:0/4169414002' entity='mgr.x' cmd=[{"prefix": "mds metadata"}]: dispatch
2024-03-12T03:59:25.620 INFO:journalctl@ceph.mon.a.smithi008.stdout:Mar 12 03:59:25 smithi008 ceph-mon[31863]: from='mgr.14152 172.21.15.8:0/4169414002' entity='mgr.x' cmd=[{"prefix": "osd metadata"}]: dispatch
2024-03-12T03:59:25.620 INFO:journalctl@ceph.mon.a.smithi008.stdout:Mar 12 03:59:25 smithi008 ceph-mon[31863]: from='mgr.14152 172.21.15.8:0/4169414002' entity='mgr.x' cmd=[{"prefix": "mon metadata"}]: dispatch
2024-03-12T03:59:25.620 INFO:journalctl@ceph.mon.a.smithi008.stdout:Mar 12 03:59:25 smithi008 ceph-mon[31863]: Manager daemon x is now available
2024-03-12T03:59:25.620 INFO:journalctl@ceph.mon.a.smithi008.stdout:Mar 12 03:59:25 smithi008 ceph-mon[31863]: from='mgr.14152 172.21.15.8:0/4169414002' entity='mgr.x' cmd=[{"prefix": "config dump", "format": "json"}]: dispatch
2024-03-12T03:59:26.619 INFO:journalctl@ceph.mon.a.smithi008.stdout:Mar 12 03:59:26 smithi008 ceph-mon[31863]: from='mgr.14152 172.21.15.8:0/4169414002' entity='mgr.x' cmd=[{"prefix": "config dump", "format": "json"}]: dispatch
2024-03-12T03:59:26.619 INFO:journalctl@ceph.mon.a.smithi008.stdout:Mar 12 03:59:26 smithi008 ceph-mon[31863]: from='mgr.14152 172.21.15.8:0/4169414002' entity='mgr.x' cmd=[{"prefix":"config rm","who":"mgr","name":"mgr/rbd_support/x/mirror_snapshot_schedule"}]: dispatch
2024-03-12T03:59:26.619 INFO:journalctl@ceph.mon.a.smithi008.stdout:Mar 12 03:59:26 smithi008 ceph-mon[31863]: from='mgr.14152 172.21.15.8:0/4169414002' entity='mgr.x' cmd=[{"prefix":"config rm","who":"mgr","name":"mgr/rbd_support/x/trash_purge_schedule"}]: dispatch
2024-03-12T03:59:26.619 INFO:journalctl@ceph.mon.a.smithi008.stdout:Mar 12 03:59:26 smithi008 ceph-mon[31863]: mgrmap e11: x(active, since 1.01421s)
2024-03-12T03:59:27.233 INFO:teuthology.orchestra.run.smithi008.stdout:/usr/bin/ceph: stdout {
2024-03-12T03:59:27.234 INFO:teuthology.orchestra.run.smithi008.stdout:/usr/bin/ceph: stdout "mgrmap_epoch": 11,
2024-03-12T03:59:27.234 INFO:teuthology.orchestra.run.smithi008.stdout:/usr/bin/ceph: stdout "initialized": true
2024-03-12T03:59:27.235 INFO:teuthology.orchestra.run.smithi008.stdout:/usr/bin/ceph: stdout }
2024-03-12T03:59:27.235 INFO:teuthology.orchestra.run.smithi008.stdout:/usr/bin/ceph: stderr
2024-03-12T03:59:19.856+0000 7fcd6ac00700 1 Processor -- start
2024-03-12T03:59:27.236 INFO:teuthology.orchestra.run.smithi008.stdout:/usr/bin/ceph: stderr
2024-03-12T03:59:19.856+0000 7fcd6ac00700 1 -- start start
2024-03-12T03:59:27.236 INFO:teuthology.orchestra.run.smithi008.stdout:/usr/bin/ceph: stderr
2024-03-12T03:59:19.856+0000 7fcd6ac00700 1 --2- >> [v2:172.21.15.8:3300/0,v1:172.21.15.8:6789/0] conn(0x7fcd6407ce60 0x7fcd6407b310 unknown :-1 s=NONE pgs=0 cs=0 l=0 rev1=0 crypto rx=0 tx=0 comp rx=0 tx=0).connect
