2024-03-12T04:05:19.899+0000 7f3e82ffd700 1 --2- 172.21.15.42:0/3086724088 >> [v2:172.21.15.42:6800/2670488995,v1:172.21.15.42:6801/2670488995] conn(0x7f3e6c038ba0 0x7f3e6c03b060 secure :-1 s=READY pgs=7 cs=0 l=1 rev1=1 crypto rx=0x7f3e78006fd0 tx=0x7f3e78006e40 comp rx=0 tx=0).ready entity=mgr.14118 client_cookie=0 server_cookie=0 in_seq=0 out_seq=0
2024-03-12T04:05:20.851 INFO:teuthology.orchestra.run.smithi042.stdout:/usr/bin/ceph: stderr
2024-03-12T04:05:19.907+0000 7f3e80ff9700 1 -- 172.21.15.42:0/3086724088 <== mon.0 v2:172.21.15.42:3300/0 6 ==== mon_command_ack([{"prefix": "get_command_descriptions"}]=0 v0) v1 ==== 72+0+183564 (secure 0 0 0) 0x7f3e74023750 con 0x7f3e841068a0
2024-03-12T04:05:20.851 INFO:teuthology.orchestra.run.smithi042.stdout:/usr/bin/ceph: stderr
2024-03-12T04:05:20.127+0000 7f3e89e45700 1 -- 172.21.15.42:0/3086724088 --> [v2:172.21.15.42:6800/2670488995,v1:172.21.15.42:6801/2670488995] -- mgr_command(tid 0: {"prefix": "orch set backend", "module_name": "cephadm", "target": ["mon-mgr", ""]}) v1 -- 0x7f3e8402da40 con 0x7f3e6c038ba0
2024-03-12T04:05:20.851 INFO:teuthology.orchestra.run.smithi042.stdout:/usr/bin/ceph: stderr
2024-03-12T04:05:20.131+0000 7f3e80ff9700 1 -- 172.21.15.42:0/3086724088 <== mgr.14118 v2:172.21.15.42:6800/2670488995 1 ==== mgr_command_reply(tid 0: 0 ) v1 ==== 8+0+0 (secure 0 0 0) 0x7f3e8402da40 con 0x7f3e6c038ba0
2024-03-12T04:05:20.852 INFO:teuthology.orchestra.run.smithi042.stdout:/usr/bin/ceph: stderr
2024-03-12T04:05:20.133+0000 7f3e89e45700 1 -- 172.21.15.42:0/3086724088 >> [v2:172.21.15.42:6800/2670488995,v1:172.21.15.42:6801/2670488995] conn(0x7f3e6c038ba0 msgr2=0x7f3e6c03b060 secure :-1 s=STATE_CONNECTION_ESTABLISHED l=1).mark_down
2024-03-12T04:05:20.852 INFO:teuthology.orchestra.run.smithi042.stdout:/usr/bin/ceph: stderr
2024-03-12T04:05:20.134+0000 7f3e89e45700 1 --2- 172.21.15.42:0/3086724088 >> [v2:172.21.15.42:6800/2670488995,v1:172.21.15.42:6801/2670488995] conn(0x7f3e6c038ba0 0x7f3e6c03b060 secure :-1 s=READY pgs=7 cs=0 l=1 rev1=1 crypto rx=0x7f3e78006fd0 tx=0x7f3e78006e40 comp rx=0 tx=0).stop
2024-03-12T04:05:20.852 INFO:teuthology.orchestra.run.smithi042.stdout:/usr/bin/ceph: stderr
2024-03-12T04:05:20.134+0000 7f3e89e45700 1 -- 172.21.15.42:0/3086724088 >> [v2:172.21.15.42:3300/0,v1:172.21.15.42:6789/0] conn(0x7f3e841068a0 msgr2=0x7f3e8419b290 secure :-1 s=STATE_CONNECTION_ESTABLISHED l=1).mark_down
2024-03-12T04:05:20.852 INFO:teuthology.orchestra.run.smithi042.stdout:/usr/bin/ceph: stderr
2024-03-12T04:05:20.134+0000 7f3e89e45700 1 --2- 172.21.15.42:0/3086724088 >> [v2:172.21.15.42:3300/0,v1:172.21.15.42:6789/0] conn(0x7f3e841068a0 0x7f3e8419b290 secure :-1 s=READY pgs=36 cs=0 l=1 rev1=1 crypto rx=0x7f3e74003f40 tx=0x7f3e74011ab0 comp rx=0 tx=0).stop
2024-03-12T04:05:20.852 INFO:teuthology.orchestra.run.smithi042.stdout:/usr/bin/ceph: stderr
2024-03-12T04:05:20.134+0000 7f3e89e45700 1 -- 172.21.15.42:0/3086724088 shutdown_connections
2024-03-12T04:05:20.852 INFO:teuthology.orchestra.run.smithi042.stdout:/usr/bin/ceph: stderr
2024-03-12T04:05:20.134+0000 7f3e89e45700 1 --2- 172.21.15.42:0/3086724088 >> [v2:172.21.15.42:6800/2670488995,v1:172.21.15.42:6801/2670488995] conn(0x7f3e6c038ba0 0x7f3e6c03b060 unknown :-1 s=CLOSED pgs=7 cs=0 l=1 rev1=1 crypto rx=0 tx=0 comp rx=0 tx=0).stop
2024-03-12T04:05:20.852 INFO:teuthology.orchestra.run.smithi042.stdout:/usr/bin/ceph: stderr
2024-03-12T04:05:20.134+0000 7f3e89e45700 1 --2- 172.21.15.42:0/3086724088 >> [v2:172.21.15.42:3300/0,v1:172.21.15.42:6789/0] conn(0x7f3e841068a0 0x7f3e8419b290 unknown :-1 s=CLOSED pgs=36 cs=0 l=1 rev1=1 crypto rx=0 tx=0 comp rx=0 tx=0).stop
2024-03-12T04:05:20.852 INFO:teuthology.orchestra.run.smithi042.stdout:/usr/bin/ceph: stderr
2024-03-12T04:05:20.134+0000 7f3e89e45700 1 -- 172.21.15.42:0/3086724088 >> 172.21.15.42:0/3086724088 conn(0x7f3e84101140 msgr2=0x7f3e84102040 unknown :-1 s=STATE_NONE l=0).mark_down
2024-03-12T04:05:20.852 INFO:teuthology.orchestra.run.smithi042.stdout:/usr/bin/ceph: stderr
2024-03-12T04:05:20.134+0000 7f3e89e45700 1 -- 172.21.15.42:0/3086724088 shutdown_connections
2024-03-12T04:05:20.852 INFO:teuthology.orchestra.run.smithi042.stdout:/usr/bin/ceph: stderr
2024-03-12T04:05:20.134+0000 7f3e89e45700 1 -- 172.21.15.42:0/3086724088 wait complete.
2024-03-12T04:05:21.788 INFO:journalctl@ceph.mon.a.smithi042.stdout:Mar 12 04:05:21 smithi042 ceph-mon[32260]: [12/Mar/2024:04:05:19] ENGINE Bus STARTING
2024-03-12T04:05:21.788 INFO:journalctl@ceph.mon.a.smithi042.stdout:Mar 12 04:05:21 smithi042 ceph-mon[32260]: [12/Mar/2024:04:05:20] ENGINE Serving on https://172.21.15.42:7150
2024-03-12T04:05:21.788 INFO:journalctl@ceph.mon.a.smithi042.stdout:Mar 12 04:05:21 smithi042 ceph-mon[32260]: from='client.14130 -' entity='client.admin' cmd=[{"prefix": "orch set backend", "module_name": "cephadm", "target": ["mon-mgr", ""]}]: dispatch
2024-03-12T04:05:21.789 INFO:journalctl@ceph.mon.a.smithi042.stdout:Mar 12 04:05:21 smithi042 ceph-mon[32260]: [12/Mar/2024:04:05:20] ENGINE Serving on http://172.21.15.42:8765
2024-03-12T04:05:21.789 INFO:journalctl@ceph.mon.a.smithi042.stdout:Mar 12 04:05:21 smithi042 ceph-mon[32260]: [12/Mar/2024:04:05:20] ENGINE Bus STARTED
2024-03-12T04:05:21.789 INFO:journalctl@ceph.mon.a.smithi042.stdout:Mar 12 04:05:21 smithi042 ceph-mon[32260]: mgrmap e8: x(active, since 2s)
2024-03-12T04:05:22.072 INFO:teuthology.orchestra.run.smithi042.stdout:/usr/bin/ceph: stdout value unchanged
2024-03-12T04:05:22.072 INFO:teuthology.orchestra.run.smithi042.stdout:/usr/bin/ceph: stderr
2024-03-12T04:05:21.276+0000 7fe44b1ed700 1 Processor -- start
2024-03-12T04:05:22.072 INFO:teuthology.orchestra.run.smithi042.stdout:/usr/bin/ceph: stderr
2024-03-12T04:05:21.276+0000 7fe44b1ed700 1 -- start start
2024-03-12T04:05:22.073 INFO:teuthology.orchestra.run.smithi042.stdout:/usr/bin/ceph: stderr
2024-03-12T04:05:21.277+0000 7fe44b1ed700 1 --2- >> [v2:172.21.15.42:3300/0,v1:172.21.15.42:6789/0] conn(0x7fe444108b80 0x7fe444108fa0 unknown :-1 s=NONE pgs=0 cs=0 l=0 rev1=0 crypto rx=0 tx=0 comp rx=0 tx=0).connect
2024-03-12T04:05:22.073 INFO:teuthology.orchestra.run.smithi042.stdout:/usr/bin/ceph: stderr
2024-03-12T04:05:21.277+0000 7fe44b1ed700 1 -- --> [v2:172.21.15.42:3300/0,v1:172.21.15.42:6789/0] -- mon_getmap magic: 0 v1 -- 0x7fe444109570 con 0x7fe444108b80
2024-03-12T04:05:22.073 INFO:teuthology.orchestra.run.smithi042.stdout:/usr/bin/ceph: stderr
2024-03-12T04:05:21.277+0000 7fe448f89700 1 --2- >> [v2:172.21.15.42:3300/0,v1:172.21.15.42:6789/0] conn(0x7fe444108b80 0x7fe444108fa0 unknown :-1 s=BANNER_CONNECTING pgs=0 cs=0 l=0 rev1=0 crypto rx=0 tx=0 comp rx=0 tx=0)._handle_peer_banner_payload supported=3 required=0
2024-03-12T04:05:22.073 INFO:teuthology.orchestra.run.smithi042.stdout:/usr/bin/ceph: stderr
2024-03-12T04:05:21.277+0000 7fe448f89700 1 --2- >> [v2:172.21.15.42:3300/0,v1:172.21.15.42:6789/0] conn(0x7fe444108b80 0x7fe444108fa0 unknown :-1 s=HELLO_CONNECTING pgs=0 cs=0 l=0 rev1=1 crypto rx=0 tx=0 comp rx=0 tx=0).handle_hello peer v2:172.21.15.42:3300/0 says I am v2:172.21.15.42:45462/0 (socket says 172.21.15.42:45462)
2024-03-12T04:05:22.073 INFO:teuthology.orchestra.run.smithi042.stdout:/usr/bin/ceph: stderr
2024-03-12T04:05:21.277+0000 7fe448f89700 1 -- 172.21.15.42:0/265642569 learned_addr learned my addr 172.21.15.42:0/265642569 (peer_addr_for_me v2:172.21.15.42:0/0)
2024-03-12T04:05:22.073 INFO:teuthology.orchestra.run.smithi042.stdout:/usr/bin/ceph: stderr
2024-03-12T04:05:21.277+0000 7fe448f89700 1 -- 172.21.15.42:0/265642569 --> [v2:172.21.15.42:3300/0,v1:172.21.15.42:6789/0] -- mon_subscribe({config=0+,monmap=0+}) v3 -- 0x7fe4441053d0 con 0x7fe444108b80
2024-03-12T04:05:22.073 INFO:teuthology.orchestra.run.smithi042.stdout:/usr/bin/ceph: stderr
2024-03-12T04:05:21.277+0000 7fe448f89700 1 --2- 172.21.15.42:0/265642569 >> [v2:172.21.15.42:3300/0,v1:172.21.15.42:6789/0] conn(0x7fe444108b80 0x7fe444108fa0 secure :-1 s=READY pgs=37 cs=0 l=1 rev1=1 crypto rx=0x7fe4380098a0 tx=0x7fe438009bb0 comp rx=0 tx=0).ready entity=mon.0 client_cookie=3229ea71f319624 server_cookie=0 in_seq=0 out_seq=0
2024-03-12T04:05:22.073 INFO:teuthology.orchestra.run.smithi042.stdout:/usr/bin/ceph: stderr
2024-03-12T04:05:21.277+0000 7fe4437fe700 1 -- 172.21.15.42:0/265642569 <== mon.0 v2:172.21.15.42:3300/0 1 ==== mon_map magic: 0 v1 ==== 205+0+0 (secure 0 0 0) 0x7fe438004160 con 0x7fe444108b80
2024-03-12T04:05:22.073 INFO:teuthology.orchestra.run.smithi042.stdout:/usr/bin/ceph: stderr
2024-03-12T04:05:21.277+0000 7fe4437fe700 1 -- 172.21.15.42:0/265642569 <== mon.0 v2:172.21.15.42:3300/0 2 ==== config(26 keys) v1 ==== 1071+0+0 (secure 0 0 0) 0x7fe4380042c0 con 0x7fe444108b80
2024-03-12T04:05:22.073 INFO:teuthology.orchestra.run.smithi042.stdout:/usr/bin/ceph: stderr
2024-03-12T04:05:21.277+0000 7fe4437fe700 1 -- 172.21.15.42:0/265642569 <== mon.0 v2:172.21.15.42:3300/0 3 ==== mon_map magic: 0 v1 ==== 205+0+0 (secure 0 0 0) 0x7fe438011a50 con 0x7fe444108b80
2024-03-12T04:05:22.073 INFO:teuthology.orchestra.run.smithi042.stdout:/usr/bin/ceph: stderr
2024-03-12T04:05:21.278+0000 7fe44b1ed700 1 -- 172.21.15.42:0/265642569 >> [v2:172.21.15.42:3300/0,v1:172.21.15.42:6789/0] conn(0x7fe444108b80 msgr2=0x7fe444108fa0 secure :-1 s=STATE_CONNECTION_ESTABLISHED l=1).mark_down
2024-03-12T04:05:22.073 INFO:teuthology.orchestra.run.smithi042.stdout:/usr/bin/ceph: stderr
2024-03-12T04:05:21.278+0000 7fe44b1ed700 1 --2- 172.21.15.42:0/265642569 >> [v2:172.21.15.42:3300/0,v1:172.21.15.42:6789/0] conn(0x7fe444108b80 0x7fe444108fa0 secure :-1 s=READY pgs=37 cs=0 l=1 rev1=1 crypto rx=0x7fe4380098a0 tx=0x7fe438009bb0 comp rx=0 tx=0).stop
2024-03-12T04:05:22.073 INFO:teuthology.orchestra.run.smithi042.stdout:/usr/bin/ceph: stderr
2024-03-12T04:05:21.278+0000 7fe44b1ed700 1 -- 172.21.15.42:0/265642569 shutdown_connections
2024-03-12T04:05:22.074 INFO:teuthology.orchestra.run.smithi042.stdout:/usr/bin/ceph: stderr
2024-03-12T04:05:21.278+0000 7fe44b1ed700 1 --2- 172.21.15.42:0/265642569 >> [v2:172.21.15.42:3300/0,v1:172.21.15.42:6789/0] conn(0x7fe444108b80 0x7fe444108fa0 unknown :-1 s=CLOSED pgs=37 cs=0 l=1 rev1=1 crypto rx=0 tx=0 comp rx=0 tx=0).stop
2024-03-12T04:05:22.074 INFO:teuthology.orchestra.run.smithi042.stdout:/usr/bin/ceph: stderr
2024-03-12T04:05:21.278+0000 7fe44b1ed700 1 -- 172.21.15.42:0/265642569 >> 172.21.15.42:0/265642569 conn(0x7fe444101050 msgr2=0x7fe4441034d0 unknown :-1 s=STATE_NONE l=0).mark_down
2024-03-12T04:05:22.074 INFO:teuthology.orchestra.run.smithi042.stdout:/usr/bin/ceph: stderr
2024-03-12T04:05:21.278+0000 7fe44b1ed700 1 -- 172.21.15.42:0/265642569 shutdown_connections
2024-03-12T04:05:22.074 INFO:teuthology.orchestra.run.smithi042.stdout:/usr/bin/ceph: stderr
2024-03-12T04:05:21.278+0000 7fe44b1ed700 1 -- 172.21.15.42:0/265642569 wait complete.
2024-03-12T04:05:22.074 INFO:teuthology.orchestra.run.smithi042.stdout:/usr/bin/ceph: stderr
2024-03-12T04:05:21.279+0000 7fe44b1ed700 1 Processor -- start
2024-03-12T04:05:22.074 INFO:teuthology.orchestra.run.smithi042.stdout:/usr/bin/ceph: stderr
2024-03-12T04:05:21.279+0000 7fe44b1ed700 1 -- start start
2024-03-12T04:05:22.074 INFO:teuthology.orchestra.run.smithi042.stdout:/usr/bin/ceph: stderr
2024-03-12T04:05:21.279+0000 7fe44b1ed700 1 --2- >> [v2:172.21.15.42:3300/0,v1:172.21.15.42:6789/0] conn(0x7fe444108b80 0x7fe44419b350 unknown :-1 s=NONE pgs=0 cs=0 l=1 rev1=0 crypto rx=0 tx=0 comp rx=0 tx=0).connect
2024-03-12T04:05:22.074 INFO:teuthology.orchestra.run.smithi042.stdout:/usr/bin/ceph: stderr
2024-03-12T04:05:21.279+0000 7fe44b1ed700 1 -- --> [v2:172.21.15.42:3300/0,v1:172.21.15.42:6789/0] -- mon_getmap magic: 0 v1 -- 0x7fe44419b890 con 0x7fe444108b80
2024-03-12T04:05:22.074 INFO:teuthology.orchestra.run.smithi042.stdout:/usr/bin/ceph: stderr
2024-03-12T04:05:21.279+0000 7fe448f89700 1 --2- >> [v2:172.21.15.42:3300/0,v1:172.21.15.42:6789/0] conn(0x7fe444108b80 0x7fe44419b350 unknown :-1 s=BANNER_CONNECTING pgs=0 cs=0 l=1 rev1=0 crypto rx=0 tx=0 comp rx=0 tx=0)._handle_peer_banner_payload supported=3 required=0
2024-03-12T04:05:22.074 INFO:teuthology.orchestra.run.smithi042.stdout:/usr/bin/ceph: stderr
2024-03-12T04:05:21.279+0000 7fe448f89700 1 --2- >> [v2:172.21.15.42:3300/0,v1:172.21.15.42:6789/0] conn(0x7fe444108b80 0x7fe44419b350 unknown :-1 s=HELLO_CONNECTING pgs=0 cs=0 l=1 rev1=1 crypto rx=0 tx=0 comp rx=0 tx=0).handle_hello peer v2:172.21.15.42:3300/0 says I am v2:172.21.15.42:45468/0 (socket says 172.21.15.42:45468)
2024-03-12T04:05:22.074 INFO:teuthology.orchestra.run.smithi042.stdout:/usr/bin/ceph: stderr
2024-03-12T04:05:21.279+0000 7fe448f89700 1 -- 172.21.15.42:0/1201875880 learned_addr learned my addr 172.21.15.42:0/1201875880 (peer_addr_for_me v2:172.21.15.42:0/0)
2024-03-12T04:05:22.074 INFO:teuthology.orchestra.run.smithi042.stdout:/usr/bin/ceph: stderr
2024-03-12T04:05:21.279+0000 7fe448f89700 1 -- 172.21.15.42:0/1201875880 --> [v2:172.21.15.42:3300/0,v1:172.21.15.42:6789/0] -- mon_subscribe({config=0+,monmap=0+}) v3 -- 0x7fe438009550 con 0x7fe444108b80
2024-03-12T04:05:22.074 INFO:teuthology.orchestra.run.smithi042.stdout:/usr/bin/ceph: stderr
2024-03-12T04:05:21.279+0000 7fe448f89700 1 --2- 172.21.15.42:0/1201875880 >> [v2:172.21.15.42:3300/0,v1:172.21.15.42:6789/0] conn(0x7fe444108b80 0x7fe44419b350 secure :-1 s=READY pgs=38 cs=0 l=1 rev1=1 crypto rx=0x7fe438006af0 tx=0x7fe438011ab0 comp rx=0 tx=0).ready entity=mon.0 client_cookie=0 server_cookie=0 in_seq=0 out_seq=0
2024-03-12T04:05:22.075 INFO:teuthology.orchestra.run.smithi042.stdout:/usr/bin/ceph: stderr
2024-03-12T04:05:21.280+0000 7fe441ffb700 1 -- 172.21.15.42:0/1201875880 <== mon.0 v2:172.21.15.42:3300/0 1 ==== mon_map magic: 0 v1 ==== 205+0+0 (secure 0 0 0) 0x7fe438003930 con 0x7fe444108b80
2024-03-12T04:05:22.075 INFO:teuthology.orchestra.run.smithi042.stdout:/usr/bin/ceph: stderr
2024-03-12T04:05:21.280+0000 7fe441ffb700 1 -- 172.21.15.42:0/1201875880 <== mon.0 v2:172.21.15.42:3300/0 2 ==== config(26 keys) v1 ==== 1071+0+0 (secure 0 0 0) 0x7fe438003a90 con 0x7fe444108b80
2024-03-12T04:05:22.075 INFO:teuthology.orchestra.run.smithi042.stdout:/usr/bin/ceph: stderr
2024-03-12T04:05:21.280+0000 7fe44b1ed700 1 -- 172.21.15.42:0/1201875880 --> [v2:172.21.15.42:3300/0,v1:172.21.15.42:6789/0] -- mon_subscribe({mgrmap=0+}) v3 -- 0x7fe44419ba90 con 0x7fe444108b80
2024-03-12T04:05:22.075 INFO:teuthology.orchestra.run.smithi042.stdout:/usr/bin/ceph: stderr
2024-03-12T04:05:21.280+0000 7fe441ffb700 1 -- 172.21.15.42:0/1201875880 <== mon.0 v2:172.21.15.42:3300/0 3 ==== mon_map magic: 0 v1 ==== 205+0+0 (secure 0 0 0) 0x7fe438019670 con 0x7fe444108b80
2024-03-12T04:05:22.075 INFO:teuthology.orchestra.run.smithi042.stdout:/usr/bin/ceph: stderr
2024-03-12T04:05:21.280+0000 7fe44b1ed700 1 -- 172.21.15.42:0/1201875880 --> [v2:172.21.15.42:3300/0,v1:172.21.15.42:6789/0] -- mon_subscribe({osdmap=0}) v3 -- 0x7fe44419bf30 con 0x7fe444108b80
2024-03-12T04:05:22.075 INFO:teuthology.orchestra.run.smithi042.stdout:/usr/bin/ceph: stderr
2024-03-12T04:05:21.281+0000 7fe441ffb700 1 -- 172.21.15.42:0/1201875880 <== mon.0 v2:172.21.15.42:3300/0 4 ==== mgrmap(e 8) v1 ==== 45769+0+0 (secure 0 0 0) 0x7fe4380198e0 con 0x7fe444108b80
2024-03-12T04:05:22.075 INFO:teuthology.orchestra.run.smithi042.stdout:/usr/bin/ceph: stderr
2024-03-12T04:05:21.281+0000 7fe44b1ed700 1 -- 172.21.15.42:0/1201875880 --> [v2:172.21.15.42:3300/0,v1:172.21.15.42:6789/0] -- mon_command({"prefix": "get_command_descriptions"} v 0) v1 -- 0x7fe4440632a0 con 0x7fe444108b80
2024-03-12T04:05:22.075 INFO:teuthology.orchestra.run.smithi042.stdout:/usr/bin/ceph: stderr
2024-03-12T04:05:21.281+0000 7fe441ffb700 1 --2- 172.21.15.42:0/1201875880 >> [v2:172.21.15.42:6800/2670488995,v1:172.21.15.42:6801/2670488995] conn(0x7fe434038cb0 0x7fe43403b170 unknown :-1 s=NONE pgs=0 cs=0 l=1 rev1=0 crypto rx=0 tx=0 comp rx=0 tx=0).connect
2024-03-12T04:05:22.075 INFO:teuthology.orchestra.run.smithi042.stdout:/usr/bin/ceph: stderr
2024-03-12T04:05:21.281+0000 7fe441ffb700 1 -- 172.21.15.42:0/1201875880 <== mon.0 v2:172.21.15.42:3300/0 5 ==== osd_map(2..2 src has 1..2) v4 ==== 940+0+0 (secure 0 0 0) 0x7fe43804d0a0 con 0x7fe444108b80
2024-03-12T04:05:22.075 INFO:teuthology.orchestra.run.smithi042.stdout:/usr/bin/ceph: stderr
2024-03-12T04:05:21.281+0000 7fe443fff700 1 --2- 172.21.15.42:0/1201875880 >> [v2:172.21.15.42:6800/2670488995,v1:172.21.15.42:6801/2670488995] conn(0x7fe434038cb0 0x7fe43403b170 unknown :-1 s=BANNER_CONNECTING pgs=0 cs=0 l=1 rev1=0 crypto rx=0 tx=0 comp rx=0 tx=0)._handle_peer_banner_payload supported=3 required=0
2024-03-12T04:05:22.075 INFO:teuthology.orchestra.run.smithi042.stdout:/usr/bin/ceph: stderr
2024-03-12T04:05:21.281+0000 7fe443fff700 1 --2- 172.21.15.42:0/1201875880 >> [v2:172.21.15.42:6800/2670488995,v1:172.21.15.42:6801/2670488995] conn(0x7fe434038cb0 0x7fe43403b170 secure :-1 s=READY pgs=8 cs=0 l=1 rev1=1 crypto rx=0x7fe430006fd0 tx=0x7fe430006e40 comp rx=0 tx=0).ready entity=mgr.14118 client_cookie=0 server_cookie=0 in_seq=0 out_seq=0
2024-03-12T04:05:22.075 INFO:teuthology.orchestra.run.smithi042.stdout:/usr/bin/ceph: stderr
2024-03-12T04:05:21.286+0000 7fe441ffb700 1 -- 172.21.15.42:0/1201875880 <== mon.0 v2:172.21.15.42:3300/0 6 ==== mon_command_ack([{"prefix": "get_command_descriptions"}]=0 v0) v1 ==== 72+0+183564 (secure 0 0 0) 0x7fe438018530 con 0x7fe444108b80
2024-03-12T04:05:22.075 INFO:teuthology.orchestra.run.smithi042.stdout:/usr/bin/ceph: stderr
2024-03-12T04:05:21.490+0000 7fe44b1ed700 1 -- 172.21.15.42:0/1201875880 --> [v2:172.21.15.42:6800/2670488995,v1:172.21.15.42:6801/2670488995] -- mgr_command(tid 0: {"prefix": "cephadm set-user", "user": "root", "target": ["mon-mgr", ""]}) v1 -- 0x7fe44410b8c0 con 0x7fe434038cb0
2024-03-12T04:05:22.075 INFO:teuthology.orchestra.run.smithi042.stdout:/usr/bin/ceph: stderr
2024-03-12T04:05:21.490+0000 7fe441ffb700 1 -- 172.21.15.42:0/1201875880 <== mgr.14118 v2:172.21.15.42:6800/2670488995 1 ==== mgr_command_reply(tid 0: 0 ) v1 ==== 8+0+16 (secure 0 0 0) 0x7fe44410b8c0 con 0x7fe434038cb0
2024-03-12T04:05:22.076 INFO:teuthology.orchestra.run.smithi042.stdout:/usr/bin/ceph: stderr
2024-03-12T04:05:21.493+0000 7fe44b1ed700 1 -- 172.21.15.42:0/1201875880 >> [v2:172.21.15.42:6800/2670488995,v1:172.21.15.42:6801/2670488995] conn(0x7fe434038cb0 msgr2=0x7fe43403b170 secure :-1 s=STATE_CONNECTION_ESTABLISHED l=1).mark_down
2024-03-12T04:05:22.076 INFO:teuthology.orchestra.run.smithi042.stdout:/usr/bin/ceph: stderr
2024-03-12T04:05:21.493+0000 7fe44b1ed700 1 --2- 172.21.15.42:0/1201875880 >> [v2:172.21.15.42:6800/2670488995,v1:172.21.15.42:6801/2670488995] conn(0x7fe434038cb0 0x7fe43403b170 secure :-1 s=READY pgs=8 cs=0 l=1 rev1=1 crypto rx=0x7fe430006fd0 tx=0x7fe430006e40 comp rx=0 tx=0).stop
2024-03-12T04:05:22.076 INFO:teuthology.orchestra.run.smithi042.stdout:/usr/bin/ceph: stderr
2024-03-12T04:05:21.493+0000 7fe44b1ed700 1 -- 172.21.15.42:0/1201875880 >> [v2:172.21.15.42:3300/0,v1:172.21.15.42:6789/0] conn(0x7fe444108b80 msgr2=0x7fe44419b350 secure :-1 s=STATE_CONNECTION_ESTABLISHED l=1).mark_down
2024-03-12T04:05:22.076 INFO:teuthology.orchestra.run.smithi042.stdout:/usr/bin/ceph: stderr
2024-03-12T04:05:21.493+0000 7fe44b1ed700 1 --2- 172.21.15.42:0/1201875880 >> [v2:172.21.15.42:3300/0,v1:172.21.15.42:6789/0] conn(0x7fe444108b80 0x7fe44419b350 secure :-1 s=READY pgs=38 cs=0 l=1 rev1=1 crypto rx=0x7fe438006af0 tx=0x7fe438011ab0 comp rx=0 tx=0).stop
2024-03-12T04:05:22.076 INFO:teuthology.orchestra.run.smithi042.stdout:/usr/bin/ceph: stderr
2024-03-12T04:05:21.493+0000 7fe44b1ed700 1 -- 172.21.15.42:0/1201875880 shutdown_connections
2024-03-12T04:05:22.076 INFO:teuthology.orchestra.run.smithi042.stdout:/usr/bin/ceph: stderr
2024-03-12T04:05:21.493+0000 7fe44b1ed700 1 --2- 172.21.15.42:0/1201875880 >> [v2:172.21.15.42:6800/2670488995,v1:172.21.15.42:6801/2670488995] conn(0x7fe434038cb0 0x7fe43403b170 unknown :-1 s=CLOSED pgs=8 cs=0 l=1 rev1=1 crypto rx=0 tx=0 comp rx=0 tx=0).stop
2024-03-12T04:05:22.076 INFO:teuthology.orchestra.run.smithi042.stdout:/usr/bin/ceph: stderr
2024-03-12T04:05:21.493+0000 7fe44b1ed700 1 --2- 172.21.15.42:0/1201875880 >> [v2:172.21.15.42:3300/0,v1:172.21.15.42:6789/0] conn(0x7fe444108b80 0x7fe44419b350 unknown :-1 s=CLOSED pgs=38 cs=0 l=1 rev1=1 crypto rx=0 tx=0 comp rx=0 tx=0).stop
2024-03-12T04:05:22.076 INFO:teuthology.orchestra.run.smithi042.stdout:/usr/bin/ceph: stderr
2024-03-12T04:05:21.493+0000 7fe44b1ed700 1 -- 172.21.15.42:0/1201875880 >> 172.21.15.42:0/1201875880 conn(0x7fe444101050 msgr2=0x7fe444101c20 unknown :-1 s=STATE_NONE l=0).mark_down
2024-03-12T04:05:22.076 INFO:teuthology.orchestra.run.smithi042.stdout:/usr/bin/ceph: stderr
2024-03-12T04:05:21.493+0000 7fe44b1ed700 1 -- 172.21.15.42:0/1201875880 shutdown_connections
2024-03-12T04:05:22.076 INFO:teuthology.orchestra.run.smithi042.stdout:/usr/bin/ceph: stderr
2024-03-12T04:05:21.493+0000 7fe44b1ed700 1 -- 172.21.15.42:0/1201875880 wait complete.
2024-03-12T04:05:22.076 INFO:teuthology.orchestra.run.smithi042.stdout:Generating ssh key...
2024-03-12T04:05:22.730 INFO:journalctl@ceph.mon.a.smithi042.stdout:Mar 12 04:05:22 smithi042 ceph-mon[32260]: from='client.14132 -' entity='client.admin' cmd=[{"prefix": "cephadm set-user", "user": "root", "target": ["mon-mgr", ""]}]: dispatch
2024-03-12T04:05:23.670 INFO:journalctl@ceph.mon.a.smithi042.stdout:Mar 12 04:05:23 smithi042 ceph-mon[32260]: from='client.14134 -' entity='client.admin' cmd=[{"prefix": "cephadm generate-key", "target": ["mon-mgr", ""]}]: dispatch
2024-03-12T04:05:23.670 INFO:journalctl@ceph.mon.a.smithi042.stdout:Mar 12 04:05:23 smithi042 ceph-mon[32260]: Generating ssh key...
2024-03-12T04:05:23.670 INFO:journalctl@ceph.mon.a.smithi042.stdout:Mar 12 04:05:23 smithi042 ceph-mon[32260]: from='mgr.14118 172.21.15.42:0/1915261902' entity='mgr.x'
2024-03-12T04:05:23.670 INFO:journalctl@ceph.mon.a.smithi042.stdout:Mar 12 04:05:23 smithi042 ceph-mon[32260]: from='mgr.14118 172.21.15.42:0/1915261902' entity='mgr.x'
2024-03-12T04:05:23.670 INFO:journalctl@ceph.mgr.x.smithi042.stdout:Mar 12 04:05:23 smithi042 ceph-7cca013a-e025-11ee-95c8-87774f69a715-mgr-x[32493]: Generating public/private rsa key pair.
2024-03-12T04:05:23.671 INFO:journalctl@ceph.mgr.x.smithi042.stdout:Mar 12 04:05:23 smithi042 ceph-7cca013a-e025-11ee-95c8-87774f69a715-mgr-x[32493]: Your identification has been saved in /tmp/tmpxfmsbfsr/key.
2024-03-12T04:05:23.671 INFO:journalctl@ceph.mgr.x.smithi042.stdout:Mar 12 04:05:23 smithi042 ceph-7cca013a-e025-11ee-95c8-87774f69a715-mgr-x[32493]: Your public key has been saved in /tmp/tmpxfmsbfsr/key.pub.
2024-03-12T04:05:23.671 INFO:journalctl@ceph.mgr.x.smithi042.stdout:Mar 12 04:05:23 smithi042 ceph-7cca013a-e025-11ee-95c8-87774f69a715-mgr-x[32493]: The key fingerprint is:
2024-03-12T04:05:23.671 INFO:journalctl@ceph.mgr.x.smithi042.stdout:Mar 12 04:05:23 smithi042 ceph-7cca013a-e025-11ee-95c8-87774f69a715-mgr-x[32493]: SHA256:5RGqheQiTBTBkrPZzbm2m3uVFZhhUUY7/+oA68bii3g ceph-7cca013a-e025-11ee-95c8-87774f69a715
2024-03-12T04:05:23.671 INFO:journalctl@ceph.mgr.x.smithi042.stdout:Mar 12 04:05:23 smithi042 ceph-7cca013a-e025-11ee-95c8-87774f69a715-mgr-x[32493]: The key's randomart image is:
2024-03-12T04:05:23.671 INFO:journalctl@ceph.mgr.x.smithi042.stdout:Mar 12 04:05:23 smithi042 ceph-7cca013a-e025-11ee-95c8-87774f69a715-mgr-x[32493]: +---[RSA 3072]----+
2024-03-12T04:05:23.671 INFO:journalctl@ceph.mgr.x.smithi042.stdout:Mar 12 04:05:23 smithi042 ceph-7cca013a-e025-11ee-95c8-87774f69a715-mgr-x[32493]: | +=o . +B= |
2024-03-12T04:05:23.671 INFO:journalctl@ceph.mgr.x.smithi042.stdout:Mar 12 04:05:23 smithi042 ceph-7cca013a-e025-11ee-95c8-87774f69a715-mgr-x[32493]: |+o. o ooo.o |
2024-03-12T04:05:23.671 INFO:journalctl@ceph.mgr.x.smithi042.stdout:Mar 12 04:05:23 smithi042 ceph-7cca013a-e025-11ee-95c8-87774f69a715-mgr-x[32493]: | *oo..o o =. |
2024-03-12T04:05:23.671 INFO:journalctl@ceph.mgr.x.smithi042.stdout:Mar 12 04:05:23 smithi042 ceph-7cca013a-e025-11ee-95c8-87774f69a715-mgr-x[32493]: |o ..+. o o.+ |
2024-03-12T04:05:23.671 INFO:journalctl@ceph.mgr.x.smithi042.stdout:Mar 12 04:05:23 smithi042 ceph-7cca013a-e025-11ee-95c8-87774f69a715-mgr-x[32493]: | .. So. . |
2024-03-12T04:05:23.671 INFO:journalctl@ceph.mgr.x.smithi042.stdout:Mar 12 04:05:23 smithi042 ceph-7cca013a-e025-11ee-95c8-87774f69a715-mgr-x[32493]: | o oo . |
2024-03-12T04:05:23.671 INFO:journalctl@ceph.mgr.x.smithi042.stdout:Mar 12 04:05:23 smithi042 ceph-7cca013a-e025-11ee-95c8-87774f69a715-mgr-x[32493]: | . . o. . . |
2024-03-12T04:05:23.671 INFO:journalctl@ceph.mgr.x.smithi042.stdout:Mar 12 04:05:23 smithi042 ceph-7cca013a-e025-11ee-95c8-87774f69a715-mgr-x[32493]: | .Eoo.o . . |
2024-03-12T04:05:23.671 INFO:journalctl@ceph.mgr.x.smithi042.stdout:Mar 12 04:05:23 smithi042 ceph-7cca013a-e025-11ee-95c8-87774f69a715-mgr-x[32493]: | ..==o+. .o |
2024-03-12T04:05:23.671 INFO:journalctl@ceph.mgr.x.smithi042.stdout:Mar 12 04:05:23 smithi042 ceph-7cca013a-e025-11ee-95c8-87774f69a715-mgr-x[32493]: +----[SHA256]-----+
2024-03-12T04:05:23.945 INFO:teuthology.orchestra.run.smithi042.stdout:/usr/bin/ceph: stderr
2024-03-12T04:05:22.515+0000 7f27dd61a700 1 Processor -- start
2024-03-12T04:05:23.945 INFO:teuthology.orchestra.run.smithi042.stdout:/usr/bin/ceph: stderr
2024-03-12T04:05:22.515+0000 7f27dd61a700 1 -- start start
2024-03-12T04:05:23.945 INFO:teuthology.orchestra.run.smithi042.stdout:/usr/bin/ceph: stderr
2024-03-12T04:05:22.515+0000 7f27dd61a700 1 --2- >> [v2:172.21.15.42:3300/0,v1:172.21.15.42:6789/0] conn(0x7f27d81074c0 0x7f27d81078e0 unknown :-1 s=NONE pgs=0 cs=0 l=0 rev1=0 crypto rx=0 tx=0 comp rx=0 tx=0).connect
2024-03-12T04:05:23.945 INFO:teuthology.orchestra.run.smithi042.stdout:/usr/bin/ceph: stderr
2024-03-12T04:05:22.515+0000 7f27dd61a700 1 -- --> [v2:172.21.15.42:3300/0,v1:172.21.15.42:6789/0] -- mon_getmap magic: 0 v1 -- 0x7f27d8107eb0 con 0x7f27d81074c0
2024-03-12T04:05:23.945 INFO:teuthology.orchestra.run.smithi042.stdout:/usr/bin/ceph: stderr
2024-03-12T04:05:22.515+0000 7f27d6ffd700 1 --2- >> [v2:172.21.15.42:3300/0,v1:172.21.15.42:6789/0] conn(0x7f27d81074c0 0x7f27d81078e0 unknown :-1 s=BANNER_CONNECTING pgs=0 cs=0 l=0 rev1=0 crypto rx=0 tx=0 comp rx=0 tx=0)._handle_peer_banner_payload supported=3 required=0
2024-03-12T04:05:23.946 INFO:teuthology.orchestra.run.smithi042.stdout:/usr/bin/ceph: stderr
2024-03-12T04:05:22.515+0000 7f27d6ffd700 1 --2- >> [v2:172.21.15.42:3300/0,v1:172.21.15.42:6789/0] conn(0x7f27d81074c0 0x7f27d81078e0 unknown :-1 s=HELLO_CONNECTING pgs=0 cs=0 l=0 rev1=1 crypto rx=0 tx=0 comp rx=0 tx=0).handle_hello peer v2:172.21.15.42:3300/0 says I am v2:172.21.15.42:32996/0 (socket says 172.21.15.42:32996)
2024-03-12T04:05:23.946 INFO:teuthology.orchestra.run.smithi042.stdout:/usr/bin/ceph: stderr
2024-03-12T04:05:22.515+0000 7f27d6ffd700 1 -- 172.21.15.42:0/1432597720 learned_addr learned my addr 172.21.15.42:0/1432597720 (peer_addr_for_me v2:172.21.15.42:0/0)
2024-03-12T04:05:23.946 INFO:teuthology.orchestra.run.smithi042.stdout:/usr/bin/ceph: stderr
2024-03-12T04:05:22.516+0000 7f27d6ffd700 1 -- 172.21.15.42:0/1432597720 --> [v2:172.21.15.42:3300/0,v1:172.21.15.42:6789/0] -- mon_subscribe({config=0+,monmap=0+}) v3 -- 0x7f27d8108670 con 0x7f27d81074c0
2024-03-12T04:05:23.946 INFO:teuthology.orchestra.run.smithi042.stdout:/usr/bin/ceph: stderr
2024-03-12T04:05:22.516+0000 7f27d6ffd700 1 --2- 172.21.15.42:0/1432597720 >> [v2:172.21.15.42:3300/0,v1:172.21.15.42:6789/0] conn(0x7f27d81074c0 0x7f27d81078e0 secure :-1 s=READY pgs=39 cs=0 l=1 rev1=1 crypto rx=0x7f27cc0098a0 tx=0x7f27cc009bb0 comp rx=0 tx=0).ready entity=mon.0 client_cookie=dfb847ecf816877a server_cookie=0 in_seq=0 out_seq=0
2024-03-12T04:05:23.946 INFO:teuthology.orchestra.run.smithi042.stdout:/usr/bin/ceph: stderr
2024-03-12T04:05:22.516+0000 7f27d5ffb700 1 -- 172.21.15.42:0/1432597720 <== mon.0 v2:172.21.15.42:3300/0 1 ==== mon_map magic: 0 v1 ==== 205+0+0 (secure 0 0 0) 0x7f27cc004160 con 0x7f27d81074c0
2024-03-12T04:05:23.946 INFO:teuthology.orchestra.run.smithi042.stdout:/usr/bin/ceph: stderr
2024-03-12T04:05:22.516+0000 7f27d5ffb700 1 -- 172.21.15.42:0/1432597720 <== mon.0 v2:172.21.15.42:3300/0 2 ==== config(26 keys) v1 ==== 1071+0+0 (secure 0 0 0) 0x7f27cc0042c0 con 0x7f27d81074c0
2024-03-12T04:05:23.946 INFO:teuthology.orchestra.run.smithi042.stdout:/usr/bin/ceph: stderr
2024-03-12T04:05:22.516+0000 7f27d5ffb700 1 -- 172.21.15.42:0/1432597720 <== mon.0 v2:172.21.15.42:3300/0 3 ==== mon_map magic: 0 v1 ==== 205+0+0 (secure 0 0 0) 0x7f27cc011a50 con 0x7f27d81074c0
2024-03-12T04:05:23.946 INFO:teuthology.orchestra.run.smithi042.stdout:/usr/bin/ceph: stderr
2024-03-12T04:05:22.516+0000 7f27dd61a700 1 -- 172.21.15.42:0/1432597720 >> [v2:172.21.15.42:3300/0,v1:172.21.15.42:6789/0] conn(0x7f27d81074c0 msgr2=0x7f27d81078e0 secure :-1 s=STATE_CONNECTION_ESTABLISHED l=1).mark_down
2024-03-12T04:05:23.946 INFO:teuthology.orchestra.run.smithi042.stdout:/usr/bin/ceph: stderr
2024-03-12T04:05:22.516+0000 7f27dd61a700 1 --2- 172.21.15.42:0/1432597720 >> [v2:172.21.15.42:3300/0,v1:172.21.15.42:6789/0] conn(0x7f27d81074c0 0x7f27d81078e0 secure :-1 s=READY pgs=39 cs=0 l=1 rev1=1 crypto rx=0x7f27cc0098a0 tx=0x7f27cc009bb0 comp rx=0 tx=0).stop
2024-03-12T04:05:23.947 INFO:teuthology.orchestra.run.smithi042.stdout:/usr/bin/ceph: stderr
2024-03-12T04:05:22.517+0000 7f27dd61a700 1 -- 172.21.15.42:0/1432597720 shutdown_connections
2024-03-12T04:05:23.947 INFO:teuthology.orchestra.run.smithi042.stdout:/usr/bin/ceph: stderr
2024-03-12T04:05:22.517+0000 7f27dd61a700 1 --2- 172.21.15.42:0/1432597720 >> [v2:172.21.15.42:3300/0,v1:172.21.15.42:6789/0] conn(0x7f27d81074c0 0x7f27d81078e0 unknown :-1 s=CLOSED pgs=39 cs=0 l=1 rev1=1 crypto rx=0 tx=0 comp rx=0 tx=0).stop
2024-03-12T04:05:23.947 INFO:teuthology.orchestra.run.smithi042.stdout:/usr/bin/ceph: stderr
2024-03-12T04:05:22.517+0000 7f27dd61a700 1 -- 172.21.15.42:0/1432597720 >> 172.21.15.42:0/1432597720 conn(0x7f27d8102b00 msgr2=0x7f27d8104f20 unknown :-1 s=STATE_NONE l=0).mark_down
2024-03-12T04:05:23.947 INFO:teuthology.orchestra.run.smithi042.stdout:/usr/bin/ceph: stderr
2024-03-12T04:05:22.517+0000 7f27dd61a700 1 -- 172.21.15.42:0/1432597720 shutdown_connections
2024-03-12T04:05:23.947 INFO:teuthology.orchestra.run.smithi042.stdout:/usr/bin/ceph: stderr
2024-03-12T04:05:22.517+0000 7f27dd61a700 1 -- 172.21.15.42:0/1432597720 wait complete.
2024-03-12T04:05:23.947 INFO:teuthology.orchestra.run.smithi042.stdout:/usr/bin/ceph: stderr
2024-03-12T04:05:22.517+0000 7f27dd61a700 1 Processor -- start
2024-03-12T04:05:23.947 INFO:teuthology.orchestra.run.smithi042.stdout:/usr/bin/ceph: stderr
2024-03-12T04:05:22.517+0000 7f27dd61a700 1 -- start start
2024-03-12T04:05:23.947 INFO:teuthology.orchestra.run.smithi042.stdout:/usr/bin/ceph: stderr
2024-03-12T04:05:22.518+0000 7f27dd61a700 1 --2- >> [v2:172.21.15.42:3300/0,v1:172.21.15.42:6789/0] conn(0x7f27d81074c0 0x7f27d819b1b0 unknown :-1 s=NONE pgs=0 cs=0 l=1 rev1=0 crypto rx=0 tx=0 comp rx=0 tx=0).connect
2024-03-12T04:05:23.947 INFO:teuthology.orchestra.run.smithi042.stdout:/usr/bin/ceph: stderr
2024-03-12T04:05:22.518+0000 7f27dd61a700 1 -- --> [v2:172.21.15.42:3300/0,v1:172.21.15.42:6789/0] -- mon_getmap magic: 0 v1 -- 0x7f27d819b6f0 con 0x7f27d81074c0
2024-03-12T04:05:23.947 INFO:teuthology.orchestra.run.smithi042.stdout:/usr/bin/ceph: stderr
2024-03-12T04:05:22.518+0000 7f27d6ffd700 1 --2- >> [v2:172.21.15.42:3300/0,v1:172.21.15.42:6789/0] conn(0x7f27d81074c0 0x7f27d819b1b0 unknown :-1 s=BANNER_CONNECTING pgs=0 cs=0 l=1 rev1=0 crypto rx=0 tx=0 comp rx=0 tx=0)._handle_peer_banner_payload supported=3 required=0
2024-03-12T04:05:23.947 INFO:teuthology.orchestra.run.smithi042.stdout:/usr/bin/ceph: stderr
2024-03-12T04:05:22.518+0000 7f27d6ffd700 1 --2- >> [v2:172.21.15.42:3300/0,v1:172.21.15.42:6789/0] conn(0x7f27d81074c0 0x7f27d819b1b0 unknown :-1 s=HELLO_CONNECTING pgs=0 cs=0 l=1 rev1=1 crypto rx=0 tx=0 comp rx=0 tx=0).handle_hello peer v2:172.21.15.42:3300/0 says I am v2:172.21.15.42:33010/0 (socket says 172.21.15.42:33010)
2024-03-12T04:05:23.947 INFO:teuthology.orchestra.run.smithi042.stdout:/usr/bin/ceph: stderr
2024-03-12T04:05:22.518+0000 7f27d6ffd700 1 -- 172.21.15.42:0/564440458 learned_addr learned my addr 172.21.15.42:0/564440458 (peer_addr_for_me v2:172.21.15.42:0/0)
2024-03-12T04:05:23.948 INFO:teuthology.orchestra.run.smithi042.stdout:/usr/bin/ceph: stderr
2024-03-12T04:05:22.518+0000 7f27d6ffd700 1 -- 172.21.15.42:0/564440458 --> [v2:172.21.15.42:3300/0,v1:172.21.15.42:6789/0] -- mon_subscribe({config=0+,monmap=0+}) v3 -- 0x7f27cc009550 con 0x7f27d81074c0
2024-03-12T04:05:23.948 INFO:teuthology.orchestra.run.smithi042.stdout:/usr/bin/ceph: stderr
2024-03-12T04:05:22.518+0000 7f27d6ffd700 1 --2- 172.21.15.42:0/564440458 >> [v2:172.21.15.42:3300/0,v1:172.21.15.42:6789/0] conn(0x7f27d81074c0 0x7f27d819b1b0 secure :-1 s=READY pgs=40 cs=0 l=1 rev1=1 crypto rx=0x7f27cc000c00 tx=0x7f27cc011ab0 comp rx=0 tx=0).ready entity=mon.0 client_cookie=0 server_cookie=0 in_seq=0 out_seq=0
2024-03-12T04:05:23.948 INFO:teuthology.orchestra.run.smithi042.stdout:/usr/bin/ceph: stderr
2024-03-12T04:05:22.518+0000 7f27bffff700 1 -- 172.21.15.42:0/564440458 <== mon.0 v2:172.21.15.42:3300/0 1 ==== mon_map magic: 0 v1 ==== 205+0+0 (secure 0 0 0) 0x7f27cc003a40 con 0x7f27d81074c0
2024-03-12T04:05:23.948 INFO:teuthology.orchestra.run.smithi042.stdout:/usr/bin/ceph: stderr
2024-03-12T04:05:22.518+0000 7f27bffff700 1 -- 172.21.15.42:0/564440458 <== mon.0 v2:172.21.15.42:3300/0 2 ==== config(26 keys) v1 ==== 1071+0+0 (secure 0 0 0) 0x7f27cc003ba0 con 0x7f27d81074c0
2024-03-12T04:05:23.948 INFO:teuthology.orchestra.run.smithi042.stdout:/usr/bin/ceph: stderr
2024-03-12T04:05:22.518+0000 7f27dd61a700 1 -- 172.21.15.42:0/564440458 --> [v2:172.21.15.42:3300/0,v1:172.21.15.42:6789/0] -- mon_subscribe({mgrmap=0+}) v3 -- 0x7f27d819b8f0 con 0x7f27d81074c0
2024-03-12T04:05:23.948 INFO:teuthology.orchestra.run.smithi042.stdout:/usr/bin/ceph: stderr
2024-03-12T04:05:22.518+0000 7f27bffff700 1 -- 172.21.15.42:0/564440458 <== mon.0 v2:172.21.15.42:3300/0 3 ==== mon_map magic: 0 v1 ==== 205+0+0 (secure 0 0 0) 0x7f27cc01a700 con 0x7f27d81074c0
2024-03-12T04:05:23.948 INFO:teuthology.orchestra.run.smithi042.stdout:/usr/bin/ceph: stderr
2024-03-12T04:05:22.519+0000 7f27dd61a700 1 -- 172.21.15.42:0/564440458 --> [v2:172.21.15.42:3300/0,v1:172.21.15.42:6789/0] -- mon_subscribe({osdmap=0}) v3 -- 0x7f27d819bd90 con 0x7f27d81074c0
2024-03-12T04:05:23.948 INFO:teuthology.orchestra.run.smithi042.stdout:/usr/bin/ceph: stderr
2024-03-12T04:05:22.519+0000 7f27bffff700 1 -- 172.21.15.42:0/564440458 <== mon.0 v2:172.21.15.42:3300/0 4 ==== mgrmap(e 8) v1 ==== 45769+0+0 (secure 0 0 0) 0x7f27cc01a980 con 0x7f27d81074c0
2024-03-12T04:05:23.948 INFO:teuthology.orchestra.run.smithi042.stdout:/usr/bin/ceph: stderr
2024-03-12T04:05:22.520+0000 7f27dd61a700 1 -- 172.21.15.42:0/564440458 --> [v2:172.21.15.42:3300/0,v1:172.21.15.42:6789/0] -- mon_command({"prefix": "get_command_descriptions"} v 0) v1 -- 0x7f27d810b8a0 con 0x7f27d81074c0
2024-03-12T04:05:23.948 INFO:teuthology.orchestra.run.smithi042.stdout:/usr/bin/ceph: stderr
2024-03-12T04:05:22.520+0000 7f27bffff700 1 --2- 172.21.15.42:0/564440458 >> [v2:172.21.15.42:6800/2670488995,v1:172.21.15.42:6801/2670488995] conn(0x7f27c0038cb0 0x7f27c003b170 unknown :-1 s=NONE pgs=0 cs=0 l=1 rev1=0 crypto rx=0 tx=0 comp rx=0 tx=0).connect
2024-03-12T04:05:23.948 INFO:teuthology.orchestra.run.smithi042.stdout:/usr/bin/ceph: stderr
2024-03-12T04:05:22.520+0000 7f27bffff700 1 -- 172.21.15.42:0/564440458 <== mon.0 v2:172.21.15.42:3300/0 5 ==== osd_map(2..2 src has 1..2) v4 ==== 940+0+0 (secure 0 0 0) 0x7f27cc04ce90 con 0x7f27d81074c0
2024-03-12T04:05:23.948 INFO:teuthology.orchestra.run.smithi042.stdout:/usr/bin/ceph: stderr
2024-03-12T04:05:22.520+0000 7f27d67fc700 1 --2- 172.21.15.42:0/564440458 >> [v2:172.21.15.42:6800/2670488995,v1:172.21.15.42:6801/2670488995] conn(0x7f27c0038cb0 0x7f27c003b170 unknown :-1 s=BANNER_CONNECTING pgs=0 cs=0 l=1 rev1=0 crypto rx=0 tx=0 comp rx=0 tx=0)._handle_peer_banner_payload supported=3 required=0
2024-03-12T04:05:23.948 INFO:teuthology.orchestra.run.smithi042.stdout:/usr/bin/ceph: stderr
2024-03-12T04:05:22.520+0000 7f27d67fc700 1 --2- 172.21.15.42:0/564440458 >> [v2:172.21.15.42:6800/2670488995,v1:172.21.15.42:6801/2670488995] conn(0x7f27c0038cb0 0x7f27c003b170 secure :-1 s=READY pgs=9 cs=0 l=1 rev1=1 crypto rx=0x7f27c8006fd0 tx=0x7f27c8006e40 comp rx=0 tx=0).ready entity=mgr.14118 client_cookie=0 server_cookie=0 in_seq=0 out_seq=0
2024-03-12T04:05:23.948 INFO:teuthology.orchestra.run.smithi042.stdout:/usr/bin/ceph: stderr
2024-03-12T04:05:22.525+0000 7f27bffff700 1 -- 172.21.15.42:0/564440458 <== mon.0 v2:172.21.15.42:3300/0 6 ==== mon_command_ack([{"prefix": "get_command_descriptions"}]=0 v0) v1 ==== 72+0+183564 (secure 0 0 0) 0x7f27cc018530 con 0x7f27d81074c0
2024-03-12T04:05:23.948 INFO:teuthology.orchestra.run.smithi042.stdout:/usr/bin/ceph: stderr
2024-03-12T04:05:22.727+0000 7f27dd61a700 1 -- 172.21.15.42:0/564440458 --> [v2:172.21.15.42:6800/2670488995,v1:172.21.15.42:6801/2670488995] -- mgr_command(tid 0: {"prefix": "cephadm generate-key", "target": ["mon-mgr", ""]}) v1 -- 0x7f27d8103d10 con 0x7f27c0038cb0
2024-03-12T04:05:23.949 INFO:teuthology.orchestra.run.smithi042.stdout:/usr/bin/ceph: stderr
2024-03-12T04:05:23.376+0000 7f27bffff700 1 -- 172.21.15.42:0/564440458 <== mgr.14118 v2:172.21.15.42:6800/2670488995 1 ==== mgr_command_reply(tid 0: 0 ) v1 ==== 8+0+0 (secure 0 0 0) 0x7f27d8103d10 con 0x7f27c0038cb0
2024-03-12T04:05:23.949 INFO:teuthology.orchestra.run.smithi042.stdout:/usr/bin/ceph: stderr
2024-03-12T04:05:23.378+0000 7f27dd61a700 1 -- 172.21.15.42:0/564440458 >> [v2:172.21.15.42:6800/2670488995,v1:172.21.15.42:6801/2670488995] conn(0x7f27c0038cb0 msgr2=0x7f27c003b170 secure :-1 s=STATE_CONNECTION_ESTABLISHED l=1).mark_down
2024-03-12T04:05:23.949 INFO:teuthology.orchestra.run.smithi042.stdout:/usr/bin/ceph: stderr
2024-03-12T04:05:23.378+0000 7f27dd61a700 1 --2- 172.21.15.42:0/564440458 >> [v2:172.21.15.42:6800/2670488995,v1:172.21.15.42:6801/2670488995] conn(0x7f27c0038cb0 0x7f27c003b170 secure :-1 s=READY pgs=9 cs=0 l=1 rev1=1 crypto rx=0x7f27c8006fd0 tx=0x7f27c8006e40 comp rx=0 tx=0).stop
2024-03-12T04:05:23.949 INFO:teuthology.orchestra.run.smithi042.stdout:/usr/bin/ceph: stderr
2024-03-12T04:05:23.378+0000 7f27dd61a700 1 -- 172.21.15.42:0/564440458 >> [v2:172.21.15.42:3300/0,v1:172.21.15.42:6789/0] conn(0x7f27d81074c0 msgr2=0x7f27d819b1b0 secure :-1 s=STATE_CONNECTION_ESTABLISHED l=1).mark_down
2024-03-12T04:05:23.949 INFO:teuthology.orchestra.run.smithi042.stdout:/usr/bin/ceph: stderr
2024-03-12T04:05:23.378+0000 7f27dd61a700 1 --2- 172.21.15.42:0/564440458 >> [v2:172.21.15.42:3300/0,v1:172.21.15.42:6789/0] conn(0x7f27d81074c0 0x7f27d819b1b0 secure :-1 s=READY pgs=40 cs=0 l=1 rev1=1 crypto rx=0x7f27cc000c00 tx=0x7f27cc011ab0 comp rx=0 tx=0).stop
2024-03-12T04:05:23.949 INFO:teuthology.orchestra.run.smithi042.stdout:/usr/bin/ceph: stderr
2024-03-12T04:05:23.378+0000 7f27dd61a700 1 -- 172.21.15.42:0/564440458 shutdown_connections
2024-03-12T04:05:23.949 INFO:teuthology.orchestra.run.smithi042.stdout:/usr/bin/ceph: stderr
2024-03-12T04:05:23.378+0000 7f27dd61a700 1 --2- 172.21.15.42:0/564440458 >> [v2:172.21.15.42:6800/2670488995,v1:172.21.15.42:6801/2670488995] conn(0x7f27c0038cb0 0x7f27c003b170 unknown :-1 s=CLOSED pgs=9 cs=0 l=1 rev1=1 crypto rx=0 tx=0 comp rx=0 tx=0).stop
2024-03-12T04:05:23.949 INFO:teuthology.orchestra.run.smithi042.stdout:/usr/bin/ceph: stderr
2024-03-12T04:05:23.378+0000 7f27dd61a700 1 --2- 172.21.15.42:0/564440458 >> [v2:172.21.15.42:3300/0,v1:172.21.15.42:6789/0] conn(0x7f27d81074c0 0x7f27d819b1b0 unknown :-1 s=CLOSED pgs=40 cs=0 l=1 rev1=1 crypto rx=0 tx=0 comp rx=0 tx=0).stop
2024-03-12T04:05:23.949 INFO:teuthology.orchestra.run.smithi042.stdout:/usr/bin/ceph: stderr
2024-03-12T04:05:23.378+0000 7f27dd61a700 1 -- 172.21.15.42:0/564440458 >> 172.21.15.42:0/564440458 conn(0x7f27d8102b00 msgr2=0x7f27d8103600 unknown :-1 s=STATE_NONE l=0).mark_down
2024-03-12T04:05:23.949 INFO:teuthology.orchestra.run.smithi042.stdout:/usr/bin/ceph: stderr
2024-03-12T04:05:23.378+0000 7f27dd61a700 1 -- 172.21.15.42:0/564440458 shutdown_connections
2024-03-12T04:05:23.949 INFO:teuthology.orchestra.run.smithi042.stdout:/usr/bin/ceph: stderr
2024-03-12T04:05:23.378+0000 7f27dd61a700 1 -- 172.21.15.42:0/564440458 wait complete.
2024-03-12T04:05:25.068 INFO:teuthology.orchestra.run.smithi042.stdout:/usr/bin/ceph: stdout ssh-rsa AAAAB3NzaC1yc2EAAAADAQABAAABgQC7UlJbF4BrOZNjs10tfQK9RuENNLDEqylCd14bUBA0NDi9B7DR8e5evzEhnlN3DPy1J4dals4ZqwZWrFHAUK1n2NuAXNWFxkZk6d6wBDyWmqIkaPyRHzhXmOd3yjzMTqBBHO7ARhZVeEjGJzWFeX+OYKUJIzkpPiArRy+j8vIRdTmPRfMuOIqDOmT2zav6sIcgRQjBPatQQHid7wEmKTW9/Z/qR9CVGp3+vPP0JvnA/REVdg8DBb/CMSkF17bV+LUnbVN8Sy7X0sxhLnzJQSRQ1OcG055CqyzDAi2/ed9QdDkqmD5d1pn6R5nr8OxLDJZPq0Gz1a2J+fpFUKiyjUEzLOaQESHamzF9+sejp7y3+qRq6QQG6FZCtQ6o0W7ZcHHKdCUH+PsbKUItHY6nFpep66suxl6MpgBtW7T7mO4PFe2pbEhDfGWsZp0KNgPvQR3fJ6k7kGR1bDsgNGLVOiiFzLWXahWRuxQ3Rb8DnyThsIDW80UEvKchrcb3Xxbu4HU= ceph-7cca013a-e025-11ee-95c8-87774f69a715
2024-03-12T04:05:25.068 INFO:teuthology.orchestra.run.smithi042.stdout:/usr/bin/ceph: stderr
2024-03-12T04:05:24.319+0000 7fe6b11fa700 1 Processor -- start
2024-03-12T04:05:25.068 INFO:teuthology.orchestra.run.smithi042.stdout:/usr/bin/ceph: stderr
2024-03-12T04:05:24.319+0000 7fe6b11fa700 1 -- start start
2024-03-12T04:05:25.068 INFO:teuthology.orchestra.run.smithi042.stdout:/usr/bin/ceph: stderr
2024-03-12T04:05:24.319+0000 7fe6b11fa700 1 --2- >> [v2:172.21.15.42:3300/0,v1:172.21.15.42:6789/0] conn(0x7fe6ac1063c0 0x7fe6ac1067e0 unknown :-1 s=NONE pgs=0 cs=0 l=0 rev1=0 crypto rx=0 tx=0 comp rx=0 tx=0).connect
2024-03-12T04:05:25.068 INFO:teuthology.orchestra.run.smithi042.stdout:/usr/bin/ceph: stderr
2024-03-12T04:05:24.319+0000 7fe6b11fa700 1 -- --> [v2:172.21.15.42:3300/0,v1:172.21.15.42:6789/0] -- mon_getmap magic: 0 v1 -- 0x7fe6ac106db0 con 0x7fe6ac1063c0
2024-03-12T04:05:25.068 INFO:teuthology.orchestra.run.smithi042.stdout:/usr/bin/ceph: stderr
2024-03-12T04:05:24.319+0000 7fe6aad9d700 1 --2- >> [v2:172.21.15.42:3300/0,v1:172.21.15.42:6789/0] conn(0x7fe6ac1063c0 0x7fe6ac1067e0 unknown :-1 s=BANNER_CONNECTING pgs=0 cs=0 l=0 rev1=0 crypto rx=0 tx=0 comp rx=0 tx=0)._handle_peer_banner_payload supported=3 required=0
2024-03-12T04:05:25.068 INFO:teuthology.orchestra.run.smithi042.stdout:/usr/bin/ceph: stderr
2024-03-12T04:05:24.319+0000 7fe6aad9d700 1 --2- >> [v2:172.21.15.42:3300/0,v1:172.21.15.42:6789/0] conn(0x7fe6ac1063c0 0x7fe6ac1067e0 unknown :-1 s=HELLO_CONNECTING pgs=0 cs=0 l=0 rev1=1 crypto rx=0 tx=0 comp rx=0 tx=0).handle_hello peer v2:172.21.15.42:3300/0 says I am v2:172.21.15.42:33018/0 (socket says 172.21.15.42:33018)
2024-03-12T04:05:25.069 INFO:teuthology.orchestra.run.smithi042.stdout:/usr/bin/ceph: stderr
2024-03-12T04:05:24.319+0000 7fe6aad9d700 1 -- 172.21.15.42:0/377296494 learned_addr learned my addr 172.21.15.42:0/377296494 (peer_addr_for_me v2:172.21.15.42:0/0)
2024-03-12T04:05:25.069 INFO:teuthology.orchestra.run.smithi042.stdout:/usr/bin/ceph: stderr
2024-03-12T04:05:24.319+0000 7fe6aad9d700 1 -- 172.21.15.42:0/377296494 --> [v2:172.21.15.42:3300/0,v1:172.21.15.42:6789/0] -- mon_subscribe({config=0+,monmap=0+}) v3 -- 0x7fe6ac1075c0 con 0x7fe6ac1063c0
2024-03-12T04:05:25.069 INFO:teuthology.orchestra.run.smithi042.stdout:/usr/bin/ceph: stderr
2024-03-12T04:05:24.320+0000 7fe6aad9d700 1 --2- 172.21.15.42:0/377296494 >> [v2:172.21.15.42:3300/0,v1:172.21.15.42:6789/0] conn(0x7fe6ac1063c0 0x7fe6ac1067e0 secure :-1 s=READY pgs=41 cs=0 l=1 rev1=1 crypto rx=0x7fe69c0098a0 tx=0x7fe69c009bb0 comp rx=0 tx=0).ready entity=mon.0 client_cookie=aacc7ef204154457 server_cookie=0 in_seq=0 out_seq=0
2024-03-12T04:05:25.069 INFO:teuthology.orchestra.run.smithi042.stdout:/usr/bin/ceph: stderr
2024-03-12T04:05:24.320+0000 7fe6a9d9b700 1 -- 172.21.15.42:0/377296494 <== mon.0 v2:172.21.15.42:3300/0 1 ==== mon_map magic: 0 v1 ==== 205+0+0 (secure 0 0 0) 0x7fe69c004160 con 0x7fe6ac1063c0
2024-03-12T04:05:25.069 INFO:teuthology.orchestra.run.smithi042.stdout:/usr/bin/ceph: stderr
2024-03-12T04:05:24.320+0000 7fe6a9d9b700 1 -- 172.21.15.42:0/377296494 <== mon.0 v2:172.21.15.42:3300/0 2 ==== config(26 keys) v1 ==== 1071+0+0 (secure 0 0 0) 0x7fe69c0042c0 con 0x7fe6ac1063c0
2024-03-12T04:05:25.069 INFO:teuthology.orchestra.run.smithi042.stdout:/usr/bin/ceph: stderr
2024-03-12T04:05:24.320+0000 7fe6a9d9b700 1 -- 172.21.15.42:0/377296494 <== mon.0 v2:172.21.15.42:3300/0 3 ==== mon_map magic: 0 v1 ==== 205+0+0 (secure 0 0 0) 0x7fe69c011a50 con 0x7fe6ac1063c0
2024-03-12T04:05:25.069 INFO:teuthology.orchestra.run.smithi042.stdout:/usr/bin/ceph: stderr
2024-03-12T04:05:24.320+0000 7fe6b11fa700 1 -- 172.21.15.42:0/377296494 >> [v2:172.21.15.42:3300/0,v1:172.21.15.42:6789/0] conn(0x7fe6ac1063c0 msgr2=0x7fe6ac1067e0 secure :-1 s=STATE_CONNECTION_ESTABLISHED l=1).mark_down
2024-03-12T04:05:25.069 INFO:teuthology.orchestra.run.smithi042.stdout:/usr/bin/ceph: stderr
2024-03-12T04:05:24.320+0000 7fe6b11fa700 1 --2- 172.21.15.42:0/377296494 >> [v2:172.21.15.42:3300/0,v1:172.21.15.42:6789/0] conn(0x7fe6ac1063c0 0x7fe6ac1067e0 secure :-1 s=READY pgs=41 cs=0 l=1 rev1=1 crypto rx=0x7fe69c0098a0 tx=0x7fe69c009bb0 comp rx=0 tx=0).stop
2024-03-12T04:05:25.069 INFO:teuthology.orchestra.run.smithi042.stdout:/usr/bin/ceph: stderr
2024-03-12T04:05:24.320+0000 7fe6b11fa700 1 -- 172.21.15.42:0/377296494 shutdown_connections
2024-03-12T04:05:25.069 INFO:teuthology.orchestra.run.smithi042.stdout:/usr/bin/ceph: stderr
2024-03-12T04:05:24.320+0000 7fe6b11fa700 1 --2- 172.21.15.42:0/377296494 >> [v2:172.21.15.42:3300/0,v1:172.21.15.42:6789/0] conn(0x7fe6ac1063c0 0x7fe6ac1067e0 unknown :-1 s=CLOSED pgs=41 cs=0 l=1 rev1=1 crypto rx=0 tx=0 comp rx=0 tx=0).stop
2024-03-12T04:05:25.069 INFO:teuthology.orchestra.run.smithi042.stdout:/usr/bin/ceph: stderr
2024-03-12T04:05:24.320+0000 7fe6b11fa700 1 -- 172.21.15.42:0/377296494 >> 172.21.15.42:0/377296494 conn(0x7fe6ac1019a0 msgr2=0x7fe6ac103dc0 unknown :-1 s=STATE_NONE l=0).mark_down
2024-03-12T04:05:25.069 INFO:teuthology.orchestra.run.smithi042.stdout:/usr/bin/ceph: stderr
2024-03-12T04:05:24.321+0000 7fe6b11fa700 1 -- 172.21.15.42:0/377296494 shutdown_connections
2024-03-12T04:05:25.069 INFO:teuthology.orchestra.run.smithi042.stdout:/usr/bin/ceph: stderr
2024-03-12T04:05:24.321+0000 7fe6b11fa700 1 -- 172.21.15.42:0/377296494 wait complete.
2024-03-12T04:05:25.069 INFO:teuthology.orchestra.run.smithi042.stdout:/usr/bin/ceph: stderr
2024-03-12T04:05:24.321+0000 7fe6b11fa700 1 Processor -- start
2024-03-12T04:05:25.069 INFO:teuthology.orchestra.run.smithi042.stdout:/usr/bin/ceph: stderr
2024-03-12T04:05:24.321+0000 7fe6b11fa700 1 -- start start
2024-03-12T04:05:25.070 INFO:teuthology.orchestra.run.smithi042.stdout:/usr/bin/ceph: stderr
2024-03-12T04:05:24.322+0000 7fe6b11fa700 1 --2- >> [v2:172.21.15.42:3300/0,v1:172.21.15.42:6789/0] conn(0x7fe6ac1063c0 0x7fe6ac19d4a0 unknown :-1 s=NONE pgs=0 cs=0 l=1 rev1=0 crypto rx=0 tx=0 comp rx=0 tx=0).connect
2024-03-12T04:05:25.070 INFO:teuthology.orchestra.run.smithi042.stdout:/usr/bin/ceph: stderr
2024-03-12T04:05:24.322+0000 7fe6b11fa700 1 -- --> [v2:172.21.15.42:3300/0,v1:172.21.15.42:6789/0] -- mon_getmap magic: 0 v1 -- 0x7fe6ac19d9e0 con 0x7fe6ac1063c0
2024-03-12T04:05:25.070 INFO:teuthology.orchestra.run.smithi042.stdout:/usr/bin/ceph: stderr
2024-03-12T04:05:24.322+0000 7fe6aad9d700 1 --2- >> [v2:172.21.15.42:3300/0,v1:172.21.15.42:6789/0] conn(0x7fe6ac1063c0 0x7fe6ac19d4a0 unknown :-1 s=BANNER_CONNECTING pgs=0 cs=0 l=1 rev1=0 crypto rx=0 tx=0 comp rx=0 tx=0)._handle_peer_banner_payload supported=3 required=0
2024-03-12T04:05:25.070 INFO:teuthology.orchestra.run.smithi042.stdout:/usr/bin/ceph: stderr
2024-03-12T04:05:24.322+0000 7fe6aad9d700 1 --2- >> [v2:172.21.15.42:3300/0,v1:172.21.15.42:6789/0] conn(0x7fe6ac1063c0 0x7fe6ac19d4a0 unknown :-1 s=HELLO_CONNECTING pgs=0 cs=0 l=1 rev1=1 crypto rx=0 tx=0 comp rx=0 tx=0).handle_hello peer v2:172.21.15.42:3300/0 says I am v2:172.21.15.42:33026/0 (socket says 172.21.15.42:33026)
2024-03-12T04:05:25.070 INFO:teuthology.orchestra.run.smithi042.stdout:/usr/bin/ceph: stderr
2024-03-12T04:05:24.322+0000 7fe6aad9d700 1 -- 172.21.15.42:0/3008014239 learned_addr learned my addr 172.21.15.42:0/3008014239 (peer_addr_for_me v2:172.21.15.42:0/0)
2024-03-12T04:05:25.070 INFO:teuthology.orchestra.run.smithi042.stdout:/usr/bin/ceph: stderr
2024-03-12T04:05:24.322+0000 7fe6aad9d700 1 -- 172.21.15.42:0/3008014239 --> [v2:172.21.15.42:3300/0,v1:172.21.15.42:6789/0] -- mon_subscribe({config=0+,monmap=0+}) v3 -- 0x7fe69c009550 con 0x7fe6ac1063c0
2024-03-12T04:05:25.070 INFO:teuthology.orchestra.run.smithi042.stdout:/usr/bin/ceph: stderr
2024-03-12T04:05:24.322+0000 7fe6aad9d700 1 --2- 172.21.15.42:0/3008014239 >> [v2:172.21.15.42:3300/0,v1:172.21.15.42:6789/0] conn(0x7fe6ac1063c0 0x7fe6ac19d4a0 secure :-1 s=READY pgs=42 cs=0 l=1 rev1=1 crypto rx=0x7fe69c003f40 tx=0x7fe69c011ab0 comp rx=0 tx=0).ready entity=mon.0 client_cookie=0 server_cookie=0 in_seq=0 out_seq=0
2024-03-12T04:05:25.070 INFO:teuthology.orchestra.run.smithi042.stdout:/usr/bin/ceph: stderr
2024-03-12T04:05:24.322+0000 7fe693fff700 1 -- 172.21.15.42:0/3008014239 <== mon.0 v2:172.21.15.42:3300/0 1 ==== mon_map magic: 0 v1 ==== 205+0+0 (secure 0 0 0) 0x7fe69c003a40 con 0x7fe6ac1063c0
2024-03-12T04:05:25.070 INFO:teuthology.orchestra.run.smithi042.stdout:/usr/bin/ceph: stderr
2024-03-12T04:05:24.322+0000 7fe693fff700 1 -- 172.21.15.42:0/3008014239 <== mon.0 v2:172.21.15.42:3300/0 2 ==== config(26 keys) v1 ==== 1071+0+0 (secure 0 0 0) 0x7fe69c003ba0 con 0x7fe6ac1063c0
2024-03-12T04:05:25.070 INFO:teuthology.orchestra.run.smithi042.stdout:/usr/bin/ceph: stderr
2024-03-12T04:05:24.322+0000 7fe6b11fa700 1 -- 172.21.15.42:0/3008014239 --> [v2:172.21.15.42:3300/0,v1:172.21.15.42:6789/0] -- mon_subscribe({mgrmap=0+}) v3 -- 0x7fe6ac19dbe0 con 0x7fe6ac1063c0
