2024-03-12T04:05:50.547+0000 7f9f79d9b700 1 --2- 172.21.15.42:0/401762571 >> [v2:172.21.15.42:6800/2757555113,v1:172.21.15.42:6801/2757555113] conn(0x7f9f68038d10 0x7f9f6803b1d0 unknown :-1 s=BANNER_CONNECTING pgs=0 cs=0 l=1 rev1=0 crypto rx=0 tx=0 comp rx=0 tx=0)._handle_peer_banner_payload supported=3 required=0
2024-03-12T04:05:51.499 INFO:teuthology.orchestra.run.smithi042.stdout:/usr/bin/ceph: stderr
2024-03-12T04:05:50.547+0000 7f9f79d9b700 1 --2- 172.21.15.42:0/401762571 >> [v2:172.21.15.42:6800/2757555113,v1:172.21.15.42:6801/2757555113] conn(0x7f9f68038d10 0x7f9f6803b1d0 secure :-1 s=READY pgs=9 cs=0 l=1 rev1=1 crypto rx=0x7f9f64006fd0 tx=0x7f9f64006e40 comp rx=0 tx=0).ready entity=mgr.14150 client_cookie=0 server_cookie=0 in_seq=0 out_seq=0
2024-03-12T04:05:51.499 INFO:teuthology.orchestra.run.smithi042.stdout:/usr/bin/ceph: stderr
2024-03-12T04:05:50.552+0000 7f9f737fe700 1 -- 172.21.15.42:0/401762571 <== mon.0 v2:172.21.15.42:3300/0 6 ==== mon_command_ack([{"prefix": "get_command_descriptions"}]=0 v0) v1 ==== 72+0+183564 (secure 0 0 0) 0x7f9f7401cd60 con 0x7f9f7c1074b0
2024-03-12T04:05:51.499 INFO:teuthology.orchestra.run.smithi042.stdout:/usr/bin/ceph: stderr
2024-03-12T04:05:50.754+0000 7f9f80cad700 1 -- 172.21.15.42:0/401762571 --> [v2:172.21.15.42:3300/0,v1:172.21.15.42:6789/0] -- mon_command({"prefix": "config get", "who": "mgr", "key": "mgr/dashboard/ssl_server_port"} v 0) v1 -- 0x7f9f7c10b890 con 0x7f9f7c1074b0
2024-03-12T04:05:51.499 INFO:teuthology.orchestra.run.smithi042.stdout:/usr/bin/ceph: stderr
2024-03-12T04:05:50.754+0000 7f9f737fe700 1 -- 172.21.15.42:0/401762571 <== mon.0 v2:172.21.15.42:3300/0 7 ==== mon_command_ack([{"prefix": "config get", "who": "mgr", "key": "mgr/dashboard/ssl_server_port"}]=0 v8) v1 ==== 112+0+5 (secure 0 0 0) 0x7f9f74017070 con 0x7f9f7c1074b0
2024-03-12T04:05:51.499 INFO:teuthology.orchestra.run.smithi042.stdout:/usr/bin/ceph: stderr
2024-03-12T04:05:50.757+0000 7f9f80cad700 1 -- 172.21.15.42:0/401762571 >> [v2:172.21.15.42:6800/2757555113,v1:172.21.15.42:6801/2757555113] conn(0x7f9f68038d10 msgr2=0x7f9f6803b1d0 secure :-1 s=STATE_CONNECTION_ESTABLISHED l=1).mark_down
2024-03-12T04:05:51.499 INFO:teuthology.orchestra.run.smithi042.stdout:/usr/bin/ceph: stderr
2024-03-12T04:05:50.757+0000 7f9f80cad700 1 --2- 172.21.15.42:0/401762571 >> [v2:172.21.15.42:6800/2757555113,v1:172.21.15.42:6801/2757555113] conn(0x7f9f68038d10 0x7f9f6803b1d0 secure :-1 s=READY pgs=9 cs=0 l=1 rev1=1 crypto rx=0x7f9f64006fd0 tx=0x7f9f64006e40 comp rx=0 tx=0).stop
2024-03-12T04:05:51.499 INFO:teuthology.orchestra.run.smithi042.stdout:/usr/bin/ceph: stderr
2024-03-12T04:05:50.757+0000 7f9f80cad700 1 -- 172.21.15.42:0/401762571 >> [v2:172.21.15.42:3300/0,v1:172.21.15.42:6789/0] conn(0x7f9f7c1074b0 msgr2=0x7f9f7c07cb50 secure :-1 s=STATE_CONNECTION_ESTABLISHED l=1).mark_down
2024-03-12T04:05:51.499 INFO:teuthology.orchestra.run.smithi042.stdout:/usr/bin/ceph: stderr
2024-03-12T04:05:50.757+0000 7f9f80cad700 1 --2- 172.21.15.42:0/401762571 >> [v2:172.21.15.42:3300/0,v1:172.21.15.42:6789/0] conn(0x7f9f7c1074b0 0x7f9f7c07cb50 secure :-1 s=READY pgs=73 cs=0 l=1 rev1=1 crypto rx=0x7f9f740072a0 tx=0x7f9f7400bd80 comp rx=0 tx=0).stop
2024-03-12T04:05:51.499 INFO:teuthology.orchestra.run.smithi042.stdout:/usr/bin/ceph: stderr
2024-03-12T04:05:50.757+0000 7f9f80cad700 1 -- 172.21.15.42:0/401762571 shutdown_connections
2024-03-12T04:05:51.499 INFO:teuthology.orchestra.run.smithi042.stdout:/usr/bin/ceph: stderr
2024-03-12T04:05:50.757+0000 7f9f80cad700 1 --2- 172.21.15.42:0/401762571 >> [v2:172.21.15.42:6800/2757555113,v1:172.21.15.42:6801/2757555113] conn(0x7f9f68038d10 0x7f9f6803b1d0 unknown :-1 s=CLOSED pgs=9 cs=0 l=1 rev1=1 crypto rx=0 tx=0 comp rx=0 tx=0).stop
2024-03-12T04:05:51.499 INFO:teuthology.orchestra.run.smithi042.stdout:/usr/bin/ceph: stderr
2024-03-12T04:05:50.757+0000 7f9f80cad700 1 --2- 172.21.15.42:0/401762571 >> [v2:172.21.15.42:3300/0,v1:172.21.15.42:6789/0] conn(0x7f9f7c1074b0 0x7f9f7c07cb50 unknown :-1 s=CLOSED pgs=73 cs=0 l=1 rev1=1 crypto rx=0 tx=0 comp rx=0 tx=0).stop
2024-03-12T04:05:51.499 INFO:teuthology.orchestra.run.smithi042.stdout:/usr/bin/ceph: stderr
2024-03-12T04:05:50.757+0000 7f9f80cad700 1 -- 172.21.15.42:0/401762571 >> 172.21.15.42:0/401762571 conn(0x7f9f7c102b10 msgr2=0x7f9f7c103560 unknown :-1 s=STATE_NONE l=0).mark_down
2024-03-12T04:05:51.500 INFO:teuthology.orchestra.run.smithi042.stdout:/usr/bin/ceph: stderr
2024-03-12T04:05:50.757+0000 7f9f80cad700 1 -- 172.21.15.42:0/401762571 shutdown_connections
2024-03-12T04:05:51.500 INFO:teuthology.orchestra.run.smithi042.stdout:/usr/bin/ceph: stderr
2024-03-12T04:05:50.757+0000 7f9f80cad700 1 -- 172.21.15.42:0/401762571 wait complete.
2024-03-12T04:05:51.503 INFO:teuthology.orchestra.run.smithi042.stdout:Non-zero exit code 1 from systemctl is-enabled firewalld.service
2024-03-12T04:05:51.503 INFO:teuthology.orchestra.run.smithi042.stdout:systemctl: stdout disabled
2024-03-12T04:05:51.510 INFO:teuthology.orchestra.run.smithi042.stdout:Non-zero exit code 3 from systemctl is-active firewalld.service
2024-03-12T04:05:51.510 INFO:teuthology.orchestra.run.smithi042.stdout:systemctl: stdout inactive
2024-03-12T04:05:51.510 INFO:teuthology.orchestra.run.smithi042.stdout:firewalld.service is not enabled
2024-03-12T04:05:51.510 INFO:teuthology.orchestra.run.smithi042.stdout:Not possible to open ports <[8443]>. firewalld.service is not available
2024-03-12T04:05:51.512 INFO:teuthology.orchestra.run.smithi042.stdout:Ceph Dashboard is now available at:
2024-03-12T04:05:51.512 INFO:teuthology.orchestra.run.smithi042.stdout:
2024-03-12T04:05:51.512 INFO:teuthology.orchestra.run.smithi042.stdout: URL: https://smithi042.front.sepia.ceph.com:8443/
2024-03-12T04:05:51.512 INFO:teuthology.orchestra.run.smithi042.stdout: User: admin
2024-03-12T04:05:51.512 INFO:teuthology.orchestra.run.smithi042.stdout: Password: qf1s2fle09
2024-03-12T04:05:51.512 INFO:teuthology.orchestra.run.smithi042.stdout:
2024-03-12T04:05:51.512 INFO:teuthology.orchestra.run.smithi042.stdout:Saving cluster configuration to /var/lib/ceph/7cca013a-e025-11ee-95c8-87774f69a715/config directory
2024-03-12T04:05:51.513 INFO:teuthology.orchestra.run.smithi042.stdout:Enabling autotune for osd_memory_target
2024-03-12T04:05:52.794 INFO:teuthology.orchestra.run.smithi042.stdout:/usr/bin/ceph: stderr
2024-03-12T04:05:52.006+0000 7f870c9e5700 1 Processor -- start
2024-03-12T04:05:52.794 INFO:teuthology.orchestra.run.smithi042.stdout:/usr/bin/ceph: stderr
2024-03-12T04:05:52.006+0000 7f870c9e5700 1 -- start start
2024-03-12T04:05:52.794 INFO:teuthology.orchestra.run.smithi042.stdout:/usr/bin/ceph: stderr
2024-03-12T04:05:52.006+0000 7f870c9e5700 1 --2- >> [v2:172.21.15.42:3300/0,v1:172.21.15.42:6789/0] conn(0x7f87081063b0 0x7f87081067d0 unknown :-1 s=NONE pgs=0 cs=0 l=0 rev1=0 crypto rx=0 tx=0 comp rx=0 tx=0).connect
2024-03-12T04:05:52.794 INFO:teuthology.orchestra.run.smithi042.stdout:/usr/bin/ceph: stderr
2024-03-12T04:05:52.006+0000 7f870c9e5700 1 -- --> [v2:172.21.15.42:3300/0,v1:172.21.15.42:6789/0] -- mon_getmap magic: 0 v1 -- 0x7f8708106da0 con 0x7f87081063b0
2024-03-12T04:05:52.794 INFO:teuthology.orchestra.run.smithi042.stdout:/usr/bin/ceph: stderr
2024-03-12T04:05:52.006+0000 7f870659c700 1 --2- >> [v2:172.21.15.42:3300/0,v1:172.21.15.42:6789/0] conn(0x7f87081063b0 0x7f87081067d0 unknown :-1 s=BANNER_CONNECTING pgs=0 cs=0 l=0 rev1=0 crypto rx=0 tx=0 comp rx=0 tx=0)._handle_peer_banner_payload supported=3 required=0
2024-03-12T04:05:52.794 INFO:teuthology.orchestra.run.smithi042.stdout:/usr/bin/ceph: stderr
2024-03-12T04:05:52.006+0000 7f870659c700 1 --2- >> [v2:172.21.15.42:3300/0,v1:172.21.15.42:6789/0] conn(0x7f87081063b0 0x7f87081067d0 unknown :-1 s=HELLO_CONNECTING pgs=0 cs=0 l=0 rev1=1 crypto rx=0 tx=0 comp rx=0 tx=0).handle_hello peer v2:172.21.15.42:3300/0 says I am v2:172.21.15.42:35324/0 (socket says 172.21.15.42:35324)
2024-03-12T04:05:52.794 INFO:teuthology.orchestra.run.smithi042.stdout:/usr/bin/ceph: stderr
2024-03-12T04:05:52.006+0000 7f870659c700 1 -- 172.21.15.42:0/1931304269 learned_addr learned my addr 172.21.15.42:0/1931304269 (peer_addr_for_me v2:172.21.15.42:0/0)
2024-03-12T04:05:52.794 INFO:teuthology.orchestra.run.smithi042.stdout:/usr/bin/ceph: stderr
2024-03-12T04:05:52.006+0000 7f870659c700 1 -- 172.21.15.42:0/1931304269 --> [v2:172.21.15.42:3300/0,v1:172.21.15.42:6789/0] -- mon_subscribe({config=0+,monmap=0+}) v3 -- 0x7f87081075b0 con 0x7f87081063b0
2024-03-12T04:05:52.795 INFO:teuthology.orchestra.run.smithi042.stdout:/usr/bin/ceph: stderr
2024-03-12T04:05:52.007+0000 7f870659c700 1 --2- 172.21.15.42:0/1931304269 >> [v2:172.21.15.42:3300/0,v1:172.21.15.42:6789/0] conn(0x7f87081063b0 0x7f87081067d0 secure :-1 s=READY pgs=74 cs=0 l=1 rev1=1 crypto rx=0x7f86f80098a0 tx=0x7f86f8009bb0 comp rx=0 tx=0).ready entity=mon.0 client_cookie=d60d93bbd2895466 server_cookie=0 in_seq=0 out_seq=0
2024-03-12T04:05:52.795 INFO:teuthology.orchestra.run.smithi042.stdout:/usr/bin/ceph: stderr
2024-03-12T04:05:52.007+0000 7f870559a700 1 -- 172.21.15.42:0/1931304269 <== mon.0 v2:172.21.15.42:3300/0 1 ==== mon_map magic: 0 v1 ==== 205+0+0 (secure 0 0 0) 0x7f86f8004160 con 0x7f87081063b0
2024-03-12T04:05:52.795 INFO:teuthology.orchestra.run.smithi042.stdout:/usr/bin/ceph: stderr
2024-03-12T04:05:52.007+0000 7f870559a700 1 -- 172.21.15.42:0/1931304269 <== mon.0 v2:172.21.15.42:3300/0 2 ==== config(26 keys) v1 ==== 1102+0+0 (secure 0 0 0) 0x7f86f80042c0 con 0x7f87081063b0
2024-03-12T04:05:52.795 INFO:teuthology.orchestra.run.smithi042.stdout:/usr/bin/ceph: stderr
2024-03-12T04:05:52.007+0000 7f870559a700 1 -- 172.21.15.42:0/1931304269 <== mon.0 v2:172.21.15.42:3300/0 3 ==== mon_map magic: 0 v1 ==== 205+0+0 (secure 0 0 0) 0x7f86f80119b0 con 0x7f87081063b0
2024-03-12T04:05:52.795 INFO:teuthology.orchestra.run.smithi042.stdout:/usr/bin/ceph: stderr
2024-03-12T04:05:52.007+0000 7f870c9e5700 1 -- 172.21.15.42:0/1931304269 >> [v2:172.21.15.42:3300/0,v1:172.21.15.42:6789/0] conn(0x7f87081063b0 msgr2=0x7f87081067d0 secure :-1 s=STATE_CONNECTION_ESTABLISHED l=1).mark_down
2024-03-12T04:05:52.795 INFO:teuthology.orchestra.run.smithi042.stdout:/usr/bin/ceph: stderr
2024-03-12T04:05:52.007+0000 7f870c9e5700 1 --2- 172.21.15.42:0/1931304269 >> [v2:172.21.15.42:3300/0,v1:172.21.15.42:6789/0] conn(0x7f87081063b0 0x7f87081067d0 secure :-1 s=READY pgs=74 cs=0 l=1 rev1=1 crypto rx=0x7f86f80098a0 tx=0x7f86f8009bb0 comp rx=0 tx=0).stop
2024-03-12T04:05:52.795 INFO:teuthology.orchestra.run.smithi042.stdout:/usr/bin/ceph: stderr
2024-03-12T04:05:52.008+0000 7f870c9e5700 1 -- 172.21.15.42:0/1931304269 shutdown_connections
2024-03-12T04:05:52.795 INFO:teuthology.orchestra.run.smithi042.stdout:/usr/bin/ceph: stderr
2024-03-12T04:05:52.008+0000 7f870c9e5700 1 --2- 172.21.15.42:0/1931304269 >> [v2:172.21.15.42:3300/0,v1:172.21.15.42:6789/0] conn(0x7f87081063b0 0x7f87081067d0 unknown :-1 s=CLOSED pgs=74 cs=0 l=1 rev1=1 crypto rx=0 tx=0 comp rx=0 tx=0).stop
2024-03-12T04:05:52.795 INFO:teuthology.orchestra.run.smithi042.stdout:/usr/bin/ceph: stderr
2024-03-12T04:05:52.008+0000 7f870c9e5700 1 -- 172.21.15.42:0/1931304269 >> 172.21.15.42:0/1931304269 conn(0x7f8708101990 msgr2=0x7f8708103db0 unknown :-1 s=STATE_NONE l=0).mark_down
2024-03-12T04:05:52.795 INFO:teuthology.orchestra.run.smithi042.stdout:/usr/bin/ceph: stderr
2024-03-12T04:05:52.008+0000 7f870c9e5700 1 -- 172.21.15.42:0/1931304269 shutdown_connections
2024-03-12T04:05:52.795 INFO:teuthology.orchestra.run.smithi042.stdout:/usr/bin/ceph: stderr
2024-03-12T04:05:52.008+0000 7f870c9e5700 1 -- 172.21.15.42:0/1931304269 wait complete.
2024-03-12T04:05:52.795 INFO:teuthology.orchestra.run.smithi042.stdout:/usr/bin/ceph: stderr
2024-03-12T04:05:52.008+0000 7f870c9e5700 1 Processor -- start
2024-03-12T04:05:52.795 INFO:teuthology.orchestra.run.smithi042.stdout:/usr/bin/ceph: stderr
2024-03-12T04:05:52.008+0000 7f870c9e5700 1 -- start start
2024-03-12T04:05:52.795 INFO:teuthology.orchestra.run.smithi042.stdout:/usr/bin/ceph: stderr
2024-03-12T04:05:52.009+0000 7f870c9e5700 1 --2- >> [v2:172.21.15.42:3300/0,v1:172.21.15.42:6789/0] conn(0x7f87081063b0 0x7f870819b310 unknown :-1 s=NONE pgs=0 cs=0 l=1 rev1=0 crypto rx=0 tx=0 comp rx=0 tx=0).connect
2024-03-12T04:05:52.796 INFO:teuthology.orchestra.run.smithi042.stdout:/usr/bin/ceph: stderr
2024-03-12T04:05:52.009+0000 7f870c9e5700 1 -- --> [v2:172.21.15.42:3300/0,v1:172.21.15.42:6789/0] -- mon_getmap magic: 0 v1 -- 0x7f870819b850 con 0x7f87081063b0
2024-03-12T04:05:52.796 INFO:teuthology.orchestra.run.smithi042.stdout:/usr/bin/ceph: stderr
2024-03-12T04:05:52.009+0000 7f870659c700 1 --2- >> [v2:172.21.15.42:3300/0,v1:172.21.15.42:6789/0] conn(0x7f87081063b0 0x7f870819b310 unknown :-1 s=BANNER_CONNECTING pgs=0 cs=0 l=1 rev1=0 crypto rx=0 tx=0 comp rx=0 tx=0)._handle_peer_banner_payload supported=3 required=0
2024-03-12T04:05:52.796 INFO:teuthology.orchestra.run.smithi042.stdout:/usr/bin/ceph: stderr
2024-03-12T04:05:52.009+0000 7f870659c700 1 --2- >> [v2:172.21.15.42:3300/0,v1:172.21.15.42:6789/0] conn(0x7f87081063b0 0x7f870819b310 unknown :-1 s=HELLO_CONNECTING pgs=0 cs=0 l=1 rev1=1 crypto rx=0 tx=0 comp rx=0 tx=0).handle_hello peer v2:172.21.15.42:3300/0 says I am v2:172.21.15.42:35338/0 (socket says 172.21.15.42:35338)
2024-03-12T04:05:52.796 INFO:teuthology.orchestra.run.smithi042.stdout:/usr/bin/ceph: stderr
2024-03-12T04:05:52.009+0000 7f870659c700 1 -- 172.21.15.42:0/575715170 learned_addr learned my addr 172.21.15.42:0/575715170 (peer_addr_for_me v2:172.21.15.42:0/0)
2024-03-12T04:05:52.796 INFO:teuthology.orchestra.run.smithi042.stdout:/usr/bin/ceph: stderr
2024-03-12T04:05:52.009+0000 7f870659c700 1 -- 172.21.15.42:0/575715170 --> [v2:172.21.15.42:3300/0,v1:172.21.15.42:6789/0] -- mon_subscribe({config=0+,monmap=0+}) v3 -- 0x7f86f8009550 con 0x7f87081063b0
2024-03-12T04:05:52.796 INFO:teuthology.orchestra.run.smithi042.stdout:/usr/bin/ceph: stderr
2024-03-12T04:05:52.009+0000 7f870659c700 1 --2- 172.21.15.42:0/575715170 >> [v2:172.21.15.42:3300/0,v1:172.21.15.42:6789/0] conn(0x7f87081063b0 0x7f870819b310 secure :-1 s=READY pgs=75 cs=0 l=1 rev1=1 crypto rx=0x7f86f8011670 tx=0x7f86f8011a30 comp rx=0 tx=0).ready entity=mon.0 client_cookie=0 server_cookie=0 in_seq=0 out_seq=0
2024-03-12T04:05:52.796 INFO:teuthology.orchestra.run.smithi042.stdout:/usr/bin/ceph: stderr
2024-03-12T04:05:52.009+0000 7f86f77fe700 1 -- 172.21.15.42:0/575715170 <== mon.0 v2:172.21.15.42:3300/0 1 ==== mon_map magic: 0 v1 ==== 205+0+0 (secure 0 0 0) 0x7f86f80038b0 con 0x7f87081063b0
2024-03-12T04:05:52.796 INFO:teuthology.orchestra.run.smithi042.stdout:/usr/bin/ceph: stderr
2024-03-12T04:05:52.009+0000 7f870c9e5700 1 -- 172.21.15.42:0/575715170 --> [v2:172.21.15.42:3300/0,v1:172.21.15.42:6789/0] -- mon_subscribe({mgrmap=0+}) v3 -- 0x7f870819ba50 con 0x7f87081063b0
2024-03-12T04:05:52.796 INFO:teuthology.orchestra.run.smithi042.stdout:/usr/bin/ceph: stderr
2024-03-12T04:05:52.009+0000 7f86f77fe700 1 -- 172.21.15.42:0/575715170 <== mon.0 v2:172.21.15.42:3300/0 2 ==== config(26 keys) v1 ==== 1102+0+0 (secure 0 0 0) 0x7f86f8003a10 con 0x7f87081063b0
2024-03-12T04:05:52.796 INFO:teuthology.orchestra.run.smithi042.stdout:/usr/bin/ceph: stderr
2024-03-12T04:05:52.009+0000 7f86f77fe700 1 -- 172.21.15.42:0/575715170 <== mon.0 v2:172.21.15.42:3300/0 3 ==== mon_map magic: 0 v1 ==== 205+0+0 (secure 0 0 0) 0x7f86f801a630 con 0x7f87081063b0
2024-03-12T04:05:52.796 INFO:teuthology.orchestra.run.smithi042.stdout:/usr/bin/ceph: stderr
2024-03-12T04:05:52.009+0000 7f870c9e5700 1 -- 172.21.15.42:0/575715170 --> [v2:172.21.15.42:3300/0,v1:172.21.15.42:6789/0] -- mon_subscribe({osdmap=0}) v3 -- 0x7f870819bef0 con 0x7f87081063b0
2024-03-12T04:05:52.796 INFO:teuthology.orchestra.run.smithi042.stdout:/usr/bin/ceph: stderr
2024-03-12T04:05:52.010+0000 7f86f77fe700 1 -- 172.21.15.42:0/575715170 <== mon.0 v2:172.21.15.42:3300/0 4 ==== mgrmap(e 13) v1 ==== 45825+0+0 (secure 0 0 0) 0x7f86f801a8a0 con 0x7f87081063b0
2024-03-12T04:05:52.796 INFO:teuthology.orchestra.run.smithi042.stdout:/usr/bin/ceph: stderr
2024-03-12T04:05:52.010+0000 7f870c9e5700 1 -- 172.21.15.42:0/575715170 --> [v2:172.21.15.42:3300/0,v1:172.21.15.42:6789/0] -- mon_command({"prefix": "get_command_descriptions"} v 0) v1 -- 0x7f8708195450 con 0x7f87081063b0
2024-03-12T04:05:52.796 INFO:teuthology.orchestra.run.smithi042.stdout:/usr/bin/ceph: stderr
2024-03-12T04:05:52.010+0000 7f86f77fe700 1 --2- 172.21.15.42:0/575715170 >> [v2:172.21.15.42:6800/2757555113,v1:172.21.15.42:6801/2757555113] conn(0x7f86f0038db0 0x7f86f003b270 unknown :-1 s=NONE pgs=0 cs=0 l=1 rev1=0 crypto rx=0 tx=0 comp rx=0 tx=0).connect
2024-03-12T04:05:52.797 INFO:teuthology.orchestra.run.smithi042.stdout:/usr/bin/ceph: stderr
2024-03-12T04:05:52.010+0000 7f86f77fe700 1 -- 172.21.15.42:0/575715170 <== mon.0 v2:172.21.15.42:3300/0 5 ==== osd_map(3..3 src has 1..3) v4 ==== 1155+0+0 (secure 0 0 0) 0x7f86f804cff0 con 0x7f87081063b0
2024-03-12T04:05:52.797 INFO:teuthology.orchestra.run.smithi042.stdout:/usr/bin/ceph: stderr
2024-03-12T04:05:52.011+0000 7f8705d9b700 1 --2- 172.21.15.42:0/575715170 >> [v2:172.21.15.42:6800/2757555113,v1:172.21.15.42:6801/2757555113] conn(0x7f86f0038db0 0x7f86f003b270 unknown :-1 s=BANNER_CONNECTING pgs=0 cs=0 l=1 rev1=0 crypto rx=0 tx=0 comp rx=0 tx=0)._handle_peer_banner_payload supported=3 required=0
2024-03-12T04:05:52.797 INFO:teuthology.orchestra.run.smithi042.stdout:/usr/bin/ceph: stderr
2024-03-12T04:05:52.011+0000 7f8705d9b700 1 --2- 172.21.15.42:0/575715170 >> [v2:172.21.15.42:6800/2757555113,v1:172.21.15.42:6801/2757555113] conn(0x7f86f0038db0 0x7f86f003b270 secure :-1 s=READY pgs=10 cs=0 l=1 rev1=1 crypto rx=0x7f86fc006fd0 tx=0x7f86fc006e40 comp rx=0 tx=0).ready entity=mgr.14150 client_cookie=0 server_cookie=0 in_seq=0 out_seq=0
2024-03-12T04:05:52.797 INFO:teuthology.orchestra.run.smithi042.stdout:/usr/bin/ceph: stderr
2024-03-12T04:05:52.015+0000 7f86f77fe700 1 -- 172.21.15.42:0/575715170 <== mon.0 v2:172.21.15.42:3300/0 6 ==== mon_command_ack([{"prefix": "get_command_descriptions"}]=0 v0) v1 ==== 72+0+183564 (secure 0 0 0) 0x7f86f8018a80 con 0x7f87081063b0
2024-03-12T04:05:52.797 INFO:teuthology.orchestra.run.smithi042.stdout:/usr/bin/ceph: stderr
2024-03-12T04:05:52.214+0000 7f870c9e5700 1 -- 172.21.15.42:0/575715170 --> [v2:172.21.15.42:3300/0,v1:172.21.15.42:6789/0] -- mon_command([{prefix=config set, name=osd_memory_target_autotune}] v 0) v1 -- 0x7f870810a7e0 con 0x7f87081063b0
2024-03-12T04:05:52.797 INFO:teuthology.orchestra.run.smithi042.stdout:/usr/bin/ceph: stderr
2024-03-12T04:05:52.215+0000 7f86f77fe700 1 -- 172.21.15.42:0/575715170 <== mon.0 v2:172.21.15.42:3300/0 7 ==== mon_command_ack([{prefix=config set, name=osd_memory_target_autotune}]=0 v8)=0 v8) v1 ==== 127+0+0 (secure 0 0 0) 0x7f86f80188a0 con 0x7f87081063b0
2024-03-12T04:05:52.797 INFO:teuthology.orchestra.run.smithi042.stdout:/usr/bin/ceph: stderr
2024-03-12T04:05:52.216+0000 7f870c9e5700 1 -- 172.21.15.42:0/575715170 >> [v2:172.21.15.42:6800/2757555113,v1:172.21.15.42:6801/2757555113] conn(0x7f86f0038db0 msgr2=0x7f86f003b270 secure :-1 s=STATE_CONNECTION_ESTABLISHED l=1).mark_down
2024-03-12T04:05:52.797 INFO:teuthology.orchestra.run.smithi042.stdout:/usr/bin/ceph: stderr
2024-03-12T04:05:52.216+0000 7f870c9e5700 1 --2- 172.21.15.42:0/575715170 >> [v2:172.21.15.42:6800/2757555113,v1:172.21.15.42:6801/2757555113] conn(0x7f86f0038db0 0x7f86f003b270 secure :-1 s=READY pgs=10 cs=0 l=1 rev1=1 crypto rx=0x7f86fc006fd0 tx=0x7f86fc006e40 comp rx=0 tx=0).stop
2024-03-12T04:05:52.797 INFO:teuthology.orchestra.run.smithi042.stdout:/usr/bin/ceph: stderr
2024-03-12T04:05:52.216+0000 7f870c9e5700 1 -- 172.21.15.42:0/575715170 >> [v2:172.21.15.42:3300/0,v1:172.21.15.42:6789/0] conn(0x7f87081063b0 msgr2=0x7f870819b310 secure :-1 s=STATE_CONNECTION_ESTABLISHED l=1).mark_down
2024-03-12T04:05:52.797 INFO:teuthology.orchestra.run.smithi042.stdout:/usr/bin/ceph: stderr
2024-03-12T04:05:52.216+0000 7f870c9e5700 1 --2- 172.21.15.42:0/575715170 >> [v2:172.21.15.42:3300/0,v1:172.21.15.42:6789/0] conn(0x7f87081063b0 0x7f870819b310 secure :-1 s=READY pgs=75 cs=0 l=1 rev1=1 crypto rx=0x7f86f8011670 tx=0x7f86f8011a30 comp rx=0 tx=0).stop
2024-03-12T04:05:52.797 INFO:teuthology.orchestra.run.smithi042.stdout:/usr/bin/ceph: stderr
2024-03-12T04:05:52.217+0000 7f870c9e5700 1 -- 172.21.15.42:0/575715170 shutdown_connections
2024-03-12T04:05:52.797 INFO:teuthology.orchestra.run.smithi042.stdout:/usr/bin/ceph: stderr
2024-03-12T04:05:52.217+0000 7f870c9e5700 1 --2- 172.21.15.42:0/575715170 >> [v2:172.21.15.42:6800/2757555113,v1:172.21.15.42:6801/2757555113] conn(0x7f86f0038db0 0x7f86f003b270 unknown :-1 s=CLOSED pgs=10 cs=0 l=1 rev1=1 crypto rx=0 tx=0 comp rx=0 tx=0).stop
2024-03-12T04:05:52.797 INFO:teuthology.orchestra.run.smithi042.stdout:/usr/bin/ceph: stderr
2024-03-12T04:05:52.217+0000 7f870c9e5700 1 --2- 172.21.15.42:0/575715170 >> [v2:172.21.15.42:3300/0,v1:172.21.15.42:6789/0] conn(0x7f87081063b0 0x7f870819b310 unknown :-1 s=CLOSED pgs=75 cs=0 l=1 rev1=1 crypto rx=0 tx=0 comp rx=0 tx=0).stop
2024-03-12T04:05:52.797 INFO:teuthology.orchestra.run.smithi042.stdout:/usr/bin/ceph: stderr
2024-03-12T04:05:52.217+0000 7f870c9e5700 1 -- 172.21.15.42:0/575715170 >> 172.21.15.42:0/575715170 conn(0x7f8708101990 msgr2=0x7f87081028c0 unknown :-1 s=STATE_NONE l=0).mark_down
2024-03-12T04:05:52.797 INFO:teuthology.orchestra.run.smithi042.stdout:/usr/bin/ceph: stderr
2024-03-12T04:05:52.217+0000 7f870c9e5700 1 -- 172.21.15.42:0/575715170 shutdown_connections
2024-03-12T04:05:52.797 INFO:teuthology.orchestra.run.smithi042.stdout:/usr/bin/ceph: stderr
2024-03-12T04:05:52.217+0000 7f870c9e5700 1 -- 172.21.15.42:0/575715170 wait complete.
2024-03-12T04:05:52.815 INFO:journalctl@ceph.mon.a.smithi042.stdout:Mar 12 04:05:52 smithi042 ceph-mon[32260]: mgrmap e13: x(active, since 6s)
2024-03-12T04:05:54.086 INFO:teuthology.orchestra.run.smithi042.stdout:/usr/bin/ceph: stderr
2024-03-12T04:05:53.179+0000 7f8efc06b700 1 Processor -- start
2024-03-12T04:05:54.086 INFO:teuthology.orchestra.run.smithi042.stdout:/usr/bin/ceph: stderr
2024-03-12T04:05:53.180+0000 7f8efc06b700 1 -- start start
2024-03-12T04:05:54.086 INFO:teuthology.orchestra.run.smithi042.stdout:/usr/bin/ceph: stderr
2024-03-12T04:05:53.180+0000 7f8efc06b700 1 --2- >> [v2:172.21.15.42:3300/0,v1:172.21.15.42:6789/0] conn(0x7f8ef4107a20 0x7f8ef4107e40 unknown :-1 s=NONE pgs=0 cs=0 l=0 rev1=0 crypto rx=0 tx=0 comp rx=0 tx=0).connect
2024-03-12T04:05:54.086 INFO:teuthology.orchestra.run.smithi042.stdout:/usr/bin/ceph: stderr
2024-03-12T04:05:53.180+0000 7f8efc06b700 1 -- --> [v2:172.21.15.42:3300/0,v1:172.21.15.42:6789/0] -- mon_getmap magic: 0 v1 -- 0x7f8ef4108410 con 0x7f8ef4107a20
2024-03-12T04:05:54.086 INFO:teuthology.orchestra.run.smithi042.stdout:/usr/bin/ceph: stderr
2024-03-12T04:05:53.180+0000 7f8ef9e07700 1 --2- >> [v2:172.21.15.42:3300/0,v1:172.21.15.42:6789/0] conn(0x7f8ef4107a20 0x7f8ef4107e40 unknown :-1 s=BANNER_CONNECTING pgs=0 cs=0 l=0 rev1=0 crypto rx=0 tx=0 comp rx=0 tx=0)._handle_peer_banner_payload supported=3 required=0
2024-03-12T04:05:54.086 INFO:teuthology.orchestra.run.smithi042.stdout:/usr/bin/ceph: stderr
2024-03-12T04:05:53.180+0000 7f8ef9e07700 1 --2- >> [v2:172.21.15.42:3300/0,v1:172.21.15.42:6789/0] conn(0x7f8ef4107a20 0x7f8ef4107e40 unknown :-1 s=HELLO_CONNECTING pgs=0 cs=0 l=0 rev1=1 crypto rx=0 tx=0 comp rx=0 tx=0).handle_hello peer v2:172.21.15.42:3300/0 says I am v2:172.21.15.42:35348/0 (socket says 172.21.15.42:35348)
2024-03-12T04:05:54.086 INFO:teuthology.orchestra.run.smithi042.stdout:/usr/bin/ceph: stderr
2024-03-12T04:05:53.180+0000 7f8ef9e07700 1 -- 172.21.15.42:0/757033291 learned_addr learned my addr 172.21.15.42:0/757033291 (peer_addr_for_me v2:172.21.15.42:0/0)
2024-03-12T04:05:54.086 INFO:teuthology.orchestra.run.smithi042.stdout:/usr/bin/ceph: stderr
2024-03-12T04:05:53.180+0000 7f8ef9e07700 1 -- 172.21.15.42:0/757033291 --> [v2:172.21.15.42:3300/0,v1:172.21.15.42:6789/0] -- mon_subscribe({config=0+,monmap=0+}) v3 -- 0x7f8ef4108550 con 0x7f8ef4107a20
2024-03-12T04:05:54.087 INFO:teuthology.orchestra.run.smithi042.stdout:/usr/bin/ceph: stderr
2024-03-12T04:05:53.180+0000 7f8ef9e07700 1 --2- 172.21.15.42:0/757033291 >> [v2:172.21.15.42:3300/0,v1:172.21.15.42:6789/0] conn(0x7f8ef4107a20 0x7f8ef4107e40 secure :-1 s=READY pgs=76 cs=0 l=1 rev1=1 crypto rx=0x7f8ef00098a0 tx=0x7f8ef0009bb0 comp rx=0 tx=0).ready entity=mon.0 client_cookie=a69a2a3b8c2f5fc8 server_cookie=0 in_seq=0 out_seq=0
2024-03-12T04:05:54.087 INFO:teuthology.orchestra.run.smithi042.stdout:/usr/bin/ceph: stderr
2024-03-12T04:05:53.181+0000 7f8ef8e05700 1 -- 172.21.15.42:0/757033291 <== mon.0 v2:172.21.15.42:3300/0 1 ==== mon_map magic: 0 v1 ==== 205+0+0 (secure 0 0 0) 0x7f8ef0004160 con 0x7f8ef4107a20
2024-03-12T04:05:54.087 INFO:teuthology.orchestra.run.smithi042.stdout:/usr/bin/ceph: stderr
2024-03-12T04:05:53.181+0000 7f8ef8e05700 1 -- 172.21.15.42:0/757033291 <== mon.0 v2:172.21.15.42:3300/0 2 ==== config(26 keys) v1 ==== 1102+0+0 (secure 0 0 0) 0x7f8ef00042c0 con 0x7f8ef4107a20
2024-03-12T04:05:54.087 INFO:teuthology.orchestra.run.smithi042.stdout:/usr/bin/ceph: stderr
2024-03-12T04:05:53.181+0000 7f8ef8e05700 1 -- 172.21.15.42:0/757033291 <== mon.0 v2:172.21.15.42:3300/0 3 ==== mon_map magic: 0 v1 ==== 205+0+0 (secure 0 0 0) 0x7f8ef00119b0 con 0x7f8ef4107a20
2024-03-12T04:05:54.087 INFO:teuthology.orchestra.run.smithi042.stdout:/usr/bin/ceph: stderr
2024-03-12T04:05:53.181+0000 7f8efc06b700 1 -- 172.21.15.42:0/757033291 >> [v2:172.21.15.42:3300/0,v1:172.21.15.42:6789/0] conn(0x7f8ef4107a20 msgr2=0x7f8ef4107e40 secure :-1 s=STATE_CONNECTION_ESTABLISHED l=1).mark_down
2024-03-12T04:05:54.087 INFO:teuthology.orchestra.run.smithi042.stdout:/usr/bin/ceph: stderr
2024-03-12T04:05:53.181+0000 7f8efc06b700 1 --2- 172.21.15.42:0/757033291 >> [v2:172.21.15.42:3300/0,v1:172.21.15.42:6789/0] conn(0x7f8ef4107a20 0x7f8ef4107e40 secure :-1 s=READY pgs=76 cs=0 l=1 rev1=1 crypto rx=0x7f8ef00098a0 tx=0x7f8ef0009bb0 comp rx=0 tx=0).stop
2024-03-12T04:05:54.087 INFO:teuthology.orchestra.run.smithi042.stdout:/usr/bin/ceph: stderr
2024-03-12T04:05:53.181+0000 7f8efc06b700 1 -- 172.21.15.42:0/757033291 shutdown_connections
2024-03-12T04:05:54.087 INFO:teuthology.orchestra.run.smithi042.stdout:/usr/bin/ceph: stderr
2024-03-12T04:05:53.181+0000 7f8efc06b700 1 --2- 172.21.15.42:0/757033291 >> [v2:172.21.15.42:3300/0,v1:172.21.15.42:6789/0] conn(0x7f8ef4107a20 0x7f8ef4107e40 unknown :-1 s=CLOSED pgs=76 cs=0 l=1 rev1=1 crypto rx=0 tx=0 comp rx=0 tx=0).stop
2024-03-12T04:05:54.087 INFO:teuthology.orchestra.run.smithi042.stdout:/usr/bin/ceph: stderr
2024-03-12T04:05:53.181+0000 7f8efc06b700 1 -- 172.21.15.42:0/757033291 >> 172.21.15.42:0/757033291 conn(0x7f8ef4101140 msgr2=0x7f8ef4103560 unknown :-1 s=STATE_NONE l=0).mark_down
2024-03-12T04:05:54.087 INFO:teuthology.orchestra.run.smithi042.stdout:/usr/bin/ceph: stderr
2024-03-12T04:05:53.181+0000 7f8efc06b700 1 -- 172.21.15.42:0/757033291 shutdown_connections
2024-03-12T04:05:54.087 INFO:teuthology.orchestra.run.smithi042.stdout:/usr/bin/ceph: stderr
2024-03-12T04:05:53.181+0000 7f8efc06b700 1 -- 172.21.15.42:0/757033291 wait complete.
2024-03-12T04:05:54.087 INFO:teuthology.orchestra.run.smithi042.stdout:/usr/bin/ceph: stderr
2024-03-12T04:05:53.182+0000 7f8efc06b700 1 Processor -- start
2024-03-12T04:05:54.087 INFO:teuthology.orchestra.run.smithi042.stdout:/usr/bin/ceph: stderr
2024-03-12T04:05:53.182+0000 7f8efc06b700 1 -- start start
2024-03-12T04:05:54.087 INFO:teuthology.orchestra.run.smithi042.stdout:/usr/bin/ceph: stderr
2024-03-12T04:05:53.182+0000 7f8efc06b700 1 --2- >> [v2:172.21.15.42:3300/0,v1:172.21.15.42:6789/0] conn(0x7f8ef4107a20 0x7f8ef419d4a0 unknown :-1 s=NONE pgs=0 cs=0 l=1 rev1=0 crypto rx=0 tx=0 comp rx=0 tx=0).connect
2024-03-12T04:05:54.087 INFO:teuthology.orchestra.run.smithi042.stdout:/usr/bin/ceph: stderr
2024-03-12T04:05:53.182+0000 7f8efc06b700 1 -- --> [v2:172.21.15.42:3300/0,v1:172.21.15.42:6789/0] -- mon_getmap magic: 0 v1 -- 0x7f8ef419d9e0 con 0x7f8ef4107a20
2024-03-12T04:05:54.088 INFO:teuthology.orchestra.run.smithi042.stdout:/usr/bin/ceph: stderr
2024-03-12T04:05:53.182+0000 7f8ef9e07700 1 --2- >> [v2:172.21.15.42:3300/0,v1:172.21.15.42:6789/0] conn(0x7f8ef4107a20 0x7f8ef419d4a0 unknown :-1 s=BANNER_CONNECTING pgs=0 cs=0 l=1 rev1=0 crypto rx=0 tx=0 comp rx=0 tx=0)._handle_peer_banner_payload supported=3 required=0
2024-03-12T04:05:54.088 INFO:teuthology.orchestra.run.smithi042.stdout:/usr/bin/ceph: stderr
2024-03-12T04:05:53.182+0000 7f8ef9e07700 1 --2- >> [v2:172.21.15.42:3300/0,v1:172.21.15.42:6789/0] conn(0x7f8ef4107a20 0x7f8ef419d4a0 unknown :-1 s=HELLO_CONNECTING pgs=0 cs=0 l=1 rev1=1 crypto rx=0 tx=0 comp rx=0 tx=0).handle_hello peer v2:172.21.15.42:3300/0 says I am v2:172.21.15.42:35356/0 (socket says 172.21.15.42:35356)
2024-03-12T04:05:54.088 INFO:teuthology.orchestra.run.smithi042.stdout:/usr/bin/ceph: stderr
2024-03-12T04:05:53.182+0000 7f8ef9e07700 1 -- 172.21.15.42:0/3106899472 learned_addr learned my addr 172.21.15.42:0/3106899472 (peer_addr_for_me v2:172.21.15.42:0/0)
2024-03-12T04:05:54.088 INFO:teuthology.orchestra.run.smithi042.stdout:/usr/bin/ceph: stderr
2024-03-12T04:05:53.182+0000 7f8ef9e07700 1 -- 172.21.15.42:0/3106899472 --> [v2:172.21.15.42:3300/0,v1:172.21.15.42:6789/0] -- mon_subscribe({config=0+,monmap=0+}) v3 -- 0x7f8ef0009550 con 0x7f8ef4107a20
2024-03-12T04:05:54.088 INFO:teuthology.orchestra.run.smithi042.stdout:/usr/bin/ceph: stderr
2024-03-12T04:05:53.183+0000 7f8ef9e07700 1 --2- 172.21.15.42:0/3106899472 >> [v2:172.21.15.42:3300/0,v1:172.21.15.42:6789/0] conn(0x7f8ef4107a20 0x7f8ef419d4a0 secure :-1 s=READY pgs=77 cs=0 l=1 rev1=1 crypto rx=0x7f8ef0011980 tx=0x7f8ef0011a60 comp rx=0 tx=0).ready entity=mon.0 client_cookie=0 server_cookie=0 in_seq=0 out_seq=0
2024-03-12T04:05:54.088 INFO:teuthology.orchestra.run.smithi042.stdout:/usr/bin/ceph: stderr
2024-03-12T04:05:53.183+0000 7f8eeaffd700 1 -- 172.21.15.42:0/3106899472 <== mon.0 v2:172.21.15.42:3300/0 1 ==== mon_map magic: 0 v1 ==== 205+0+0 (secure 0 0 0) 0x7f8ef0003970 con 0x7f8ef4107a20
2024-03-12T04:05:54.088 INFO:teuthology.orchestra.run.smithi042.stdout:/usr/bin/ceph: stderr
2024-03-12T04:05:53.183+0000 7f8eeaffd700 1 -- 172.21.15.42:0/3106899472 <== mon.0 v2:172.21.15.42:3300/0 2 ==== config(26 keys) v1 ==== 1102+0+0 (secure 0 0 0) 0x7f8ef0003ad0 con 0x7f8ef4107a20
2024-03-12T04:05:54.088 INFO:teuthology.orchestra.run.smithi042.stdout:/usr/bin/ceph: stderr
2024-03-12T04:05:53.183+0000 7f8efc06b700 1 -- 172.21.15.42:0/3106899472 --> [v2:172.21.15.42:3300/0,v1:172.21.15.42:6789/0] -- mon_subscribe({mgrmap=0+}) v3 -- 0x7f8ef419dbe0 con 0x7f8ef4107a20
2024-03-12T04:05:54.088 INFO:teuthology.orchestra.run.smithi042.stdout:/usr/bin/ceph: stderr
2024-03-12T04:05:53.183+0000 7f8eeaffd700 1 -- 172.21.15.42:0/3106899472 <== mon.0 v2:172.21.15.42:3300/0 3 ==== mon_map magic: 0 v1 ==== 205+0+0 (secure 0 0 0) 0x7f8ef00195e0 con 0x7f8ef4107a20
2024-03-12T04:05:54.088 INFO:teuthology.orchestra.run.smithi042.stdout:/usr/bin/ceph: stderr
2024-03-12T04:05:53.183+0000 7f8efc06b700 1 -- 172.21.15.42:0/3106899472 --> [v2:172.21.15.42:3300/0,v1:172.21.15.42:6789/0] -- mon_subscribe({osdmap=0}) v3 -- 0x7f8ef419e080 con 0x7f8ef4107a20
2024-03-12T04:05:54.088 INFO:teuthology.orchestra.run.smithi042.stdout:/usr/bin/ceph: stderr
2024-03-12T04:05:53.184+0000 7f8eeaffd700 1 -- 172.21.15.42:0/3106899472 <== mon.0 v2:172.21.15.42:3300/0 4 ==== mgrmap(e 13) v1 ==== 45825+0+0 (secure 0 0 0) 0x7f8ef001aae0 con 0x7f8ef4107a20
2024-03-12T04:05:54.088 INFO:teuthology.orchestra.run.smithi042.stdout:/usr/bin/ceph: stderr
2024-03-12T04:05:53.184+0000 7f8efc06b700 1 -- 172.21.15.42:0/3106899472 --> [v2:172.21.15.42:3300/0,v1:172.21.15.42:6789/0] -- mon_command({"prefix": "get_command_descriptions"} v 0) v1 -- 0x7f8ef41061d0 con 0x7f8ef4107a20
2024-03-12T04:05:54.088 INFO:teuthology.orchestra.run.smithi042.stdout:/usr/bin/ceph: stderr
2024-03-12T04:05:53.184+0000 7f8eeaffd700 1 --2- 172.21.15.42:0/3106899472 >> [v2:172.21.15.42:6800/2757555113,v1:172.21.15.42:6801/2757555113] conn(0x7f8ee0038d50 0x7f8ee003b210 unknown :-1 s=NONE pgs=0 cs=0 l=1 rev1=0 crypto rx=0 tx=0 comp rx=0 tx=0).connect
2024-03-12T04:05:54.088 INFO:teuthology.orchestra.run.smithi042.stdout:/usr/bin/ceph: stderr
2024-03-12T04:05:53.184+0000 7f8eeaffd700 1 -- 172.21.15.42:0/3106899472 <== mon.0 v2:172.21.15.42:3300/0 5 ==== osd_map(3..3 src has 1..3) v4 ==== 1155+0+0 (secure 0 0 0) 0x7f8ef004d0b0 con 0x7f8ef4107a20
2024-03-12T04:05:54.088 INFO:teuthology.orchestra.run.smithi042.stdout:/usr/bin/ceph: stderr
2024-03-12T04:05:53.184+0000 7f8ef9606700 1 --2- 172.21.15.42:0/3106899472 >> [v2:172.21.15.42:6800/2757555113,v1:172.21.15.42:6801/2757555113] conn(0x7f8ee0038d50 0x7f8ee003b210 unknown :-1 s=BANNER_CONNECTING pgs=0 cs=0 l=1 rev1=0 crypto rx=0 tx=0 comp rx=0 tx=0)._handle_peer_banner_payload supported=3 required=0
2024-03-12T04:05:54.088 INFO:teuthology.orchestra.run.smithi042.stdout:/usr/bin/ceph: stderr
2024-03-12T04:05:53.184+0000 7f8ef9606700 1 --2- 172.21.15.42:0/3106899472 >> [v2:172.21.15.42:6800/2757555113,v1:172.21.15.42:6801/2757555113] conn(0x7f8ee0038d50 0x7f8ee003b210 secure :-1 s=READY pgs=11 cs=0 l=1 rev1=1 crypto rx=0x7f8ee4006fd0 tx=0x7f8ee4006e40 comp rx=0 tx=0).ready entity=mgr.14150 client_cookie=0 server_cookie=0 in_seq=0 out_seq=0
2024-03-12T04:05:54.088 INFO:teuthology.orchestra.run.smithi042.stdout:/usr/bin/ceph: stderr
2024-03-12T04:05:53.189+0000 7f8eeaffd700 1 -- 172.21.15.42:0/3106899472 <== mon.0 v2:172.21.15.42:3300/0 6 ==== mon_command_ack([{"prefix": "get_command_descriptions"}]=0 v0) v1 ==== 72+0+183564 (secure 0 0 0) 0x7f8ef0018720 con 0x7f8ef4107a20
2024-03-12T04:05:54.089 INFO:teuthology.orchestra.run.smithi042.stdout:/usr/bin/ceph: stderr
2024-03-12T04:05:53.504+0000 7f8efc06b700 1 -- 172.21.15.42:0/3106899472 --> [v2:172.21.15.42:3300/0,v1:172.21.15.42:6789/0] -- mon_command([{prefix=config-key set, key=mgr/dashboard/cluster/status}] v 0) v1 -- 0x7f8ef4196c10 con 0x7f8ef4107a20
2024-03-12T04:05:54.089 INFO:teuthology.orchestra.run.smithi042.stdout:/usr/bin/ceph: stderr
2024-03-12T04:05:53.506+0000 7f8eeaffd700 1 -- 172.21.15.42:0/3106899472 <== mon.0 v2:172.21.15.42:3300/0 7 ==== mon_command_ack([{prefix=config-key set, key=mgr/dashboard/cluster/status}]=0 set mgr/dashboard/cluster/status v27)=0 set mgr/dashboard/cluster/status v27) v1 ==== 153+0+0 (secure 0 0 0) 0x7f8ef0023390 con 0x7f8ef4107a20
2024-03-12T04:05:54.089 INFO:teuthology.orchestra.run.smithi042.stdout:/usr/bin/ceph: stderr
2024-03-12T04:05:53.508+0000 7f8efc06b700 1 -- 172.21.15.42:0/3106899472 >> [v2:172.21.15.42:6800/2757555113,v1:172.21.15.42:6801/2757555113] conn(0x7f8ee0038d50 msgr2=0x7f8ee003b210 secure :-1 s=STATE_CONNECTION_ESTABLISHED l=1).mark_down
2024-03-12T04:05:54.089 INFO:teuthology.orchestra.run.smithi042.stdout:/usr/bin/ceph: stderr
2024-03-12T04:05:53.508+0000 7f8efc06b700 1 --2- 172.21.15.42:0/3106899472 >> [v2:172.21.15.42:6800/2757555113,v1:172.21.15.42:6801/2757555113] conn(0x7f8ee0038d50 0x7f8ee003b210 secure :-1 s=READY pgs=11 cs=0 l=1 rev1=1 crypto rx=0x7f8ee4006fd0 tx=0x7f8ee4006e40 comp rx=0 tx=0).stop
2024-03-12T04:05:54.089 INFO:teuthology.orchestra.run.smithi042.stdout:/usr/bin/ceph: stderr
2024-03-12T04:05:53.508+0000 7f8efc06b700 1 -- 172.21.15.42:0/3106899472 >> [v2:172.21.15.42:3300/0,v1:172.21.15.42:6789/0] conn(0x7f8ef4107a20 msgr2=0x7f8ef419d4a0 secure :-1 s=STATE_CONNECTION_ESTABLISHED l=1).mark_down
2024-03-12T04:05:54.089 INFO:teuthology.orchestra.run.smithi042.stdout:/usr/bin/ceph: stderr
2024-03-12T04:05:53.508+0000 7f8efc06b700 1 --2- 172.21.15.42:0/3106899472 >> [v2:172.21.15.42:3300/0,v1:172.21.15.42:6789/0] conn(0x7f8ef4107a20 0x7f8ef419d4a0 secure :-1 s=READY pgs=77 cs=0 l=1 rev1=1 crypto rx=0x7f8ef0011980 tx=0x7f8ef0011a60 comp rx=0 tx=0).stop
2024-03-12T04:05:54.089 INFO:teuthology.orchestra.run.smithi042.stdout:/usr/bin/ceph: stderr
2024-03-12T04:05:53.508+0000 7f8efc06b700 1 -- 172.21.15.42:0/3106899472 shutdown_connections
2024-03-12T04:05:54.089 INFO:teuthology.orchestra.run.smithi042.stdout:/usr/bin/ceph: stderr
2024-03-12T04:05:53.508+0000 7f8efc06b700 1 --2- 172.21.15.42:0/3106899472 >> [v2:172.21.15.42:6800/2757555113,v1:172.21.15.42:6801/2757555113] conn(0x7f8ee0038d50 0x7f8ee003b210 unknown :-1 s=CLOSED pgs=11 cs=0 l=1 rev1=1 crypto rx=0 tx=0 comp rx=0 tx=0).stop
2024-03-12T04:05:54.089 INFO:teuthology.orchestra.run.smithi042.stdout:/usr/bin/ceph: stderr
2024-03-12T04:05:53.508+0000 7f8efc06b700 1 --2- 172.21.15.42:0/3106899472 >> [v2:172.21.15.42:3300/0,v1:172.21.15.42:6789/0] conn(0x7f8ef4107a20 0x7f8ef419d4a0 unknown :-1 s=CLOSED pgs=77 cs=0 l=1 rev1=1 crypto rx=0 tx=0 comp rx=0 tx=0).stop
2024-03-12T04:05:54.089 INFO:teuthology.orchestra.run.smithi042.stdout:/usr/bin/ceph: stderr
2024-03-12T04:05:53.508+0000 7f8efc06b700 1 -- 172.21.15.42:0/3106899472 >> 172.21.15.42:0/3106899472 conn(0x7f8ef4101140 msgr2=0x7f8ef4193cd0 unknown :-1 s=STATE_NONE l=0).mark_down
2024-03-12T04:05:54.089 INFO:teuthology.orchestra.run.smithi042.stdout:/usr/bin/ceph: stderr
2024-03-12T04:05:53.508+0000 7f8efc06b700 1 -- 172.21.15.42:0/3106899472 shutdown_connections
2024-03-12T04:05:54.089 INFO:teuthology.orchestra.run.smithi042.stdout:/usr/bin/ceph: stderr
2024-03-12T04:05:53.508+0000 7f8efc06b700 1 -- 172.21.15.42:0/3106899472 wait complete.
2024-03-12T04:05:54.089 INFO:teuthology.orchestra.run.smithi042.stdout:/usr/bin/ceph: stderr set mgr/dashboard/cluster/status
2024-03-12T04:05:54.089 INFO:teuthology.orchestra.run.smithi042.stdout:You can access the Ceph CLI as following in case of multi-cluster or non-default config:
2024-03-12T04:05:54.090 INFO:teuthology.orchestra.run.smithi042.stdout:
2024-03-12T04:05:54.090 INFO:teuthology.orchestra.run.smithi042.stdout: sudo /home/ubuntu/cephtest/cephadm shell --fsid 7cca013a-e025-11ee-95c8-87774f69a715 -c /etc/ceph/ceph.conf -k /etc/ceph/ceph.client.admin.keyring
2024-03-12T04:05:54.090 INFO:teuthology.orchestra.run.smithi042.stdout:
2024-03-12T04:05:54.090 INFO:teuthology.orchestra.run.smithi042.stdout:Or, if you are only running a single cluster on this host:
2024-03-12T04:05:54.090 INFO:teuthology.orchestra.run.smithi042.stdout:
2024-03-12T04:05:54.090 INFO:teuthology.orchestra.run.smithi042.stdout: sudo /home/ubuntu/cephtest/cephadm shell
2024-03-12T04:05:54.090 INFO:teuthology.orchestra.run.smithi042.stdout:
2024-03-12T04:05:54.090 INFO:teuthology.orchestra.run.smithi042.stdout:Please consider enabling telemetry to help improve Ceph:
2024-03-12T04:05:54.090 INFO:teuthology.orchestra.run.smithi042.stdout:
2024-03-12T04:05:54.090 INFO:teuthology.orchestra.run.smithi042.stdout: ceph telemetry on
2024-03-12T04:05:54.090 INFO:teuthology.orchestra.run.smithi042.stdout:
2024-03-12T04:05:54.090 INFO:teuthology.orchestra.run.smithi042.stdout:For more information see:
2024-03-12T04:05:54.090 INFO:teuthology.orchestra.run.smithi042.stdout:
2024-03-12T04:05:54.090 INFO:teuthology.orchestra.run.smithi042.stdout: https://docs.ceph.com/en/latest/mgr/telemetry/
2024-03-12T04:05:54.091 INFO:teuthology.orchestra.run.smithi042.stdout:
2024-03-12T04:05:54.091 INFO:teuthology.orchestra.run.smithi042.stdout:Bootstrap complete.
2024-03-12T04:05:54.127 INFO:tasks.cephadm:Fetching config...
2024-03-12T04:05:54.127 DEBUG:teuthology.orchestra.run.smithi042:> set -ex
2024-03-12T04:05:54.127 DEBUG:teuthology.orchestra.run.smithi042:> dd if=/etc/ceph/ceph.conf of=/dev/stdout
2024-03-12T04:05:54.143 INFO:tasks.cephadm:Fetching client.admin keyring...
2024-03-12T04:05:54.143 DEBUG:teuthology.orchestra.run.smithi042:> set -ex
2024-03-12T04:05:54.143 DEBUG:teuthology.orchestra.run.smithi042:> dd if=/etc/ceph/ceph.client.admin.keyring of=/dev/stdout
2024-03-12T04:05:54.197 INFO:tasks.cephadm:Fetching mon keyring...
2024-03-12T04:05:54.198 DEBUG:teuthology.orchestra.run.smithi042:> set -ex
2024-03-12T04:05:54.198 DEBUG:teuthology.orchestra.run.smithi042:> sudo dd if=/var/lib/ceph/7cca013a-e025-11ee-95c8-87774f69a715/mon.a/keyring of=/dev/stdout
2024-03-12T04:05:54.265 INFO:tasks.cephadm:Fetching pub ssh key...
2024-03-12T04:05:54.265 DEBUG:teuthology.orchestra.run.smithi042:> set -ex
2024-03-12T04:05:54.265 DEBUG:teuthology.orchestra.run.smithi042:> dd if=/home/ubuntu/cephtest/ceph.pub of=/dev/stdout
2024-03-12T04:05:54.319 INFO:tasks.cephadm:Installing pub ssh key for root users...
2024-03-12T04:05:54.320 DEBUG:teuthology.orchestra.run.smithi042:> sudo install -d -m 0700 /root/.ssh && echo 'ssh-rsa AAAAB3NzaC1yc2EAAAADAQABAAABgQC7UlJbF4BrOZNjs10tfQK9RuENNLDEqylCd14bUBA0NDi9B7DR8e5evzEhnlN3DPy1J4dals4ZqwZWrFHAUK1n2NuAXNWFxkZk6d6wBDyWmqIkaPyRHzhXmOd3yjzMTqBBHO7ARhZVeEjGJzWFeX+OYKUJIzkpPiArRy+j8vIRdTmPRfMuOIqDOmT2zav6sIcgRQjBPatQQHid7wEmKTW9/Z/qR9CVGp3+vPP0JvnA/REVdg8DBb/CMSkF17bV+LUnbVN8Sy7X0sxhLnzJQSRQ1OcG055CqyzDAi2/ed9QdDkqmD5d1pn6R5nr8OxLDJZPq0Gz1a2J+fpFUKiyjUEzLOaQESHamzF9+sejp7y3+qRq6QQG6FZCtQ6o0W7ZcHHKdCUH+PsbKUItHY6nFpep66suxl6MpgBtW7T7mO4PFe2pbEhDfGWsZp0KNgPvQR3fJ6k7kGR1bDsgNGLVOiiFzLWXahWRuxQ3Rb8DnyThsIDW80UEvKchrcb3Xxbu4HU= ceph-7cca013a-e025-11ee-95c8-87774f69a715' | sudo tee -a /root/.ssh/authorized_keys && sudo chmod 0600 /root/.ssh/authorized_keys
2024-03-12T04:05:54.404 INFO:teuthology.orchestra.run.smithi042.stdout:ssh-rsa AAAAB3NzaC1yc2EAAAADAQABAAABgQC7UlJbF4BrOZNjs10tfQK9RuENNLDEqylCd14bUBA0NDi9B7DR8e5evzEhnlN3DPy1J4dals4ZqwZWrFHAUK1n2NuAXNWFxkZk6d6wBDyWmqIkaPyRHzhXmOd3yjzMTqBBHO7ARhZVeEjGJzWFeX+OYKUJIzkpPiArRy+j8vIRdTmPRfMuOIqDOmT2zav6sIcgRQjBPatQQHid7wEmKTW9/Z/qR9CVGp3+vPP0JvnA/REVdg8DBb/CMSkF17bV+LUnbVN8Sy7X0sxhLnzJQSRQ1OcG055CqyzDAi2/ed9QdDkqmD5d1pn6R5nr8OxLDJZPq0Gz1a2J+fpFUKiyjUEzLOaQESHamzF9+sejp7y3+qRq6QQG6FZCtQ6o0W7ZcHHKdCUH+PsbKUItHY6nFpep66suxl6MpgBtW7T7mO4PFe2pbEhDfGWsZp0KNgPvQR3fJ6k7kGR1bDsgNGLVOiiFzLWXahWRuxQ3Rb8DnyThsIDW80UEvKchrcb3Xxbu4HU= ceph-7cca013a-e025-11ee-95c8-87774f69a715
2024-03-12T04:05:54.419 DEBUG:teuthology.orchestra.run.smithi119:> sudo install -d -m 0700 /root/.ssh && echo 'ssh-rsa AAAAB3NzaC1yc2EAAAADAQABAAABgQC7UlJbF4BrOZNjs10tfQK9RuENNLDEqylCd14bUBA0NDi9B7DR8e5evzEhnlN3DPy1J4dals4ZqwZWrFHAUK1n2NuAXNWFxkZk6d6wBDyWmqIkaPyRHzhXmOd3yjzMTqBBHO7ARhZVeEjGJzWFeX+OYKUJIzkpPiArRy+j8vIRdTmPRfMuOIqDOmT2zav6sIcgRQjBPatQQHid7wEmKTW9/Z/qR9CVGp3+vPP0JvnA/REVdg8DBb/CMSkF17bV+LUnbVN8Sy7X0sxhLnzJQSRQ1OcG055CqyzDAi2/ed9QdDkqmD5d1pn6R5nr8OxLDJZPq0Gz1a2J+fpFUKiyjUEzLOaQESHamzF9+sejp7y3+qRq6QQG6FZCtQ6o0W7ZcHHKdCUH+PsbKUItHY6nFpep66suxl6MpgBtW7T7mO4PFe2pbEhDfGWsZp0KNgPvQR3fJ6k7kGR1bDsgNGLVOiiFzLWXahWRuxQ3Rb8DnyThsIDW80UEvKchrcb3Xxbu4HU= ceph-7cca013a-e025-11ee-95c8-87774f69a715' | sudo tee -a /root/.ssh/authorized_keys && sudo chmod 0600 /root/.ssh/authorized_keys
2024-03-12T04:05:54.464 INFO:teuthology.orchestra.run.smithi119.stdout:ssh-rsa AAAAB3NzaC1yc2EAAAADAQABAAABgQC7UlJbF4BrOZNjs10tfQK9RuENNLDEqylCd14bUBA0NDi9B7DR8e5evzEhnlN3DPy1J4dals4ZqwZWrFHAUK1n2NuAXNWFxkZk6d6wBDyWmqIkaPyRHzhXmOd3yjzMTqBBHO7ARhZVeEjGJzWFeX+OYKUJIzkpPiArRy+j8vIRdTmPRfMuOIqDOmT2zav6sIcgRQjBPatQQHid7wEmKTW9/Z/qR9CVGp3+vPP0JvnA/REVdg8DBb/CMSkF17bV+LUnbVN8Sy7X0sxhLnzJQSRQ1OcG055CqyzDAi2/ed9QdDkqmD5d1pn6R5nr8OxLDJZPq0Gz1a2J+fpFUKiyjUEzLOaQESHamzF9+sejp7y3+qRq6QQG6FZCtQ6o0W7ZcHHKdCUH+PsbKUItHY6nFpep66suxl6MpgBtW7T7mO4PFe2pbEhDfGWsZp0KNgPvQR3fJ6k7kGR1bDsgNGLVOiiFzLWXahWRuxQ3Rb8DnyThsIDW80UEvKchrcb3Xxbu4HU= ceph-7cca013a-e025-11ee-95c8-87774f69a715
2024-03-12T04:05:54.479 DEBUG:teuthology.orchestra.run.smithi136:> sudo install -d -m 0700 /root/.ssh && echo 'ssh-rsa AAAAB3NzaC1yc2EAAAADAQABAAABgQC7UlJbF4BrOZNjs10tfQK9RuENNLDEqylCd14bUBA0NDi9B7DR8e5evzEhnlN3DPy1J4dals4ZqwZWrFHAUK1n2NuAXNWFxkZk6d6wBDyWmqIkaPyRHzhXmOd3yjzMTqBBHO7ARhZVeEjGJzWFeX+OYKUJIzkpPiArRy+j8vIRdTmPRfMuOIqDOmT2zav6sIcgRQjBPatQQHid7wEmKTW9/Z/qR9CVGp3+vPP0JvnA/REVdg8DBb/CMSkF17bV+LUnbVN8Sy7X0sxhLnzJQSRQ1OcG055CqyzDAi2/ed9QdDkqmD5d1pn6R5nr8OxLDJZPq0Gz1a2J+fpFUKiyjUEzLOaQESHamzF9+sejp7y3+qRq6QQG6FZCtQ6o0W7ZcHHKdCUH+PsbKUItHY6nFpep66suxl6MpgBtW7T7mO4PFe2pbEhDfGWsZp0KNgPvQR3fJ6k7kGR1bDsgNGLVOiiFzLWXahWRuxQ3Rb8DnyThsIDW80UEvKchrcb3Xxbu4HU= ceph-7cca013a-e025-11ee-95c8-87774f69a715' | sudo tee -a /root/.ssh/authorized_keys && sudo chmod 0600 /root/.ssh/authorized_keys
2024-03-12T04:05:54.519 INFO:teuthology.orchestra.run.smithi136.stdout:ssh-rsa AAAAB3NzaC1yc2EAAAADAQABAAABgQC7UlJbF4BrOZNjs10tfQK9RuENNLDEqylCd14bUBA0NDi9B7DR8e5evzEhnlN3DPy1J4dals4ZqwZWrFHAUK1n2NuAXNWFxkZk6d6wBDyWmqIkaPyRHzhXmOd3yjzMTqBBHO7ARhZVeEjGJzWFeX+OYKUJIzkpPiArRy+j8vIRdTmPRfMuOIqDOmT2zav6sIcgRQjBPatQQHid7wEmKTW9/Z/qR9CVGp3+vPP0JvnA/REVdg8DBb/CMSkF17bV+LUnbVN8Sy7X0sxhLnzJQSRQ1OcG055CqyzDAi2/ed9QdDkqmD5d1pn6R5nr8OxLDJZPq0Gz1a2J+fpFUKiyjUEzLOaQESHamzF9+sejp7y3+qRq6QQG6FZCtQ6o0W7ZcHHKdCUH+PsbKUItHY6nFpep66suxl6MpgBtW7T7mO4PFe2pbEhDfGWsZp0KNgPvQR3fJ6k7kGR1bDsgNGLVOiiFzLWXahWRuxQ3Rb8DnyThsIDW80UEvKchrcb3Xxbu4HU= ceph-7cca013a-e025-11ee-95c8-87774f69a715
2024-03-12T04:05:54.533 DEBUG:teuthology.orchestra.run.smithi042:> sudo /home/ubuntu/cephtest/cephadm --image quay-quay-quay.apps.os.sepia.ceph.com/ceph-ci/ceph:94a539707733325322964c6a187c6a1b41be1daf shell -c /etc/ceph/ceph.conf -k /etc/ceph/ceph.client.admin.keyring --fsid 7cca013a-e025-11ee-95c8-87774f69a715 -- ceph config set mgr mgr/cephadm/allow_ptrace true
2024-03-12T04:05:54.774 INFO:teuthology.orchestra.run.smithi042.stderr:Inferring config /var/lib/ceph/7cca013a-e025-11ee-95c8-87774f69a715/mon.a/config
2024-03-12T04:05:54.816 INFO:journalctl@ceph.mon.a.smithi042.stdout:Mar 12 04:05:54 smithi042 ceph-mon[32260]: from='client.? 172.21.15.42:0/3106899472' entity='client.admin'
2024-03-12T04:05:57.110 INFO:teuthology.orchestra.run.smithi042.stderr:2024-03-12T04:05:57.106+0000 7fb1666ed700 1 -- 172.21.15.42:0/2451625980 >> [v2:172.21.15.42:3300/0,v1:172.21.15.42:6789/0] conn(0x7fb1601021b0 msgr2=0x7fb1601045a0 secure :-1 s=STATE_CONNECTION_ESTABLISHED l=1).mark_down
2024-03-12T04:05:57.110 INFO:teuthology.orchestra.run.smithi042.stderr:2024-03-12T04:05:57.106+0000 7fb1666ed700 1 --2- 172.21.15.42:0/2451625980 >> [v2:172.21.15.42:3300/0,v1:172.21.15.42:6789/0] conn(0x7fb1601021b0 0x7fb1601045a0 secure :-1 s=READY pgs=78 cs=0 l=1 rev1=1 crypto rx=0x7fb150009910 tx=0x7fb150009c20 comp rx=0 tx=0).stop
2024-03-12T04:05:57.110 INFO:teuthology.orchestra.run.smithi042.stderr:2024-03-12T04:05:57.106+0000 7fb1666ed700 1 -- 172.21.15.42:0/2451625980 shutdown_connections
2024-03-12T04:05:57.110 INFO:teuthology.orchestra.run.smithi042.stderr:2024-03-12T04:05:57.106+0000 7fb1666ed700 1 --2- 172.21.15.42:0/2451625980 >> [v2:172.21.15.42:3300/0,v1:172.21.15.42:6789/0] conn(0x7fb1601021b0 0x7fb1601045a0 unknown :-1 s=CLOSED pgs=78 cs=0 l=1 rev1=1 crypto rx=0 tx=0 comp rx=0 tx=0).stop
2024-03-12T04:05:57.110 INFO:teuthology.orchestra.run.smithi042.stderr:2024-03-12T04:05:57.106+0000 7fb1666ed700 1 -- 172.21.15.42:0/2451625980 >> 172.21.15.42:0/2451625980 conn(0x7fb1600fbb40 msgr2=0x7fb1600fdf80 unknown :-1 s=STATE_NONE l=0).mark_down
2024-03-12T04:05:57.111 INFO:teuthology.orchestra.run.smithi042.stderr:2024-03-12T04:05:57.106+0000 7fb1666ed700 1 -- 172.21.15.42:0/2451625980 shutdown_connections
2024-03-12T04:05:57.111 INFO:teuthology.orchestra.run.smithi042.stderr:2024-03-12T04:05:57.106+0000 7fb1666ed700 1 -- 172.21.15.42:0/2451625980 wait complete.
2024-03-12T04:05:57.111 INFO:teuthology.orchestra.run.smithi042.stderr:2024-03-12T04:05:57.106+0000 7fb1666ed700 1 Processor -- start
2024-03-12T04:05:57.111 INFO:teuthology.orchestra.run.smithi042.stderr:2024-03-12T04:05:57.106+0000 7fb1666ed700 1 -- start start
2024-03-12T04:05:57.111 INFO:teuthology.orchestra.run.smithi042.stderr:2024-03-12T04:05:57.107+0000 7fb1666ed700 1 --2- >> [v2:172.21.15.42:3300/0,v1:172.21.15.42:6789/0] conn(0x7fb1601021b0 0x7fb160196aa0 unknown :-1 s=NONE pgs=0 cs=0 l=1 rev1=0 crypto rx=0 tx=0 comp rx=0 tx=0).connect
2024-03-12T04:05:57.111 INFO:teuthology.orchestra.run.smithi042.stderr:2024-03-12T04:05:57.107+0000 7fb1666ed700 1 -- --> [v2:172.21.15.42:3300/0,v1:172.21.15.42:6789/0] -- mon_getmap magic: 0 v1 -- 0x7fb160196fe0 con 0x7fb1601021b0
2024-03-12T04:05:57.111 INFO:teuthology.orchestra.run.smithi042.stderr:2024-03-12T04:05:57.107+0000 7fb15ffff700 1 --2- >> [v2:172.21.15.42:3300/0,v1:172.21.15.42:6789/0] conn(0x7fb1601021b0 0x7fb160196aa0 unknown :-1 s=BANNER_CONNECTING pgs=0 cs=0 l=1 rev1=0 crypto rx=0 tx=0 comp rx=0 tx=0)._handle_peer_banner_payload supported=3 required=0
2024-03-12T04:05:57.111 INFO:teuthology.orchestra.run.smithi042.stderr:2024-03-12T04:05:57.107+0000 7fb15ffff700 1 --2- >> [v2:172.21.15.42:3300/0,v1:172.21.15.42:6789/0] conn(0x7fb1601021b0 0x7fb160196aa0 unknown :-1 s=HELLO_CONNECTING pgs=0 cs=0 l=1 rev1=1 crypto rx=0 tx=0 comp rx=0 tx=0).handle_hello peer v2:172.21.15.42:3300/0 says I am v2:172.21.15.42:35376/0 (socket says 172.21.15.42:35376)
2024-03-12T04:05:57.111 INFO:teuthology.orchestra.run.smithi042.stderr:2024-03-12T04:05:57.107+0000 7fb15ffff700 1 -- 172.21.15.42:0/18046264 learned_addr learned my addr 172.21.15.42:0/18046264 (peer_addr_for_me v2:172.21.15.42:0/0)
2024-03-12T04:05:57.111 INFO:teuthology.orchestra.run.smithi042.stderr:2024-03-12T04:05:57.107+0000 7fb15ffff700 1 -- 172.21.15.42:0/18046264 --> [v2:172.21.15.42:3300/0,v1:172.21.15.42:6789/0] -- mon_subscribe({config=0+,monmap=0+}) v3 -- 0x7fb1500095f0 con 0x7fb1601021b0
2024-03-12T04:05:57.111 INFO:teuthology.orchestra.run.smithi042.stderr:2024-03-12T04:05:57.107+0000 7fb15ffff700 1 --2- 172.21.15.42:0/18046264 >> [v2:172.21.15.42:3300/0,v1:172.21.15.42:6789/0] conn(0x7fb1601021b0 0x7fb160196aa0 secure :-1 s=READY pgs=79 cs=0 l=1 rev1=1 crypto rx=0x7fb150005190 tx=0x7fb150004f40 comp rx=0 tx=0).ready entity=mon.0 client_cookie=0 server_cookie=0 in_seq=0 out_seq=0
2024-03-12T04:05:57.111 INFO:teuthology.orchestra.run.smithi042.stderr:2024-03-12T04:05:57.107+0000 7fb15d7fa700 1 -- 172.21.15.42:0/18046264 <== mon.0 v2:172.21.15.42:3300/0 1 ==== mon_map magic: 0 v1 ==== 205+0+0 (secure 0 0 0) 0x7fb15001d070 con 0x7fb1601021b0
