2024-03-12T04:05:45.819+0000 7ff4d09a6700 1 --2- 172.21.15.42:0/3865173847 >> [v2:172.21.15.42:6800/2757555113,v1:172.21.15.42:6801/2757555113] conn(0x7ff4b403c7c0 0x7ff4b403ebb0 unknown :-1 s=BANNER_CONNECTING pgs=0 cs=0 l=1 rev1=0 crypto rx=0 tx=0 comp rx=0 tx=0)._handle_peer_banner_payload supported=3 required=0
2024-03-12T04:05:46.577 INFO:teuthology.orchestra.run.smithi042.stdout:/usr/bin/ceph: stderr
2024-03-12T04:05:45.820+0000 7ff4d09a6700 1 --2- 172.21.15.42:0/3865173847 >> [v2:172.21.15.42:6800/2757555113,v1:172.21.15.42:6801/2757555113] conn(0x7ff4b403c7c0 0x7ff4b403ebb0 secure :-1 s=READY pgs=2 cs=0 l=1 rev1=1 crypto rx=0x7ff4c0003a10 tx=0x7ff4c0009270 comp rx=0 tx=0).ready entity=mgr.14150 client_cookie=0 server_cookie=0 in_seq=0 out_seq=0
2024-03-12T04:05:46.577 INFO:teuthology.orchestra.run.smithi042.stdout:/usr/bin/ceph: stderr
2024-03-12T04:05:45.820+0000 7ff4ca7fc700 1 -- 172.21.15.42:0/3865173847 <== mgr.14150 v2:172.21.15.42:6800/2757555113 1 ==== command_reply(tid 0: 0 ) v1 ==== 8+0+7774 (secure 0 0 0) 0x7ff4b403b8e0 con 0x7ff4b403c7c0
2024-03-12T04:05:46.577 INFO:teuthology.orchestra.run.smithi042.stdout:/usr/bin/ceph: stderr
2024-03-12T04:05:45.827+0000 7ff4d340b700 1 -- 172.21.15.42:0/3865173847 --> [v2:172.21.15.42:6800/2757555113,v1:172.21.15.42:6801/2757555113] -- command(tid 1: {"prefix": "mgr_status"}) v1 -- 0x7ff4b8002630 con 0x7ff4b403c7c0
2024-03-12T04:05:46.577 INFO:teuthology.orchestra.run.smithi042.stdout:/usr/bin/ceph: stderr
2024-03-12T04:05:45.827+0000 7ff4ca7fc700 1 -- 172.21.15.42:0/3865173847 <== mgr.14150 v2:172.21.15.42:6800/2757555113 2 ==== command_reply(tid 1: 0 ) v1 ==== 8+0+52 (secure 0 0 0) 0x7ff4b8002630 con 0x7ff4b403c7c0
2024-03-12T04:05:46.577 INFO:teuthology.orchestra.run.smithi042.stdout:/usr/bin/ceph: stderr
2024-03-12T04:05:45.827+0000 7ff4d340b700 1 -- 172.21.15.42:0/3865173847 >> [v2:172.21.15.42:6800/2757555113,v1:172.21.15.42:6801/2757555113] conn(0x7ff4b403c7c0 msgr2=0x7ff4b403ebb0 secure :-1 s=STATE_CONNECTION_ESTABLISHED l=1).mark_down
2024-03-12T04:05:46.577 INFO:teuthology.orchestra.run.smithi042.stdout:/usr/bin/ceph: stderr
2024-03-12T04:05:45.827+0000 7ff4d340b700 1 --2- 172.21.15.42:0/3865173847 >> [v2:172.21.15.42:6800/2757555113,v1:172.21.15.42:6801/2757555113] conn(0x7ff4b403c7c0 0x7ff4b403ebb0 secure :-1 s=READY pgs=2 cs=0 l=1 rev1=1 crypto rx=0x7ff4c0003a10 tx=0x7ff4c0009270 comp rx=0 tx=0).stop
2024-03-12T04:05:46.577 INFO:teuthology.orchestra.run.smithi042.stdout:/usr/bin/ceph: stderr
2024-03-12T04:05:45.827+0000 7ff4d340b700 1 -- 172.21.15.42:0/3865173847 >> [v2:172.21.15.42:3300/0,v1:172.21.15.42:6789/0] conn(0x7ff4cc105d50 msgr2=0x7ff4cc19d3c0 secure :-1 s=STATE_CONNECTION_ESTABLISHED l=1).mark_down
2024-03-12T04:05:46.577 INFO:teuthology.orchestra.run.smithi042.stdout:/usr/bin/ceph: stderr
2024-03-12T04:05:45.827+0000 7ff4d340b700 1 --2- 172.21.15.42:0/3865173847 >> [v2:172.21.15.42:3300/0,v1:172.21.15.42:6789/0] conn(0x7ff4cc105d50 0x7ff4cc19d3c0 secure :-1 s=READY pgs=60 cs=0 l=1 rev1=1 crypto rx=0x7ff4bc0072a0 tx=0x7ff4bc00bd80 comp rx=0 tx=0).stop
2024-03-12T04:05:46.577 INFO:teuthology.orchestra.run.smithi042.stdout:/usr/bin/ceph: stderr
2024-03-12T04:05:45.827+0000 7ff4d340b700 1 -- 172.21.15.42:0/3865173847 shutdown_connections
2024-03-12T04:05:46.577 INFO:teuthology.orchestra.run.smithi042.stdout:/usr/bin/ceph: stderr
2024-03-12T04:05:45.827+0000 7ff4d340b700 1 --2- 172.21.15.42:0/3865173847 >> [v2:172.21.15.42:6800/2757555113,v1:172.21.15.42:6801/2757555113] conn(0x7ff4b403c7c0 0x7ff4b403ebb0 unknown :-1 s=CLOSED pgs=2 cs=0 l=1 rev1=1 crypto rx=0 tx=0 comp rx=0 tx=0).stop
2024-03-12T04:05:46.577 INFO:teuthology.orchestra.run.smithi042.stdout:/usr/bin/ceph: stderr
2024-03-12T04:05:45.827+0000 7ff4d340b700 1 --2- 172.21.15.42:0/3865173847 >> [v2:172.21.15.42:3300/0,v1:172.21.15.42:6789/0] conn(0x7ff4cc105d50 0x7ff4cc19d3c0 unknown :-1 s=CLOSED pgs=60 cs=0 l=1 rev1=1 crypto rx=0 tx=0 comp rx=0 tx=0).stop
2024-03-12T04:05:46.577 INFO:teuthology.orchestra.run.smithi042.stdout:/usr/bin/ceph: stderr
2024-03-12T04:05:45.827+0000 7ff4d340b700 1 --2- 172.21.15.42:0/3865173847 >> [v2:172.21.15.42:6800/2670488995,v1:172.21.15.42:6801/2670488995] conn(0x7ff4b4038d10 0x7ff4b403b1d0 unknown :-1 s=CLOSED pgs=0 cs=0 l=1 rev1=0 crypto rx=0 tx=0 comp rx=0 tx=0).stop
2024-03-12T04:05:46.577 INFO:teuthology.orchestra.run.smithi042.stdout:/usr/bin/ceph: stderr
2024-03-12T04:05:45.827+0000 7ff4d340b700 1 -- 172.21.15.42:0/3865173847 >> 172.21.15.42:0/3865173847 conn(0x7ff4cc1018f0 msgr2=0x7ff4cc194210 unknown :-1 s=STATE_NONE l=0).mark_down
2024-03-12T04:05:46.577 INFO:teuthology.orchestra.run.smithi042.stdout:/usr/bin/ceph: stderr
2024-03-12T04:05:45.828+0000 7ff4d340b700 1 -- 172.21.15.42:0/3865173847 shutdown_connections
2024-03-12T04:05:46.578 INFO:teuthology.orchestra.run.smithi042.stdout:/usr/bin/ceph: stderr
2024-03-12T04:05:45.828+0000 7ff4d340b700 1 -- 172.21.15.42:0/3865173847 wait complete.
2024-03-12T04:05:46.578 INFO:teuthology.orchestra.run.smithi042.stdout:mgr epoch 9 is available
2024-03-12T04:05:46.578 INFO:teuthology.orchestra.run.smithi042.stdout:Generating a dashboard self-signed certificate...
2024-03-12T04:05:47.566 INFO:journalctl@ceph.mon.a.smithi042.stdout:Mar 12 04:05:47 smithi042 ceph-mon[32260]: from='mgr.14150 172.21.15.42:0/1218989043' entity='mgr.x'
2024-03-12T04:05:47.817 INFO:teuthology.orchestra.run.smithi042.stdout:/usr/bin/ceph: stdout Self-signed certificate created
2024-03-12T04:05:47.817 INFO:teuthology.orchestra.run.smithi042.stdout:/usr/bin/ceph: stderr
2024-03-12T04:05:46.990+0000 7f8bb49ec700 1 Processor -- start
2024-03-12T04:05:47.817 INFO:teuthology.orchestra.run.smithi042.stdout:/usr/bin/ceph: stderr
2024-03-12T04:05:46.990+0000 7f8bb49ec700 1 -- start start
2024-03-12T04:05:47.818 INFO:teuthology.orchestra.run.smithi042.stdout:/usr/bin/ceph: stderr
2024-03-12T04:05:46.990+0000 7f8bb49ec700 1 --2- >> [v2:172.21.15.42:3300/0,v1:172.21.15.42:6789/0] conn(0x7f8bb0107440 0x7f8bb0107860 unknown :-1 s=NONE pgs=0 cs=0 l=0 rev1=0 crypto rx=0 tx=0 comp rx=0 tx=0).connect
2024-03-12T04:05:47.818 INFO:teuthology.orchestra.run.smithi042.stdout:/usr/bin/ceph: stderr
2024-03-12T04:05:46.990+0000 7f8bb49ec700 1 -- --> [v2:172.21.15.42:3300/0,v1:172.21.15.42:6789/0] -- mon_getmap magic: 0 v1 -- 0x7f8bb0107e30 con 0x7f8bb0107440
2024-03-12T04:05:47.818 INFO:teuthology.orchestra.run.smithi042.stdout:/usr/bin/ceph: stderr
2024-03-12T04:05:46.991+0000 7f8bae59c700 1 --2- >> [v2:172.21.15.42:3300/0,v1:172.21.15.42:6789/0] conn(0x7f8bb0107440 0x7f8bb0107860 unknown :-1 s=BANNER_CONNECTING pgs=0 cs=0 l=0 rev1=0 crypto rx=0 tx=0 comp rx=0 tx=0)._handle_peer_banner_payload supported=3 required=0
2024-03-12T04:05:47.818 INFO:teuthology.orchestra.run.smithi042.stdout:/usr/bin/ceph: stderr
2024-03-12T04:05:46.991+0000 7f8bae59c700 1 --2- >> [v2:172.21.15.42:3300/0,v1:172.21.15.42:6789/0] conn(0x7f8bb0107440 0x7f8bb0107860 unknown :-1 s=HELLO_CONNECTING pgs=0 cs=0 l=0 rev1=1 crypto rx=0 tx=0 comp rx=0 tx=0).handle_hello peer v2:172.21.15.42:3300/0 says I am v2:172.21.15.42:55110/0 (socket says 172.21.15.42:55110)
2024-03-12T04:05:47.818 INFO:teuthology.orchestra.run.smithi042.stdout:/usr/bin/ceph: stderr
2024-03-12T04:05:46.991+0000 7f8bae59c700 1 -- 172.21.15.42:0/3433509273 learned_addr learned my addr 172.21.15.42:0/3433509273 (peer_addr_for_me v2:172.21.15.42:0/0)
2024-03-12T04:05:47.818 INFO:teuthology.orchestra.run.smithi042.stdout:/usr/bin/ceph: stderr
2024-03-12T04:05:46.991+0000 7f8bae59c700 1 -- 172.21.15.42:0/3433509273 --> [v2:172.21.15.42:3300/0,v1:172.21.15.42:6789/0] -- mon_subscribe({config=0+,monmap=0+}) v3 -- 0x7f8bb0108640 con 0x7f8bb0107440
2024-03-12T04:05:47.818 INFO:teuthology.orchestra.run.smithi042.stdout:/usr/bin/ceph: stderr
2024-03-12T04:05:46.991+0000 7f8bae59c700 1 --2- 172.21.15.42:0/3433509273 >> [v2:172.21.15.42:3300/0,v1:172.21.15.42:6789/0] conn(0x7f8bb0107440 0x7f8bb0107860 secure :-1 s=READY pgs=68 cs=0 l=1 rev1=1 crypto rx=0x7f8ba8009e80 tx=0x7f8ba800b330 comp rx=0 tx=0).ready entity=mon.0 client_cookie=d7e46116c5b64397 server_cookie=0 in_seq=0 out_seq=0
2024-03-12T04:05:47.818 INFO:teuthology.orchestra.run.smithi042.stdout:/usr/bin/ceph: stderr
2024-03-12T04:05:46.991+0000 7f8bad59a700 1 -- 172.21.15.42:0/3433509273 <== mon.0 v2:172.21.15.42:3300/0 1 ==== mon_map magic: 0 v1 ==== 205+0+0 (secure 0 0 0) 0x7f8ba800e070 con 0x7f8bb0107440
2024-03-12T04:05:47.818 INFO:teuthology.orchestra.run.smithi042.stdout:/usr/bin/ceph: stderr
2024-03-12T04:05:46.991+0000 7f8bad59a700 1 -- 172.21.15.42:0/3433509273 <== mon.0 v2:172.21.15.42:3300/0 2 ==== config(26 keys) v1 ==== 1102+0+0 (secure 0 0 0) 0x7f8ba800b8c0 con 0x7f8bb0107440
2024-03-12T04:05:47.818 INFO:teuthology.orchestra.run.smithi042.stdout:/usr/bin/ceph: stderr
2024-03-12T04:05:46.991+0000 7f8bad59a700 1 -- 172.21.15.42:0/3433509273 <== mon.0 v2:172.21.15.42:3300/0 3 ==== mon_map magic: 0 v1 ==== 205+0+0 (secure 0 0 0) 0x7f8ba8004420 con 0x7f8bb0107440
2024-03-12T04:05:47.818 INFO:teuthology.orchestra.run.smithi042.stdout:/usr/bin/ceph: stderr
2024-03-12T04:05:46.992+0000 7f8bb49ec700 1 -- 172.21.15.42:0/3433509273 >> [v2:172.21.15.42:3300/0,v1:172.21.15.42:6789/0] conn(0x7f8bb0107440 msgr2=0x7f8bb0107860 secure :-1 s=STATE_CONNECTION_ESTABLISHED l=1).mark_down
2024-03-12T04:05:47.818 INFO:teuthology.orchestra.run.smithi042.stdout:/usr/bin/ceph: stderr
2024-03-12T04:05:46.992+0000 7f8bb49ec700 1 --2- 172.21.15.42:0/3433509273 >> [v2:172.21.15.42:3300/0,v1:172.21.15.42:6789/0] conn(0x7f8bb0107440 0x7f8bb0107860 secure :-1 s=READY pgs=68 cs=0 l=1 rev1=1 crypto rx=0x7f8ba8009e80 tx=0x7f8ba800b330 comp rx=0 tx=0).stop
2024-03-12T04:05:47.818 INFO:teuthology.orchestra.run.smithi042.stdout:/usr/bin/ceph: stderr
2024-03-12T04:05:46.992+0000 7f8bb49ec700 1 -- 172.21.15.42:0/3433509273 shutdown_connections
2024-03-12T04:05:47.819 INFO:teuthology.orchestra.run.smithi042.stdout:/usr/bin/ceph: stderr
2024-03-12T04:05:46.992+0000 7f8bb49ec700 1 --2- 172.21.15.42:0/3433509273 >> [v2:172.21.15.42:3300/0,v1:172.21.15.42:6789/0] conn(0x7f8bb0107440 0x7f8bb0107860 unknown :-1 s=CLOSED pgs=68 cs=0 l=1 rev1=1 crypto rx=0 tx=0 comp rx=0 tx=0).stop
2024-03-12T04:05:47.819 INFO:teuthology.orchestra.run.smithi042.stdout:/usr/bin/ceph: stderr
2024-03-12T04:05:46.992+0000 7f8bb49ec700 1 -- 172.21.15.42:0/3433509273 >> 172.21.15.42:0/3433509273 conn(0x7f8bb01029e0 msgr2=0x7f8bb0104e20 unknown :-1 s=STATE_NONE l=0).mark_down
2024-03-12T04:05:47.819 INFO:teuthology.orchestra.run.smithi042.stdout:/usr/bin/ceph: stderr
2024-03-12T04:05:46.992+0000 7f8bb49ec700 1 -- 172.21.15.42:0/3433509273 shutdown_connections
2024-03-12T04:05:47.819 INFO:teuthology.orchestra.run.smithi042.stdout:/usr/bin/ceph: stderr
2024-03-12T04:05:46.992+0000 7f8bb49ec700 1 -- 172.21.15.42:0/3433509273 wait complete.
2024-03-12T04:05:47.819 INFO:teuthology.orchestra.run.smithi042.stdout:/usr/bin/ceph: stderr
2024-03-12T04:05:46.993+0000 7f8bb49ec700 1 Processor -- start
2024-03-12T04:05:47.819 INFO:teuthology.orchestra.run.smithi042.stdout:/usr/bin/ceph: stderr
2024-03-12T04:05:46.993+0000 7f8bb49ec700 1 -- start start
2024-03-12T04:05:47.819 INFO:teuthology.orchestra.run.smithi042.stdout:/usr/bin/ceph: stderr
2024-03-12T04:05:46.993+0000 7f8bb49ec700 1 --2- >> [v2:172.21.15.42:3300/0,v1:172.21.15.42:6789/0] conn(0x7f8bb0107440 0x7f8bb007cb50 unknown :-1 s=NONE pgs=0 cs=0 l=1 rev1=0 crypto rx=0 tx=0 comp rx=0 tx=0).connect
2024-03-12T04:05:47.819 INFO:teuthology.orchestra.run.smithi042.stdout:/usr/bin/ceph: stderr
2024-03-12T04:05:46.993+0000 7f8bb49ec700 1 -- --> [v2:172.21.15.42:3300/0,v1:172.21.15.42:6789/0] -- mon_getmap magic: 0 v1 -- 0x7f8bb007d090 con 0x7f8bb0107440
2024-03-12T04:05:47.819 INFO:teuthology.orchestra.run.smithi042.stdout:/usr/bin/ceph: stderr
2024-03-12T04:05:46.993+0000 7f8bae59c700 1 --2- >> [v2:172.21.15.42:3300/0,v1:172.21.15.42:6789/0] conn(0x7f8bb0107440 0x7f8bb007cb50 unknown :-1 s=BANNER_CONNECTING pgs=0 cs=0 l=1 rev1=0 crypto rx=0 tx=0 comp rx=0 tx=0)._handle_peer_banner_payload supported=3 required=0
2024-03-12T04:05:47.819 INFO:teuthology.orchestra.run.smithi042.stdout:/usr/bin/ceph: stderr
2024-03-12T04:05:46.993+0000 7f8bae59c700 1 --2- >> [v2:172.21.15.42:3300/0,v1:172.21.15.42:6789/0] conn(0x7f8bb0107440 0x7f8bb007cb50 unknown :-1 s=HELLO_CONNECTING pgs=0 cs=0 l=1 rev1=1 crypto rx=0 tx=0 comp rx=0 tx=0).handle_hello peer v2:172.21.15.42:3300/0 says I am v2:172.21.15.42:55116/0 (socket says 172.21.15.42:55116)
2024-03-12T04:05:47.819 INFO:teuthology.orchestra.run.smithi042.stdout:/usr/bin/ceph: stderr
2024-03-12T04:05:46.993+0000 7f8bae59c700 1 -- 172.21.15.42:0/371816948 learned_addr learned my addr 172.21.15.42:0/371816948 (peer_addr_for_me v2:172.21.15.42:0/0)
2024-03-12T04:05:47.819 INFO:teuthology.orchestra.run.smithi042.stdout:/usr/bin/ceph: stderr
2024-03-12T04:05:46.994+0000 7f8bae59c700 1 -- 172.21.15.42:0/371816948 --> [v2:172.21.15.42:3300/0,v1:172.21.15.42:6789/0] -- mon_subscribe({config=0+,monmap=0+}) v3 -- 0x7f8ba8009b30 con 0x7f8bb0107440
2024-03-12T04:05:47.819 INFO:teuthology.orchestra.run.smithi042.stdout:/usr/bin/ceph: stderr
2024-03-12T04:05:46.994+0000 7f8bae59c700 1 --2- 172.21.15.42:0/371816948 >> [v2:172.21.15.42:3300/0,v1:172.21.15.42:6789/0] conn(0x7f8bb0107440 0x7f8bb007cb50 secure :-1 s=READY pgs=69 cs=0 l=1 rev1=1 crypto rx=0x7f8ba80072a0 tx=0x7f8ba800bd80 comp rx=0 tx=0).ready entity=mon.0 client_cookie=0 server_cookie=0 in_seq=0 out_seq=0
2024-03-12T04:05:47.819 INFO:teuthology.orchestra.run.smithi042.stdout:/usr/bin/ceph: stderr
2024-03-12T04:05:46.994+0000 7f8ba77fe700 1 -- 172.21.15.42:0/371816948 <== mon.0 v2:172.21.15.42:3300/0 1 ==== mon_map magic: 0 v1 ==== 205+0+0 (secure 0 0 0) 0x7f8ba800e040 con 0x7f8bb0107440
2024-03-12T04:05:47.819 INFO:teuthology.orchestra.run.smithi042.stdout:/usr/bin/ceph: stderr
2024-03-12T04:05:46.994+0000 7f8ba77fe700 1 -- 172.21.15.42:0/371816948 <== mon.0 v2:172.21.15.42:3300/0 2 ==== config(26 keys) v1 ==== 1102+0+0 (secure 0 0 0) 0x7f8ba8003de0 con 0x7f8bb0107440
2024-03-12T04:05:47.820 INFO:teuthology.orchestra.run.smithi042.stdout:/usr/bin/ceph: stderr
2024-03-12T04:05:46.994+0000 7f8bb49ec700 1 -- 172.21.15.42:0/371816948 --> [v2:172.21.15.42:3300/0,v1:172.21.15.42:6789/0] -- mon_subscribe({mgrmap=0+}) v3 -- 0x7f8bb007b280 con 0x7f8bb0107440
2024-03-12T04:05:47.820 INFO:teuthology.orchestra.run.smithi042.stdout:/usr/bin/ceph: stderr
2024-03-12T04:05:46.994+0000 7f8ba77fe700 1 -- 172.21.15.42:0/371816948 <== mon.0 v2:172.21.15.42:3300/0 3 ==== mon_map magic: 0 v1 ==== 205+0+0 (secure 0 0 0) 0x7f8ba801c6b0 con 0x7f8bb0107440
2024-03-12T04:05:47.820 INFO:teuthology.orchestra.run.smithi042.stdout:/usr/bin/ceph: stderr
2024-03-12T04:05:46.994+0000 7f8bb49ec700 1 -- 172.21.15.42:0/371816948 --> [v2:172.21.15.42:3300/0,v1:172.21.15.42:6789/0] -- mon_subscribe({osdmap=0}) v3 -- 0x7f8bb007b780 con 0x7f8bb0107440
2024-03-12T04:05:47.820 INFO:teuthology.orchestra.run.smithi042.stdout:/usr/bin/ceph: stderr
2024-03-12T04:05:46.995+0000 7f8ba77fe700 1 -- 172.21.15.42:0/371816948 <== mon.0 v2:172.21.15.42:3300/0 4 ==== mgrmap(e 11) v1 ==== 45676+0+0 (secure 0 0 0) 0x7f8ba801c920 con 0x7f8bb0107440
2024-03-12T04:05:47.820 INFO:teuthology.orchestra.run.smithi042.stdout:/usr/bin/ceph: stderr
2024-03-12T04:05:46.995+0000 7f8bb49ec700 1 -- 172.21.15.42:0/371816948 --> [v2:172.21.15.42:3300/0,v1:172.21.15.42:6789/0] -- mon_command({"prefix": "get_command_descriptions"} v 0) v1 -- 0x7f8bb010b870 con 0x7f8bb0107440
2024-03-12T04:05:47.820 INFO:teuthology.orchestra.run.smithi042.stdout:/usr/bin/ceph: stderr
2024-03-12T04:05:46.995+0000 7f8ba77fe700 1 --2- 172.21.15.42:0/371816948 >> [v2:172.21.15.42:6800/2757555113,v1:172.21.15.42:6801/2757555113] conn(0x7f8b9c038be0 0x7f8b9c03b0a0 unknown :-1 s=NONE pgs=0 cs=0 l=1 rev1=0 crypto rx=0 tx=0 comp rx=0 tx=0).connect
2024-03-12T04:05:47.820 INFO:teuthology.orchestra.run.smithi042.stdout:/usr/bin/ceph: stderr
2024-03-12T04:05:46.995+0000 7f8ba77fe700 1 -- 172.21.15.42:0/371816948 <== mon.0 v2:172.21.15.42:3300/0 5 ==== osd_map(3..3 src has 1..3) v4 ==== 1155+0+0 (secure 0 0 0) 0x7f8ba804dae0 con 0x7f8bb0107440
2024-03-12T04:05:47.820 INFO:teuthology.orchestra.run.smithi042.stdout:/usr/bin/ceph: stderr
2024-03-12T04:05:46.995+0000 7f8badd9b700 1 --2- 172.21.15.42:0/371816948 >> [v2:172.21.15.42:6800/2757555113,v1:172.21.15.42:6801/2757555113] conn(0x7f8b9c038be0 0x7f8b9c03b0a0 unknown :-1 s=BANNER_CONNECTING pgs=0 cs=0 l=1 rev1=0 crypto rx=0 tx=0 comp rx=0 tx=0)._handle_peer_banner_payload supported=3 required=0
2024-03-12T04:05:47.820 INFO:teuthology.orchestra.run.smithi042.stdout:/usr/bin/ceph: stderr
2024-03-12T04:05:46.996+0000 7f8badd9b700 1 --2- 172.21.15.42:0/371816948 >> [v2:172.21.15.42:6800/2757555113,v1:172.21.15.42:6801/2757555113] conn(0x7f8b9c038be0 0x7f8b9c03b0a0 secure :-1 s=READY pgs=7 cs=0 l=1 rev1=1 crypto rx=0x7f8b98006fd0 tx=0x7f8b98006e40 comp rx=0 tx=0).ready entity=mgr.14150 client_cookie=0 server_cookie=0 in_seq=0 out_seq=0
2024-03-12T04:05:47.820 INFO:teuthology.orchestra.run.smithi042.stdout:/usr/bin/ceph: stderr
2024-03-12T04:05:47.000+0000 7f8ba77fe700 1 -- 172.21.15.42:0/371816948 <== mon.0 v2:172.21.15.42:3300/0 6 ==== mon_command_ack([{"prefix": "get_command_descriptions"}]=0 v0) v1 ==== 72+0+183564 (secure 0 0 0) 0x7f8ba801b490 con 0x7f8bb0107440
2024-03-12T04:05:47.820 INFO:teuthology.orchestra.run.smithi042.stdout:/usr/bin/ceph: stderr
2024-03-12T04:05:47.209+0000 7f8bb49ec700 1 -- 172.21.15.42:0/371816948 --> [v2:172.21.15.42:6800/2757555113,v1:172.21.15.42:6801/2757555113] -- mgr_command(tid 0: {"prefix": "dashboard create-self-signed-cert", "target": ["mon-mgr", ""]}) v1 -- 0x7f8bb007be40 con 0x7f8b9c038be0
2024-03-12T04:05:47.820 INFO:teuthology.orchestra.run.smithi042.stdout:/usr/bin/ceph: stderr
2024-03-12T04:05:47.236+0000 7f8ba77fe700 1 -- 172.21.15.42:0/371816948 <== mon.0 v2:172.21.15.42:3300/0 7 ==== mgrmap(e 12) v1 ==== 45782+0+0 (secure 0 0 0) 0x7f8ba8012ac0 con 0x7f8bb0107440
2024-03-12T04:05:47.820 INFO:teuthology.orchestra.run.smithi042.stdout:/usr/bin/ceph: stderr
2024-03-12T04:05:47.295+0000 7f8ba77fe700 1 -- 172.21.15.42:0/371816948 <== mgr.14150 v2:172.21.15.42:6800/2757555113 1 ==== mgr_command_reply(tid 0: 0 ) v1 ==== 8+0+32 (secure 0 0 0) 0x7f8bb007be40 con 0x7f8b9c038be0
2024-03-12T04:05:47.821 INFO:teuthology.orchestra.run.smithi042.stdout:/usr/bin/ceph: stderr
2024-03-12T04:05:47.297+0000 7f8bb49ec700 1 -- 172.21.15.42:0/371816948 >> [v2:172.21.15.42:6800/2757555113,v1:172.21.15.42:6801/2757555113] conn(0x7f8b9c038be0 msgr2=0x7f8b9c03b0a0 secure :-1 s=STATE_CONNECTION_ESTABLISHED l=1).mark_down
2024-03-12T04:05:47.821 INFO:teuthology.orchestra.run.smithi042.stdout:/usr/bin/ceph: stderr
2024-03-12T04:05:47.297+0000 7f8bb49ec700 1 --2- 172.21.15.42:0/371816948 >> [v2:172.21.15.42:6800/2757555113,v1:172.21.15.42:6801/2757555113] conn(0x7f8b9c038be0 0x7f8b9c03b0a0 secure :-1 s=READY pgs=7 cs=0 l=1 rev1=1 crypto rx=0x7f8b98006fd0 tx=0x7f8b98006e40 comp rx=0 tx=0).stop
2024-03-12T04:05:47.821 INFO:teuthology.orchestra.run.smithi042.stdout:/usr/bin/ceph: stderr
2024-03-12T04:05:47.297+0000 7f8bb49ec700 1 -- 172.21.15.42:0/371816948 >> [v2:172.21.15.42:3300/0,v1:172.21.15.42:6789/0] conn(0x7f8bb0107440 msgr2=0x7f8bb007cb50 secure :-1 s=STATE_CONNECTION_ESTABLISHED l=1).mark_down
2024-03-12T04:05:47.821 INFO:teuthology.orchestra.run.smithi042.stdout:/usr/bin/ceph: stderr
2024-03-12T04:05:47.297+0000 7f8bb49ec700 1 --2- 172.21.15.42:0/371816948 >> [v2:172.21.15.42:3300/0,v1:172.21.15.42:6789/0] conn(0x7f8bb0107440 0x7f8bb007cb50 secure :-1 s=READY pgs=69 cs=0 l=1 rev1=1 crypto rx=0x7f8ba80072a0 tx=0x7f8ba800bd80 comp rx=0 tx=0).stop
2024-03-12T04:05:47.821 INFO:teuthology.orchestra.run.smithi042.stdout:/usr/bin/ceph: stderr
2024-03-12T04:05:47.297+0000 7f8bb49ec700 1 -- 172.21.15.42:0/371816948 shutdown_connections
2024-03-12T04:05:47.821 INFO:teuthology.orchestra.run.smithi042.stdout:/usr/bin/ceph: stderr
2024-03-12T04:05:47.297+0000 7f8bb49ec700 1 --2- 172.21.15.42:0/371816948 >> [v2:172.21.15.42:6800/2757555113,v1:172.21.15.42:6801/2757555113] conn(0x7f8b9c038be0 0x7f8b9c03b0a0 unknown :-1 s=CLOSED pgs=7 cs=0 l=1 rev1=1 crypto rx=0 tx=0 comp rx=0 tx=0).stop
2024-03-12T04:05:47.821 INFO:teuthology.orchestra.run.smithi042.stdout:/usr/bin/ceph: stderr
2024-03-12T04:05:47.297+0000 7f8bb49ec700 1 --2- 172.21.15.42:0/371816948 >> [v2:172.21.15.42:3300/0,v1:172.21.15.42:6789/0] conn(0x7f8bb0107440 0x7f8bb007cb50 unknown :-1 s=CLOSED pgs=69 cs=0 l=1 rev1=1 crypto rx=0 tx=0 comp rx=0 tx=0).stop
2024-03-12T04:05:47.821 INFO:teuthology.orchestra.run.smithi042.stdout:/usr/bin/ceph: stderr
2024-03-12T04:05:47.297+0000 7f8bb49ec700 1 -- 172.21.15.42:0/371816948 >> 172.21.15.42:0/371816948 conn(0x7f8bb01029e0 msgr2=0x7f8bb01034d0 unknown :-1 s=STATE_NONE l=0).mark_down
2024-03-12T04:05:47.821 INFO:teuthology.orchestra.run.smithi042.stdout:/usr/bin/ceph: stderr
2024-03-12T04:05:47.298+0000 7f8bb49ec700 1 -- 172.21.15.42:0/371816948 shutdown_connections
2024-03-12T04:05:47.821 INFO:teuthology.orchestra.run.smithi042.stdout:/usr/bin/ceph: stderr
2024-03-12T04:05:47.298+0000 7f8bb49ec700 1 -- 172.21.15.42:0/371816948 wait complete.
2024-03-12T04:05:47.821 INFO:teuthology.orchestra.run.smithi042.stdout:Creating initial admin user...
2024-03-12T04:05:48.489 INFO:journalctl@ceph.mon.a.smithi042.stdout:Mar 12 04:05:48 smithi042 ceph-mon[32260]: from='client.14162 -' entity='client.admin' cmd=[{"prefix": "dashboard create-self-signed-cert", "target": ["mon-mgr", ""]}]: dispatch
2024-03-12T04:05:48.489 INFO:journalctl@ceph.mon.a.smithi042.stdout:Mar 12 04:05:48 smithi042 ceph-mon[32260]: mgrmap e12: x(active, since 2s)
2024-03-12T04:05:48.489 INFO:journalctl@ceph.mon.a.smithi042.stdout:Mar 12 04:05:48 smithi042 ceph-mon[32260]: from='mgr.14150 172.21.15.42:0/1218989043' entity='mgr.x'
2024-03-12T04:05:48.489 INFO:journalctl@ceph.mon.a.smithi042.stdout:Mar 12 04:05:48 smithi042 ceph-mon[32260]: from='mgr.14150 172.21.15.42:0/1218989043' entity='mgr.x'
2024-03-12T04:05:48.489 INFO:journalctl@ceph.mon.a.smithi042.stdout:Mar 12 04:05:48 smithi042 ceph-mon[32260]: from='mgr.14150 172.21.15.42:0/1218989043' entity='mgr.x'
2024-03-12T04:05:49.939 INFO:journalctl@ceph.mon.a.smithi042.stdout:Mar 12 04:05:49 smithi042 ceph-mon[32260]: from='client.14164 -' entity='client.admin' cmd=[{"prefix": "dashboard ac-user-create", "username": "admin", "rolename": "administrator", "force_password": true, "pwd_update_required": true, "target": ["mon-mgr", ""]}]: dispatch
2024-03-12T04:05:49.939 INFO:journalctl@ceph.mon.a.smithi042.stdout:Mar 12 04:05:49 smithi042 ceph-mon[32260]: from='mgr.14150 172.21.15.42:0/1218989043' entity='mgr.x'
2024-03-12T04:05:49.949 INFO:teuthology.orchestra.run.smithi042.stdout:/usr/bin/ceph: stdout {"username": "admin", "password": "$2b$12$68kxlGaSMExDfCB5FgkjBu2Oi5.nxvLlnVgIcOgrWQHnt0VRaRz8q", "roles": ["administrator"], "name": null, "email": null, "lastUpdate": 1710216348, "enabled": true, "pwdExpirationDate": null, "pwdUpdateRequired": true}
2024-03-12T04:05:49.949 INFO:teuthology.orchestra.run.smithi042.stdout:/usr/bin/ceph: stderr
2024-03-12T04:05:48.282+0000 7fc2f2bbf700 1 Processor -- start
2024-03-12T04:05:49.949 INFO:teuthology.orchestra.run.smithi042.stdout:/usr/bin/ceph: stderr
2024-03-12T04:05:48.282+0000 7fc2f2bbf700 1 -- start start
2024-03-12T04:05:49.949 INFO:teuthology.orchestra.run.smithi042.stdout:/usr/bin/ceph: stderr
2024-03-12T04:05:48.282+0000 7fc2f2bbf700 1 --2- >> [v2:172.21.15.42:3300/0,v1:172.21.15.42:6789/0] conn(0x7fc2ec106350 0x7fc2ec106770 unknown :-1 s=NONE pgs=0 cs=0 l=0 rev1=0 crypto rx=0 tx=0 comp rx=0 tx=0).connect
2024-03-12T04:05:49.949 INFO:teuthology.orchestra.run.smithi042.stdout:/usr/bin/ceph: stderr
2024-03-12T04:05:48.282+0000 7fc2f2bbf700 1 -- --> [v2:172.21.15.42:3300/0,v1:172.21.15.42:6789/0] -- mon_getmap magic: 0 v1 -- 0x7fc2ec106d40 con 0x7fc2ec106350
2024-03-12T04:05:49.949 INFO:teuthology.orchestra.run.smithi042.stdout:/usr/bin/ceph: stderr
2024-03-12T04:05:48.282+0000 7fc2f095b700 1 --2- >> [v2:172.21.15.42:3300/0,v1:172.21.15.42:6789/0] conn(0x7fc2ec106350 0x7fc2ec106770 unknown :-1 s=BANNER_CONNECTING pgs=0 cs=0 l=0 rev1=0 crypto rx=0 tx=0 comp rx=0 tx=0)._handle_peer_banner_payload supported=3 required=0
2024-03-12T04:05:49.949 INFO:teuthology.orchestra.run.smithi042.stdout:/usr/bin/ceph: stderr
2024-03-12T04:05:48.282+0000 7fc2f095b700 1 --2- >> [v2:172.21.15.42:3300/0,v1:172.21.15.42:6789/0] conn(0x7fc2ec106350 0x7fc2ec106770 unknown :-1 s=HELLO_CONNECTING pgs=0 cs=0 l=0 rev1=1 crypto rx=0 tx=0 comp rx=0 tx=0).handle_hello peer v2:172.21.15.42:3300/0 says I am v2:172.21.15.42:55126/0 (socket says 172.21.15.42:55126)
2024-03-12T04:05:49.949 INFO:teuthology.orchestra.run.smithi042.stdout:/usr/bin/ceph: stderr
2024-03-12T04:05:48.282+0000 7fc2f095b700 1 -- 172.21.15.42:0/115969581 learned_addr learned my addr 172.21.15.42:0/115969581 (peer_addr_for_me v2:172.21.15.42:0/0)
2024-03-12T04:05:49.949 INFO:teuthology.orchestra.run.smithi042.stdout:/usr/bin/ceph: stderr
2024-03-12T04:05:48.282+0000 7fc2f095b700 1 -- 172.21.15.42:0/115969581 --> [v2:172.21.15.42:3300/0,v1:172.21.15.42:6789/0] -- mon_subscribe({config=0+,monmap=0+}) v3 -- 0x7fc2ec107550 con 0x7fc2ec106350
2024-03-12T04:05:49.949 INFO:teuthology.orchestra.run.smithi042.stdout:/usr/bin/ceph: stderr
2024-03-12T04:05:48.283+0000 7fc2f095b700 1 --2- 172.21.15.42:0/115969581 >> [v2:172.21.15.42:3300/0,v1:172.21.15.42:6789/0] conn(0x7fc2ec106350 0x7fc2ec106770 secure :-1 s=READY pgs=70 cs=0 l=1 rev1=1 crypto rx=0x7fc2e00098a0 tx=0x7fc2e0009bb0 comp rx=0 tx=0).ready entity=mon.0 client_cookie=a25437e904f7180d server_cookie=0 in_seq=0 out_seq=0
2024-03-12T04:05:49.950 INFO:teuthology.orchestra.run.smithi042.stdout:/usr/bin/ceph: stderr
2024-03-12T04:05:48.283+0000 7fc2eb7fe700 1 -- 172.21.15.42:0/115969581 <== mon.0 v2:172.21.15.42:3300/0 1 ==== mon_map magic: 0 v1 ==== 205+0+0 (secure 0 0 0) 0x7fc2e0004160 con 0x7fc2ec106350
2024-03-12T04:05:49.950 INFO:teuthology.orchestra.run.smithi042.stdout:/usr/bin/ceph: stderr
2024-03-12T04:05:48.283+0000 7fc2eb7fe700 1 -- 172.21.15.42:0/115969581 <== mon.0 v2:172.21.15.42:3300/0 2 ==== config(26 keys) v1 ==== 1102+0+0 (secure 0 0 0) 0x7fc2e00042c0 con 0x7fc2ec106350
2024-03-12T04:05:49.950 INFO:teuthology.orchestra.run.smithi042.stdout:/usr/bin/ceph: stderr
2024-03-12T04:05:48.283+0000 7fc2eb7fe700 1 -- 172.21.15.42:0/115969581 <== mon.0 v2:172.21.15.42:3300/0 3 ==== mon_map magic: 0 v1 ==== 205+0+0 (secure 0 0 0) 0x7fc2e00119b0 con 0x7fc2ec106350
2024-03-12T04:05:49.950 INFO:teuthology.orchestra.run.smithi042.stdout:/usr/bin/ceph: stderr
2024-03-12T04:05:48.284+0000 7fc2f2bbf700 1 -- 172.21.15.42:0/115969581 >> [v2:172.21.15.42:3300/0,v1:172.21.15.42:6789/0] conn(0x7fc2ec106350 msgr2=0x7fc2ec106770 secure :-1 s=STATE_CONNECTION_ESTABLISHED l=1).mark_down
2024-03-12T04:05:49.950 INFO:teuthology.orchestra.run.smithi042.stdout:/usr/bin/ceph: stderr
2024-03-12T04:05:48.284+0000 7fc2f2bbf700 1 --2- 172.21.15.42:0/115969581 >> [v2:172.21.15.42:3300/0,v1:172.21.15.42:6789/0] conn(0x7fc2ec106350 0x7fc2ec106770 secure :-1 s=READY pgs=70 cs=0 l=1 rev1=1 crypto rx=0x7fc2e00098a0 tx=0x7fc2e0009bb0 comp rx=0 tx=0).stop
2024-03-12T04:05:49.950 INFO:teuthology.orchestra.run.smithi042.stdout:/usr/bin/ceph: stderr
2024-03-12T04:05:48.284+0000 7fc2f2bbf700 1 -- 172.21.15.42:0/115969581 shutdown_connections
2024-03-12T04:05:49.950 INFO:teuthology.orchestra.run.smithi042.stdout:/usr/bin/ceph: stderr
2024-03-12T04:05:48.284+0000 7fc2f2bbf700 1 --2- 172.21.15.42:0/115969581 >> [v2:172.21.15.42:3300/0,v1:172.21.15.42:6789/0] conn(0x7fc2ec106350 0x7fc2ec106770 unknown :-1 s=CLOSED pgs=70 cs=0 l=1 rev1=1 crypto rx=0 tx=0 comp rx=0 tx=0).stop
2024-03-12T04:05:49.950 INFO:teuthology.orchestra.run.smithi042.stdout:/usr/bin/ceph: stderr
2024-03-12T04:05:48.284+0000 7fc2f2bbf700 1 -- 172.21.15.42:0/115969581 >> 172.21.15.42:0/115969581 conn(0x7fc2ec1018f0 msgr2=0x7fc2ec103d30 unknown :-1 s=STATE_NONE l=0).mark_down
2024-03-12T04:05:49.950 INFO:teuthology.orchestra.run.smithi042.stdout:/usr/bin/ceph: stderr
2024-03-12T04:05:48.284+0000 7fc2f2bbf700 1 -- 172.21.15.42:0/115969581 shutdown_connections
2024-03-12T04:05:49.951 INFO:teuthology.orchestra.run.smithi042.stdout:/usr/bin/ceph: stderr
2024-03-12T04:05:48.284+0000 7fc2f2bbf700 1 -- 172.21.15.42:0/115969581 wait complete.
2024-03-12T04:05:49.951 INFO:teuthology.orchestra.run.smithi042.stdout:/usr/bin/ceph: stderr
2024-03-12T04:05:48.285+0000 7fc2f2bbf700 1 Processor -- start
2024-03-12T04:05:49.951 INFO:teuthology.orchestra.run.smithi042.stdout:/usr/bin/ceph: stderr
2024-03-12T04:05:48.285+0000 7fc2f2bbf700 1 -- start start
2024-03-12T04:05:49.951 INFO:teuthology.orchestra.run.smithi042.stdout:/usr/bin/ceph: stderr
2024-03-12T04:05:48.285+0000 7fc2f2bbf700 1 --2- >> [v2:172.21.15.42:3300/0,v1:172.21.15.42:6789/0] conn(0x7fc2ec106350 0x7fc2ec19a1c0 unknown :-1 s=NONE pgs=0 cs=0 l=1 rev1=0 crypto rx=0 tx=0 comp rx=0 tx=0).connect
2024-03-12T04:05:49.951 INFO:teuthology.orchestra.run.smithi042.stdout:/usr/bin/ceph: stderr
2024-03-12T04:05:48.285+0000 7fc2f2bbf700 1 -- --> [v2:172.21.15.42:3300/0,v1:172.21.15.42:6789/0] -- mon_getmap magic: 0 v1 -- 0x7fc2ec19a700 con 0x7fc2ec106350
2024-03-12T04:05:49.951 INFO:teuthology.orchestra.run.smithi042.stdout:/usr/bin/ceph: stderr
2024-03-12T04:05:48.285+0000 7fc2f095b700 1 --2- >> [v2:172.21.15.42:3300/0,v1:172.21.15.42:6789/0] conn(0x7fc2ec106350 0x7fc2ec19a1c0 unknown :-1 s=BANNER_CONNECTING pgs=0 cs=0 l=1 rev1=0 crypto rx=0 tx=0 comp rx=0 tx=0)._handle_peer_banner_payload supported=3 required=0
2024-03-12T04:05:49.951 INFO:teuthology.orchestra.run.smithi042.stdout:/usr/bin/ceph: stderr
2024-03-12T04:05:48.285+0000 7fc2f095b700 1 --2- >> [v2:172.21.15.42:3300/0,v1:172.21.15.42:6789/0] conn(0x7fc2ec106350 0x7fc2ec19a1c0 unknown :-1 s=HELLO_CONNECTING pgs=0 cs=0 l=1 rev1=1 crypto rx=0 tx=0 comp rx=0 tx=0).handle_hello peer v2:172.21.15.42:3300/0 says I am v2:172.21.15.42:55130/0 (socket says 172.21.15.42:55130)
2024-03-12T04:05:49.951 INFO:teuthology.orchestra.run.smithi042.stdout:/usr/bin/ceph: stderr
2024-03-12T04:05:48.285+0000 7fc2f095b700 1 -- 172.21.15.42:0/207475625 learned_addr learned my addr 172.21.15.42:0/207475625 (peer_addr_for_me v2:172.21.15.42:0/0)
2024-03-12T04:05:49.951 INFO:teuthology.orchestra.run.smithi042.stdout:/usr/bin/ceph: stderr
2024-03-12T04:05:48.285+0000 7fc2f095b700 1 -- 172.21.15.42:0/207475625 --> [v2:172.21.15.42:3300/0,v1:172.21.15.42:6789/0] -- mon_subscribe({config=0+,monmap=0+}) v3 -- 0x7fc2e0009550 con 0x7fc2ec106350
2024-03-12T04:05:49.951 INFO:teuthology.orchestra.run.smithi042.stdout:/usr/bin/ceph: stderr
2024-03-12T04:05:48.286+0000 7fc2f095b700 1 --2- 172.21.15.42:0/207475625 >> [v2:172.21.15.42:3300/0,v1:172.21.15.42:6789/0] conn(0x7fc2ec106350 0x7fc2ec19a1c0 secure :-1 s=READY pgs=71 cs=0 l=1 rev1=1 crypto rx=0x7fc2e0011670 tx=0x7fc2e0011a30 comp rx=0 tx=0).ready entity=mon.0 client_cookie=0 server_cookie=0 in_seq=0 out_seq=0
2024-03-12T04:05:49.952 INFO:teuthology.orchestra.run.smithi042.stdout:/usr/bin/ceph: stderr
2024-03-12T04:05:48.286+0000 7fc2e9ffb700 1 -- 172.21.15.42:0/207475625 <== mon.0 v2:172.21.15.42:3300/0 1 ==== mon_map magic: 0 v1 ==== 205+0+0 (secure 0 0 0) 0x7fc2e0003890 con 0x7fc2ec106350
2024-03-12T04:05:49.952 INFO:teuthology.orchestra.run.smithi042.stdout:/usr/bin/ceph: stderr
2024-03-12T04:05:48.286+0000 7fc2e9ffb700 1 -- 172.21.15.42:0/207475625 <== mon.0 v2:172.21.15.42:3300/0 2 ==== config(26 keys) v1 ==== 1102+0+0 (secure 0 0 0) 0x7fc2e0020070 con 0x7fc2ec106350
2024-03-12T04:05:49.952 INFO:teuthology.orchestra.run.smithi042.stdout:/usr/bin/ceph: stderr
2024-03-12T04:05:48.286+0000 7fc2f2bbf700 1 -- 172.21.15.42:0/207475625 --> [v2:172.21.15.42:3300/0,v1:172.21.15.42:6789/0] -- mon_subscribe({mgrmap=0+}) v3 -- 0x7fc2ec19a900 con 0x7fc2ec106350
2024-03-12T04:05:49.952 INFO:teuthology.orchestra.run.smithi042.stdout:/usr/bin/ceph: stderr
2024-03-12T04:05:48.286+0000 7fc2e9ffb700 1 -- 172.21.15.42:0/207475625 <== mon.0 v2:172.21.15.42:3300/0 3 ==== mon_map magic: 0 v1 ==== 205+0+0 (secure 0 0 0) 0x7fc2e001b5e0 con 0x7fc2ec106350
2024-03-12T04:05:49.952 INFO:teuthology.orchestra.run.smithi042.stdout:/usr/bin/ceph: stderr
2024-03-12T04:05:48.286+0000 7fc2f2bbf700 1 -- 172.21.15.42:0/207475625 --> [v2:172.21.15.42:3300/0,v1:172.21.15.42:6789/0] -- mon_subscribe({osdmap=0}) v3 -- 0x7fc2ec19ada0 con 0x7fc2ec106350
2024-03-12T04:05:49.952 INFO:teuthology.orchestra.run.smithi042.stdout:/usr/bin/ceph: stderr
2024-03-12T04:05:48.287+0000 7fc2e9ffb700 1 -- 172.21.15.42:0/207475625 <== mon.0 v2:172.21.15.42:3300/0 4 ==== mgrmap(e 12) v1 ==== 45782+0+0 (secure 0 0 0) 0x7fc2e0022030 con 0x7fc2ec106350
2024-03-12T04:05:49.952 INFO:teuthology.orchestra.run.smithi042.stdout:/usr/bin/ceph: stderr
2024-03-12T04:05:48.287+0000 7fc2f2bbf700 1 -- 172.21.15.42:0/207475625 --> [v2:172.21.15.42:3300/0,v1:172.21.15.42:6789/0] -- mon_command({"prefix": "get_command_descriptions"} v 0) v1 -- 0x7fc2ec10a780 con 0x7fc2ec106350
2024-03-12T04:05:49.952 INFO:teuthology.orchestra.run.smithi042.stdout:/usr/bin/ceph: stderr
2024-03-12T04:05:48.287+0000 7fc2e9ffb700 1 --2- 172.21.15.42:0/207475625 >> [v2:172.21.15.42:6800/2757555113,v1:172.21.15.42:6801/2757555113] conn(0x7fc2dc038d60 0x7fc2dc03b220 unknown :-1 s=NONE pgs=0 cs=0 l=1 rev1=0 crypto rx=0 tx=0 comp rx=0 tx=0).connect
2024-03-12T04:05:49.952 INFO:teuthology.orchestra.run.smithi042.stdout:/usr/bin/ceph: stderr
2024-03-12T04:05:48.287+0000 7fc2e9ffb700 1 -- 172.21.15.42:0/207475625 <== mon.0 v2:172.21.15.42:3300/0 5 ==== osd_map(3..3 src has 1..3) v4 ==== 1155+0+0 (secure 0 0 0) 0x7fc2e004f530 con 0x7fc2ec106350
2024-03-12T04:05:49.952 INFO:teuthology.orchestra.run.smithi042.stdout:/usr/bin/ceph: stderr
2024-03-12T04:05:48.287+0000 7fc2ebfff700 1 --2- 172.21.15.42:0/207475625 >> [v2:172.21.15.42:6800/2757555113,v1:172.21.15.42:6801/2757555113] conn(0x7fc2dc038d60 0x7fc2dc03b220 unknown :-1 s=BANNER_CONNECTING pgs=0 cs=0 l=1 rev1=0 crypto rx=0 tx=0 comp rx=0 tx=0)._handle_peer_banner_payload supported=3 required=0
2024-03-12T04:05:49.952 INFO:teuthology.orchestra.run.smithi042.stdout:/usr/bin/ceph: stderr
2024-03-12T04:05:48.288+0000 7fc2ebfff700 1 --2- 172.21.15.42:0/207475625 >> [v2:172.21.15.42:6800/2757555113,v1:172.21.15.42:6801/2757555113] conn(0x7fc2dc038d60 0x7fc2dc03b220 secure :-1 s=READY pgs=8 cs=0 l=1 rev1=1 crypto rx=0x7fc2d8006fd0 tx=0x7fc2d8006e40 comp rx=0 tx=0).ready entity=mgr.14150 client_cookie=0 server_cookie=0 in_seq=0 out_seq=0
2024-03-12T04:05:49.952 INFO:teuthology.orchestra.run.smithi042.stdout:/usr/bin/ceph: stderr
2024-03-12T04:05:48.292+0000 7fc2e9ffb700 1 -- 172.21.15.42:0/207475625 <== mon.0 v2:172.21.15.42:3300/0 6 ==== mon_command_ack([{"prefix": "get_command_descriptions"}]=0 v0) v1 ==== 72+0+183564 (secure 0 0 0) 0x7fc2e001ac60 con 0x7fc2ec106350
2024-03-12T04:05:49.953 INFO:teuthology.orchestra.run.smithi042.stdout:/usr/bin/ceph: stderr
2024-03-12T04:05:48.523+0000 7fc2f2bbf700 1 -- 172.21.15.42:0/207475625 --> [v2:172.21.15.42:6800/2757555113,v1:172.21.15.42:6801/2757555113] -- mgr_command(tid 0: {"prefix": "dashboard ac-user-create", "username": "admin", "rolename": "administrator", "force_password": true, "pwd_update_required": true, "target": ["mon-mgr", ""]}) v1 -- 0x7fc2ec0630c0 con 0x7fc2dc038d60
2024-03-12T04:05:49.953 INFO:teuthology.orchestra.run.smithi042.stdout:/usr/bin/ceph: stderr
2024-03-12T04:05:48.770+0000 7fc2e9ffb700 1 -- 172.21.15.42:0/207475625 <== mgr.14150 v2:172.21.15.42:6800/2757555113 1 ==== mgr_command_reply(tid 0: 0 ) v1 ==== 8+0+252 (secure 0 0 0) 0x7fc2ec0630c0 con 0x7fc2dc038d60
2024-03-12T04:05:49.953 INFO:teuthology.orchestra.run.smithi042.stdout:/usr/bin/ceph: stderr
2024-03-12T04:05:48.772+0000 7fc2f2bbf700 1 -- 172.21.15.42:0/207475625 >> [v2:172.21.15.42:6800/2757555113,v1:172.21.15.42:6801/2757555113] conn(0x7fc2dc038d60 msgr2=0x7fc2dc03b220 secure :-1 s=STATE_CONNECTION_ESTABLISHED l=1).mark_down
2024-03-12T04:05:49.953 INFO:teuthology.orchestra.run.smithi042.stdout:/usr/bin/ceph: stderr
2024-03-12T04:05:48.772+0000 7fc2f2bbf700 1 --2- 172.21.15.42:0/207475625 >> [v2:172.21.15.42:6800/2757555113,v1:172.21.15.42:6801/2757555113] conn(0x7fc2dc038d60 0x7fc2dc03b220 secure :-1 s=READY pgs=8 cs=0 l=1 rev1=1 crypto rx=0x7fc2d8006fd0 tx=0x7fc2d8006e40 comp rx=0 tx=0).stop
2024-03-12T04:05:49.953 INFO:teuthology.orchestra.run.smithi042.stdout:/usr/bin/ceph: stderr
2024-03-12T04:05:48.772+0000 7fc2f2bbf700 1 -- 172.21.15.42:0/207475625 >> [v2:172.21.15.42:3300/0,v1:172.21.15.42:6789/0] conn(0x7fc2ec106350 msgr2=0x7fc2ec19a1c0 secure :-1 s=STATE_CONNECTION_ESTABLISHED l=1).mark_down
2024-03-12T04:05:49.953 INFO:teuthology.orchestra.run.smithi042.stdout:/usr/bin/ceph: stderr
2024-03-12T04:05:48.772+0000 7fc2f2bbf700 1 --2- 172.21.15.42:0/207475625 >> [v2:172.21.15.42:3300/0,v1:172.21.15.42:6789/0] conn(0x7fc2ec106350 0x7fc2ec19a1c0 secure :-1 s=READY pgs=71 cs=0 l=1 rev1=1 crypto rx=0x7fc2e0011670 tx=0x7fc2e0011a30 comp rx=0 tx=0).stop
2024-03-12T04:05:49.953 INFO:teuthology.orchestra.run.smithi042.stdout:/usr/bin/ceph: stderr
2024-03-12T04:05:48.772+0000 7fc2f2bbf700 1 -- 172.21.15.42:0/207475625 shutdown_connections
2024-03-12T04:05:49.953 INFO:teuthology.orchestra.run.smithi042.stdout:/usr/bin/ceph: stderr
2024-03-12T04:05:48.772+0000 7fc2f2bbf700 1 --2- 172.21.15.42:0/207475625 >> [v2:172.21.15.42:6800/2757555113,v1:172.21.15.42:6801/2757555113] conn(0x7fc2dc038d60 0x7fc2dc03b220 unknown :-1 s=CLOSED pgs=8 cs=0 l=1 rev1=1 crypto rx=0 tx=0 comp rx=0 tx=0).stop
2024-03-12T04:05:49.953 INFO:teuthology.orchestra.run.smithi042.stdout:/usr/bin/ceph: stderr
2024-03-12T04:05:48.772+0000 7fc2f2bbf700 1 --2- 172.21.15.42:0/207475625 >> [v2:172.21.15.42:3300/0,v1:172.21.15.42:6789/0] conn(0x7fc2ec106350 0x7fc2ec19a1c0 unknown :-1 s=CLOSED pgs=71 cs=0 l=1 rev1=1 crypto rx=0 tx=0 comp rx=0 tx=0).stop
2024-03-12T04:05:49.953 INFO:teuthology.orchestra.run.smithi042.stdout:/usr/bin/ceph: stderr
2024-03-12T04:05:48.772+0000 7fc2f2bbf700 1 -- 172.21.15.42:0/207475625 >> 172.21.15.42:0/207475625 conn(0x7fc2ec1018f0 msgr2=0x7fc2ec102590 unknown :-1 s=STATE_NONE l=0).mark_down
2024-03-12T04:05:49.954 INFO:teuthology.orchestra.run.smithi042.stdout:/usr/bin/ceph: stderr
2024-03-12T04:05:48.772+0000 7fc2f2bbf700 1 -- 172.21.15.42:0/207475625 shutdown_connections
2024-03-12T04:05:49.954 INFO:teuthology.orchestra.run.smithi042.stdout:/usr/bin/ceph: stderr
2024-03-12T04:05:48.772+0000 7fc2f2bbf700 1 -- 172.21.15.42:0/207475625 wait complete.
2024-03-12T04:05:49.954 INFO:teuthology.orchestra.run.smithi042.stdout:Fetching dashboard port number...
2024-03-12T04:05:51.066 INFO:journalctl@ceph.mon.a.smithi042.stdout:Mar 12 04:05:50 smithi042 ceph-mon[32260]: from='client.? 172.21.15.42:0/401762571' entity='client.admin' cmd=[{"prefix": "config get", "who": "mgr", "key": "mgr/dashboard/ssl_server_port"}]: dispatch
2024-03-12T04:05:51.496 INFO:teuthology.orchestra.run.smithi042.stdout:/usr/bin/ceph: stdout 8443
2024-03-12T04:05:51.496 INFO:teuthology.orchestra.run.smithi042.stdout:/usr/bin/ceph: stderr
2024-03-12T04:05:50.542+0000 7f9f80cad700 1 Processor -- start
2024-03-12T04:05:51.496 INFO:teuthology.orchestra.run.smithi042.stdout:/usr/bin/ceph: stderr
2024-03-12T04:05:50.542+0000 7f9f80cad700 1 -- start start
2024-03-12T04:05:51.496 INFO:teuthology.orchestra.run.smithi042.stdout:/usr/bin/ceph: stderr
2024-03-12T04:05:50.542+0000 7f9f80cad700 1 --2- >> [v2:172.21.15.42:3300/0,v1:172.21.15.42:6789/0] conn(0x7f9f7c1074b0 0x7f9f7c1078d0 unknown :-1 s=NONE pgs=0 cs=0 l=0 rev1=0 crypto rx=0 tx=0 comp rx=0 tx=0).connect
2024-03-12T04:05:51.496 INFO:teuthology.orchestra.run.smithi042.stdout:/usr/bin/ceph: stderr
2024-03-12T04:05:50.542+0000 7f9f80cad700 1 -- --> [v2:172.21.15.42:3300/0,v1:172.21.15.42:6789/0] -- mon_getmap magic: 0 v1 -- 0x7f9f7c107ea0 con 0x7f9f7c1074b0
2024-03-12T04:05:51.496 INFO:teuthology.orchestra.run.smithi042.stdout:/usr/bin/ceph: stderr
2024-03-12T04:05:50.543+0000 7f9f7a59c700 1 --2- >> [v2:172.21.15.42:3300/0,v1:172.21.15.42:6789/0] conn(0x7f9f7c1074b0 0x7f9f7c1078d0 unknown :-1 s=BANNER_CONNECTING pgs=0 cs=0 l=0 rev1=0 crypto rx=0 tx=0 comp rx=0 tx=0)._handle_peer_banner_payload supported=3 required=0
2024-03-12T04:05:51.496 INFO:teuthology.orchestra.run.smithi042.stdout:/usr/bin/ceph: stderr
2024-03-12T04:05:50.543+0000 7f9f7a59c700 1 --2- >> [v2:172.21.15.42:3300/0,v1:172.21.15.42:6789/0] conn(0x7f9f7c1074b0 0x7f9f7c1078d0 unknown :-1 s=HELLO_CONNECTING pgs=0 cs=0 l=0 rev1=1 crypto rx=0 tx=0 comp rx=0 tx=0).handle_hello peer v2:172.21.15.42:3300/0 says I am v2:172.21.15.42:55136/0 (socket says 172.21.15.42:55136)
2024-03-12T04:05:51.496 INFO:teuthology.orchestra.run.smithi042.stdout:/usr/bin/ceph: stderr
2024-03-12T04:05:50.543+0000 7f9f7a59c700 1 -- 172.21.15.42:0/3179518350 learned_addr learned my addr 172.21.15.42:0/3179518350 (peer_addr_for_me v2:172.21.15.42:0/0)
2024-03-12T04:05:51.496 INFO:teuthology.orchestra.run.smithi042.stdout:/usr/bin/ceph: stderr
2024-03-12T04:05:50.543+0000 7f9f7a59c700 1 -- 172.21.15.42:0/3179518350 --> [v2:172.21.15.42:3300/0,v1:172.21.15.42:6789/0] -- mon_subscribe({config=0+,monmap=0+}) v3 -- 0x7f9f7c108660 con 0x7f9f7c1074b0
2024-03-12T04:05:51.496 INFO:teuthology.orchestra.run.smithi042.stdout:/usr/bin/ceph: stderr
2024-03-12T04:05:50.543+0000 7f9f7a59c700 1 --2- 172.21.15.42:0/3179518350 >> [v2:172.21.15.42:3300/0,v1:172.21.15.42:6789/0] conn(0x7f9f7c1074b0 0x7f9f7c1078d0 secure :-1 s=READY pgs=72 cs=0 l=1 rev1=1 crypto rx=0x7f9f74009e80 tx=0x7f9f7400b330 comp rx=0 tx=0).ready entity=mon.0 client_cookie=f6a2e40f25cdaa1b server_cookie=0 in_seq=0 out_seq=0
2024-03-12T04:05:51.496 INFO:teuthology.orchestra.run.smithi042.stdout:/usr/bin/ceph: stderr
2024-03-12T04:05:50.543+0000 7f9f7959a700 1 -- 172.21.15.42:0/3179518350 <== mon.0 v2:172.21.15.42:3300/0 1 ==== mon_map magic: 0 v1 ==== 205+0+0 (secure 0 0 0) 0x7f9f7400e070 con 0x7f9f7c1074b0
2024-03-12T04:05:51.496 INFO:teuthology.orchestra.run.smithi042.stdout:/usr/bin/ceph: stderr
2024-03-12T04:05:50.543+0000 7f9f7959a700 1 -- 172.21.15.42:0/3179518350 <== mon.0 v2:172.21.15.42:3300/0 2 ==== config(26 keys) v1 ==== 1102+0+0 (secure 0 0 0) 0x7f9f7400b8c0 con 0x7f9f7c1074b0
2024-03-12T04:05:51.497 INFO:teuthology.orchestra.run.smithi042.stdout:/usr/bin/ceph: stderr
2024-03-12T04:05:50.543+0000 7f9f7959a700 1 -- 172.21.15.42:0/3179518350 <== mon.0 v2:172.21.15.42:3300/0 3 ==== mon_map magic: 0 v1 ==== 205+0+0 (secure 0 0 0) 0x7f9f74004420 con 0x7f9f7c1074b0
2024-03-12T04:05:51.497 INFO:teuthology.orchestra.run.smithi042.stdout:/usr/bin/ceph: stderr
2024-03-12T04:05:50.544+0000 7f9f80cad700 1 -- 172.21.15.42:0/3179518350 >> [v2:172.21.15.42:3300/0,v1:172.21.15.42:6789/0] conn(0x7f9f7c1074b0 msgr2=0x7f9f7c1078d0 secure :-1 s=STATE_CONNECTION_ESTABLISHED l=1).mark_down
2024-03-12T04:05:51.497 INFO:teuthology.orchestra.run.smithi042.stdout:/usr/bin/ceph: stderr
2024-03-12T04:05:50.544+0000 7f9f80cad700 1 --2- 172.21.15.42:0/3179518350 >> [v2:172.21.15.42:3300/0,v1:172.21.15.42:6789/0] conn(0x7f9f7c1074b0 0x7f9f7c1078d0 secure :-1 s=READY pgs=72 cs=0 l=1 rev1=1 crypto rx=0x7f9f74009e80 tx=0x7f9f7400b330 comp rx=0 tx=0).stop
2024-03-12T04:05:51.497 INFO:teuthology.orchestra.run.smithi042.stdout:/usr/bin/ceph: stderr
2024-03-12T04:05:50.544+0000 7f9f80cad700 1 -- 172.21.15.42:0/3179518350 shutdown_connections
2024-03-12T04:05:51.497 INFO:teuthology.orchestra.run.smithi042.stdout:/usr/bin/ceph: stderr
2024-03-12T04:05:50.544+0000 7f9f80cad700 1 --2- 172.21.15.42:0/3179518350 >> [v2:172.21.15.42:3300/0,v1:172.21.15.42:6789/0] conn(0x7f9f7c1074b0 0x7f9f7c1078d0 unknown :-1 s=CLOSED pgs=72 cs=0 l=1 rev1=1 crypto rx=0 tx=0 comp rx=0 tx=0).stop
2024-03-12T04:05:51.497 INFO:teuthology.orchestra.run.smithi042.stdout:/usr/bin/ceph: stderr
2024-03-12T04:05:50.544+0000 7f9f80cad700 1 -- 172.21.15.42:0/3179518350 >> 172.21.15.42:0/3179518350 conn(0x7f9f7c102b10 msgr2=0x7f9f7c104f30 unknown :-1 s=STATE_NONE l=0).mark_down
2024-03-12T04:05:51.497 INFO:teuthology.orchestra.run.smithi042.stdout:/usr/bin/ceph: stderr
2024-03-12T04:05:50.544+0000 7f9f80cad700 1 -- 172.21.15.42:0/3179518350 shutdown_connections
2024-03-12T04:05:51.497 INFO:teuthology.orchestra.run.smithi042.stdout:/usr/bin/ceph: stderr
2024-03-12T04:05:50.544+0000 7f9f80cad700 1 -- 172.21.15.42:0/3179518350 wait complete.
2024-03-12T04:05:51.497 INFO:teuthology.orchestra.run.smithi042.stdout:/usr/bin/ceph: stderr
2024-03-12T04:05:50.545+0000 7f9f80cad700 1 Processor -- start
2024-03-12T04:05:51.497 INFO:teuthology.orchestra.run.smithi042.stdout:/usr/bin/ceph: stderr
2024-03-12T04:05:50.545+0000 7f9f80cad700 1 -- start start
2024-03-12T04:05:51.497 INFO:teuthology.orchestra.run.smithi042.stdout:/usr/bin/ceph: stderr
2024-03-12T04:05:50.545+0000 7f9f80cad700 1 --2- >> [v2:172.21.15.42:3300/0,v1:172.21.15.42:6789/0] conn(0x7f9f7c1074b0 0x7f9f7c07cb50 unknown :-1 s=NONE pgs=0 cs=0 l=1 rev1=0 crypto rx=0 tx=0 comp rx=0 tx=0).connect
2024-03-12T04:05:51.497 INFO:teuthology.orchestra.run.smithi042.stdout:/usr/bin/ceph: stderr
2024-03-12T04:05:50.545+0000 7f9f80cad700 1 -- --> [v2:172.21.15.42:3300/0,v1:172.21.15.42:6789/0] -- mon_getmap magic: 0 v1 -- 0x7f9f7c07d090 con 0x7f9f7c1074b0
2024-03-12T04:05:51.497 INFO:teuthology.orchestra.run.smithi042.stdout:/usr/bin/ceph: stderr
2024-03-12T04:05:50.545+0000 7f9f7a59c700 1 --2- >> [v2:172.21.15.42:3300/0,v1:172.21.15.42:6789/0] conn(0x7f9f7c1074b0 0x7f9f7c07cb50 unknown :-1 s=BANNER_CONNECTING pgs=0 cs=0 l=1 rev1=0 crypto rx=0 tx=0 comp rx=0 tx=0)._handle_peer_banner_payload supported=3 required=0
2024-03-12T04:05:51.498 INFO:teuthology.orchestra.run.smithi042.stdout:/usr/bin/ceph: stderr
2024-03-12T04:05:50.545+0000 7f9f7a59c700 1 --2- >> [v2:172.21.15.42:3300/0,v1:172.21.15.42:6789/0] conn(0x7f9f7c1074b0 0x7f9f7c07cb50 unknown :-1 s=HELLO_CONNECTING pgs=0 cs=0 l=1 rev1=1 crypto rx=0 tx=0 comp rx=0 tx=0).handle_hello peer v2:172.21.15.42:3300/0 says I am v2:172.21.15.42:55142/0 (socket says 172.21.15.42:55142)
2024-03-12T04:05:51.498 INFO:teuthology.orchestra.run.smithi042.stdout:/usr/bin/ceph: stderr
2024-03-12T04:05:50.545+0000 7f9f7a59c700 1 -- 172.21.15.42:0/401762571 learned_addr learned my addr 172.21.15.42:0/401762571 (peer_addr_for_me v2:172.21.15.42:0/0)
2024-03-12T04:05:51.498 INFO:teuthology.orchestra.run.smithi042.stdout:/usr/bin/ceph: stderr
2024-03-12T04:05:50.545+0000 7f9f7a59c700 1 -- 172.21.15.42:0/401762571 --> [v2:172.21.15.42:3300/0,v1:172.21.15.42:6789/0] -- mon_subscribe({config=0+,monmap=0+}) v3 -- 0x7f9f74009b30 con 0x7f9f7c1074b0
2024-03-12T04:05:51.498 INFO:teuthology.orchestra.run.smithi042.stdout:/usr/bin/ceph: stderr
2024-03-12T04:05:50.545+0000 7f9f7a59c700 1 --2- 172.21.15.42:0/401762571 >> [v2:172.21.15.42:3300/0,v1:172.21.15.42:6789/0] conn(0x7f9f7c1074b0 0x7f9f7c07cb50 secure :-1 s=READY pgs=73 cs=0 l=1 rev1=1 crypto rx=0x7f9f740072a0 tx=0x7f9f7400bd80 comp rx=0 tx=0).ready entity=mon.0 client_cookie=0 server_cookie=0 in_seq=0 out_seq=0
2024-03-12T04:05:51.498 INFO:teuthology.orchestra.run.smithi042.stdout:/usr/bin/ceph: stderr
2024-03-12T04:05:50.545+0000 7f9f737fe700 1 -- 172.21.15.42:0/401762571 <== mon.0 v2:172.21.15.42:3300/0 1 ==== mon_map magic: 0 v1 ==== 205+0+0 (secure 0 0 0) 0x7f9f7400e040 con 0x7f9f7c1074b0
2024-03-12T04:05:51.498 INFO:teuthology.orchestra.run.smithi042.stdout:/usr/bin/ceph: stderr
2024-03-12T04:05:50.546+0000 7f9f737fe700 1 -- 172.21.15.42:0/401762571 <== mon.0 v2:172.21.15.42:3300/0 2 ==== config(26 keys) v1 ==== 1102+0+0 (secure 0 0 0) 0x7f9f74003de0 con 0x7f9f7c1074b0
2024-03-12T04:05:51.498 INFO:teuthology.orchestra.run.smithi042.stdout:/usr/bin/ceph: stderr
2024-03-12T04:05:50.546+0000 7f9f80cad700 1 -- 172.21.15.42:0/401762571 --> [v2:172.21.15.42:3300/0,v1:172.21.15.42:6789/0] -- mon_subscribe({mgrmap=0+}) v3 -- 0x7f9f7c07b280 con 0x7f9f7c1074b0
2024-03-12T04:05:51.498 INFO:teuthology.orchestra.run.smithi042.stdout:/usr/bin/ceph: stderr
2024-03-12T04:05:50.546+0000 7f9f737fe700 1 -- 172.21.15.42:0/401762571 <== mon.0 v2:172.21.15.42:3300/0 3 ==== mon_map magic: 0 v1 ==== 205+0+0 (secure 0 0 0) 0x7f9f7401c6b0 con 0x7f9f7c1074b0
2024-03-12T04:05:51.498 INFO:teuthology.orchestra.run.smithi042.stdout:/usr/bin/ceph: stderr
2024-03-12T04:05:50.546+0000 7f9f80cad700 1 -- 172.21.15.42:0/401762571 --> [v2:172.21.15.42:3300/0,v1:172.21.15.42:6789/0] -- mon_subscribe({osdmap=0}) v3 -- 0x7f9f7c07b780 con 0x7f9f7c1074b0
2024-03-12T04:05:51.498 INFO:teuthology.orchestra.run.smithi042.stdout:/usr/bin/ceph: stderr
2024-03-12T04:05:50.547+0000 7f9f737fe700 1 -- 172.21.15.42:0/401762571 <== mon.0 v2:172.21.15.42:3300/0 4 ==== mgrmap(e 12) v1 ==== 45782+0+0 (secure 0 0 0) 0x7f9f7401c920 con 0x7f9f7c1074b0
2024-03-12T04:05:51.498 INFO:teuthology.orchestra.run.smithi042.stdout:/usr/bin/ceph: stderr
2024-03-12T04:05:50.547+0000 7f9f80cad700 1 -- 172.21.15.42:0/401762571 --> [v2:172.21.15.42:3300/0,v1:172.21.15.42:6789/0] -- mon_command({"prefix": "get_command_descriptions"} v 0) v1 -- 0x7f9f7c0632a0 con 0x7f9f7c1074b0
2024-03-12T04:05:51.498 INFO:teuthology.orchestra.run.smithi042.stdout:/usr/bin/ceph: stderr
2024-03-12T04:05:50.547+0000 7f9f737fe700 1 --2- 172.21.15.42:0/401762571 >> [v2:172.21.15.42:6800/2757555113,v1:172.21.15.42:6801/2757555113] conn(0x7f9f68038d10 0x7f9f6803b1d0 unknown :-1 s=NONE pgs=0 cs=0 l=1 rev1=0 crypto rx=0 tx=0 comp rx=0 tx=0).connect
2024-03-12T04:05:51.499 INFO:teuthology.orchestra.run.smithi042.stdout:/usr/bin/ceph: stderr
2024-03-12T04:05:50.547+0000 7f9f737fe700 1 -- 172.21.15.42:0/401762571 <== mon.0 v2:172.21.15.42:3300/0 5 ==== osd_map(3..3 src has 1..3) v4 ==== 1155+0+0 (secure 0 0 0) 0x7f9f7404cf00 con 0x7f9f7c1074b0
2024-03-12T04:05:51.499 INFO:teuthology.orchestra.run.smithi042.stdout:/usr/bin/ceph: stderr
