2024-03-12T05:01:17.813 INFO:teuthology.orchestra.run.smithi045.stdout:/usr/bin/ceph: stderr
2024-03-12T05:01:17.186+0000 7fa8377fe700 1 -- 172.21.15.45:0/816715984 <== mon.0 v2:172.21.15.45:3300/0 7 ==== mgrmap(e 7) v1 ==== 45663+0+0 (secure 0 0 0) 0x7fa83c04e860 con 0x7fa840106360
2024-03-12T05:01:17.813 INFO:teuthology.orchestra.run.smithi045.stdout:/usr/bin/ceph: stderr
2024-03-12T05:01:17.187+0000 7fa8377fe700 1 --2- 172.21.15.45:0/816715984 >> [v2:172.21.15.45:6800/2524215406,v1:172.21.15.45:6801/2524215406] conn(0x7fa82c03c5a0 0x7fa82c03e990 unknown :-1 s=NONE pgs=0 cs=0 l=1 rev1=0 crypto rx=0 tx=0 comp rx=0 tx=0).connect
2024-03-12T05:01:17.813 INFO:teuthology.orchestra.run.smithi045.stdout:/usr/bin/ceph: stderr
2024-03-12T05:01:17.187+0000 7fa8377fe700 1 -- 172.21.15.45:0/816715984 --> [v2:172.21.15.45:6800/2524215406,v1:172.21.15.45:6801/2524215406] -- command(tid 0: {"prefix": "get_command_descriptions"}) v1 -- 0x7fa82c03b880 con 0x7fa82c03c5a0
2024-03-12T05:01:17.813 INFO:teuthology.orchestra.run.smithi045.stdout:/usr/bin/ceph: stderr
2024-03-12T05:01:17.187+0000 7fa845b07700 1 --2- 172.21.15.45:0/816715984 >> [v2:172.21.15.45:6800/2524215406,v1:172.21.15.45:6801/2524215406] conn(0x7fa82c03c5a0 0x7fa82c03e990 unknown :-1 s=BANNER_CONNECTING pgs=0 cs=0 l=1 rev1=0 crypto rx=0 tx=0 comp rx=0 tx=0)._handle_peer_banner_payload supported=3 required=0
2024-03-12T05:01:17.813 INFO:teuthology.orchestra.run.smithi045.stdout:/usr/bin/ceph: stderr
2024-03-12T05:01:17.188+0000 7fa845b07700 1 --2- 172.21.15.45:0/816715984 >> [v2:172.21.15.45:6800/2524215406,v1:172.21.15.45:6801/2524215406] conn(0x7fa82c03c5a0 0x7fa82c03e990 secure :-1 s=READY pgs=1 cs=0 l=1 rev1=1 crypto rx=0x7fa830003a10 tx=0x7fa8300092b0 comp rx=0 tx=0).ready entity=mgr.14120 client_cookie=0 server_cookie=0 in_seq=0 out_seq=0
2024-03-12T05:01:17.813 INFO:teuthology.orchestra.run.smithi045.stdout:/usr/bin/ceph: stderr
2024-03-12T05:01:17.188+0000 7fa8377fe700 1 -- 172.21.15.45:0/816715984 <== mgr.14120 v2:172.21.15.45:6800/2524215406 1 ==== command_reply(tid 0: 0 ) v1 ==== 8+0+7774 (secure 0 0 0) 0x7fa82c03b880 con 0x7fa82c03c5a0
2024-03-12T05:01:17.813 INFO:teuthology.orchestra.run.smithi045.stdout:/usr/bin/ceph: stderr
2024-03-12T05:01:17.195+0000 7fa84856c700 1 -- 172.21.15.45:0/816715984 --> [v2:172.21.15.45:6800/2524215406,v1:172.21.15.45:6801/2524215406] -- command(tid 1: {"prefix": "mgr_status"}) v1 -- 0x7fa8401083d0 con 0x7fa82c03c5a0
2024-03-12T05:01:17.813 INFO:teuthology.orchestra.run.smithi045.stdout:/usr/bin/ceph: stderr
2024-03-12T05:01:17.195+0000 7fa8377fe700 1 -- 172.21.15.45:0/816715984 <== mgr.14120 v2:172.21.15.45:6800/2524215406 2 ==== command_reply(tid 1: 0 ) v1 ==== 8+0+51 (secure 0 0 0) 0x7fa83000a050 con 0x7fa82c03c5a0
2024-03-12T05:01:17.813 INFO:teuthology.orchestra.run.smithi045.stdout:/usr/bin/ceph: stderr
2024-03-12T05:01:17.196+0000 7fa84856c700 1 -- 172.21.15.45:0/816715984 >> [v2:172.21.15.45:6800/2524215406,v1:172.21.15.45:6801/2524215406] conn(0x7fa82c03c5a0 msgr2=0x7fa82c03e990 secure :-1 s=STATE_CONNECTION_ESTABLISHED l=1).mark_down
2024-03-12T05:01:17.814 INFO:teuthology.orchestra.run.smithi045.stdout:/usr/bin/ceph: stderr
2024-03-12T05:01:17.196+0000 7fa84856c700 1 --2- 172.21.15.45:0/816715984 >> [v2:172.21.15.45:6800/2524215406,v1:172.21.15.45:6801/2524215406] conn(0x7fa82c03c5a0 0x7fa82c03e990 secure :-1 s=READY pgs=1 cs=0 l=1 rev1=1 crypto rx=0x7fa830003a10 tx=0x7fa8300092b0 comp rx=0 tx=0).stop
2024-03-12T05:01:17.814 INFO:teuthology.orchestra.run.smithi045.stdout:/usr/bin/ceph: stderr
2024-03-12T05:01:17.196+0000 7fa84856c700 1 -- 172.21.15.45:0/816715984 >> [v2:172.21.15.45:3300/0,v1:172.21.15.45:6789/0] conn(0x7fa840106360 msgr2=0x7fa840191410 secure :-1 s=STATE_CONNECTION_ESTABLISHED l=1).mark_down
2024-03-12T05:01:17.814 INFO:teuthology.orchestra.run.smithi045.stdout:/usr/bin/ceph: stderr
2024-03-12T05:01:17.196+0000 7fa84856c700 1 --2- 172.21.15.45:0/816715984 >> [v2:172.21.15.45:3300/0,v1:172.21.15.45:6789/0] conn(0x7fa840106360 0x7fa840191410 secure :-1 s=READY pgs=29 cs=0 l=1 rev1=1 crypto rx=0x7fa83c003f40 tx=0x7fa83c011ab0 comp rx=0 tx=0).stop
2024-03-12T05:01:17.814 INFO:teuthology.orchestra.run.smithi045.stdout:/usr/bin/ceph: stderr
2024-03-12T05:01:17.196+0000 7fa84856c700 1 -- 172.21.15.45:0/816715984 shutdown_connections
2024-03-12T05:01:17.814 INFO:teuthology.orchestra.run.smithi045.stdout:/usr/bin/ceph: stderr
2024-03-12T05:01:17.196+0000 7fa84856c700 1 --2- 172.21.15.45:0/816715984 >> [v2:172.21.15.45:6800/2524215406,v1:172.21.15.45:6801/2524215406] conn(0x7fa82c03c5a0 0x7fa82c03e990 unknown :-1 s=CLOSED pgs=1 cs=0 l=1 rev1=1 crypto rx=0 tx=0 comp rx=0 tx=0).stop
2024-03-12T05:01:17.814 INFO:teuthology.orchestra.run.smithi045.stdout:/usr/bin/ceph: stderr
2024-03-12T05:01:17.196+0000 7fa84856c700 1 --2- 172.21.15.45:0/816715984 >> [v2:172.21.15.45:3300/0,v1:172.21.15.45:6789/0] conn(0x7fa840106360 0x7fa840191410 unknown :-1 s=CLOSED pgs=29 cs=0 l=1 rev1=1 crypto rx=0 tx=0 comp rx=0 tx=0).stop
2024-03-12T05:01:17.814 INFO:teuthology.orchestra.run.smithi045.stdout:/usr/bin/ceph: stderr
2024-03-12T05:01:17.196+0000 7fa84856c700 1 --2- 172.21.15.45:0/816715984 >> [v2:172.21.15.45:6800/1305486259,v1:172.21.15.45:6801/1305486259] conn(0x7fa82c038cb0 0x7fa82c03b170 unknown :-1 s=CLOSED pgs=0 cs=0 l=1 rev1=0 crypto rx=0 tx=0 comp rx=0 tx=0).stop
2024-03-12T05:01:17.814 INFO:teuthology.orchestra.run.smithi045.stdout:/usr/bin/ceph: stderr
2024-03-12T05:01:17.196+0000 7fa84856c700 1 -- 172.21.15.45:0/816715984 >> 172.21.15.45:0/816715984 conn(0x7fa840101920 msgr2=0x7fa840102880 unknown :-1 s=STATE_NONE l=0).mark_down
2024-03-12T05:01:17.814 INFO:teuthology.orchestra.run.smithi045.stdout:/usr/bin/ceph: stderr
2024-03-12T05:01:17.196+0000 7fa84856c700 1 -- 172.21.15.45:0/816715984 shutdown_connections
2024-03-12T05:01:17.814 INFO:teuthology.orchestra.run.smithi045.stdout:/usr/bin/ceph: stderr
2024-03-12T05:01:17.196+0000 7fa84856c700 1 -- 172.21.15.45:0/816715984 wait complete.
2024-03-12T05:01:17.814 INFO:teuthology.orchestra.run.smithi045.stdout:mgr epoch 5 is available
2024-03-12T05:01:17.814 INFO:teuthology.orchestra.run.smithi045.stdout:Setting orchestrator backend to cephadm...
2024-03-12T05:01:18.946 INFO:teuthology.orchestra.run.smithi045.stdout:/usr/bin/ceph: stderr
2024-03-12T05:01:18.219+0000 7fb5ed26e700 1 Processor -- start
2024-03-12T05:01:18.946 INFO:teuthology.orchestra.run.smithi045.stdout:/usr/bin/ceph: stderr
2024-03-12T05:01:18.219+0000 7fb5ed26e700 1 -- start start
2024-03-12T05:01:18.946 INFO:teuthology.orchestra.run.smithi045.stdout:/usr/bin/ceph: stderr
2024-03-12T05:01:18.219+0000 7fb5ed26e700 1 --2- >> [v2:172.21.15.45:3300/0,v1:172.21.15.45:6789/0] conn(0x7fb5e8107fc0 0x7fb5e810a3b0 unknown :-1 s=NONE pgs=0 cs=0 l=0 rev1=0 crypto rx=0 tx=0 comp rx=0 tx=0).connect
2024-03-12T05:01:18.946 INFO:teuthology.orchestra.run.smithi045.stdout:/usr/bin/ceph: stderr
2024-03-12T05:01:18.219+0000 7fb5ed26e700 1 -- --> [v2:172.21.15.45:3300/0,v1:172.21.15.45:6789/0] -- mon_getmap magic: 0 v1 -- 0x7fb5e807ae20 con 0x7fb5e8107fc0
2024-03-12T05:01:18.946 INFO:teuthology.orchestra.run.smithi045.stdout:/usr/bin/ceph: stderr
2024-03-12T05:01:18.220+0000 7fb5e6ffd700 1 --2- >> [v2:172.21.15.45:3300/0,v1:172.21.15.45:6789/0] conn(0x7fb5e8107fc0 0x7fb5e810a3b0 unknown :-1 s=BANNER_CONNECTING pgs=0 cs=0 l=0 rev1=0 crypto rx=0 tx=0 comp rx=0 tx=0)._handle_peer_banner_payload supported=3 required=0
2024-03-12T05:01:18.946 INFO:teuthology.orchestra.run.smithi045.stdout:/usr/bin/ceph: stderr
2024-03-12T05:01:18.220+0000 7fb5e6ffd700 1 --2- >> [v2:172.21.15.45:3300/0,v1:172.21.15.45:6789/0] conn(0x7fb5e8107fc0 0x7fb5e810a3b0 unknown :-1 s=HELLO_CONNECTING pgs=0 cs=0 l=0 rev1=1 crypto rx=0 tx=0 comp rx=0 tx=0).handle_hello peer v2:172.21.15.45:3300/0 says I am v2:172.21.15.45:51018/0 (socket says 172.21.15.45:51018)
2024-03-12T05:01:18.947 INFO:teuthology.orchestra.run.smithi045.stdout:/usr/bin/ceph: stderr
2024-03-12T05:01:18.220+0000 7fb5e6ffd700 1 -- 172.21.15.45:0/826093695 learned_addr learned my addr 172.21.15.45:0/826093695 (peer_addr_for_me v2:172.21.15.45:0/0)
2024-03-12T05:01:18.947 INFO:teuthology.orchestra.run.smithi045.stdout:/usr/bin/ceph: stderr
2024-03-12T05:01:18.220+0000 7fb5e6ffd700 1 -- 172.21.15.45:0/826093695 --> [v2:172.21.15.45:3300/0,v1:172.21.15.45:6789/0] -- mon_subscribe({config=0+,monmap=0+}) v3 -- 0x7fb5e810a8f0 con 0x7fb5e8107fc0
2024-03-12T05:01:18.947 INFO:teuthology.orchestra.run.smithi045.stdout:/usr/bin/ceph: stderr
2024-03-12T05:01:18.220+0000 7fb5e6ffd700 1 --2- 172.21.15.45:0/826093695 >> [v2:172.21.15.45:3300/0,v1:172.21.15.45:6789/0] conn(0x7fb5e8107fc0 0x7fb5e810a3b0 secure :-1 s=READY pgs=37 cs=0 l=1 rev1=1 crypto rx=0x7fb5e0009e80 tx=0x7fb5e000b330 comp rx=0 tx=0).ready entity=mon.0 client_cookie=b406695651c47c5b server_cookie=0 in_seq=0 out_seq=0
2024-03-12T05:01:18.947 INFO:teuthology.orchestra.run.smithi045.stdout:/usr/bin/ceph: stderr
2024-03-12T05:01:18.220+0000 7fb5e5ffb700 1 -- 172.21.15.45:0/826093695 <== mon.0 v2:172.21.15.45:3300/0 1 ==== mon_map magic: 0 v1 ==== 205+0+0 (secure 0 0 0) 0x7fb5e000e070 con 0x7fb5e8107fc0
2024-03-12T05:01:18.947 INFO:teuthology.orchestra.run.smithi045.stdout:/usr/bin/ceph: stderr
2024-03-12T05:01:18.220+0000 7fb5e5ffb700 1 -- 172.21.15.45:0/826093695 <== mon.0 v2:172.21.15.45:3300/0 2 ==== config(26 keys) v1 ==== 1071+0+0 (secure 0 0 0) 0x7fb5e000b8c0 con 0x7fb5e8107fc0
2024-03-12T05:01:18.947 INFO:teuthology.orchestra.run.smithi045.stdout:/usr/bin/ceph: stderr
2024-03-12T05:01:18.220+0000 7fb5e5ffb700 1 -- 172.21.15.45:0/826093695 <== mon.0 v2:172.21.15.45:3300/0 3 ==== mon_map magic: 0 v1 ==== 205+0+0 (secure 0 0 0) 0x7fb5e00044b0 con 0x7fb5e8107fc0
2024-03-12T05:01:18.947 INFO:teuthology.orchestra.run.smithi045.stdout:/usr/bin/ceph: stderr
2024-03-12T05:01:18.221+0000 7fb5ed26e700 1 -- 172.21.15.45:0/826093695 >> [v2:172.21.15.45:3300/0,v1:172.21.15.45:6789/0] conn(0x7fb5e8107fc0 msgr2=0x7fb5e810a3b0 secure :-1 s=STATE_CONNECTION_ESTABLISHED l=1).mark_down
2024-03-12T05:01:18.947 INFO:teuthology.orchestra.run.smithi045.stdout:/usr/bin/ceph: stderr
2024-03-12T05:01:18.221+0000 7fb5ed26e700 1 --2- 172.21.15.45:0/826093695 >> [v2:172.21.15.45:3300/0,v1:172.21.15.45:6789/0] conn(0x7fb5e8107fc0 0x7fb5e810a3b0 secure :-1 s=READY pgs=37 cs=0 l=1 rev1=1 crypto rx=0x7fb5e0009e80 tx=0x7fb5e000b330 comp rx=0 tx=0).stop
2024-03-12T05:01:18.947 INFO:teuthology.orchestra.run.smithi045.stdout:/usr/bin/ceph: stderr
2024-03-12T05:01:18.221+0000 7fb5ed26e700 1 -- 172.21.15.45:0/826093695 shutdown_connections
2024-03-12T05:01:18.947 INFO:teuthology.orchestra.run.smithi045.stdout:/usr/bin/ceph: stderr
2024-03-12T05:01:18.221+0000 7fb5ed26e700 1 --2- 172.21.15.45:0/826093695 >> [v2:172.21.15.45:3300/0,v1:172.21.15.45:6789/0] conn(0x7fb5e8107fc0 0x7fb5e810a3b0 unknown :-1 s=CLOSED pgs=37 cs=0 l=1 rev1=1 crypto rx=0 tx=0 comp rx=0 tx=0).stop
2024-03-12T05:01:18.947 INFO:teuthology.orchestra.run.smithi045.stdout:/usr/bin/ceph: stderr
2024-03-12T05:01:18.221+0000 7fb5ed26e700 1 -- 172.21.15.45:0/826093695 >> 172.21.15.45:0/826093695 conn(0x7fb5e8101990 msgr2=0x7fb5e8103db0 unknown :-1 s=STATE_NONE l=0).mark_down
2024-03-12T05:01:18.947 INFO:teuthology.orchestra.run.smithi045.stdout:/usr/bin/ceph: stderr
2024-03-12T05:01:18.221+0000 7fb5ed26e700 1 -- 172.21.15.45:0/826093695 shutdown_connections
2024-03-12T05:01:18.947 INFO:teuthology.orchestra.run.smithi045.stdout:/usr/bin/ceph: stderr
2024-03-12T05:01:18.221+0000 7fb5ed26e700 1 -- 172.21.15.45:0/826093695 wait complete.
2024-03-12T05:01:18.947 INFO:teuthology.orchestra.run.smithi045.stdout:/usr/bin/ceph: stderr
2024-03-12T05:01:18.221+0000 7fb5ed26e700 1 Processor -- start
2024-03-12T05:01:18.947 INFO:teuthology.orchestra.run.smithi045.stdout:/usr/bin/ceph: stderr
2024-03-12T05:01:18.222+0000 7fb5ed26e700 1 -- start start
2024-03-12T05:01:18.947 INFO:teuthology.orchestra.run.smithi045.stdout:/usr/bin/ceph: stderr
2024-03-12T05:01:18.222+0000 7fb5ed26e700 1 --2- >> [v2:172.21.15.45:3300/0,v1:172.21.15.45:6789/0] conn(0x7fb5e8107fc0 0x7fb5e819b130 unknown :-1 s=NONE pgs=0 cs=0 l=1 rev1=0 crypto rx=0 tx=0 comp rx=0 tx=0).connect
2024-03-12T05:01:18.948 INFO:teuthology.orchestra.run.smithi045.stdout:/usr/bin/ceph: stderr
2024-03-12T05:01:18.222+0000 7fb5ed26e700 1 -- --> [v2:172.21.15.45:3300/0,v1:172.21.15.45:6789/0] -- mon_getmap magic: 0 v1 -- 0x7fb5e819b670 con 0x7fb5e8107fc0
2024-03-12T05:01:18.948 INFO:teuthology.orchestra.run.smithi045.stdout:/usr/bin/ceph: stderr
2024-03-12T05:01:18.222+0000 7fb5e6ffd700 1 --2- >> [v2:172.21.15.45:3300/0,v1:172.21.15.45:6789/0] conn(0x7fb5e8107fc0 0x7fb5e819b130 unknown :-1 s=BANNER_CONNECTING pgs=0 cs=0 l=1 rev1=0 crypto rx=0 tx=0 comp rx=0 tx=0)._handle_peer_banner_payload supported=3 required=0
2024-03-12T05:01:18.948 INFO:teuthology.orchestra.run.smithi045.stdout:/usr/bin/ceph: stderr
2024-03-12T05:01:18.222+0000 7fb5e6ffd700 1 --2- >> [v2:172.21.15.45:3300/0,v1:172.21.15.45:6789/0] conn(0x7fb5e8107fc0 0x7fb5e819b130 unknown :-1 s=HELLO_CONNECTING pgs=0 cs=0 l=1 rev1=1 crypto rx=0 tx=0 comp rx=0 tx=0).handle_hello peer v2:172.21.15.45:3300/0 says I am v2:172.21.15.45:51026/0 (socket says 172.21.15.45:51026)
2024-03-12T05:01:18.948 INFO:teuthology.orchestra.run.smithi045.stdout:/usr/bin/ceph: stderr
2024-03-12T05:01:18.222+0000 7fb5e6ffd700 1 -- 172.21.15.45:0/1612526835 learned_addr learned my addr 172.21.15.45:0/1612526835 (peer_addr_for_me v2:172.21.15.45:0/0)
2024-03-12T05:01:18.948 INFO:teuthology.orchestra.run.smithi045.stdout:/usr/bin/ceph: stderr
2024-03-12T05:01:18.222+0000 7fb5e6ffd700 1 -- 172.21.15.45:0/1612526835 --> [v2:172.21.15.45:3300/0,v1:172.21.15.45:6789/0] -- mon_subscribe({config=0+,monmap=0+}) v3 -- 0x7fb5e0009b30 con 0x7fb5e8107fc0
2024-03-12T05:01:18.948 INFO:teuthology.orchestra.run.smithi045.stdout:/usr/bin/ceph: stderr
2024-03-12T05:01:18.222+0000 7fb5e6ffd700 1 --2- 172.21.15.45:0/1612526835 >> [v2:172.21.15.45:3300/0,v1:172.21.15.45:6789/0] conn(0x7fb5e8107fc0 0x7fb5e819b130 secure :-1 s=READY pgs=38 cs=0 l=1 rev1=1 crypto rx=0x7fb5e0004070 tx=0x7fb5e00093c0 comp rx=0 tx=0).ready entity=mon.0 client_cookie=0 server_cookie=0 in_seq=0 out_seq=0
2024-03-12T05:01:18.948 INFO:teuthology.orchestra.run.smithi045.stdout:/usr/bin/ceph: stderr
2024-03-12T05:01:18.223+0000 7fb5dffff700 1 -- 172.21.15.45:0/1612526835 <== mon.0 v2:172.21.15.45:3300/0 1 ==== mon_map magic: 0 v1 ==== 205+0+0 (secure 0 0 0) 0x7fb5e000e040 con 0x7fb5e8107fc0
2024-03-12T05:01:18.948 INFO:teuthology.orchestra.run.smithi045.stdout:/usr/bin/ceph: stderr
2024-03-12T05:01:18.223+0000 7fb5dffff700 1 -- 172.21.15.45:0/1612526835 <== mon.0 v2:172.21.15.45:3300/0 2 ==== config(26 keys) v1 ==== 1071+0+0 (secure 0 0 0) 0x7fb5e000bd70 con 0x7fb5e8107fc0
2024-03-12T05:01:18.948 INFO:teuthology.orchestra.run.smithi045.stdout:/usr/bin/ceph: stderr
2024-03-12T05:01:18.223+0000 7fb5ed26e700 1 -- 172.21.15.45:0/1612526835 --> [v2:172.21.15.45:3300/0,v1:172.21.15.45:6789/0] -- mon_subscribe({mgrmap=0+}) v3 -- 0x7fb5e819b870 con 0x7fb5e8107fc0
2024-03-12T05:01:18.948 INFO:teuthology.orchestra.run.smithi045.stdout:/usr/bin/ceph: stderr
2024-03-12T05:01:18.223+0000 7fb5dffff700 1 -- 172.21.15.45:0/1612526835 <== mon.0 v2:172.21.15.45:3300/0 3 ==== mon_map magic: 0 v1 ==== 205+0+0 (secure 0 0 0) 0x7fb5e001c7a0 con 0x7fb5e8107fc0
2024-03-12T05:01:18.948 INFO:teuthology.orchestra.run.smithi045.stdout:/usr/bin/ceph: stderr
2024-03-12T05:01:18.223+0000 7fb5ed26e700 1 -- 172.21.15.45:0/1612526835 --> [v2:172.21.15.45:3300/0,v1:172.21.15.45:6789/0] -- mon_subscribe({osdmap=0}) v3 -- 0x7fb5e819bd70 con 0x7fb5e8107fc0
2024-03-12T05:01:18.948 INFO:teuthology.orchestra.run.smithi045.stdout:/usr/bin/ceph: stderr
2024-03-12T05:01:18.223+0000 7fb5dffff700 1 -- 172.21.15.45:0/1612526835 <== mon.0 v2:172.21.15.45:3300/0 4 ==== mgrmap(e 7) v1 ==== 45663+0+0 (secure 0 0 0) 0x7fb5e001c990 con 0x7fb5e8107fc0
2024-03-12T05:01:18.948 INFO:teuthology.orchestra.run.smithi045.stdout:/usr/bin/ceph: stderr
2024-03-12T05:01:18.224+0000 7fb5ed26e700 1 -- 172.21.15.45:0/1612526835 --> [v2:172.21.15.45:3300/0,v1:172.21.15.45:6789/0] -- mon_command({"prefix": "get_command_descriptions"} v 0) v1 -- 0x7fb5e810b640 con 0x7fb5e8107fc0
2024-03-12T05:01:18.948 INFO:teuthology.orchestra.run.smithi045.stdout:/usr/bin/ceph: stderr
2024-03-12T05:01:18.224+0000 7fb5dffff700 1 --2- 172.21.15.45:0/1612526835 >> [v2:172.21.15.45:6800/2524215406,v1:172.21.15.45:6801/2524215406] conn(0x7fb5d4038ba0 0x7fb5d403b060 unknown :-1 s=NONE pgs=0 cs=0 l=1 rev1=0 crypto rx=0 tx=0 comp rx=0 tx=0).connect
2024-03-12T05:01:18.948 INFO:teuthology.orchestra.run.smithi045.stdout:/usr/bin/ceph: stderr
2024-03-12T05:01:18.224+0000 7fb5dffff700 1 -- 172.21.15.45:0/1612526835 <== mon.0 v2:172.21.15.45:3300/0 5 ==== osd_map(2..2 src has 1..2) v4 ==== 940+0+0 (secure 0 0 0) 0x7fb5e004cdb0 con 0x7fb5e8107fc0
2024-03-12T05:01:18.948 INFO:teuthology.orchestra.run.smithi045.stdout:/usr/bin/ceph: stderr
2024-03-12T05:01:18.224+0000 7fb5e67fc700 1 --2- 172.21.15.45:0/1612526835 >> [v2:172.21.15.45:6800/2524215406,v1:172.21.15.45:6801/2524215406] conn(0x7fb5d4038ba0 0x7fb5d403b060 unknown :-1 s=BANNER_CONNECTING pgs=0 cs=0 l=1 rev1=0 crypto rx=0 tx=0 comp rx=0 tx=0)._handle_peer_banner_payload supported=3 required=0
2024-03-12T05:01:18.948 INFO:teuthology.orchestra.run.smithi045.stdout:/usr/bin/ceph: stderr
2024-03-12T05:01:18.224+0000 7fb5e67fc700 1 --2- 172.21.15.45:0/1612526835 >> [v2:172.21.15.45:6800/2524215406,v1:172.21.15.45:6801/2524215406] conn(0x7fb5d4038ba0 0x7fb5d403b060 secure :-1 s=READY pgs=7 cs=0 l=1 rev1=1 crypto rx=0x7fb5d0006fd0 tx=0x7fb5d0006e40 comp rx=0 tx=0).ready entity=mgr.14120 client_cookie=0 server_cookie=0 in_seq=0 out_seq=0
2024-03-12T05:01:18.949 INFO:teuthology.orchestra.run.smithi045.stdout:/usr/bin/ceph: stderr
2024-03-12T05:01:18.229+0000 7fb5dffff700 1 -- 172.21.15.45:0/1612526835 <== mon.0 v2:172.21.15.45:3300/0 6 ==== mon_command_ack([{"prefix": "get_command_descriptions"}]=0 v0) v1 ==== 72+0+183564 (secure 0 0 0) 0x7fb5e0011980 con 0x7fb5e8107fc0
2024-03-12T05:01:18.949 INFO:teuthology.orchestra.run.smithi045.stdout:/usr/bin/ceph: stderr
2024-03-12T05:01:18.237+0000 7fb5dffff700 1 -- 172.21.15.45:0/1612526835 <== mon.0 v2:172.21.15.45:3300/0 7 ==== mgrmap(e 8) v1 ==== 45769+0+0 (secure 0 0 0) 0x7fb5e0012be0 con 0x7fb5e8107fc0
2024-03-12T05:01:18.949 INFO:teuthology.orchestra.run.smithi045.stdout:/usr/bin/ceph: stderr
2024-03-12T05:01:18.448+0000 7fb5ed26e700 1 -- 172.21.15.45:0/1612526835 --> [v2:172.21.15.45:6800/2524215406,v1:172.21.15.45:6801/2524215406] -- mgr_command(tid 0: {"prefix": "orch set backend", "module_name": "cephadm", "target": ["mon-mgr", ""]}) v1 -- 0x7fb5e8102aa0 con 0x7fb5d4038ba0
2024-03-12T05:01:18.949 INFO:teuthology.orchestra.run.smithi045.stdout:/usr/bin/ceph: stderr
2024-03-12T05:01:18.453+0000 7fb5dffff700 1 -- 172.21.15.45:0/1612526835 <== mgr.14120 v2:172.21.15.45:6800/2524215406 1 ==== mgr_command_reply(tid 0: 0 ) v1 ==== 8+0+0 (secure 0 0 0) 0x7fb5e8102aa0 con 0x7fb5d4038ba0
2024-03-12T05:01:18.949 INFO:teuthology.orchestra.run.smithi045.stdout:/usr/bin/ceph: stderr
2024-03-12T05:01:18.455+0000 7fb5ed26e700 1 -- 172.21.15.45:0/1612526835 >> [v2:172.21.15.45:6800/2524215406,v1:172.21.15.45:6801/2524215406] conn(0x7fb5d4038ba0 msgr2=0x7fb5d403b060 secure :-1 s=STATE_CONNECTION_ESTABLISHED l=1).mark_down
2024-03-12T05:01:18.949 INFO:teuthology.orchestra.run.smithi045.stdout:/usr/bin/ceph: stderr
2024-03-12T05:01:18.455+0000 7fb5ed26e700 1 --2- 172.21.15.45:0/1612526835 >> [v2:172.21.15.45:6800/2524215406,v1:172.21.15.45:6801/2524215406] conn(0x7fb5d4038ba0 0x7fb5d403b060 secure :-1 s=READY pgs=7 cs=0 l=1 rev1=1 crypto rx=0x7fb5d0006fd0 tx=0x7fb5d0006e40 comp rx=0 tx=0).stop
2024-03-12T05:01:18.949 INFO:teuthology.orchestra.run.smithi045.stdout:/usr/bin/ceph: stderr
2024-03-12T05:01:18.455+0000 7fb5ed26e700 1 -- 172.21.15.45:0/1612526835 >> [v2:172.21.15.45:3300/0,v1:172.21.15.45:6789/0] conn(0x7fb5e8107fc0 msgr2=0x7fb5e819b130 secure :-1 s=STATE_CONNECTION_ESTABLISHED l=1).mark_down
2024-03-12T05:01:18.949 INFO:teuthology.orchestra.run.smithi045.stdout:/usr/bin/ceph: stderr
2024-03-12T05:01:18.455+0000 7fb5ed26e700 1 --2- 172.21.15.45:0/1612526835 >> [v2:172.21.15.45:3300/0,v1:172.21.15.45:6789/0] conn(0x7fb5e8107fc0 0x7fb5e819b130 secure :-1 s=READY pgs=38 cs=0 l=1 rev1=1 crypto rx=0x7fb5e0004070 tx=0x7fb5e00093c0 comp rx=0 tx=0).stop
2024-03-12T05:01:18.949 INFO:teuthology.orchestra.run.smithi045.stdout:/usr/bin/ceph: stderr
2024-03-12T05:01:18.455+0000 7fb5ed26e700 1 -- 172.21.15.45:0/1612526835 shutdown_connections
2024-03-12T05:01:18.949 INFO:teuthology.orchestra.run.smithi045.stdout:/usr/bin/ceph: stderr
2024-03-12T05:01:18.455+0000 7fb5ed26e700 1 --2- 172.21.15.45:0/1612526835 >> [v2:172.21.15.45:6800/2524215406,v1:172.21.15.45:6801/2524215406] conn(0x7fb5d4038ba0 0x7fb5d403b060 unknown :-1 s=CLOSED pgs=7 cs=0 l=1 rev1=1 crypto rx=0 tx=0 comp rx=0 tx=0).stop
2024-03-12T05:01:18.949 INFO:teuthology.orchestra.run.smithi045.stdout:/usr/bin/ceph: stderr
2024-03-12T05:01:18.455+0000 7fb5ed26e700 1 --2- 172.21.15.45:0/1612526835 >> [v2:172.21.15.45:3300/0,v1:172.21.15.45:6789/0] conn(0x7fb5e8107fc0 0x7fb5e819b130 unknown :-1 s=CLOSED pgs=38 cs=0 l=1 rev1=1 crypto rx=0 tx=0 comp rx=0 tx=0).stop
2024-03-12T05:01:18.949 INFO:teuthology.orchestra.run.smithi045.stdout:/usr/bin/ceph: stderr
2024-03-12T05:01:18.455+0000 7fb5ed26e700 1 -- 172.21.15.45:0/1612526835 >> 172.21.15.45:0/1612526835 conn(0x7fb5e8101990 msgr2=0x7fb5e8102390 unknown :-1 s=STATE_NONE l=0).mark_down
2024-03-12T05:01:18.949 INFO:teuthology.orchestra.run.smithi045.stdout:/usr/bin/ceph: stderr
2024-03-12T05:01:18.455+0000 7fb5ed26e700 1 -- 172.21.15.45:0/1612526835 shutdown_connections
2024-03-12T05:01:18.949 INFO:teuthology.orchestra.run.smithi045.stdout:/usr/bin/ceph: stderr
2024-03-12T05:01:18.455+0000 7fb5ed26e700 1 -- 172.21.15.45:0/1612526835 wait complete.
2024-03-12T05:01:19.329 INFO:journalctl@ceph.mon.a.smithi045.stdout:Mar 12 05:01:19 smithi045 ceph-mon[32174]: mgrmap e8: x(active, since 2s)
2024-03-12T05:01:19.330 INFO:journalctl@ceph.mon.a.smithi045.stdout:Mar 12 05:01:19 smithi045 ceph-mon[32174]: from='client.14132 -' entity='client.admin' cmd=[{"prefix": "orch set backend", "module_name": "cephadm", "target": ["mon-mgr", ""]}]: dispatch
2024-03-12T05:01:19.330 INFO:journalctl@ceph.mon.a.smithi045.stdout:Mar 12 05:01:19 smithi045 ceph-mon[32174]: from='mgr.14120 172.21.15.45:0/1754983275' entity='mgr.x'
2024-03-12T05:01:19.330 INFO:journalctl@ceph.mon.a.smithi045.stdout:Mar 12 05:01:19 smithi045 ceph-mon[32174]: from='mgr.14120 172.21.15.45:0/1754983275' entity='mgr.x' cmd=[{"prefix": "config dump", "format": "json"}]: dispatch
2024-03-12T05:01:20.079 INFO:teuthology.orchestra.run.smithi045.stdout:/usr/bin/ceph: stdout value unchanged
2024-03-12T05:01:20.079 INFO:teuthology.orchestra.run.smithi045.stdout:/usr/bin/ceph: stderr
2024-03-12T05:01:19.326+0000 7f2646ac3700 1 Processor -- start
2024-03-12T05:01:20.079 INFO:teuthology.orchestra.run.smithi045.stdout:/usr/bin/ceph: stderr
2024-03-12T05:01:19.326+0000 7f2646ac3700 1 -- start start
2024-03-12T05:01:20.079 INFO:teuthology.orchestra.run.smithi045.stdout:/usr/bin/ceph: stderr
2024-03-12T05:01:19.326+0000 7f2646ac3700 1 --2- >> [v2:172.21.15.45:3300/0,v1:172.21.15.45:6789/0] conn(0x7f264007ce30 0x7f264007b330 unknown :-1 s=NONE pgs=0 cs=0 l=0 rev1=0 crypto rx=0 tx=0 comp rx=0 tx=0).connect
2024-03-12T05:01:20.079 INFO:teuthology.orchestra.run.smithi045.stdout:/usr/bin/ceph: stderr
2024-03-12T05:01:19.326+0000 7f2646ac3700 1 -- --> [v2:172.21.15.45:3300/0,v1:172.21.15.45:6789/0] -- mon_getmap magic: 0 v1 -- 0x7f264007b870 con 0x7f264007ce30
2024-03-12T05:01:20.079 INFO:teuthology.orchestra.run.smithi045.stdout:/usr/bin/ceph: stderr
2024-03-12T05:01:19.327+0000 7f264485f700 1 --2- >> [v2:172.21.15.45:3300/0,v1:172.21.15.45:6789/0] conn(0x7f264007ce30 0x7f264007b330 unknown :-1 s=BANNER_CONNECTING pgs=0 cs=0 l=0 rev1=0 crypto rx=0 tx=0 comp rx=0 tx=0)._handle_peer_banner_payload supported=3 required=0
2024-03-12T05:01:20.079 INFO:teuthology.orchestra.run.smithi045.stdout:/usr/bin/ceph: stderr
2024-03-12T05:01:19.327+0000 7f264485f700 1 --2- >> [v2:172.21.15.45:3300/0,v1:172.21.15.45:6789/0] conn(0x7f264007ce30 0x7f264007b330 unknown :-1 s=HELLO_CONNECTING pgs=0 cs=0 l=0 rev1=1 crypto rx=0 tx=0 comp rx=0 tx=0).handle_hello peer v2:172.21.15.45:3300/0 says I am v2:172.21.15.45:51030/0 (socket says 172.21.15.45:51030)
2024-03-12T05:01:20.079 INFO:teuthology.orchestra.run.smithi045.stdout:/usr/bin/ceph: stderr
2024-03-12T05:01:19.327+0000 7f264485f700 1 -- 172.21.15.45:0/2456057442 learned_addr learned my addr 172.21.15.45:0/2456057442 (peer_addr_for_me v2:172.21.15.45:0/0)
2024-03-12T05:01:20.079 INFO:teuthology.orchestra.run.smithi045.stdout:/usr/bin/ceph: stderr
2024-03-12T05:01:19.327+0000 7f264485f700 1 -- 172.21.15.45:0/2456057442 --> [v2:172.21.15.45:3300/0,v1:172.21.15.45:6789/0] -- mon_subscribe({config=0+,monmap=0+}) v3 -- 0x7f264007b9b0 con 0x7f264007ce30
2024-03-12T05:01:20.079 INFO:teuthology.orchestra.run.smithi045.stdout:/usr/bin/ceph: stderr
2024-03-12T05:01:19.327+0000 7f264485f700 1 --2- 172.21.15.45:0/2456057442 >> [v2:172.21.15.45:3300/0,v1:172.21.15.45:6789/0] conn(0x7f264007ce30 0x7f264007b330 secure :-1 s=READY pgs=39 cs=0 l=1 rev1=1 crypto rx=0x7f2638009e80 tx=0x7f263800b330 comp rx=0 tx=0).ready entity=mon.0 client_cookie=d188774be681c763 server_cookie=0 in_seq=0 out_seq=0
2024-03-12T05:01:20.080 INFO:teuthology.orchestra.run.smithi045.stdout:/usr/bin/ceph: stderr
2024-03-12T05:01:19.327+0000 7f263f7fe700 1 -- 172.21.15.45:0/2456057442 <== mon.0 v2:172.21.15.45:3300/0 1 ==== mon_map magic: 0 v1 ==== 205+0+0 (secure 0 0 0) 0x7f263800e070 con 0x7f264007ce30
2024-03-12T05:01:20.080 INFO:teuthology.orchestra.run.smithi045.stdout:/usr/bin/ceph: stderr
2024-03-12T05:01:19.327+0000 7f263f7fe700 1 -- 172.21.15.45:0/2456057442 <== mon.0 v2:172.21.15.45:3300/0 2 ==== config(26 keys) v1 ==== 1071+0+0 (secure 0 0 0) 0x7f263800b8c0 con 0x7f264007ce30
2024-03-12T05:01:20.080 INFO:teuthology.orchestra.run.smithi045.stdout:/usr/bin/ceph: stderr
2024-03-12T05:01:19.327+0000 7f263f7fe700 1 -- 172.21.15.45:0/2456057442 <== mon.0 v2:172.21.15.45:3300/0 3 ==== mon_map magic: 0 v1 ==== 205+0+0 (secure 0 0 0) 0x7f26380044b0 con 0x7f264007ce30
2024-03-12T05:01:20.080 INFO:teuthology.orchestra.run.smithi045.stdout:/usr/bin/ceph: stderr
2024-03-12T05:01:19.328+0000 7f2646ac3700 1 -- 172.21.15.45:0/2456057442 >> [v2:172.21.15.45:3300/0,v1:172.21.15.45:6789/0] conn(0x7f264007ce30 msgr2=0x7f264007b330 secure :-1 s=STATE_CONNECTION_ESTABLISHED l=1).mark_down
2024-03-12T05:01:20.080 INFO:teuthology.orchestra.run.smithi045.stdout:/usr/bin/ceph: stderr
2024-03-12T05:01:19.328+0000 7f2646ac3700 1 --2- 172.21.15.45:0/2456057442 >> [v2:172.21.15.45:3300/0,v1:172.21.15.45:6789/0] conn(0x7f264007ce30 0x7f264007b330 secure :-1 s=READY pgs=39 cs=0 l=1 rev1=1 crypto rx=0x7f2638009e80 tx=0x7f263800b330 comp rx=0 tx=0).stop
2024-03-12T05:01:20.080 INFO:teuthology.orchestra.run.smithi045.stdout:/usr/bin/ceph: stderr
2024-03-12T05:01:19.328+0000 7f2646ac3700 1 -- 172.21.15.45:0/2456057442 shutdown_connections
2024-03-12T05:01:20.080 INFO:teuthology.orchestra.run.smithi045.stdout:/usr/bin/ceph: stderr
2024-03-12T05:01:19.328+0000 7f2646ac3700 1 --2- 172.21.15.45:0/2456057442 >> [v2:172.21.15.45:3300/0,v1:172.21.15.45:6789/0] conn(0x7f264007ce30 0x7f264007b330 unknown :-1 s=CLOSED pgs=39 cs=0 l=1 rev1=1 crypto rx=0 tx=0 comp rx=0 tx=0).stop
2024-03-12T05:01:20.080 INFO:teuthology.orchestra.run.smithi045.stdout:/usr/bin/ceph: stderr
2024-03-12T05:01:19.328+0000 7f2646ac3700 1 -- 172.21.15.45:0/2456057442 >> 172.21.15.45:0/2456057442 conn(0x7f2640102ac0 msgr2=0x7f2640104ee0 unknown :-1 s=STATE_NONE l=0).mark_down
2024-03-12T05:01:20.080 INFO:teuthology.orchestra.run.smithi045.stdout:/usr/bin/ceph: stderr
2024-03-12T05:01:19.328+0000 7f2646ac3700 1 -- 172.21.15.45:0/2456057442 shutdown_connections
2024-03-12T05:01:20.080 INFO:teuthology.orchestra.run.smithi045.stdout:/usr/bin/ceph: stderr
2024-03-12T05:01:19.328+0000 7f2646ac3700 1 -- 172.21.15.45:0/2456057442 wait complete.
2024-03-12T05:01:20.080 INFO:teuthology.orchestra.run.smithi045.stdout:/usr/bin/ceph: stderr
2024-03-12T05:01:19.329+0000 7f2646ac3700 1 Processor -- start
2024-03-12T05:01:20.080 INFO:teuthology.orchestra.run.smithi045.stdout:/usr/bin/ceph: stderr
2024-03-12T05:01:19.329+0000 7f2646ac3700 1 -- start start
2024-03-12T05:01:20.080 INFO:teuthology.orchestra.run.smithi045.stdout:/usr/bin/ceph: stderr
2024-03-12T05:01:19.329+0000 7f2646ac3700 1 --2- >> [v2:172.21.15.45:3300/0,v1:172.21.15.45:6789/0] conn(0x7f264007ce30 0x7f264019d3c0 unknown :-1 s=NONE pgs=0 cs=0 l=1 rev1=0 crypto rx=0 tx=0 comp rx=0 tx=0).connect
2024-03-12T05:01:20.080 INFO:teuthology.orchestra.run.smithi045.stdout:/usr/bin/ceph: stderr
2024-03-12T05:01:19.329+0000 7f2646ac3700 1 -- --> [v2:172.21.15.45:3300/0,v1:172.21.15.45:6789/0] -- mon_getmap magic: 0 v1 -- 0x7f264019d900 con 0x7f264007ce30
2024-03-12T05:01:20.080 INFO:teuthology.orchestra.run.smithi045.stdout:/usr/bin/ceph: stderr
2024-03-12T05:01:19.329+0000 7f264485f700 1 --2- >> [v2:172.21.15.45:3300/0,v1:172.21.15.45:6789/0] conn(0x7f264007ce30 0x7f264019d3c0 unknown :-1 s=BANNER_CONNECTING pgs=0 cs=0 l=1 rev1=0 crypto rx=0 tx=0 comp rx=0 tx=0)._handle_peer_banner_payload supported=3 required=0
2024-03-12T05:01:20.081 INFO:teuthology.orchestra.run.smithi045.stdout:/usr/bin/ceph: stderr
2024-03-12T05:01:19.329+0000 7f264485f700 1 --2- >> [v2:172.21.15.45:3300/0,v1:172.21.15.45:6789/0] conn(0x7f264007ce30 0x7f264019d3c0 unknown :-1 s=HELLO_CONNECTING pgs=0 cs=0 l=1 rev1=1 crypto rx=0 tx=0 comp rx=0 tx=0).handle_hello peer v2:172.21.15.45:3300/0 says I am v2:172.21.15.45:51046/0 (socket says 172.21.15.45:51046)
2024-03-12T05:01:20.081 INFO:teuthology.orchestra.run.smithi045.stdout:/usr/bin/ceph: stderr
2024-03-12T05:01:19.329+0000 7f264485f700 1 -- 172.21.15.45:0/2654001849 learned_addr learned my addr 172.21.15.45:0/2654001849 (peer_addr_for_me v2:172.21.15.45:0/0)
2024-03-12T05:01:20.081 INFO:teuthology.orchestra.run.smithi045.stdout:/usr/bin/ceph: stderr
2024-03-12T05:01:19.329+0000 7f264485f700 1 -- 172.21.15.45:0/2654001849 --> [v2:172.21.15.45:3300/0,v1:172.21.15.45:6789/0] -- mon_subscribe({config=0+,monmap=0+}) v3 -- 0x7f2638009b30 con 0x7f264007ce30
2024-03-12T05:01:20.081 INFO:teuthology.orchestra.run.smithi045.stdout:/usr/bin/ceph: stderr
2024-03-12T05:01:19.329+0000 7f264485f700 1 --2- 172.21.15.45:0/2654001849 >> [v2:172.21.15.45:3300/0,v1:172.21.15.45:6789/0] conn(0x7f264007ce30 0x7f264019d3c0 secure :-1 s=READY pgs=40 cs=0 l=1 rev1=1 crypto rx=0x7f2638004240 tx=0x7f2638004600 comp rx=0 tx=0).ready entity=mon.0 client_cookie=0 server_cookie=0 in_seq=0 out_seq=0
2024-03-12T05:01:20.081 INFO:teuthology.orchestra.run.smithi045.stdout:/usr/bin/ceph: stderr
2024-03-12T05:01:19.329+0000 7f263dffb700 1 -- 172.21.15.45:0/2654001849 <== mon.0 v2:172.21.15.45:3300/0 1 ==== mon_map magic: 0 v1 ==== 205+0+0 (secure 0 0 0) 0x7f263800e040 con 0x7f264007ce30
2024-03-12T05:01:20.081 INFO:teuthology.orchestra.run.smithi045.stdout:/usr/bin/ceph: stderr
2024-03-12T05:01:19.330+0000 7f263dffb700 1 -- 172.21.15.45:0/2654001849 <== mon.0 v2:172.21.15.45:3300/0 2 ==== config(26 keys) v1 ==== 1071+0+0 (secure 0 0 0) 0x7f263800bd70 con 0x7f264007ce30
2024-03-12T05:01:20.081 INFO:teuthology.orchestra.run.smithi045.stdout:/usr/bin/ceph: stderr
2024-03-12T05:01:19.330+0000 7f2646ac3700 1 -- 172.21.15.45:0/2654001849 --> [v2:172.21.15.45:3300/0,v1:172.21.15.45:6789/0] -- mon_subscribe({mgrmap=0+}) v3 -- 0x7f264019db00 con 0x7f264007ce30
2024-03-12T05:01:20.081 INFO:teuthology.orchestra.run.smithi045.stdout:/usr/bin/ceph: stderr
2024-03-12T05:01:19.330+0000 7f263dffb700 1 -- 172.21.15.45:0/2654001849 <== mon.0 v2:172.21.15.45:3300/0 3 ==== mon_map magic: 0 v1 ==== 205+0+0 (secure 0 0 0) 0x7f263801c6b0 con 0x7f264007ce30
2024-03-12T05:01:20.081 INFO:teuthology.orchestra.run.smithi045.stdout:/usr/bin/ceph: stderr
2024-03-12T05:01:19.330+0000 7f2646ac3700 1 -- 172.21.15.45:0/2654001849 --> [v2:172.21.15.45:3300/0,v1:172.21.15.45:6789/0] -- mon_subscribe({osdmap=0}) v3 -- 0x7f264019e000 con 0x7f264007ce30
2024-03-12T05:01:20.081 INFO:teuthology.orchestra.run.smithi045.stdout:/usr/bin/ceph: stderr
2024-03-12T05:01:19.330+0000 7f263dffb700 1 -- 172.21.15.45:0/2654001849 <== mon.0 v2:172.21.15.45:3300/0 4 ==== mgrmap(e 8) v1 ==== 45769+0+0 (secure 0 0 0) 0x7f263801c8a0 con 0x7f264007ce30
2024-03-12T05:01:20.081 INFO:teuthology.orchestra.run.smithi045.stdout:/usr/bin/ceph: stderr
2024-03-12T05:01:19.331+0000 7f263dffb700 1 --2- 172.21.15.45:0/2654001849 >> [v2:172.21.15.45:6800/2524215406,v1:172.21.15.45:6801/2524215406] conn(0x7f2628038d00 0x7f262803b1c0 unknown :-1 s=NONE pgs=0 cs=0 l=1 rev1=0 crypto rx=0 tx=0 comp rx=0 tx=0).connect
2024-03-12T05:01:20.081 INFO:teuthology.orchestra.run.smithi045.stdout:/usr/bin/ceph: stderr
2024-03-12T05:01:19.331+0000 7f263dffb700 1 -- 172.21.15.45:0/2654001849 <== mon.0 v2:172.21.15.45:3300/0 5 ==== osd_map(2..2 src has 1..2) v4 ==== 940+0+0 (secure 0 0 0) 0x7f263804cdf0 con 0x7f264007ce30
2024-03-12T05:01:20.081 INFO:teuthology.orchestra.run.smithi045.stdout:/usr/bin/ceph: stderr
2024-03-12T05:01:19.331+0000 7f263ffff700 1 --2- 172.21.15.45:0/2654001849 >> [v2:172.21.15.45:6800/2524215406,v1:172.21.15.45:6801/2524215406] conn(0x7f2628038d00 0x7f262803b1c0 unknown :-1 s=BANNER_CONNECTING pgs=0 cs=0 l=1 rev1=0 crypto rx=0 tx=0 comp rx=0 tx=0)._handle_peer_banner_payload supported=3 required=0
2024-03-12T05:01:20.082 INFO:teuthology.orchestra.run.smithi045.stdout:/usr/bin/ceph: stderr
2024-03-12T05:01:19.331+0000 7f2646ac3700 1 -- 172.21.15.45:0/2654001849 --> [v2:172.21.15.45:3300/0,v1:172.21.15.45:6789/0] -- mon_command({"prefix": "get_command_descriptions"} v 0) v1 -- 0x7f264010d7d0 con 0x7f264007ce30
2024-03-12T05:01:20.082 INFO:teuthology.orchestra.run.smithi045.stdout:/usr/bin/ceph: stderr
2024-03-12T05:01:19.331+0000 7f263ffff700 1 --2- 172.21.15.45:0/2654001849 >> [v2:172.21.15.45:6800/2524215406,v1:172.21.15.45:6801/2524215406] conn(0x7f2628038d00 0x7f262803b1c0 secure :-1 s=READY pgs=8 cs=0 l=1 rev1=1 crypto rx=0x7f2634006fd0 tx=0x7f2634006e40 comp rx=0 tx=0).ready entity=mgr.14120 client_cookie=0 server_cookie=0 in_seq=0 out_seq=0
2024-03-12T05:01:20.082 INFO:teuthology.orchestra.run.smithi045.stdout:/usr/bin/ceph: stderr
2024-03-12T05:01:19.336+0000 7f263dffb700 1 -- 172.21.15.45:0/2654001849 <== mon.0 v2:172.21.15.45:3300/0 6 ==== mon_command_ack([{"prefix": "get_command_descriptions"}]=0 v0) v1 ==== 72+0+183564 (secure 0 0 0) 0x7f2638017070 con 0x7f264007ce30
2024-03-12T05:01:20.082 INFO:teuthology.orchestra.run.smithi045.stdout:/usr/bin/ceph: stderr
2024-03-12T05:01:19.539+0000 7f2646ac3700 1 -- 172.21.15.45:0/2654001849 --> [v2:172.21.15.45:6800/2524215406,v1:172.21.15.45:6801/2524215406] -- mgr_command(tid 0: {"prefix": "cephadm set-user", "user": "root", "target": ["mon-mgr", ""]}) v1 -- 0x7f2640103d10 con 0x7f2628038d00
2024-03-12T05:01:20.082 INFO:teuthology.orchestra.run.smithi045.stdout:/usr/bin/ceph: stderr
2024-03-12T05:01:19.539+0000 7f263dffb700 1 -- 172.21.15.45:0/2654001849 <== mgr.14120 v2:172.21.15.45:6800/2524215406 1 ==== mgr_command_reply(tid 0: 0 ) v1 ==== 8+0+16 (secure 0 0 0) 0x7f2640103d10 con 0x7f2628038d00
2024-03-12T05:01:20.082 INFO:teuthology.orchestra.run.smithi045.stdout:/usr/bin/ceph: stderr
2024-03-12T05:01:19.541+0000 7f2646ac3700 1 -- 172.21.15.45:0/2654001849 >> [v2:172.21.15.45:6800/2524215406,v1:172.21.15.45:6801/2524215406] conn(0x7f2628038d00 msgr2=0x7f262803b1c0 secure :-1 s=STATE_CONNECTION_ESTABLISHED l=1).mark_down
2024-03-12T05:01:20.082 INFO:teuthology.orchestra.run.smithi045.stdout:/usr/bin/ceph: stderr
2024-03-12T05:01:19.541+0000 7f2646ac3700 1 --2- 172.21.15.45:0/2654001849 >> [v2:172.21.15.45:6800/2524215406,v1:172.21.15.45:6801/2524215406] conn(0x7f2628038d00 0x7f262803b1c0 secure :-1 s=READY pgs=8 cs=0 l=1 rev1=1 crypto rx=0x7f2634006fd0 tx=0x7f2634006e40 comp rx=0 tx=0).stop
2024-03-12T05:01:20.082 INFO:teuthology.orchestra.run.smithi045.stdout:/usr/bin/ceph: stderr
2024-03-12T05:01:19.541+0000 7f2646ac3700 1 -- 172.21.15.45:0/2654001849 >> [v2:172.21.15.45:3300/0,v1:172.21.15.45:6789/0] conn(0x7f264007ce30 msgr2=0x7f264019d3c0 secure :-1 s=STATE_CONNECTION_ESTABLISHED l=1).mark_down
2024-03-12T05:01:20.082 INFO:teuthology.orchestra.run.smithi045.stdout:/usr/bin/ceph: stderr
2024-03-12T05:01:19.541+0000 7f2646ac3700 1 --2- 172.21.15.45:0/2654001849 >> [v2:172.21.15.45:3300/0,v1:172.21.15.45:6789/0] conn(0x7f264007ce30 0x7f264019d3c0 secure :-1 s=READY pgs=40 cs=0 l=1 rev1=1 crypto rx=0x7f2638004240 tx=0x7f2638004600 comp rx=0 tx=0).stop
2024-03-12T05:01:20.082 INFO:teuthology.orchestra.run.smithi045.stdout:/usr/bin/ceph: stderr
2024-03-12T05:01:19.541+0000 7f2646ac3700 1 -- 172.21.15.45:0/2654001849 shutdown_connections
2024-03-12T05:01:20.082 INFO:teuthology.orchestra.run.smithi045.stdout:/usr/bin/ceph: stderr
2024-03-12T05:01:19.541+0000 7f2646ac3700 1 --2- 172.21.15.45:0/2654001849 >> [v2:172.21.15.45:6800/2524215406,v1:172.21.15.45:6801/2524215406] conn(0x7f2628038d00 0x7f262803b1c0 unknown :-1 s=CLOSED pgs=8 cs=0 l=1 rev1=1 crypto rx=0 tx=0 comp rx=0 tx=0).stop
2024-03-12T05:01:20.082 INFO:teuthology.orchestra.run.smithi045.stdout:/usr/bin/ceph: stderr
2024-03-12T05:01:19.541+0000 7f2646ac3700 1 --2- 172.21.15.45:0/2654001849 >> [v2:172.21.15.45:3300/0,v1:172.21.15.45:6789/0] conn(0x7f264007ce30 0x7f264019d3c0 unknown :-1 s=CLOSED pgs=40 cs=0 l=1 rev1=1 crypto rx=0 tx=0 comp rx=0 tx=0).stop
2024-03-12T05:01:20.082 INFO:teuthology.orchestra.run.smithi045.stdout:/usr/bin/ceph: stderr
2024-03-12T05:01:19.541+0000 7f2646ac3700 1 -- 172.21.15.45:0/2654001849 >> 172.21.15.45:0/2654001849 conn(0x7f2640102ac0 msgr2=0x7f2640103600 unknown :-1 s=STATE_NONE l=0).mark_down
2024-03-12T05:01:20.082 INFO:teuthology.orchestra.run.smithi045.stdout:/usr/bin/ceph: stderr
2024-03-12T05:01:19.542+0000 7f2646ac3700 1 -- 172.21.15.45:0/2654001849 shutdown_connections
2024-03-12T05:01:20.083 INFO:teuthology.orchestra.run.smithi045.stdout:/usr/bin/ceph: stderr
2024-03-12T05:01:19.542+0000 7f2646ac3700 1 -- 172.21.15.45:0/2654001849 wait complete.
2024-03-12T05:01:20.083 INFO:teuthology.orchestra.run.smithi045.stdout:Generating ssh key...
2024-03-12T05:01:20.491 INFO:journalctl@ceph.mon.a.smithi045.stdout:Mar 12 05:01:20 smithi045 ceph-mon[32174]: from='client.14134 -' entity='client.admin' cmd=[{"prefix": "cephadm set-user", "user": "root", "target": ["mon-mgr", ""]}]: dispatch
2024-03-12T05:01:21.560 INFO:journalctl@ceph.mon.a.smithi045.stdout:Mar 12 05:01:21 smithi045 ceph-mon[32174]: from='client.14136 -' entity='client.admin' cmd=[{"prefix": "cephadm generate-key", "target": ["mon-mgr", ""]}]: dispatch
2024-03-12T05:01:21.560 INFO:journalctl@ceph.mon.a.smithi045.stdout:Mar 12 05:01:21 smithi045 ceph-mon[32174]: Generating ssh key...
2024-03-12T05:01:21.561 INFO:journalctl@ceph.mgr.x.smithi045.stdout:Mar 12 05:01:21 smithi045 ceph-52aed436-e02d-11ee-95c8-87774f69a715-mgr-x[32410]: Generating public/private rsa key pair.
2024-03-12T05:01:21.561 INFO:journalctl@ceph.mgr.x.smithi045.stdout:Mar 12 05:01:21 smithi045 ceph-52aed436-e02d-11ee-95c8-87774f69a715-mgr-x[32410]: Your identification has been saved in /tmp/tmpvgujy67s/key.
2024-03-12T05:01:21.561 INFO:journalctl@ceph.mgr.x.smithi045.stdout:Mar 12 05:01:21 smithi045 ceph-52aed436-e02d-11ee-95c8-87774f69a715-mgr-x[32410]: Your public key has been saved in /tmp/tmpvgujy67s/key.pub.
2024-03-12T05:01:21.561 INFO:journalctl@ceph.mgr.x.smithi045.stdout:Mar 12 05:01:21 smithi045 ceph-52aed436-e02d-11ee-95c8-87774f69a715-mgr-x[32410]: The key fingerprint is:
2024-03-12T05:01:21.561 INFO:journalctl@ceph.mgr.x.smithi045.stdout:Mar 12 05:01:21 smithi045 ceph-52aed436-e02d-11ee-95c8-87774f69a715-mgr-x[32410]: SHA256:GIA61f3D0uBWDqfL8g1aS9ilZ05yYzKQ2q/lnwB/wGo ceph-52aed436-e02d-11ee-95c8-87774f69a715
2024-03-12T05:01:21.561 INFO:journalctl@ceph.mgr.x.smithi045.stdout:Mar 12 05:01:21 smithi045 ceph-52aed436-e02d-11ee-95c8-87774f69a715-mgr-x[32410]: The key's randomart image is:
2024-03-12T05:01:21.561 INFO:journalctl@ceph.mgr.x.smithi045.stdout:Mar 12 05:01:21 smithi045 ceph-52aed436-e02d-11ee-95c8-87774f69a715-mgr-x[32410]: +---[RSA 3072]----+
2024-03-12T05:01:21.561 INFO:journalctl@ceph.mgr.x.smithi045.stdout:Mar 12 05:01:21 smithi045 ceph-52aed436-e02d-11ee-95c8-87774f69a715-mgr-x[32410]: | o.. |
2024-03-12T05:01:21.561 INFO:journalctl@ceph.mgr.x.smithi045.stdout:Mar 12 05:01:21 smithi045 ceph-52aed436-e02d-11ee-95c8-87774f69a715-mgr-x[32410]: | o ..+ o |
2024-03-12T05:01:21.561 INFO:journalctl@ceph.mgr.x.smithi045.stdout:Mar 12 05:01:21 smithi045 ceph-52aed436-e02d-11ee-95c8-87774f69a715-mgr-x[32410]: | o o.@ |
2024-03-12T05:01:21.561 INFO:journalctl@ceph.mgr.x.smithi045.stdout:Mar 12 05:01:21 smithi045 ceph-52aed436-e02d-11ee-95c8-87774f69a715-mgr-x[32410]: |o o.=oB |
2024-03-12T05:01:21.561 INFO:journalctl@ceph.mgr.x.smithi045.stdout:Mar 12 05:01:21 smithi045 ceph-52aed436-e02d-11ee-95c8-87774f69a715-mgr-x[32410]: | . o.*+=S. |
2024-03-12T05:01:21.562 INFO:journalctl@ceph.mgr.x.smithi045.stdout:Mar 12 05:01:21 smithi045 ceph-52aed436-e02d-11ee-95c8-87774f69a715-mgr-x[32410]: | . ++%.B |
2024-03-12T05:01:21.562 INFO:journalctl@ceph.mgr.x.smithi045.stdout:Mar 12 05:01:21 smithi045 ceph-52aed436-e02d-11ee-95c8-87774f69a715-mgr-x[32410]: | EB+#.. |
2024-03-12T05:01:21.562 INFO:journalctl@ceph.mgr.x.smithi045.stdout:Mar 12 05:01:21 smithi045 ceph-52aed436-e02d-11ee-95c8-87774f69a715-mgr-x[32410]: | ..o+oo. |
2024-03-12T05:01:21.562 INFO:journalctl@ceph.mgr.x.smithi045.stdout:Mar 12 05:01:21 smithi045 ceph-52aed436-e02d-11ee-95c8-87774f69a715-mgr-x[32410]: | ....o |
2024-03-12T05:01:21.562 INFO:journalctl@ceph.mgr.x.smithi045.stdout:Mar 12 05:01:21 smithi045 ceph-52aed436-e02d-11ee-95c8-87774f69a715-mgr-x[32410]: +----[SHA256]-----+
2024-03-12T05:01:21.827 INFO:teuthology.orchestra.run.smithi045.stdout:/usr/bin/ceph: stderr
2024-03-12T05:01:20.518+0000 7f2170aaf700 1 Processor -- start
2024-03-12T05:01:21.828 INFO:teuthology.orchestra.run.smithi045.stdout:/usr/bin/ceph: stderr
2024-03-12T05:01:20.518+0000 7f2170aaf700 1 -- start start
2024-03-12T05:01:21.828 INFO:teuthology.orchestra.run.smithi045.stdout:/usr/bin/ceph: stderr
2024-03-12T05:01:20.518+0000 7f2170aaf700 1 --2- >> [v2:172.21.15.45:3300/0,v1:172.21.15.45:6789/0] conn(0x7f216c106360 0x7f216c106780 unknown :-1 s=NONE pgs=0 cs=0 l=0 rev1=0 crypto rx=0 tx=0 comp rx=0 tx=0).connect
2024-03-12T05:01:21.828 INFO:teuthology.orchestra.run.smithi045.stdout:/usr/bin/ceph: stderr
2024-03-12T05:01:20.518+0000 7f2170aaf700 1 -- --> [v2:172.21.15.45:3300/0,v1:172.21.15.45:6789/0] -- mon_getmap magic: 0 v1 -- 0x7f216c106d50 con 0x7f216c106360
2024-03-12T05:01:21.828 INFO:teuthology.orchestra.run.smithi045.stdout:/usr/bin/ceph: stderr
2024-03-12T05:01:20.518+0000 7f216a59c700 1 --2- >> [v2:172.21.15.45:3300/0,v1:172.21.15.45:6789/0] conn(0x7f216c106360 0x7f216c106780 unknown :-1 s=BANNER_CONNECTING pgs=0 cs=0 l=0 rev1=0 crypto rx=0 tx=0 comp rx=0 tx=0)._handle_peer_banner_payload supported=3 required=0
2024-03-12T05:01:21.828 INFO:teuthology.orchestra.run.smithi045.stdout:/usr/bin/ceph: stderr
2024-03-12T05:01:20.518+0000 7f216a59c700 1 --2- >> [v2:172.21.15.45:3300/0,v1:172.21.15.45:6789/0] conn(0x7f216c106360 0x7f216c106780 unknown :-1 s=HELLO_CONNECTING pgs=0 cs=0 l=0 rev1=1 crypto rx=0 tx=0 comp rx=0 tx=0).handle_hello peer v2:172.21.15.45:3300/0 says I am v2:172.21.15.45:51054/0 (socket says 172.21.15.45:51054)
2024-03-12T05:01:21.828 INFO:teuthology.orchestra.run.smithi045.stdout:/usr/bin/ceph: stderr
2024-03-12T05:01:20.518+0000 7f216a59c700 1 -- 172.21.15.45:0/3963337983 learned_addr learned my addr 172.21.15.45:0/3963337983 (peer_addr_for_me v2:172.21.15.45:0/0)
2024-03-12T05:01:21.828 INFO:teuthology.orchestra.run.smithi045.stdout:/usr/bin/ceph: stderr
2024-03-12T05:01:20.519+0000 7f216a59c700 1 -- 172.21.15.45:0/3963337983 --> [v2:172.21.15.45:3300/0,v1:172.21.15.45:6789/0] -- mon_subscribe({config=0+,monmap=0+}) v3 -- 0x7f216c107560 con 0x7f216c106360
2024-03-12T05:01:21.828 INFO:teuthology.orchestra.run.smithi045.stdout:/usr/bin/ceph: stderr
2024-03-12T05:01:20.519+0000 7f216a59c700 1 --2- 172.21.15.45:0/3963337983 >> [v2:172.21.15.45:3300/0,v1:172.21.15.45:6789/0] conn(0x7f216c106360 0x7f216c106780 secure :-1 s=READY pgs=41 cs=0 l=1 rev1=1 crypto rx=0x7f215c0098a0 tx=0x7f215c009bb0 comp rx=0 tx=0).ready entity=mon.0 client_cookie=e887a2999f6d4d86 server_cookie=0 in_seq=0 out_seq=0
2024-03-12T05:01:21.828 INFO:teuthology.orchestra.run.smithi045.stdout:/usr/bin/ceph: stderr
2024-03-12T05:01:20.519+0000 7f216959a700 1 -- 172.21.15.45:0/3963337983 <== mon.0 v2:172.21.15.45:3300/0 1 ==== mon_map magic: 0 v1 ==== 205+0+0 (secure 0 0 0) 0x7f215c004160 con 0x7f216c106360
2024-03-12T05:01:21.828 INFO:teuthology.orchestra.run.smithi045.stdout:/usr/bin/ceph: stderr
2024-03-12T05:01:20.519+0000 7f216959a700 1 -- 172.21.15.45:0/3963337983 <== mon.0 v2:172.21.15.45:3300/0 2 ==== config(26 keys) v1 ==== 1071+0+0 (secure 0 0 0) 0x7f215c0042c0 con 0x7f216c106360
2024-03-12T05:01:21.828 INFO:teuthology.orchestra.run.smithi045.stdout:/usr/bin/ceph: stderr
2024-03-12T05:01:20.519+0000 7f216959a700 1 -- 172.21.15.45:0/3963337983 <== mon.0 v2:172.21.15.45:3300/0 3 ==== mon_map magic: 0 v1 ==== 205+0+0 (secure 0 0 0) 0x7f215c011a50 con 0x7f216c106360
2024-03-12T05:01:21.828 INFO:teuthology.orchestra.run.smithi045.stdout:/usr/bin/ceph: stderr
2024-03-12T05:01:20.519+0000 7f2170aaf700 1 -- 172.21.15.45:0/3963337983 >> [v2:172.21.15.45:3300/0,v1:172.21.15.45:6789/0] conn(0x7f216c106360 msgr2=0x7f216c106780 secure :-1 s=STATE_CONNECTION_ESTABLISHED l=1).mark_down
2024-03-12T05:01:21.828 INFO:teuthology.orchestra.run.smithi045.stdout:/usr/bin/ceph: stderr
2024-03-12T05:01:20.519+0000 7f2170aaf700 1 --2- 172.21.15.45:0/3963337983 >> [v2:172.21.15.45:3300/0,v1:172.21.15.45:6789/0] conn(0x7f216c106360 0x7f216c106780 secure :-1 s=READY pgs=41 cs=0 l=1 rev1=1 crypto rx=0x7f215c0098a0 tx=0x7f215c009bb0 comp rx=0 tx=0).stop
2024-03-12T05:01:21.829 INFO:teuthology.orchestra.run.smithi045.stdout:/usr/bin/ceph: stderr
2024-03-12T05:01:20.520+0000 7f2170aaf700 1 -- 172.21.15.45:0/3963337983 shutdown_connections
2024-03-12T05:01:21.829 INFO:teuthology.orchestra.run.smithi045.stdout:/usr/bin/ceph: stderr
2024-03-12T05:01:20.520+0000 7f2170aaf700 1 --2- 172.21.15.45:0/3963337983 >> [v2:172.21.15.45:3300/0,v1:172.21.15.45:6789/0] conn(0x7f216c106360 0x7f216c106780 unknown :-1 s=CLOSED pgs=41 cs=0 l=1 rev1=1 crypto rx=0 tx=0 comp rx=0 tx=0).stop
2024-03-12T05:01:21.829 INFO:teuthology.orchestra.run.smithi045.stdout:/usr/bin/ceph: stderr
2024-03-12T05:01:20.520+0000 7f2170aaf700 1 -- 172.21.15.45:0/3963337983 >> 172.21.15.45:0/3963337983 conn(0x7f216c101920 msgr2=0x7f216c103d40 unknown :-1 s=STATE_NONE l=0).mark_down
2024-03-12T05:01:21.829 INFO:teuthology.orchestra.run.smithi045.stdout:/usr/bin/ceph: stderr
2024-03-12T05:01:20.520+0000 7f2170aaf700 1 -- 172.21.15.45:0/3963337983 shutdown_connections
2024-03-12T05:01:21.829 INFO:teuthology.orchestra.run.smithi045.stdout:/usr/bin/ceph: stderr
2024-03-12T05:01:20.520+0000 7f2170aaf700 1 -- 172.21.15.45:0/3963337983 wait complete.
2024-03-12T05:01:21.829 INFO:teuthology.orchestra.run.smithi045.stdout:/usr/bin/ceph: stderr
2024-03-12T05:01:20.520+0000 7f2170aaf700 1 Processor -- start
2024-03-12T05:01:21.829 INFO:teuthology.orchestra.run.smithi045.stdout:/usr/bin/ceph: stderr
2024-03-12T05:01:20.521+0000 7f2170aaf700 1 -- start start
2024-03-12T05:01:21.829 INFO:teuthology.orchestra.run.smithi045.stdout:/usr/bin/ceph: stderr
2024-03-12T05:01:20.521+0000 7f2170aaf700 1 --2- >> [v2:172.21.15.45:3300/0,v1:172.21.15.45:6789/0] conn(0x7f216c106360 0x7f216c19b280 unknown :-1 s=NONE pgs=0 cs=0 l=1 rev1=0 crypto rx=0 tx=0 comp rx=0 tx=0).connect
2024-03-12T05:01:21.829 INFO:teuthology.orchestra.run.smithi045.stdout:/usr/bin/ceph: stderr
2024-03-12T05:01:20.521+0000 7f2170aaf700 1 -- --> [v2:172.21.15.45:3300/0,v1:172.21.15.45:6789/0] -- mon_getmap magic: 0 v1 -- 0x7f216c19b7c0 con 0x7f216c106360
2024-03-12T05:01:21.829 INFO:teuthology.orchestra.run.smithi045.stdout:/usr/bin/ceph: stderr
2024-03-12T05:01:20.521+0000 7f216a59c700 1 --2- >> [v2:172.21.15.45:3300/0,v1:172.21.15.45:6789/0] conn(0x7f216c106360 0x7f216c19b280 unknown :-1 s=BANNER_CONNECTING pgs=0 cs=0 l=1 rev1=0 crypto rx=0 tx=0 comp rx=0 tx=0)._handle_peer_banner_payload supported=3 required=0
2024-03-12T05:01:21.829 INFO:teuthology.orchestra.run.smithi045.stdout:/usr/bin/ceph: stderr
2024-03-12T05:01:20.521+0000 7f216a59c700 1 --2- >> [v2:172.21.15.45:3300/0,v1:172.21.15.45:6789/0] conn(0x7f216c106360 0x7f216c19b280 unknown :-1 s=HELLO_CONNECTING pgs=0 cs=0 l=1 rev1=1 crypto rx=0 tx=0 comp rx=0 tx=0).handle_hello peer v2:172.21.15.45:3300/0 says I am v2:172.21.15.45:51070/0 (socket says 172.21.15.45:51070)
2024-03-12T05:01:21.830 INFO:teuthology.orchestra.run.smithi045.stdout:/usr/bin/ceph: stderr
2024-03-12T05:01:20.521+0000 7f216a59c700 1 -- 172.21.15.45:0/1170946089 learned_addr learned my addr 172.21.15.45:0/1170946089 (peer_addr_for_me v2:172.21.15.45:0/0)
2024-03-12T05:01:21.830 INFO:teuthology.orchestra.run.smithi045.stdout:/usr/bin/ceph: stderr
2024-03-12T05:01:20.521+0000 7f216a59c700 1 -- 172.21.15.45:0/1170946089 --> [v2:172.21.15.45:3300/0,v1:172.21.15.45:6789/0] -- mon_subscribe({config=0+,monmap=0+}) v3 -- 0x7f215c009550 con 0x7f216c106360
2024-03-12T05:01:21.830 INFO:teuthology.orchestra.run.smithi045.stdout:/usr/bin/ceph: stderr
