2024-03-12T05:02:53.842 INFO:teuthology.orchestra.run.smithi100.stdout:/usr/bin/ceph: stderr
2024-03-12T05:02:53.093+0000 7f2288c7b700 1 --2- >> [v2:172.21.15.100:3300/0,v1:172.21.15.100:6789/0] conn(0x7f2284107760 0x7f2284107b80 unknown :-1 s=HELLO_CONNECTING pgs=0 cs=0 l=0 rev1=1 crypto rx=0 tx=0 comp rx=0 tx=0).handle_hello peer v2:172.21.15.100:3300/0 says I am v2:172.21.15.100:51242/0 (socket says 172.21.15.100:51242)
2024-03-12T05:02:53.843 INFO:teuthology.orchestra.run.smithi100.stdout:/usr/bin/ceph: stderr
2024-03-12T05:02:53.093+0000 7f2288c7b700 1 -- 172.21.15.100:0/1357553137 learned_addr learned my addr 172.21.15.100:0/1357553137 (peer_addr_for_me v2:172.21.15.100:0/0)
2024-03-12T05:02:53.843 INFO:teuthology.orchestra.run.smithi100.stdout:/usr/bin/ceph: stderr
2024-03-12T05:02:53.093+0000 7f2288c7b700 1 -- 172.21.15.100:0/1357553137 --> [v2:172.21.15.100:3300/0,v1:172.21.15.100:6789/0] -- mon_subscribe({config=0+,monmap=0+}) v3 -- 0x7f2284108910 con 0x7f2284107760
2024-03-12T05:02:53.843 INFO:teuthology.orchestra.run.smithi100.stdout:/usr/bin/ceph: stderr
2024-03-12T05:02:53.093+0000 7f2288c7b700 1 --2- 172.21.15.100:0/1357553137 >> [v2:172.21.15.100:3300/0,v1:172.21.15.100:6789/0] conn(0x7f2284107760 0x7f2284107b80 secure :-1 s=READY pgs=51 cs=0 l=1 rev1=1 crypto rx=0x7f22780098a0 tx=0x7f2278009bb0 comp rx=0 tx=0).ready entity=mon.0 client_cookie=9abee35fe98a4406 server_cookie=0 in_seq=0 out_seq=0
2024-03-12T05:02:53.843 INFO:teuthology.orchestra.run.smithi100.stdout:/usr/bin/ceph: stderr
2024-03-12T05:02:53.093+0000 7f22837fe700 1 -- 172.21.15.100:0/1357553137 <== mon.0 v2:172.21.15.100:3300/0 1 ==== mon_map magic: 0 v1 ==== 205+0+0 (secure 0 0 0) 0x7f2278004160 con 0x7f2284107760
2024-03-12T05:02:53.843 INFO:teuthology.orchestra.run.smithi100.stdout:/usr/bin/ceph: stderr
2024-03-12T05:02:53.093+0000 7f22837fe700 1 -- 172.21.15.100:0/1357553137 <== mon.0 v2:172.21.15.100:3300/0 2 ==== config(27 keys) v1 ==== 1140+0+0 (secure 0 0 0) 0x7f22780042c0 con 0x7f2284107760
2024-03-12T05:02:53.843 INFO:teuthology.orchestra.run.smithi100.stdout:/usr/bin/ceph: stderr
2024-03-12T05:02:53.093+0000 7f22837fe700 1 -- 172.21.15.100:0/1357553137 <== mon.0 v2:172.21.15.100:3300/0 3 ==== mon_map magic: 0 v1 ==== 205+0+0 (secure 0 0 0) 0x7f2278011a80 con 0x7f2284107760
2024-03-12T05:02:53.843 INFO:teuthology.orchestra.run.smithi100.stdout:/usr/bin/ceph: stderr
2024-03-12T05:02:53.094+0000 7f228aedf700 1 -- 172.21.15.100:0/1357553137 >> [v2:172.21.15.100:3300/0,v1:172.21.15.100:6789/0] conn(0x7f2284107760 msgr2=0x7f2284107b80 secure :-1 s=STATE_CONNECTION_ESTABLISHED l=1).mark_down
2024-03-12T05:02:53.843 INFO:teuthology.orchestra.run.smithi100.stdout:/usr/bin/ceph: stderr
2024-03-12T05:02:53.094+0000 7f228aedf700 1 --2- 172.21.15.100:0/1357553137 >> [v2:172.21.15.100:3300/0,v1:172.21.15.100:6789/0] conn(0x7f2284107760 0x7f2284107b80 secure :-1 s=READY pgs=51 cs=0 l=1 rev1=1 crypto rx=0x7f22780098a0 tx=0x7f2278009bb0 comp rx=0 tx=0).stop
2024-03-12T05:02:53.843 INFO:teuthology.orchestra.run.smithi100.stdout:/usr/bin/ceph: stderr
2024-03-12T05:02:53.094+0000 7f228aedf700 1 -- 172.21.15.100:0/1357553137 shutdown_connections
2024-03-12T05:02:53.843 INFO:teuthology.orchestra.run.smithi100.stdout:/usr/bin/ceph: stderr
2024-03-12T05:02:53.094+0000 7f228aedf700 1 --2- 172.21.15.100:0/1357553137 >> [v2:172.21.15.100:3300/0,v1:172.21.15.100:6789/0] conn(0x7f2284107760 0x7f2284107b80 unknown :-1 s=CLOSED pgs=51 cs=0 l=1 rev1=1 crypto rx=0 tx=0 comp rx=0 tx=0).stop
2024-03-12T05:02:53.843 INFO:teuthology.orchestra.run.smithi100.stdout:/usr/bin/ceph: stderr
2024-03-12T05:02:53.094+0000 7f228aedf700 1 -- 172.21.15.100:0/1357553137 >> 172.21.15.100:0/1357553137 conn(0x7f2284102da0 msgr2=0x7f22841051c0 unknown :-1 s=STATE_NONE l=0).mark_down
2024-03-12T05:02:53.843 INFO:teuthology.orchestra.run.smithi100.stdout:/usr/bin/ceph: stderr
2024-03-12T05:02:53.094+0000 7f228aedf700 1 -- 172.21.15.100:0/1357553137 shutdown_connections
2024-03-12T05:02:53.843 INFO:teuthology.orchestra.run.smithi100.stdout:/usr/bin/ceph: stderr
2024-03-12T05:02:53.094+0000 7f228aedf700 1 -- 172.21.15.100:0/1357553137 wait complete.
2024-03-12T05:02:53.843 INFO:teuthology.orchestra.run.smithi100.stdout:/usr/bin/ceph: stderr
2024-03-12T05:02:53.095+0000 7f228aedf700 1 Processor -- start
2024-03-12T05:02:53.843 INFO:teuthology.orchestra.run.smithi100.stdout:/usr/bin/ceph: stderr
2024-03-12T05:02:53.095+0000 7f228aedf700 1 -- start start
2024-03-12T05:02:53.844 INFO:teuthology.orchestra.run.smithi100.stdout:/usr/bin/ceph: stderr
2024-03-12T05:02:53.095+0000 7f228aedf700 1 --2- >> [v2:172.21.15.100:3300/0,v1:172.21.15.100:6789/0] conn(0x7f2284107760 0x7f228407cb90 unknown :-1 s=NONE pgs=0 cs=0 l=1 rev1=0 crypto rx=0 tx=0 comp rx=0 tx=0).connect
2024-03-12T05:02:53.844 INFO:teuthology.orchestra.run.smithi100.stdout:/usr/bin/ceph: stderr
2024-03-12T05:02:53.095+0000 7f228aedf700 1 -- --> [v2:172.21.15.100:3300/0,v1:172.21.15.100:6789/0] -- mon_getmap magic: 0 v1 -- 0x7f228407d0d0 con 0x7f2284107760
2024-03-12T05:02:53.844 INFO:teuthology.orchestra.run.smithi100.stdout:/usr/bin/ceph: stderr
2024-03-12T05:02:53.095+0000 7f2288c7b700 1 --2- >> [v2:172.21.15.100:3300/0,v1:172.21.15.100:6789/0] conn(0x7f2284107760 0x7f228407cb90 unknown :-1 s=BANNER_CONNECTING pgs=0 cs=0 l=1 rev1=0 crypto rx=0 tx=0 comp rx=0 tx=0)._handle_peer_banner_payload supported=3 required=0
2024-03-12T05:02:53.844 INFO:teuthology.orchestra.run.smithi100.stdout:/usr/bin/ceph: stderr
2024-03-12T05:02:53.095+0000 7f2288c7b700 1 --2- >> [v2:172.21.15.100:3300/0,v1:172.21.15.100:6789/0] conn(0x7f2284107760 0x7f228407cb90 unknown :-1 s=HELLO_CONNECTING pgs=0 cs=0 l=1 rev1=1 crypto rx=0 tx=0 comp rx=0 tx=0).handle_hello peer v2:172.21.15.100:3300/0 says I am v2:172.21.15.100:51254/0 (socket says 172.21.15.100:51254)
2024-03-12T05:02:53.844 INFO:teuthology.orchestra.run.smithi100.stdout:/usr/bin/ceph: stderr
2024-03-12T05:02:53.095+0000 7f2288c7b700 1 -- 172.21.15.100:0/2106622978 learned_addr learned my addr 172.21.15.100:0/2106622978 (peer_addr_for_me v2:172.21.15.100:0/0)
2024-03-12T05:02:53.844 INFO:teuthology.orchestra.run.smithi100.stdout:/usr/bin/ceph: stderr
2024-03-12T05:02:53.095+0000 7f2288c7b700 1 -- 172.21.15.100:0/2106622978 --> [v2:172.21.15.100:3300/0,v1:172.21.15.100:6789/0] -- mon_subscribe({config=0+,monmap=0+}) v3 -- 0x7f2278009550 con 0x7f2284107760
2024-03-12T05:02:53.844 INFO:teuthology.orchestra.run.smithi100.stdout:/usr/bin/ceph: stderr
2024-03-12T05:02:53.095+0000 7f2288c7b700 1 --2- 172.21.15.100:0/2106622978 >> [v2:172.21.15.100:3300/0,v1:172.21.15.100:6789/0] conn(0x7f2284107760 0x7f228407cb90 secure :-1 s=READY pgs=52 cs=0 l=1 rev1=1 crypto rx=0x7f2278011740 tx=0x7f2278011b00 comp rx=0 tx=0).ready entity=mon.0 client_cookie=0 server_cookie=0 in_seq=0 out_seq=0
2024-03-12T05:02:53.844 INFO:teuthology.orchestra.run.smithi100.stdout:/usr/bin/ceph: stderr
2024-03-12T05:02:53.095+0000 7f2281ffb700 1 -- 172.21.15.100:0/2106622978 <== mon.0 v2:172.21.15.100:3300/0 1 ==== mon_map magic: 0 v1 ==== 205+0+0 (secure 0 0 0) 0x7f22780039e0 con 0x7f2284107760
2024-03-12T05:02:53.844 INFO:teuthology.orchestra.run.smithi100.stdout:/usr/bin/ceph: stderr
2024-03-12T05:02:53.095+0000 7f2281ffb700 1 -- 172.21.15.100:0/2106622978 <== mon.0 v2:172.21.15.100:3300/0 2 ==== config(27 keys) v1 ==== 1140+0+0 (secure 0 0 0) 0x7f2278003b40 con 0x7f2284107760
2024-03-12T05:02:53.844 INFO:teuthology.orchestra.run.smithi100.stdout:/usr/bin/ceph: stderr
2024-03-12T05:02:53.095+0000 7f228aedf700 1 -- 172.21.15.100:0/2106622978 --> [v2:172.21.15.100:3300/0,v1:172.21.15.100:6789/0] -- mon_subscribe({mgrmap=0+}) v3 -- 0x7f228407b2c0 con 0x7f2284107760
2024-03-12T05:02:53.844 INFO:teuthology.orchestra.run.smithi100.stdout:/usr/bin/ceph: stderr
2024-03-12T05:02:53.096+0000 7f2281ffb700 1 -- 172.21.15.100:0/2106622978 <== mon.0 v2:172.21.15.100:3300/0 3 ==== mon_map magic: 0 v1 ==== 205+0+0 (secure 0 0 0) 0x7f2278024740 con 0x7f2284107760
2024-03-12T05:02:53.844 INFO:teuthology.orchestra.run.smithi100.stdout:/usr/bin/ceph: stderr
2024-03-12T05:02:53.096+0000 7f228aedf700 1 -- 172.21.15.100:0/2106622978 --> [v2:172.21.15.100:3300/0,v1:172.21.15.100:6789/0] -- mon_subscribe({osdmap=0}) v3 -- 0x7f228407b760 con 0x7f2284107760
2024-03-12T05:02:53.844 INFO:teuthology.orchestra.run.smithi100.stdout:/usr/bin/ceph: stderr
2024-03-12T05:02:53.096+0000 7f2281ffb700 1 -- 172.21.15.100:0/2106622978 <== mon.0 v2:172.21.15.100:3300/0 4 ==== mgrmap(e 8) v1 ==== 45769+0+0 (secure 0 0 0) 0x7f227802d3f0 con 0x7f2284107760
2024-03-12T05:02:53.845 INFO:teuthology.orchestra.run.smithi100.stdout:/usr/bin/ceph: stderr
2024-03-12T05:02:53.097+0000 7f2281ffb700 1 --2- 172.21.15.100:0/2106622978 >> [v2:172.21.15.100:6800/16620000,v1:172.21.15.100:6801/16620000] conn(0x7f2274038cb0 0x7f227403b170 unknown :-1 s=NONE pgs=0 cs=0 l=1 rev1=0 crypto rx=0 tx=0 comp rx=0 tx=0).connect
2024-03-12T05:02:53.845 INFO:teuthology.orchestra.run.smithi100.stdout:/usr/bin/ceph: stderr
2024-03-12T05:02:53.097+0000 7f2281ffb700 1 -- 172.21.15.100:0/2106622978 <== mon.0 v2:172.21.15.100:3300/0 5 ==== osd_map(2..2 src has 1..2) v4 ==== 940+0+0 (secure 0 0 0) 0x7f227804dfd0 con 0x7f2284107760
2024-03-12T05:02:53.845 INFO:teuthology.orchestra.run.smithi100.stdout:/usr/bin/ceph: stderr
2024-03-12T05:02:53.097+0000 7f228aedf700 1 -- 172.21.15.100:0/2106622978 --> [v2:172.21.15.100:3300/0,v1:172.21.15.100:6789/0] -- mon_command({"prefix": "get_command_descriptions"} v 0) v1 -- 0x7f228410bb40 con 0x7f2284107760
2024-03-12T05:02:53.845 INFO:teuthology.orchestra.run.smithi100.stdout:/usr/bin/ceph: stderr
2024-03-12T05:02:53.097+0000 7f2283fff700 1 --2- 172.21.15.100:0/2106622978 >> [v2:172.21.15.100:6800/16620000,v1:172.21.15.100:6801/16620000] conn(0x7f2274038cb0 0x7f227403b170 unknown :-1 s=BANNER_CONNECTING pgs=0 cs=0 l=1 rev1=0 crypto rx=0 tx=0 comp rx=0 tx=0)._handle_peer_banner_payload supported=3 required=0
2024-03-12T05:02:53.845 INFO:teuthology.orchestra.run.smithi100.stdout:/usr/bin/ceph: stderr
2024-03-12T05:02:53.097+0000 7f2283fff700 1 --2- 172.21.15.100:0/2106622978 >> [v2:172.21.15.100:6800/16620000,v1:172.21.15.100:6801/16620000] conn(0x7f2274038cb0 0x7f227403b170 secure :-1 s=READY pgs=14 cs=0 l=1 rev1=1 crypto rx=0x7f2270006fd0 tx=0x7f2270006e40 comp rx=0 tx=0).ready entity=mgr.14120 client_cookie=0 server_cookie=0 in_seq=0 out_seq=0
2024-03-12T05:02:53.845 INFO:teuthology.orchestra.run.smithi100.stdout:/usr/bin/ceph: stderr
2024-03-12T05:02:53.102+0000 7f2281ffb700 1 -- 172.21.15.100:0/2106622978 <== mon.0 v2:172.21.15.100:3300/0 6 ==== mon_command_ack([{"prefix": "get_command_descriptions"}]=0 v0) v1 ==== 72+0+183564 (secure 0 0 0) 0x7f227802d6f0 con 0x7f2284107760
2024-03-12T05:02:53.845 INFO:teuthology.orchestra.run.smithi100.stdout:/usr/bin/ceph: stderr
2024-03-12T05:02:53.301+0000 7f228aedf700 1 -- 172.21.15.100:0/2106622978 --> [v2:172.21.15.100:3300/0,v1:172.21.15.100:6789/0] -- mon_command([{prefix=config set, name=mgr/cephadm/container_init}] v 0) v1 -- 0x7f228410bd50 con 0x7f2284107760
2024-03-12T05:02:53.845 INFO:teuthology.orchestra.run.smithi100.stdout:/usr/bin/ceph: stderr
2024-03-12T05:02:53.306+0000 7f2281ffb700 1 -- 172.21.15.100:0/2106622978 <== mon.0 v2:172.21.15.100:3300/0 7 ==== mon_command_ack([{prefix=config set, name=mgr/cephadm/container_init}]=0 v7)=0 v7) v1 ==== 142+0+0 (secure 0 0 0) 0x7f227804d940 con 0x7f2284107760
2024-03-12T05:02:53.845 INFO:teuthology.orchestra.run.smithi100.stdout:/usr/bin/ceph: stderr
2024-03-12T05:02:53.308+0000 7f228aedf700 1 -- 172.21.15.100:0/2106622978 >> [v2:172.21.15.100:6800/16620000,v1:172.21.15.100:6801/16620000] conn(0x7f2274038cb0 msgr2=0x7f227403b170 secure :-1 s=STATE_CONNECTION_ESTABLISHED l=1).mark_down
2024-03-12T05:02:53.845 INFO:teuthology.orchestra.run.smithi100.stdout:/usr/bin/ceph: stderr
2024-03-12T05:02:53.308+0000 7f228aedf700 1 --2- 172.21.15.100:0/2106622978 >> [v2:172.21.15.100:6800/16620000,v1:172.21.15.100:6801/16620000] conn(0x7f2274038cb0 0x7f227403b170 secure :-1 s=READY pgs=14 cs=0 l=1 rev1=1 crypto rx=0x7f2270006fd0 tx=0x7f2270006e40 comp rx=0 tx=0).stop
2024-03-12T05:02:53.845 INFO:teuthology.orchestra.run.smithi100.stdout:/usr/bin/ceph: stderr
2024-03-12T05:02:53.308+0000 7f228aedf700 1 -- 172.21.15.100:0/2106622978 >> [v2:172.21.15.100:3300/0,v1:172.21.15.100:6789/0] conn(0x7f2284107760 msgr2=0x7f228407cb90 secure :-1 s=STATE_CONNECTION_ESTABLISHED l=1).mark_down
2024-03-12T05:02:53.845 INFO:teuthology.orchestra.run.smithi100.stdout:/usr/bin/ceph: stderr
2024-03-12T05:02:53.308+0000 7f228aedf700 1 --2- 172.21.15.100:0/2106622978 >> [v2:172.21.15.100:3300/0,v1:172.21.15.100:6789/0] conn(0x7f2284107760 0x7f228407cb90 secure :-1 s=READY pgs=52 cs=0 l=1 rev1=1 crypto rx=0x7f2278011740 tx=0x7f2278011b00 comp rx=0 tx=0).stop
2024-03-12T05:02:53.845 INFO:teuthology.orchestra.run.smithi100.stdout:/usr/bin/ceph: stderr
2024-03-12T05:02:53.308+0000 7f228aedf700 1 -- 172.21.15.100:0/2106622978 shutdown_connections
2024-03-12T05:02:53.845 INFO:teuthology.orchestra.run.smithi100.stdout:/usr/bin/ceph: stderr
2024-03-12T05:02:53.308+0000 7f228aedf700 1 --2- 172.21.15.100:0/2106622978 >> [v2:172.21.15.100:6800/16620000,v1:172.21.15.100:6801/16620000] conn(0x7f2274038cb0 0x7f227403b170 unknown :-1 s=CLOSED pgs=14 cs=0 l=1 rev1=1 crypto rx=0 tx=0 comp rx=0 tx=0).stop
2024-03-12T05:02:53.846 INFO:teuthology.orchestra.run.smithi100.stdout:/usr/bin/ceph: stderr
2024-03-12T05:02:53.308+0000 7f228aedf700 1 --2- 172.21.15.100:0/2106622978 >> [v2:172.21.15.100:3300/0,v1:172.21.15.100:6789/0] conn(0x7f2284107760 0x7f228407cb90 unknown :-1 s=CLOSED pgs=52 cs=0 l=1 rev1=1 crypto rx=0 tx=0 comp rx=0 tx=0).stop
2024-03-12T05:02:53.846 INFO:teuthology.orchestra.run.smithi100.stdout:/usr/bin/ceph: stderr
2024-03-12T05:02:53.308+0000 7f228aedf700 1 -- 172.21.15.100:0/2106622978 >> 172.21.15.100:0/2106622978 conn(0x7f2284102da0 msgr2=0x7f2284103890 unknown :-1 s=STATE_NONE l=0).mark_down
2024-03-12T05:02:53.846 INFO:teuthology.orchestra.run.smithi100.stdout:/usr/bin/ceph: stderr
2024-03-12T05:02:53.309+0000 7f228aedf700 1 -- 172.21.15.100:0/2106622978 shutdown_connections
2024-03-12T05:02:53.846 INFO:teuthology.orchestra.run.smithi100.stdout:/usr/bin/ceph: stderr
2024-03-12T05:02:53.309+0000 7f228aedf700 1 -- 172.21.15.100:0/2106622978 wait complete.
2024-03-12T05:02:55.100 INFO:teuthology.orchestra.run.smithi100.stdout:/usr/bin/ceph: stderr
2024-03-12T05:02:54.235+0000 7f53f14ae700 1 Processor -- start
2024-03-12T05:02:55.100 INFO:teuthology.orchestra.run.smithi100.stdout:/usr/bin/ceph: stderr
2024-03-12T05:02:54.235+0000 7f53f14ae700 1 -- start start
2024-03-12T05:02:55.100 INFO:teuthology.orchestra.run.smithi100.stdout:/usr/bin/ceph: stderr
2024-03-12T05:02:54.236+0000 7f53f14ae700 1 --2- >> [v2:172.21.15.100:3300/0,v1:172.21.15.100:6789/0] conn(0x7f53ec105a20 0x7f53ec105e40 unknown :-1 s=NONE pgs=0 cs=0 l=0 rev1=0 crypto rx=0 tx=0 comp rx=0 tx=0).connect
2024-03-12T05:02:55.100 INFO:teuthology.orchestra.run.smithi100.stdout:/usr/bin/ceph: stderr
2024-03-12T05:02:54.236+0000 7f53f14ae700 1 -- --> [v2:172.21.15.100:3300/0,v1:172.21.15.100:6789/0] -- mon_getmap magic: 0 v1 -- 0x7f53ec106410 con 0x7f53ec105a20
2024-03-12T05:02:55.100 INFO:teuthology.orchestra.run.smithi100.stdout:/usr/bin/ceph: stderr
2024-03-12T05:02:54.236+0000 7f53eaffd700 1 --2- >> [v2:172.21.15.100:3300/0,v1:172.21.15.100:6789/0] conn(0x7f53ec105a20 0x7f53ec105e40 unknown :-1 s=BANNER_CONNECTING pgs=0 cs=0 l=0 rev1=0 crypto rx=0 tx=0 comp rx=0 tx=0)._handle_peer_banner_payload supported=3 required=0
2024-03-12T05:02:55.100 INFO:teuthology.orchestra.run.smithi100.stdout:/usr/bin/ceph: stderr
2024-03-12T05:02:54.236+0000 7f53eaffd700 1 --2- >> [v2:172.21.15.100:3300/0,v1:172.21.15.100:6789/0] conn(0x7f53ec105a20 0x7f53ec105e40 unknown :-1 s=HELLO_CONNECTING pgs=0 cs=0 l=0 rev1=1 crypto rx=0 tx=0 comp rx=0 tx=0).handle_hello peer v2:172.21.15.100:3300/0 says I am v2:172.21.15.100:51264/0 (socket says 172.21.15.100:51264)
2024-03-12T05:02:55.100 INFO:teuthology.orchestra.run.smithi100.stdout:/usr/bin/ceph: stderr
2024-03-12T05:02:54.236+0000 7f53eaffd700 1 -- 172.21.15.100:0/4156196280 learned_addr learned my addr 172.21.15.100:0/4156196280 (peer_addr_for_me v2:172.21.15.100:0/0)
2024-03-12T05:02:55.101 INFO:teuthology.orchestra.run.smithi100.stdout:/usr/bin/ceph: stderr
2024-03-12T05:02:54.236+0000 7f53eaffd700 1 -- 172.21.15.100:0/4156196280 --> [v2:172.21.15.100:3300/0,v1:172.21.15.100:6789/0] -- mon_subscribe({config=0+,monmap=0+}) v3 -- 0x7f53ec106550 con 0x7f53ec105a20
2024-03-12T05:02:55.101 INFO:teuthology.orchestra.run.smithi100.stdout:/usr/bin/ceph: stderr
2024-03-12T05:02:54.236+0000 7f53eaffd700 1 --2- 172.21.15.100:0/4156196280 >> [v2:172.21.15.100:3300/0,v1:172.21.15.100:6789/0] conn(0x7f53ec105a20 0x7f53ec105e40 secure :-1 s=READY pgs=53 cs=0 l=1 rev1=1 crypto rx=0x7f53dc0098a0 tx=0x7f53dc009bb0 comp rx=0 tx=0).ready entity=mon.0 client_cookie=bdb65fada9b08216 server_cookie=0 in_seq=0 out_seq=0
2024-03-12T05:02:55.101 INFO:teuthology.orchestra.run.smithi100.stdout:/usr/bin/ceph: stderr
2024-03-12T05:02:54.236+0000 7f53e9ffb700 1 -- 172.21.15.100:0/4156196280 <== mon.0 v2:172.21.15.100:3300/0 1 ==== mon_map magic: 0 v1 ==== 205+0+0 (secure 0 0 0) 0x7f53dc004160 con 0x7f53ec105a20
2024-03-12T05:02:55.101 INFO:teuthology.orchestra.run.smithi100.stdout:/usr/bin/ceph: stderr
2024-03-12T05:02:54.236+0000 7f53e9ffb700 1 -- 172.21.15.100:0/4156196280 <== mon.0 v2:172.21.15.100:3300/0 2 ==== config(27 keys) v1 ==== 1140+0+0 (secure 0 0 0) 0x7f53dc0042c0 con 0x7f53ec105a20
2024-03-12T05:02:55.101 INFO:teuthology.orchestra.run.smithi100.stdout:/usr/bin/ceph: stderr
2024-03-12T05:02:54.236+0000 7f53e9ffb700 1 -- 172.21.15.100:0/4156196280 <== mon.0 v2:172.21.15.100:3300/0 3 ==== mon_map magic: 0 v1 ==== 205+0+0 (secure 0 0 0) 0x7f53dc011a80 con 0x7f53ec105a20
2024-03-12T05:02:55.101 INFO:teuthology.orchestra.run.smithi100.stdout:/usr/bin/ceph: stderr
2024-03-12T05:02:54.237+0000 7f53f14ae700 1 -- 172.21.15.100:0/4156196280 >> [v2:172.21.15.100:3300/0,v1:172.21.15.100:6789/0] conn(0x7f53ec105a20 msgr2=0x7f53ec105e40 secure :-1 s=STATE_CONNECTION_ESTABLISHED l=1).mark_down
2024-03-12T05:02:55.101 INFO:teuthology.orchestra.run.smithi100.stdout:/usr/bin/ceph: stderr
2024-03-12T05:02:54.237+0000 7f53f14ae700 1 --2- 172.21.15.100:0/4156196280 >> [v2:172.21.15.100:3300/0,v1:172.21.15.100:6789/0] conn(0x7f53ec105a20 0x7f53ec105e40 secure :-1 s=READY pgs=53 cs=0 l=1 rev1=1 crypto rx=0x7f53dc0098a0 tx=0x7f53dc009bb0 comp rx=0 tx=0).stop
2024-03-12T05:02:55.101 INFO:teuthology.orchestra.run.smithi100.stdout:/usr/bin/ceph: stderr
2024-03-12T05:02:54.237+0000 7f53f14ae700 1 -- 172.21.15.100:0/4156196280 shutdown_connections
2024-03-12T05:02:55.101 INFO:teuthology.orchestra.run.smithi100.stdout:/usr/bin/ceph: stderr
2024-03-12T05:02:54.237+0000 7f53f14ae700 1 --2- 172.21.15.100:0/4156196280 >> [v2:172.21.15.100:3300/0,v1:172.21.15.100:6789/0] conn(0x7f53ec105a20 0x7f53ec105e40 unknown :-1 s=CLOSED pgs=53 cs=0 l=1 rev1=1 crypto rx=0 tx=0 comp rx=0 tx=0).stop
2024-03-12T05:02:55.101 INFO:teuthology.orchestra.run.smithi100.stdout:/usr/bin/ceph: stderr
2024-03-12T05:02:54.237+0000 7f53f14ae700 1 -- 172.21.15.100:0/4156196280 >> 172.21.15.100:0/4156196280 conn(0x7f53ec101420 msgr2=0x7f53ec103840 unknown :-1 s=STATE_NONE l=0).mark_down
2024-03-12T05:02:55.101 INFO:teuthology.orchestra.run.smithi100.stdout:/usr/bin/ceph: stderr
2024-03-12T05:02:54.237+0000 7f53f14ae700 1 -- 172.21.15.100:0/4156196280 shutdown_connections
2024-03-12T05:02:55.101 INFO:teuthology.orchestra.run.smithi100.stdout:/usr/bin/ceph: stderr
2024-03-12T05:02:54.237+0000 7f53f14ae700 1 -- 172.21.15.100:0/4156196280 wait complete.
2024-03-12T05:02:55.101 INFO:teuthology.orchestra.run.smithi100.stdout:/usr/bin/ceph: stderr
2024-03-12T05:02:54.238+0000 7f53f14ae700 1 Processor -- start
2024-03-12T05:02:55.102 INFO:teuthology.orchestra.run.smithi100.stdout:/usr/bin/ceph: stderr
2024-03-12T05:02:54.238+0000 7f53f14ae700 1 -- start start
2024-03-12T05:02:55.102 INFO:teuthology.orchestra.run.smithi100.stdout:/usr/bin/ceph: stderr
2024-03-12T05:02:54.238+0000 7f53f14ae700 1 --2- >> [v2:172.21.15.100:3300/0,v1:172.21.15.100:6789/0] conn(0x7f53ec105a20 0x7f53ec19b540 unknown :-1 s=NONE pgs=0 cs=0 l=1 rev1=0 crypto rx=0 tx=0 comp rx=0 tx=0).connect
2024-03-12T05:02:55.102 INFO:teuthology.orchestra.run.smithi100.stdout:/usr/bin/ceph: stderr
2024-03-12T05:02:54.238+0000 7f53f14ae700 1 -- --> [v2:172.21.15.100:3300/0,v1:172.21.15.100:6789/0] -- mon_getmap magic: 0 v1 -- 0x7f53ec19ba80 con 0x7f53ec105a20
2024-03-12T05:02:55.102 INFO:teuthology.orchestra.run.smithi100.stdout:/usr/bin/ceph: stderr
2024-03-12T05:02:54.238+0000 7f53eaffd700 1 --2- >> [v2:172.21.15.100:3300/0,v1:172.21.15.100:6789/0] conn(0x7f53ec105a20 0x7f53ec19b540 unknown :-1 s=BANNER_CONNECTING pgs=0 cs=0 l=1 rev1=0 crypto rx=0 tx=0 comp rx=0 tx=0)._handle_peer_banner_payload supported=3 required=0
2024-03-12T05:02:55.102 INFO:teuthology.orchestra.run.smithi100.stdout:/usr/bin/ceph: stderr
2024-03-12T05:02:54.238+0000 7f53eaffd700 1 --2- >> [v2:172.21.15.100:3300/0,v1:172.21.15.100:6789/0] conn(0x7f53ec105a20 0x7f53ec19b540 unknown :-1 s=HELLO_CONNECTING pgs=0 cs=0 l=1 rev1=1 crypto rx=0 tx=0 comp rx=0 tx=0).handle_hello peer v2:172.21.15.100:3300/0 says I am v2:172.21.15.100:51278/0 (socket says 172.21.15.100:51278)
2024-03-12T05:02:55.102 INFO:teuthology.orchestra.run.smithi100.stdout:/usr/bin/ceph: stderr
2024-03-12T05:02:54.238+0000 7f53eaffd700 1 -- 172.21.15.100:0/2647368976 learned_addr learned my addr 172.21.15.100:0/2647368976 (peer_addr_for_me v2:172.21.15.100:0/0)
2024-03-12T05:02:55.102 INFO:teuthology.orchestra.run.smithi100.stdout:/usr/bin/ceph: stderr
2024-03-12T05:02:54.239+0000 7f53eaffd700 1 -- 172.21.15.100:0/2647368976 --> [v2:172.21.15.100:3300/0,v1:172.21.15.100:6789/0] -- mon_subscribe({config=0+,monmap=0+}) v3 -- 0x7f53dc009550 con 0x7f53ec105a20
2024-03-12T05:02:55.102 INFO:teuthology.orchestra.run.smithi100.stdout:/usr/bin/ceph: stderr
2024-03-12T05:02:54.239+0000 7f53eaffd700 1 --2- 172.21.15.100:0/2647368976 >> [v2:172.21.15.100:3300/0,v1:172.21.15.100:6789/0] conn(0x7f53ec105a20 0x7f53ec19b540 secure :-1 s=READY pgs=54 cs=0 l=1 rev1=1 crypto rx=0x7f53dc011740 tx=0x7f53dc011b00 comp rx=0 tx=0).ready entity=mon.0 client_cookie=0 server_cookie=0 in_seq=0 out_seq=0
2024-03-12T05:02:55.102 INFO:teuthology.orchestra.run.smithi100.stdout:/usr/bin/ceph: stderr
2024-03-12T05:02:54.239+0000 7f53d3fff700 1 -- 172.21.15.100:0/2647368976 <== mon.0 v2:172.21.15.100:3300/0 1 ==== mon_map magic: 0 v1 ==== 205+0+0 (secure 0 0 0) 0x7f53dc003b20 con 0x7f53ec105a20
2024-03-12T05:02:55.102 INFO:teuthology.orchestra.run.smithi100.stdout:/usr/bin/ceph: stderr
2024-03-12T05:02:54.239+0000 7f53f14ae700 1 -- 172.21.15.100:0/2647368976 --> [v2:172.21.15.100:3300/0,v1:172.21.15.100:6789/0] -- mon_subscribe({mgrmap=0+}) v3 -- 0x7f53ec19bc80 con 0x7f53ec105a20
2024-03-12T05:02:55.102 INFO:teuthology.orchestra.run.smithi100.stdout:/usr/bin/ceph: stderr
2024-03-12T05:02:54.239+0000 7f53d3fff700 1 -- 172.21.15.100:0/2647368976 <== mon.0 v2:172.21.15.100:3300/0 2 ==== config(27 keys) v1 ==== 1140+0+0 (secure 0 0 0) 0x7f53dc01a910 con 0x7f53ec105a20
2024-03-12T05:02:55.102 INFO:teuthology.orchestra.run.smithi100.stdout:/usr/bin/ceph: stderr
2024-03-12T05:02:54.239+0000 7f53d3fff700 1 -- 172.21.15.100:0/2647368976 <== mon.0 v2:172.21.15.100:3300/0 3 ==== mon_map magic: 0 v1 ==== 205+0+0 (secure 0 0 0) 0x7f53dc024850 con 0x7f53ec105a20
2024-03-12T05:02:55.102 INFO:teuthology.orchestra.run.smithi100.stdout:/usr/bin/ceph: stderr
2024-03-12T05:02:54.239+0000 7f53f14ae700 1 -- 172.21.15.100:0/2647368976 --> [v2:172.21.15.100:3300/0,v1:172.21.15.100:6789/0] -- mon_subscribe({osdmap=0}) v3 -- 0x7f53ec19c120 con 0x7f53ec105a20
2024-03-12T05:02:55.103 INFO:teuthology.orchestra.run.smithi100.stdout:/usr/bin/ceph: stderr
2024-03-12T05:02:54.240+0000 7f53d3fff700 1 -- 172.21.15.100:0/2647368976 <== mon.0 v2:172.21.15.100:3300/0 4 ==== mgrmap(e 8) v1 ==== 45769+0+0 (secure 0 0 0) 0x7f53dc02d3f0 con 0x7f53ec105a20
2024-03-12T05:02:55.103 INFO:teuthology.orchestra.run.smithi100.stdout:/usr/bin/ceph: stderr
2024-03-12T05:02:54.240+0000 7f53f14ae700 1 -- 172.21.15.100:0/2647368976 --> [v2:172.21.15.100:3300/0,v1:172.21.15.100:6789/0] -- mon_command({"prefix": "get_command_descriptions"} v 0) v1 -- 0x7f53d8005360 con 0x7f53ec105a20
2024-03-12T05:02:55.103 INFO:teuthology.orchestra.run.smithi100.stdout:/usr/bin/ceph: stderr
2024-03-12T05:02:54.240+0000 7f53d3fff700 1 --2- 172.21.15.100:0/2647368976 >> [v2:172.21.15.100:6800/16620000,v1:172.21.15.100:6801/16620000] conn(0x7f53d4038d00 0x7f53d403b1c0 unknown :-1 s=NONE pgs=0 cs=0 l=1 rev1=0 crypto rx=0 tx=0 comp rx=0 tx=0).connect
2024-03-12T05:02:55.103 INFO:teuthology.orchestra.run.smithi100.stdout:/usr/bin/ceph: stderr
2024-03-12T05:02:54.240+0000 7f53d3fff700 1 -- 172.21.15.100:0/2647368976 <== mon.0 v2:172.21.15.100:3300/0 5 ==== osd_map(2..2 src has 1..2) v4 ==== 940+0+0 (secure 0 0 0) 0x7f53dc04dfd0 con 0x7f53ec105a20
2024-03-12T05:02:55.103 INFO:teuthology.orchestra.run.smithi100.stdout:/usr/bin/ceph: stderr
2024-03-12T05:02:54.240+0000 7f53ea7fc700 1 --2- 172.21.15.100:0/2647368976 >> [v2:172.21.15.100:6800/16620000,v1:172.21.15.100:6801/16620000] conn(0x7f53d4038d00 0x7f53d403b1c0 unknown :-1 s=BANNER_CONNECTING pgs=0 cs=0 l=1 rev1=0 crypto rx=0 tx=0 comp rx=0 tx=0)._handle_peer_banner_payload supported=3 required=0
2024-03-12T05:02:55.103 INFO:teuthology.orchestra.run.smithi100.stdout:/usr/bin/ceph: stderr
2024-03-12T05:02:54.241+0000 7f53ea7fc700 1 --2- 172.21.15.100:0/2647368976 >> [v2:172.21.15.100:6800/16620000,v1:172.21.15.100:6801/16620000] conn(0x7f53d4038d00 0x7f53d403b1c0 secure :-1 s=READY pgs=15 cs=0 l=1 rev1=1 crypto rx=0x7f53e0006fd0 tx=0x7f53e0006e40 comp rx=0 tx=0).ready entity=mgr.14120 client_cookie=0 server_cookie=0 in_seq=0 out_seq=0
2024-03-12T05:02:55.103 INFO:teuthology.orchestra.run.smithi100.stdout:/usr/bin/ceph: stderr
2024-03-12T05:02:54.246+0000 7f53d3fff700 1 -- 172.21.15.100:0/2647368976 <== mon.0 v2:172.21.15.100:3300/0 6 ==== mon_command_ack([{"prefix": "get_command_descriptions"}]=0 v0) v1 ==== 72+0+183564 (secure 0 0 0) 0x7f53dc010970 con 0x7f53ec105a20
2024-03-12T05:02:55.103 INFO:teuthology.orchestra.run.smithi100.stdout:/usr/bin/ceph: stderr
2024-03-12T05:02:54.448+0000 7f53f14ae700 1 -- 172.21.15.100:0/2647368976 --> [v2:172.21.15.100:3300/0,v1:172.21.15.100:6789/0] -- mon_command([{prefix=config set, name=mgr/dashboard/ssl_server_port}] v 0) v1 -- 0x7f53d8005610 con 0x7f53ec105a20
2024-03-12T05:02:55.103 INFO:teuthology.orchestra.run.smithi100.stdout:/usr/bin/ceph: stderr
2024-03-12T05:02:54.450+0000 7f53d3fff700 1 -- 172.21.15.100:0/2647368976 <== mon.0 v2:172.21.15.100:3300/0 7 ==== mon_command_ack([{prefix=config set, name=mgr/dashboard/ssl_server_port}]=0 v8)=0 v8) v1 ==== 130+0+0 (secure 0 0 0) 0x7f53dc00b3e0 con 0x7f53ec105a20
2024-03-12T05:02:55.103 INFO:teuthology.orchestra.run.smithi100.stdout:/usr/bin/ceph: stderr
2024-03-12T05:02:54.452+0000 7f53f14ae700 1 -- 172.21.15.100:0/2647368976 >> [v2:172.21.15.100:6800/16620000,v1:172.21.15.100:6801/16620000] conn(0x7f53d4038d00 msgr2=0x7f53d403b1c0 secure :-1 s=STATE_CONNECTION_ESTABLISHED l=1).mark_down
2024-03-12T05:02:55.103 INFO:teuthology.orchestra.run.smithi100.stdout:/usr/bin/ceph: stderr
2024-03-12T05:02:54.452+0000 7f53f14ae700 1 --2- 172.21.15.100:0/2647368976 >> [v2:172.21.15.100:6800/16620000,v1:172.21.15.100:6801/16620000] conn(0x7f53d4038d00 0x7f53d403b1c0 secure :-1 s=READY pgs=15 cs=0 l=1 rev1=1 crypto rx=0x7f53e0006fd0 tx=0x7f53e0006e40 comp rx=0 tx=0).stop
2024-03-12T05:02:55.103 INFO:teuthology.orchestra.run.smithi100.stdout:/usr/bin/ceph: stderr
2024-03-12T05:02:54.452+0000 7f53f14ae700 1 -- 172.21.15.100:0/2647368976 >> [v2:172.21.15.100:3300/0,v1:172.21.15.100:6789/0] conn(0x7f53ec105a20 msgr2=0x7f53ec19b540 secure :-1 s=STATE_CONNECTION_ESTABLISHED l=1).mark_down
2024-03-12T05:02:55.103 INFO:teuthology.orchestra.run.smithi100.stdout:/usr/bin/ceph: stderr
2024-03-12T05:02:54.452+0000 7f53f14ae700 1 --2- 172.21.15.100:0/2647368976 >> [v2:172.21.15.100:3300/0,v1:172.21.15.100:6789/0] conn(0x7f53ec105a20 0x7f53ec19b540 secure :-1 s=READY pgs=54 cs=0 l=1 rev1=1 crypto rx=0x7f53dc011740 tx=0x7f53dc011b00 comp rx=0 tx=0).stop
2024-03-12T05:02:55.103 INFO:teuthology.orchestra.run.smithi100.stdout:/usr/bin/ceph: stderr
2024-03-12T05:02:54.452+0000 7f53f14ae700 1 -- 172.21.15.100:0/2647368976 shutdown_connections
2024-03-12T05:02:55.104 INFO:teuthology.orchestra.run.smithi100.stdout:/usr/bin/ceph: stderr
2024-03-12T05:02:54.452+0000 7f53f14ae700 1 --2- 172.21.15.100:0/2647368976 >> [v2:172.21.15.100:6800/16620000,v1:172.21.15.100:6801/16620000] conn(0x7f53d4038d00 0x7f53d403b1c0 unknown :-1 s=CLOSED pgs=15 cs=0 l=1 rev1=1 crypto rx=0 tx=0 comp rx=0 tx=0).stop
2024-03-12T05:02:55.104 INFO:teuthology.orchestra.run.smithi100.stdout:/usr/bin/ceph: stderr
2024-03-12T05:02:54.452+0000 7f53f14ae700 1 --2- 172.21.15.100:0/2647368976 >> [v2:172.21.15.100:3300/0,v1:172.21.15.100:6789/0] conn(0x7f53ec105a20 0x7f53ec19b540 unknown :-1 s=CLOSED pgs=54 cs=0 l=1 rev1=1 crypto rx=0 tx=0 comp rx=0 tx=0).stop
2024-03-12T05:02:55.104 INFO:teuthology.orchestra.run.smithi100.stdout:/usr/bin/ceph: stderr
2024-03-12T05:02:54.452+0000 7f53f14ae700 1 -- 172.21.15.100:0/2647368976 >> 172.21.15.100:0/2647368976 conn(0x7f53ec101420 msgr2=0x7f53ec101f50 unknown :-1 s=STATE_NONE l=0).mark_down
2024-03-12T05:02:55.104 INFO:teuthology.orchestra.run.smithi100.stdout:/usr/bin/ceph: stderr
2024-03-12T05:02:54.453+0000 7f53f14ae700 1 -- 172.21.15.100:0/2647368976 shutdown_connections
2024-03-12T05:02:55.104 INFO:teuthology.orchestra.run.smithi100.stdout:/usr/bin/ceph: stderr
2024-03-12T05:02:54.453+0000 7f53f14ae700 1 -- 172.21.15.100:0/2647368976 wait complete.
2024-03-12T05:02:55.104 INFO:teuthology.orchestra.run.smithi100.stdout:Enabling the dashboard module...
2024-03-12T05:02:55.573 INFO:journalctl@ceph.mon.a.smithi100.stdout:Mar 12 05:02:55 smithi100 ceph-mon[32210]: from='client.? 172.21.15.100:0/2647368976' entity='client.admin'
2024-03-12T05:02:57.007 INFO:journalctl@ceph.mon.a.smithi100.stdout:Mar 12 05:02:56 smithi100 ceph-mon[32210]: from='mgr.14120 172.21.15.100:0/1647995372' entity='mgr.x'
2024-03-12T05:02:57.007 INFO:journalctl@ceph.mon.a.smithi100.stdout:Mar 12 05:02:56 smithi100 ceph-mon[32210]: from='client.? 172.21.15.100:0/1847850699' entity='client.admin' cmd=[{"prefix": "mgr module enable", "module": "dashboard"}]: dispatch
2024-03-12T05:02:57.007 INFO:journalctl@ceph.mgr.x.smithi100.stdout:Mar 12 05:02:56 smithi100 ceph-8a1680ae-e02d-11ee-95c8-87774f69a715-mgr-x[32441]: ignoring --setuser ceph since I am not root
2024-03-12T05:02:57.007 INFO:journalctl@ceph.mgr.x.smithi100.stdout:Mar 12 05:02:56 smithi100 ceph-8a1680ae-e02d-11ee-95c8-87774f69a715-mgr-x[32441]: ignoring --setgroup ceph since I am not root
2024-03-12T05:02:57.326 INFO:teuthology.orchestra.run.smithi100.stdout:/usr/bin/ceph: stderr
2024-03-12T05:02:55.923+0000 7f8054692700 1 Processor -- start
2024-03-12T05:02:57.326 INFO:teuthology.orchestra.run.smithi100.stdout:/usr/bin/ceph: stderr
2024-03-12T05:02:55.923+0000 7f8054692700 1 -- start start
2024-03-12T05:02:57.326 INFO:teuthology.orchestra.run.smithi100.stdout:/usr/bin/ceph: stderr
2024-03-12T05:02:55.923+0000 7f8054692700 1 --2- >> [v2:172.21.15.100:3300/0,v1:172.21.15.100:6789/0] conn(0x7f804c107c10 0x7f804c108030 unknown :-1 s=NONE pgs=0 cs=0 l=0 rev1=0 crypto rx=0 tx=0 comp rx=0 tx=0).connect
2024-03-12T05:02:57.326 INFO:teuthology.orchestra.run.smithi100.stdout:/usr/bin/ceph: stderr
2024-03-12T05:02:55.923+0000 7f8054692700 1 -- --> [v2:172.21.15.100:3300/0,v1:172.21.15.100:6789/0] -- mon_getmap magic: 0 v1 -- 0x7f804c108600 con 0x7f804c107c10
2024-03-12T05:02:57.326 INFO:teuthology.orchestra.run.smithi100.stdout:/usr/bin/ceph: stderr
2024-03-12T05:02:55.923+0000 7f805242e700 1 --2- >> [v2:172.21.15.100:3300/0,v1:172.21.15.100:6789/0] conn(0x7f804c107c10 0x7f804c108030 unknown :-1 s=BANNER_CONNECTING pgs=0 cs=0 l=0 rev1=0 crypto rx=0 tx=0 comp rx=0 tx=0)._handle_peer_banner_payload supported=3 required=0
2024-03-12T05:02:57.326 INFO:teuthology.orchestra.run.smithi100.stdout:/usr/bin/ceph: stderr
2024-03-12T05:02:55.923+0000 7f805242e700 1 --2- >> [v2:172.21.15.100:3300/0,v1:172.21.15.100:6789/0] conn(0x7f804c107c10 0x7f804c108030 unknown :-1 s=HELLO_CONNECTING pgs=0 cs=0 l=0 rev1=1 crypto rx=0 tx=0 comp rx=0 tx=0).handle_hello peer v2:172.21.15.100:3300/0 says I am v2:172.21.15.100:51294/0 (socket says 172.21.15.100:51294)
2024-03-12T05:02:57.326 INFO:teuthology.orchestra.run.smithi100.stdout:/usr/bin/ceph: stderr
2024-03-12T05:02:55.923+0000 7f805242e700 1 -- 172.21.15.100:0/629071896 learned_addr learned my addr 172.21.15.100:0/629071896 (peer_addr_for_me v2:172.21.15.100:0/0)
2024-03-12T05:02:57.326 INFO:teuthology.orchestra.run.smithi100.stdout:/usr/bin/ceph: stderr
2024-03-12T05:02:55.924+0000 7f805242e700 1 -- 172.21.15.100:0/629071896 --> [v2:172.21.15.100:3300/0,v1:172.21.15.100:6789/0] -- mon_subscribe({config=0+,monmap=0+}) v3 -- 0x7f804c106820 con 0x7f804c107c10
2024-03-12T05:02:57.326 INFO:teuthology.orchestra.run.smithi100.stdout:/usr/bin/ceph: stderr
2024-03-12T05:02:55.924+0000 7f805242e700 1 --2- 172.21.15.100:0/629071896 >> [v2:172.21.15.100:3300/0,v1:172.21.15.100:6789/0] conn(0x7f804c107c10 0x7f804c108030 secure :-1 s=READY pgs=55 cs=0 l=1 rev1=1 crypto rx=0x7f80480098a0 tx=0x7f8048009bb0 comp rx=0 tx=0).ready entity=mon.0 client_cookie=5527ac34ea984444 server_cookie=0 in_seq=0 out_seq=0
2024-03-12T05:02:57.326 INFO:teuthology.orchestra.run.smithi100.stdout:/usr/bin/ceph: stderr
2024-03-12T05:02:55.924+0000 7f805142c700 1 -- 172.21.15.100:0/629071896 <== mon.0 v2:172.21.15.100:3300/0 1 ==== mon_map magic: 0 v1 ==== 205+0+0 (secure 0 0 0) 0x7f8048004160 con 0x7f804c107c10
2024-03-12T05:02:57.327 INFO:teuthology.orchestra.run.smithi100.stdout:/usr/bin/ceph: stderr
2024-03-12T05:02:55.924+0000 7f805142c700 1 -- 172.21.15.100:0/629071896 <== mon.0 v2:172.21.15.100:3300/0 2 ==== config(27 keys) v1 ==== 1140+0+0 (secure 0 0 0) 0x7f80480042c0 con 0x7f804c107c10
2024-03-12T05:02:57.327 INFO:teuthology.orchestra.run.smithi100.stdout:/usr/bin/ceph: stderr
2024-03-12T05:02:55.924+0000 7f805142c700 1 -- 172.21.15.100:0/629071896 <== mon.0 v2:172.21.15.100:3300/0 3 ==== mon_map magic: 0 v1 ==== 205+0+0 (secure 0 0 0) 0x7f8048011a80 con 0x7f804c107c10
2024-03-12T05:02:57.327 INFO:teuthology.orchestra.run.smithi100.stdout:/usr/bin/ceph: stderr
2024-03-12T05:02:55.924+0000 7f8054692700 1 -- 172.21.15.100:0/629071896 >> [v2:172.21.15.100:3300/0,v1:172.21.15.100:6789/0] conn(0x7f804c107c10 msgr2=0x7f804c108030 secure :-1 s=STATE_CONNECTION_ESTABLISHED l=1).mark_down
2024-03-12T05:02:57.327 INFO:teuthology.orchestra.run.smithi100.stdout:/usr/bin/ceph: stderr
2024-03-12T05:02:55.924+0000 7f8054692700 1 --2- 172.21.15.100:0/629071896 >> [v2:172.21.15.100:3300/0,v1:172.21.15.100:6789/0] conn(0x7f804c107c10 0x7f804c108030 secure :-1 s=READY pgs=55 cs=0 l=1 rev1=1 crypto rx=0x7f80480098a0 tx=0x7f8048009bb0 comp rx=0 tx=0).stop
2024-03-12T05:02:57.327 INFO:teuthology.orchestra.run.smithi100.stdout:/usr/bin/ceph: stderr
2024-03-12T05:02:55.925+0000 7f8054692700 1 -- 172.21.15.100:0/629071896 shutdown_connections
2024-03-12T05:02:57.327 INFO:teuthology.orchestra.run.smithi100.stdout:/usr/bin/ceph: stderr
2024-03-12T05:02:55.925+0000 7f8054692700 1 --2- 172.21.15.100:0/629071896 >> [v2:172.21.15.100:3300/0,v1:172.21.15.100:6789/0] conn(0x7f804c107c10 0x7f804c108030 unknown :-1 s=CLOSED pgs=55 cs=0 l=1 rev1=1 crypto rx=0 tx=0 comp rx=0 tx=0).stop
2024-03-12T05:02:57.327 INFO:teuthology.orchestra.run.smithi100.stdout:/usr/bin/ceph: stderr
2024-03-12T05:02:55.925+0000 7f8054692700 1 -- 172.21.15.100:0/629071896 >> 172.21.15.100:0/629071896 conn(0x7f804c1013d0 msgr2=0x7f804c1037f0 unknown :-1 s=STATE_NONE l=0).mark_down
2024-03-12T05:02:57.327 INFO:teuthology.orchestra.run.smithi100.stdout:/usr/bin/ceph: stderr
2024-03-12T05:02:55.925+0000 7f8054692700 1 -- 172.21.15.100:0/629071896 shutdown_connections
2024-03-12T05:02:57.327 INFO:teuthology.orchestra.run.smithi100.stdout:/usr/bin/ceph: stderr
2024-03-12T05:02:55.925+0000 7f8054692700 1 -- 172.21.15.100:0/629071896 wait complete.
2024-03-12T05:02:57.327 INFO:teuthology.orchestra.run.smithi100.stdout:/usr/bin/ceph: stderr
2024-03-12T05:02:55.925+0000 7f8054692700 1 Processor -- start
2024-03-12T05:02:57.327 INFO:teuthology.orchestra.run.smithi100.stdout:/usr/bin/ceph: stderr
2024-03-12T05:02:55.925+0000 7f8054692700 1 -- start start
2024-03-12T05:02:57.327 INFO:teuthology.orchestra.run.smithi100.stdout:/usr/bin/ceph: stderr
2024-03-12T05:02:55.926+0000 7f8054692700 1 --2- >> [v2:172.21.15.100:3300/0,v1:172.21.15.100:6789/0] conn(0x7f804c107c10 0x7f804c19a410 unknown :-1 s=NONE pgs=0 cs=0 l=1 rev1=0 crypto rx=0 tx=0 comp rx=0 tx=0).connect
2024-03-12T05:02:57.327 INFO:teuthology.orchestra.run.smithi100.stdout:/usr/bin/ceph: stderr
2024-03-12T05:02:55.926+0000 7f8054692700 1 -- --> [v2:172.21.15.100:3300/0,v1:172.21.15.100:6789/0] -- mon_getmap magic: 0 v1 -- 0x7f804c19a950 con 0x7f804c107c10
2024-03-12T05:02:57.327 INFO:teuthology.orchestra.run.smithi100.stdout:/usr/bin/ceph: stderr
2024-03-12T05:02:55.926+0000 7f805242e700 1 --2- >> [v2:172.21.15.100:3300/0,v1:172.21.15.100:6789/0] conn(0x7f804c107c10 0x7f804c19a410 unknown :-1 s=BANNER_CONNECTING pgs=0 cs=0 l=1 rev1=0 crypto rx=0 tx=0 comp rx=0 tx=0)._handle_peer_banner_payload supported=3 required=0
2024-03-12T05:02:57.328 INFO:teuthology.orchestra.run.smithi100.stdout:/usr/bin/ceph: stderr
2024-03-12T05:02:55.926+0000 7f805242e700 1 --2- >> [v2:172.21.15.100:3300/0,v1:172.21.15.100:6789/0] conn(0x7f804c107c10 0x7f804c19a410 unknown :-1 s=HELLO_CONNECTING pgs=0 cs=0 l=1 rev1=1 crypto rx=0 tx=0 comp rx=0 tx=0).handle_hello peer v2:172.21.15.100:3300/0 says I am v2:172.21.15.100:51310/0 (socket says 172.21.15.100:51310)
2024-03-12T05:02:57.328 INFO:teuthology.orchestra.run.smithi100.stdout:/usr/bin/ceph: stderr
2024-03-12T05:02:55.926+0000 7f805242e700 1 -- 172.21.15.100:0/1847850699 learned_addr learned my addr 172.21.15.100:0/1847850699 (peer_addr_for_me v2:172.21.15.100:0/0)
2024-03-12T05:02:57.328 INFO:teuthology.orchestra.run.smithi100.stdout:/usr/bin/ceph: stderr
2024-03-12T05:02:55.926+0000 7f805242e700 1 -- 172.21.15.100:0/1847850699 --> [v2:172.21.15.100:3300/0,v1:172.21.15.100:6789/0] -- mon_subscribe({config=0+,monmap=0+}) v3 -- 0x7f8048009550 con 0x7f804c107c10
2024-03-12T05:02:57.328 INFO:teuthology.orchestra.run.smithi100.stdout:/usr/bin/ceph: stderr
2024-03-12T05:02:55.926+0000 7f805242e700 1 --2- 172.21.15.100:0/1847850699 >> [v2:172.21.15.100:3300/0,v1:172.21.15.100:6789/0] conn(0x7f804c107c10 0x7f804c19a410 secure :-1 s=READY pgs=56 cs=0 l=1 rev1=1 crypto rx=0x7f8048011740 tx=0x7f8048011b00 comp rx=0 tx=0).ready entity=mon.0 client_cookie=0 server_cookie=0 in_seq=0 out_seq=0
2024-03-12T05:02:57.328 INFO:teuthology.orchestra.run.smithi100.stdout:/usr/bin/ceph: stderr
2024-03-12T05:02:55.926+0000 7f80437fe700 1 -- 172.21.15.100:0/1847850699 <== mon.0 v2:172.21.15.100:3300/0 1 ==== mon_map magic: 0 v1 ==== 205+0+0 (secure 0 0 0) 0x7f80480039e0 con 0x7f804c107c10
2024-03-12T05:02:57.328 INFO:teuthology.orchestra.run.smithi100.stdout:/usr/bin/ceph: stderr
2024-03-12T05:02:55.926+0000 7f8054692700 1 -- 172.21.15.100:0/1847850699 --> [v2:172.21.15.100:3300/0,v1:172.21.15.100:6789/0] -- mon_subscribe({mgrmap=0+}) v3 -- 0x7f804c19ab50 con 0x7f804c107c10
2024-03-12T05:02:57.328 INFO:teuthology.orchestra.run.smithi100.stdout:/usr/bin/ceph: stderr
2024-03-12T05:02:55.926+0000 7f80437fe700 1 -- 172.21.15.100:0/1847850699 <== mon.0 v2:172.21.15.100:3300/0 2 ==== config(27 keys) v1 ==== 1140+0+0 (secure 0 0 0) 0x7f8048003b40 con 0x7f804c107c10
2024-03-12T05:02:57.328 INFO:teuthology.orchestra.run.smithi100.stdout:/usr/bin/ceph: stderr
2024-03-12T05:02:55.926+0000 7f80437fe700 1 -- 172.21.15.100:0/1847850699 <== mon.0 v2:172.21.15.100:3300/0 3 ==== mon_map magic: 0 v1 ==== 205+0+0 (secure 0 0 0) 0x7f8048024740 con 0x7f804c107c10
2024-03-12T05:02:57.328 INFO:teuthology.orchestra.run.smithi100.stdout:/usr/bin/ceph: stderr
2024-03-12T05:02:55.926+0000 7f8054692700 1 -- 172.21.15.100:0/1847850699 --> [v2:172.21.15.100:3300/0,v1:172.21.15.100:6789/0] -- mon_subscribe({osdmap=0}) v3 -- 0x7f804c19aff0 con 0x7f804c107c10
2024-03-12T05:02:57.328 INFO:teuthology.orchestra.run.smithi100.stdout:/usr/bin/ceph: stderr
2024-03-12T05:02:55.927+0000 7f80437fe700 1 -- 172.21.15.100:0/1847850699 <== mon.0 v2:172.21.15.100:3300/0 4 ==== mgrmap(e 8) v1 ==== 45769+0+0 (secure 0 0 0) 0x7f804802d3f0 con 0x7f804c107c10
2024-03-12T05:02:57.328 INFO:teuthology.orchestra.run.smithi100.stdout:/usr/bin/ceph: stderr
2024-03-12T05:02:55.927+0000 7f8054692700 1 -- 172.21.15.100:0/1847850699 --> [v2:172.21.15.100:3300/0,v1:172.21.15.100:6789/0] -- mon_command({"prefix": "get_command_descriptions"} v 0) v1 -- 0x7f804c10aa60 con 0x7f804c107c10
2024-03-12T05:02:57.328 INFO:teuthology.orchestra.run.smithi100.stdout:/usr/bin/ceph: stderr
2024-03-12T05:02:55.928+0000 7f80437fe700 1 --2- 172.21.15.100:0/1847850699 >> [v2:172.21.15.100:6800/16620000,v1:172.21.15.100:6801/16620000] conn(0x7f8038038cb0 0x7f803803b170 unknown :-1 s=NONE pgs=0 cs=0 l=1 rev1=0 crypto rx=0 tx=0 comp rx=0 tx=0).connect
2024-03-12T05:02:57.328 INFO:teuthology.orchestra.run.smithi100.stdout:/usr/bin/ceph: stderr
2024-03-12T05:02:55.928+0000 7f80437fe700 1 -- 172.21.15.100:0/1847850699 <== mon.0 v2:172.21.15.100:3300/0 5 ==== osd_map(2..2 src has 1..2) v4 ==== 940+0+0 (secure 0 0 0) 0x7f804804d090 con 0x7f804c107c10
2024-03-12T05:02:57.328 INFO:teuthology.orchestra.run.smithi100.stdout:/usr/bin/ceph: stderr
2024-03-12T05:02:55.928+0000 7f8051c2d700 1 --2- 172.21.15.100:0/1847850699 >> [v2:172.21.15.100:6800/16620000,v1:172.21.15.100:6801/16620000] conn(0x7f8038038cb0 0x7f803803b170 unknown :-1 s=BANNER_CONNECTING pgs=0 cs=0 l=1 rev1=0 crypto rx=0 tx=0 comp rx=0 tx=0)._handle_peer_banner_payload supported=3 required=0
2024-03-12T05:02:57.329 INFO:teuthology.orchestra.run.smithi100.stdout:/usr/bin/ceph: stderr
2024-03-12T05:02:55.928+0000 7f8051c2d700 1 --2- 172.21.15.100:0/1847850699 >> [v2:172.21.15.100:6800/16620000,v1:172.21.15.100:6801/16620000] conn(0x7f8038038cb0 0x7f803803b170 secure :-1 s=READY pgs=16 cs=0 l=1 rev1=1 crypto rx=0x7f803c006fd0 tx=0x7f803c006e40 comp rx=0 tx=0).ready entity=mgr.14120 client_cookie=0 server_cookie=0 in_seq=0 out_seq=0
2024-03-12T05:02:57.329 INFO:teuthology.orchestra.run.smithi100.stdout:/usr/bin/ceph: stderr
2024-03-12T05:02:55.933+0000 7f80437fe700 1 -- 172.21.15.100:0/1847850699 <== mon.0 v2:172.21.15.100:3300/0 6 ==== mon_command_ack([{"prefix": "get_command_descriptions"}]=0 v0) v1 ==== 72+0+183564 (secure 0 0 0) 0x7f8048010970 con 0x7f804c107c10
2024-03-12T05:02:57.329 INFO:teuthology.orchestra.run.smithi100.stdout:/usr/bin/ceph: stderr
2024-03-12T05:02:56.193+0000 7f8054692700 1 -- 172.21.15.100:0/1847850699 --> [v2:172.21.15.100:3300/0,v1:172.21.15.100:6789/0] -- mon_command({"prefix": "mgr module enable", "module": "dashboard"} v 0) v1 -- 0x7f804c10ac70 con 0x7f804c107c10
2024-03-12T05:02:57.329 INFO:teuthology.orchestra.run.smithi100.stdout:/usr/bin/ceph: stderr
2024-03-12T05:02:56.747+0000 7f80437fe700 1 -- 172.21.15.100:0/1847850699 <== mon.0 v2:172.21.15.100:3300/0 7 ==== mon_command_ack([{"prefix": "mgr module enable", "module": "dashboard"}]=0 v9) v1 ==== 88+0+0 (secure 0 0 0) 0x7f804804ca00 con 0x7f804c107c10
2024-03-12T05:02:57.329 INFO:teuthology.orchestra.run.smithi100.stdout:/usr/bin/ceph: stderr
2024-03-12T05:02:56.749+0000 7f80437fe700 1 -- 172.21.15.100:0/1847850699 <== mon.0 v2:172.21.15.100:3300/0 8 ==== mgrmap(e 9) v1 ==== 45782+0+0 (secure 0 0 0) 0x7f8048019460 con 0x7f804c107c10
2024-03-12T05:02:57.329 INFO:teuthology.orchestra.run.smithi100.stdout:/usr/bin/ceph: stderr
2024-03-12T05:02:56.750+0000 7f8054692700 1 -- 172.21.15.100:0/1847850699 >> [v2:172.21.15.100:6800/16620000,v1:172.21.15.100:6801/16620000] conn(0x7f8038038cb0 msgr2=0x7f803803b170 secure :-1 s=STATE_CONNECTION_ESTABLISHED l=1).mark_down
2024-03-12T05:02:57.329 INFO:teuthology.orchestra.run.smithi100.stdout:/usr/bin/ceph: stderr
2024-03-12T05:02:56.750+0000 7f8054692700 1 --2- 172.21.15.100:0/1847850699 >> [v2:172.21.15.100:6800/16620000,v1:172.21.15.100:6801/16620000] conn(0x7f8038038cb0 0x7f803803b170 secure :-1 s=READY pgs=16 cs=0 l=1 rev1=1 crypto rx=0x7f803c006fd0 tx=0x7f803c006e40 comp rx=0 tx=0).stop
2024-03-12T05:02:57.329 INFO:teuthology.orchestra.run.smithi100.stdout:/usr/bin/ceph: stderr
2024-03-12T05:02:56.750+0000 7f8054692700 1 -- 172.21.15.100:0/1847850699 >> [v2:172.21.15.100:3300/0,v1:172.21.15.100:6789/0] conn(0x7f804c107c10 msgr2=0x7f804c19a410 secure :-1 s=STATE_CONNECTION_ESTABLISHED l=1).mark_down
2024-03-12T05:02:57.329 INFO:teuthology.orchestra.run.smithi100.stdout:/usr/bin/ceph: stderr
2024-03-12T05:02:56.750+0000 7f8054692700 1 --2- 172.21.15.100:0/1847850699 >> [v2:172.21.15.100:3300/0,v1:172.21.15.100:6789/0] conn(0x7f804c107c10 0x7f804c19a410 secure :-1 s=READY pgs=56 cs=0 l=1 rev1=1 crypto rx=0x7f8048011740 tx=0x7f8048011b00 comp rx=0 tx=0).stop
2024-03-12T05:02:57.329 INFO:teuthology.orchestra.run.smithi100.stdout:/usr/bin/ceph: stderr
2024-03-12T05:02:56.750+0000 7f8054692700 1 -- 172.21.15.100:0/1847850699 shutdown_connections
2024-03-12T05:02:57.329 INFO:teuthology.orchestra.run.smithi100.stdout:/usr/bin/ceph: stderr
2024-03-12T05:02:56.750+0000 7f8054692700 1 --2- 172.21.15.100:0/1847850699 >> [v2:172.21.15.100:6800/16620000,v1:172.21.15.100:6801/16620000] conn(0x7f8038038cb0 0x7f803803b170 unknown :-1 s=CLOSED pgs=16 cs=0 l=1 rev1=1 crypto rx=0 tx=0 comp rx=0 tx=0).stop
2024-03-12T05:02:57.329 INFO:teuthology.orchestra.run.smithi100.stdout:/usr/bin/ceph: stderr
2024-03-12T05:02:56.750+0000 7f8054692700 1 --2- 172.21.15.100:0/1847850699 >> [v2:172.21.15.100:3300/0,v1:172.21.15.100:6789/0] conn(0x7f804c107c10 0x7f804c19a410 unknown :-1 s=CLOSED pgs=56 cs=0 l=1 rev1=1 crypto rx=0 tx=0 comp rx=0 tx=0).stop
2024-03-12T05:02:57.330 INFO:teuthology.orchestra.run.smithi100.stdout:/usr/bin/ceph: stderr
2024-03-12T05:02:56.750+0000 7f8054692700 1 -- 172.21.15.100:0/1847850699 >> 172.21.15.100:0/1847850699 conn(0x7f804c1013d0 msgr2=0x7f804c101ea0 unknown :-1 s=STATE_NONE l=0).mark_down
2024-03-12T05:02:57.330 INFO:teuthology.orchestra.run.smithi100.stdout:/usr/bin/ceph: stderr
2024-03-12T05:02:56.751+0000 7f8054692700 1 -- 172.21.15.100:0/1847850699 shutdown_connections
2024-03-12T05:02:57.330 INFO:teuthology.orchestra.run.smithi100.stdout:/usr/bin/ceph: stderr
2024-03-12T05:02:56.751+0000 7f8054692700 1 -- 172.21.15.100:0/1847850699 wait complete.
2024-03-12T05:02:57.572 INFO:journalctl@ceph.mgr.x.smithi100.stdout:Mar 12 05:02:57 smithi100 ceph-8a1680ae-e02d-11ee-95c8-87774f69a715-mgr-x[32441]:
2024-03-12T05:02:57.326+0000 7fbca054c200 -1 mgr[py] Module osd_perf_query has missing NOTIFY_TYPES member
2024-03-12T05:02:57.572 INFO:journalctl@ceph.mgr.x.smithi100.stdout:Mar 12 05:02:57 smithi100 ceph-8a1680ae-e02d-11ee-95c8-87774f69a715-mgr-x[32441]:
2024-03-12T05:02:57.428+0000 7fbca054c200 -1 mgr[py] Module snap_schedule has missing NOTIFY_TYPES member
2024-03-12T05:02:57.993 INFO:journalctl@ceph.mon.a.smithi100.stdout:Mar 12 05:02:57 smithi100 ceph-mon[32210]: from='client.? 172.21.15.100:0/1847850699' entity='client.admin' cmd='[{"prefix": "mgr module enable", "module": "dashboard"}]': finished
2024-03-12T05:02:57.993 INFO:journalctl@ceph.mon.a.smithi100.stdout:Mar 12 05:02:57 smithi100 ceph-mon[32210]: mgrmap e9: x(active, since 19s)
2024-03-12T05:02:58.322 INFO:journalctl@ceph.mgr.x.smithi100.stdout:Mar 12 05:02:58 smithi100 ceph-8a1680ae-e02d-11ee-95c8-87774f69a715-mgr-x[32441]:
2024-03-12T05:02:58.086+0000 7fbca054c200 -1 mgr[py] Module zabbix has missing NOTIFY_TYPES member
2024-03-12T05:02:58.323 INFO:journalctl@ceph.mgr.x.smithi100.stdout:Mar 12 05:02:58 smithi100 ceph-8a1680ae-e02d-11ee-95c8-87774f69a715-mgr-x[32441]:
2024-03-12T05:02:58.180+0000 7fbca054c200 -1 mgr[py] Module balancer has missing NOTIFY_TYPES member
2024-03-12T05:02:58.607 INFO:journalctl@ceph.mgr.x.smithi100.stdout:Mar 12 05:02:58 smithi100 ceph-8a1680ae-e02d-11ee-95c8-87774f69a715-mgr-x[32441]:
2024-03-12T05:02:58.324+0000 7fbca054c200 -1 mgr[py] Module influx has missing NOTIFY_TYPES member
2024-03-12T05:02:58.607 INFO:journalctl@ceph.mgr.x.smithi100.stdout:Mar 12 05:02:58 smithi100 ceph-8a1680ae-e02d-11ee-95c8-87774f69a715-mgr-x[32441]:
2024-03-12T05:02:58.420+0000 7fbca054c200 -1 mgr[py] Module alerts has missing NOTIFY_TYPES member
2024-03-12T05:02:58.607 INFO:journalctl@ceph.mgr.x.smithi100.stdout:Mar 12 05:02:58 smithi100 ceph-8a1680ae-e02d-11ee-95c8-87774f69a715-mgr-x[32441]:
2024-03-12T05:02:58.504+0000 7fbca054c200 -1 mgr[py] Module iostat has missing NOTIFY_TYPES member
2024-03-12T05:02:58.617 INFO:teuthology.orchestra.run.smithi100.stdout:/usr/bin/ceph: stdout {
2024-03-12T05:02:58.617 INFO:teuthology.orchestra.run.smithi100.stdout:/usr/bin/ceph: stdout "epoch": 9,
2024-03-12T05:02:58.617 INFO:teuthology.orchestra.run.smithi100.stdout:/usr/bin/ceph: stdout "available": true,
2024-03-12T05:02:58.617 INFO:teuthology.orchestra.run.smithi100.stdout:/usr/bin/ceph: stdout "active_name": "x",
2024-03-12T05:02:58.617 INFO:teuthology.orchestra.run.smithi100.stdout:/usr/bin/ceph: stdout "num_standby": 0
2024-03-12T05:02:58.618 INFO:teuthology.orchestra.run.smithi100.stdout:/usr/bin/ceph: stdout }
2024-03-12T05:02:58.618 INFO:teuthology.orchestra.run.smithi100.stdout:/usr/bin/ceph: stderr
2024-03-12T05:02:57.786+0000 7f57dd830700 1 Processor -- start
2024-03-12T05:02:58.618 INFO:teuthology.orchestra.run.smithi100.stdout:/usr/bin/ceph: stderr
2024-03-12T05:02:57.786+0000 7f57dd830700 1 -- start start
