2024-03-12T05:02:40.688+0000 7f3a33fe2700 1 -- 172.21.15.100:0/3064103303 >> [v2:172.21.15.100:3300/0,v1:172.21.15.100:6789/0] conn(0x7f3a2c07ce90 msgr2=0x7f3a2c07b340 secure :-1 s=STATE_CONNECTION_ESTABLISHED l=1).mark_down
2024-03-12T05:02:41.462 INFO:teuthology.orchestra.run.smithi100.stdout:/usr/bin/ceph: stderr
2024-03-12T05:02:40.688+0000 7f3a33fe2700 1 --2- 172.21.15.100:0/3064103303 >> [v2:172.21.15.100:3300/0,v1:172.21.15.100:6789/0] conn(0x7f3a2c07ce90 0x7f3a2c07b340 secure :-1 s=READY pgs=39 cs=0 l=1 rev1=1 crypto rx=0x7f3a280098a0 tx=0x7f3a28009bb0 comp rx=0 tx=0).stop
2024-03-12T05:02:41.462 INFO:teuthology.orchestra.run.smithi100.stdout:/usr/bin/ceph: stderr
2024-03-12T05:02:40.688+0000 7f3a33fe2700 1 -- 172.21.15.100:0/3064103303 shutdown_connections
2024-03-12T05:02:41.462 INFO:teuthology.orchestra.run.smithi100.stdout:/usr/bin/ceph: stderr
2024-03-12T05:02:40.688+0000 7f3a33fe2700 1 --2- 172.21.15.100:0/3064103303 >> [v2:172.21.15.100:3300/0,v1:172.21.15.100:6789/0] conn(0x7f3a2c07ce90 0x7f3a2c07b340 unknown :-1 s=CLOSED pgs=39 cs=0 l=1 rev1=1 crypto rx=0 tx=0 comp rx=0 tx=0).stop
2024-03-12T05:02:41.462 INFO:teuthology.orchestra.run.smithi100.stdout:/usr/bin/ceph: stderr
2024-03-12T05:02:40.688+0000 7f3a33fe2700 1 -- 172.21.15.100:0/3064103303 >> 172.21.15.100:0/3064103303 conn(0x7f3a2c102da0 msgr2=0x7f3a2c1051c0 unknown :-1 s=STATE_NONE l=0).mark_down
2024-03-12T05:02:41.462 INFO:teuthology.orchestra.run.smithi100.stdout:/usr/bin/ceph: stderr
2024-03-12T05:02:40.688+0000 7f3a33fe2700 1 -- 172.21.15.100:0/3064103303 shutdown_connections
2024-03-12T05:02:41.463 INFO:teuthology.orchestra.run.smithi100.stdout:/usr/bin/ceph: stderr
2024-03-12T05:02:40.688+0000 7f3a33fe2700 1 -- 172.21.15.100:0/3064103303 wait complete.
2024-03-12T05:02:41.463 INFO:teuthology.orchestra.run.smithi100.stdout:/usr/bin/ceph: stderr
2024-03-12T05:02:40.689+0000 7f3a33fe2700 1 Processor -- start
2024-03-12T05:02:41.463 INFO:teuthology.orchestra.run.smithi100.stdout:/usr/bin/ceph: stderr
2024-03-12T05:02:40.689+0000 7f3a33fe2700 1 -- start start
2024-03-12T05:02:41.463 INFO:teuthology.orchestra.run.smithi100.stdout:/usr/bin/ceph: stderr
2024-03-12T05:02:40.689+0000 7f3a33fe2700 1 --2- >> [v2:172.21.15.100:3300/0,v1:172.21.15.100:6789/0] conn(0x7f3a2c07ce90 0x7f3a2c19d6e0 unknown :-1 s=NONE pgs=0 cs=0 l=1 rev1=0 crypto rx=0 tx=0 comp rx=0 tx=0).connect
2024-03-12T05:02:41.463 INFO:teuthology.orchestra.run.smithi100.stdout:/usr/bin/ceph: stderr
2024-03-12T05:02:40.689+0000 7f3a33fe2700 1 -- --> [v2:172.21.15.100:3300/0,v1:172.21.15.100:6789/0] -- mon_getmap magic: 0 v1 -- 0x7f3a2c19dc20 con 0x7f3a2c07ce90
2024-03-12T05:02:41.463 INFO:teuthology.orchestra.run.smithi100.stdout:/usr/bin/ceph: stderr
2024-03-12T05:02:40.689+0000 7f3a31d7e700 1 --2- >> [v2:172.21.15.100:3300/0,v1:172.21.15.100:6789/0] conn(0x7f3a2c07ce90 0x7f3a2c19d6e0 unknown :-1 s=BANNER_CONNECTING pgs=0 cs=0 l=1 rev1=0 crypto rx=0 tx=0 comp rx=0 tx=0)._handle_peer_banner_payload supported=3 required=0
2024-03-12T05:02:41.463 INFO:teuthology.orchestra.run.smithi100.stdout:/usr/bin/ceph: stderr
2024-03-12T05:02:40.689+0000 7f3a31d7e700 1 --2- >> [v2:172.21.15.100:3300/0,v1:172.21.15.100:6789/0] conn(0x7f3a2c07ce90 0x7f3a2c19d6e0 unknown :-1 s=HELLO_CONNECTING pgs=0 cs=0 l=1 rev1=1 crypto rx=0 tx=0 comp rx=0 tx=0).handle_hello peer v2:172.21.15.100:3300/0 says I am v2:172.21.15.100:33578/0 (socket says 172.21.15.100:33578)
2024-03-12T05:02:41.463 INFO:teuthology.orchestra.run.smithi100.stdout:/usr/bin/ceph: stderr
2024-03-12T05:02:40.689+0000 7f3a31d7e700 1 -- 172.21.15.100:0/3081460060 learned_addr learned my addr 172.21.15.100:0/3081460060 (peer_addr_for_me v2:172.21.15.100:0/0)
2024-03-12T05:02:41.463 INFO:teuthology.orchestra.run.smithi100.stdout:/usr/bin/ceph: stderr
2024-03-12T05:02:40.689+0000 7f3a31d7e700 1 -- 172.21.15.100:0/3081460060 --> [v2:172.21.15.100:3300/0,v1:172.21.15.100:6789/0] -- mon_subscribe({config=0+,monmap=0+}) v3 -- 0x7f3a28009550 con 0x7f3a2c07ce90
2024-03-12T05:02:41.463 INFO:teuthology.orchestra.run.smithi100.stdout:/usr/bin/ceph: stderr
2024-03-12T05:02:40.690+0000 7f3a31d7e700 1 --2- 172.21.15.100:0/3081460060 >> [v2:172.21.15.100:3300/0,v1:172.21.15.100:6789/0] conn(0x7f3a2c07ce90 0x7f3a2c19d6e0 secure :-1 s=READY pgs=40 cs=0 l=1 rev1=1 crypto rx=0x7f3a28003f70 tx=0x7f3a28011b40 comp rx=0 tx=0).ready entity=mon.0 client_cookie=0 server_cookie=0 in_seq=0 out_seq=0
2024-03-12T05:02:41.463 INFO:teuthology.orchestra.run.smithi100.stdout:/usr/bin/ceph: stderr
2024-03-12T05:02:40.690+0000 7f3a22ffd700 1 -- 172.21.15.100:0/3081460060 <== mon.0 v2:172.21.15.100:3300/0 1 ==== mon_map magic: 0 v1 ==== 205+0+0 (secure 0 0 0) 0x7f3a280039f0 con 0x7f3a2c07ce90
2024-03-12T05:02:41.463 INFO:teuthology.orchestra.run.smithi100.stdout:/usr/bin/ceph: stderr
2024-03-12T05:02:40.690+0000 7f3a22ffd700 1 -- 172.21.15.100:0/3081460060 <== mon.0 v2:172.21.15.100:3300/0 2 ==== config(27 keys) v1 ==== 1109+0+0 (secure 0 0 0) 0x7f3a28003b50 con 0x7f3a2c07ce90
2024-03-12T05:02:41.463 INFO:teuthology.orchestra.run.smithi100.stdout:/usr/bin/ceph: stderr
2024-03-12T05:02:40.690+0000 7f3a33fe2700 1 -- 172.21.15.100:0/3081460060 --> [v2:172.21.15.100:3300/0,v1:172.21.15.100:6789/0] -- mon_subscribe({mgrmap=0+}) v3 -- 0x7f3a2c19de20 con 0x7f3a2c07ce90
2024-03-12T05:02:41.464 INFO:teuthology.orchestra.run.smithi100.stdout:/usr/bin/ceph: stderr
2024-03-12T05:02:40.690+0000 7f3a22ffd700 1 -- 172.21.15.100:0/3081460060 <== mon.0 v2:172.21.15.100:3300/0 3 ==== mon_map magic: 0 v1 ==== 205+0+0 (secure 0 0 0) 0x7f3a2801a760 con 0x7f3a2c07ce90
2024-03-12T05:02:41.464 INFO:teuthology.orchestra.run.smithi100.stdout:/usr/bin/ceph: stderr
2024-03-12T05:02:40.690+0000 7f3a33fe2700 1 -- 172.21.15.100:0/3081460060 --> [v2:172.21.15.100:3300/0,v1:172.21.15.100:6789/0] -- mon_subscribe({osdmap=0}) v3 -- 0x7f3a2c19e2c0 con 0x7f3a2c07ce90
2024-03-12T05:02:41.464 INFO:teuthology.orchestra.run.smithi100.stdout:/usr/bin/ceph: stderr
2024-03-12T05:02:40.691+0000 7f3a22ffd700 1 -- 172.21.15.100:0/3081460060 <== mon.0 v2:172.21.15.100:3300/0 4 ==== mgrmap(e 8) v1 ==== 45769+0+0 (secure 0 0 0) 0x7f3a2801a9d0 con 0x7f3a2c07ce90
2024-03-12T05:02:41.464 INFO:teuthology.orchestra.run.smithi100.stdout:/usr/bin/ceph: stderr
2024-03-12T05:02:40.691+0000 7f3a33fe2700 1 -- 172.21.15.100:0/3081460060 --> [v2:172.21.15.100:3300/0,v1:172.21.15.100:6789/0] -- mon_command({"prefix": "get_command_descriptions"} v 0) v1 -- 0x7f3a2c10db10 con 0x7f3a2c07ce90
2024-03-12T05:02:41.464 INFO:teuthology.orchestra.run.smithi100.stdout:/usr/bin/ceph: stderr
2024-03-12T05:02:40.691+0000 7f3a22ffd700 1 --2- 172.21.15.100:0/3081460060 >> [v2:172.21.15.100:6800/16620000,v1:172.21.15.100:6801/16620000] conn(0x7f3a18038c60 0x7f3a1803b120 unknown :-1 s=NONE pgs=0 cs=0 l=1 rev1=0 crypto rx=0 tx=0 comp rx=0 tx=0).connect
2024-03-12T05:02:41.464 INFO:teuthology.orchestra.run.smithi100.stdout:/usr/bin/ceph: stderr
2024-03-12T05:02:40.691+0000 7f3a22ffd700 1 -- 172.21.15.100:0/3081460060 <== mon.0 v2:172.21.15.100:3300/0 5 ==== osd_map(2..2 src has 1..2) v4 ==== 940+0+0 (secure 0 0 0) 0x7f3a2804cea0 con 0x7f3a2c07ce90
2024-03-12T05:02:41.464 INFO:teuthology.orchestra.run.smithi100.stdout:/usr/bin/ceph: stderr
2024-03-12T05:02:40.691+0000 7f3a3157d700 1 --2- 172.21.15.100:0/3081460060 >> [v2:172.21.15.100:6800/16620000,v1:172.21.15.100:6801/16620000] conn(0x7f3a18038c60 0x7f3a1803b120 unknown :-1 s=BANNER_CONNECTING pgs=0 cs=0 l=1 rev1=0 crypto rx=0 tx=0 comp rx=0 tx=0)._handle_peer_banner_payload supported=3 required=0
2024-03-12T05:02:41.464 INFO:teuthology.orchestra.run.smithi100.stdout:/usr/bin/ceph: stderr
2024-03-12T05:02:40.691+0000 7f3a3157d700 1 --2- 172.21.15.100:0/3081460060 >> [v2:172.21.15.100:6800/16620000,v1:172.21.15.100:6801/16620000] conn(0x7f3a18038c60 0x7f3a1803b120 secure :-1 s=READY pgs=8 cs=0 l=1 rev1=1 crypto rx=0x7f3a1c006fd0 tx=0x7f3a1c006e40 comp rx=0 tx=0).ready entity=mgr.14120 client_cookie=0 server_cookie=0 in_seq=0 out_seq=0
2024-03-12T05:02:41.464 INFO:teuthology.orchestra.run.smithi100.stdout:/usr/bin/ceph: stderr
2024-03-12T05:02:40.696+0000 7f3a22ffd700 1 -- 172.21.15.100:0/3081460060 <== mon.0 v2:172.21.15.100:3300/0 6 ==== mon_command_ack([{"prefix": "get_command_descriptions"}]=0 v0) v1 ==== 72+0+183564 (secure 0 0 0) 0x7f3a28018c20 con 0x7f3a2c07ce90
2024-03-12T05:02:41.464 INFO:teuthology.orchestra.run.smithi100.stdout:/usr/bin/ceph: stderr
2024-03-12T05:02:40.889+0000 7f3a33fe2700 1 -- 172.21.15.100:0/3081460060 --> [v2:172.21.15.100:6800/16620000,v1:172.21.15.100:6801/16620000] -- mgr_command(tid 0: {"prefix": "cephadm set-user", "user": "root", "target": ["mon-mgr", ""]}) v1 -- 0x7f3a2c103fe0 con 0x7f3a18038c60
2024-03-12T05:02:41.464 INFO:teuthology.orchestra.run.smithi100.stdout:/usr/bin/ceph: stderr
2024-03-12T05:02:40.890+0000 7f3a22ffd700 1 -- 172.21.15.100:0/3081460060 <== mgr.14120 v2:172.21.15.100:6800/16620000 1 ==== mgr_command_reply(tid 0: 0 ) v1 ==== 8+0+16 (secure 0 0 0) 0x7f3a2c103fe0 con 0x7f3a18038c60
2024-03-12T05:02:41.464 INFO:teuthology.orchestra.run.smithi100.stdout:/usr/bin/ceph: stderr
2024-03-12T05:02:40.892+0000 7f3a33fe2700 1 -- 172.21.15.100:0/3081460060 >> [v2:172.21.15.100:6800/16620000,v1:172.21.15.100:6801/16620000] conn(0x7f3a18038c60 msgr2=0x7f3a1803b120 secure :-1 s=STATE_CONNECTION_ESTABLISHED l=1).mark_down
2024-03-12T05:02:41.464 INFO:teuthology.orchestra.run.smithi100.stdout:/usr/bin/ceph: stderr
2024-03-12T05:02:40.892+0000 7f3a33fe2700 1 --2- 172.21.15.100:0/3081460060 >> [v2:172.21.15.100:6800/16620000,v1:172.21.15.100:6801/16620000] conn(0x7f3a18038c60 0x7f3a1803b120 secure :-1 s=READY pgs=8 cs=0 l=1 rev1=1 crypto rx=0x7f3a1c006fd0 tx=0x7f3a1c006e40 comp rx=0 tx=0).stop
2024-03-12T05:02:41.465 INFO:teuthology.orchestra.run.smithi100.stdout:/usr/bin/ceph: stderr
2024-03-12T05:02:40.892+0000 7f3a33fe2700 1 -- 172.21.15.100:0/3081460060 >> [v2:172.21.15.100:3300/0,v1:172.21.15.100:6789/0] conn(0x7f3a2c07ce90 msgr2=0x7f3a2c19d6e0 secure :-1 s=STATE_CONNECTION_ESTABLISHED l=1).mark_down
2024-03-12T05:02:41.465 INFO:teuthology.orchestra.run.smithi100.stdout:/usr/bin/ceph: stderr
2024-03-12T05:02:40.892+0000 7f3a33fe2700 1 --2- 172.21.15.100:0/3081460060 >> [v2:172.21.15.100:3300/0,v1:172.21.15.100:6789/0] conn(0x7f3a2c07ce90 0x7f3a2c19d6e0 secure :-1 s=READY pgs=40 cs=0 l=1 rev1=1 crypto rx=0x7f3a28003f70 tx=0x7f3a28011b40 comp rx=0 tx=0).stop
2024-03-12T05:02:41.465 INFO:teuthology.orchestra.run.smithi100.stdout:/usr/bin/ceph: stderr
2024-03-12T05:02:40.892+0000 7f3a33fe2700 1 -- 172.21.15.100:0/3081460060 shutdown_connections
2024-03-12T05:02:41.465 INFO:teuthology.orchestra.run.smithi100.stdout:/usr/bin/ceph: stderr
2024-03-12T05:02:40.892+0000 7f3a33fe2700 1 --2- 172.21.15.100:0/3081460060 >> [v2:172.21.15.100:6800/16620000,v1:172.21.15.100:6801/16620000] conn(0x7f3a18038c60 0x7f3a1803b120 unknown :-1 s=CLOSED pgs=8 cs=0 l=1 rev1=1 crypto rx=0 tx=0 comp rx=0 tx=0).stop
2024-03-12T05:02:41.465 INFO:teuthology.orchestra.run.smithi100.stdout:/usr/bin/ceph: stderr
2024-03-12T05:02:40.892+0000 7f3a33fe2700 1 --2- 172.21.15.100:0/3081460060 >> [v2:172.21.15.100:3300/0,v1:172.21.15.100:6789/0] conn(0x7f3a2c07ce90 0x7f3a2c19d6e0 unknown :-1 s=CLOSED pgs=40 cs=0 l=1 rev1=1 crypto rx=0 tx=0 comp rx=0 tx=0).stop
2024-03-12T05:02:41.465 INFO:teuthology.orchestra.run.smithi100.stdout:/usr/bin/ceph: stderr
2024-03-12T05:02:40.892+0000 7f3a33fe2700 1 -- 172.21.15.100:0/3081460060 >> 172.21.15.100:0/3081460060 conn(0x7f3a2c102da0 msgr2=0x7f3a2c1038d0 unknown :-1 s=STATE_NONE l=0).mark_down
2024-03-12T05:02:41.465 INFO:teuthology.orchestra.run.smithi100.stdout:/usr/bin/ceph: stderr
2024-03-12T05:02:40.892+0000 7f3a33fe2700 1 -- 172.21.15.100:0/3081460060 shutdown_connections
2024-03-12T05:02:41.465 INFO:teuthology.orchestra.run.smithi100.stdout:/usr/bin/ceph: stderr
2024-03-12T05:02:40.892+0000 7f3a33fe2700 1 -- 172.21.15.100:0/3081460060 wait complete.
2024-03-12T05:02:41.465 INFO:teuthology.orchestra.run.smithi100.stdout:Generating ssh key...
2024-03-12T05:02:41.781 INFO:journalctl@ceph.mon.a.smithi100.stdout:Mar 12 05:02:41 smithi100 ceph-mon[32210]: from='client.14132 -' entity='client.admin' cmd=[{"prefix": "orch set backend", "module_name": "cephadm", "target": ["mon-mgr", ""]}]: dispatch
2024-03-12T05:02:42.501 INFO:journalctl@ceph.mgr.x.smithi100.stdout:Mar 12 05:02:42 smithi100 ceph-8a1680ae-e02d-11ee-95c8-87774f69a715-mgr-x[32441]: Generating public/private rsa key pair.
2024-03-12T05:02:42.501 INFO:journalctl@ceph.mgr.x.smithi100.stdout:Mar 12 05:02:42 smithi100 ceph-8a1680ae-e02d-11ee-95c8-87774f69a715-mgr-x[32441]: Your identification has been saved in /tmp/tmpam5km1sg/key.
2024-03-12T05:02:42.501 INFO:journalctl@ceph.mgr.x.smithi100.stdout:Mar 12 05:02:42 smithi100 ceph-8a1680ae-e02d-11ee-95c8-87774f69a715-mgr-x[32441]: Your public key has been saved in /tmp/tmpam5km1sg/key.pub.
2024-03-12T05:02:42.501 INFO:journalctl@ceph.mgr.x.smithi100.stdout:Mar 12 05:02:42 smithi100 ceph-8a1680ae-e02d-11ee-95c8-87774f69a715-mgr-x[32441]: The key fingerprint is:
2024-03-12T05:02:42.501 INFO:journalctl@ceph.mgr.x.smithi100.stdout:Mar 12 05:02:42 smithi100 ceph-8a1680ae-e02d-11ee-95c8-87774f69a715-mgr-x[32441]: SHA256:YxBDwF+SGt5aeNTQs5f/RAuExbvuB9HM4ds8+s2Oimo ceph-8a1680ae-e02d-11ee-95c8-87774f69a715
2024-03-12T05:02:42.501 INFO:journalctl@ceph.mgr.x.smithi100.stdout:Mar 12 05:02:42 smithi100 ceph-8a1680ae-e02d-11ee-95c8-87774f69a715-mgr-x[32441]: The key's randomart image is:
2024-03-12T05:02:42.501 INFO:journalctl@ceph.mgr.x.smithi100.stdout:Mar 12 05:02:42 smithi100 ceph-8a1680ae-e02d-11ee-95c8-87774f69a715-mgr-x[32441]: +---[RSA 3072]----+
2024-03-12T05:02:42.501 INFO:journalctl@ceph.mgr.x.smithi100.stdout:Mar 12 05:02:42 smithi100 ceph-8a1680ae-e02d-11ee-95c8-87774f69a715-mgr-x[32441]: | ..o== +. |
2024-03-12T05:02:42.502 INFO:journalctl@ceph.mgr.x.smithi100.stdout:Mar 12 05:02:42 smithi100 ceph-8a1680ae-e02d-11ee-95c8-87774f69a715-mgr-x[32441]: | o +o= . o . |
2024-03-12T05:02:42.502 INFO:journalctl@ceph.mgr.x.smithi100.stdout:Mar 12 05:02:42 smithi100 ceph-8a1680ae-e02d-11ee-95c8-87774f69a715-mgr-x[32441]: | . B.o o o * . |
2024-03-12T05:02:42.502 INFO:journalctl@ceph.mgr.x.smithi100.stdout:Mar 12 05:02:42 smithi100 ceph-8a1680ae-e02d-11ee-95c8-87774f69a715-mgr-x[32441]: | + =.. o + * |
2024-03-12T05:02:42.502 INFO:journalctl@ceph.mgr.x.smithi100.stdout:Mar 12 05:02:42 smithi100 ceph-8a1680ae-e02d-11ee-95c8-87774f69a715-mgr-x[32441]: | + S. . = = |
2024-03-12T05:02:42.502 INFO:journalctl@ceph.mgr.x.smithi100.stdout:Mar 12 05:02:42 smithi100 ceph-8a1680ae-e02d-11ee-95c8-87774f69a715-mgr-x[32441]: | . . . + +.o|
2024-03-12T05:02:42.502 INFO:journalctl@ceph.mgr.x.smithi100.stdout:Mar 12 05:02:42 smithi100 ceph-8a1680ae-e02d-11ee-95c8-87774f69a715-mgr-x[32441]: | . +. .|
2024-03-12T05:02:42.502 INFO:journalctl@ceph.mgr.x.smithi100.stdout:Mar 12 05:02:42 smithi100 ceph-8a1680ae-e02d-11ee-95c8-87774f69a715-mgr-x[32441]: | E ...oo.|
2024-03-12T05:02:42.502 INFO:journalctl@ceph.mgr.x.smithi100.stdout:Mar 12 05:02:42 smithi100 ceph-8a1680ae-e02d-11ee-95c8-87774f69a715-mgr-x[32441]: | .....oooo+|
2024-03-12T05:02:42.502 INFO:journalctl@ceph.mgr.x.smithi100.stdout:Mar 12 05:02:42 smithi100 ceph-8a1680ae-e02d-11ee-95c8-87774f69a715-mgr-x[32441]: +----[SHA256]-----+
2024-03-12T05:02:42.777 INFO:journalctl@ceph.mon.a.smithi100.stdout:Mar 12 05:02:42 smithi100 ceph-mon[32210]: from='client.14134 -' entity='client.admin' cmd=[{"prefix": "cephadm set-user", "user": "root", "target": ["mon-mgr", ""]}]: dispatch
2024-03-12T05:02:42.777 INFO:journalctl@ceph.mon.a.smithi100.stdout:Mar 12 05:02:42 smithi100 ceph-mon[32210]: from='mgr.14120 172.21.15.100:0/1647995372' entity='mgr.x'
2024-03-12T05:02:42.777 INFO:journalctl@ceph.mon.a.smithi100.stdout:Mar 12 05:02:42 smithi100 ceph-mon[32210]: from='mgr.14120 172.21.15.100:0/1647995372' entity='mgr.x'
2024-03-12T05:02:42.784 INFO:teuthology.orchestra.run.smithi100.stdout:/usr/bin/ceph: stderr
2024-03-12T05:02:41.876+0000 7f6ddd41a700 1 Processor -- start
2024-03-12T05:02:42.784 INFO:teuthology.orchestra.run.smithi100.stdout:/usr/bin/ceph: stderr
2024-03-12T05:02:41.876+0000 7f6ddd41a700 1 -- start start
2024-03-12T05:02:42.784 INFO:teuthology.orchestra.run.smithi100.stdout:/usr/bin/ceph: stderr
2024-03-12T05:02:41.876+0000 7f6ddd41a700 1 --2- >> [v2:172.21.15.100:3300/0,v1:172.21.15.100:6789/0] conn(0x7f6dd8105ff0 0x7f6dd8106410 unknown :-1 s=NONE pgs=0 cs=0 l=0 rev1=0 crypto rx=0 tx=0 comp rx=0 tx=0).connect
2024-03-12T05:02:42.784 INFO:teuthology.orchestra.run.smithi100.stdout:/usr/bin/ceph: stderr
2024-03-12T05:02:41.876+0000 7f6ddd41a700 1 -- --> [v2:172.21.15.100:3300/0,v1:172.21.15.100:6789/0] -- mon_getmap magic: 0 v1 -- 0x7f6dd807ae70 con 0x7f6dd8105ff0
2024-03-12T05:02:42.784 INFO:teuthology.orchestra.run.smithi100.stdout:/usr/bin/ceph: stderr
2024-03-12T05:02:41.876+0000 7f6dd6ffd700 1 --2- >> [v2:172.21.15.100:3300/0,v1:172.21.15.100:6789/0] conn(0x7f6dd8105ff0 0x7f6dd8106410 unknown :-1 s=BANNER_CONNECTING pgs=0 cs=0 l=0 rev1=0 crypto rx=0 tx=0 comp rx=0 tx=0)._handle_peer_banner_payload supported=3 required=0
2024-03-12T05:02:42.784 INFO:teuthology.orchestra.run.smithi100.stdout:/usr/bin/ceph: stderr
2024-03-12T05:02:41.876+0000 7f6dd6ffd700 1 --2- >> [v2:172.21.15.100:3300/0,v1:172.21.15.100:6789/0] conn(0x7f6dd8105ff0 0x7f6dd8106410 unknown :-1 s=HELLO_CONNECTING pgs=0 cs=0 l=0 rev1=1 crypto rx=0 tx=0 comp rx=0 tx=0).handle_hello peer v2:172.21.15.100:3300/0 says I am v2:172.21.15.100:33580/0 (socket says 172.21.15.100:33580)
2024-03-12T05:02:42.784 INFO:teuthology.orchestra.run.smithi100.stdout:/usr/bin/ceph: stderr
2024-03-12T05:02:41.876+0000 7f6dd6ffd700 1 -- 172.21.15.100:0/2180083140 learned_addr learned my addr 172.21.15.100:0/2180083140 (peer_addr_for_me v2:172.21.15.100:0/0)
2024-03-12T05:02:42.784 INFO:teuthology.orchestra.run.smithi100.stdout:/usr/bin/ceph: stderr
2024-03-12T05:02:41.877+0000 7f6dd6ffd700 1 -- 172.21.15.100:0/2180083140 --> [v2:172.21.15.100:3300/0,v1:172.21.15.100:6789/0] -- mon_subscribe({config=0+,monmap=0+}) v3 -- 0x7f6dd8106950 con 0x7f6dd8105ff0
2024-03-12T05:02:42.785 INFO:teuthology.orchestra.run.smithi100.stdout:/usr/bin/ceph: stderr
2024-03-12T05:02:41.877+0000 7f6dd6ffd700 1 --2- 172.21.15.100:0/2180083140 >> [v2:172.21.15.100:3300/0,v1:172.21.15.100:6789/0] conn(0x7f6dd8105ff0 0x7f6dd8106410 secure :-1 s=READY pgs=41 cs=0 l=1 rev1=1 crypto rx=0x7f6dd00098a0 tx=0x7f6dd0009bb0 comp rx=0 tx=0).ready entity=mon.0 client_cookie=d873eef564ce21fb server_cookie=0 in_seq=0 out_seq=0
2024-03-12T05:02:42.785 INFO:teuthology.orchestra.run.smithi100.stdout:/usr/bin/ceph: stderr
2024-03-12T05:02:41.877+0000 7f6dd5ffb700 1 -- 172.21.15.100:0/2180083140 <== mon.0 v2:172.21.15.100:3300/0 1 ==== mon_map magic: 0 v1 ==== 205+0+0 (secure 0 0 0) 0x7f6dd0004160 con 0x7f6dd8105ff0
2024-03-12T05:02:42.785 INFO:teuthology.orchestra.run.smithi100.stdout:/usr/bin/ceph: stderr
2024-03-12T05:02:41.877+0000 7f6dd5ffb700 1 -- 172.21.15.100:0/2180083140 <== mon.0 v2:172.21.15.100:3300/0 2 ==== config(27 keys) v1 ==== 1109+0+0 (secure 0 0 0) 0x7f6dd00042c0 con 0x7f6dd8105ff0
2024-03-12T05:02:42.785 INFO:teuthology.orchestra.run.smithi100.stdout:/usr/bin/ceph: stderr
2024-03-12T05:02:41.877+0000 7f6dd5ffb700 1 -- 172.21.15.100:0/2180083140 <== mon.0 v2:172.21.15.100:3300/0 3 ==== mon_map magic: 0 v1 ==== 205+0+0 (secure 0 0 0) 0x7f6dd0011ac0 con 0x7f6dd8105ff0
2024-03-12T05:02:42.785 INFO:teuthology.orchestra.run.smithi100.stdout:/usr/bin/ceph: stderr
2024-03-12T05:02:41.877+0000 7f6ddd41a700 1 -- 172.21.15.100:0/2180083140 >> [v2:172.21.15.100:3300/0,v1:172.21.15.100:6789/0] conn(0x7f6dd8105ff0 msgr2=0x7f6dd8106410 secure :-1 s=STATE_CONNECTION_ESTABLISHED l=1).mark_down
2024-03-12T05:02:42.785 INFO:teuthology.orchestra.run.smithi100.stdout:/usr/bin/ceph: stderr
2024-03-12T05:02:41.877+0000 7f6ddd41a700 1 --2- 172.21.15.100:0/2180083140 >> [v2:172.21.15.100:3300/0,v1:172.21.15.100:6789/0] conn(0x7f6dd8105ff0 0x7f6dd8106410 secure :-1 s=READY pgs=41 cs=0 l=1 rev1=1 crypto rx=0x7f6dd00098a0 tx=0x7f6dd0009bb0 comp rx=0 tx=0).stop
2024-03-12T05:02:42.785 INFO:teuthology.orchestra.run.smithi100.stdout:/usr/bin/ceph: stderr
2024-03-12T05:02:41.877+0000 7f6ddd41a700 1 -- 172.21.15.100:0/2180083140 shutdown_connections
2024-03-12T05:02:42.785 INFO:teuthology.orchestra.run.smithi100.stdout:/usr/bin/ceph: stderr
2024-03-12T05:02:41.877+0000 7f6ddd41a700 1 --2- 172.21.15.100:0/2180083140 >> [v2:172.21.15.100:3300/0,v1:172.21.15.100:6789/0] conn(0x7f6dd8105ff0 0x7f6dd8106410 unknown :-1 s=CLOSED pgs=41 cs=0 l=1 rev1=1 crypto rx=0 tx=0 comp rx=0 tx=0).stop
2024-03-12T05:02:42.785 INFO:teuthology.orchestra.run.smithi100.stdout:/usr/bin/ceph: stderr
2024-03-12T05:02:41.877+0000 7f6ddd41a700 1 -- 172.21.15.100:0/2180083140 >> 172.21.15.100:0/2180083140 conn(0x7f6dd8101c70 msgr2=0x7f6dd8104090 unknown :-1 s=STATE_NONE l=0).mark_down
2024-03-12T05:02:42.785 INFO:teuthology.orchestra.run.smithi100.stdout:/usr/bin/ceph: stderr
2024-03-12T05:02:41.877+0000 7f6ddd41a700 1 -- 172.21.15.100:0/2180083140 shutdown_connections
2024-03-12T05:02:42.785 INFO:teuthology.orchestra.run.smithi100.stdout:/usr/bin/ceph: stderr
2024-03-12T05:02:41.878+0000 7f6ddd41a700 1 -- 172.21.15.100:0/2180083140 wait complete.
2024-03-12T05:02:42.785 INFO:teuthology.orchestra.run.smithi100.stdout:/usr/bin/ceph: stderr
2024-03-12T05:02:41.878+0000 7f6ddd41a700 1 Processor -- start
2024-03-12T05:02:42.786 INFO:teuthology.orchestra.run.smithi100.stdout:/usr/bin/ceph: stderr
2024-03-12T05:02:41.878+0000 7f6ddd41a700 1 -- start start
2024-03-12T05:02:42.786 INFO:teuthology.orchestra.run.smithi100.stdout:/usr/bin/ceph: stderr
2024-03-12T05:02:41.878+0000 7f6ddd41a700 1 --2- >> [v2:172.21.15.100:3300/0,v1:172.21.15.100:6789/0] conn(0x7f6dd8105ff0 0x7f6dd819d6b0 unknown :-1 s=NONE pgs=0 cs=0 l=1 rev1=0 crypto rx=0 tx=0 comp rx=0 tx=0).connect
2024-03-12T05:02:42.786 INFO:teuthology.orchestra.run.smithi100.stdout:/usr/bin/ceph: stderr
2024-03-12T05:02:41.878+0000 7f6ddd41a700 1 -- --> [v2:172.21.15.100:3300/0,v1:172.21.15.100:6789/0] -- mon_getmap magic: 0 v1 -- 0x7f6dd819dbf0 con 0x7f6dd8105ff0
2024-03-12T05:02:42.786 INFO:teuthology.orchestra.run.smithi100.stdout:/usr/bin/ceph: stderr
2024-03-12T05:02:41.878+0000 7f6dd6ffd700 1 --2- >> [v2:172.21.15.100:3300/0,v1:172.21.15.100:6789/0] conn(0x7f6dd8105ff0 0x7f6dd819d6b0 unknown :-1 s=BANNER_CONNECTING pgs=0 cs=0 l=1 rev1=0 crypto rx=0 tx=0 comp rx=0 tx=0)._handle_peer_banner_payload supported=3 required=0
2024-03-12T05:02:42.786 INFO:teuthology.orchestra.run.smithi100.stdout:/usr/bin/ceph: stderr
2024-03-12T05:02:41.878+0000 7f6dd6ffd700 1 --2- >> [v2:172.21.15.100:3300/0,v1:172.21.15.100:6789/0] conn(0x7f6dd8105ff0 0x7f6dd819d6b0 unknown :-1 s=HELLO_CONNECTING pgs=0 cs=0 l=1 rev1=1 crypto rx=0 tx=0 comp rx=0 tx=0).handle_hello peer v2:172.21.15.100:3300/0 says I am v2:172.21.15.100:33584/0 (socket says 172.21.15.100:33584)
2024-03-12T05:02:42.786 INFO:teuthology.orchestra.run.smithi100.stdout:/usr/bin/ceph: stderr
2024-03-12T05:02:41.878+0000 7f6dd6ffd700 1 -- 172.21.15.100:0/3936735292 learned_addr learned my addr 172.21.15.100:0/3936735292 (peer_addr_for_me v2:172.21.15.100:0/0)
2024-03-12T05:02:42.786 INFO:teuthology.orchestra.run.smithi100.stdout:/usr/bin/ceph: stderr
2024-03-12T05:02:41.879+0000 7f6dd6ffd700 1 -- 172.21.15.100:0/3936735292 --> [v2:172.21.15.100:3300/0,v1:172.21.15.100:6789/0] -- mon_subscribe({config=0+,monmap=0+}) v3 -- 0x7f6dd0009550 con 0x7f6dd8105ff0
2024-03-12T05:02:42.786 INFO:teuthology.orchestra.run.smithi100.stdout:/usr/bin/ceph: stderr
2024-03-12T05:02:41.879+0000 7f6dd6ffd700 1 --2- 172.21.15.100:0/3936735292 >> [v2:172.21.15.100:3300/0,v1:172.21.15.100:6789/0] conn(0x7f6dd8105ff0 0x7f6dd819d6b0 secure :-1 s=READY pgs=42 cs=0 l=1 rev1=1 crypto rx=0x7f6dd0003f70 tx=0x7f6dd0011b40 comp rx=0 tx=0).ready entity=mon.0 client_cookie=0 server_cookie=0 in_seq=0 out_seq=0
2024-03-12T05:02:42.786 INFO:teuthology.orchestra.run.smithi100.stdout:/usr/bin/ceph: stderr
2024-03-12T05:02:41.879+0000 7f6dbffff700 1 -- 172.21.15.100:0/3936735292 <== mon.0 v2:172.21.15.100:3300/0 1 ==== mon_map magic: 0 v1 ==== 205+0+0 (secure 0 0 0) 0x7f6dd00039f0 con 0x7f6dd8105ff0
2024-03-12T05:02:42.786 INFO:teuthology.orchestra.run.smithi100.stdout:/usr/bin/ceph: stderr
2024-03-12T05:02:41.879+0000 7f6dbffff700 1 -- 172.21.15.100:0/3936735292 <== mon.0 v2:172.21.15.100:3300/0 2 ==== config(27 keys) v1 ==== 1109+0+0 (secure 0 0 0) 0x7f6dd0003b50 con 0x7f6dd8105ff0
2024-03-12T05:02:42.786 INFO:teuthology.orchestra.run.smithi100.stdout:/usr/bin/ceph: stderr
2024-03-12T05:02:41.879+0000 7f6ddd41a700 1 -- 172.21.15.100:0/3936735292 --> [v2:172.21.15.100:3300/0,v1:172.21.15.100:6789/0] -- mon_subscribe({mgrmap=0+}) v3 -- 0x7f6dd819ddf0 con 0x7f6dd8105ff0
2024-03-12T05:02:42.786 INFO:teuthology.orchestra.run.smithi100.stdout:/usr/bin/ceph: stderr
2024-03-12T05:02:41.879+0000 7f6dbffff700 1 -- 172.21.15.100:0/3936735292 <== mon.0 v2:172.21.15.100:3300/0 3 ==== mon_map magic: 0 v1 ==== 205+0+0 (secure 0 0 0) 0x7f6dd001a760 con 0x7f6dd8105ff0
2024-03-12T05:02:42.786 INFO:teuthology.orchestra.run.smithi100.stdout:/usr/bin/ceph: stderr
2024-03-12T05:02:41.879+0000 7f6ddd41a700 1 -- 172.21.15.100:0/3936735292 --> [v2:172.21.15.100:3300/0,v1:172.21.15.100:6789/0] -- mon_subscribe({osdmap=0}) v3 -- 0x7f6dd819e290 con 0x7f6dd8105ff0
2024-03-12T05:02:42.787 INFO:teuthology.orchestra.run.smithi100.stdout:/usr/bin/ceph: stderr
2024-03-12T05:02:41.880+0000 7f6dbffff700 1 -- 172.21.15.100:0/3936735292 <== mon.0 v2:172.21.15.100:3300/0 4 ==== mgrmap(e 8) v1 ==== 45769+0+0 (secure 0 0 0) 0x7f6dd001a8e0 con 0x7f6dd8105ff0
2024-03-12T05:02:42.787 INFO:teuthology.orchestra.run.smithi100.stdout:/usr/bin/ceph: stderr
2024-03-12T05:02:41.880+0000 7f6ddd41a700 1 -- 172.21.15.100:0/3936735292 --> [v2:172.21.15.100:3300/0,v1:172.21.15.100:6789/0] -- mon_command({"prefix": "get_command_descriptions"} v 0) v1 -- 0x7f6dd8197320 con 0x7f6dd8105ff0
2024-03-12T05:02:42.787 INFO:teuthology.orchestra.run.smithi100.stdout:/usr/bin/ceph: stderr
2024-03-12T05:02:41.880+0000 7f6dbffff700 1 --2- 172.21.15.100:0/3936735292 >> [v2:172.21.15.100:6800/16620000,v1:172.21.15.100:6801/16620000] conn(0x7f6dc0038cb0 0x7f6dc003b170 unknown :-1 s=NONE pgs=0 cs=0 l=1 rev1=0 crypto rx=0 tx=0 comp rx=0 tx=0).connect
2024-03-12T05:02:42.787 INFO:teuthology.orchestra.run.smithi100.stdout:/usr/bin/ceph: stderr
2024-03-12T05:02:41.880+0000 7f6dbffff700 1 -- 172.21.15.100:0/3936735292 <== mon.0 v2:172.21.15.100:3300/0 5 ==== osd_map(2..2 src has 1..2) v4 ==== 940+0+0 (secure 0 0 0) 0x7f6dd004d000 con 0x7f6dd8105ff0
2024-03-12T05:02:42.787 INFO:teuthology.orchestra.run.smithi100.stdout:/usr/bin/ceph: stderr
2024-03-12T05:02:41.880+0000 7f6dd67fc700 1 --2- 172.21.15.100:0/3936735292 >> [v2:172.21.15.100:6800/16620000,v1:172.21.15.100:6801/16620000] conn(0x7f6dc0038cb0 0x7f6dc003b170 unknown :-1 s=BANNER_CONNECTING pgs=0 cs=0 l=1 rev1=0 crypto rx=0 tx=0 comp rx=0 tx=0)._handle_peer_banner_payload supported=3 required=0
2024-03-12T05:02:42.787 INFO:teuthology.orchestra.run.smithi100.stdout:/usr/bin/ceph: stderr
2024-03-12T05:02:41.881+0000 7f6dd67fc700 1 --2- 172.21.15.100:0/3936735292 >> [v2:172.21.15.100:6800/16620000,v1:172.21.15.100:6801/16620000] conn(0x7f6dc0038cb0 0x7f6dc003b170 secure :-1 s=READY pgs=9 cs=0 l=1 rev1=1 crypto rx=0x7f6dcc006fd0 tx=0x7f6dcc006e40 comp rx=0 tx=0).ready entity=mgr.14120 client_cookie=0 server_cookie=0 in_seq=0 out_seq=0
2024-03-12T05:02:42.787 INFO:teuthology.orchestra.run.smithi100.stdout:/usr/bin/ceph: stderr
2024-03-12T05:02:41.885+0000 7f6dbffff700 1 -- 172.21.15.100:0/3936735292 <== mon.0 v2:172.21.15.100:3300/0 6 ==== mon_command_ack([{"prefix": "get_command_descriptions"}]=0 v0) v1 ==== 72+0+183564 (secure 0 0 0) 0x7f6dd0080d20 con 0x7f6dd8105ff0
2024-03-12T05:02:42.787 INFO:teuthology.orchestra.run.smithi100.stdout:/usr/bin/ceph: stderr
2024-03-12T05:02:42.075+0000 7f6ddd41a700 1 -- 172.21.15.100:0/3936735292 --> [v2:172.21.15.100:6800/16620000,v1:172.21.15.100:6801/16620000] -- mgr_command(tid 0: {"prefix": "cephadm generate-key", "target": ["mon-mgr", ""]}) v1 -- 0x7f6dd802d9d0 con 0x7f6dc0038cb0
2024-03-12T05:02:42.787 INFO:teuthology.orchestra.run.smithi100.stdout:/usr/bin/ceph: stderr
2024-03-12T05:02:42.204+0000 7f6dbffff700 1 -- 172.21.15.100:0/3936735292 <== mgr.14120 v2:172.21.15.100:6800/16620000 1 ==== mgr_command_reply(tid 0: 0 ) v1 ==== 8+0+0 (secure 0 0 0) 0x7f6dd802d9d0 con 0x7f6dc0038cb0
2024-03-12T05:02:42.787 INFO:teuthology.orchestra.run.smithi100.stdout:/usr/bin/ceph: stderr
2024-03-12T05:02:42.206+0000 7f6ddd41a700 1 -- 172.21.15.100:0/3936735292 >> [v2:172.21.15.100:6800/16620000,v1:172.21.15.100:6801/16620000] conn(0x7f6dc0038cb0 msgr2=0x7f6dc003b170 secure :-1 s=STATE_CONNECTION_ESTABLISHED l=1).mark_down
2024-03-12T05:02:42.787 INFO:teuthology.orchestra.run.smithi100.stdout:/usr/bin/ceph: stderr
2024-03-12T05:02:42.206+0000 7f6ddd41a700 1 --2- 172.21.15.100:0/3936735292 >> [v2:172.21.15.100:6800/16620000,v1:172.21.15.100:6801/16620000] conn(0x7f6dc0038cb0 0x7f6dc003b170 secure :-1 s=READY pgs=9 cs=0 l=1 rev1=1 crypto rx=0x7f6dcc006fd0 tx=0x7f6dcc006e40 comp rx=0 tx=0).stop
2024-03-12T05:02:42.787 INFO:teuthology.orchestra.run.smithi100.stdout:/usr/bin/ceph: stderr
2024-03-12T05:02:42.206+0000 7f6ddd41a700 1 -- 172.21.15.100:0/3936735292 >> [v2:172.21.15.100:3300/0,v1:172.21.15.100:6789/0] conn(0x7f6dd8105ff0 msgr2=0x7f6dd819d6b0 secure :-1 s=STATE_CONNECTION_ESTABLISHED l=1).mark_down
2024-03-12T05:02:42.787 INFO:teuthology.orchestra.run.smithi100.stdout:/usr/bin/ceph: stderr
2024-03-12T05:02:42.206+0000 7f6ddd41a700 1 --2- 172.21.15.100:0/3936735292 >> [v2:172.21.15.100:3300/0,v1:172.21.15.100:6789/0] conn(0x7f6dd8105ff0 0x7f6dd819d6b0 secure :-1 s=READY pgs=42 cs=0 l=1 rev1=1 crypto rx=0x7f6dd0003f70 tx=0x7f6dd0011b40 comp rx=0 tx=0).stop
2024-03-12T05:02:42.788 INFO:teuthology.orchestra.run.smithi100.stdout:/usr/bin/ceph: stderr
2024-03-12T05:02:42.206+0000 7f6ddd41a700 1 -- 172.21.15.100:0/3936735292 shutdown_connections
2024-03-12T05:02:42.788 INFO:teuthology.orchestra.run.smithi100.stdout:/usr/bin/ceph: stderr
2024-03-12T05:02:42.206+0000 7f6ddd41a700 1 --2- 172.21.15.100:0/3936735292 >> [v2:172.21.15.100:6800/16620000,v1:172.21.15.100:6801/16620000] conn(0x7f6dc0038cb0 0x7f6dc003b170 unknown :-1 s=CLOSED pgs=9 cs=0 l=1 rev1=1 crypto rx=0 tx=0 comp rx=0 tx=0).stop
2024-03-12T05:02:42.788 INFO:teuthology.orchestra.run.smithi100.stdout:/usr/bin/ceph: stderr
2024-03-12T05:02:42.206+0000 7f6ddd41a700 1 --2- 172.21.15.100:0/3936735292 >> [v2:172.21.15.100:3300/0,v1:172.21.15.100:6789/0] conn(0x7f6dd8105ff0 0x7f6dd819d6b0 unknown :-1 s=CLOSED pgs=42 cs=0 l=1 rev1=1 crypto rx=0 tx=0 comp rx=0 tx=0).stop
2024-03-12T05:02:42.788 INFO:teuthology.orchestra.run.smithi100.stdout:/usr/bin/ceph: stderr
2024-03-12T05:02:42.206+0000 7f6ddd41a700 1 -- 172.21.15.100:0/3936735292 >> 172.21.15.100:0/3936735292 conn(0x7f6dd8101c70 msgr2=0x7f6dd8194460 unknown :-1 s=STATE_NONE l=0).mark_down
2024-03-12T05:02:42.788 INFO:teuthology.orchestra.run.smithi100.stdout:/usr/bin/ceph: stderr
2024-03-12T05:02:42.206+0000 7f6ddd41a700 1 -- 172.21.15.100:0/3936735292 shutdown_connections
2024-03-12T05:02:42.788 INFO:teuthology.orchestra.run.smithi100.stdout:/usr/bin/ceph: stderr
2024-03-12T05:02:42.206+0000 7f6ddd41a700 1 -- 172.21.15.100:0/3936735292 wait complete.
2024-03-12T05:02:43.823 INFO:journalctl@ceph.mon.a.smithi100.stdout:Mar 12 05:02:43 smithi100 ceph-mon[32210]: from='client.14136 -' entity='client.admin' cmd=[{"prefix": "cephadm generate-key", "target": ["mon-mgr", ""]}]: dispatch
2024-03-12T05:02:43.823 INFO:journalctl@ceph.mon.a.smithi100.stdout:Mar 12 05:02:43 smithi100 ceph-mon[32210]: Generating ssh key...
2024-03-12T05:02:43.874 INFO:teuthology.orchestra.run.smithi100.stdout:/usr/bin/ceph: stdout ssh-rsa AAAAB3NzaC1yc2EAAAADAQABAAABgQDY6Db6ogQ6HXF+Y8ifXaFgQS+0rzmv9FI3FjsOlcvLkmMk6tGN3Bb8woSkEE4Hfn9O3wNM1OLAJ2vwpgdX4KL76VdRgeEs2dt35FgN/xgNCbyACoQSMxROaX94V24KHJmrlgga1qhcpAFzxZR5z1FBnVbNRNhF0yOVqYXqnYzceSlJh5/dZkFOP22zQ786tbOPcBMtBBb09d7ursasZo4rmonlSbQJdlTJqr+OCmOwXcoQbCwa8GhtqdSXdKnUdEPQDe7wg/ntsiVDtmByW5tVt5ZzlPoSHKXdwkgjsyneSHnQi19/Y0ayEroorZOq07h8HvcOlTo4Sfvk+vBJFiFsoUok6t0uJLQfywTRWeKNoByum8hI8ABNyM/PHEoRW82WzTj0JtNXWUunhOyue5nNBYWJLm3wCOY30MR0b+lFdKYItcurhm5RDAXyUgfv0PIK/EpeSG8WIWl5DAz4nyRpVh5wZj/+lzV4c4bfuMmG1R2Qn4x3WXO/Mtw4v65iAvM= ceph-8a1680ae-e02d-11ee-95c8-87774f69a715
2024-03-12T05:02:43.874 INFO:teuthology.orchestra.run.smithi100.stdout:/usr/bin/ceph: stderr
2024-03-12T05:02:43.168+0000 7f1fd7c9c700 1 Processor -- start
2024-03-12T05:02:43.874 INFO:teuthology.orchestra.run.smithi100.stdout:/usr/bin/ceph: stderr
2024-03-12T05:02:43.169+0000 7f1fd7c9c700 1 -- start start
2024-03-12T05:02:43.874 INFO:teuthology.orchestra.run.smithi100.stdout:/usr/bin/ceph: stderr
2024-03-12T05:02:43.169+0000 7f1fd7c9c700 1 --2- >> [v2:172.21.15.100:3300/0,v1:172.21.15.100:6789/0] conn(0x7f1fd0107720 0x7f1fd0107b40 unknown :-1 s=NONE pgs=0 cs=0 l=0 rev1=0 crypto rx=0 tx=0 comp rx=0 tx=0).connect
2024-03-12T05:02:43.874 INFO:teuthology.orchestra.run.smithi100.stdout:/usr/bin/ceph: stderr
2024-03-12T05:02:43.169+0000 7f1fd7c9c700 1 -- --> [v2:172.21.15.100:3300/0,v1:172.21.15.100:6789/0] -- mon_getmap magic: 0 v1 -- 0x7f1fd0108110 con 0x7f1fd0107720
2024-03-12T05:02:43.874 INFO:teuthology.orchestra.run.smithi100.stdout:/usr/bin/ceph: stderr
2024-03-12T05:02:43.169+0000 7f1fd5a38700 1 --2- >> [v2:172.21.15.100:3300/0,v1:172.21.15.100:6789/0] conn(0x7f1fd0107720 0x7f1fd0107b40 unknown :-1 s=BANNER_CONNECTING pgs=0 cs=0 l=0 rev1=0 crypto rx=0 tx=0 comp rx=0 tx=0)._handle_peer_banner_payload supported=3 required=0
2024-03-12T05:02:43.874 INFO:teuthology.orchestra.run.smithi100.stdout:/usr/bin/ceph: stderr
2024-03-12T05:02:43.169+0000 7f1fd5a38700 1 --2- >> [v2:172.21.15.100:3300/0,v1:172.21.15.100:6789/0] conn(0x7f1fd0107720 0x7f1fd0107b40 unknown :-1 s=HELLO_CONNECTING pgs=0 cs=0 l=0 rev1=1 crypto rx=0 tx=0 comp rx=0 tx=0).handle_hello peer v2:172.21.15.100:3300/0 says I am v2:172.21.15.100:33590/0 (socket says 172.21.15.100:33590)
2024-03-12T05:02:43.874 INFO:teuthology.orchestra.run.smithi100.stdout:/usr/bin/ceph: stderr
2024-03-12T05:02:43.169+0000 7f1fd5a38700 1 -- 172.21.15.100:0/4004513424 learned_addr learned my addr 172.21.15.100:0/4004513424 (peer_addr_for_me v2:172.21.15.100:0/0)
2024-03-12T05:02:43.874 INFO:teuthology.orchestra.run.smithi100.stdout:/usr/bin/ceph: stderr
2024-03-12T05:02:43.169+0000 7f1fd5a38700 1 -- 172.21.15.100:0/4004513424 --> [v2:172.21.15.100:3300/0,v1:172.21.15.100:6789/0] -- mon_subscribe({config=0+,monmap=0+}) v3 -- 0x7f1fd01088d0 con 0x7f1fd0107720
2024-03-12T05:02:43.874 INFO:teuthology.orchestra.run.smithi100.stdout:/usr/bin/ceph: stderr
2024-03-12T05:02:43.169+0000 7f1fd5a38700 1 --2- 172.21.15.100:0/4004513424 >> [v2:172.21.15.100:3300/0,v1:172.21.15.100:6789/0] conn(0x7f1fd0107720 0x7f1fd0107b40 secure :-1 s=READY pgs=43 cs=0 l=1 rev1=1 crypto rx=0x7f1fc00098a0 tx=0x7f1fc0009bb0 comp rx=0 tx=0).ready entity=mon.0 client_cookie=c6897992bcf677fc server_cookie=0 in_seq=0 out_seq=0
2024-03-12T05:02:43.875 INFO:teuthology.orchestra.run.smithi100.stdout:/usr/bin/ceph: stderr
2024-03-12T05:02:43.170+0000 7f1fd4a36700 1 -- 172.21.15.100:0/4004513424 <== mon.0 v2:172.21.15.100:3300/0 1 ==== mon_map magic: 0 v1 ==== 205+0+0 (secure 0 0 0) 0x7f1fc0004160 con 0x7f1fd0107720
2024-03-12T05:02:43.875 INFO:teuthology.orchestra.run.smithi100.stdout:/usr/bin/ceph: stderr
2024-03-12T05:02:43.170+0000 7f1fd4a36700 1 -- 172.21.15.100:0/4004513424 <== mon.0 v2:172.21.15.100:3300/0 2 ==== config(27 keys) v1 ==== 1109+0+0 (secure 0 0 0) 0x7f1fc00042c0 con 0x7f1fd0107720
2024-03-12T05:02:43.875 INFO:teuthology.orchestra.run.smithi100.stdout:/usr/bin/ceph: stderr
2024-03-12T05:02:43.170+0000 7f1fd4a36700 1 -- 172.21.15.100:0/4004513424 <== mon.0 v2:172.21.15.100:3300/0 3 ==== mon_map magic: 0 v1 ==== 205+0+0 (secure 0 0 0) 0x7f1fc0011ac0 con 0x7f1fd0107720
2024-03-12T05:02:43.875 INFO:teuthology.orchestra.run.smithi100.stdout:/usr/bin/ceph: stderr
2024-03-12T05:02:43.170+0000 7f1fd7c9c700 1 -- 172.21.15.100:0/4004513424 >> [v2:172.21.15.100:3300/0,v1:172.21.15.100:6789/0] conn(0x7f1fd0107720 msgr2=0x7f1fd0107b40 secure :-1 s=STATE_CONNECTION_ESTABLISHED l=1).mark_down
2024-03-12T05:02:43.875 INFO:teuthology.orchestra.run.smithi100.stdout:/usr/bin/ceph: stderr
2024-03-12T05:02:43.170+0000 7f1fd7c9c700 1 --2- 172.21.15.100:0/4004513424 >> [v2:172.21.15.100:3300/0,v1:172.21.15.100:6789/0] conn(0x7f1fd0107720 0x7f1fd0107b40 secure :-1 s=READY pgs=43 cs=0 l=1 rev1=1 crypto rx=0x7f1fc00098a0 tx=0x7f1fc0009bb0 comp rx=0 tx=0).stop
2024-03-12T05:02:43.875 INFO:teuthology.orchestra.run.smithi100.stdout:/usr/bin/ceph: stderr
2024-03-12T05:02:43.170+0000 7f1fd7c9c700 1 -- 172.21.15.100:0/4004513424 shutdown_connections
2024-03-12T05:02:43.875 INFO:teuthology.orchestra.run.smithi100.stdout:/usr/bin/ceph: stderr
2024-03-12T05:02:43.170+0000 7f1fd7c9c700 1 --2- 172.21.15.100:0/4004513424 >> [v2:172.21.15.100:3300/0,v1:172.21.15.100:6789/0] conn(0x7f1fd0107720 0x7f1fd0107b40 unknown :-1 s=CLOSED pgs=43 cs=0 l=1 rev1=1 crypto rx=0 tx=0 comp rx=0 tx=0).stop
2024-03-12T05:02:43.875 INFO:teuthology.orchestra.run.smithi100.stdout:/usr/bin/ceph: stderr
2024-03-12T05:02:43.170+0000 7f1fd7c9c700 1 -- 172.21.15.100:0/4004513424 >> 172.21.15.100:0/4004513424 conn(0x7f1fd0102da0 msgr2=0x7f1fd01051c0 unknown :-1 s=STATE_NONE l=0).mark_down
2024-03-12T05:02:43.875 INFO:teuthology.orchestra.run.smithi100.stdout:/usr/bin/ceph: stderr
2024-03-12T05:02:43.170+0000 7f1fd7c9c700 1 -- 172.21.15.100:0/4004513424 shutdown_connections
2024-03-12T05:02:43.875 INFO:teuthology.orchestra.run.smithi100.stdout:/usr/bin/ceph: stderr
2024-03-12T05:02:43.170+0000 7f1fd7c9c700 1 -- 172.21.15.100:0/4004513424 wait complete.
2024-03-12T05:02:43.875 INFO:teuthology.orchestra.run.smithi100.stdout:/usr/bin/ceph: stderr
2024-03-12T05:02:43.171+0000 7f1fd7c9c700 1 Processor -- start
2024-03-12T05:02:43.875 INFO:teuthology.orchestra.run.smithi100.stdout:/usr/bin/ceph: stderr
2024-03-12T05:02:43.171+0000 7f1fd7c9c700 1 -- start start
2024-03-12T05:02:43.875 INFO:teuthology.orchestra.run.smithi100.stdout:/usr/bin/ceph: stderr
2024-03-12T05:02:43.171+0000 7f1fd7c9c700 1 --2- >> [v2:172.21.15.100:3300/0,v1:172.21.15.100:6789/0] conn(0x7f1fd0107720 0x7f1fd019b560 unknown :-1 s=NONE pgs=0 cs=0 l=1 rev1=0 crypto rx=0 tx=0 comp rx=0 tx=0).connect
2024-03-12T05:02:43.876 INFO:teuthology.orchestra.run.smithi100.stdout:/usr/bin/ceph: stderr
2024-03-12T05:02:43.171+0000 7f1fd7c9c700 1 -- --> [v2:172.21.15.100:3300/0,v1:172.21.15.100:6789/0] -- mon_getmap magic: 0 v1 -- 0x7f1fd019baa0 con 0x7f1fd0107720
2024-03-12T05:02:43.876 INFO:teuthology.orchestra.run.smithi100.stdout:/usr/bin/ceph: stderr
2024-03-12T05:02:43.171+0000 7f1fd5a38700 1 --2- >> [v2:172.21.15.100:3300/0,v1:172.21.15.100:6789/0] conn(0x7f1fd0107720 0x7f1fd019b560 unknown :-1 s=BANNER_CONNECTING pgs=0 cs=0 l=1 rev1=0 crypto rx=0 tx=0 comp rx=0 tx=0)._handle_peer_banner_payload supported=3 required=0
2024-03-12T05:02:43.876 INFO:teuthology.orchestra.run.smithi100.stdout:/usr/bin/ceph: stderr
2024-03-12T05:02:43.171+0000 7f1fd5a38700 1 --2- >> [v2:172.21.15.100:3300/0,v1:172.21.15.100:6789/0] conn(0x7f1fd0107720 0x7f1fd019b560 unknown :-1 s=HELLO_CONNECTING pgs=0 cs=0 l=1 rev1=1 crypto rx=0 tx=0 comp rx=0 tx=0).handle_hello peer v2:172.21.15.100:3300/0 says I am v2:172.21.15.100:33598/0 (socket says 172.21.15.100:33598)
2024-03-12T05:02:43.876 INFO:teuthology.orchestra.run.smithi100.stdout:/usr/bin/ceph: stderr
2024-03-12T05:02:43.171+0000 7f1fd5a38700 1 -- 172.21.15.100:0/3049002623 learned_addr learned my addr 172.21.15.100:0/3049002623 (peer_addr_for_me v2:172.21.15.100:0/0)
2024-03-12T05:02:43.876 INFO:teuthology.orchestra.run.smithi100.stdout:/usr/bin/ceph: stderr
2024-03-12T05:02:43.171+0000 7f1fd5a38700 1 -- 172.21.15.100:0/3049002623 --> [v2:172.21.15.100:3300/0,v1:172.21.15.100:6789/0] -- mon_subscribe({config=0+,monmap=0+}) v3 -- 0x7f1fc0009550 con 0x7f1fd0107720
2024-03-12T05:02:43.876 INFO:teuthology.orchestra.run.smithi100.stdout:/usr/bin/ceph: stderr
2024-03-12T05:02:43.172+0000 7f1fd5a38700 1 --2- 172.21.15.100:0/3049002623 >> [v2:172.21.15.100:3300/0,v1:172.21.15.100:6789/0] conn(0x7f1fd0107720 0x7f1fd019b560 secure :-1 s=READY pgs=44 cs=0 l=1 rev1=1 crypto rx=0x7f1fc0009fb0 tx=0x7f1fc0011b20 comp rx=0 tx=0).ready entity=mon.0 client_cookie=0 server_cookie=0 in_seq=0 out_seq=0
2024-03-12T05:02:43.876 INFO:teuthology.orchestra.run.smithi100.stdout:/usr/bin/ceph: stderr
2024-03-12T05:02:43.172+0000 7f1fc6ffd700 1 -- 172.21.15.100:0/3049002623 <== mon.0 v2:172.21.15.100:3300/0 1 ==== mon_map magic: 0 v1 ==== 205+0+0 (secure 0 0 0) 0x7f1fc00038b0 con 0x7f1fd0107720
2024-03-12T05:02:43.876 INFO:teuthology.orchestra.run.smithi100.stdout:/usr/bin/ceph: stderr
2024-03-12T05:02:43.172+0000 7f1fc6ffd700 1 -- 172.21.15.100:0/3049002623 <== mon.0 v2:172.21.15.100:3300/0 2 ==== config(27 keys) v1 ==== 1109+0+0 (secure 0 0 0) 0x7f1fc0003a10 con 0x7f1fd0107720
2024-03-12T05:02:43.876 INFO:teuthology.orchestra.run.smithi100.stdout:/usr/bin/ceph: stderr
2024-03-12T05:02:43.172+0000 7f1fd7c9c700 1 -- 172.21.15.100:0/3049002623 --> [v2:172.21.15.100:3300/0,v1:172.21.15.100:6789/0] -- mon_subscribe({mgrmap=0+}) v3 -- 0x7f1fd019bca0 con 0x7f1fd0107720
2024-03-12T05:02:43.876 INFO:teuthology.orchestra.run.smithi100.stdout:/usr/bin/ceph: stderr
2024-03-12T05:02:43.172+0000 7f1fc6ffd700 1 -- 172.21.15.100:0/3049002623 <== mon.0 v2:172.21.15.100:3300/0 3 ==== mon_map magic: 0 v1 ==== 205+0+0 (secure 0 0 0) 0x7f1fc00195e0 con 0x7f1fd0107720
2024-03-12T05:02:43.876 INFO:teuthology.orchestra.run.smithi100.stdout:/usr/bin/ceph: stderr
2024-03-12T05:02:43.172+0000 7f1fd7c9c700 1 -- 172.21.15.100:0/3049002623 --> [v2:172.21.15.100:3300/0,v1:172.21.15.100:6789/0] -- mon_subscribe({osdmap=0}) v3 -- 0x7f1fd019c140 con 0x7f1fd0107720
2024-03-12T05:02:43.876 INFO:teuthology.orchestra.run.smithi100.stdout:/usr/bin/ceph: stderr
2024-03-12T05:02:43.173+0000 7f1fc6ffd700 1 -- 172.21.15.100:0/3049002623 <== mon.0 v2:172.21.15.100:3300/0 4 ==== mgrmap(e 8) v1 ==== 45769+0+0 (secure 0 0 0) 0x7f1fc00198a0 con 0x7f1fd0107720
2024-03-12T05:02:43.876 INFO:teuthology.orchestra.run.smithi100.stdout:/usr/bin/ceph: stderr
2024-03-12T05:02:43.173+0000 7f1fd7c9c700 1 -- 172.21.15.100:0/3049002623 --> [v2:172.21.15.100:3300/0,v1:172.21.15.100:6789/0] -- mon_command({"prefix": "get_command_descriptions"} v 0) v1 -- 0x7f1fd010bb00 con 0x7f1fd0107720
2024-03-12T05:02:43.877 INFO:teuthology.orchestra.run.smithi100.stdout:/usr/bin/ceph: stderr
2024-03-12T05:02:43.173+0000 7f1fc6ffd700 1 --2- 172.21.15.100:0/3049002623 >> [v2:172.21.15.100:6800/16620000,v1:172.21.15.100:6801/16620000] conn(0x7f1fbc038c60 0x7f1fbc03b120 unknown :-1 s=NONE pgs=0 cs=0 l=1 rev1=0 crypto rx=0 tx=0 comp rx=0 tx=0).connect
2024-03-12T05:02:43.877 INFO:teuthology.orchestra.run.smithi100.stdout:/usr/bin/ceph: stderr
2024-03-12T05:02:43.173+0000 7f1fc6ffd700 1 -- 172.21.15.100:0/3049002623 <== mon.0 v2:172.21.15.100:3300/0 5 ==== osd_map(2..2 src has 1..2) v4 ==== 940+0+0 (secure 0 0 0) 0x7f1fc004ce70 con 0x7f1fd0107720
2024-03-12T05:02:43.877 INFO:teuthology.orchestra.run.smithi100.stdout:/usr/bin/ceph: stderr
2024-03-12T05:02:43.173+0000 7f1fd5237700 1 --2- 172.21.15.100:0/3049002623 >> [v2:172.21.15.100:6800/16620000,v1:172.21.15.100:6801/16620000] conn(0x7f1fbc038c60 0x7f1fbc03b120 unknown :-1 s=BANNER_CONNECTING pgs=0 cs=0 l=1 rev1=0 crypto rx=0 tx=0 comp rx=0 tx=0)._handle_peer_banner_payload supported=3 required=0
2024-03-12T05:02:43.877 INFO:teuthology.orchestra.run.smithi100.stdout:/usr/bin/ceph: stderr
2024-03-12T05:02:43.173+0000 7f1fd5237700 1 --2- 172.21.15.100:0/3049002623 >> [v2:172.21.15.100:6800/16620000,v1:172.21.15.100:6801/16620000] conn(0x7f1fbc038c60 0x7f1fbc03b120 secure :-1 s=READY pgs=10 cs=0 l=1 rev1=1 crypto rx=0x7f1fcc006fd0 tx=0x7f1fcc006e40 comp rx=0 tx=0).ready entity=mgr.14120 client_cookie=0 server_cookie=0 in_seq=0 out_seq=0
2024-03-12T05:02:43.877 INFO:teuthology.orchestra.run.smithi100.stdout:/usr/bin/ceph: stderr
2024-03-12T05:02:43.178+0000 7f1fc6ffd700 1 -- 172.21.15.100:0/3049002623 <== mon.0 v2:172.21.15.100:3300/0 6 ==== mon_command_ack([{"prefix": "get_command_descriptions"}]=0 v0) v1 ==== 72+0+183564 (secure 0 0 0) 0x7f1fc002b340 con 0x7f1fd0107720
2024-03-12T05:02:43.877 INFO:teuthology.orchestra.run.smithi100.stdout:/usr/bin/ceph: stderr
2024-03-12T05:02:43.371+0000 7f1fd7c9c700 1 -- 172.21.15.100:0/3049002623 --> [v2:172.21.15.100:6800/16620000,v1:172.21.15.100:6801/16620000] -- mgr_command(tid 0: {"prefix": "cephadm get-pub-key", "target": ["mon-mgr", ""]}) v1 -- 0x7f1fd0104060 con 0x7f1fbc038c60
2024-03-12T05:02:43.877 INFO:teuthology.orchestra.run.smithi100.stdout:/usr/bin/ceph: stderr
2024-03-12T05:02:43.371+0000 7f1fc6ffd700 1 -- 172.21.15.100:0/3049002623 <== mgr.14120 v2:172.21.15.100:6800/16620000 1 ==== mgr_command_reply(tid 0: 0 ) v1 ==== 8+0+595 (secure 0 0 0) 0x7f1fd0104060 con 0x7f1fbc038c60
2024-03-12T05:02:43.877 INFO:teuthology.orchestra.run.smithi100.stdout:/usr/bin/ceph: stderr
2024-03-12T05:02:43.373+0000 7f1fd7c9c700 1 -- 172.21.15.100:0/3049002623 >> [v2:172.21.15.100:6800/16620000,v1:172.21.15.100:6801/16620000] conn(0x7f1fbc038c60 msgr2=0x7f1fbc03b120 secure :-1 s=STATE_CONNECTION_ESTABLISHED l=1).mark_down
2024-03-12T05:02:43.877 INFO:teuthology.orchestra.run.smithi100.stdout:/usr/bin/ceph: stderr
2024-03-12T05:02:43.373+0000 7f1fd7c9c700 1 --2- 172.21.15.100:0/3049002623 >> [v2:172.21.15.100:6800/16620000,v1:172.21.15.100:6801/16620000] conn(0x7f1fbc038c60 0x7f1fbc03b120 secure :-1 s=READY pgs=10 cs=0 l=1 rev1=1 crypto rx=0x7f1fcc006fd0 tx=0x7f1fcc006e40 comp rx=0 tx=0).stop
2024-03-12T05:02:43.877 INFO:teuthology.orchestra.run.smithi100.stdout:/usr/bin/ceph: stderr
2024-03-12T05:02:43.373+0000 7f1fd7c9c700 1 -- 172.21.15.100:0/3049002623 >> [v2:172.21.15.100:3300/0,v1:172.21.15.100:6789/0] conn(0x7f1fd0107720 msgr2=0x7f1fd019b560 secure :-1 s=STATE_CONNECTION_ESTABLISHED l=1).mark_down
2024-03-12T05:02:43.877 INFO:teuthology.orchestra.run.smithi100.stdout:/usr/bin/ceph: stderr
2024-03-12T05:02:43.373+0000 7f1fd7c9c700 1 --2- 172.21.15.100:0/3049002623 >> [v2:172.21.15.100:3300/0,v1:172.21.15.100:6789/0] conn(0x7f1fd0107720 0x7f1fd019b560 secure :-1 s=READY pgs=44 cs=0 l=1 rev1=1 crypto rx=0x7f1fc0009fb0 tx=0x7f1fc0011b20 comp rx=0 tx=0).stop
2024-03-12T05:02:43.877 INFO:teuthology.orchestra.run.smithi100.stdout:/usr/bin/ceph: stderr
2024-03-12T05:02:43.374+0000 7f1fd7c9c700 1 -- 172.21.15.100:0/3049002623 shutdown_connections
2024-03-12T05:02:43.877 INFO:teuthology.orchestra.run.smithi100.stdout:/usr/bin/ceph: stderr
2024-03-12T05:02:43.374+0000 7f1fd7c9c700 1 --2- 172.21.15.100:0/3049002623 >> [v2:172.21.15.100:6800/16620000,v1:172.21.15.100:6801/16620000] conn(0x7f1fbc038c60 0x7f1fbc03b120 unknown :-1 s=CLOSED pgs=10 cs=0 l=1 rev1=1 crypto rx=0 tx=0 comp rx=0 tx=0).stop
2024-03-12T05:02:43.877 INFO:teuthology.orchestra.run.smithi100.stdout:/usr/bin/ceph: stderr
2024-03-12T05:02:43.374+0000 7f1fd7c9c700 1 --2- 172.21.15.100:0/3049002623 >> [v2:172.21.15.100:3300/0,v1:172.21.15.100:6789/0] conn(0x7f1fd0107720 0x7f1fd019b560 unknown :-1 s=CLOSED pgs=44 cs=0 l=1 rev1=1 crypto rx=0 tx=0 comp rx=0 tx=0).stop
2024-03-12T05:02:43.878 INFO:teuthology.orchestra.run.smithi100.stdout:/usr/bin/ceph: stderr
2024-03-12T05:02:43.374+0000 7f1fd7c9c700 1 -- 172.21.15.100:0/3049002623 >> 172.21.15.100:0/3049002623 conn(0x7f1fd0102da0 msgr2=0x7f1fd0103950 unknown :-1 s=STATE_NONE l=0).mark_down
2024-03-12T05:02:43.878 INFO:teuthology.orchestra.run.smithi100.stdout:/usr/bin/ceph: stderr
2024-03-12T05:02:43.374+0000 7f1fd7c9c700 1 -- 172.21.15.100:0/3049002623 shutdown_connections
2024-03-12T05:02:43.878 INFO:teuthology.orchestra.run.smithi100.stdout:/usr/bin/ceph: stderr
2024-03-12T05:02:43.374+0000 7f1fd7c9c700 1 -- 172.21.15.100:0/3049002623 wait complete.
2024-03-12T05:02:43.878 INFO:teuthology.orchestra.run.smithi100.stdout:Wrote public SSH key to /home/ubuntu/cephtest/ceph.pub
2024-03-12T05:02:43.878 INFO:teuthology.orchestra.run.smithi100.stdout:Adding key to root@localhost authorized_keys...
2024-03-12T05:02:43.878 INFO:teuthology.orchestra.run.smithi100.stdout:Adding host smithi100...
2024-03-12T05:02:44.711 INFO:journalctl@ceph.mon.a.smithi100.stdout:Mar 12 05:02:44 smithi100 ceph-mon[32210]: from='client.14138 -' entity='client.admin' cmd=[{"prefix": "cephadm get-pub-key", "target": ["mon-mgr", ""]}]: dispatch
2024-03-12T05:02:45.573 INFO:journalctl@ceph.mon.a.smithi100.stdout:Mar 12 05:02:45 smithi100 ceph-mon[32210]: from='client.14140 -' entity='client.admin' cmd=[{"prefix": "orch host add", "hostname": "smithi100", "addr": "172.21.15.100", "target": ["mon-mgr", ""]}]: dispatch
2024-03-12T05:02:46.822 INFO:journalctl@ceph.mon.a.smithi100.stdout:Mar 12 05:02:46 smithi100 ceph-mon[32210]: Deploying cephadm binary to smithi100
2024-03-12T05:02:49.373 INFO:teuthology.orchestra.run.smithi100.stdout:/usr/bin/ceph: stdout Added host 'smithi100' with addr '172.21.15.100'
2024-03-12T05:02:49.373 INFO:teuthology.orchestra.run.smithi100.stdout:/usr/bin/ceph: stderr
2024-03-12T05:02:44.250+0000 7f28f5e28700 1 Processor -- start
2024-03-12T05:02:49.373 INFO:teuthology.orchestra.run.smithi100.stdout:/usr/bin/ceph: stderr
2024-03-12T05:02:44.250+0000 7f28f5e28700 1 -- start start
2024-03-12T05:02:49.373 INFO:teuthology.orchestra.run.smithi100.stdout:/usr/bin/ceph: stderr
2024-03-12T05:02:44.250+0000 7f28f5e28700 1 --2- >> [v2:172.21.15.100:3300/0,v1:172.21.15.100:6789/0] conn(0x7f28f0107760 0x7f28f0107b80 unknown :-1 s=NONE pgs=0 cs=0 l=0 rev1=0 crypto rx=0 tx=0 comp rx=0 tx=0).connect
2024-03-12T05:02:49.374 INFO:teuthology.orchestra.run.smithi100.stdout:/usr/bin/ceph: stderr
