2024-03-12T05:02:24.956 INFO:teuthology.orchestra.run.smithi100.stdout:/usr/bin/ceph: stdout "monmap": {
2024-03-12T05:02:24.956 INFO:teuthology.orchestra.run.smithi100.stdout:/usr/bin/ceph: stdout "epoch": 1,
2024-03-12T05:02:24.957 INFO:teuthology.orchestra.run.smithi100.stdout:/usr/bin/ceph: stdout "min_mon_release_name": "squid",
2024-03-12T05:02:24.957 INFO:teuthology.orchestra.run.smithi100.stdout:/usr/bin/ceph: stdout "num_mons": 1
2024-03-12T05:02:24.957 INFO:teuthology.orchestra.run.smithi100.stdout:/usr/bin/ceph: stdout },
2024-03-12T05:02:24.957 INFO:teuthology.orchestra.run.smithi100.stdout:/usr/bin/ceph: stdout "osdmap": {
2024-03-12T05:02:24.957 INFO:teuthology.orchestra.run.smithi100.stdout:/usr/bin/ceph: stdout "epoch": 1,
2024-03-12T05:02:24.957 INFO:teuthology.orchestra.run.smithi100.stdout:/usr/bin/ceph: stdout "num_osds": 0,
2024-03-12T05:02:24.957 INFO:teuthology.orchestra.run.smithi100.stdout:/usr/bin/ceph: stdout "num_up_osds": 0,
2024-03-12T05:02:24.957 INFO:teuthology.orchestra.run.smithi100.stdout:/usr/bin/ceph: stdout "osd_up_since": 0,
2024-03-12T05:02:24.965 INFO:teuthology.orchestra.run.smithi100.stdout:/usr/bin/ceph: stdout "num_in_osds": 0,
2024-03-12T05:02:24.965 INFO:teuthology.orchestra.run.smithi100.stdout:/usr/bin/ceph: stdout "osd_in_since": 0,
2024-03-12T05:02:24.965 INFO:teuthology.orchestra.run.smithi100.stdout:/usr/bin/ceph: stdout "num_remapped_pgs": 0
2024-03-12T05:02:24.965 INFO:teuthology.orchestra.run.smithi100.stdout:/usr/bin/ceph: stdout },
2024-03-12T05:02:24.965 INFO:teuthology.orchestra.run.smithi100.stdout:/usr/bin/ceph: stdout "pgmap": {
2024-03-12T05:02:24.965 INFO:teuthology.orchestra.run.smithi100.stdout:/usr/bin/ceph: stdout "pgs_by_state": [],
2024-03-12T05:02:24.965 INFO:teuthology.orchestra.run.smithi100.stdout:/usr/bin/ceph: stdout "num_pgs": 0,
2024-03-12T05:02:24.966 INFO:teuthology.orchestra.run.smithi100.stdout:/usr/bin/ceph: stdout "num_pools": 0,
2024-03-12T05:02:24.966 INFO:teuthology.orchestra.run.smithi100.stdout:/usr/bin/ceph: stdout "num_objects": 0,
2024-03-12T05:02:24.966 INFO:teuthology.orchestra.run.smithi100.stdout:/usr/bin/ceph: stdout "data_bytes": 0,
2024-03-12T05:02:24.966 INFO:teuthology.orchestra.run.smithi100.stdout:/usr/bin/ceph: stdout "bytes_used": 0,
2024-03-12T05:02:24.966 INFO:teuthology.orchestra.run.smithi100.stdout:/usr/bin/ceph: stdout "bytes_avail": 0,
2024-03-12T05:02:24.966 INFO:teuthology.orchestra.run.smithi100.stdout:/usr/bin/ceph: stdout "bytes_total": 0
2024-03-12T05:02:24.966 INFO:teuthology.orchestra.run.smithi100.stdout:/usr/bin/ceph: stdout },
2024-03-12T05:02:24.966 INFO:teuthology.orchestra.run.smithi100.stdout:/usr/bin/ceph: stdout "fsmap": {
2024-03-12T05:02:24.966 INFO:teuthology.orchestra.run.smithi100.stdout:/usr/bin/ceph: stdout "epoch": 1,
2024-03-12T05:02:24.966 INFO:teuthology.orchestra.run.smithi100.stdout:/usr/bin/ceph: stdout "by_rank": [],
2024-03-12T05:02:24.966 INFO:teuthology.orchestra.run.smithi100.stdout:/usr/bin/ceph: stdout "up:standby": 0
2024-03-12T05:02:24.966 INFO:teuthology.orchestra.run.smithi100.stdout:/usr/bin/ceph: stdout },
2024-03-12T05:02:24.966 INFO:teuthology.orchestra.run.smithi100.stdout:/usr/bin/ceph: stdout "mgrmap": {
2024-03-12T05:02:24.967 INFO:teuthology.orchestra.run.smithi100.stdout:/usr/bin/ceph: stdout "available": false,
2024-03-12T05:02:24.967 INFO:teuthology.orchestra.run.smithi100.stdout:/usr/bin/ceph: stdout "num_standbys": 0,
2024-03-12T05:02:24.967 INFO:teuthology.orchestra.run.smithi100.stdout:/usr/bin/ceph: stdout "modules": [
2024-03-12T05:02:24.967 INFO:teuthology.orchestra.run.smithi100.stdout:/usr/bin/ceph: stdout "iostat",
2024-03-12T05:02:24.967 INFO:teuthology.orchestra.run.smithi100.stdout:/usr/bin/ceph: stdout "nfs",
2024-03-12T05:02:24.967 INFO:teuthology.orchestra.run.smithi100.stdout:/usr/bin/ceph: stdout "restful"
2024-03-12T05:02:24.967 INFO:teuthology.orchestra.run.smithi100.stdout:/usr/bin/ceph: stdout ],
2024-03-12T05:02:24.967 INFO:teuthology.orchestra.run.smithi100.stdout:/usr/bin/ceph: stdout "services": {}
2024-03-12T05:02:24.967 INFO:teuthology.orchestra.run.smithi100.stdout:/usr/bin/ceph: stdout },
2024-03-12T05:02:24.967 INFO:teuthology.orchestra.run.smithi100.stdout:/usr/bin/ceph: stdout "servicemap": {
2024-03-12T05:02:24.967 INFO:teuthology.orchestra.run.smithi100.stdout:/usr/bin/ceph: stdout "epoch": 1,
2024-03-12T05:02:24.967 INFO:teuthology.orchestra.run.smithi100.stdout:/usr/bin/ceph: stdout "modified": "2024-03-12T05:02:08.927829+0000",
2024-03-12T05:02:24.967 INFO:teuthology.orchestra.run.smithi100.stdout:/usr/bin/ceph: stdout "services": {}
2024-03-12T05:02:24.967 INFO:teuthology.orchestra.run.smithi100.stdout:/usr/bin/ceph: stdout },
2024-03-12T05:02:24.968 INFO:teuthology.orchestra.run.smithi100.stdout:/usr/bin/ceph: stdout "progress_events": {}
2024-03-12T05:02:24.968 INFO:teuthology.orchestra.run.smithi100.stdout:/usr/bin/ceph: stdout }
2024-03-12T05:02:24.968 INFO:teuthology.orchestra.run.smithi100.stdout:/usr/bin/ceph: stderr
2024-03-12T05:02:24.301+0000 7f363fa66700 1 Processor -- start
2024-03-12T05:02:24.968 INFO:teuthology.orchestra.run.smithi100.stdout:/usr/bin/ceph: stderr
2024-03-12T05:02:24.302+0000 7f363fa66700 1 -- start start
2024-03-12T05:02:24.968 INFO:teuthology.orchestra.run.smithi100.stdout:/usr/bin/ceph: stderr
2024-03-12T05:02:24.302+0000 7f363fa66700 1 --2- >> [v2:172.21.15.100:3300/0,v1:172.21.15.100:6789/0] conn(0x7f36381065f0 0x7f3638106a10 unknown :-1 s=NONE pgs=0 cs=0 l=0 rev1=0 crypto rx=0 tx=0 comp rx=0 tx=0).connect
2024-03-12T05:02:24.968 INFO:teuthology.orchestra.run.smithi100.stdout:/usr/bin/ceph: stderr
2024-03-12T05:02:24.302+0000 7f363fa66700 1 -- --> [v2:172.21.15.100:3300/0,v1:172.21.15.100:6789/0] -- mon_getmap magic: 0 v1 -- 0x7f3638106fe0 con 0x7f36381065f0
2024-03-12T05:02:24.968 INFO:teuthology.orchestra.run.smithi100.stdout:/usr/bin/ceph: stderr
2024-03-12T05:02:24.302+0000 7f363d802700 1 --2- >> [v2:172.21.15.100:3300/0,v1:172.21.15.100:6789/0] conn(0x7f36381065f0 0x7f3638106a10 unknown :-1 s=BANNER_CONNECTING pgs=0 cs=0 l=0 rev1=0 crypto rx=0 tx=0 comp rx=0 tx=0)._handle_peer_banner_payload supported=3 required=0
2024-03-12T05:02:24.968 INFO:teuthology.orchestra.run.smithi100.stdout:/usr/bin/ceph: stderr
2024-03-12T05:02:24.302+0000 7f363d802700 1 --2- >> [v2:172.21.15.100:3300/0,v1:172.21.15.100:6789/0] conn(0x7f36381065f0 0x7f3638106a10 unknown :-1 s=HELLO_CONNECTING pgs=0 cs=0 l=0 rev1=1 crypto rx=0 tx=0 comp rx=0 tx=0).handle_hello peer v2:172.21.15.100:3300/0 says I am v2:172.21.15.100:55822/0 (socket says 172.21.15.100:55822)
2024-03-12T05:02:24.968 INFO:teuthology.orchestra.run.smithi100.stdout:/usr/bin/ceph: stderr
2024-03-12T05:02:24.302+0000 7f363d802700 1 -- 172.21.15.100:0/327009031 learned_addr learned my addr 172.21.15.100:0/327009031 (peer_addr_for_me v2:172.21.15.100:0/0)
2024-03-12T05:02:24.968 INFO:teuthology.orchestra.run.smithi100.stdout:/usr/bin/ceph: stderr
2024-03-12T05:02:24.303+0000 7f363d802700 1 -- 172.21.15.100:0/327009031 --> [v2:172.21.15.100:3300/0,v1:172.21.15.100:6789/0] -- mon_subscribe({config=0+,monmap=0+}) v3 -- 0x7f36381077f0 con 0x7f36381065f0
2024-03-12T05:02:24.968 INFO:teuthology.orchestra.run.smithi100.stdout:/usr/bin/ceph: stderr
2024-03-12T05:02:24.303+0000 7f363d802700 1 --2- 172.21.15.100:0/327009031 >> [v2:172.21.15.100:3300/0,v1:172.21.15.100:6789/0] conn(0x7f36381065f0 0x7f3638106a10 secure :-1 s=READY pgs=9 cs=0 l=1 rev1=1 crypto rx=0x7f36340098a0 tx=0x7f3634009bb0 comp rx=0 tx=0).ready entity=mon.0 client_cookie=41826269a80db8ca server_cookie=0 in_seq=0 out_seq=0
2024-03-12T05:02:24.968 INFO:teuthology.orchestra.run.smithi100.stdout:/usr/bin/ceph: stderr
2024-03-12T05:02:24.303+0000 7f363c800700 1 -- 172.21.15.100:0/327009031 <== mon.0 v2:172.21.15.100:3300/0 1 ==== mon_map magic: 0 v1 ==== 205+0+0 (secure 0 0 0) 0x7f3634004160 con 0x7f36381065f0
2024-03-12T05:02:24.968 INFO:teuthology.orchestra.run.smithi100.stdout:/usr/bin/ceph: stderr
2024-03-12T05:02:24.303+0000 7f363c800700 1 -- 172.21.15.100:0/327009031 <== mon.0 v2:172.21.15.100:3300/0 2 ==== config(27 keys) v1 ==== 1109+0+0 (secure 0 0 0) 0x7f36340042c0 con 0x7f36381065f0
2024-03-12T05:02:24.968 INFO:teuthology.orchestra.run.smithi100.stdout:/usr/bin/ceph: stderr
2024-03-12T05:02:24.303+0000 7f363c800700 1 -- 172.21.15.100:0/327009031 <== mon.0 v2:172.21.15.100:3300/0 3 ==== mon_map magic: 0 v1 ==== 205+0+0 (secure 0 0 0) 0x7f3634011ac0 con 0x7f36381065f0
2024-03-12T05:02:24.969 INFO:teuthology.orchestra.run.smithi100.stdout:/usr/bin/ceph: stderr
2024-03-12T05:02:24.304+0000 7f363fa66700 1 -- 172.21.15.100:0/327009031 >> [v2:172.21.15.100:3300/0,v1:172.21.15.100:6789/0] conn(0x7f36381065f0 msgr2=0x7f3638106a10 secure :-1 s=STATE_CONNECTION_ESTABLISHED l=1).mark_down
2024-03-12T05:02:24.969 INFO:teuthology.orchestra.run.smithi100.stdout:/usr/bin/ceph: stderr
2024-03-12T05:02:24.304+0000 7f363fa66700 1 --2- 172.21.15.100:0/327009031 >> [v2:172.21.15.100:3300/0,v1:172.21.15.100:6789/0] conn(0x7f36381065f0 0x7f3638106a10 secure :-1 s=READY pgs=9 cs=0 l=1 rev1=1 crypto rx=0x7f36340098a0 tx=0x7f3634009bb0 comp rx=0 tx=0).stop
2024-03-12T05:02:24.969 INFO:teuthology.orchestra.run.smithi100.stdout:/usr/bin/ceph: stderr
2024-03-12T05:02:24.304+0000 7f363fa66700 1 -- 172.21.15.100:0/327009031 shutdown_connections
2024-03-12T05:02:24.969 INFO:teuthology.orchestra.run.smithi100.stdout:/usr/bin/ceph: stderr
2024-03-12T05:02:24.304+0000 7f363fa66700 1 --2- 172.21.15.100:0/327009031 >> [v2:172.21.15.100:3300/0,v1:172.21.15.100:6789/0] conn(0x7f36381065f0 0x7f3638106a10 unknown :-1 s=CLOSED pgs=9 cs=0 l=1 rev1=1 crypto rx=0 tx=0 comp rx=0 tx=0).stop
2024-03-12T05:02:24.969 INFO:teuthology.orchestra.run.smithi100.stdout:/usr/bin/ceph: stderr
2024-03-12T05:02:24.304+0000 7f363fa66700 1 -- 172.21.15.100:0/327009031 >> 172.21.15.100:0/327009031 conn(0x7f3638101c70 msgr2=0x7f3638104090 unknown :-1 s=STATE_NONE l=0).mark_down
2024-03-12T05:02:24.969 INFO:teuthology.orchestra.run.smithi100.stdout:/usr/bin/ceph: stderr
2024-03-12T05:02:24.304+0000 7f363fa66700 1 -- 172.21.15.100:0/327009031 shutdown_connections
2024-03-12T05:02:24.969 INFO:teuthology.orchestra.run.smithi100.stdout:/usr/bin/ceph: stderr
2024-03-12T05:02:24.304+0000 7f363fa66700 1 -- 172.21.15.100:0/327009031 wait complete.
2024-03-12T05:02:24.969 INFO:teuthology.orchestra.run.smithi100.stdout:/usr/bin/ceph: stderr
2024-03-12T05:02:24.305+0000 7f363fa66700 1 Processor -- start
2024-03-12T05:02:24.969 INFO:teuthology.orchestra.run.smithi100.stdout:/usr/bin/ceph: stderr
2024-03-12T05:02:24.305+0000 7f363fa66700 1 -- start start
2024-03-12T05:02:24.969 INFO:teuthology.orchestra.run.smithi100.stdout:/usr/bin/ceph: stderr
2024-03-12T05:02:24.305+0000 7f363fa66700 1 --2- >> [v2:172.21.15.100:3300/0,v1:172.21.15.100:6789/0] conn(0x7f36381065f0 0x7f363819a400 unknown :-1 s=NONE pgs=0 cs=0 l=1 rev1=0 crypto rx=0 tx=0 comp rx=0 tx=0).connect
2024-03-12T05:02:24.969 INFO:teuthology.orchestra.run.smithi100.stdout:/usr/bin/ceph: stderr
2024-03-12T05:02:24.305+0000 7f363fa66700 1 -- --> [v2:172.21.15.100:3300/0,v1:172.21.15.100:6789/0] -- mon_getmap magic: 0 v1 -- 0x7f363819a940 con 0x7f36381065f0
2024-03-12T05:02:24.969 INFO:teuthology.orchestra.run.smithi100.stdout:/usr/bin/ceph: stderr
2024-03-12T05:02:24.305+0000 7f363d802700 1 --2- >> [v2:172.21.15.100:3300/0,v1:172.21.15.100:6789/0] conn(0x7f36381065f0 0x7f363819a400 unknown :-1 s=BANNER_CONNECTING pgs=0 cs=0 l=1 rev1=0 crypto rx=0 tx=0 comp rx=0 tx=0)._handle_peer_banner_payload supported=3 required=0
2024-03-12T05:02:24.969 INFO:teuthology.orchestra.run.smithi100.stdout:/usr/bin/ceph: stderr
2024-03-12T05:02:24.305+0000 7f363d802700 1 --2- >> [v2:172.21.15.100:3300/0,v1:172.21.15.100:6789/0] conn(0x7f36381065f0 0x7f363819a400 unknown :-1 s=HELLO_CONNECTING pgs=0 cs=0 l=1 rev1=1 crypto rx=0 tx=0 comp rx=0 tx=0).handle_hello peer v2:172.21.15.100:3300/0 says I am v2:172.21.15.100:55832/0 (socket says 172.21.15.100:55832)
2024-03-12T05:02:24.970 INFO:teuthology.orchestra.run.smithi100.stdout:/usr/bin/ceph: stderr
2024-03-12T05:02:24.305+0000 7f363d802700 1 -- 172.21.15.100:0/1017553531 learned_addr learned my addr 172.21.15.100:0/1017553531 (peer_addr_for_me v2:172.21.15.100:0/0)
2024-03-12T05:02:24.970 INFO:teuthology.orchestra.run.smithi100.stdout:/usr/bin/ceph: stderr
2024-03-12T05:02:24.305+0000 7f363d802700 1 -- 172.21.15.100:0/1017553531 --> [v2:172.21.15.100:3300/0,v1:172.21.15.100:6789/0] -- mon_subscribe({config=0+,monmap=0+}) v3 -- 0x7f3634009550 con 0x7f36381065f0
2024-03-12T05:02:24.970 INFO:teuthology.orchestra.run.smithi100.stdout:/usr/bin/ceph: stderr
2024-03-12T05:02:24.305+0000 7f363d802700 1 --2- 172.21.15.100:0/1017553531 >> [v2:172.21.15.100:3300/0,v1:172.21.15.100:6789/0] conn(0x7f36381065f0 0x7f363819a400 secure :-1 s=READY pgs=10 cs=0 l=1 rev1=1 crypto rx=0x7f3634003f70 tx=0x7f3634011b40 comp rx=0 tx=0).ready entity=mon.0 client_cookie=0 server_cookie=0 in_seq=0 out_seq=0
2024-03-12T05:02:24.970 INFO:teuthology.orchestra.run.smithi100.stdout:/usr/bin/ceph: stderr
2024-03-12T05:02:24.306+0000 7f362effd700 1 -- 172.21.15.100:0/1017553531 <== mon.0 v2:172.21.15.100:3300/0 1 ==== mon_map magic: 0 v1 ==== 205+0+0 (secure 0 0 0) 0x7f36340039f0 con 0x7f36381065f0
2024-03-12T05:02:24.970 INFO:teuthology.orchestra.run.smithi100.stdout:/usr/bin/ceph: stderr
2024-03-12T05:02:24.306+0000 7f363fa66700 1 -- 172.21.15.100:0/1017553531 --> [v2:172.21.15.100:3300/0,v1:172.21.15.100:6789/0] -- mon_subscribe({mgrmap=0+}) v3 -- 0x7f363819ab40 con 0x7f36381065f0
2024-03-12T05:02:24.970 INFO:teuthology.orchestra.run.smithi100.stdout:/usr/bin/ceph: stderr
2024-03-12T05:02:24.306+0000 7f362effd700 1 -- 172.21.15.100:0/1017553531 <== mon.0 v2:172.21.15.100:3300/0 2 ==== config(27 keys) v1 ==== 1109+0+0 (secure 0 0 0) 0x7f3634003b50 con 0x7f36381065f0
2024-03-12T05:02:24.970 INFO:teuthology.orchestra.run.smithi100.stdout:/usr/bin/ceph: stderr
2024-03-12T05:02:24.306+0000 7f362effd700 1 -- 172.21.15.100:0/1017553531 <== mon.0 v2:172.21.15.100:3300/0 3 ==== mon_map magic: 0 v1 ==== 205+0+0 (secure 0 0 0) 0x7f363401a690 con 0x7f36381065f0
2024-03-12T05:02:24.970 INFO:teuthology.orchestra.run.smithi100.stdout:/usr/bin/ceph: stderr
2024-03-12T05:02:24.306+0000 7f363fa66700 1 -- 172.21.15.100:0/1017553531 --> [v2:172.21.15.100:3300/0,v1:172.21.15.100:6789/0] -- mon_subscribe({osdmap=0}) v3 -- 0x7f363819afe0 con 0x7f36381065f0
2024-03-12T05:02:24.970 INFO:teuthology.orchestra.run.smithi100.stdout:/usr/bin/ceph: stderr
2024-03-12T05:02:24.307+0000 7f362effd700 1 -- 172.21.15.100:0/1017553531 <== mon.0 v2:172.21.15.100:3300/0 4 ==== mgrmap(e 1) v1 ==== 807+0+0 (secure 0 0 0) 0x7f363401a920 con 0x7f36381065f0
2024-03-12T05:02:24.970 INFO:teuthology.orchestra.run.smithi100.stdout:/usr/bin/ceph: stderr
2024-03-12T05:02:24.307+0000 7f362effd700 1 -- 172.21.15.100:0/1017553531 <== mon.0 v2:172.21.15.100:3300/0 5 ==== osd_map(1..1 src has 1..1) v4 ==== 725+0+0 (secure 0 0 0) 0x7f3634019700 con 0x7f36381065f0
2024-03-12T05:02:24.970 INFO:teuthology.orchestra.run.smithi100.stdout:/usr/bin/ceph: stderr
2024-03-12T05:02:24.307+0000 7f363fa66700 1 -- 172.21.15.100:0/1017553531 --> [v2:172.21.15.100:3300/0,v1:172.21.15.100:6789/0] -- mon_command({"prefix": "get_command_descriptions"} v 0) v1 -- 0x7f363810aa20 con 0x7f36381065f0
2024-03-12T05:02:24.970 INFO:teuthology.orchestra.run.smithi100.stdout:/usr/bin/ceph: stderr
2024-03-12T05:02:24.309+0000 7f362effd700 1 -- 172.21.15.100:0/1017553531 <== mon.0 v2:172.21.15.100:3300/0 6 ==== mon_command_ack([{"prefix": "get_command_descriptions"}]=0 v0) v1 ==== 72+0+73141 (secure 0 0 0) 0x7f36340247c0 con 0x7f36381065f0
2024-03-12T05:02:24.970 INFO:teuthology.orchestra.run.smithi100.stdout:/usr/bin/ceph: stderr
2024-03-12T05:02:24.379+0000 7f363fa66700 1 -- 172.21.15.100:0/1017553531 --> [v2:172.21.15.100:3300/0,v1:172.21.15.100:6789/0] -- mon_command({"prefix": "status", "format": "json-pretty"} v 0) v1 -- 0x7f363819db40 con 0x7f36381065f0
2024-03-12T05:02:24.971 INFO:teuthology.orchestra.run.smithi100.stdout:/usr/bin/ceph: stderr
2024-03-12T05:02:24.380+0000 7f362effd700 1 -- 172.21.15.100:0/1017553531 <== mon.0 v2:172.21.15.100:3300/0 7 ==== mon_command_ack([{"prefix": "status", "format": "json-pretty"}]=0 v0) v1 ==== 79+0+1239 (secure 0 0 0) 0x7f36340249f0 con 0x7f36381065f0
2024-03-12T05:02:24.971 INFO:teuthology.orchestra.run.smithi100.stdout:/usr/bin/ceph: stderr
2024-03-12T05:02:24.381+0000 7f363fa66700 1 -- 172.21.15.100:0/1017553531 >> [v2:172.21.15.100:3300/0,v1:172.21.15.100:6789/0] conn(0x7f36381065f0 msgr2=0x7f363819a400 secure :-1 s=STATE_CONNECTION_ESTABLISHED l=1).mark_down
2024-03-12T05:02:24.971 INFO:teuthology.orchestra.run.smithi100.stdout:/usr/bin/ceph: stderr
2024-03-12T05:02:24.381+0000 7f363fa66700 1 --2- 172.21.15.100:0/1017553531 >> [v2:172.21.15.100:3300/0,v1:172.21.15.100:6789/0] conn(0x7f36381065f0 0x7f363819a400 secure :-1 s=READY pgs=10 cs=0 l=1 rev1=1 crypto rx=0x7f3634003f70 tx=0x7f3634011b40 comp rx=0 tx=0).stop
2024-03-12T05:02:24.971 INFO:teuthology.orchestra.run.smithi100.stdout:/usr/bin/ceph: stderr
2024-03-12T05:02:24.381+0000 7f363fa66700 1 -- 172.21.15.100:0/1017553531 shutdown_connections
2024-03-12T05:02:24.971 INFO:teuthology.orchestra.run.smithi100.stdout:/usr/bin/ceph: stderr
2024-03-12T05:02:24.381+0000 7f363fa66700 1 --2- 172.21.15.100:0/1017553531 >> [v2:172.21.15.100:3300/0,v1:172.21.15.100:6789/0] conn(0x7f36381065f0 0x7f363819a400 unknown :-1 s=CLOSED pgs=10 cs=0 l=1 rev1=1 crypto rx=0 tx=0 comp rx=0 tx=0).stop
2024-03-12T05:02:24.971 INFO:teuthology.orchestra.run.smithi100.stdout:/usr/bin/ceph: stderr
2024-03-12T05:02:24.381+0000 7f363fa66700 1 -- 172.21.15.100:0/1017553531 >> 172.21.15.100:0/1017553531 conn(0x7f3638101c70 msgr2=0x7f36381027a0 unknown :-1 s=STATE_NONE l=0).mark_down
2024-03-12T05:02:24.971 INFO:teuthology.orchestra.run.smithi100.stdout:/usr/bin/ceph: stderr
2024-03-12T05:02:24.381+0000 7f363fa66700 1 -- 172.21.15.100:0/1017553531 shutdown_connections
2024-03-12T05:02:24.971 INFO:teuthology.orchestra.run.smithi100.stdout:/usr/bin/ceph: stderr
2024-03-12T05:02:24.381+0000 7f363fa66700 1 -- 172.21.15.100:0/1017553531 wait complete.
2024-03-12T05:02:24.971 INFO:teuthology.orchestra.run.smithi100.stdout:mgr not available, waiting (3/15)...
2024-03-12T05:02:25.823 INFO:journalctl@ceph.mon.a.smithi100.stdout:Mar 12 05:02:25 smithi100 ceph-mon[32210]: Activating manager daemon x
2024-03-12T05:02:25.823 INFO:journalctl@ceph.mon.a.smithi100.stdout:Mar 12 05:02:25 smithi100 ceph-mon[32210]: mgrmap e2: x(active, starting, since 0.00318968s)
2024-03-12T05:02:25.823 INFO:journalctl@ceph.mon.a.smithi100.stdout:Mar 12 05:02:25 smithi100 ceph-mon[32210]: from='mgr.14100 172.21.15.100:0/1325251730' entity='mgr.x' cmd=[{"prefix": "mds metadata"}]: dispatch
2024-03-12T05:02:25.824 INFO:journalctl@ceph.mon.a.smithi100.stdout:Mar 12 05:02:25 smithi100 ceph-mon[32210]: from='mgr.14100 172.21.15.100:0/1325251730' entity='mgr.x' cmd=[{"prefix": "osd metadata"}]: dispatch
2024-03-12T05:02:25.824 INFO:journalctl@ceph.mon.a.smithi100.stdout:Mar 12 05:02:25 smithi100 ceph-mon[32210]: from='mgr.14100 172.21.15.100:0/1325251730' entity='mgr.x' cmd=[{"prefix": "mon metadata"}]: dispatch
2024-03-12T05:02:25.824 INFO:journalctl@ceph.mon.a.smithi100.stdout:Mar 12 05:02:25 smithi100 ceph-mon[32210]: from='mgr.14100 172.21.15.100:0/1325251730' entity='mgr.x' cmd=[{"prefix": "mon metadata", "id": "a"}]: dispatch
2024-03-12T05:02:25.824 INFO:journalctl@ceph.mon.a.smithi100.stdout:Mar 12 05:02:25 smithi100 ceph-mon[32210]: from='mgr.14100 172.21.15.100:0/1325251730' entity='mgr.x' cmd=[{"prefix": "mgr metadata", "who": "x", "id": "x"}]: dispatch
2024-03-12T05:02:25.824 INFO:journalctl@ceph.mon.a.smithi100.stdout:Mar 12 05:02:25 smithi100 ceph-mon[32210]: Manager daemon x is now available
2024-03-12T05:02:25.824 INFO:journalctl@ceph.mon.a.smithi100.stdout:Mar 12 05:02:25 smithi100 ceph-mon[32210]: from='mgr.14100 172.21.15.100:0/1325251730' entity='mgr.x' cmd=[{"prefix":"config rm","who":"mgr","name":"mgr/rbd_support/x/mirror_snapshot_schedule"}]: dispatch
2024-03-12T05:02:25.824 INFO:journalctl@ceph.mon.a.smithi100.stdout:Mar 12 05:02:25 smithi100 ceph-mon[32210]: from='mgr.14100 172.21.15.100:0/1325251730' entity='mgr.x' cmd=[{"prefix":"config rm","who":"mgr","name":"mgr/rbd_support/x/trash_purge_schedule"}]: dispatch
2024-03-12T05:02:25.824 INFO:journalctl@ceph.mon.a.smithi100.stdout:Mar 12 05:02:25 smithi100 ceph-mon[32210]: from='mgr.14100 172.21.15.100:0/1325251730' entity='mgr.x'
2024-03-12T05:02:25.824 INFO:journalctl@ceph.mon.a.smithi100.stdout:Mar 12 05:02:25 smithi100 ceph-mon[32210]: from='mgr.14100 172.21.15.100:0/1325251730' entity='mgr.x'
2024-03-12T05:02:25.824 INFO:journalctl@ceph.mon.a.smithi100.stdout:Mar 12 05:02:25 smithi100 ceph-mon[32210]: from='mgr.14100 172.21.15.100:0/1325251730' entity='mgr.x'
2024-03-12T05:02:26.823 INFO:journalctl@ceph.mon.a.smithi100.stdout:Mar 12 05:02:26 smithi100 ceph-mon[32210]: mgrmap e3: x(active, since 1.00685s)
2024-03-12T05:02:28.320 INFO:teuthology.orchestra.run.smithi100.stdout:/usr/bin/ceph: stdout
2024-03-12T05:02:28.320 INFO:teuthology.orchestra.run.smithi100.stdout:/usr/bin/ceph: stdout {
2024-03-12T05:02:28.320 INFO:teuthology.orchestra.run.smithi100.stdout:/usr/bin/ceph: stdout "fsid": "8a1680ae-e02d-11ee-95c8-87774f69a715",
2024-03-12T05:02:28.320 INFO:teuthology.orchestra.run.smithi100.stdout:/usr/bin/ceph: stdout "health": {
2024-03-12T05:02:28.320 INFO:teuthology.orchestra.run.smithi100.stdout:/usr/bin/ceph: stdout "status": "HEALTH_OK",
2024-03-12T05:02:28.320 INFO:teuthology.orchestra.run.smithi100.stdout:/usr/bin/ceph: stdout "checks": {},
2024-03-12T05:02:28.320 INFO:teuthology.orchestra.run.smithi100.stdout:/usr/bin/ceph: stdout "mutes": []
2024-03-12T05:02:28.320 INFO:teuthology.orchestra.run.smithi100.stdout:/usr/bin/ceph: stdout },
2024-03-12T05:02:28.320 INFO:teuthology.orchestra.run.smithi100.stdout:/usr/bin/ceph: stdout "election_epoch": 5,
2024-03-12T05:02:28.320 INFO:teuthology.orchestra.run.smithi100.stdout:/usr/bin/ceph: stdout "quorum": [
2024-03-12T05:02:28.321 INFO:teuthology.orchestra.run.smithi100.stdout:/usr/bin/ceph: stdout 0
2024-03-12T05:02:28.321 INFO:teuthology.orchestra.run.smithi100.stdout:/usr/bin/ceph: stdout ],
2024-03-12T05:02:28.321 INFO:teuthology.orchestra.run.smithi100.stdout:/usr/bin/ceph: stdout "quorum_names": [
2024-03-12T05:02:28.321 INFO:teuthology.orchestra.run.smithi100.stdout:/usr/bin/ceph: stdout "a"
2024-03-12T05:02:28.321 INFO:teuthology.orchestra.run.smithi100.stdout:/usr/bin/ceph: stdout ],
2024-03-12T05:02:28.321 INFO:teuthology.orchestra.run.smithi100.stdout:/usr/bin/ceph: stdout "quorum_age": 12,
2024-03-12T05:02:28.321 INFO:teuthology.orchestra.run.smithi100.stdout:/usr/bin/ceph: stdout "monmap": {
2024-03-12T05:02:28.321 INFO:teuthology.orchestra.run.smithi100.stdout:/usr/bin/ceph: stdout "epoch": 1,
2024-03-12T05:02:28.321 INFO:teuthology.orchestra.run.smithi100.stdout:/usr/bin/ceph: stdout "min_mon_release_name": "squid",
2024-03-12T05:02:28.321 INFO:teuthology.orchestra.run.smithi100.stdout:/usr/bin/ceph: stdout "num_mons": 1
2024-03-12T05:02:28.321 INFO:teuthology.orchestra.run.smithi100.stdout:/usr/bin/ceph: stdout },
2024-03-12T05:02:28.321 INFO:teuthology.orchestra.run.smithi100.stdout:/usr/bin/ceph: stdout "osdmap": {
2024-03-12T05:02:28.322 INFO:teuthology.orchestra.run.smithi100.stdout:/usr/bin/ceph: stdout "epoch": 1,
2024-03-12T05:02:28.322 INFO:teuthology.orchestra.run.smithi100.stdout:/usr/bin/ceph: stdout "num_osds": 0,
2024-03-12T05:02:28.322 INFO:teuthology.orchestra.run.smithi100.stdout:/usr/bin/ceph: stdout "num_up_osds": 0,
2024-03-12T05:02:28.322 INFO:teuthology.orchestra.run.smithi100.stdout:/usr/bin/ceph: stdout "osd_up_since": 0,
2024-03-12T05:02:28.331 INFO:teuthology.orchestra.run.smithi100.stdout:/usr/bin/ceph: stdout "num_in_osds": 0,
2024-03-12T05:02:28.332 INFO:teuthology.orchestra.run.smithi100.stdout:/usr/bin/ceph: stdout "osd_in_since": 0,
2024-03-12T05:02:28.332 INFO:teuthology.orchestra.run.smithi100.stdout:/usr/bin/ceph: stdout "num_remapped_pgs": 0
2024-03-12T05:02:28.332 INFO:teuthology.orchestra.run.smithi100.stdout:/usr/bin/ceph: stdout },
2024-03-12T05:02:28.332 INFO:teuthology.orchestra.run.smithi100.stdout:/usr/bin/ceph: stdout "pgmap": {
2024-03-12T05:02:28.332 INFO:teuthology.orchestra.run.smithi100.stdout:/usr/bin/ceph: stdout "pgs_by_state": [],
2024-03-12T05:02:28.332 INFO:teuthology.orchestra.run.smithi100.stdout:/usr/bin/ceph: stdout "num_pgs": 0,
2024-03-12T05:02:28.332 INFO:teuthology.orchestra.run.smithi100.stdout:/usr/bin/ceph: stdout "num_pools": 0,
2024-03-12T05:02:28.332 INFO:teuthology.orchestra.run.smithi100.stdout:/usr/bin/ceph: stdout "num_objects": 0,
2024-03-12T05:02:28.332 INFO:teuthology.orchestra.run.smithi100.stdout:/usr/bin/ceph: stdout "data_bytes": 0,
2024-03-12T05:02:28.332 INFO:teuthology.orchestra.run.smithi100.stdout:/usr/bin/ceph: stdout "bytes_used": 0,
2024-03-12T05:02:28.332 INFO:teuthology.orchestra.run.smithi100.stdout:/usr/bin/ceph: stdout "bytes_avail": 0,
2024-03-12T05:02:28.333 INFO:teuthology.orchestra.run.smithi100.stdout:/usr/bin/ceph: stdout "bytes_total": 0
2024-03-12T05:02:28.333 INFO:teuthology.orchestra.run.smithi100.stdout:/usr/bin/ceph: stdout },
2024-03-12T05:02:28.333 INFO:teuthology.orchestra.run.smithi100.stdout:/usr/bin/ceph: stdout "fsmap": {
2024-03-12T05:02:28.333 INFO:teuthology.orchestra.run.smithi100.stdout:/usr/bin/ceph: stdout "epoch": 1,
2024-03-12T05:02:28.333 INFO:teuthology.orchestra.run.smithi100.stdout:/usr/bin/ceph: stdout "by_rank": [],
2024-03-12T05:02:28.333 INFO:teuthology.orchestra.run.smithi100.stdout:/usr/bin/ceph: stdout "up:standby": 0
2024-03-12T05:02:28.333 INFO:teuthology.orchestra.run.smithi100.stdout:/usr/bin/ceph: stdout },
2024-03-12T05:02:28.333 INFO:teuthology.orchestra.run.smithi100.stdout:/usr/bin/ceph: stdout "mgrmap": {
2024-03-12T05:02:28.333 INFO:teuthology.orchestra.run.smithi100.stdout:/usr/bin/ceph: stdout "available": true,
2024-03-12T05:02:28.333 INFO:teuthology.orchestra.run.smithi100.stdout:/usr/bin/ceph: stdout "num_standbys": 0,
2024-03-12T05:02:28.333 INFO:teuthology.orchestra.run.smithi100.stdout:/usr/bin/ceph: stdout "modules": [
2024-03-12T05:02:28.333 INFO:teuthology.orchestra.run.smithi100.stdout:/usr/bin/ceph: stdout "iostat",
2024-03-12T05:02:28.333 INFO:teuthology.orchestra.run.smithi100.stdout:/usr/bin/ceph: stdout "nfs",
2024-03-12T05:02:28.333 INFO:teuthology.orchestra.run.smithi100.stdout:/usr/bin/ceph: stdout "restful"
2024-03-12T05:02:28.334 INFO:teuthology.orchestra.run.smithi100.stdout:/usr/bin/ceph: stdout ],
2024-03-12T05:02:28.334 INFO:teuthology.orchestra.run.smithi100.stdout:/usr/bin/ceph: stdout "services": {}
2024-03-12T05:02:28.334 INFO:teuthology.orchestra.run.smithi100.stdout:/usr/bin/ceph: stdout },
2024-03-12T05:02:28.334 INFO:teuthology.orchestra.run.smithi100.stdout:/usr/bin/ceph: stdout "servicemap": {
2024-03-12T05:02:28.334 INFO:teuthology.orchestra.run.smithi100.stdout:/usr/bin/ceph: stdout "epoch": 1,
2024-03-12T05:02:28.334 INFO:teuthology.orchestra.run.smithi100.stdout:/usr/bin/ceph: stdout "modified": "2024-03-12T05:02:08.927829+0000",
2024-03-12T05:02:28.334 INFO:teuthology.orchestra.run.smithi100.stdout:/usr/bin/ceph: stdout "services": {}
2024-03-12T05:02:28.334 INFO:teuthology.orchestra.run.smithi100.stdout:/usr/bin/ceph: stdout },
2024-03-12T05:02:28.334 INFO:teuthology.orchestra.run.smithi100.stdout:/usr/bin/ceph: stdout "progress_events": {}
2024-03-12T05:02:28.334 INFO:teuthology.orchestra.run.smithi100.stdout:/usr/bin/ceph: stdout }
2024-03-12T05:02:28.334 INFO:teuthology.orchestra.run.smithi100.stdout:/usr/bin/ceph: stderr
2024-03-12T05:02:27.360+0000 7fef0465a700 1 Processor -- start
2024-03-12T05:02:28.335 INFO:teuthology.orchestra.run.smithi100.stdout:/usr/bin/ceph: stderr
2024-03-12T05:02:27.360+0000 7fef0465a700 1 -- start start
2024-03-12T05:02:28.335 INFO:teuthology.orchestra.run.smithi100.stdout:/usr/bin/ceph: stderr
2024-03-12T05:02:27.361+0000 7fef0465a700 1 --2- >> [v2:172.21.15.100:3300/0,v1:172.21.15.100:6789/0] conn(0x7feefc106640 0x7feefc106a60 unknown :-1 s=NONE pgs=0 cs=0 l=0 rev1=0 crypto rx=0 tx=0 comp rx=0 tx=0).connect
2024-03-12T05:02:28.335 INFO:teuthology.orchestra.run.smithi100.stdout:/usr/bin/ceph: stderr
2024-03-12T05:02:27.361+0000 7fef0465a700 1 -- --> [v2:172.21.15.100:3300/0,v1:172.21.15.100:6789/0] -- mon_getmap magic: 0 v1 -- 0x7feefc107030 con 0x7feefc106640
2024-03-12T05:02:28.335 INFO:teuthology.orchestra.run.smithi100.stdout:/usr/bin/ceph: stderr
2024-03-12T05:02:27.361+0000 7fef023f6700 1 --2- >> [v2:172.21.15.100:3300/0,v1:172.21.15.100:6789/0] conn(0x7feefc106640 0x7feefc106a60 unknown :-1 s=BANNER_CONNECTING pgs=0 cs=0 l=0 rev1=0 crypto rx=0 tx=0 comp rx=0 tx=0)._handle_peer_banner_payload supported=3 required=0
2024-03-12T05:02:28.335 INFO:teuthology.orchestra.run.smithi100.stdout:/usr/bin/ceph: stderr
2024-03-12T05:02:27.361+0000 7fef023f6700 1 --2- >> [v2:172.21.15.100:3300/0,v1:172.21.15.100:6789/0] conn(0x7feefc106640 0x7feefc106a60 unknown :-1 s=HELLO_CONNECTING pgs=0 cs=0 l=0 rev1=1 crypto rx=0 tx=0 comp rx=0 tx=0).handle_hello peer v2:172.21.15.100:3300/0 says I am v2:172.21.15.100:55904/0 (socket says 172.21.15.100:55904)
2024-03-12T05:02:28.335 INFO:teuthology.orchestra.run.smithi100.stdout:/usr/bin/ceph: stderr
2024-03-12T05:02:27.361+0000 7fef023f6700 1 -- 172.21.15.100:0/209852501 learned_addr learned my addr 172.21.15.100:0/209852501 (peer_addr_for_me v2:172.21.15.100:0/0)
2024-03-12T05:02:28.335 INFO:teuthology.orchestra.run.smithi100.stdout:/usr/bin/ceph: stderr
2024-03-12T05:02:27.361+0000 7fef023f6700 1 -- 172.21.15.100:0/209852501 --> [v2:172.21.15.100:3300/0,v1:172.21.15.100:6789/0] -- mon_subscribe({config=0+,monmap=0+}) v3 -- 0x7feefc107840 con 0x7feefc106640
2024-03-12T05:02:28.335 INFO:teuthology.orchestra.run.smithi100.stdout:/usr/bin/ceph: stderr
2024-03-12T05:02:27.361+0000 7fef023f6700 1 --2- 172.21.15.100:0/209852501 >> [v2:172.21.15.100:3300/0,v1:172.21.15.100:6789/0] conn(0x7feefc106640 0x7feefc106a60 secure :-1 s=READY pgs=18 cs=0 l=1 rev1=1 crypto rx=0x7feeec0098a0 tx=0x7feeec009bb0 comp rx=0 tx=0).ready entity=mon.0 client_cookie=d08f453299d63e84 server_cookie=0 in_seq=0 out_seq=0
2024-03-12T05:02:28.335 INFO:teuthology.orchestra.run.smithi100.stdout:/usr/bin/ceph: stderr
2024-03-12T05:02:27.362+0000 7fef013f4700 1 -- 172.21.15.100:0/209852501 <== mon.0 v2:172.21.15.100:3300/0 1 ==== mon_map magic: 0 v1 ==== 205+0+0 (secure 0 0 0) 0x7feeec004160 con 0x7feefc106640
2024-03-12T05:02:28.335 INFO:teuthology.orchestra.run.smithi100.stdout:/usr/bin/ceph: stderr
2024-03-12T05:02:27.362+0000 7fef013f4700 1 -- 172.21.15.100:0/209852501 <== mon.0 v2:172.21.15.100:3300/0 2 ==== config(27 keys) v1 ==== 1109+0+0 (secure 0 0 0) 0x7feeec0042c0 con 0x7feefc106640
2024-03-12T05:02:28.335 INFO:teuthology.orchestra.run.smithi100.stdout:/usr/bin/ceph: stderr
2024-03-12T05:02:27.362+0000 7fef013f4700 1 -- 172.21.15.100:0/209852501 <== mon.0 v2:172.21.15.100:3300/0 3 ==== mon_map magic: 0 v1 ==== 205+0+0 (secure 0 0 0) 0x7feeec011ac0 con 0x7feefc106640
2024-03-12T05:02:28.335 INFO:teuthology.orchestra.run.smithi100.stdout:/usr/bin/ceph: stderr
2024-03-12T05:02:27.362+0000 7fef0465a700 1 -- 172.21.15.100:0/209852501 >> [v2:172.21.15.100:3300/0,v1:172.21.15.100:6789/0] conn(0x7feefc106640 msgr2=0x7feefc106a60 secure :-1 s=STATE_CONNECTION_ESTABLISHED l=1).mark_down
2024-03-12T05:02:28.335 INFO:teuthology.orchestra.run.smithi100.stdout:/usr/bin/ceph: stderr
2024-03-12T05:02:27.362+0000 7fef0465a700 1 --2- 172.21.15.100:0/209852501 >> [v2:172.21.15.100:3300/0,v1:172.21.15.100:6789/0] conn(0x7feefc106640 0x7feefc106a60 secure :-1 s=READY pgs=18 cs=0 l=1 rev1=1 crypto rx=0x7feeec0098a0 tx=0x7feeec009bb0 comp rx=0 tx=0).stop
2024-03-12T05:02:28.335 INFO:teuthology.orchestra.run.smithi100.stdout:/usr/bin/ceph: stderr
2024-03-12T05:02:27.362+0000 7fef0465a700 1 -- 172.21.15.100:0/209852501 shutdown_connections
2024-03-12T05:02:28.336 INFO:teuthology.orchestra.run.smithi100.stdout:/usr/bin/ceph: stderr
2024-03-12T05:02:27.362+0000 7fef0465a700 1 --2- 172.21.15.100:0/209852501 >> [v2:172.21.15.100:3300/0,v1:172.21.15.100:6789/0] conn(0x7feefc106640 0x7feefc106a60 unknown :-1 s=CLOSED pgs=18 cs=0 l=1 rev1=1 crypto rx=0 tx=0 comp rx=0 tx=0).stop
2024-03-12T05:02:28.336 INFO:teuthology.orchestra.run.smithi100.stdout:/usr/bin/ceph: stderr
2024-03-12T05:02:27.362+0000 7fef0465a700 1 -- 172.21.15.100:0/209852501 >> 172.21.15.100:0/209852501 conn(0x7feefc101c80 msgr2=0x7feefc1040a0 unknown :-1 s=STATE_NONE l=0).mark_down
2024-03-12T05:02:28.336 INFO:teuthology.orchestra.run.smithi100.stdout:/usr/bin/ceph: stderr
2024-03-12T05:02:27.362+0000 7fef0465a700 1 -- 172.21.15.100:0/209852501 shutdown_connections
2024-03-12T05:02:28.336 INFO:teuthology.orchestra.run.smithi100.stdout:/usr/bin/ceph: stderr
2024-03-12T05:02:27.362+0000 7fef0465a700 1 -- 172.21.15.100:0/209852501 wait complete.
2024-03-12T05:02:28.336 INFO:teuthology.orchestra.run.smithi100.stdout:/usr/bin/ceph: stderr
2024-03-12T05:02:27.363+0000 7fef0465a700 1 Processor -- start
2024-03-12T05:02:28.336 INFO:teuthology.orchestra.run.smithi100.stdout:/usr/bin/ceph: stderr
2024-03-12T05:02:27.363+0000 7fef0465a700 1 -- start start
2024-03-12T05:02:28.336 INFO:teuthology.orchestra.run.smithi100.stdout:/usr/bin/ceph: stderr
2024-03-12T05:02:27.363+0000 7fef0465a700 1 --2- >> [v2:172.21.15.100:3300/0,v1:172.21.15.100:6789/0] conn(0x7feefc106640 0x7feefc19b540 unknown :-1 s=NONE pgs=0 cs=0 l=1 rev1=0 crypto rx=0 tx=0 comp rx=0 tx=0).connect
2024-03-12T05:02:28.336 INFO:teuthology.orchestra.run.smithi100.stdout:/usr/bin/ceph: stderr
2024-03-12T05:02:27.363+0000 7fef0465a700 1 -- --> [v2:172.21.15.100:3300/0,v1:172.21.15.100:6789/0] -- mon_getmap magic: 0 v1 -- 0x7feefc19ba80 con 0x7feefc106640
2024-03-12T05:02:28.336 INFO:teuthology.orchestra.run.smithi100.stdout:/usr/bin/ceph: stderr
2024-03-12T05:02:27.363+0000 7fef023f6700 1 --2- >> [v2:172.21.15.100:3300/0,v1:172.21.15.100:6789/0] conn(0x7feefc106640 0x7feefc19b540 unknown :-1 s=BANNER_CONNECTING pgs=0 cs=0 l=1 rev1=0 crypto rx=0 tx=0 comp rx=0 tx=0)._handle_peer_banner_payload supported=3 required=0
2024-03-12T05:02:28.336 INFO:teuthology.orchestra.run.smithi100.stdout:/usr/bin/ceph: stderr
2024-03-12T05:02:27.363+0000 7fef023f6700 1 --2- >> [v2:172.21.15.100:3300/0,v1:172.21.15.100:6789/0] conn(0x7feefc106640 0x7feefc19b540 unknown :-1 s=HELLO_CONNECTING pgs=0 cs=0 l=1 rev1=1 crypto rx=0 tx=0 comp rx=0 tx=0).handle_hello peer v2:172.21.15.100:3300/0 says I am v2:172.21.15.100:55916/0 (socket says 172.21.15.100:55916)
2024-03-12T05:02:28.336 INFO:teuthology.orchestra.run.smithi100.stdout:/usr/bin/ceph: stderr
2024-03-12T05:02:27.363+0000 7fef023f6700 1 -- 172.21.15.100:0/162103484 learned_addr learned my addr 172.21.15.100:0/162103484 (peer_addr_for_me v2:172.21.15.100:0/0)
2024-03-12T05:02:28.337 INFO:teuthology.orchestra.run.smithi100.stdout:/usr/bin/ceph: stderr
2024-03-12T05:02:27.363+0000 7fef023f6700 1 -- 172.21.15.100:0/162103484 --> [v2:172.21.15.100:3300/0,v1:172.21.15.100:6789/0] -- mon_subscribe({config=0+,monmap=0+}) v3 -- 0x7feeec009550 con 0x7feefc106640
2024-03-12T05:02:28.337 INFO:teuthology.orchestra.run.smithi100.stdout:/usr/bin/ceph: stderr
2024-03-12T05:02:27.364+0000 7fef023f6700 1 --2- 172.21.15.100:0/162103484 >> [v2:172.21.15.100:3300/0,v1:172.21.15.100:6789/0] conn(0x7feefc106640 0x7feefc19b540 secure :-1 s=READY pgs=19 cs=0 l=1 rev1=1 crypto rx=0x7feeec003f70 tx=0x7feeec011b40 comp rx=0 tx=0).ready entity=mon.0 client_cookie=0 server_cookie=0 in_seq=0 out_seq=0
2024-03-12T05:02:28.337 INFO:teuthology.orchestra.run.smithi100.stdout:/usr/bin/ceph: stderr
2024-03-12T05:02:27.364+0000 7feef37fe700 1 -- 172.21.15.100:0/162103484 <== mon.0 v2:172.21.15.100:3300/0 1 ==== mon_map magic: 0 v1 ==== 205+0+0 (secure 0 0 0) 0x7feeec0039f0 con 0x7feefc106640
2024-03-12T05:02:28.337 INFO:teuthology.orchestra.run.smithi100.stdout:/usr/bin/ceph: stderr
2024-03-12T05:02:27.364+0000 7feef37fe700 1 -- 172.21.15.100:0/162103484 <== mon.0 v2:172.21.15.100:3300/0 2 ==== config(27 keys) v1 ==== 1109+0+0 (secure 0 0 0) 0x7feeec003b50 con 0x7feefc106640
2024-03-12T05:02:28.337 INFO:teuthology.orchestra.run.smithi100.stdout:/usr/bin/ceph: stderr
2024-03-12T05:02:27.364+0000 7fef0465a700 1 -- 172.21.15.100:0/162103484 --> [v2:172.21.15.100:3300/0,v1:172.21.15.100:6789/0] -- mon_subscribe({mgrmap=0+}) v3 -- 0x7feefc19bc80 con 0x7feefc106640
2024-03-12T05:02:28.337 INFO:teuthology.orchestra.run.smithi100.stdout:/usr/bin/ceph: stderr
2024-03-12T05:02:27.364+0000 7feef37fe700 1 -- 172.21.15.100:0/162103484 <== mon.0 v2:172.21.15.100:3300/0 3 ==== mon_map magic: 0 v1 ==== 205+0+0 (secure 0 0 0) 0x7feeec01a690 con 0x7feefc106640
2024-03-12T05:02:28.337 INFO:teuthology.orchestra.run.smithi100.stdout:/usr/bin/ceph: stderr
2024-03-12T05:02:27.364+0000 7fef0465a700 1 -- 172.21.15.100:0/162103484 --> [v2:172.21.15.100:3300/0,v1:172.21.15.100:6789/0] -- mon_subscribe({osdmap=0}) v3 -- 0x7feefc19c120 con 0x7feefc106640
2024-03-12T05:02:28.337 INFO:teuthology.orchestra.run.smithi100.stdout:/usr/bin/ceph: stderr
2024-03-12T05:02:27.364+0000 7feef37fe700 1 -- 172.21.15.100:0/162103484 <== mon.0 v2:172.21.15.100:3300/0 4 ==== mgrmap(e 3) v1 ==== 45652+0+0 (secure 0 0 0) 0x7feeec01a900 con 0x7feefc106640
2024-03-12T05:02:28.337 INFO:teuthology.orchestra.run.smithi100.stdout:/usr/bin/ceph: stderr
2024-03-12T05:02:27.365+0000 7feef37fe700 1 --2- 172.21.15.100:0/162103484 >> [v2:172.21.15.100:6800/981252995,v1:172.21.15.100:6801/981252995] conn(0x7feee8038b50 0x7feee803b010 unknown :-1 s=NONE pgs=0 cs=0 l=1 rev1=0 crypto rx=0 tx=0 comp rx=0 tx=0).connect
2024-03-12T05:02:28.338 INFO:teuthology.orchestra.run.smithi100.stdout:/usr/bin/ceph: stderr
2024-03-12T05:02:27.365+0000 7feef37fe700 1 -- 172.21.15.100:0/162103484 <== mon.0 v2:172.21.15.100:3300/0 5 ==== osd_map(1..1 src has 1..1) v4 ==== 725+0+0 (secure 0 0 0) 0x7feeec04ccb0 con 0x7feefc106640
2024-03-12T05:02:28.338 INFO:teuthology.orchestra.run.smithi100.stdout:/usr/bin/ceph: stderr
2024-03-12T05:02:27.365+0000 7fef01bf5700 1 --2- 172.21.15.100:0/162103484 >> [v2:172.21.15.100:6800/981252995,v1:172.21.15.100:6801/981252995] conn(0x7feee8038b50 0x7feee803b010 unknown :-1 s=BANNER_CONNECTING pgs=0 cs=0 l=1 rev1=0 crypto rx=0 tx=0 comp rx=0 tx=0)._handle_peer_banner_payload supported=3 required=0
2024-03-12T05:02:28.338 INFO:teuthology.orchestra.run.smithi100.stdout:/usr/bin/ceph: stderr
2024-03-12T05:02:27.365+0000 7fef0465a700 1 -- 172.21.15.100:0/162103484 --> [v2:172.21.15.100:3300/0,v1:172.21.15.100:6789/0] -- mon_command({"prefix": "get_command_descriptions"} v 0) v1 -- 0x7feefc1956e0 con 0x7feefc106640
2024-03-12T05:02:28.338 INFO:teuthology.orchestra.run.smithi100.stdout:/usr/bin/ceph: stderr
2024-03-12T05:02:27.365+0000 7fef01bf5700 1 --2- 172.21.15.100:0/162103484 >> [v2:172.21.15.100:6800/981252995,v1:172.21.15.100:6801/981252995] conn(0x7feee8038b50 0x7feee803b010 secure :-1 s=READY pgs=6 cs=0 l=1 rev1=1 crypto rx=0x7feef8006fd0 tx=0x7feef8006e40 comp rx=0 tx=0).ready entity=mgr.14100 client_cookie=0 server_cookie=0 in_seq=0 out_seq=0
2024-03-12T05:02:28.338 INFO:teuthology.orchestra.run.smithi100.stdout:/usr/bin/ceph: stderr
2024-03-12T05:02:27.370+0000 7feef37fe700 1 -- 172.21.15.100:0/162103484 <== mon.0 v2:172.21.15.100:3300/0 6 ==== mon_command_ack([{"prefix": "get_command_descriptions"}]=0 v0) v1 ==== 72+0+183564 (secure 0 0 0) 0x7feeec018c20 con 0x7feefc106640
2024-03-12T05:02:28.338 INFO:teuthology.orchestra.run.smithi100.stdout:/usr/bin/ceph: stderr
2024-03-12T05:02:27.529+0000 7feef37fe700 1 -- 172.21.15.100:0/162103484 <== mon.0 v2:172.21.15.100:3300/0 7 ==== mgrmap(e 4) v1 ==== 45758+0+0 (secure 0 0 0) 0x7feeec02d910 con 0x7feefc106640
2024-03-12T05:02:28.338 INFO:teuthology.orchestra.run.smithi100.stdout:/usr/bin/ceph: stderr
2024-03-12T05:02:27.640+0000 7fef0465a700 1 -- 172.21.15.100:0/162103484 --> [v2:172.21.15.100:3300/0,v1:172.21.15.100:6789/0] -- mon_command({"prefix": "status", "format": "json-pretty"} v 0) v1 -- 0x7feefc10aa70 con 0x7feefc106640
2024-03-12T05:02:28.338 INFO:teuthology.orchestra.run.smithi100.stdout:/usr/bin/ceph: stderr
2024-03-12T05:02:27.640+0000 7feef37fe700 1 -- 172.21.15.100:0/162103484 <== mon.0 v2:172.21.15.100:3300/0 8 ==== mon_command_ack([{"prefix": "status", "format": "json-pretty"}]=0 v0) v1 ==== 79+0+1239 (secure 0 0 0) 0x7feeec018c20 con 0x7feefc106640
2024-03-12T05:02:28.338 INFO:teuthology.orchestra.run.smithi100.stdout:/usr/bin/ceph: stderr
2024-03-12T05:02:27.642+0000 7fef0465a700 1 -- 172.21.15.100:0/162103484 >> [v2:172.21.15.100:6800/981252995,v1:172.21.15.100:6801/981252995] conn(0x7feee8038b50 msgr2=0x7feee803b010 secure :-1 s=STATE_CONNECTION_ESTABLISHED l=1).mark_down
2024-03-12T05:02:28.338 INFO:teuthology.orchestra.run.smithi100.stdout:/usr/bin/ceph: stderr
2024-03-12T05:02:27.642+0000 7fef0465a700 1 --2- 172.21.15.100:0/162103484 >> [v2:172.21.15.100:6800/981252995,v1:172.21.15.100:6801/981252995] conn(0x7feee8038b50 0x7feee803b010 secure :-1 s=READY pgs=6 cs=0 l=1 rev1=1 crypto rx=0x7feef8006fd0 tx=0x7feef8006e40 comp rx=0 tx=0).stop
2024-03-12T05:02:28.338 INFO:teuthology.orchestra.run.smithi100.stdout:/usr/bin/ceph: stderr
2024-03-12T05:02:27.642+0000 7fef0465a700 1 -- 172.21.15.100:0/162103484 >> [v2:172.21.15.100:3300/0,v1:172.21.15.100:6789/0] conn(0x7feefc106640 msgr2=0x7feefc19b540 secure :-1 s=STATE_CONNECTION_ESTABLISHED l=1).mark_down
2024-03-12T05:02:28.338 INFO:teuthology.orchestra.run.smithi100.stdout:/usr/bin/ceph: stderr
2024-03-12T05:02:27.642+0000 7fef0465a700 1 --2- 172.21.15.100:0/162103484 >> [v2:172.21.15.100:3300/0,v1:172.21.15.100:6789/0] conn(0x7feefc106640 0x7feefc19b540 secure :-1 s=READY pgs=19 cs=0 l=1 rev1=1 crypto rx=0x7feeec003f70 tx=0x7feeec011b40 comp rx=0 tx=0).stop
2024-03-12T05:02:28.339 INFO:teuthology.orchestra.run.smithi100.stdout:/usr/bin/ceph: stderr
2024-03-12T05:02:27.642+0000 7fef0465a700 1 -- 172.21.15.100:0/162103484 shutdown_connections
2024-03-12T05:02:28.339 INFO:teuthology.orchestra.run.smithi100.stdout:/usr/bin/ceph: stderr
2024-03-12T05:02:27.642+0000 7fef0465a700 1 --2- 172.21.15.100:0/162103484 >> [v2:172.21.15.100:6800/981252995,v1:172.21.15.100:6801/981252995] conn(0x7feee8038b50 0x7feee803b010 unknown :-1 s=CLOSED pgs=6 cs=0 l=1 rev1=1 crypto rx=0 tx=0 comp rx=0 tx=0).stop
2024-03-12T05:02:28.339 INFO:teuthology.orchestra.run.smithi100.stdout:/usr/bin/ceph: stderr
2024-03-12T05:02:27.643+0000 7fef0465a700 1 --2- 172.21.15.100:0/162103484 >> [v2:172.21.15.100:3300/0,v1:172.21.15.100:6789/0] conn(0x7feefc106640 0x7feefc19b540 unknown :-1 s=CLOSED pgs=19 cs=0 l=1 rev1=1 crypto rx=0 tx=0 comp rx=0 tx=0).stop
2024-03-12T05:02:28.339 INFO:teuthology.orchestra.run.smithi100.stdout:/usr/bin/ceph: stderr
2024-03-12T05:02:27.643+0000 7fef0465a700 1 -- 172.21.15.100:0/162103484 >> 172.21.15.100:0/162103484 conn(0x7feefc101c80 msgr2=0x7feefc102b10 unknown :-1 s=STATE_NONE l=0).mark_down
2024-03-12T05:02:28.339 INFO:teuthology.orchestra.run.smithi100.stdout:/usr/bin/ceph: stderr
2024-03-12T05:02:27.643+0000 7fef0465a700 1 -- 172.21.15.100:0/162103484 shutdown_connections
2024-03-12T05:02:28.339 INFO:teuthology.orchestra.run.smithi100.stdout:/usr/bin/ceph: stderr
2024-03-12T05:02:27.643+0000 7fef0465a700 1 -- 172.21.15.100:0/162103484 wait complete.
2024-03-12T05:02:28.339 INFO:teuthology.orchestra.run.smithi100.stdout:mgr is available
2024-03-12T05:02:28.707 INFO:journalctl@ceph.mon.a.smithi100.stdout:Mar 12 05:02:28 smithi100 ceph-mon[32210]: mgrmap e4: x(active, since 3s)
2024-03-12T05:02:28.707 INFO:journalctl@ceph.mon.a.smithi100.stdout:Mar 12 05:02:28 smithi100 ceph-mon[32210]: from='client.? 172.21.15.100:0/162103484' entity='client.admin' cmd=[{"prefix": "status", "format": "json-pretty"}]: dispatch
2024-03-12T05:02:29.397 INFO:teuthology.orchestra.run.smithi100.stdout:/usr/bin/ceph: stdout
2024-03-12T05:02:29.397 INFO:teuthology.orchestra.run.smithi100.stdout:/usr/bin/ceph: stdout [global]
2024-03-12T05:02:29.397 INFO:teuthology.orchestra.run.smithi100.stdout:/usr/bin/ceph: stdout fsid = 8a1680ae-e02d-11ee-95c8-87774f69a715
2024-03-12T05:02:29.397 INFO:teuthology.orchestra.run.smithi100.stdout:/usr/bin/ceph: stdout mon_osd_allow_pg_remap = true
2024-03-12T05:02:29.397 INFO:teuthology.orchestra.run.smithi100.stdout:/usr/bin/ceph: stdout mon_osd_allow_primary_affinity = true
2024-03-12T05:02:29.397 INFO:teuthology.orchestra.run.smithi100.stdout:/usr/bin/ceph: stdout mon_warn_on_no_sortbitwise = false
2024-03-12T05:02:29.397 INFO:teuthology.orchestra.run.smithi100.stdout:/usr/bin/ceph: stdout osd_crush_chooseleaf_type = 0
2024-03-12T05:02:29.397 INFO:teuthology.orchestra.run.smithi100.stdout:/usr/bin/ceph: stdout
2024-03-12T05:02:29.397 INFO:teuthology.orchestra.run.smithi100.stdout:/usr/bin/ceph: stdout [mgr]
2024-03-12T05:02:29.397 INFO:teuthology.orchestra.run.smithi100.stdout:/usr/bin/ceph: stdout mgr/telemetry/nag = false
2024-03-12T05:02:29.398 INFO:teuthology.orchestra.run.smithi100.stdout:/usr/bin/ceph: stdout
2024-03-12T05:02:29.398 INFO:teuthology.orchestra.run.smithi100.stdout:/usr/bin/ceph: stdout [osd]
2024-03-12T05:02:29.398 INFO:teuthology.orchestra.run.smithi100.stdout:/usr/bin/ceph: stdout mon_osd_backfillfull_ratio = 0.85
2024-03-12T05:02:29.398 INFO:teuthology.orchestra.run.smithi100.stdout:/usr/bin/ceph: stdout mon_osd_full_ratio = 0.9
2024-03-12T05:02:29.398 INFO:teuthology.orchestra.run.smithi100.stdout:/usr/bin/ceph: stdout mon_osd_nearfull_ratio = 0.8
2024-03-12T05:02:29.398 INFO:teuthology.orchestra.run.smithi100.stdout:/usr/bin/ceph: stdout osd_map_max_advance = 10
2024-03-12T05:02:29.398 INFO:teuthology.orchestra.run.smithi100.stdout:/usr/bin/ceph: stdout osd_sloppy_crc = true
2024-03-12T05:02:29.398 INFO:teuthology.orchestra.run.smithi100.stdout:/usr/bin/ceph: stderr
2024-03-12T05:02:28.705+0000 7fa19a974700 1 Processor -- start
2024-03-12T05:02:29.398 INFO:teuthology.orchestra.run.smithi100.stdout:/usr/bin/ceph: stderr
2024-03-12T05:02:28.705+0000 7fa19a974700 1 -- start start
2024-03-12T05:02:29.398 INFO:teuthology.orchestra.run.smithi100.stdout:/usr/bin/ceph: stderr
2024-03-12T05:02:28.705+0000 7fa19a974700 1 --2- >> [v2:172.21.15.100:3300/0,v1:172.21.15.100:6789/0] conn(0x7fa194108200 0x7fa19410a5f0 unknown :-1 s=NONE pgs=0 cs=0 l=0 rev1=0 crypto rx=0 tx=0 comp rx=0 tx=0).connect
2024-03-12T05:02:29.398 INFO:teuthology.orchestra.run.smithi100.stdout:/usr/bin/ceph: stderr
2024-03-12T05:02:28.705+0000 7fa19a974700 1 -- --> [v2:172.21.15.100:3300/0,v1:172.21.15.100:6789/0] -- mon_getmap magic: 0 v1 -- 0x7fa19407ae70 con 0x7fa194108200
2024-03-12T05:02:29.398 INFO:teuthology.orchestra.run.smithi100.stdout:/usr/bin/ceph: stderr
2024-03-12T05:02:28.705+0000 7fa193fff700 1 --2- >> [v2:172.21.15.100:3300/0,v1:172.21.15.100:6789/0] conn(0x7fa194108200 0x7fa19410a5f0 unknown :-1 s=BANNER_CONNECTING pgs=0 cs=0 l=0 rev1=0 crypto rx=0 tx=0 comp rx=0 tx=0)._handle_peer_banner_payload supported=3 required=0
2024-03-12T05:02:29.398 INFO:teuthology.orchestra.run.smithi100.stdout:/usr/bin/ceph: stderr
2024-03-12T05:02:28.705+0000 7fa193fff700 1 --2- >> [v2:172.21.15.100:3300/0,v1:172.21.15.100:6789/0] conn(0x7fa194108200 0x7fa19410a5f0 unknown :-1 s=HELLO_CONNECTING pgs=0 cs=0 l=0 rev1=1 crypto rx=0 tx=0 comp rx=0 tx=0).handle_hello peer v2:172.21.15.100:3300/0 says I am v2:172.21.15.100:55920/0 (socket says 172.21.15.100:55920)
2024-03-12T05:02:29.399 INFO:teuthology.orchestra.run.smithi100.stdout:/usr/bin/ceph: stderr
2024-03-12T05:02:28.705+0000 7fa193fff700 1 -- 172.21.15.100:0/1454082436 learned_addr learned my addr 172.21.15.100:0/1454082436 (peer_addr_for_me v2:172.21.15.100:0/0)
2024-03-12T05:02:29.399 INFO:teuthology.orchestra.run.smithi100.stdout:/usr/bin/ceph: stderr
2024-03-12T05:02:28.705+0000 7fa193fff700 1 -- 172.21.15.100:0/1454082436 --> [v2:172.21.15.100:3300/0,v1:172.21.15.100:6789/0] -- mon_subscribe({config=0+,monmap=0+}) v3 -- 0x7fa19410ab30 con 0x7fa194108200
2024-03-12T05:02:29.399 INFO:teuthology.orchestra.run.smithi100.stdout:/usr/bin/ceph: stderr
2024-03-12T05:02:28.705+0000 7fa193fff700 1 --2- 172.21.15.100:0/1454082436 >> [v2:172.21.15.100:3300/0,v1:172.21.15.100:6789/0] conn(0x7fa194108200 0x7fa19410a5f0 secure :-1 s=READY pgs=20 cs=0 l=1 rev1=1 crypto rx=0x7fa1880098a0 tx=0x7fa188009bb0 comp rx=0 tx=0).ready entity=mon.0 client_cookie=b0c1d354472e166d server_cookie=0 in_seq=0 out_seq=0
2024-03-12T05:02:29.399 INFO:teuthology.orchestra.run.smithi100.stdout:/usr/bin/ceph: stderr
2024-03-12T05:02:28.706+0000 7fa192ffd700 1 -- 172.21.15.100:0/1454082436 <== mon.0 v2:172.21.15.100:3300/0 1 ==== mon_map magic: 0 v1 ==== 205+0+0 (secure 0 0 0) 0x7fa188004160 con 0x7fa194108200
2024-03-12T05:02:29.399 INFO:teuthology.orchestra.run.smithi100.stdout:/usr/bin/ceph: stderr
2024-03-12T05:02:28.706+0000 7fa192ffd700 1 -- 172.21.15.100:0/1454082436 <== mon.0 v2:172.21.15.100:3300/0 2 ==== config(27 keys) v1 ==== 1109+0+0 (secure 0 0 0) 0x7fa1880042c0 con 0x7fa194108200
2024-03-12T05:02:29.399 INFO:teuthology.orchestra.run.smithi100.stdout:/usr/bin/ceph: stderr
2024-03-12T05:02:28.706+0000 7fa192ffd700 1 -- 172.21.15.100:0/1454082436 <== mon.0 v2:172.21.15.100:3300/0 3 ==== mon_map magic: 0 v1 ==== 205+0+0 (secure 0 0 0) 0x7fa188011ac0 con 0x7fa194108200
2024-03-12T05:02:29.399 INFO:teuthology.orchestra.run.smithi100.stdout:/usr/bin/ceph: stderr
2024-03-12T05:02:28.706+0000 7fa19a974700 1 -- 172.21.15.100:0/1454082436 >> [v2:172.21.15.100:3300/0,v1:172.21.15.100:6789/0] conn(0x7fa194108200 msgr2=0x7fa19410a5f0 secure :-1 s=STATE_CONNECTION_ESTABLISHED l=1).mark_down
2024-03-12T05:02:29.399 INFO:teuthology.orchestra.run.smithi100.stdout:/usr/bin/ceph: stderr
