2024-03-12T05:46:29.743+0000 7f7416f6c700 1 --2- 172.21.15.76:0/3515462834 >> [v2:172.21.15.76:3300/0,v1:172.21.15.76:6789/0] conn(0x7f7410107690 0x7f7410107ab0 unknown :-1 s=CLOSED pgs=51 cs=0 l=1 rev1=1 crypto rx=0 tx=0 comp rx=0 tx=0).stop
2024-03-12T05:46:30.544 INFO:teuthology.orchestra.run.smithi076.stdout:/usr/bin/ceph: stderr
2024-03-12T05:46:29.743+0000 7f7416f6c700 1 -- 172.21.15.76:0/3515462834 >> 172.21.15.76:0/3515462834 conn(0x7f7410102cb0 msgr2=0x7f74101050d0 unknown :-1 s=STATE_NONE l=0).mark_down
2024-03-12T05:46:30.544 INFO:teuthology.orchestra.run.smithi076.stdout:/usr/bin/ceph: stderr
2024-03-12T05:46:29.743+0000 7f7416f6c700 1 -- 172.21.15.76:0/3515462834 shutdown_connections
2024-03-12T05:46:30.544 INFO:teuthology.orchestra.run.smithi076.stdout:/usr/bin/ceph: stderr
2024-03-12T05:46:29.743+0000 7f7416f6c700 1 -- 172.21.15.76:0/3515462834 wait complete.
2024-03-12T05:46:30.544 INFO:teuthology.orchestra.run.smithi076.stdout:/usr/bin/ceph: stderr
2024-03-12T05:46:29.744+0000 7f7416f6c700 1 Processor -- start
2024-03-12T05:46:30.544 INFO:teuthology.orchestra.run.smithi076.stdout:/usr/bin/ceph: stderr
2024-03-12T05:46:29.744+0000 7f7416f6c700 1 -- start start
2024-03-12T05:46:30.544 INFO:teuthology.orchestra.run.smithi076.stdout:/usr/bin/ceph: stderr
2024-03-12T05:46:29.744+0000 7f7416f6c700 1 --2- >> [v2:172.21.15.76:3300/0,v1:172.21.15.76:6789/0] conn(0x7f7410107690 0x7f741019d620 unknown :-1 s=NONE pgs=0 cs=0 l=1 rev1=0 crypto rx=0 tx=0 comp rx=0 tx=0).connect
2024-03-12T05:46:30.544 INFO:teuthology.orchestra.run.smithi076.stdout:/usr/bin/ceph: stderr
2024-03-12T05:46:29.744+0000 7f7416f6c700 1 -- --> [v2:172.21.15.76:3300/0,v1:172.21.15.76:6789/0] -- mon_getmap magic: 0 v1 -- 0x7f741019db60 con 0x7f7410107690
2024-03-12T05:46:30.544 INFO:teuthology.orchestra.run.smithi076.stdout:/usr/bin/ceph: stderr
2024-03-12T05:46:29.744+0000 7f7414d08700 1 --2- >> [v2:172.21.15.76:3300/0,v1:172.21.15.76:6789/0] conn(0x7f7410107690 0x7f741019d620 unknown :-1 s=BANNER_CONNECTING pgs=0 cs=0 l=1 rev1=0 crypto rx=0 tx=0 comp rx=0 tx=0)._handle_peer_banner_payload supported=3 required=0
2024-03-12T05:46:30.545 INFO:teuthology.orchestra.run.smithi076.stdout:/usr/bin/ceph: stderr
2024-03-12T05:46:29.744+0000 7f7414d08700 1 --2- >> [v2:172.21.15.76:3300/0,v1:172.21.15.76:6789/0] conn(0x7f7410107690 0x7f741019d620 unknown :-1 s=HELLO_CONNECTING pgs=0 cs=0 l=1 rev1=1 crypto rx=0 tx=0 comp rx=0 tx=0).handle_hello peer v2:172.21.15.76:3300/0 says I am v2:172.21.15.76:54242/0 (socket says 172.21.15.76:54242)
2024-03-12T05:46:30.545 INFO:teuthology.orchestra.run.smithi076.stdout:/usr/bin/ceph: stderr
2024-03-12T05:46:29.744+0000 7f7414d08700 1 -- 172.21.15.76:0/701826276 learned_addr learned my addr 172.21.15.76:0/701826276 (peer_addr_for_me v2:172.21.15.76:0/0)
2024-03-12T05:46:30.545 INFO:teuthology.orchestra.run.smithi076.stdout:/usr/bin/ceph: stderr
2024-03-12T05:46:29.744+0000 7f7414d08700 1 -- 172.21.15.76:0/701826276 --> [v2:172.21.15.76:3300/0,v1:172.21.15.76:6789/0] -- mon_subscribe({config=0+,monmap=0+}) v3 -- 0x7f7404009550 con 0x7f7410107690
2024-03-12T05:46:30.545 INFO:teuthology.orchestra.run.smithi076.stdout:/usr/bin/ceph: stderr
2024-03-12T05:46:29.744+0000 7f7414d08700 1 --2- 172.21.15.76:0/701826276 >> [v2:172.21.15.76:3300/0,v1:172.21.15.76:6789/0] conn(0x7f7410107690 0x7f741019d620 secure :-1 s=READY pgs=52 cs=0 l=1 rev1=1 crypto rx=0x7f7404011740 tx=0x7f7404011b00 comp rx=0 tx=0).ready entity=mon.0 client_cookie=0 server_cookie=0 in_seq=0 out_seq=0
2024-03-12T05:46:30.545 INFO:teuthology.orchestra.run.smithi076.stdout:/usr/bin/ceph: stderr
2024-03-12T05:46:29.745+0000 7f740dffb700 1 -- 172.21.15.76:0/701826276 <== mon.0 v2:172.21.15.76:3300/0 1 ==== mon_map magic: 0 v1 ==== 205+0+0 (secure 0 0 0) 0x7f74040039e0 con 0x7f7410107690
2024-03-12T05:46:30.545 INFO:teuthology.orchestra.run.smithi076.stdout:/usr/bin/ceph: stderr
2024-03-12T05:46:29.745+0000 7f7416f6c700 1 -- 172.21.15.76:0/701826276 --> [v2:172.21.15.76:3300/0,v1:172.21.15.76:6789/0] -- mon_subscribe({mgrmap=0+}) v3 -- 0x7f741019dd60 con 0x7f7410107690
2024-03-12T05:46:30.545 INFO:teuthology.orchestra.run.smithi076.stdout:/usr/bin/ceph: stderr
2024-03-12T05:46:29.745+0000 7f740dffb700 1 -- 172.21.15.76:0/701826276 <== mon.0 v2:172.21.15.76:3300/0 2 ==== config(27 keys) v1 ==== 1140+0+0 (secure 0 0 0) 0x7f7404003b40 con 0x7f7410107690
2024-03-12T05:46:30.545 INFO:teuthology.orchestra.run.smithi076.stdout:/usr/bin/ceph: stderr
2024-03-12T05:46:29.745+0000 7f740dffb700 1 -- 172.21.15.76:0/701826276 <== mon.0 v2:172.21.15.76:3300/0 3 ==== mon_map magic: 0 v1 ==== 205+0+0 (secure 0 0 0) 0x7f7404024710 con 0x7f7410107690
2024-03-12T05:46:30.545 INFO:teuthology.orchestra.run.smithi076.stdout:/usr/bin/ceph: stderr
2024-03-12T05:46:29.745+0000 7f7416f6c700 1 -- 172.21.15.76:0/701826276 --> [v2:172.21.15.76:3300/0,v1:172.21.15.76:6789/0] -- mon_subscribe({osdmap=0}) v3 -- 0x7f741019e200 con 0x7f7410107690
2024-03-12T05:46:30.545 INFO:teuthology.orchestra.run.smithi076.stdout:/usr/bin/ceph: stderr
2024-03-12T05:46:29.746+0000 7f7416f6c700 1 -- 172.21.15.76:0/701826276 --> [v2:172.21.15.76:3300/0,v1:172.21.15.76:6789/0] -- mon_command({"prefix": "get_command_descriptions"} v 0) v1 -- 0x7f741010ba70 con 0x7f7410107690
2024-03-12T05:46:30.545 INFO:teuthology.orchestra.run.smithi076.stdout:/usr/bin/ceph: stderr
2024-03-12T05:46:29.746+0000 7f740dffb700 1 -- 172.21.15.76:0/701826276 <== mon.0 v2:172.21.15.76:3300/0 4 ==== mgrmap(e 8) v1 ==== 45769+0+0 (secure 0 0 0) 0x7f74040249d0 con 0x7f7410107690
2024-03-12T05:46:30.545 INFO:teuthology.orchestra.run.smithi076.stdout:/usr/bin/ceph: stderr
2024-03-12T05:46:29.746+0000 7f740dffb700 1 --2- 172.21.15.76:0/701826276 >> [v2:172.21.15.76:6800/306877437,v1:172.21.15.76:6801/306877437] conn(0x7f7400038c60 0x7f740003b120 unknown :-1 s=NONE pgs=0 cs=0 l=1 rev1=0 crypto rx=0 tx=0 comp rx=0 tx=0).connect
2024-03-12T05:46:30.545 INFO:teuthology.orchestra.run.smithi076.stdout:/usr/bin/ceph: stderr
2024-03-12T05:46:29.746+0000 7f740dffb700 1 -- 172.21.15.76:0/701826276 <== mon.0 v2:172.21.15.76:3300/0 5 ==== osd_map(2..2 src has 1..2) v4 ==== 940+0+0 (secure 0 0 0) 0x7f740404cea0 con 0x7f7410107690
2024-03-12T05:46:30.545 INFO:teuthology.orchestra.run.smithi076.stdout:/usr/bin/ceph: stderr
2024-03-12T05:46:29.746+0000 7f740ffff700 1 --2- 172.21.15.76:0/701826276 >> [v2:172.21.15.76:6800/306877437,v1:172.21.15.76:6801/306877437] conn(0x7f7400038c60 0x7f740003b120 unknown :-1 s=BANNER_CONNECTING pgs=0 cs=0 l=1 rev1=0 crypto rx=0 tx=0 comp rx=0 tx=0)._handle_peer_banner_payload supported=3 required=0
2024-03-12T05:46:30.545 INFO:teuthology.orchestra.run.smithi076.stdout:/usr/bin/ceph: stderr
2024-03-12T05:46:29.747+0000 7f740ffff700 1 --2- 172.21.15.76:0/701826276 >> [v2:172.21.15.76:6800/306877437,v1:172.21.15.76:6801/306877437] conn(0x7f7400038c60 0x7f740003b120 secure :-1 s=READY pgs=14 cs=0 l=1 rev1=1 crypto rx=0x7f73fc006fd0 tx=0x7f73fc006e40 comp rx=0 tx=0).ready entity=mgr.14120 client_cookie=0 server_cookie=0 in_seq=0 out_seq=0
2024-03-12T05:46:30.546 INFO:teuthology.orchestra.run.smithi076.stdout:/usr/bin/ceph: stderr
2024-03-12T05:46:29.751+0000 7f740dffb700 1 -- 172.21.15.76:0/701826276 <== mon.0 v2:172.21.15.76:3300/0 6 ==== mon_command_ack([{"prefix": "get_command_descriptions"}]=0 v0) v1 ==== 72+0+183564 (secure 0 0 0) 0x7f7404024c80 con 0x7f7410107690
2024-03-12T05:46:30.546 INFO:teuthology.orchestra.run.smithi076.stdout:/usr/bin/ceph: stderr
2024-03-12T05:46:29.955+0000 7f7416f6c700 1 -- 172.21.15.76:0/701826276 --> [v2:172.21.15.76:3300/0,v1:172.21.15.76:6789/0] -- mon_command([{prefix=config set, name=mgr/cephadm/container_init}] v 0) v1 -- 0x7f74101a0b40 con 0x7f7410107690
2024-03-12T05:46:30.546 INFO:teuthology.orchestra.run.smithi076.stdout:/usr/bin/ceph: stderr
2024-03-12T05:46:29.958+0000 7f740dffb700 1 -- 172.21.15.76:0/701826276 <== mon.0 v2:172.21.15.76:3300/0 7 ==== mon_command_ack([{prefix=config set, name=mgr/cephadm/container_init}]=0 v7)=0 v7) v1 ==== 142+0+0 (secure 0 0 0) 0x7f740404c810 con 0x7f7410107690
2024-03-12T05:46:30.546 INFO:teuthology.orchestra.run.smithi076.stdout:/usr/bin/ceph: stderr
2024-03-12T05:46:29.960+0000 7f7416f6c700 1 -- 172.21.15.76:0/701826276 >> [v2:172.21.15.76:6800/306877437,v1:172.21.15.76:6801/306877437] conn(0x7f7400038c60 msgr2=0x7f740003b120 secure :-1 s=STATE_CONNECTION_ESTABLISHED l=1).mark_down
2024-03-12T05:46:30.546 INFO:teuthology.orchestra.run.smithi076.stdout:/usr/bin/ceph: stderr
2024-03-12T05:46:29.960+0000 7f7416f6c700 1 --2- 172.21.15.76:0/701826276 >> [v2:172.21.15.76:6800/306877437,v1:172.21.15.76:6801/306877437] conn(0x7f7400038c60 0x7f740003b120 secure :-1 s=READY pgs=14 cs=0 l=1 rev1=1 crypto rx=0x7f73fc006fd0 tx=0x7f73fc006e40 comp rx=0 tx=0).stop
2024-03-12T05:46:30.546 INFO:teuthology.orchestra.run.smithi076.stdout:/usr/bin/ceph: stderr
2024-03-12T05:46:29.960+0000 7f7416f6c700 1 -- 172.21.15.76:0/701826276 >> [v2:172.21.15.76:3300/0,v1:172.21.15.76:6789/0] conn(0x7f7410107690 msgr2=0x7f741019d620 secure :-1 s=STATE_CONNECTION_ESTABLISHED l=1).mark_down
2024-03-12T05:46:30.546 INFO:teuthology.orchestra.run.smithi076.stdout:/usr/bin/ceph: stderr
2024-03-12T05:46:29.960+0000 7f7416f6c700 1 --2- 172.21.15.76:0/701826276 >> [v2:172.21.15.76:3300/0,v1:172.21.15.76:6789/0] conn(0x7f7410107690 0x7f741019d620 secure :-1 s=READY pgs=52 cs=0 l=1 rev1=1 crypto rx=0x7f7404011740 tx=0x7f7404011b00 comp rx=0 tx=0).stop
2024-03-12T05:46:30.546 INFO:teuthology.orchestra.run.smithi076.stdout:/usr/bin/ceph: stderr
2024-03-12T05:46:29.960+0000 7f7416f6c700 1 -- 172.21.15.76:0/701826276 shutdown_connections
2024-03-12T05:46:30.546 INFO:teuthology.orchestra.run.smithi076.stdout:/usr/bin/ceph: stderr
2024-03-12T05:46:29.960+0000 7f7416f6c700 1 --2- 172.21.15.76:0/701826276 >> [v2:172.21.15.76:6800/306877437,v1:172.21.15.76:6801/306877437] conn(0x7f7400038c60 0x7f740003b120 unknown :-1 s=CLOSED pgs=14 cs=0 l=1 rev1=1 crypto rx=0 tx=0 comp rx=0 tx=0).stop
2024-03-12T05:46:30.546 INFO:teuthology.orchestra.run.smithi076.stdout:/usr/bin/ceph: stderr
2024-03-12T05:46:29.960+0000 7f7416f6c700 1 --2- 172.21.15.76:0/701826276 >> [v2:172.21.15.76:3300/0,v1:172.21.15.76:6789/0] conn(0x7f7410107690 0x7f741019d620 unknown :-1 s=CLOSED pgs=52 cs=0 l=1 rev1=1 crypto rx=0 tx=0 comp rx=0 tx=0).stop
2024-03-12T05:46:30.546 INFO:teuthology.orchestra.run.smithi076.stdout:/usr/bin/ceph: stderr
2024-03-12T05:46:29.960+0000 7f7416f6c700 1 -- 172.21.15.76:0/701826276 >> 172.21.15.76:0/701826276 conn(0x7f7410102cb0 msgr2=0x7f74101036f0 unknown :-1 s=STATE_NONE l=0).mark_down
2024-03-12T05:46:30.546 INFO:teuthology.orchestra.run.smithi076.stdout:/usr/bin/ceph: stderr
2024-03-12T05:46:29.961+0000 7f7416f6c700 1 -- 172.21.15.76:0/701826276 shutdown_connections
2024-03-12T05:46:30.546 INFO:teuthology.orchestra.run.smithi076.stdout:/usr/bin/ceph: stderr
2024-03-12T05:46:29.961+0000 7f7416f6c700 1 -- 172.21.15.76:0/701826276 wait complete.
2024-03-12T05:46:31.392 INFO:journalctl@ceph.mon.a.smithi076.stdout:Mar 12 05:46:31 smithi076 ceph-mon[32095]: from='mgr.14120 172.21.15.76:0/3361815285' entity='mgr.x'
2024-03-12T05:46:31.392 INFO:journalctl@ceph.mon.a.smithi076.stdout:Mar 12 05:46:31 smithi076 ceph-mon[32095]: from='client.? 172.21.15.76:0/2225217322' entity='client.admin'
2024-03-12T05:46:32.389 INFO:teuthology.orchestra.run.smithi076.stdout:/usr/bin/ceph: stderr
2024-03-12T05:46:30.921+0000 7f50aef67700 1 Processor -- start
2024-03-12T05:46:32.389 INFO:teuthology.orchestra.run.smithi076.stdout:/usr/bin/ceph: stderr
2024-03-12T05:46:30.921+0000 7f50aef67700 1 -- start start
2024-03-12T05:46:32.389 INFO:teuthology.orchestra.run.smithi076.stdout:/usr/bin/ceph: stderr
2024-03-12T05:46:30.922+0000 7f50aef67700 1 --2- >> [v2:172.21.15.76:3300/0,v1:172.21.15.76:6789/0] conn(0x7f50a8108c90 0x7f50a81090b0 unknown :-1 s=NONE pgs=0 cs=0 l=0 rev1=0 crypto rx=0 tx=0 comp rx=0 tx=0).connect
2024-03-12T05:46:32.389 INFO:teuthology.orchestra.run.smithi076.stdout:/usr/bin/ceph: stderr
2024-03-12T05:46:30.922+0000 7f50aef67700 1 -- --> [v2:172.21.15.76:3300/0,v1:172.21.15.76:6789/0] -- mon_getmap magic: 0 v1 -- 0x7f50a8109680 con 0x7f50a8108c90
2024-03-12T05:46:32.389 INFO:teuthology.orchestra.run.smithi076.stdout:/usr/bin/ceph: stderr
2024-03-12T05:46:30.922+0000 7f50acd03700 1 --2- >> [v2:172.21.15.76:3300/0,v1:172.21.15.76:6789/0] conn(0x7f50a8108c90 0x7f50a81090b0 unknown :-1 s=BANNER_CONNECTING pgs=0 cs=0 l=0 rev1=0 crypto rx=0 tx=0 comp rx=0 tx=0)._handle_peer_banner_payload supported=3 required=0
2024-03-12T05:46:32.389 INFO:teuthology.orchestra.run.smithi076.stdout:/usr/bin/ceph: stderr
2024-03-12T05:46:30.922+0000 7f50acd03700 1 --2- >> [v2:172.21.15.76:3300/0,v1:172.21.15.76:6789/0] conn(0x7f50a8108c90 0x7f50a81090b0 unknown :-1 s=HELLO_CONNECTING pgs=0 cs=0 l=0 rev1=1 crypto rx=0 tx=0 comp rx=0 tx=0).handle_hello peer v2:172.21.15.76:3300/0 says I am v2:172.21.15.76:54244/0 (socket says 172.21.15.76:54244)
2024-03-12T05:46:32.389 INFO:teuthology.orchestra.run.smithi076.stdout:/usr/bin/ceph: stderr
2024-03-12T05:46:30.922+0000 7f50acd03700 1 -- 172.21.15.76:0/2967902784 learned_addr learned my addr 172.21.15.76:0/2967902784 (peer_addr_for_me v2:172.21.15.76:0/0)
2024-03-12T05:46:32.389 INFO:teuthology.orchestra.run.smithi076.stdout:/usr/bin/ceph: stderr
2024-03-12T05:46:30.922+0000 7f50acd03700 1 -- 172.21.15.76:0/2967902784 --> [v2:172.21.15.76:3300/0,v1:172.21.15.76:6789/0] -- mon_subscribe({config=0+,monmap=0+}) v3 -- 0x7f50a81097c0 con 0x7f50a8108c90
2024-03-12T05:46:32.389 INFO:teuthology.orchestra.run.smithi076.stdout:/usr/bin/ceph: stderr
2024-03-12T05:46:30.922+0000 7f50acd03700 1 --2- 172.21.15.76:0/2967902784 >> [v2:172.21.15.76:3300/0,v1:172.21.15.76:6789/0] conn(0x7f50a8108c90 0x7f50a81090b0 secure :-1 s=READY pgs=53 cs=0 l=1 rev1=1 crypto rx=0x7f509c0098a0 tx=0x7f509c009bb0 comp rx=0 tx=0).ready entity=mon.0 client_cookie=e0f8446092c4de4b server_cookie=0 in_seq=0 out_seq=0
2024-03-12T05:46:32.389 INFO:teuthology.orchestra.run.smithi076.stdout:/usr/bin/ceph: stderr
2024-03-12T05:46:30.922+0000 7f50a77fe700 1 -- 172.21.15.76:0/2967902784 <== mon.0 v2:172.21.15.76:3300/0 1 ==== mon_map magic: 0 v1 ==== 205+0+0 (secure 0 0 0) 0x7f509c004160 con 0x7f50a8108c90
2024-03-12T05:46:32.390 INFO:teuthology.orchestra.run.smithi076.stdout:/usr/bin/ceph: stderr
2024-03-12T05:46:30.922+0000 7f50a77fe700 1 -- 172.21.15.76:0/2967902784 <== mon.0 v2:172.21.15.76:3300/0 2 ==== config(27 keys) v1 ==== 1140+0+0 (secure 0 0 0) 0x7f509c0042c0 con 0x7f50a8108c90
2024-03-12T05:46:32.390 INFO:teuthology.orchestra.run.smithi076.stdout:/usr/bin/ceph: stderr
2024-03-12T05:46:30.922+0000 7f50a77fe700 1 -- 172.21.15.76:0/2967902784 <== mon.0 v2:172.21.15.76:3300/0 3 ==== mon_map magic: 0 v1 ==== 205+0+0 (secure 0 0 0) 0x7f509c011a80 con 0x7f50a8108c90
2024-03-12T05:46:32.390 INFO:teuthology.orchestra.run.smithi076.stdout:/usr/bin/ceph: stderr
2024-03-12T05:46:30.923+0000 7f50aef67700 1 -- 172.21.15.76:0/2967902784 >> [v2:172.21.15.76:3300/0,v1:172.21.15.76:6789/0] conn(0x7f50a8108c90 msgr2=0x7f50a81090b0 secure :-1 s=STATE_CONNECTION_ESTABLISHED l=1).mark_down
2024-03-12T05:46:32.390 INFO:teuthology.orchestra.run.smithi076.stdout:/usr/bin/ceph: stderr
2024-03-12T05:46:30.923+0000 7f50aef67700 1 --2- 172.21.15.76:0/2967902784 >> [v2:172.21.15.76:3300/0,v1:172.21.15.76:6789/0] conn(0x7f50a8108c90 0x7f50a81090b0 secure :-1 s=READY pgs=53 cs=0 l=1 rev1=1 crypto rx=0x7f509c0098a0 tx=0x7f509c009bb0 comp rx=0 tx=0).stop
2024-03-12T05:46:32.390 INFO:teuthology.orchestra.run.smithi076.stdout:/usr/bin/ceph: stderr
2024-03-12T05:46:30.923+0000 7f50aef67700 1 -- 172.21.15.76:0/2967902784 shutdown_connections
2024-03-12T05:46:32.390 INFO:teuthology.orchestra.run.smithi076.stdout:/usr/bin/ceph: stderr
2024-03-12T05:46:30.923+0000 7f50aef67700 1 --2- 172.21.15.76:0/2967902784 >> [v2:172.21.15.76:3300/0,v1:172.21.15.76:6789/0] conn(0x7f50a8108c90 0x7f50a81090b0 unknown :-1 s=CLOSED pgs=53 cs=0 l=1 rev1=1 crypto rx=0 tx=0 comp rx=0 tx=0).stop
2024-03-12T05:46:32.390 INFO:teuthology.orchestra.run.smithi076.stdout:/usr/bin/ceph: stderr
2024-03-12T05:46:30.923+0000 7f50aef67700 1 -- 172.21.15.76:0/2967902784 >> 172.21.15.76:0/2967902784 conn(0x7f50a8101370 msgr2=0x7f50a8103790 unknown :-1 s=STATE_NONE l=0).mark_down
2024-03-12T05:46:32.390 INFO:teuthology.orchestra.run.smithi076.stdout:/usr/bin/ceph: stderr
2024-03-12T05:46:30.923+0000 7f50aef67700 1 -- 172.21.15.76:0/2967902784 shutdown_connections
2024-03-12T05:46:32.390 INFO:teuthology.orchestra.run.smithi076.stdout:/usr/bin/ceph: stderr
2024-03-12T05:46:30.923+0000 7f50aef67700 1 -- 172.21.15.76:0/2967902784 wait complete.
2024-03-12T05:46:32.390 INFO:teuthology.orchestra.run.smithi076.stdout:/usr/bin/ceph: stderr
2024-03-12T05:46:30.923+0000 7f50aef67700 1 Processor -- start
2024-03-12T05:46:32.390 INFO:teuthology.orchestra.run.smithi076.stdout:/usr/bin/ceph: stderr
2024-03-12T05:46:30.924+0000 7f50aef67700 1 -- start start
2024-03-12T05:46:32.390 INFO:teuthology.orchestra.run.smithi076.stdout:/usr/bin/ceph: stderr
2024-03-12T05:46:30.924+0000 7f50aef67700 1 --2- >> [v2:172.21.15.76:3300/0,v1:172.21.15.76:6789/0] conn(0x7f50a8108c90 0x7f50a819b400 unknown :-1 s=NONE pgs=0 cs=0 l=1 rev1=0 crypto rx=0 tx=0 comp rx=0 tx=0).connect
2024-03-12T05:46:32.391 INFO:teuthology.orchestra.run.smithi076.stdout:/usr/bin/ceph: stderr
2024-03-12T05:46:30.924+0000 7f50aef67700 1 -- --> [v2:172.21.15.76:3300/0,v1:172.21.15.76:6789/0] -- mon_getmap magic: 0 v1 -- 0x7f50a819b940 con 0x7f50a8108c90
2024-03-12T05:46:32.391 INFO:teuthology.orchestra.run.smithi076.stdout:/usr/bin/ceph: stderr
2024-03-12T05:46:30.924+0000 7f50acd03700 1 --2- >> [v2:172.21.15.76:3300/0,v1:172.21.15.76:6789/0] conn(0x7f50a8108c90 0x7f50a819b400 unknown :-1 s=BANNER_CONNECTING pgs=0 cs=0 l=1 rev1=0 crypto rx=0 tx=0 comp rx=0 tx=0)._handle_peer_banner_payload supported=3 required=0
2024-03-12T05:46:32.391 INFO:teuthology.orchestra.run.smithi076.stdout:/usr/bin/ceph: stderr
2024-03-12T05:46:30.924+0000 7f50acd03700 1 --2- >> [v2:172.21.15.76:3300/0,v1:172.21.15.76:6789/0] conn(0x7f50a8108c90 0x7f50a819b400 unknown :-1 s=HELLO_CONNECTING pgs=0 cs=0 l=1 rev1=1 crypto rx=0 tx=0 comp rx=0 tx=0).handle_hello peer v2:172.21.15.76:3300/0 says I am v2:172.21.15.76:54254/0 (socket says 172.21.15.76:54254)
2024-03-12T05:46:32.391 INFO:teuthology.orchestra.run.smithi076.stdout:/usr/bin/ceph: stderr
2024-03-12T05:46:30.924+0000 7f50acd03700 1 -- 172.21.15.76:0/2225217322 learned_addr learned my addr 172.21.15.76:0/2225217322 (peer_addr_for_me v2:172.21.15.76:0/0)
2024-03-12T05:46:32.391 INFO:teuthology.orchestra.run.smithi076.stdout:/usr/bin/ceph: stderr
2024-03-12T05:46:30.924+0000 7f50acd03700 1 -- 172.21.15.76:0/2225217322 --> [v2:172.21.15.76:3300/0,v1:172.21.15.76:6789/0] -- mon_subscribe({config=0+,monmap=0+}) v3 -- 0x7f509c009550 con 0x7f50a8108c90
2024-03-12T05:46:32.391 INFO:teuthology.orchestra.run.smithi076.stdout:/usr/bin/ceph: stderr
2024-03-12T05:46:30.924+0000 7f50acd03700 1 --2- 172.21.15.76:0/2225217322 >> [v2:172.21.15.76:3300/0,v1:172.21.15.76:6789/0] conn(0x7f50a8108c90 0x7f50a819b400 secure :-1 s=READY pgs=54 cs=0 l=1 rev1=1 crypto rx=0x7f509c011740 tx=0x7f509c011a50 comp rx=0 tx=0).ready entity=mon.0 client_cookie=0 server_cookie=0 in_seq=0 out_seq=0
2024-03-12T05:46:32.391 INFO:teuthology.orchestra.run.smithi076.stdout:/usr/bin/ceph: stderr
2024-03-12T05:46:30.924+0000 7f50a5ffb700 1 -- 172.21.15.76:0/2225217322 <== mon.0 v2:172.21.15.76:3300/0 1 ==== mon_map magic: 0 v1 ==== 205+0+0 (secure 0 0 0) 0x7f509c003af0 con 0x7f50a8108c90
2024-03-12T05:46:32.391 INFO:teuthology.orchestra.run.smithi076.stdout:/usr/bin/ceph: stderr
2024-03-12T05:46:30.924+0000 7f50a5ffb700 1 -- 172.21.15.76:0/2225217322 <== mon.0 v2:172.21.15.76:3300/0 2 ==== config(27 keys) v1 ==== 1140+0+0 (secure 0 0 0) 0x7f509c003c50 con 0x7f50a8108c90
2024-03-12T05:46:32.391 INFO:teuthology.orchestra.run.smithi076.stdout:/usr/bin/ceph: stderr
2024-03-12T05:46:30.924+0000 7f50aef67700 1 -- 172.21.15.76:0/2225217322 --> [v2:172.21.15.76:3300/0,v1:172.21.15.76:6789/0] -- mon_subscribe({mgrmap=0+}) v3 -- 0x7f50a819bb40 con 0x7f50a8108c90
2024-03-12T05:46:32.391 INFO:teuthology.orchestra.run.smithi076.stdout:/usr/bin/ceph: stderr
2024-03-12T05:46:30.924+0000 7f50a5ffb700 1 -- 172.21.15.76:0/2225217322 <== mon.0 v2:172.21.15.76:3300/0 3 ==== mon_map magic: 0 v1 ==== 205+0+0 (secure 0 0 0) 0x7f509c024710 con 0x7f50a8108c90
2024-03-12T05:46:32.392 INFO:teuthology.orchestra.run.smithi076.stdout:/usr/bin/ceph: stderr
2024-03-12T05:46:30.925+0000 7f50aef67700 1 -- 172.21.15.76:0/2225217322 --> [v2:172.21.15.76:3300/0,v1:172.21.15.76:6789/0] -- mon_subscribe({osdmap=0}) v3 -- 0x7f50a819bfe0 con 0x7f50a8108c90
2024-03-12T05:46:32.392 INFO:teuthology.orchestra.run.smithi076.stdout:/usr/bin/ceph: stderr
2024-03-12T05:46:30.925+0000 7f50a5ffb700 1 -- 172.21.15.76:0/2225217322 <== mon.0 v2:172.21.15.76:3300/0 4 ==== mgrmap(e 8) v1 ==== 45769+0+0 (secure 0 0 0) 0x7f509c01ab30 con 0x7f50a8108c90
2024-03-12T05:46:32.392 INFO:teuthology.orchestra.run.smithi076.stdout:/usr/bin/ceph: stderr
2024-03-12T05:46:30.926+0000 7f50aef67700 1 -- 172.21.15.76:0/2225217322 --> [v2:172.21.15.76:3300/0,v1:172.21.15.76:6789/0] -- mon_command({"prefix": "get_command_descriptions"} v 0) v1 -- 0x7f50a81063c0 con 0x7f50a8108c90
2024-03-12T05:46:32.392 INFO:teuthology.orchestra.run.smithi076.stdout:/usr/bin/ceph: stderr
2024-03-12T05:46:30.926+0000 7f50a5ffb700 1 --2- 172.21.15.76:0/2225217322 >> [v2:172.21.15.76:6800/306877437,v1:172.21.15.76:6801/306877437] conn(0x7f5098038c60 0x7f509803b120 unknown :-1 s=NONE pgs=0 cs=0 l=1 rev1=0 crypto rx=0 tx=0 comp rx=0 tx=0).connect
2024-03-12T05:46:32.392 INFO:teuthology.orchestra.run.smithi076.stdout:/usr/bin/ceph: stderr
2024-03-12T05:46:30.926+0000 7f50a5ffb700 1 -- 172.21.15.76:0/2225217322 <== mon.0 v2:172.21.15.76:3300/0 5 ==== osd_map(2..2 src has 1..2) v4 ==== 940+0+0 (secure 0 0 0) 0x7f509c04ce40 con 0x7f50a8108c90
2024-03-12T05:46:32.392 INFO:teuthology.orchestra.run.smithi076.stdout:/usr/bin/ceph: stderr
2024-03-12T05:46:30.926+0000 7f50a7fff700 1 --2- 172.21.15.76:0/2225217322 >> [v2:172.21.15.76:6800/306877437,v1:172.21.15.76:6801/306877437] conn(0x7f5098038c60 0x7f509803b120 unknown :-1 s=BANNER_CONNECTING pgs=0 cs=0 l=1 rev1=0 crypto rx=0 tx=0 comp rx=0 tx=0)._handle_peer_banner_payload supported=3 required=0
2024-03-12T05:46:32.392 INFO:teuthology.orchestra.run.smithi076.stdout:/usr/bin/ceph: stderr
2024-03-12T05:46:30.926+0000 7f50a7fff700 1 --2- 172.21.15.76:0/2225217322 >> [v2:172.21.15.76:6800/306877437,v1:172.21.15.76:6801/306877437] conn(0x7f5098038c60 0x7f509803b120 secure :-1 s=READY pgs=15 cs=0 l=1 rev1=1 crypto rx=0x7f5094006fd0 tx=0x7f5094006e40 comp rx=0 tx=0).ready entity=mgr.14120 client_cookie=0 server_cookie=0 in_seq=0 out_seq=0
2024-03-12T05:46:32.392 INFO:teuthology.orchestra.run.smithi076.stdout:/usr/bin/ceph: stderr
2024-03-12T05:46:30.931+0000 7f50a5ffb700 1 -- 172.21.15.76:0/2225217322 <== mon.0 v2:172.21.15.76:3300/0 6 ==== mon_command_ack([{"prefix": "get_command_descriptions"}]=0 v0) v1 ==== 72+0+183564 (secure 0 0 0) 0x7f509c01a950 con 0x7f50a8108c90
2024-03-12T05:46:32.392 INFO:teuthology.orchestra.run.smithi076.stdout:/usr/bin/ceph: stderr
2024-03-12T05:46:31.148+0000 7f50aef67700 1 -- 172.21.15.76:0/2225217322 --> [v2:172.21.15.76:3300/0,v1:172.21.15.76:6789/0] -- mon_command([{prefix=config set, name=mgr/dashboard/ssl_server_port}] v 0) v1 -- 0x7f50a819e8c0 con 0x7f50a8108c90
2024-03-12T05:46:32.392 INFO:teuthology.orchestra.run.smithi076.stdout:/usr/bin/ceph: stderr
2024-03-12T05:46:31.150+0000 7f50a5ffb700 1 -- 172.21.15.76:0/2225217322 <== mon.0 v2:172.21.15.76:3300/0 7 ==== mon_command_ack([{prefix=config set, name=mgr/dashboard/ssl_server_port}]=0 v8)=0 v8) v1 ==== 130+0+0 (secure 0 0 0) 0x7f509c02c350 con 0x7f50a8108c90
2024-03-12T05:46:32.392 INFO:teuthology.orchestra.run.smithi076.stdout:/usr/bin/ceph: stderr
2024-03-12T05:46:31.152+0000 7f50aef67700 1 -- 172.21.15.76:0/2225217322 >> [v2:172.21.15.76:6800/306877437,v1:172.21.15.76:6801/306877437] conn(0x7f5098038c60 msgr2=0x7f509803b120 secure :-1 s=STATE_CONNECTION_ESTABLISHED l=1).mark_down
2024-03-12T05:46:32.392 INFO:teuthology.orchestra.run.smithi076.stdout:/usr/bin/ceph: stderr
2024-03-12T05:46:31.152+0000 7f50aef67700 1 --2- 172.21.15.76:0/2225217322 >> [v2:172.21.15.76:6800/306877437,v1:172.21.15.76:6801/306877437] conn(0x7f5098038c60 0x7f509803b120 secure :-1 s=READY pgs=15 cs=0 l=1 rev1=1 crypto rx=0x7f5094006fd0 tx=0x7f5094006e40 comp rx=0 tx=0).stop
2024-03-12T05:46:32.392 INFO:teuthology.orchestra.run.smithi076.stdout:/usr/bin/ceph: stderr
2024-03-12T05:46:31.152+0000 7f50aef67700 1 -- 172.21.15.76:0/2225217322 >> [v2:172.21.15.76:3300/0,v1:172.21.15.76:6789/0] conn(0x7f50a8108c90 msgr2=0x7f50a819b400 secure :-1 s=STATE_CONNECTION_ESTABLISHED l=1).mark_down
2024-03-12T05:46:32.392 INFO:teuthology.orchestra.run.smithi076.stdout:/usr/bin/ceph: stderr
2024-03-12T05:46:31.152+0000 7f50aef67700 1 --2- 172.21.15.76:0/2225217322 >> [v2:172.21.15.76:3300/0,v1:172.21.15.76:6789/0] conn(0x7f50a8108c90 0x7f50a819b400 secure :-1 s=READY pgs=54 cs=0 l=1 rev1=1 crypto rx=0x7f509c011740 tx=0x7f509c011a50 comp rx=0 tx=0).stop
2024-03-12T05:46:32.393 INFO:teuthology.orchestra.run.smithi076.stdout:/usr/bin/ceph: stderr
2024-03-12T05:46:31.152+0000 7f50aef67700 1 -- 172.21.15.76:0/2225217322 shutdown_connections
2024-03-12T05:46:32.393 INFO:teuthology.orchestra.run.smithi076.stdout:/usr/bin/ceph: stderr
2024-03-12T05:46:31.152+0000 7f50aef67700 1 --2- 172.21.15.76:0/2225217322 >> [v2:172.21.15.76:6800/306877437,v1:172.21.15.76:6801/306877437] conn(0x7f5098038c60 0x7f509803b120 unknown :-1 s=CLOSED pgs=15 cs=0 l=1 rev1=1 crypto rx=0 tx=0 comp rx=0 tx=0).stop
2024-03-12T05:46:32.393 INFO:teuthology.orchestra.run.smithi076.stdout:/usr/bin/ceph: stderr
2024-03-12T05:46:31.152+0000 7f50aef67700 1 --2- 172.21.15.76:0/2225217322 >> [v2:172.21.15.76:3300/0,v1:172.21.15.76:6789/0] conn(0x7f50a8108c90 0x7f50a819b400 unknown :-1 s=CLOSED pgs=54 cs=0 l=1 rev1=1 crypto rx=0 tx=0 comp rx=0 tx=0).stop
2024-03-12T05:46:32.393 INFO:teuthology.orchestra.run.smithi076.stdout:/usr/bin/ceph: stderr
2024-03-12T05:46:31.152+0000 7f50aef67700 1 -- 172.21.15.76:0/2225217322 >> 172.21.15.76:0/2225217322 conn(0x7f50a8101370 msgr2=0x7f50a8101dd0 unknown :-1 s=STATE_NONE l=0).mark_down
2024-03-12T05:46:32.393 INFO:teuthology.orchestra.run.smithi076.stdout:/usr/bin/ceph: stderr
2024-03-12T05:46:31.152+0000 7f50aef67700 1 -- 172.21.15.76:0/2225217322 shutdown_connections
2024-03-12T05:46:32.393 INFO:teuthology.orchestra.run.smithi076.stdout:/usr/bin/ceph: stderr
2024-03-12T05:46:31.152+0000 7f50aef67700 1 -- 172.21.15.76:0/2225217322 wait complete.
2024-03-12T05:46:32.393 INFO:teuthology.orchestra.run.smithi076.stdout:Enabling the dashboard module...
2024-03-12T05:46:34.203 INFO:journalctl@ceph.mon.a.smithi076.stdout:Mar 12 05:46:33 smithi076 ceph-mon[32095]: pgmap v3: 0 pgs: ; 0 B data, 0 B used, 0 B / 0 B avail
2024-03-12T05:46:34.204 INFO:journalctl@ceph.mon.a.smithi076.stdout:Mar 12 05:46:33 smithi076 ceph-mon[32095]: from='client.? 172.21.15.76:0/2454377823' entity='client.admin' cmd=[{"prefix": "mgr module enable", "module": "dashboard"}]: dispatch
2024-03-12T05:46:34.204 INFO:journalctl@ceph.mgr.x.smithi076.stdout:Mar 12 05:46:33 smithi076 ceph-9f336de8-e033-11ee-95c8-87774f69a715-mgr-x[32328]: ignoring --setuser ceph since I am not root
2024-03-12T05:46:34.204 INFO:journalctl@ceph.mgr.x.smithi076.stdout:Mar 12 05:46:33 smithi076 ceph-9f336de8-e033-11ee-95c8-87774f69a715-mgr-x[32328]: ignoring --setgroup ceph since I am not root
2024-03-12T05:46:34.521 INFO:teuthology.orchestra.run.smithi076.stdout:/usr/bin/ceph: stderr
2024-03-12T05:46:32.788+0000 7f5008016700 1 Processor -- start
2024-03-12T05:46:34.521 INFO:teuthology.orchestra.run.smithi076.stdout:/usr/bin/ceph: stderr
2024-03-12T05:46:32.789+0000 7f5008016700 1 -- start start
2024-03-12T05:46:34.521 INFO:teuthology.orchestra.run.smithi076.stdout:/usr/bin/ceph: stderr
2024-03-12T05:46:32.789+0000 7f5008016700 1 --2- >> [v2:172.21.15.76:3300/0,v1:172.21.15.76:6789/0] conn(0x7f5000107760 0x7f5000107b80 unknown :-1 s=NONE pgs=0 cs=0 l=0 rev1=0 crypto rx=0 tx=0 comp rx=0 tx=0).connect
2024-03-12T05:46:34.521 INFO:teuthology.orchestra.run.smithi076.stdout:/usr/bin/ceph: stderr
2024-03-12T05:46:32.789+0000 7f5008016700 1 -- --> [v2:172.21.15.76:3300/0,v1:172.21.15.76:6789/0] -- mon_getmap magic: 0 v1 -- 0x7f5000108150 con 0x7f5000107760
2024-03-12T05:46:34.521 INFO:teuthology.orchestra.run.smithi076.stdout:/usr/bin/ceph: stderr
2024-03-12T05:46:32.789+0000 7f5005db2700 1 --2- >> [v2:172.21.15.76:3300/0,v1:172.21.15.76:6789/0] conn(0x7f5000107760 0x7f5000107b80 unknown :-1 s=BANNER_CONNECTING pgs=0 cs=0 l=0 rev1=0 crypto rx=0 tx=0 comp rx=0 tx=0)._handle_peer_banner_payload supported=3 required=0
2024-03-12T05:46:34.521 INFO:teuthology.orchestra.run.smithi076.stdout:/usr/bin/ceph: stderr
2024-03-12T05:46:32.789+0000 7f5005db2700 1 --2- >> [v2:172.21.15.76:3300/0,v1:172.21.15.76:6789/0] conn(0x7f5000107760 0x7f5000107b80 unknown :-1 s=HELLO_CONNECTING pgs=0 cs=0 l=0 rev1=1 crypto rx=0 tx=0 comp rx=0 tx=0).handle_hello peer v2:172.21.15.76:3300/0 says I am v2:172.21.15.76:50282/0 (socket says 172.21.15.76:50282)
2024-03-12T05:46:34.521 INFO:teuthology.orchestra.run.smithi076.stdout:/usr/bin/ceph: stderr
2024-03-12T05:46:32.789+0000 7f5005db2700 1 -- 172.21.15.76:0/2352238594 learned_addr learned my addr 172.21.15.76:0/2352238594 (peer_addr_for_me v2:172.21.15.76:0/0)
2024-03-12T05:46:34.521 INFO:teuthology.orchestra.run.smithi076.stdout:/usr/bin/ceph: stderr
2024-03-12T05:46:32.789+0000 7f5005db2700 1 -- 172.21.15.76:0/2352238594 --> [v2:172.21.15.76:3300/0,v1:172.21.15.76:6789/0] -- mon_subscribe({config=0+,monmap=0+}) v3 -- 0x7f50001088c0 con 0x7f5000107760
2024-03-12T05:46:34.521 INFO:teuthology.orchestra.run.smithi076.stdout:/usr/bin/ceph: stderr
2024-03-12T05:46:32.790+0000 7f5005db2700 1 --2- 172.21.15.76:0/2352238594 >> [v2:172.21.15.76:3300/0,v1:172.21.15.76:6789/0] conn(0x7f5000107760 0x7f5000107b80 secure :-1 s=READY pgs=55 cs=0 l=1 rev1=1 crypto rx=0x7f4ffc0098a0 tx=0x7f4ffc009bb0 comp rx=0 tx=0).ready entity=mon.0 client_cookie=21266819bc5fc92c server_cookie=0 in_seq=0 out_seq=0
2024-03-12T05:46:34.521 INFO:teuthology.orchestra.run.smithi076.stdout:/usr/bin/ceph: stderr
2024-03-12T05:46:32.790+0000 7f5004db0700 1 -- 172.21.15.76:0/2352238594 <== mon.0 v2:172.21.15.76:3300/0 1 ==== mon_map magic: 0 v1 ==== 205+0+0 (secure 0 0 0) 0x7f4ffc004160 con 0x7f5000107760
2024-03-12T05:46:34.522 INFO:teuthology.orchestra.run.smithi076.stdout:/usr/bin/ceph: stderr
2024-03-12T05:46:32.790+0000 7f5004db0700 1 -- 172.21.15.76:0/2352238594 <== mon.0 v2:172.21.15.76:3300/0 2 ==== config(27 keys) v1 ==== 1140+0+0 (secure 0 0 0) 0x7f4ffc0042c0 con 0x7f5000107760
2024-03-12T05:46:34.522 INFO:teuthology.orchestra.run.smithi076.stdout:/usr/bin/ceph: stderr
2024-03-12T05:46:32.790+0000 7f5004db0700 1 -- 172.21.15.76:0/2352238594 <== mon.0 v2:172.21.15.76:3300/0 3 ==== mon_map magic: 0 v1 ==== 205+0+0 (secure 0 0 0) 0x7f4ffc011a80 con 0x7f5000107760
2024-03-12T05:46:34.522 INFO:teuthology.orchestra.run.smithi076.stdout:/usr/bin/ceph: stderr
2024-03-12T05:46:32.790+0000 7f5008016700 1 -- 172.21.15.76:0/2352238594 >> [v2:172.21.15.76:3300/0,v1:172.21.15.76:6789/0] conn(0x7f5000107760 msgr2=0x7f5000107b80 secure :-1 s=STATE_CONNECTION_ESTABLISHED l=1).mark_down
2024-03-12T05:46:34.522 INFO:teuthology.orchestra.run.smithi076.stdout:/usr/bin/ceph: stderr
2024-03-12T05:46:32.790+0000 7f5008016700 1 --2- 172.21.15.76:0/2352238594 >> [v2:172.21.15.76:3300/0,v1:172.21.15.76:6789/0] conn(0x7f5000107760 0x7f5000107b80 secure :-1 s=READY pgs=55 cs=0 l=1 rev1=1 crypto rx=0x7f4ffc0098a0 tx=0x7f4ffc009bb0 comp rx=0 tx=0).stop
2024-03-12T05:46:34.522 INFO:teuthology.orchestra.run.smithi076.stdout:/usr/bin/ceph: stderr
2024-03-12T05:46:32.790+0000 7f5008016700 1 -- 172.21.15.76:0/2352238594 shutdown_connections
2024-03-12T05:46:34.522 INFO:teuthology.orchestra.run.smithi076.stdout:/usr/bin/ceph: stderr
2024-03-12T05:46:32.790+0000 7f5008016700 1 --2- 172.21.15.76:0/2352238594 >> [v2:172.21.15.76:3300/0,v1:172.21.15.76:6789/0] conn(0x7f5000107760 0x7f5000107b80 unknown :-1 s=CLOSED pgs=55 cs=0 l=1 rev1=1 crypto rx=0 tx=0 comp rx=0 tx=0).stop
2024-03-12T05:46:34.522 INFO:teuthology.orchestra.run.smithi076.stdout:/usr/bin/ceph: stderr
2024-03-12T05:46:32.790+0000 7f5008016700 1 -- 172.21.15.76:0/2352238594 >> 172.21.15.76:0/2352238594 conn(0x7f5000102de0 msgr2=0x7f5000105200 unknown :-1 s=STATE_NONE l=0).mark_down
2024-03-12T05:46:34.522 INFO:teuthology.orchestra.run.smithi076.stdout:/usr/bin/ceph: stderr
2024-03-12T05:46:32.791+0000 7f5008016700 1 -- 172.21.15.76:0/2352238594 shutdown_connections
2024-03-12T05:46:34.522 INFO:teuthology.orchestra.run.smithi076.stdout:/usr/bin/ceph: stderr
2024-03-12T05:46:32.791+0000 7f5008016700 1 -- 172.21.15.76:0/2352238594 wait complete.
2024-03-12T05:46:34.522 INFO:teuthology.orchestra.run.smithi076.stdout:/usr/bin/ceph: stderr
2024-03-12T05:46:32.791+0000 7f5008016700 1 Processor -- start
2024-03-12T05:46:34.522 INFO:teuthology.orchestra.run.smithi076.stdout:/usr/bin/ceph: stderr
2024-03-12T05:46:32.791+0000 7f5008016700 1 -- start start
2024-03-12T05:46:34.522 INFO:teuthology.orchestra.run.smithi076.stdout:/usr/bin/ceph: stderr
2024-03-12T05:46:32.791+0000 7f5008016700 1 --2- >> [v2:172.21.15.76:3300/0,v1:172.21.15.76:6789/0] conn(0x7f5000107760 0x7f500019b410 unknown :-1 s=NONE pgs=0 cs=0 l=1 rev1=0 crypto rx=0 tx=0 comp rx=0 tx=0).connect
2024-03-12T05:46:34.522 INFO:teuthology.orchestra.run.smithi076.stdout:/usr/bin/ceph: stderr
2024-03-12T05:46:32.791+0000 7f5008016700 1 -- --> [v2:172.21.15.76:3300/0,v1:172.21.15.76:6789/0] -- mon_getmap magic: 0 v1 -- 0x7f500019b950 con 0x7f5000107760
2024-03-12T05:46:34.522 INFO:teuthology.orchestra.run.smithi076.stdout:/usr/bin/ceph: stderr
2024-03-12T05:46:32.791+0000 7f5005db2700 1 --2- >> [v2:172.21.15.76:3300/0,v1:172.21.15.76:6789/0] conn(0x7f5000107760 0x7f500019b410 unknown :-1 s=BANNER_CONNECTING pgs=0 cs=0 l=1 rev1=0 crypto rx=0 tx=0 comp rx=0 tx=0)._handle_peer_banner_payload supported=3 required=0
2024-03-12T05:46:34.523 INFO:teuthology.orchestra.run.smithi076.stdout:/usr/bin/ceph: stderr
2024-03-12T05:46:32.791+0000 7f5005db2700 1 --2- >> [v2:172.21.15.76:3300/0,v1:172.21.15.76:6789/0] conn(0x7f5000107760 0x7f500019b410 unknown :-1 s=HELLO_CONNECTING pgs=0 cs=0 l=1 rev1=1 crypto rx=0 tx=0 comp rx=0 tx=0).handle_hello peer v2:172.21.15.76:3300/0 says I am v2:172.21.15.76:50296/0 (socket says 172.21.15.76:50296)
2024-03-12T05:46:34.523 INFO:teuthology.orchestra.run.smithi076.stdout:/usr/bin/ceph: stderr
2024-03-12T05:46:32.791+0000 7f5005db2700 1 -- 172.21.15.76:0/2454377823 learned_addr learned my addr 172.21.15.76:0/2454377823 (peer_addr_for_me v2:172.21.15.76:0/0)
2024-03-12T05:46:34.523 INFO:teuthology.orchestra.run.smithi076.stdout:/usr/bin/ceph: stderr
2024-03-12T05:46:32.792+0000 7f5005db2700 1 -- 172.21.15.76:0/2454377823 --> [v2:172.21.15.76:3300/0,v1:172.21.15.76:6789/0] -- mon_subscribe({config=0+,monmap=0+}) v3 -- 0x7f4ffc009550 con 0x7f5000107760
2024-03-12T05:46:34.523 INFO:teuthology.orchestra.run.smithi076.stdout:/usr/bin/ceph: stderr
2024-03-12T05:46:32.792+0000 7f5005db2700 1 --2- 172.21.15.76:0/2454377823 >> [v2:172.21.15.76:3300/0,v1:172.21.15.76:6789/0] conn(0x7f5000107760 0x7f500019b410 secure :-1 s=READY pgs=56 cs=0 l=1 rev1=1 crypto rx=0x7f4ffc003f20 tx=0x7f4ffc011b00 comp rx=0 tx=0).ready entity=mon.0 client_cookie=0 server_cookie=0 in_seq=0 out_seq=0
2024-03-12T05:46:34.523 INFO:teuthology.orchestra.run.smithi076.stdout:/usr/bin/ceph: stderr
2024-03-12T05:46:32.792+0000 7f4ff6ffd700 1 -- 172.21.15.76:0/2454377823 <== mon.0 v2:172.21.15.76:3300/0 1 ==== mon_map magic: 0 v1 ==== 205+0+0 (secure 0 0 0) 0x7f4ffc0039f0 con 0x7f5000107760
2024-03-12T05:46:34.523 INFO:teuthology.orchestra.run.smithi076.stdout:/usr/bin/ceph: stderr
2024-03-12T05:46:32.792+0000 7f4ff6ffd700 1 -- 172.21.15.76:0/2454377823 <== mon.0 v2:172.21.15.76:3300/0 2 ==== config(27 keys) v1 ==== 1140+0+0 (secure 0 0 0) 0x7f4ffc003b50 con 0x7f5000107760
2024-03-12T05:46:34.523 INFO:teuthology.orchestra.run.smithi076.stdout:/usr/bin/ceph: stderr
2024-03-12T05:46:32.792+0000 7f5008016700 1 -- 172.21.15.76:0/2454377823 --> [v2:172.21.15.76:3300/0,v1:172.21.15.76:6789/0] -- mon_subscribe({mgrmap=0+}) v3 -- 0x7f500019bb50 con 0x7f5000107760
2024-03-12T05:46:34.523 INFO:teuthology.orchestra.run.smithi076.stdout:/usr/bin/ceph: stderr
2024-03-12T05:46:32.792+0000 7f4ff6ffd700 1 -- 172.21.15.76:0/2454377823 <== mon.0 v2:172.21.15.76:3300/0 3 ==== mon_map magic: 0 v1 ==== 205+0+0 (secure 0 0 0) 0x7f4ffc01a690 con 0x7f5000107760
2024-03-12T05:46:34.523 INFO:teuthology.orchestra.run.smithi076.stdout:/usr/bin/ceph: stderr
2024-03-12T05:46:32.792+0000 7f5008016700 1 -- 172.21.15.76:0/2454377823 --> [v2:172.21.15.76:3300/0,v1:172.21.15.76:6789/0] -- mon_subscribe({osdmap=0}) v3 -- 0x7f500019bff0 con 0x7f5000107760
2024-03-12T05:46:34.523 INFO:teuthology.orchestra.run.smithi076.stdout:/usr/bin/ceph: stderr
2024-03-12T05:46:32.793+0000 7f4ff6ffd700 1 -- 172.21.15.76:0/2454377823 <== mon.0 v2:172.21.15.76:3300/0 4 ==== mgrmap(e 8) v1 ==== 45769+0+0 (secure 0 0 0) 0x7f4ffc01a900 con 0x7f5000107760
2024-03-12T05:46:34.523 INFO:teuthology.orchestra.run.smithi076.stdout:/usr/bin/ceph: stderr
2024-03-12T05:46:32.793+0000 7f5008016700 1 -- 172.21.15.76:0/2454377823 --> [v2:172.21.15.76:3300/0,v1:172.21.15.76:6789/0] -- mon_command({"prefix": "get_command_descriptions"} v 0) v1 -- 0x7f500010baf0 con 0x7f5000107760
2024-03-12T05:46:34.523 INFO:teuthology.orchestra.run.smithi076.stdout:/usr/bin/ceph: stderr
2024-03-12T05:46:32.793+0000 7f4ff6ffd700 1 --2- 172.21.15.76:0/2454377823 >> [v2:172.21.15.76:6800/306877437,v1:172.21.15.76:6801/306877437] conn(0x7f4fec038cb0 0x7f4fec03b170 unknown :-1 s=NONE pgs=0 cs=0 l=1 rev1=0 crypto rx=0 tx=0 comp rx=0 tx=0).connect
2024-03-12T05:46:34.523 INFO:teuthology.orchestra.run.smithi076.stdout:/usr/bin/ceph: stderr
2024-03-12T05:46:32.793+0000 7f4ff6ffd700 1 -- 172.21.15.76:0/2454377823 <== mon.0 v2:172.21.15.76:3300/0 5 ==== osd_map(2..2 src has 1..2) v4 ==== 940+0+0 (secure 0 0 0) 0x7f4ffc04d080 con 0x7f5000107760
2024-03-12T05:46:34.523 INFO:teuthology.orchestra.run.smithi076.stdout:/usr/bin/ceph: stderr
2024-03-12T05:46:32.793+0000 7f50055b1700 1 --2- 172.21.15.76:0/2454377823 >> [v2:172.21.15.76:6800/306877437,v1:172.21.15.76:6801/306877437] conn(0x7f4fec038cb0 0x7f4fec03b170 unknown :-1 s=BANNER_CONNECTING pgs=0 cs=0 l=1 rev1=0 crypto rx=0 tx=0 comp rx=0 tx=0)._handle_peer_banner_payload supported=3 required=0
2024-03-12T05:46:34.524 INFO:teuthology.orchestra.run.smithi076.stdout:/usr/bin/ceph: stderr
2024-03-12T05:46:32.794+0000 7f50055b1700 1 --2- 172.21.15.76:0/2454377823 >> [v2:172.21.15.76:6800/306877437,v1:172.21.15.76:6801/306877437] conn(0x7f4fec038cb0 0x7f4fec03b170 secure :-1 s=READY pgs=16 cs=0 l=1 rev1=1 crypto rx=0x7f4ff0006fd0 tx=0x7f4ff0006e40 comp rx=0 tx=0).ready entity=mgr.14120 client_cookie=0 server_cookie=0 in_seq=0 out_seq=0
2024-03-12T05:46:34.524 INFO:teuthology.orchestra.run.smithi076.stdout:/usr/bin/ceph: stderr
2024-03-12T05:46:32.798+0000 7f4ff6ffd700 1 -- 172.21.15.76:0/2454377823 <== mon.0 v2:172.21.15.76:3300/0 6 ==== mon_command_ack([{"prefix": "get_command_descriptions"}]=0 v0) v1 ==== 72+0+183564 (secure 0 0 0) 0x7f4ffc018a40 con 0x7f5000107760
2024-03-12T05:46:34.524 INFO:teuthology.orchestra.run.smithi076.stdout:/usr/bin/ceph: stderr
2024-03-12T05:46:33.048+0000 7f5008016700 1 -- 172.21.15.76:0/2454377823 --> [v2:172.21.15.76:3300/0,v1:172.21.15.76:6789/0] -- mon_command({"prefix": "mgr module enable", "module": "dashboard"} v 0) v1 -- 0x7f500019e8d0 con 0x7f5000107760
2024-03-12T05:46:34.524 INFO:teuthology.orchestra.run.smithi076.stdout:/usr/bin/ceph: stderr
2024-03-12T05:46:33.907+0000 7f4ff6ffd700 1 -- 172.21.15.76:0/2454377823 <== mon.0 v2:172.21.15.76:3300/0 7 ==== mon_command_ack([{"prefix": "mgr module enable", "module": "dashboard"}]=0 v9) v1 ==== 88+0+0 (secure 0 0 0) 0x7f4ffc018350 con 0x7f5000107760
2024-03-12T05:46:34.524 INFO:teuthology.orchestra.run.smithi076.stdout:/usr/bin/ceph: stderr
2024-03-12T05:46:33.909+0000 7f4ff6ffd700 1 -- 172.21.15.76:0/2454377823 <== mon.0 v2:172.21.15.76:3300/0 8 ==== mgrmap(e 9) v1 ==== 45782+0+0 (secure 0 0 0) 0x7f4ffc02d960 con 0x7f5000107760
2024-03-12T05:46:34.524 INFO:teuthology.orchestra.run.smithi076.stdout:/usr/bin/ceph: stderr
2024-03-12T05:46:33.910+0000 7f5008016700 1 -- 172.21.15.76:0/2454377823 >> [v2:172.21.15.76:6800/306877437,v1:172.21.15.76:6801/306877437] conn(0x7f4fec038cb0 msgr2=0x7f4fec03b170 secure :-1 s=STATE_CONNECTION_ESTABLISHED l=1).mark_down
2024-03-12T05:46:34.524 INFO:teuthology.orchestra.run.smithi076.stdout:/usr/bin/ceph: stderr
2024-03-12T05:46:33.910+0000 7f5008016700 1 --2- 172.21.15.76:0/2454377823 >> [v2:172.21.15.76:6800/306877437,v1:172.21.15.76:6801/306877437] conn(0x7f4fec038cb0 0x7f4fec03b170 secure :-1 s=READY pgs=16 cs=0 l=1 rev1=1 crypto rx=0x7f4ff0006fd0 tx=0x7f4ff0006e40 comp rx=0 tx=0).stop
2024-03-12T05:46:34.524 INFO:teuthology.orchestra.run.smithi076.stdout:/usr/bin/ceph: stderr
2024-03-12T05:46:33.910+0000 7f5008016700 1 -- 172.21.15.76:0/2454377823 >> [v2:172.21.15.76:3300/0,v1:172.21.15.76:6789/0] conn(0x7f5000107760 msgr2=0x7f500019b410 secure :-1 s=STATE_CONNECTION_ESTABLISHED l=1).mark_down
2024-03-12T05:46:34.524 INFO:teuthology.orchestra.run.smithi076.stdout:/usr/bin/ceph: stderr
2024-03-12T05:46:33.910+0000 7f5008016700 1 --2- 172.21.15.76:0/2454377823 >> [v2:172.21.15.76:3300/0,v1:172.21.15.76:6789/0] conn(0x7f5000107760 0x7f500019b410 secure :-1 s=READY pgs=56 cs=0 l=1 rev1=1 crypto rx=0x7f4ffc003f20 tx=0x7f4ffc011b00 comp rx=0 tx=0).stop
2024-03-12T05:46:34.524 INFO:teuthology.orchestra.run.smithi076.stdout:/usr/bin/ceph: stderr
2024-03-12T05:46:33.910+0000 7f5008016700 1 -- 172.21.15.76:0/2454377823 shutdown_connections
2024-03-12T05:46:34.524 INFO:teuthology.orchestra.run.smithi076.stdout:/usr/bin/ceph: stderr
2024-03-12T05:46:33.911+0000 7f5008016700 1 --2- 172.21.15.76:0/2454377823 >> [v2:172.21.15.76:6800/306877437,v1:172.21.15.76:6801/306877437] conn(0x7f4fec038cb0 0x7f4fec03b170 unknown :-1 s=CLOSED pgs=16 cs=0 l=1 rev1=1 crypto rx=0 tx=0 comp rx=0 tx=0).stop
2024-03-12T05:46:34.524 INFO:teuthology.orchestra.run.smithi076.stdout:/usr/bin/ceph: stderr
2024-03-12T05:46:33.911+0000 7f5008016700 1 --2- 172.21.15.76:0/2454377823 >> [v2:172.21.15.76:3300/0,v1:172.21.15.76:6789/0] conn(0x7f5000107760 0x7f500019b410 unknown :-1 s=CLOSED pgs=56 cs=0 l=1 rev1=1 crypto rx=0 tx=0 comp rx=0 tx=0).stop
2024-03-12T05:46:34.524 INFO:teuthology.orchestra.run.smithi076.stdout:/usr/bin/ceph: stderr
2024-03-12T05:46:33.911+0000 7f5008016700 1 -- 172.21.15.76:0/2454377823 >> 172.21.15.76:0/2454377823 conn(0x7f5000102de0 msgr2=0x7f50001038b0 unknown :-1 s=STATE_NONE l=0).mark_down
2024-03-12T05:46:34.524 INFO:teuthology.orchestra.run.smithi076.stdout:/usr/bin/ceph: stderr
2024-03-12T05:46:33.911+0000 7f5008016700 1 -- 172.21.15.76:0/2454377823 shutdown_connections
2024-03-12T05:46:34.524 INFO:teuthology.orchestra.run.smithi076.stdout:/usr/bin/ceph: stderr
2024-03-12T05:46:33.911+0000 7f5008016700 1 -- 172.21.15.76:0/2454377823 wait complete.
2024-03-12T05:46:34.752 INFO:journalctl@ceph.mgr.x.smithi076.stdout:Mar 12 05:46:34 smithi076 ceph-9f336de8-e033-11ee-95c8-87774f69a715-mgr-x[32328]:
2024-03-12T05:46:34.485+0000 7f9b8030f200 -1 mgr[py] Module osd_perf_query has missing NOTIFY_TYPES member
2024-03-12T05:46:34.752 INFO:journalctl@ceph.mgr.x.smithi076.stdout:Mar 12 05:46:34 smithi076 ceph-9f336de8-e033-11ee-95c8-87774f69a715-mgr-x[32328]:
2024-03-12T05:46:34.592+0000 7f9b8030f200 -1 mgr[py] Module snap_schedule has missing NOTIFY_TYPES member
2024-03-12T05:46:35.155 INFO:journalctl@ceph.mon.a.smithi076.stdout:Mar 12 05:46:34 smithi076 ceph-mon[32095]: from='client.? 172.21.15.76:0/2454377823' entity='client.admin' cmd='[{"prefix": "mgr module enable", "module": "dashboard"}]': finished
2024-03-12T05:46:35.155 INFO:journalctl@ceph.mon.a.smithi076.stdout:Mar 12 05:46:34 smithi076 ceph-mon[32095]: mgrmap e9: x(active, since 21s)
2024-03-12T05:46:35.485 INFO:journalctl@ceph.mgr.x.smithi076.stdout:Mar 12 05:46:35 smithi076 ceph-9f336de8-e033-11ee-95c8-87774f69a715-mgr-x[32328]:
2024-03-12T05:46:35.253+0000 7f9b8030f200 -1 mgr[py] Module zabbix has missing NOTIFY_TYPES member
2024-03-12T05:46:35.485 INFO:journalctl@ceph.mgr.x.smithi076.stdout:Mar 12 05:46:35 smithi076 ceph-9f336de8-e033-11ee-95c8-87774f69a715-mgr-x[32328]:
2024-03-12T05:46:35.347+0000 7f9b8030f200 -1 mgr[py] Module balancer has missing NOTIFY_TYPES member
2024-03-12T05:46:35.785 INFO:journalctl@ceph.mgr.x.smithi076.stdout:Mar 12 05:46:35 smithi076 ceph-9f336de8-e033-11ee-95c8-87774f69a715-mgr-x[32328]:
2024-03-12T05:46:35.489+0000 7f9b8030f200 -1 mgr[py] Module influx has missing NOTIFY_TYPES member
2024-03-12T05:46:35.786 INFO:journalctl@ceph.mgr.x.smithi076.stdout:Mar 12 05:46:35 smithi076 ceph-9f336de8-e033-11ee-95c8-87774f69a715-mgr-x[32328]:
2024-03-12T05:46:35.587+0000 7f9b8030f200 -1 mgr[py] Module alerts has missing NOTIFY_TYPES member
2024-03-12T05:46:35.786 INFO:journalctl@ceph.mgr.x.smithi076.stdout:Mar 12 05:46:35 smithi076 ceph-9f336de8-e033-11ee-95c8-87774f69a715-mgr-x[32328]:
2024-03-12T05:46:35.670+0000 7f9b8030f200 -1 mgr[py] Module iostat has missing NOTIFY_TYPES member
2024-03-12T05:46:35.794 INFO:teuthology.orchestra.run.smithi076.stdout:/usr/bin/ceph: stdout {
2024-03-12T05:46:35.794 INFO:teuthology.orchestra.run.smithi076.stdout:/usr/bin/ceph: stdout "epoch": 9,
2024-03-12T05:46:35.794 INFO:teuthology.orchestra.run.smithi076.stdout:/usr/bin/ceph: stdout "available": true,
2024-03-12T05:46:35.794 INFO:teuthology.orchestra.run.smithi076.stdout:/usr/bin/ceph: stdout "active_name": "x",
2024-03-12T05:46:35.794 INFO:teuthology.orchestra.run.smithi076.stdout:/usr/bin/ceph: stdout "num_standby": 0
2024-03-12T05:46:35.794 INFO:teuthology.orchestra.run.smithi076.stdout:/usr/bin/ceph: stdout }
2024-03-12T05:46:35.794 INFO:teuthology.orchestra.run.smithi076.stdout:/usr/bin/ceph: stderr
2024-03-12T05:46:34.948+0000 7f7a5c430700 1 Processor -- start
2024-03-12T05:46:35.794 INFO:teuthology.orchestra.run.smithi076.stdout:/usr/bin/ceph: stderr
2024-03-12T05:46:34.948+0000 7f7a5c430700 1 -- start start
2024-03-12T05:46:35.794 INFO:teuthology.orchestra.run.smithi076.stdout:/usr/bin/ceph: stderr
2024-03-12T05:46:34.948+0000 7f7a5c430700 1 --2- >> [v2:172.21.15.76:3300/0,v1:172.21.15.76:6789/0] conn(0x7f7a54108120 0x7f7a5410a510 unknown :-1 s=NONE pgs=0 cs=0 l=0 rev1=0 crypto rx=0 tx=0 comp rx=0 tx=0).connect
2024-03-12T05:46:35.794 INFO:teuthology.orchestra.run.smithi076.stdout:/usr/bin/ceph: stderr
2024-03-12T05:46:34.948+0000 7f7a5c430700 1 -- --> [v2:172.21.15.76:3300/0,v1:172.21.15.76:6789/0] -- mon_getmap magic: 0 v1 -- 0x7f7a54075600 con 0x7f7a54108120
2024-03-12T05:46:35.794 INFO:teuthology.orchestra.run.smithi076.stdout:/usr/bin/ceph: stderr
2024-03-12T05:46:34.949+0000 7f7a5a1cc700 1 --2- >> [v2:172.21.15.76:3300/0,v1:172.21.15.76:6789/0] conn(0x7f7a54108120 0x7f7a5410a510 unknown :-1 s=BANNER_CONNECTING pgs=0 cs=0 l=0 rev1=0 crypto rx=0 tx=0 comp rx=0 tx=0)._handle_peer_banner_payload supported=3 required=0
2024-03-12T05:46:35.794 INFO:teuthology.orchestra.run.smithi076.stdout:/usr/bin/ceph: stderr
2024-03-12T05:46:34.949+0000 7f7a5a1cc700 1 --2- >> [v2:172.21.15.76:3300/0,v1:172.21.15.76:6789/0] conn(0x7f7a54108120 0x7f7a5410a510 unknown :-1 s=HELLO_CONNECTING pgs=0 cs=0 l=0 rev1=1 crypto rx=0 tx=0 comp rx=0 tx=0).handle_hello peer v2:172.21.15.76:3300/0 says I am v2:172.21.15.76:50324/0 (socket says 172.21.15.76:50324)
2024-03-12T05:46:35.795 INFO:teuthology.orchestra.run.smithi076.stdout:/usr/bin/ceph: stderr
2024-03-12T05:46:34.949+0000 7f7a5a1cc700 1 -- 172.21.15.76:0/1436972950 learned_addr learned my addr 172.21.15.76:0/1436972950 (peer_addr_for_me v2:172.21.15.76:0/0)
2024-03-12T05:46:35.795 INFO:teuthology.orchestra.run.smithi076.stdout:/usr/bin/ceph: stderr
2024-03-12T05:46:34.949+0000 7f7a5a1cc700 1 -- 172.21.15.76:0/1436972950 --> [v2:172.21.15.76:3300/0,v1:172.21.15.76:6789/0] -- mon_subscribe({config=0+,monmap=0+}) v3 -- 0x7f7a5410aa50 con 0x7f7a54108120
2024-03-12T05:46:35.795 INFO:teuthology.orchestra.run.smithi076.stdout:/usr/bin/ceph: stderr
2024-03-12T05:46:34.949+0000 7f7a5a1cc700 1 --2- 172.21.15.76:0/1436972950 >> [v2:172.21.15.76:3300/0,v1:172.21.15.76:6789/0] conn(0x7f7a54108120 0x7f7a5410a510 secure :-1 s=READY pgs=59 cs=0 l=1 rev1=1 crypto rx=0x7f7a500098a0 tx=0x7f7a50009bb0 comp rx=0 tx=0).ready entity=mon.0 client_cookie=d77d4e8ce96e4949 server_cookie=0 in_seq=0 out_seq=0
2024-03-12T05:46:35.795 INFO:teuthology.orchestra.run.smithi076.stdout:/usr/bin/ceph: stderr
2024-03-12T05:46:34.949+0000 7f7a591ca700 1 -- 172.21.15.76:0/1436972950 <== mon.0 v2:172.21.15.76:3300/0 1 ==== mon_map magic: 0 v1 ==== 205+0+0 (secure 0 0 0) 0x7f7a50004160 con 0x7f7a54108120
2024-03-12T05:46:35.795 INFO:teuthology.orchestra.run.smithi076.stdout:/usr/bin/ceph: stderr
2024-03-12T05:46:34.949+0000 7f7a591ca700 1 -- 172.21.15.76:0/1436972950 <== mon.0 v2:172.21.15.76:3300/0 2 ==== config(27 keys) v1 ==== 1140+0+0 (secure 0 0 0) 0x7f7a500042c0 con 0x7f7a54108120
2024-03-12T05:46:35.795 INFO:teuthology.orchestra.run.smithi076.stdout:/usr/bin/ceph: stderr
2024-03-12T05:46:34.949+0000 7f7a591ca700 1 -- 172.21.15.76:0/1436972950 <== mon.0 v2:172.21.15.76:3300/0 3 ==== mon_map magic: 0 v1 ==== 205+0+0 (secure 0 0 0) 0x7f7a50011a80 con 0x7f7a54108120
2024-03-12T05:46:35.795 INFO:teuthology.orchestra.run.smithi076.stdout:/usr/bin/ceph: stderr
