2024-03-12T05:45:41.871 INFO:journalctl@ceph.mon.smithi098.smithi098.stdout:Mar 12 05:45:41 smithi098 ceph-mon[29186]: mgrmap e3: smithi098.tgvcws(active, since 1.00602s)
2024-03-12T05:45:44.871 INFO:journalctl@ceph.mon.smithi098.smithi098.stdout:Mar 12 05:45:44 smithi098 ceph-mon[29186]: mgrmap e4: smithi098.tgvcws(active, since 2s)
2024-03-12T05:45:47.370 INFO:journalctl@ceph.mon.smithi098.smithi098.stdout:Mar 12 05:45:46 smithi098 ceph-mon[29186]: from='client.? 172.21.15.98:0/3538179943' entity='client.admin' cmd=[{"prefix": "status", "format": "json-pretty"}]: dispatch
2024-03-12T05:45:53.231 INFO:teuthology.orchestra.run.smithi098.stdout:/usr/bin/ceph: stdout
2024-03-12T05:45:53.231 INFO:teuthology.orchestra.run.smithi098.stdout:/usr/bin/ceph: stdout {
2024-03-12T05:45:53.231 INFO:teuthology.orchestra.run.smithi098.stdout:/usr/bin/ceph: stdout "fsid": "a1422192-e033-11ee-95c8-87774f69a715",
2024-03-12T05:45:53.231 INFO:teuthology.orchestra.run.smithi098.stdout:/usr/bin/ceph: stdout "health": {
2024-03-12T05:45:53.231 INFO:teuthology.orchestra.run.smithi098.stdout:/usr/bin/ceph: stdout "status": "HEALTH_OK",
2024-03-12T05:45:53.231 INFO:teuthology.orchestra.run.smithi098.stdout:/usr/bin/ceph: stdout "checks": {},
2024-03-12T05:45:53.232 INFO:teuthology.orchestra.run.smithi098.stdout:/usr/bin/ceph: stdout "mutes": []
2024-03-12T05:45:53.232 INFO:teuthology.orchestra.run.smithi098.stdout:/usr/bin/ceph: stdout },
2024-03-12T05:45:53.232 INFO:teuthology.orchestra.run.smithi098.stdout:/usr/bin/ceph: stdout "election_epoch": 5,
2024-03-12T05:45:53.232 INFO:teuthology.orchestra.run.smithi098.stdout:/usr/bin/ceph: stdout "quorum": [
2024-03-12T05:45:53.232 INFO:teuthology.orchestra.run.smithi098.stdout:/usr/bin/ceph: stdout 0
2024-03-12T05:45:53.232 INFO:teuthology.orchestra.run.smithi098.stdout:/usr/bin/ceph: stdout ],
2024-03-12T05:45:53.232 INFO:teuthology.orchestra.run.smithi098.stdout:/usr/bin/ceph: stdout "quorum_names": [
2024-03-12T05:45:53.232 INFO:teuthology.orchestra.run.smithi098.stdout:/usr/bin/ceph: stdout "smithi098"
2024-03-12T05:45:53.232 INFO:teuthology.orchestra.run.smithi098.stdout:/usr/bin/ceph: stdout ],
2024-03-12T05:45:53.232 INFO:teuthology.orchestra.run.smithi098.stdout:/usr/bin/ceph: stdout "quorum_age": 14,
2024-03-12T05:45:53.232 INFO:teuthology.orchestra.run.smithi098.stdout:/usr/bin/ceph: stdout "monmap": {
2024-03-12T05:45:53.232 INFO:teuthology.orchestra.run.smithi098.stdout:/usr/bin/ceph: stdout "epoch": 1,
2024-03-12T05:45:53.232 INFO:teuthology.orchestra.run.smithi098.stdout:/usr/bin/ceph: stdout "min_mon_release_name": "quincy",
2024-03-12T05:45:53.232 INFO:teuthology.orchestra.run.smithi098.stdout:/usr/bin/ceph: stdout "num_mons": 1
2024-03-12T05:45:53.232 INFO:teuthology.orchestra.run.smithi098.stdout:/usr/bin/ceph: stdout },
2024-03-12T05:45:53.232 INFO:teuthology.orchestra.run.smithi098.stdout:/usr/bin/ceph: stdout "osdmap": {
2024-03-12T05:45:53.233 INFO:teuthology.orchestra.run.smithi098.stdout:/usr/bin/ceph: stdout "epoch": 1,
2024-03-12T05:45:53.233 INFO:teuthology.orchestra.run.smithi098.stdout:/usr/bin/ceph: stdout "num_osds": 0,
2024-03-12T05:45:53.233 INFO:teuthology.orchestra.run.smithi098.stdout:/usr/bin/ceph: stdout "num_up_osds": 0,
2024-03-12T05:45:53.233 INFO:teuthology.orchestra.run.smithi098.stdout:/usr/bin/ceph: stdout "osd_up_since": 0,
2024-03-12T05:45:53.233 INFO:teuthology.orchestra.run.smithi098.stdout:/usr/bin/ceph: stdout "num_in_osds": 0,
2024-03-12T05:45:53.233 INFO:teuthology.orchestra.run.smithi098.stdout:/usr/bin/ceph: stdout "osd_in_since": 0,
2024-03-12T05:45:53.233 INFO:teuthology.orchestra.run.smithi098.stdout:/usr/bin/ceph: stdout "num_remapped_pgs": 0
2024-03-12T05:45:53.233 INFO:teuthology.orchestra.run.smithi098.stdout:/usr/bin/ceph: stdout },
2024-03-12T05:45:53.233 INFO:teuthology.orchestra.run.smithi098.stdout:/usr/bin/ceph: stdout "pgmap": {
2024-03-12T05:45:53.233 INFO:teuthology.orchestra.run.smithi098.stdout:/usr/bin/ceph: stdout "pgs_by_state": [],
2024-03-12T05:45:53.233 INFO:teuthology.orchestra.run.smithi098.stdout:/usr/bin/ceph: stdout "num_pgs": 0,
2024-03-12T05:45:53.233 INFO:teuthology.orchestra.run.smithi098.stdout:/usr/bin/ceph: stdout "num_pools": 0,
2024-03-12T05:45:53.233 INFO:teuthology.orchestra.run.smithi098.stdout:/usr/bin/ceph: stdout "num_objects": 0,
2024-03-12T05:45:53.233 INFO:teuthology.orchestra.run.smithi098.stdout:/usr/bin/ceph: stdout "data_bytes": 0,
2024-03-12T05:45:53.233 INFO:teuthology.orchestra.run.smithi098.stdout:/usr/bin/ceph: stdout "bytes_used": 0,
2024-03-12T05:45:53.234 INFO:teuthology.orchestra.run.smithi098.stdout:/usr/bin/ceph: stdout "bytes_avail": 0,
2024-03-12T05:45:53.234 INFO:teuthology.orchestra.run.smithi098.stdout:/usr/bin/ceph: stdout "bytes_total": 0
2024-03-12T05:45:53.234 INFO:teuthology.orchestra.run.smithi098.stdout:/usr/bin/ceph: stdout },
2024-03-12T05:45:53.234 INFO:teuthology.orchestra.run.smithi098.stdout:/usr/bin/ceph: stdout "fsmap": {
2024-03-12T05:45:53.234 INFO:teuthology.orchestra.run.smithi098.stdout:/usr/bin/ceph: stdout "epoch": 1,
2024-03-12T05:45:53.234 INFO:teuthology.orchestra.run.smithi098.stdout:/usr/bin/ceph: stdout "by_rank": [],
2024-03-12T05:45:53.234 INFO:teuthology.orchestra.run.smithi098.stdout:/usr/bin/ceph: stdout "up:standby": 0
2024-03-12T05:45:53.234 INFO:teuthology.orchestra.run.smithi098.stdout:/usr/bin/ceph: stdout },
2024-03-12T05:45:53.234 INFO:teuthology.orchestra.run.smithi098.stdout:/usr/bin/ceph: stdout "mgrmap": {
2024-03-12T05:45:53.234 INFO:teuthology.orchestra.run.smithi098.stdout:/usr/bin/ceph: stdout "available": true,
2024-03-12T05:45:53.234 INFO:teuthology.orchestra.run.smithi098.stdout:/usr/bin/ceph: stdout "num_standbys": 0,
2024-03-12T05:45:53.234 INFO:teuthology.orchestra.run.smithi098.stdout:/usr/bin/ceph: stdout "modules": [
2024-03-12T05:45:53.234 INFO:teuthology.orchestra.run.smithi098.stdout:/usr/bin/ceph: stdout "iostat",
2024-03-12T05:45:53.234 INFO:teuthology.orchestra.run.smithi098.stdout:/usr/bin/ceph: stdout "nfs",
2024-03-12T05:45:53.234 INFO:teuthology.orchestra.run.smithi098.stdout:/usr/bin/ceph: stdout "restful"
2024-03-12T05:45:53.235 INFO:teuthology.orchestra.run.smithi098.stdout:/usr/bin/ceph: stdout ],
2024-03-12T05:45:53.235 INFO:teuthology.orchestra.run.smithi098.stdout:/usr/bin/ceph: stdout "services": {}
2024-03-12T05:45:53.235 INFO:teuthology.orchestra.run.smithi098.stdout:/usr/bin/ceph: stdout },
2024-03-12T05:45:53.235 INFO:teuthology.orchestra.run.smithi098.stdout:/usr/bin/ceph: stdout "servicemap": {
2024-03-12T05:45:53.235 INFO:teuthology.orchestra.run.smithi098.stdout:/usr/bin/ceph: stdout "epoch": 1,
2024-03-12T05:45:53.235 INFO:teuthology.orchestra.run.smithi098.stdout:/usr/bin/ceph: stdout "modified": "2024-03-12T05:45:27.756411+0000",
2024-03-12T05:45:53.235 INFO:teuthology.orchestra.run.smithi098.stdout:/usr/bin/ceph: stdout "services": {}
2024-03-12T05:45:53.235 INFO:teuthology.orchestra.run.smithi098.stdout:/usr/bin/ceph: stdout },
2024-03-12T05:45:53.235 INFO:teuthology.orchestra.run.smithi098.stdout:/usr/bin/ceph: stdout "progress_events": {}
2024-03-12T05:45:53.235 INFO:teuthology.orchestra.run.smithi098.stdout:/usr/bin/ceph: stdout }
2024-03-12T05:45:53.235 INFO:teuthology.orchestra.run.smithi098.stdout:/usr/bin/ceph: stderr
2024-03-12T05:45:46.616+0000 7f234aab8700 1 Processor -- start
2024-03-12T05:45:53.235 INFO:teuthology.orchestra.run.smithi098.stdout:/usr/bin/ceph: stderr
2024-03-12T05:45:46.616+0000 7f234aab8700 1 -- start start
2024-03-12T05:45:53.235 INFO:teuthology.orchestra.run.smithi098.stdout:/usr/bin/ceph: stderr
2024-03-12T05:45:46.616+0000 7f234aab8700 1 --2- >> [v2:172.21.15.98:3300/0,v1:172.21.15.98:6789/0] conn(0x7f2344101670 0x7f2344101a80 unknown :-1 s=NONE pgs=0 cs=0 l=0 rev1=0 crypto rx=0 tx=0 comp rx=0 tx=0).connect
2024-03-12T05:45:53.235 INFO:teuthology.orchestra.run.smithi098.stdout:/usr/bin/ceph: stderr
2024-03-12T05:45:46.616+0000 7f234aab8700 1 -- --> [v2:172.21.15.98:3300/0,v1:172.21.15.98:6789/0] -- mon_getmap magic: 0 v1 -- 0x7f2344101fc0 con 0x7f2344101670
2024-03-12T05:45:53.235 INFO:teuthology.orchestra.run.smithi098.stdout:/usr/bin/ceph: stderr
2024-03-12T05:45:46.617+0000 7f2348854700 1 --2- >> [v2:172.21.15.98:3300/0,v1:172.21.15.98:6789/0] conn(0x7f2344101670 0x7f2344101a80 unknown :-1 s=BANNER_CONNECTING pgs=0 cs=0 l=0 rev1=0 crypto rx=0 tx=0 comp rx=0 tx=0)._handle_peer_banner_payload supported=3 required=0
2024-03-12T05:45:53.236 INFO:teuthology.orchestra.run.smithi098.stdout:/usr/bin/ceph: stderr
2024-03-12T05:45:46.617+0000 7f2348854700 1 --2- >> [v2:172.21.15.98:3300/0,v1:172.21.15.98:6789/0] conn(0x7f2344101670 0x7f2344101a80 unknown :-1 s=HELLO_CONNECTING pgs=0 cs=0 l=0 rev1=1 crypto rx=0 tx=0 comp rx=0 tx=0).handle_hello peer v2:172.21.15.98:3300/0 says I am v2:172.21.15.98:41786/0 (socket says 172.21.15.98:41786)
2024-03-12T05:45:53.236 INFO:teuthology.orchestra.run.smithi098.stdout:/usr/bin/ceph: stderr
2024-03-12T05:45:46.617+0000 7f2348854700 1 -- 172.21.15.98:0/631160950 learned_addr learned my addr 172.21.15.98:0/631160950 (peer_addr_for_me v2:172.21.15.98:0/0)
2024-03-12T05:45:53.236 INFO:teuthology.orchestra.run.smithi098.stdout:/usr/bin/ceph: stderr
2024-03-12T05:45:46.617+0000 7f2348854700 1 -- 172.21.15.98:0/631160950 --> [v2:172.21.15.98:3300/0,v1:172.21.15.98:6789/0] -- mon_subscribe({config=0+,monmap=0+}) v3 -- 0x7f2344102100 con 0x7f2344101670
2024-03-12T05:45:53.236 INFO:teuthology.orchestra.run.smithi098.stdout:/usr/bin/ceph: stderr
2024-03-12T05:45:46.617+0000 7f2348854700 1 --2- 172.21.15.98:0/631160950 >> [v2:172.21.15.98:3300/0,v1:172.21.15.98:6789/0] conn(0x7f2344101670 0x7f2344101a80 secure :-1 s=READY pgs=18 cs=0 l=1 rev1=1 crypto rx=0x7f233800bb80 tx=0x7f233800b4f0 comp rx=0 tx=0).ready entity=mon.0 client_cookie=b8ad513392a99e02 server_cookie=0 in_seq=0 out_seq=0
2024-03-12T05:45:53.236 INFO:teuthology.orchestra.run.smithi098.stdout:/usr/bin/ceph: stderr
2024-03-12T05:45:46.617+0000 7f23437fe700 1 -- 172.21.15.98:0/631160950 <== mon.0 v2:172.21.15.98:3300/0 1 ==== mon_map magic: 0 v1 ==== 229+0+0 (secure 0 0 0) 0x7f233800dd00 con 0x7f2344101670
2024-03-12T05:45:53.236 INFO:teuthology.orchestra.run.smithi098.stdout:/usr/bin/ceph: stderr
2024-03-12T05:45:46.617+0000 7f23437fe700 1 -- 172.21.15.98:0/631160950 <== mon.0 v2:172.21.15.98:3300/0 2 ==== config(27 keys) v1 ==== 1044+0+0 (secure 0 0 0) 0x7f233800de60 con 0x7f2344101670
2024-03-12T05:45:53.236 INFO:teuthology.orchestra.run.smithi098.stdout:/usr/bin/ceph: stderr
2024-03-12T05:45:46.617+0000 7f23437fe700 1 -- 172.21.15.98:0/631160950 <== mon.0 v2:172.21.15.98:3300/0 3 ==== mon_map magic: 0 v1 ==== 229+0+0 (secure 0 0 0) 0x7f23380188a0 con 0x7f2344101670
2024-03-12T05:45:53.236 INFO:teuthology.orchestra.run.smithi098.stdout:/usr/bin/ceph: stderr
2024-03-12T05:45:46.618+0000 7f234aab8700 1 -- 172.21.15.98:0/631160950 >> [v2:172.21.15.98:3300/0,v1:172.21.15.98:6789/0] conn(0x7f2344101670 msgr2=0x7f2344101a80 secure :-1 s=STATE_CONNECTION_ESTABLISHED l=1).mark_down
2024-03-12T05:45:53.236 INFO:teuthology.orchestra.run.smithi098.stdout:/usr/bin/ceph: stderr
2024-03-12T05:45:46.618+0000 7f234aab8700 1 --2- 172.21.15.98:0/631160950 >> [v2:172.21.15.98:3300/0,v1:172.21.15.98:6789/0] conn(0x7f2344101670 0x7f2344101a80 secure :-1 s=READY pgs=18 cs=0 l=1 rev1=1 crypto rx=0x7f233800bb80 tx=0x7f233800b4f0 comp rx=0 tx=0).stop
2024-03-12T05:45:53.236 INFO:teuthology.orchestra.run.smithi098.stdout:/usr/bin/ceph: stderr
2024-03-12T05:45:46.618+0000 7f234aab8700 1 -- 172.21.15.98:0/631160950 shutdown_connections
2024-03-12T05:45:53.236 INFO:teuthology.orchestra.run.smithi098.stdout:/usr/bin/ceph: stderr
2024-03-12T05:45:46.618+0000 7f234aab8700 1 --2- 172.21.15.98:0/631160950 >> [v2:172.21.15.98:3300/0,v1:172.21.15.98:6789/0] conn(0x7f2344101670 0x7f2344101a80 unknown :-1 s=CLOSED pgs=18 cs=0 l=1 rev1=1 crypto rx=0 tx=0 comp rx=0 tx=0).stop
2024-03-12T05:45:53.236 INFO:teuthology.orchestra.run.smithi098.stdout:/usr/bin/ceph: stderr
2024-03-12T05:45:46.618+0000 7f234aab8700 1 -- 172.21.15.98:0/631160950 >> 172.21.15.98:0/631160950 conn(0x7f23440fcdd0 msgr2=0x7f23440ff200 unknown :-1 s=STATE_NONE l=0).mark_down
2024-03-12T05:45:53.236 INFO:teuthology.orchestra.run.smithi098.stdout:/usr/bin/ceph: stderr
2024-03-12T05:45:46.618+0000 7f234aab8700 1 -- 172.21.15.98:0/631160950 shutdown_connections
2024-03-12T05:45:53.236 INFO:teuthology.orchestra.run.smithi098.stdout:/usr/bin/ceph: stderr
2024-03-12T05:45:46.618+0000 7f234aab8700 1 -- 172.21.15.98:0/631160950 wait complete.
2024-03-12T05:45:53.236 INFO:teuthology.orchestra.run.smithi098.stdout:/usr/bin/ceph: stderr
2024-03-12T05:45:46.618+0000 7f234aab8700 1 Processor -- start
2024-03-12T05:45:53.237 INFO:teuthology.orchestra.run.smithi098.stdout:/usr/bin/ceph: stderr
2024-03-12T05:45:46.618+0000 7f234aab8700 1 -- start start
2024-03-12T05:45:53.237 INFO:teuthology.orchestra.run.smithi098.stdout:/usr/bin/ceph: stderr
2024-03-12T05:45:46.619+0000 7f234aab8700 1 --2- >> [v2:172.21.15.98:3300/0,v1:172.21.15.98:6789/0] conn(0x7f2344101670 0x7f2344113690 unknown :-1 s=NONE pgs=0 cs=0 l=1 rev1=0 crypto rx=0 tx=0 comp rx=0 tx=0).connect
2024-03-12T05:45:53.237 INFO:teuthology.orchestra.run.smithi098.stdout:/usr/bin/ceph: stderr
2024-03-12T05:45:46.619+0000 7f234aab8700 1 -- --> [v2:172.21.15.98:3300/0,v1:172.21.15.98:6789/0] -- mon_getmap magic: 0 v1 -- 0x7f2344113bd0 con 0x7f2344101670
2024-03-12T05:45:53.237 INFO:teuthology.orchestra.run.smithi098.stdout:/usr/bin/ceph: stderr
2024-03-12T05:45:46.619+0000 7f2348854700 1 --2- >> [v2:172.21.15.98:3300/0,v1:172.21.15.98:6789/0] conn(0x7f2344101670 0x7f2344113690 unknown :-1 s=BANNER_CONNECTING pgs=0 cs=0 l=1 rev1=0 crypto rx=0 tx=0 comp rx=0 tx=0)._handle_peer_banner_payload supported=3 required=0
2024-03-12T05:45:53.237 INFO:teuthology.orchestra.run.smithi098.stdout:/usr/bin/ceph: stderr
2024-03-12T05:45:46.619+0000 7f2348854700 1 --2- >> [v2:172.21.15.98:3300/0,v1:172.21.15.98:6789/0] conn(0x7f2344101670 0x7f2344113690 unknown :-1 s=HELLO_CONNECTING pgs=0 cs=0 l=1 rev1=1 crypto rx=0 tx=0 comp rx=0 tx=0).handle_hello peer v2:172.21.15.98:3300/0 says I am v2:172.21.15.98:41792/0 (socket says 172.21.15.98:41792)
2024-03-12T05:45:53.237 INFO:teuthology.orchestra.run.smithi098.stdout:/usr/bin/ceph: stderr
2024-03-12T05:45:46.619+0000 7f2348854700 1 -- 172.21.15.98:0/3538179943 learned_addr learned my addr 172.21.15.98:0/3538179943 (peer_addr_for_me v2:172.21.15.98:0/0)
2024-03-12T05:45:53.237 INFO:teuthology.orchestra.run.smithi098.stdout:/usr/bin/ceph: stderr
2024-03-12T05:45:46.619+0000 7f2348854700 1 -- 172.21.15.98:0/3538179943 --> [v2:172.21.15.98:3300/0,v1:172.21.15.98:6789/0] -- mon_subscribe({config=0+,monmap=0+}) v3 -- 0x7f233800b790 con 0x7f2344101670
2024-03-12T05:45:53.237 INFO:teuthology.orchestra.run.smithi098.stdout:/usr/bin/ceph: stderr
2024-03-12T05:45:46.619+0000 7f2348854700 1 --2- 172.21.15.98:0/3538179943 >> [v2:172.21.15.98:3300/0,v1:172.21.15.98:6789/0] conn(0x7f2344101670 0x7f2344113690 secure :-1 s=READY pgs=19 cs=0 l=1 rev1=1 crypto rx=0x7f2338006b00 tx=0x7f233800b4f0 comp rx=0 tx=0).ready entity=mon.0 client_cookie=0 server_cookie=0 in_seq=0 out_seq=0
2024-03-12T05:45:53.237 INFO:teuthology.orchestra.run.smithi098.stdout:/usr/bin/ceph: stderr
2024-03-12T05:45:46.619+0000 7f23417fa700 1 -- 172.21.15.98:0/3538179943 <== mon.0 v2:172.21.15.98:3300/0 1 ==== mon_map magic: 0 v1 ==== 229+0+0 (secure 0 0 0) 0x7f2338018e60 con 0x7f2344101670
2024-03-12T05:45:53.237 INFO:teuthology.orchestra.run.smithi098.stdout:/usr/bin/ceph: stderr
2024-03-12T05:45:46.619+0000 7f23417fa700 1 -- 172.21.15.98:0/3538179943 <== mon.0 v2:172.21.15.98:3300/0 2 ==== config(27 keys) v1 ==== 1044+0+0 (secure 0 0 0) 0x7f2338010c00 con 0x7f2344101670
2024-03-12T05:45:53.237 INFO:teuthology.orchestra.run.smithi098.stdout:/usr/bin/ceph: stderr
2024-03-12T05:45:46.619+0000 7f234aab8700 1 -- 172.21.15.98:0/3538179943 --> [v2:172.21.15.98:3300/0,v1:172.21.15.98:6789/0] -- mon_subscribe({mgrmap=0+}) v3 -- 0x7f2344113dd0 con 0x7f2344101670
2024-03-12T05:45:53.237 INFO:teuthology.orchestra.run.smithi098.stdout:/usr/bin/ceph: stderr
2024-03-12T05:45:46.619+0000 7f23417fa700 1 -- 172.21.15.98:0/3538179943 <== mon.0 v2:172.21.15.98:3300/0 3 ==== mon_map magic: 0 v1 ==== 229+0+0 (secure 0 0 0) 0x7f23380215e0 con 0x7f2344101670
2024-03-12T05:45:53.237 INFO:teuthology.orchestra.run.smithi098.stdout:/usr/bin/ceph: stderr
2024-03-12T05:45:46.619+0000 7f234aab8700 1 -- 172.21.15.98:0/3538179943 --> [v2:172.21.15.98:3300/0,v1:172.21.15.98:6789/0] -- mon_subscribe({osdmap=0}) v3 -- 0x7f2344114a70 con 0x7f2344101670
2024-03-12T05:45:53.237 INFO:teuthology.orchestra.run.smithi098.stdout:/usr/bin/ceph: stderr
2024-03-12T05:45:46.620+0000 7f23417fa700 1 -- 172.21.15.98:0/3538179943 <== mon.0 v2:172.21.15.98:3300/0 4 ==== mgrmap(e 4) v1 ==== 43357+0+0 (secure 0 0 0) 0x7f23380217d0 con 0x7f2344101670
2024-03-12T05:45:53.238 INFO:teuthology.orchestra.run.smithi098.stdout:/usr/bin/ceph: stderr
2024-03-12T05:45:46.620+0000 7f234aab8700 1 -- 172.21.15.98:0/3538179943 --> [v2:172.21.15.98:3300/0,v1:172.21.15.98:6789/0] -- mon_command({"prefix": "get_command_descriptions"} v 0) v1 -- 0x7f234405f5c0 con 0x7f2344101670
2024-03-12T05:45:53.238 INFO:teuthology.orchestra.run.smithi098.stdout:/usr/bin/ceph: stderr
2024-03-12T05:45:46.620+0000 7f23417fa700 1 --2- 172.21.15.98:0/3538179943 >> [v2:172.21.15.98:6800/1718087439,v1:172.21.15.98:6801/1718087439] conn(0x7f2334036740 0x7f2334038bf0 unknown :-1 s=NONE pgs=0 cs=0 l=1 rev1=0 crypto rx=0 tx=0 comp rx=0 tx=0).connect
2024-03-12T05:45:53.238 INFO:teuthology.orchestra.run.smithi098.stdout:/usr/bin/ceph: stderr
2024-03-12T05:45:46.620+0000 7f23417fa700 1 -- 172.21.15.98:0/3538179943 <== mon.0 v2:172.21.15.98:3300/0 5 ==== osd_map(1..1 src has 1..1) v4 ==== 721+0+0 (secure 0 0 0) 0x7f2338014070 con 0x7f2344101670
2024-03-12T05:45:53.238 INFO:teuthology.orchestra.run.smithi098.stdout:/usr/bin/ceph: stderr
2024-03-12T05:45:46.620+0000 7f2343fff700 1 --2- 172.21.15.98:0/3538179943 >> [v2:172.21.15.98:6800/1718087439,v1:172.21.15.98:6801/1718087439] conn(0x7f2334036740 0x7f2334038bf0 unknown :-1 s=BANNER_CONNECTING pgs=0 cs=0 l=1 rev1=0 crypto rx=0 tx=0 comp rx=0 tx=0)._handle_peer_banner_payload supported=3 required=0
2024-03-12T05:45:53.238 INFO:teuthology.orchestra.run.smithi098.stdout:/usr/bin/ceph: stderr
2024-03-12T05:45:46.621+0000 7f2343fff700 1 --2- 172.21.15.98:0/3538179943 >> [v2:172.21.15.98:6800/1718087439,v1:172.21.15.98:6801/1718087439] conn(0x7f2334036740 0x7f2334038bf0 secure :-1 s=READY pgs=6 cs=0 l=1 rev1=1 crypto rx=0x7f2330009990 tx=0x7f2330006e40 comp rx=0 tx=0).ready entity=mgr.14100 client_cookie=0 server_cookie=0 in_seq=0 out_seq=0
2024-03-12T05:45:53.238 INFO:teuthology.orchestra.run.smithi098.stdout:/usr/bin/ceph: stderr
2024-03-12T05:45:46.625+0000 7f23417fa700 1 -- 172.21.15.98:0/3538179943 <== mon.0 v2:172.21.15.98:3300/0 6 ==== mon_command_ack([{"prefix": "get_command_descriptions"}]=0 v0) v1 ==== 72+0+175366 (secure 0 0 0) 0x7f233800e950 con 0x7f2344101670
2024-03-12T05:45:53.238 INFO:teuthology.orchestra.run.smithi098.stdout:/usr/bin/ceph: stderr
2024-03-12T05:45:46.880+0000 7f234aab8700 1 -- 172.21.15.98:0/3538179943 --> [v2:172.21.15.98:3300/0,v1:172.21.15.98:6789/0] -- mon_command({"prefix": "status", "format": "json-pretty"} v 0) v1 -- 0x7f234404bed0 con 0x7f2344101670
2024-03-12T05:45:53.238 INFO:teuthology.orchestra.run.smithi098.stdout:/usr/bin/ceph: stderr
2024-03-12T05:45:46.880+0000 7f23417fa700 1 -- 172.21.15.98:0/3538179943 <== mon.0 v2:172.21.15.98:3300/0 7 ==== mon_command_ack([{"prefix": "status", "format": "json-pretty"}]=0 v0) v1 ==== 79+0+1248 (secure 0 0 0) 0x7f2338026030 con 0x7f2344101670
2024-03-12T05:45:53.238 INFO:teuthology.orchestra.run.smithi098.stdout:/usr/bin/ceph: stderr
2024-03-12T05:45:46.883+0000 7f234aab8700 1 -- 172.21.15.98:0/3538179943 >> [v2:172.21.15.98:6800/1718087439,v1:172.21.15.98:6801/1718087439] conn(0x7f2334036740 msgr2=0x7f2334038bf0 secure :-1 s=STATE_CONNECTION_ESTABLISHED l=1).mark_down
2024-03-12T05:45:53.238 INFO:teuthology.orchestra.run.smithi098.stdout:/usr/bin/ceph: stderr
2024-03-12T05:45:46.883+0000 7f234aab8700 1 --2- 172.21.15.98:0/3538179943 >> [v2:172.21.15.98:6800/1718087439,v1:172.21.15.98:6801/1718087439] conn(0x7f2334036740 0x7f2334038bf0 secure :-1 s=READY pgs=6 cs=0 l=1 rev1=1 crypto rx=0x7f2330009990 tx=0x7f2330006e40 comp rx=0 tx=0).stop
2024-03-12T05:45:53.238 INFO:teuthology.orchestra.run.smithi098.stdout:/usr/bin/ceph: stderr
2024-03-12T05:45:46.883+0000 7f234aab8700 1 -- 172.21.15.98:0/3538179943 >> [v2:172.21.15.98:3300/0,v1:172.21.15.98:6789/0] conn(0x7f2344101670 msgr2=0x7f2344113690 secure :-1 s=STATE_CONNECTION_ESTABLISHED l=1).mark_down
2024-03-12T05:45:53.238 INFO:teuthology.orchestra.run.smithi098.stdout:/usr/bin/ceph: stderr
2024-03-12T05:45:46.883+0000 7f234aab8700 1 --2- 172.21.15.98:0/3538179943 >> [v2:172.21.15.98:3300/0,v1:172.21.15.98:6789/0] conn(0x7f2344101670 0x7f2344113690 secure :-1 s=READY pgs=19 cs=0 l=1 rev1=1 crypto rx=0x7f2338006b00 tx=0x7f233800b4f0 comp rx=0 tx=0).stop
2024-03-12T05:45:53.238 INFO:teuthology.orchestra.run.smithi098.stdout:/usr/bin/ceph: stderr
2024-03-12T05:45:46.884+0000 7f234aab8700 1 -- 172.21.15.98:0/3538179943 shutdown_connections
2024-03-12T05:45:53.238 INFO:teuthology.orchestra.run.smithi098.stdout:/usr/bin/ceph: stderr
2024-03-12T05:45:46.884+0000 7f234aab8700 1 --2- 172.21.15.98:0/3538179943 >> [v2:172.21.15.98:6800/1718087439,v1:172.21.15.98:6801/1718087439] conn(0x7f2334036740 0x7f2334038bf0 unknown :-1 s=CLOSED pgs=6 cs=0 l=1 rev1=1 crypto rx=0 tx=0 comp rx=0 tx=0).stop
2024-03-12T05:45:53.238 INFO:teuthology.orchestra.run.smithi098.stdout:/usr/bin/ceph: stderr
2024-03-12T05:45:46.884+0000 7f234aab8700 1 --2- 172.21.15.98:0/3538179943 >> [v2:172.21.15.98:3300/0,v1:172.21.15.98:6789/0] conn(0x7f2344101670 0x7f2344113690 unknown :-1 s=CLOSED pgs=19 cs=0 l=1 rev1=1 crypto rx=0 tx=0 comp rx=0 tx=0).stop
2024-03-12T05:45:53.239 INFO:teuthology.orchestra.run.smithi098.stdout:/usr/bin/ceph: stderr
2024-03-12T05:45:46.884+0000 7f234aab8700 1 -- 172.21.15.98:0/3538179943 >> 172.21.15.98:0/3538179943 conn(0x7f23440fcdd0 msgr2=0x7f23440ff110 unknown :-1 s=STATE_NONE l=0).mark_down
2024-03-12T05:45:53.239 INFO:teuthology.orchestra.run.smithi098.stdout:/usr/bin/ceph: stderr
2024-03-12T05:45:46.884+0000 7f234aab8700 1 -- 172.21.15.98:0/3538179943 shutdown_connections
2024-03-12T05:45:53.239 INFO:teuthology.orchestra.run.smithi098.stdout:/usr/bin/ceph: stderr
2024-03-12T05:45:46.884+0000 7f234aab8700 1 -- 172.21.15.98:0/3538179943 wait complete.
2024-03-12T05:45:53.239 INFO:teuthology.orchestra.run.smithi098.stdout:mgr is available
2024-03-12T05:45:54.620 INFO:journalctl@ceph.mon.smithi098.smithi098.stdout:Mar 12 05:45:54 smithi098 ceph-mon[29186]: from='client.? 172.21.15.98:0/3941771604' entity='client.admin' cmd=[{"prefix": "config assimilate-conf"}]: dispatch
2024-03-12T05:45:54.885 INFO:teuthology.orchestra.run.smithi098.stdout:/usr/bin/ceph: stdout
2024-03-12T05:45:54.886 INFO:teuthology.orchestra.run.smithi098.stdout:/usr/bin/ceph: stdout [global]
2024-03-12T05:45:54.886 INFO:teuthology.orchestra.run.smithi098.stdout:/usr/bin/ceph: stdout fsid = a1422192-e033-11ee-95c8-87774f69a715
2024-03-12T05:45:54.886 INFO:teuthology.orchestra.run.smithi098.stdout:/usr/bin/ceph: stdout mon_osd_allow_pg_remap = true
2024-03-12T05:45:54.886 INFO:teuthology.orchestra.run.smithi098.stdout:/usr/bin/ceph: stdout mon_osd_allow_primary_affinity = true
2024-03-12T05:45:54.886 INFO:teuthology.orchestra.run.smithi098.stdout:/usr/bin/ceph: stdout mon_warn_on_no_sortbitwise = false
2024-03-12T05:45:54.886 INFO:teuthology.orchestra.run.smithi098.stdout:/usr/bin/ceph: stdout osd_crush_chooseleaf_type = 0
2024-03-12T05:45:54.886 INFO:teuthology.orchestra.run.smithi098.stdout:/usr/bin/ceph: stdout
2024-03-12T05:45:54.886 INFO:teuthology.orchestra.run.smithi098.stdout:/usr/bin/ceph: stdout [mgr]
2024-03-12T05:45:54.886 INFO:teuthology.orchestra.run.smithi098.stdout:/usr/bin/ceph: stdout mgr/telemetry/nag = false
2024-03-12T05:45:54.886 INFO:teuthology.orchestra.run.smithi098.stdout:/usr/bin/ceph: stdout
2024-03-12T05:45:54.886 INFO:teuthology.orchestra.run.smithi098.stdout:/usr/bin/ceph: stdout [osd]
2024-03-12T05:45:54.886 INFO:teuthology.orchestra.run.smithi098.stdout:/usr/bin/ceph: stdout mon_osd_backfillfull_ratio = 0.85
2024-03-12T05:45:54.886 INFO:teuthology.orchestra.run.smithi098.stdout:/usr/bin/ceph: stdout mon_osd_full_ratio = 0.9
2024-03-12T05:45:54.887 INFO:teuthology.orchestra.run.smithi098.stdout:/usr/bin/ceph: stdout mon_osd_nearfull_ratio = 0.8
2024-03-12T05:45:54.887 INFO:teuthology.orchestra.run.smithi098.stdout:/usr/bin/ceph: stdout osd_map_max_advance = 10
2024-03-12T05:45:54.887 INFO:teuthology.orchestra.run.smithi098.stdout:/usr/bin/ceph: stdout osd_sloppy_crc = true
2024-03-12T05:45:54.887 INFO:teuthology.orchestra.run.smithi098.stdout:/usr/bin/ceph: stderr
2024-03-12T05:45:54.106+0000 7fc200ae7700 1 Processor -- start
2024-03-12T05:45:54.887 INFO:teuthology.orchestra.run.smithi098.stdout:/usr/bin/ceph: stderr
2024-03-12T05:45:54.106+0000 7fc200ae7700 1 -- start start
2024-03-12T05:45:54.887 INFO:teuthology.orchestra.run.smithi098.stdout:/usr/bin/ceph: stderr
2024-03-12T05:45:54.106+0000 7fc200ae7700 1 --2- >> [v2:172.21.15.98:3300/0,v1:172.21.15.98:6789/0] conn(0x7fc1fc102770 0x7fc1fc102b80 unknown :-1 s=NONE pgs=0 cs=0 l=0 rev1=0 crypto rx=0 tx=0 comp rx=0 tx=0).connect
2024-03-12T05:45:54.887 INFO:teuthology.orchestra.run.smithi098.stdout:/usr/bin/ceph: stderr
2024-03-12T05:45:54.106+0000 7fc200ae7700 1 -- --> [v2:172.21.15.98:3300/0,v1:172.21.15.98:6789/0] -- mon_getmap magic: 0 v1 -- 0x7fc1fc1030c0 con 0x7fc1fc102770
2024-03-12T05:45:54.887 INFO:teuthology.orchestra.run.smithi098.stdout:/usr/bin/ceph: stderr
2024-03-12T05:45:54.107+0000 7fc1fa59c700 1 --2- >> [v2:172.21.15.98:3300/0,v1:172.21.15.98:6789/0] conn(0x7fc1fc102770 0x7fc1fc102b80 unknown :-1 s=BANNER_CONNECTING pgs=0 cs=0 l=0 rev1=0 crypto rx=0 tx=0 comp rx=0 tx=0)._handle_peer_banner_payload supported=3 required=0
2024-03-12T05:45:54.887 INFO:teuthology.orchestra.run.smithi098.stdout:/usr/bin/ceph: stderr
2024-03-12T05:45:54.107+0000 7fc1fa59c700 1 --2- >> [v2:172.21.15.98:3300/0,v1:172.21.15.98:6789/0] conn(0x7fc1fc102770 0x7fc1fc102b80 unknown :-1 s=HELLO_CONNECTING pgs=0 cs=0 l=0 rev1=1 crypto rx=0 tx=0 comp rx=0 tx=0).handle_hello peer v2:172.21.15.98:3300/0 says I am v2:172.21.15.98:57600/0 (socket says 172.21.15.98:57600)
2024-03-12T05:45:54.887 INFO:teuthology.orchestra.run.smithi098.stdout:/usr/bin/ceph: stderr
2024-03-12T05:45:54.107+0000 7fc1fa59c700 1 -- 172.21.15.98:0/3070313189 learned_addr learned my addr 172.21.15.98:0/3070313189 (peer_addr_for_me v2:172.21.15.98:0/0)
2024-03-12T05:45:54.887 INFO:teuthology.orchestra.run.smithi098.stdout:/usr/bin/ceph: stderr
2024-03-12T05:45:54.107+0000 7fc1fa59c700 1 -- 172.21.15.98:0/3070313189 --> [v2:172.21.15.98:3300/0,v1:172.21.15.98:6789/0] -- mon_subscribe({config=0+,monmap=0+}) v3 -- 0x7fc1fc103200 con 0x7fc1fc102770
2024-03-12T05:45:54.887 INFO:teuthology.orchestra.run.smithi098.stdout:/usr/bin/ceph: stderr
2024-03-12T05:45:54.107+0000 7fc1fa59c700 1 --2- 172.21.15.98:0/3070313189 >> [v2:172.21.15.98:3300/0,v1:172.21.15.98:6789/0] conn(0x7fc1fc102770 0x7fc1fc102b80 secure :-1 s=READY pgs=20 cs=0 l=1 rev1=1 crypto rx=0x7fc1f4009e50 tx=0x7fc1f4009840 comp rx=0 tx=0).ready entity=mon.0 client_cookie=581f1e79e5989e41 server_cookie=0 in_seq=0 out_seq=0
2024-03-12T05:45:54.887 INFO:teuthology.orchestra.run.smithi098.stdout:/usr/bin/ceph: stderr
2024-03-12T05:45:54.107+0000 7fc1f959a700 1 -- 172.21.15.98:0/3070313189 <== mon.0 v2:172.21.15.98:3300/0 1 ==== mon_map magic: 0 v1 ==== 229+0+0 (secure 0 0 0) 0x7fc1f40092e0 con 0x7fc1fc102770
2024-03-12T05:45:54.887 INFO:teuthology.orchestra.run.smithi098.stdout:/usr/bin/ceph: stderr
2024-03-12T05:45:54.107+0000 7fc1f959a700 1 -- 172.21.15.98:0/3070313189 <== mon.0 v2:172.21.15.98:3300/0 2 ==== config(27 keys) v1 ==== 1044+0+0 (secure 0 0 0) 0x7fc1f4012430 con 0x7fc1fc102770
2024-03-12T05:45:54.888 INFO:teuthology.orchestra.run.smithi098.stdout:/usr/bin/ceph: stderr
2024-03-12T05:45:54.107+0000 7fc1f959a700 1 -- 172.21.15.98:0/3070313189 <== mon.0 v2:172.21.15.98:3300/0 3 ==== mon_map magic: 0 v1 ==== 229+0+0 (secure 0 0 0) 0x7fc1f40075c0 con 0x7fc1fc102770
2024-03-12T05:45:54.888 INFO:teuthology.orchestra.run.smithi098.stdout:/usr/bin/ceph: stderr
2024-03-12T05:45:54.108+0000 7fc200ae7700 1 -- 172.21.15.98:0/3070313189 >> [v2:172.21.15.98:3300/0,v1:172.21.15.98:6789/0] conn(0x7fc1fc102770 msgr2=0x7fc1fc102b80 secure :-1 s=STATE_CONNECTION_ESTABLISHED l=1).mark_down
2024-03-12T05:45:54.888 INFO:teuthology.orchestra.run.smithi098.stdout:/usr/bin/ceph: stderr
2024-03-12T05:45:54.108+0000 7fc200ae7700 1 --2- 172.21.15.98:0/3070313189 >> [v2:172.21.15.98:3300/0,v1:172.21.15.98:6789/0] conn(0x7fc1fc102770 0x7fc1fc102b80 secure :-1 s=READY pgs=20 cs=0 l=1 rev1=1 crypto rx=0x7fc1f4009e50 tx=0x7fc1f4009840 comp rx=0 tx=0).stop
2024-03-12T05:45:54.888 INFO:teuthology.orchestra.run.smithi098.stdout:/usr/bin/ceph: stderr
2024-03-12T05:45:54.108+0000 7fc200ae7700 1 -- 172.21.15.98:0/3070313189 shutdown_connections
2024-03-12T05:45:54.888 INFO:teuthology.orchestra.run.smithi098.stdout:/usr/bin/ceph: stderr
2024-03-12T05:45:54.108+0000 7fc200ae7700 1 --2- 172.21.15.98:0/3070313189 >> [v2:172.21.15.98:3300/0,v1:172.21.15.98:6789/0] conn(0x7fc1fc102770 0x7fc1fc102b80 unknown :-1 s=CLOSED pgs=20 cs=0 l=1 rev1=1 crypto rx=0 tx=0 comp rx=0 tx=0).stop
2024-03-12T05:45:54.888 INFO:teuthology.orchestra.run.smithi098.stdout:/usr/bin/ceph: stderr
2024-03-12T05:45:54.108+0000 7fc200ae7700 1 -- 172.21.15.98:0/3070313189 >> 172.21.15.98:0/3070313189 conn(0x7fc1fc0fded0 msgr2=0x7fc1fc100300 unknown :-1 s=STATE_NONE l=0).mark_down
2024-03-12T05:45:54.888 INFO:teuthology.orchestra.run.smithi098.stdout:/usr/bin/ceph: stderr
2024-03-12T05:45:54.108+0000 7fc200ae7700 1 -- 172.21.15.98:0/3070313189 shutdown_connections
2024-03-12T05:45:54.888 INFO:teuthology.orchestra.run.smithi098.stdout:/usr/bin/ceph: stderr
2024-03-12T05:45:54.108+0000 7fc200ae7700 1 -- 172.21.15.98:0/3070313189 wait complete.
2024-03-12T05:45:54.888 INFO:teuthology.orchestra.run.smithi098.stdout:/usr/bin/ceph: stderr
2024-03-12T05:45:54.108+0000 7fc200ae7700 1 Processor -- start
2024-03-12T05:45:54.888 INFO:teuthology.orchestra.run.smithi098.stdout:/usr/bin/ceph: stderr
2024-03-12T05:45:54.108+0000 7fc200ae7700 1 -- start start
2024-03-12T05:45:54.888 INFO:teuthology.orchestra.run.smithi098.stdout:/usr/bin/ceph: stderr
2024-03-12T05:45:54.109+0000 7fc200ae7700 1 --2- >> [v2:172.21.15.98:3300/0,v1:172.21.15.98:6789/0] conn(0x7fc1fc102770 0x7fc1fc111530 unknown :-1 s=NONE pgs=0 cs=0 l=1 rev1=0 crypto rx=0 tx=0 comp rx=0 tx=0).connect
2024-03-12T05:45:54.888 INFO:teuthology.orchestra.run.smithi098.stdout:/usr/bin/ceph: stderr
2024-03-12T05:45:54.109+0000 7fc200ae7700 1 -- --> [v2:172.21.15.98:3300/0,v1:172.21.15.98:6789/0] -- mon_getmap magic: 0 v1 -- 0x7fc1fc111a70 con 0x7fc1fc102770
2024-03-12T05:45:54.888 INFO:teuthology.orchestra.run.smithi098.stdout:/usr/bin/ceph: stderr
2024-03-12T05:45:54.109+0000 7fc1fa59c700 1 --2- >> [v2:172.21.15.98:3300/0,v1:172.21.15.98:6789/0] conn(0x7fc1fc102770 0x7fc1fc111530 unknown :-1 s=BANNER_CONNECTING pgs=0 cs=0 l=1 rev1=0 crypto rx=0 tx=0 comp rx=0 tx=0)._handle_peer_banner_payload supported=3 required=0
2024-03-12T05:45:54.888 INFO:teuthology.orchestra.run.smithi098.stdout:/usr/bin/ceph: stderr
2024-03-12T05:45:54.109+0000 7fc1fa59c700 1 --2- >> [v2:172.21.15.98:3300/0,v1:172.21.15.98:6789/0] conn(0x7fc1fc102770 0x7fc1fc111530 unknown :-1 s=HELLO_CONNECTING pgs=0 cs=0 l=1 rev1=1 crypto rx=0 tx=0 comp rx=0 tx=0).handle_hello peer v2:172.21.15.98:3300/0 says I am v2:172.21.15.98:57612/0 (socket says 172.21.15.98:57612)
2024-03-12T05:45:54.889 INFO:teuthology.orchestra.run.smithi098.stdout:/usr/bin/ceph: stderr
2024-03-12T05:45:54.109+0000 7fc1fa59c700 1 -- 172.21.15.98:0/3941771604 learned_addr learned my addr 172.21.15.98:0/3941771604 (peer_addr_for_me v2:172.21.15.98:0/0)
2024-03-12T05:45:54.889 INFO:teuthology.orchestra.run.smithi098.stdout:/usr/bin/ceph: stderr
2024-03-12T05:45:54.109+0000 7fc1fa59c700 1 -- 172.21.15.98:0/3941771604 --> [v2:172.21.15.98:3300/0,v1:172.21.15.98:6789/0] -- mon_subscribe({config=0+,monmap=0+}) v3 -- 0x7fc1f4009ae0 con 0x7fc1fc102770
2024-03-12T05:45:54.889 INFO:teuthology.orchestra.run.smithi098.stdout:/usr/bin/ceph: stderr
2024-03-12T05:45:54.109+0000 7fc1fa59c700 1 --2- 172.21.15.98:0/3941771604 >> [v2:172.21.15.98:3300/0,v1:172.21.15.98:6789/0] conn(0x7fc1fc102770 0x7fc1fc111530 secure :-1 s=READY pgs=21 cs=0 l=1 rev1=1 crypto rx=0x7fc1f40127d0 tx=0x7fc1f4009840 comp rx=0 tx=0).ready entity=mon.0 client_cookie=0 server_cookie=0 in_seq=0 out_seq=0
2024-03-12T05:45:54.889 INFO:teuthology.orchestra.run.smithi098.stdout:/usr/bin/ceph: stderr
2024-03-12T05:45:54.109+0000 7fc1eaffd700 1 -- 172.21.15.98:0/3941771604 <== mon.0 v2:172.21.15.98:3300/0 1 ==== mon_map magic: 0 v1 ==== 229+0+0 (secure 0 0 0) 0x7fc1f400bc30 con 0x7fc1fc102770
2024-03-12T05:45:54.889 INFO:teuthology.orchestra.run.smithi098.stdout:/usr/bin/ceph: stderr
2024-03-12T05:45:54.109+0000 7fc1eaffd700 1 -- 172.21.15.98:0/3941771604 <== mon.0 v2:172.21.15.98:3300/0 2 ==== config(27 keys) v1 ==== 1044+0+0 (secure 0 0 0) 0x7fc1f400bd90 con 0x7fc1fc102770
2024-03-12T05:45:54.889 INFO:teuthology.orchestra.run.smithi098.stdout:/usr/bin/ceph: stderr
2024-03-12T05:45:54.109+0000 7fc200ae7700 1 -- 172.21.15.98:0/3941771604 --> [v2:172.21.15.98:3300/0,v1:172.21.15.98:6789/0] -- mon_subscribe({mgrmap=0+}) v3 -- 0x7fc1fc111c70 con 0x7fc1fc102770
2024-03-12T05:45:54.889 INFO:teuthology.orchestra.run.smithi098.stdout:/usr/bin/ceph: stderr
2024-03-12T05:45:54.109+0000 7fc1eaffd700 1 -- 172.21.15.98:0/3941771604 <== mon.0 v2:172.21.15.98:3300/0 3 ==== mon_map magic: 0 v1 ==== 229+0+0 (secure 0 0 0) 0x7fc1f401c9d0 con 0x7fc1fc102770
2024-03-12T05:45:54.889 INFO:teuthology.orchestra.run.smithi098.stdout:/usr/bin/ceph: stderr
2024-03-12T05:45:54.109+0000 7fc200ae7700 1 -- 172.21.15.98:0/3941771604 --> [v2:172.21.15.98:3300/0,v1:172.21.15.98:6789/0] -- mon_subscribe({osdmap=0}) v3 -- 0x7fc1fc112910 con 0x7fc1fc102770
2024-03-12T05:45:54.889 INFO:teuthology.orchestra.run.smithi098.stdout:/usr/bin/ceph: stderr
2024-03-12T05:45:54.110+0000 7fc1eaffd700 1 -- 172.21.15.98:0/3941771604 <== mon.0 v2:172.21.15.98:3300/0 4 ==== mgrmap(e 4) v1 ==== 43357+0+0 (secure 0 0 0) 0x7fc1f4019070 con 0x7fc1fc102770
2024-03-12T05:45:54.889 INFO:teuthology.orchestra.run.smithi098.stdout:/usr/bin/ceph: stderr
2024-03-12T05:45:54.110+0000 7fc200ae7700 1 -- 172.21.15.98:0/3941771604 --> [v2:172.21.15.98:3300/0,v1:172.21.15.98:6789/0] -- mon_command({"prefix": "get_command_descriptions"} v 0) v1 -- 0x7fc1fc05f5c0 con 0x7fc1fc102770
2024-03-12T05:45:54.889 INFO:teuthology.orchestra.run.smithi098.stdout:/usr/bin/ceph: stderr
2024-03-12T05:45:54.111+0000 7fc1eaffd700 1 --2- 172.21.15.98:0/3941771604 >> [v2:172.21.15.98:6800/1718087439,v1:172.21.15.98:6801/1718087439] conn(0x7fc1e4036740 0x7fc1e4038bf0 unknown :-1 s=NONE pgs=0 cs=0 l=1 rev1=0 crypto rx=0 tx=0 comp rx=0 tx=0).connect
2024-03-12T05:45:54.889 INFO:teuthology.orchestra.run.smithi098.stdout:/usr/bin/ceph: stderr
2024-03-12T05:45:54.111+0000 7fc1eaffd700 1 -- 172.21.15.98:0/3941771604 <== mon.0 v2:172.21.15.98:3300/0 5 ==== osd_map(1..1 src has 1..1) v4 ==== 721+0+0 (secure 0 0 0) 0x7fc1f4049f90 con 0x7fc1fc102770
2024-03-12T05:45:54.890 INFO:teuthology.orchestra.run.smithi098.stdout:/usr/bin/ceph: stderr
2024-03-12T05:45:54.111+0000 7fc1f9d9b700 1 --2- 172.21.15.98:0/3941771604 >> [v2:172.21.15.98:6800/1718087439,v1:172.21.15.98:6801/1718087439] conn(0x7fc1e4036740 0x7fc1e4038bf0 unknown :-1 s=BANNER_CONNECTING pgs=0 cs=0 l=1 rev1=0 crypto rx=0 tx=0 comp rx=0 tx=0)._handle_peer_banner_payload supported=3 required=0
2024-03-12T05:45:54.890 INFO:teuthology.orchestra.run.smithi098.stdout:/usr/bin/ceph: stderr
2024-03-12T05:45:54.111+0000 7fc1f9d9b700 1 --2- 172.21.15.98:0/3941771604 >> [v2:172.21.15.98:6800/1718087439,v1:172.21.15.98:6801/1718087439] conn(0x7fc1e4036740 0x7fc1e4038bf0 secure :-1 s=READY pgs=7 cs=0 l=1 rev1=1 crypto rx=0x7fc1f0009990 tx=0x7fc1f0006e40 comp rx=0 tx=0).ready entity=mgr.14100 client_cookie=0 server_cookie=0 in_seq=0 out_seq=0
2024-03-12T05:45:54.890 INFO:teuthology.orchestra.run.smithi098.stdout:/usr/bin/ceph: stderr
2024-03-12T05:45:54.115+0000 7fc1eaffd700 1 -- 172.21.15.98:0/3941771604 <== mon.0 v2:172.21.15.98:3300/0 6 ==== mon_command_ack([{"prefix": "get_command_descriptions"}]=0 v0) v1 ==== 72+0+175366 (secure 0 0 0) 0x7fc1f4019910 con 0x7fc1fc102770
2024-03-12T05:45:54.890 INFO:teuthology.orchestra.run.smithi098.stdout:/usr/bin/ceph: stderr
2024-03-12T05:45:54.296+0000 7fc200ae7700 1 -- 172.21.15.98:0/3941771604 --> [v2:172.21.15.98:3300/0,v1:172.21.15.98:6789/0] -- mon_command({"prefix": "config assimilate-conf"} v 0) v1 -- 0x7fc1fc04bed0 con 0x7fc1fc102770
2024-03-12T05:45:54.890 INFO:teuthology.orchestra.run.smithi098.stdout:/usr/bin/ceph: stderr
2024-03-12T05:45:54.297+0000 7fc1eaffd700 1 -- 172.21.15.98:0/3941771604 <== mon.0 v2:172.21.15.98:3300/0 7 ==== mon_command_ack([{"prefix": "config assimilate-conf"}]=0 v3) v1 ==== 70+0+373 (secure 0 0 0) 0x7fc1f402a030 con 0x7fc1fc102770
2024-03-12T05:45:54.890 INFO:teuthology.orchestra.run.smithi098.stdout:/usr/bin/ceph: stderr
2024-03-12T05:45:54.299+0000 7fc200ae7700 1 -- 172.21.15.98:0/3941771604 >> [v2:172.21.15.98:6800/1718087439,v1:172.21.15.98:6801/1718087439] conn(0x7fc1e4036740 msgr2=0x7fc1e4038bf0 secure :-1 s=STATE_CONNECTION_ESTABLISHED l=1).mark_down
2024-03-12T05:45:54.890 INFO:teuthology.orchestra.run.smithi098.stdout:/usr/bin/ceph: stderr
2024-03-12T05:45:54.299+0000 7fc200ae7700 1 --2- 172.21.15.98:0/3941771604 >> [v2:172.21.15.98:6800/1718087439,v1:172.21.15.98:6801/1718087439] conn(0x7fc1e4036740 0x7fc1e4038bf0 secure :-1 s=READY pgs=7 cs=0 l=1 rev1=1 crypto rx=0x7fc1f0009990 tx=0x7fc1f0006e40 comp rx=0 tx=0).stop
2024-03-12T05:45:54.890 INFO:teuthology.orchestra.run.smithi098.stdout:/usr/bin/ceph: stderr
2024-03-12T05:45:54.299+0000 7fc200ae7700 1 -- 172.21.15.98:0/3941771604 >> [v2:172.21.15.98:3300/0,v1:172.21.15.98:6789/0] conn(0x7fc1fc102770 msgr2=0x7fc1fc111530 secure :-1 s=STATE_CONNECTION_ESTABLISHED l=1).mark_down
2024-03-12T05:45:54.890 INFO:teuthology.orchestra.run.smithi098.stdout:/usr/bin/ceph: stderr
2024-03-12T05:45:54.299+0000 7fc200ae7700 1 --2- 172.21.15.98:0/3941771604 >> [v2:172.21.15.98:3300/0,v1:172.21.15.98:6789/0] conn(0x7fc1fc102770 0x7fc1fc111530 secure :-1 s=READY pgs=21 cs=0 l=1 rev1=1 crypto rx=0x7fc1f40127d0 tx=0x7fc1f4009840 comp rx=0 tx=0).stop
2024-03-12T05:45:54.890 INFO:teuthology.orchestra.run.smithi098.stdout:/usr/bin/ceph: stderr
2024-03-12T05:45:54.299+0000 7fc200ae7700 1 -- 172.21.15.98:0/3941771604 shutdown_connections
2024-03-12T05:45:54.890 INFO:teuthology.orchestra.run.smithi098.stdout:/usr/bin/ceph: stderr
2024-03-12T05:45:54.299+0000 7fc200ae7700 1 --2- 172.21.15.98:0/3941771604 >> [v2:172.21.15.98:6800/1718087439,v1:172.21.15.98:6801/1718087439] conn(0x7fc1e4036740 0x7fc1e4038bf0 unknown :-1 s=CLOSED pgs=7 cs=0 l=1 rev1=1 crypto rx=0 tx=0 comp rx=0 tx=0).stop
2024-03-12T05:45:54.890 INFO:teuthology.orchestra.run.smithi098.stdout:/usr/bin/ceph: stderr
2024-03-12T05:45:54.299+0000 7fc200ae7700 1 --2- 172.21.15.98:0/3941771604 >> [v2:172.21.15.98:3300/0,v1:172.21.15.98:6789/0] conn(0x7fc1fc102770 0x7fc1fc111530 unknown :-1 s=CLOSED pgs=21 cs=0 l=1 rev1=1 crypto rx=0 tx=0 comp rx=0 tx=0).stop
2024-03-12T05:45:54.890 INFO:teuthology.orchestra.run.smithi098.stdout:/usr/bin/ceph: stderr
2024-03-12T05:45:54.299+0000 7fc200ae7700 1 -- 172.21.15.98:0/3941771604 >> 172.21.15.98:0/3941771604 conn(0x7fc1fc0fded0 msgr2=0x7fc1fc0ff580 unknown :-1 s=STATE_NONE l=0).mark_down
2024-03-12T05:45:54.891 INFO:teuthology.orchestra.run.smithi098.stdout:/usr/bin/ceph: stderr
2024-03-12T05:45:54.300+0000 7fc200ae7700 1 -- 172.21.15.98:0/3941771604 shutdown_connections
2024-03-12T05:45:54.891 INFO:teuthology.orchestra.run.smithi098.stdout:/usr/bin/ceph: stderr
2024-03-12T05:45:54.300+0000 7fc200ae7700 1 -- 172.21.15.98:0/3941771604 wait complete.
2024-03-12T05:45:54.891 INFO:teuthology.orchestra.run.smithi098.stdout:Enabling cephadm module...
2024-03-12T05:45:55.870 INFO:journalctl@ceph.mon.smithi098.smithi098.stdout:Mar 12 05:45:55 smithi098 ceph-mon[29186]: from='client.? 172.21.15.98:0/4016561533' entity='client.admin' cmd=[{"prefix": "mgr module enable", "module": "cephadm"}]: dispatch
2024-03-12T05:45:56.871 INFO:journalctl@ceph.mon.smithi098.smithi098.stdout:Mar 12 05:45:56 smithi098 ceph-mon[29186]: from='client.? 172.21.15.98:0/4016561533' entity='client.admin' cmd='[{"prefix": "mgr module enable", "module": "cephadm"}]': finished
2024-03-12T05:45:56.871 INFO:journalctl@ceph.mon.smithi098.smithi098.stdout:Mar 12 05:45:56 smithi098 ceph-mon[29186]: mgrmap e5: smithi098.tgvcws(active, since 14s)
2024-03-12T05:45:56.907 INFO:teuthology.orchestra.run.smithi098.stdout:/usr/bin/ceph: stderr
2024-03-12T05:45:55.273+0000 7f0db9406700 1 Processor -- start
2024-03-12T05:45:56.907 INFO:teuthology.orchestra.run.smithi098.stdout:/usr/bin/ceph: stderr
2024-03-12T05:45:55.273+0000 7f0db9406700 1 -- start start
2024-03-12T05:45:56.907 INFO:teuthology.orchestra.run.smithi098.stdout:/usr/bin/ceph: stderr
2024-03-12T05:45:55.273+0000 7f0db9406700 1 --2- >> [v2:172.21.15.98:3300/0,v1:172.21.15.98:6789/0] conn(0x7f0db4078cc0 0x7f0db40771d0 unknown :-1 s=NONE pgs=0 cs=0 l=0 rev1=0 crypto rx=0 tx=0 comp rx=0 tx=0).connect
2024-03-12T05:45:56.907 INFO:teuthology.orchestra.run.smithi098.stdout:/usr/bin/ceph: stderr
2024-03-12T05:45:55.273+0000 7f0db9406700 1 -- --> [v2:172.21.15.98:3300/0,v1:172.21.15.98:6789/0] -- mon_getmap magic: 0 v1 -- 0x7f0db40790d0 con 0x7f0db4078cc0
2024-03-12T05:45:56.907 INFO:teuthology.orchestra.run.smithi098.stdout:/usr/bin/ceph: stderr
2024-03-12T05:45:55.273+0000 7f0db2ffd700 1 --2- >> [v2:172.21.15.98:3300/0,v1:172.21.15.98:6789/0] conn(0x7f0db4078cc0 0x7f0db40771d0 unknown :-1 s=BANNER_CONNECTING pgs=0 cs=0 l=0 rev1=0 crypto rx=0 tx=0 comp rx=0 tx=0)._handle_peer_banner_payload supported=3 required=0
2024-03-12T05:45:56.907 INFO:teuthology.orchestra.run.smithi098.stdout:/usr/bin/ceph: stderr
2024-03-12T05:45:55.273+0000 7f0db2ffd700 1 --2- >> [v2:172.21.15.98:3300/0,v1:172.21.15.98:6789/0] conn(0x7f0db4078cc0 0x7f0db40771d0 unknown :-1 s=HELLO_CONNECTING pgs=0 cs=0 l=0 rev1=1 crypto rx=0 tx=0 comp rx=0 tx=0).handle_hello peer v2:172.21.15.98:3300/0 says I am v2:172.21.15.98:57620/0 (socket says 172.21.15.98:57620)
2024-03-12T05:45:56.907 INFO:teuthology.orchestra.run.smithi098.stdout:/usr/bin/ceph: stderr
2024-03-12T05:45:55.273+0000 7f0db2ffd700 1 -- 172.21.15.98:0/1128542782 learned_addr learned my addr 172.21.15.98:0/1128542782 (peer_addr_for_me v2:172.21.15.98:0/0)
2024-03-12T05:45:56.907 INFO:teuthology.orchestra.run.smithi098.stdout:/usr/bin/ceph: stderr
2024-03-12T05:45:55.274+0000 7f0db2ffd700 1 -- 172.21.15.98:0/1128542782 --> [v2:172.21.15.98:3300/0,v1:172.21.15.98:6789/0] -- mon_subscribe({config=0+,monmap=0+}) v3 -- 0x7f0db4077710 con 0x7f0db4078cc0
2024-03-12T05:45:56.908 INFO:teuthology.orchestra.run.smithi098.stdout:/usr/bin/ceph: stderr
2024-03-12T05:45:55.274+0000 7f0db2ffd700 1 --2- 172.21.15.98:0/1128542782 >> [v2:172.21.15.98:3300/0,v1:172.21.15.98:6789/0] conn(0x7f0db4078cc0 0x7f0db40771d0 secure :-1 s=READY pgs=22 cs=0 l=1 rev1=1 crypto rx=0x7f0da4009e50 tx=0x7f0da4009840 comp rx=0 tx=0).ready entity=mon.0 client_cookie=e31afb2a745714e0 server_cookie=0 in_seq=0 out_seq=0
2024-03-12T05:45:56.908 INFO:teuthology.orchestra.run.smithi098.stdout:/usr/bin/ceph: stderr
2024-03-12T05:45:55.274+0000 7f0db27fc700 1 -- 172.21.15.98:0/1128542782 <== mon.0 v2:172.21.15.98:3300/0 1 ==== mon_map magic: 0 v1 ==== 229+0+0 (secure 0 0 0) 0x7f0da40092e0 con 0x7f0db4078cc0
2024-03-12T05:45:56.908 INFO:teuthology.orchestra.run.smithi098.stdout:/usr/bin/ceph: stderr
2024-03-12T05:45:55.274+0000 7f0db27fc700 1 -- 172.21.15.98:0/1128542782 <== mon.0 v2:172.21.15.98:3300/0 2 ==== config(27 keys) v1 ==== 1044+0+0 (secure 0 0 0) 0x7f0da4012430 con 0x7f0db4078cc0
2024-03-12T05:45:56.908 INFO:teuthology.orchestra.run.smithi098.stdout:/usr/bin/ceph: stderr
2024-03-12T05:45:55.274+0000 7f0db27fc700 1 -- 172.21.15.98:0/1128542782 <== mon.0 v2:172.21.15.98:3300/0 3 ==== mon_map magic: 0 v1 ==== 229+0+0 (secure 0 0 0) 0x7f0da40075c0 con 0x7f0db4078cc0
2024-03-12T05:45:56.908 INFO:teuthology.orchestra.run.smithi098.stdout:/usr/bin/ceph: stderr
2024-03-12T05:45:55.275+0000 7f0db9406700 1 -- 172.21.15.98:0/1128542782 >> [v2:172.21.15.98:3300/0,v1:172.21.15.98:6789/0] conn(0x7f0db4078cc0 msgr2=0x7f0db40771d0 secure :-1 s=STATE_CONNECTION_ESTABLISHED l=1).mark_down
2024-03-12T05:45:56.908 INFO:teuthology.orchestra.run.smithi098.stdout:/usr/bin/ceph: stderr
2024-03-12T05:45:55.275+0000 7f0db9406700 1 --2- 172.21.15.98:0/1128542782 >> [v2:172.21.15.98:3300/0,v1:172.21.15.98:6789/0] conn(0x7f0db4078cc0 0x7f0db40771d0 secure :-1 s=READY pgs=22 cs=0 l=1 rev1=1 crypto rx=0x7f0da4009e50 tx=0x7f0da4009840 comp rx=0 tx=0).stop
2024-03-12T05:45:56.908 INFO:teuthology.orchestra.run.smithi098.stdout:/usr/bin/ceph: stderr
2024-03-12T05:45:55.275+0000 7f0db9406700 1 -- 172.21.15.98:0/1128542782 shutdown_connections
2024-03-12T05:45:56.908 INFO:teuthology.orchestra.run.smithi098.stdout:/usr/bin/ceph: stderr
2024-03-12T05:45:55.275+0000 7f0db9406700 1 --2- 172.21.15.98:0/1128542782 >> [v2:172.21.15.98:3300/0,v1:172.21.15.98:6789/0] conn(0x7f0db4078cc0 0x7f0db40771d0 unknown :-1 s=CLOSED pgs=22 cs=0 l=1 rev1=1 crypto rx=0 tx=0 comp rx=0 tx=0).stop
2024-03-12T05:45:56.908 INFO:teuthology.orchestra.run.smithi098.stdout:/usr/bin/ceph: stderr
2024-03-12T05:45:55.275+0000 7f0db9406700 1 -- 172.21.15.98:0/1128542782 >> 172.21.15.98:0/1128542782 conn(0x7f0db40fded0 msgr2=0x7f0db4100300 unknown :-1 s=STATE_NONE l=0).mark_down
2024-03-12T05:45:56.908 INFO:teuthology.orchestra.run.smithi098.stdout:/usr/bin/ceph: stderr
2024-03-12T05:45:55.275+0000 7f0db9406700 1 -- 172.21.15.98:0/1128542782 shutdown_connections
2024-03-12T05:45:56.908 INFO:teuthology.orchestra.run.smithi098.stdout:/usr/bin/ceph: stderr
2024-03-12T05:45:55.275+0000 7f0db9406700 1 -- 172.21.15.98:0/1128542782 wait complete.
2024-03-12T05:45:56.908 INFO:teuthology.orchestra.run.smithi098.stdout:/usr/bin/ceph: stderr
2024-03-12T05:45:55.275+0000 7f0db9406700 1 Processor -- start
2024-03-12T05:45:56.908 INFO:teuthology.orchestra.run.smithi098.stdout:/usr/bin/ceph: stderr
2024-03-12T05:45:55.275+0000 7f0db9406700 1 -- start start
2024-03-12T05:45:56.908 INFO:teuthology.orchestra.run.smithi098.stdout:/usr/bin/ceph: stderr
2024-03-12T05:45:55.276+0000 7f0db9406700 1 --2- >> [v2:172.21.15.98:3300/0,v1:172.21.15.98:6789/0] conn(0x7f0db4078cc0 0x7f0db4113840 unknown :-1 s=NONE pgs=0 cs=0 l=1 rev1=0 crypto rx=0 tx=0 comp rx=0 tx=0).connect
2024-03-12T05:45:56.908 INFO:teuthology.orchestra.run.smithi098.stdout:/usr/bin/ceph: stderr
2024-03-12T05:45:55.276+0000 7f0db9406700 1 -- --> [v2:172.21.15.98:3300/0,v1:172.21.15.98:6789/0] -- mon_getmap magic: 0 v1 -- 0x7f0db4113d80 con 0x7f0db4078cc0
2024-03-12T05:45:56.909 INFO:teuthology.orchestra.run.smithi098.stdout:/usr/bin/ceph: stderr
2024-03-12T05:45:55.276+0000 7f0db2ffd700 1 --2- >> [v2:172.21.15.98:3300/0,v1:172.21.15.98:6789/0] conn(0x7f0db4078cc0 0x7f0db4113840 unknown :-1 s=BANNER_CONNECTING pgs=0 cs=0 l=1 rev1=0 crypto rx=0 tx=0 comp rx=0 tx=0)._handle_peer_banner_payload supported=3 required=0
2024-03-12T05:45:56.909 INFO:teuthology.orchestra.run.smithi098.stdout:/usr/bin/ceph: stderr
2024-03-12T05:45:55.276+0000 7f0db2ffd700 1 --2- >> [v2:172.21.15.98:3300/0,v1:172.21.15.98:6789/0] conn(0x7f0db4078cc0 0x7f0db4113840 unknown :-1 s=HELLO_CONNECTING pgs=0 cs=0 l=1 rev1=1 crypto rx=0 tx=0 comp rx=0 tx=0).handle_hello peer v2:172.21.15.98:3300/0 says I am v2:172.21.15.98:57622/0 (socket says 172.21.15.98:57622)
2024-03-12T05:45:56.909 INFO:teuthology.orchestra.run.smithi098.stdout:/usr/bin/ceph: stderr
2024-03-12T05:45:55.276+0000 7f0db2ffd700 1 -- 172.21.15.98:0/4016561533 learned_addr learned my addr 172.21.15.98:0/4016561533 (peer_addr_for_me v2:172.21.15.98:0/0)
2024-03-12T05:45:56.909 INFO:teuthology.orchestra.run.smithi098.stdout:/usr/bin/ceph: stderr
2024-03-12T05:45:55.276+0000 7f0db2ffd700 1 -- 172.21.15.98:0/4016561533 --> [v2:172.21.15.98:3300/0,v1:172.21.15.98:6789/0] -- mon_subscribe({config=0+,monmap=0+}) v3 -- 0x7f0da4009ae0 con 0x7f0db4078cc0
2024-03-12T05:45:56.909 INFO:teuthology.orchestra.run.smithi098.stdout:/usr/bin/ceph: stderr
2024-03-12T05:45:55.276+0000 7f0db2ffd700 1 --2- 172.21.15.98:0/4016561533 >> [v2:172.21.15.98:3300/0,v1:172.21.15.98:6789/0] conn(0x7f0db4078cc0 0x7f0db4113840 secure :-1 s=READY pgs=23 cs=0 l=1 rev1=1 crypto rx=0x7f0da4009fd0 tx=0x7f0da4009840 comp rx=0 tx=0).ready entity=mon.0 client_cookie=0 server_cookie=0 in_seq=0 out_seq=0
2024-03-12T05:45:56.909 INFO:teuthology.orchestra.run.smithi098.stdout:/usr/bin/ceph: stderr
2024-03-12T05:45:55.276+0000 7f0dabfff700 1 -- 172.21.15.98:0/4016561533 <== mon.0 v2:172.21.15.98:3300/0 1 ==== mon_map magic: 0 v1 ==== 229+0+0 (secure 0 0 0) 0x7f0da40092e0 con 0x7f0db4078cc0
2024-03-12T05:45:56.909 INFO:teuthology.orchestra.run.smithi098.stdout:/usr/bin/ceph: stderr
2024-03-12T05:45:55.276+0000 7f0db9406700 1 -- 172.21.15.98:0/4016561533 --> [v2:172.21.15.98:3300/0,v1:172.21.15.98:6789/0] -- mon_subscribe({mgrmap=0+}) v3 -- 0x7f0db4113f80 con 0x7f0db4078cc0
2024-03-12T05:45:56.909 INFO:teuthology.orchestra.run.smithi098.stdout:/usr/bin/ceph: stderr
