2024-03-12T05:46:24.205 INFO:teuthology.orchestra.run.smithi098.stdout:/usr/bin/ceph: stderr
2024-03-12T05:46:23.383+0000 7f0f2b2af700 1 -- --> [v2:172.21.15.98:3300/0,v1:172.21.15.98:6789/0] -- mon_getmap magic: 0 v1 -- 0x7f0f241030c0 con 0x7f0f24102770
2024-03-12T05:46:24.205 INFO:teuthology.orchestra.run.smithi098.stdout:/usr/bin/ceph: stderr
2024-03-12T05:46:23.383+0000 7f0f2904b700 1 --2- >> [v2:172.21.15.98:3300/0,v1:172.21.15.98:6789/0] conn(0x7f0f24102770 0x7f0f24102b80 unknown :-1 s=BANNER_CONNECTING pgs=0 cs=0 l=0 rev1=0 crypto rx=0 tx=0 comp rx=0 tx=0)._handle_peer_banner_payload supported=3 required=0
2024-03-12T05:46:24.205 INFO:teuthology.orchestra.run.smithi098.stdout:/usr/bin/ceph: stderr
2024-03-12T05:46:23.383+0000 7f0f2904b700 1 --2- >> [v2:172.21.15.98:3300/0,v1:172.21.15.98:6789/0] conn(0x7f0f24102770 0x7f0f24102b80 unknown :-1 s=HELLO_CONNECTING pgs=0 cs=0 l=0 rev1=1 crypto rx=0 tx=0 comp rx=0 tx=0).handle_hello peer v2:172.21.15.98:3300/0 says I am v2:172.21.15.98:54270/0 (socket says 172.21.15.98:54270)
2024-03-12T05:46:24.205 INFO:teuthology.orchestra.run.smithi098.stdout:/usr/bin/ceph: stderr
2024-03-12T05:46:23.383+0000 7f0f2904b700 1 -- 172.21.15.98:0/631144256 learned_addr learned my addr 172.21.15.98:0/631144256 (peer_addr_for_me v2:172.21.15.98:0/0)
2024-03-12T05:46:24.205 INFO:teuthology.orchestra.run.smithi098.stdout:/usr/bin/ceph: stderr
2024-03-12T05:46:23.383+0000 7f0f2904b700 1 -- 172.21.15.98:0/631144256 --> [v2:172.21.15.98:3300/0,v1:172.21.15.98:6789/0] -- mon_subscribe({config=0+,monmap=0+}) v3 -- 0x7f0f24103200 con 0x7f0f24102770
2024-03-12T05:46:24.206 INFO:teuthology.orchestra.run.smithi098.stdout:/usr/bin/ceph: stderr
2024-03-12T05:46:23.384+0000 7f0f2904b700 1 --2- 172.21.15.98:0/631144256 >> [v2:172.21.15.98:3300/0,v1:172.21.15.98:6789/0] conn(0x7f0f24102770 0x7f0f24102b80 secure :-1 s=READY pgs=61 cs=0 l=1 rev1=1 crypto rx=0x7f0f200098e0 tx=0x7f0f20009250 comp rx=0 tx=0).ready entity=mon.0 client_cookie=8f76d36e468d0825 server_cookie=0 in_seq=0 out_seq=0
2024-03-12T05:46:24.206 INFO:teuthology.orchestra.run.smithi098.stdout:/usr/bin/ceph: stderr
2024-03-12T05:46:23.384+0000 7f0f1bfff700 1 -- 172.21.15.98:0/631144256 <== mon.0 v2:172.21.15.98:3300/0 1 ==== mon_map magic: 0 v1 ==== 229+0+0 (secure 0 0 0) 0x7f0f2000b860 con 0x7f0f24102770
2024-03-12T05:46:24.206 INFO:teuthology.orchestra.run.smithi098.stdout:/usr/bin/ceph: stderr
2024-03-12T05:46:23.384+0000 7f0f1bfff700 1 -- 172.21.15.98:0/631144256 <== mon.0 v2:172.21.15.98:3300/0 2 ==== config(27 keys) v1 ==== 1109+0+0 (secure 0 0 0) 0x7f0f2000be90 con 0x7f0f24102770
2024-03-12T05:46:24.206 INFO:teuthology.orchestra.run.smithi098.stdout:/usr/bin/ceph: stderr
2024-03-12T05:46:23.384+0000 7f0f1bfff700 1 -- 172.21.15.98:0/631144256 <== mon.0 v2:172.21.15.98:3300/0 3 ==== mon_map magic: 0 v1 ==== 229+0+0 (secure 0 0 0) 0x7f0f200103c0 con 0x7f0f24102770
2024-03-12T05:46:24.206 INFO:teuthology.orchestra.run.smithi098.stdout:/usr/bin/ceph: stderr
2024-03-12T05:46:23.384+0000 7f0f2b2af700 1 -- 172.21.15.98:0/631144256 >> [v2:172.21.15.98:3300/0,v1:172.21.15.98:6789/0] conn(0x7f0f24102770 msgr2=0x7f0f24102b80 secure :-1 s=STATE_CONNECTION_ESTABLISHED l=1).mark_down
2024-03-12T05:46:24.206 INFO:teuthology.orchestra.run.smithi098.stdout:/usr/bin/ceph: stderr
2024-03-12T05:46:23.384+0000 7f0f2b2af700 1 --2- 172.21.15.98:0/631144256 >> [v2:172.21.15.98:3300/0,v1:172.21.15.98:6789/0] conn(0x7f0f24102770 0x7f0f24102b80 secure :-1 s=READY pgs=61 cs=0 l=1 rev1=1 crypto rx=0x7f0f200098e0 tx=0x7f0f20009250 comp rx=0 tx=0).stop
2024-03-12T05:46:24.206 INFO:teuthology.orchestra.run.smithi098.stdout:/usr/bin/ceph: stderr
2024-03-12T05:46:23.384+0000 7f0f2b2af700 1 -- 172.21.15.98:0/631144256 shutdown_connections
2024-03-12T05:46:24.206 INFO:teuthology.orchestra.run.smithi098.stdout:/usr/bin/ceph: stderr
2024-03-12T05:46:23.384+0000 7f0f2b2af700 1 --2- 172.21.15.98:0/631144256 >> [v2:172.21.15.98:3300/0,v1:172.21.15.98:6789/0] conn(0x7f0f24102770 0x7f0f24102b80 unknown :-1 s=CLOSED pgs=61 cs=0 l=1 rev1=1 crypto rx=0 tx=0 comp rx=0 tx=0).stop
2024-03-12T05:46:24.206 INFO:teuthology.orchestra.run.smithi098.stdout:/usr/bin/ceph: stderr
2024-03-12T05:46:23.384+0000 7f0f2b2af700 1 -- 172.21.15.98:0/631144256 >> 172.21.15.98:0/631144256 conn(0x7f0f240fded0 msgr2=0x7f0f24100300 unknown :-1 s=STATE_NONE l=0).mark_down
2024-03-12T05:46:24.206 INFO:teuthology.orchestra.run.smithi098.stdout:/usr/bin/ceph: stderr
2024-03-12T05:46:23.384+0000 7f0f2b2af700 1 -- 172.21.15.98:0/631144256 shutdown_connections
2024-03-12T05:46:24.206 INFO:teuthology.orchestra.run.smithi098.stdout:/usr/bin/ceph: stderr
2024-03-12T05:46:23.385+0000 7f0f2b2af700 1 -- 172.21.15.98:0/631144256 wait complete.
2024-03-12T05:46:24.206 INFO:teuthology.orchestra.run.smithi098.stdout:/usr/bin/ceph: stderr
2024-03-12T05:46:23.385+0000 7f0f2b2af700 1 Processor -- start
2024-03-12T05:46:24.206 INFO:teuthology.orchestra.run.smithi098.stdout:/usr/bin/ceph: stderr
2024-03-12T05:46:23.385+0000 7f0f2b2af700 1 -- start start
2024-03-12T05:46:24.206 INFO:teuthology.orchestra.run.smithi098.stdout:/usr/bin/ceph: stderr
2024-03-12T05:46:23.385+0000 7f0f2b2af700 1 --2- >> [v2:172.21.15.98:3300/0,v1:172.21.15.98:6789/0] conn(0x7f0f24102770 0x7f0f241115b0 unknown :-1 s=NONE pgs=0 cs=0 l=1 rev1=0 crypto rx=0 tx=0 comp rx=0 tx=0).connect
2024-03-12T05:46:24.207 INFO:teuthology.orchestra.run.smithi098.stdout:/usr/bin/ceph: stderr
2024-03-12T05:46:23.385+0000 7f0f2b2af700 1 -- --> [v2:172.21.15.98:3300/0,v1:172.21.15.98:6789/0] -- mon_getmap magic: 0 v1 -- 0x7f0f24111af0 con 0x7f0f24102770
2024-03-12T05:46:24.207 INFO:teuthology.orchestra.run.smithi098.stdout:/usr/bin/ceph: stderr
2024-03-12T05:46:23.385+0000 7f0f2904b700 1 --2- >> [v2:172.21.15.98:3300/0,v1:172.21.15.98:6789/0] conn(0x7f0f24102770 0x7f0f241115b0 unknown :-1 s=BANNER_CONNECTING pgs=0 cs=0 l=1 rev1=0 crypto rx=0 tx=0 comp rx=0 tx=0)._handle_peer_banner_payload supported=3 required=0
2024-03-12T05:46:24.207 INFO:teuthology.orchestra.run.smithi098.stdout:/usr/bin/ceph: stderr
2024-03-12T05:46:23.385+0000 7f0f2904b700 1 --2- >> [v2:172.21.15.98:3300/0,v1:172.21.15.98:6789/0] conn(0x7f0f24102770 0x7f0f241115b0 unknown :-1 s=HELLO_CONNECTING pgs=0 cs=0 l=1 rev1=1 crypto rx=0 tx=0 comp rx=0 tx=0).handle_hello peer v2:172.21.15.98:3300/0 says I am v2:172.21.15.98:54284/0 (socket says 172.21.15.98:54284)
2024-03-12T05:46:24.207 INFO:teuthology.orchestra.run.smithi098.stdout:/usr/bin/ceph: stderr
2024-03-12T05:46:23.385+0000 7f0f2904b700 1 -- 172.21.15.98:0/848715370 learned_addr learned my addr 172.21.15.98:0/848715370 (peer_addr_for_me v2:172.21.15.98:0/0)
2024-03-12T05:46:24.207 INFO:teuthology.orchestra.run.smithi098.stdout:/usr/bin/ceph: stderr
2024-03-12T05:46:23.386+0000 7f0f2904b700 1 -- 172.21.15.98:0/848715370 --> [v2:172.21.15.98:3300/0,v1:172.21.15.98:6789/0] -- mon_subscribe({config=0+,monmap=0+}) v3 -- 0x7f0f200094f0 con 0x7f0f24102770
2024-03-12T05:46:24.207 INFO:teuthology.orchestra.run.smithi098.stdout:/usr/bin/ceph: stderr
2024-03-12T05:46:23.386+0000 7f0f2904b700 1 --2- 172.21.15.98:0/848715370 >> [v2:172.21.15.98:3300/0,v1:172.21.15.98:6789/0] conn(0x7f0f24102770 0x7f0f241115b0 secure :-1 s=READY pgs=62 cs=0 l=1 rev1=1 crypto rx=0x7f0f200090b0 tx=0x7f0f20009250 comp rx=0 tx=0).ready entity=mon.0 client_cookie=0 server_cookie=0 in_seq=0 out_seq=0
2024-03-12T05:46:24.207 INFO:teuthology.orchestra.run.smithi098.stdout:/usr/bin/ceph: stderr
2024-03-12T05:46:23.386+0000 7f0f19ffb700 1 -- 172.21.15.98:0/848715370 <== mon.0 v2:172.21.15.98:3300/0 1 ==== mon_map magic: 0 v1 ==== 229+0+0 (secure 0 0 0) 0x7f0f20010840 con 0x7f0f24102770
2024-03-12T05:46:24.207 INFO:teuthology.orchestra.run.smithi098.stdout:/usr/bin/ceph: stderr
2024-03-12T05:46:23.386+0000 7f0f19ffb700 1 -- 172.21.15.98:0/848715370 <== mon.0 v2:172.21.15.98:3300/0 2 ==== config(27 keys) v1 ==== 1109+0+0 (secure 0 0 0) 0x7f0f20010e70 con 0x7f0f24102770
2024-03-12T05:46:24.207 INFO:teuthology.orchestra.run.smithi098.stdout:/usr/bin/ceph: stderr
2024-03-12T05:46:23.386+0000 7f0f2b2af700 1 -- 172.21.15.98:0/848715370 --> [v2:172.21.15.98:3300/0,v1:172.21.15.98:6789/0] -- mon_subscribe({mgrmap=0+}) v3 -- 0x7f0f24111cf0 con 0x7f0f24102770
2024-03-12T05:46:24.207 INFO:teuthology.orchestra.run.smithi098.stdout:/usr/bin/ceph: stderr
2024-03-12T05:46:23.386+0000 7f0f19ffb700 1 -- 172.21.15.98:0/848715370 <== mon.0 v2:172.21.15.98:3300/0 3 ==== mon_map magic: 0 v1 ==== 229+0+0 (secure 0 0 0) 0x7f0f20024e40 con 0x7f0f24102770
2024-03-12T05:46:24.207 INFO:teuthology.orchestra.run.smithi098.stdout:/usr/bin/ceph: stderr
2024-03-12T05:46:23.386+0000 7f0f2b2af700 1 -- 172.21.15.98:0/848715370 --> [v2:172.21.15.98:3300/0,v1:172.21.15.98:6789/0] -- mon_subscribe({osdmap=0}) v3 -- 0x7f0f24112990 con 0x7f0f24102770
2024-03-12T05:46:24.207 INFO:teuthology.orchestra.run.smithi098.stdout:/usr/bin/ceph: stderr
2024-03-12T05:46:23.387+0000 7f0f19ffb700 1 -- 172.21.15.98:0/848715370 <== mon.0 v2:172.21.15.98:3300/0 4 ==== mgrmap(e 8) v1 ==== 43368+0+0 (secure 0 0 0) 0x7f0f2001a4e0 con 0x7f0f24102770
2024-03-12T05:46:24.207 INFO:teuthology.orchestra.run.smithi098.stdout:/usr/bin/ceph: stderr
2024-03-12T05:46:23.387+0000 7f0f19ffb700 1 --2- 172.21.15.98:0/848715370 >> [v2:172.21.15.98:6800/3617973619,v1:172.21.15.98:6801/3617973619] conn(0x7f0f10036790 0x7f0f10038c40 unknown :-1 s=NONE pgs=0 cs=0 l=1 rev1=0 crypto rx=0 tx=0 comp rx=0 tx=0).connect
2024-03-12T05:46:24.207 INFO:teuthology.orchestra.run.smithi098.stdout:/usr/bin/ceph: stderr
2024-03-12T05:46:23.387+0000 7f0f2b2af700 1 -- 172.21.15.98:0/848715370 --> [v2:172.21.15.98:3300/0,v1:172.21.15.98:6789/0] -- mon_command({"prefix": "get_command_descriptions"} v 0) v1 -- 0x7f0f2405f5c0 con 0x7f0f24102770
2024-03-12T05:46:24.207 INFO:teuthology.orchestra.run.smithi098.stdout:/usr/bin/ceph: stderr
2024-03-12T05:46:23.387+0000 7f0f19ffb700 1 -- 172.21.15.98:0/848715370 <== mon.0 v2:172.21.15.98:3300/0 5 ==== osd_map(2..2 src has 1..2) v4 ==== 936+0+0 (secure 0 0 0) 0x7f0f2004a960 con 0x7f0f24102770
2024-03-12T05:46:24.208 INFO:teuthology.orchestra.run.smithi098.stdout:/usr/bin/ceph: stderr
2024-03-12T05:46:23.387+0000 7f0f2884a700 1 --2- 172.21.15.98:0/848715370 >> [v2:172.21.15.98:6800/3617973619,v1:172.21.15.98:6801/3617973619] conn(0x7f0f10036790 0x7f0f10038c40 unknown :-1 s=BANNER_CONNECTING pgs=0 cs=0 l=1 rev1=0 crypto rx=0 tx=0 comp rx=0 tx=0)._handle_peer_banner_payload supported=3 required=0
2024-03-12T05:46:24.208 INFO:teuthology.orchestra.run.smithi098.stdout:/usr/bin/ceph: stderr
2024-03-12T05:46:23.388+0000 7f0f2884a700 1 --2- 172.21.15.98:0/848715370 >> [v2:172.21.15.98:6800/3617973619,v1:172.21.15.98:6801/3617973619] conn(0x7f0f10036790 0x7f0f10038c40 secure :-1 s=READY pgs=19 cs=0 l=1 rev1=1 crypto rx=0x7f0f14009990 tx=0x7f0f14006e40 comp rx=0 tx=0).ready entity=mgr.14120 client_cookie=0 server_cookie=0 in_seq=0 out_seq=0
2024-03-12T05:46:24.208 INFO:teuthology.orchestra.run.smithi098.stdout:/usr/bin/ceph: stderr
2024-03-12T05:46:23.392+0000 7f0f19ffb700 1 -- 172.21.15.98:0/848715370 <== mon.0 v2:172.21.15.98:3300/0 6 ==== mon_command_ack([{"prefix": "get_command_descriptions"}]=0 v0) v1 ==== 72+0+175366 (secure 0 0 0) 0x7f0f20018350 con 0x7f0f24102770
2024-03-12T05:46:24.208 INFO:teuthology.orchestra.run.smithi098.stdout:/usr/bin/ceph: stderr
2024-03-12T05:46:23.575+0000 7f0f2b2af700 1 -- 172.21.15.98:0/848715370 --> [v2:172.21.15.98:3300/0,v1:172.21.15.98:6789/0] -- mon_command([{prefix=config set, name=mgr/cephadm/container_init}] v 0) v1 -- 0x7f0f2404bed0 con 0x7f0f24102770
2024-03-12T05:46:24.208 INFO:teuthology.orchestra.run.smithi098.stdout:/usr/bin/ceph: stderr
2024-03-12T05:46:23.579+0000 7f0f19ffb700 1 -- 172.21.15.98:0/848715370 <== mon.0 v2:172.21.15.98:3300/0 7 ==== mon_command_ack([{prefix=config set, name=mgr/cephadm/container_init}]=0 v7)=0 v7) v1 ==== 142+0+0 (secure 0 0 0) 0x7f0f20018350 con 0x7f0f24102770
2024-03-12T05:46:24.208 INFO:teuthology.orchestra.run.smithi098.stdout:/usr/bin/ceph: stderr
2024-03-12T05:46:23.581+0000 7f0f2b2af700 1 -- 172.21.15.98:0/848715370 >> [v2:172.21.15.98:6800/3617973619,v1:172.21.15.98:6801/3617973619] conn(0x7f0f10036790 msgr2=0x7f0f10038c40 secure :-1 s=STATE_CONNECTION_ESTABLISHED l=1).mark_down
2024-03-12T05:46:24.208 INFO:teuthology.orchestra.run.smithi098.stdout:/usr/bin/ceph: stderr
2024-03-12T05:46:23.581+0000 7f0f2b2af700 1 --2- 172.21.15.98:0/848715370 >> [v2:172.21.15.98:6800/3617973619,v1:172.21.15.98:6801/3617973619] conn(0x7f0f10036790 0x7f0f10038c40 secure :-1 s=READY pgs=19 cs=0 l=1 rev1=1 crypto rx=0x7f0f14009990 tx=0x7f0f14006e40 comp rx=0 tx=0).stop
2024-03-12T05:46:24.208 INFO:teuthology.orchestra.run.smithi098.stdout:/usr/bin/ceph: stderr
2024-03-12T05:46:23.581+0000 7f0f2b2af700 1 -- 172.21.15.98:0/848715370 >> [v2:172.21.15.98:3300/0,v1:172.21.15.98:6789/0] conn(0x7f0f24102770 msgr2=0x7f0f241115b0 secure :-1 s=STATE_CONNECTION_ESTABLISHED l=1).mark_down
2024-03-12T05:46:24.208 INFO:teuthology.orchestra.run.smithi098.stdout:/usr/bin/ceph: stderr
2024-03-12T05:46:23.581+0000 7f0f2b2af700 1 --2- 172.21.15.98:0/848715370 >> [v2:172.21.15.98:3300/0,v1:172.21.15.98:6789/0] conn(0x7f0f24102770 0x7f0f241115b0 secure :-1 s=READY pgs=62 cs=0 l=1 rev1=1 crypto rx=0x7f0f200090b0 tx=0x7f0f20009250 comp rx=0 tx=0).stop
2024-03-12T05:46:24.208 INFO:teuthology.orchestra.run.smithi098.stdout:/usr/bin/ceph: stderr
2024-03-12T05:46:23.581+0000 7f0f2b2af700 1 -- 172.21.15.98:0/848715370 shutdown_connections
2024-03-12T05:46:24.208 INFO:teuthology.orchestra.run.smithi098.stdout:/usr/bin/ceph: stderr
2024-03-12T05:46:23.581+0000 7f0f2b2af700 1 --2- 172.21.15.98:0/848715370 >> [v2:172.21.15.98:6800/3617973619,v1:172.21.15.98:6801/3617973619] conn(0x7f0f10036790 0x7f0f10038c40 unknown :-1 s=CLOSED pgs=19 cs=0 l=1 rev1=1 crypto rx=0 tx=0 comp rx=0 tx=0).stop
2024-03-12T05:46:24.208 INFO:teuthology.orchestra.run.smithi098.stdout:/usr/bin/ceph: stderr
2024-03-12T05:46:23.581+0000 7f0f2b2af700 1 --2- 172.21.15.98:0/848715370 >> [v2:172.21.15.98:3300/0,v1:172.21.15.98:6789/0] conn(0x7f0f24102770 0x7f0f241115b0 unknown :-1 s=CLOSED pgs=62 cs=0 l=1 rev1=1 crypto rx=0 tx=0 comp rx=0 tx=0).stop
2024-03-12T05:46:24.208 INFO:teuthology.orchestra.run.smithi098.stdout:/usr/bin/ceph: stderr
2024-03-12T05:46:23.581+0000 7f0f2b2af700 1 -- 172.21.15.98:0/848715370 >> 172.21.15.98:0/848715370 conn(0x7f0f240fded0 msgr2=0x7f0f240ff5a0 unknown :-1 s=STATE_NONE l=0).mark_down
2024-03-12T05:46:24.208 INFO:teuthology.orchestra.run.smithi098.stdout:/usr/bin/ceph: stderr
2024-03-12T05:46:23.581+0000 7f0f2b2af700 1 -- 172.21.15.98:0/848715370 shutdown_connections
2024-03-12T05:46:24.208 INFO:teuthology.orchestra.run.smithi098.stdout:/usr/bin/ceph: stderr
2024-03-12T05:46:23.581+0000 7f0f2b2af700 1 -- 172.21.15.98:0/848715370 wait complete.
2024-03-12T05:46:24.778 INFO:journalctl@ceph.mon.smithi098.smithi098.stdout:Mar 12 05:46:24 smithi098 ceph-mon[29186]: from='client.? 172.21.15.98:0/848715370' entity='client.admin'
2024-03-12T05:46:25.471 INFO:teuthology.orchestra.run.smithi098.stdout:/usr/bin/ceph: stderr
2024-03-12T05:46:24.588+0000 7f4f99cd1700 1 Processor -- start
2024-03-12T05:46:25.530 INFO:teuthology.orchestra.run.smithi098.stdout:/usr/bin/ceph: stderr
2024-03-12T05:46:24.588+0000 7f4f99cd1700 1 -- start start
2024-03-12T05:46:25.531 INFO:teuthology.orchestra.run.smithi098.stdout:/usr/bin/ceph: stderr
2024-03-12T05:46:24.588+0000 7f4f99cd1700 1 --2- >> [v2:172.21.15.98:3300/0,v1:172.21.15.98:6789/0] conn(0x7f4f94103e40 0x7f4f94104250 unknown :-1 s=NONE pgs=0 cs=0 l=0 rev1=0 crypto rx=0 tx=0 comp rx=0 tx=0).connect
2024-03-12T05:46:25.531 INFO:teuthology.orchestra.run.smithi098.stdout:/usr/bin/ceph: stderr
2024-03-12T05:46:24.588+0000 7f4f99cd1700 1 -- --> [v2:172.21.15.98:3300/0,v1:172.21.15.98:6789/0] -- mon_getmap magic: 0 v1 -- 0x7f4f94104790 con 0x7f4f94103e40
2024-03-12T05:46:25.531 INFO:teuthology.orchestra.run.smithi098.stdout:/usr/bin/ceph: stderr
2024-03-12T05:46:24.588+0000 7f4f937fe700 1 --2- >> [v2:172.21.15.98:3300/0,v1:172.21.15.98:6789/0] conn(0x7f4f94103e40 0x7f4f94104250 unknown :-1 s=BANNER_CONNECTING pgs=0 cs=0 l=0 rev1=0 crypto rx=0 tx=0 comp rx=0 tx=0)._handle_peer_banner_payload supported=3 required=0
2024-03-12T05:46:25.531 INFO:teuthology.orchestra.run.smithi098.stdout:/usr/bin/ceph: stderr
2024-03-12T05:46:24.588+0000 7f4f937fe700 1 --2- >> [v2:172.21.15.98:3300/0,v1:172.21.15.98:6789/0] conn(0x7f4f94103e40 0x7f4f94104250 unknown :-1 s=HELLO_CONNECTING pgs=0 cs=0 l=0 rev1=1 crypto rx=0 tx=0 comp rx=0 tx=0).handle_hello peer v2:172.21.15.98:3300/0 says I am v2:172.21.15.98:54286/0 (socket says 172.21.15.98:54286)
2024-03-12T05:46:25.531 INFO:teuthology.orchestra.run.smithi098.stdout:/usr/bin/ceph: stderr
2024-03-12T05:46:24.588+0000 7f4f937fe700 1 -- 172.21.15.98:0/4219205576 learned_addr learned my addr 172.21.15.98:0/4219205576 (peer_addr_for_me v2:172.21.15.98:0/0)
2024-03-12T05:46:25.531 INFO:teuthology.orchestra.run.smithi098.stdout:/usr/bin/ceph: stderr
2024-03-12T05:46:24.588+0000 7f4f937fe700 1 -- 172.21.15.98:0/4219205576 --> [v2:172.21.15.98:3300/0,v1:172.21.15.98:6789/0] -- mon_subscribe({config=0+,monmap=0+}) v3 -- 0x7f4f941048d0 con 0x7f4f94103e40
2024-03-12T05:46:25.531 INFO:teuthology.orchestra.run.smithi098.stdout:/usr/bin/ceph: stderr
2024-03-12T05:46:24.588+0000 7f4f937fe700 1 --2- 172.21.15.98:0/4219205576 >> [v2:172.21.15.98:3300/0,v1:172.21.15.98:6789/0] conn(0x7f4f94103e40 0x7f4f94104250 secure :-1 s=READY pgs=63 cs=0 l=1 rev1=1 crypto rx=0x7f4f840098e0 tx=0x7f4f84009250 comp rx=0 tx=0).ready entity=mon.0 client_cookie=17ec1d8f3d61542c server_cookie=0 in_seq=0 out_seq=0
2024-03-12T05:46:25.531 INFO:teuthology.orchestra.run.smithi098.stdout:/usr/bin/ceph: stderr
2024-03-12T05:46:24.589+0000 7f4f927fc700 1 -- 172.21.15.98:0/4219205576 <== mon.0 v2:172.21.15.98:3300/0 1 ==== mon_map magic: 0 v1 ==== 229+0+0 (secure 0 0 0) 0x7f4f8400b860 con 0x7f4f94103e40
2024-03-12T05:46:25.531 INFO:teuthology.orchestra.run.smithi098.stdout:/usr/bin/ceph: stderr
2024-03-12T05:46:24.589+0000 7f4f927fc700 1 -- 172.21.15.98:0/4219205576 <== mon.0 v2:172.21.15.98:3300/0 2 ==== config(27 keys) v1 ==== 1109+0+0 (secure 0 0 0) 0x7f4f8400be90 con 0x7f4f94103e40
2024-03-12T05:46:25.532 INFO:teuthology.orchestra.run.smithi098.stdout:/usr/bin/ceph: stderr
2024-03-12T05:46:24.589+0000 7f4f927fc700 1 -- 172.21.15.98:0/4219205576 <== mon.0 v2:172.21.15.98:3300/0 3 ==== mon_map magic: 0 v1 ==== 229+0+0 (secure 0 0 0) 0x7f4f840103c0 con 0x7f4f94103e40
2024-03-12T05:46:25.532 INFO:teuthology.orchestra.run.smithi098.stdout:/usr/bin/ceph: stderr
2024-03-12T05:46:24.589+0000 7f4f99cd1700 1 -- 172.21.15.98:0/4219205576 >> [v2:172.21.15.98:3300/0,v1:172.21.15.98:6789/0] conn(0x7f4f94103e40 msgr2=0x7f4f94104250 secure :-1 s=STATE_CONNECTION_ESTABLISHED l=1).mark_down
2024-03-12T05:46:25.532 INFO:teuthology.orchestra.run.smithi098.stdout:/usr/bin/ceph: stderr
2024-03-12T05:46:24.589+0000 7f4f99cd1700 1 --2- 172.21.15.98:0/4219205576 >> [v2:172.21.15.98:3300/0,v1:172.21.15.98:6789/0] conn(0x7f4f94103e40 0x7f4f94104250 secure :-1 s=READY pgs=63 cs=0 l=1 rev1=1 crypto rx=0x7f4f840098e0 tx=0x7f4f84009250 comp rx=0 tx=0).stop
2024-03-12T05:46:25.532 INFO:teuthology.orchestra.run.smithi098.stdout:/usr/bin/ceph: stderr
2024-03-12T05:46:24.589+0000 7f4f99cd1700 1 -- 172.21.15.98:0/4219205576 shutdown_connections
2024-03-12T05:46:25.532 INFO:teuthology.orchestra.run.smithi098.stdout:/usr/bin/ceph: stderr
2024-03-12T05:46:24.589+0000 7f4f99cd1700 1 --2- 172.21.15.98:0/4219205576 >> [v2:172.21.15.98:3300/0,v1:172.21.15.98:6789/0] conn(0x7f4f94103e40 0x7f4f94104250 unknown :-1 s=CLOSED pgs=63 cs=0 l=1 rev1=1 crypto rx=0 tx=0 comp rx=0 tx=0).stop
2024-03-12T05:46:25.532 INFO:teuthology.orchestra.run.smithi098.stdout:/usr/bin/ceph: stderr
2024-03-12T05:46:24.589+0000 7f4f99cd1700 1 -- 172.21.15.98:0/4219205576 >> 172.21.15.98:0/4219205576 conn(0x7f4f940fc580 msgr2=0x7f4f940fe990 unknown :-1 s=STATE_NONE l=0).mark_down
2024-03-12T05:46:25.532 INFO:teuthology.orchestra.run.smithi098.stdout:/usr/bin/ceph: stderr
2024-03-12T05:46:24.589+0000 7f4f99cd1700 1 -- 172.21.15.98:0/4219205576 shutdown_connections
2024-03-12T05:46:25.532 INFO:teuthology.orchestra.run.smithi098.stdout:/usr/bin/ceph: stderr
2024-03-12T05:46:24.589+0000 7f4f99cd1700 1 -- 172.21.15.98:0/4219205576 wait complete.
2024-03-12T05:46:25.533 INFO:teuthology.orchestra.run.smithi098.stdout:/usr/bin/ceph: stderr
2024-03-12T05:46:24.590+0000 7f4f99cd1700 1 Processor -- start
2024-03-12T05:46:25.533 INFO:teuthology.orchestra.run.smithi098.stdout:/usr/bin/ceph: stderr
2024-03-12T05:46:24.590+0000 7f4f99cd1700 1 -- start start
2024-03-12T05:46:25.533 INFO:teuthology.orchestra.run.smithi098.stdout:/usr/bin/ceph: stderr
2024-03-12T05:46:24.590+0000 7f4f99cd1700 1 --2- >> [v2:172.21.15.98:3300/0,v1:172.21.15.98:6789/0] conn(0x7f4f94103e40 0x7f4f94111860 unknown :-1 s=NONE pgs=0 cs=0 l=1 rev1=0 crypto rx=0 tx=0 comp rx=0 tx=0).connect
2024-03-12T05:46:25.533 INFO:teuthology.orchestra.run.smithi098.stdout:/usr/bin/ceph: stderr
2024-03-12T05:46:24.590+0000 7f4f99cd1700 1 -- --> [v2:172.21.15.98:3300/0,v1:172.21.15.98:6789/0] -- mon_getmap magic: 0 v1 -- 0x7f4f94111da0 con 0x7f4f94103e40
2024-03-12T05:46:25.533 INFO:teuthology.orchestra.run.smithi098.stdout:/usr/bin/ceph: stderr
2024-03-12T05:46:24.590+0000 7f4f937fe700 1 --2- >> [v2:172.21.15.98:3300/0,v1:172.21.15.98:6789/0] conn(0x7f4f94103e40 0x7f4f94111860 unknown :-1 s=BANNER_CONNECTING pgs=0 cs=0 l=1 rev1=0 crypto rx=0 tx=0 comp rx=0 tx=0)._handle_peer_banner_payload supported=3 required=0
2024-03-12T05:46:25.533 INFO:teuthology.orchestra.run.smithi098.stdout:/usr/bin/ceph: stderr
2024-03-12T05:46:24.590+0000 7f4f937fe700 1 --2- >> [v2:172.21.15.98:3300/0,v1:172.21.15.98:6789/0] conn(0x7f4f94103e40 0x7f4f94111860 unknown :-1 s=HELLO_CONNECTING pgs=0 cs=0 l=1 rev1=1 crypto rx=0 tx=0 comp rx=0 tx=0).handle_hello peer v2:172.21.15.98:3300/0 says I am v2:172.21.15.98:54294/0 (socket says 172.21.15.98:54294)
2024-03-12T05:46:25.533 INFO:teuthology.orchestra.run.smithi098.stdout:/usr/bin/ceph: stderr
2024-03-12T05:46:24.590+0000 7f4f937fe700 1 -- 172.21.15.98:0/2738609428 learned_addr learned my addr 172.21.15.98:0/2738609428 (peer_addr_for_me v2:172.21.15.98:0/0)
2024-03-12T05:46:25.533 INFO:teuthology.orchestra.run.smithi098.stdout:/usr/bin/ceph: stderr
2024-03-12T05:46:24.590+0000 7f4f937fe700 1 -- 172.21.15.98:0/2738609428 --> [v2:172.21.15.98:3300/0,v1:172.21.15.98:6789/0] -- mon_subscribe({config=0+,monmap=0+}) v3 -- 0x7f4f840094f0 con 0x7f4f94103e40
2024-03-12T05:46:25.533 INFO:teuthology.orchestra.run.smithi098.stdout:/usr/bin/ceph: stderr
2024-03-12T05:46:24.590+0000 7f4f937fe700 1 --2- 172.21.15.98:0/2738609428 >> [v2:172.21.15.98:3300/0,v1:172.21.15.98:6789/0] conn(0x7f4f94103e40 0x7f4f94111860 secure :-1 s=READY pgs=64 cs=0 l=1 rev1=1 crypto rx=0x7f4f84006b00 tx=0x7f4f84009250 comp rx=0 tx=0).ready entity=mon.0 client_cookie=0 server_cookie=0 in_seq=0 out_seq=0
2024-03-12T05:46:25.533 INFO:teuthology.orchestra.run.smithi098.stdout:/usr/bin/ceph: stderr
2024-03-12T05:46:24.591+0000 7f4f7bfff700 1 -- 172.21.15.98:0/2738609428 <== mon.0 v2:172.21.15.98:3300/0 1 ==== mon_map magic: 0 v1 ==== 229+0+0 (secure 0 0 0) 0x7f4f840109a0 con 0x7f4f94103e40
2024-03-12T05:46:25.534 INFO:teuthology.orchestra.run.smithi098.stdout:/usr/bin/ceph: stderr
2024-03-12T05:46:24.591+0000 7f4f7bfff700 1 -- 172.21.15.98:0/2738609428 <== mon.0 v2:172.21.15.98:3300/0 2 ==== config(27 keys) v1 ==== 1109+0+0 (secure 0 0 0) 0x7f4f8401a430 con 0x7f4f94103e40
2024-03-12T05:46:25.534 INFO:teuthology.orchestra.run.smithi098.stdout:/usr/bin/ceph: stderr
2024-03-12T05:46:24.591+0000 7f4f7bfff700 1 -- 172.21.15.98:0/2738609428 <== mon.0 v2:172.21.15.98:3300/0 3 ==== mon_map magic: 0 v1 ==== 229+0+0 (secure 0 0 0) 0x7f4f840245b0 con 0x7f4f94103e40
2024-03-12T05:46:25.534 INFO:teuthology.orchestra.run.smithi098.stdout:/usr/bin/ceph: stderr
2024-03-12T05:46:24.591+0000 7f4f99cd1700 1 -- 172.21.15.98:0/2738609428 --> [v2:172.21.15.98:3300/0,v1:172.21.15.98:6789/0] -- mon_subscribe({mgrmap=0+}) v3 -- 0x7f4f94111fa0 con 0x7f4f94103e40
2024-03-12T05:46:25.534 INFO:teuthology.orchestra.run.smithi098.stdout:/usr/bin/ceph: stderr
2024-03-12T05:46:24.591+0000 7f4f99cd1700 1 -- 172.21.15.98:0/2738609428 --> [v2:172.21.15.98:3300/0,v1:172.21.15.98:6789/0] -- mon_subscribe({osdmap=0}) v3 -- 0x7f4f94112370 con 0x7f4f94103e40
2024-03-12T05:46:25.534 INFO:teuthology.orchestra.run.smithi098.stdout:/usr/bin/ceph: stderr
2024-03-12T05:46:24.592+0000 7f4f7bfff700 1 -- 172.21.15.98:0/2738609428 <== mon.0 v2:172.21.15.98:3300/0 4 ==== mgrmap(e 8) v1 ==== 43368+0+0 (secure 0 0 0) 0x7f4f8401aaa0 con 0x7f4f94103e40
2024-03-12T05:46:25.534 INFO:teuthology.orchestra.run.smithi098.stdout:/usr/bin/ceph: stderr
2024-03-12T05:46:24.592+0000 7f4f7bfff700 1 --2- 172.21.15.98:0/2738609428 >> [v2:172.21.15.98:6800/3617973619,v1:172.21.15.98:6801/3617973619] conn(0x7f4f7c036790 0x7f4f7c038c40 unknown :-1 s=NONE pgs=0 cs=0 l=1 rev1=0 crypto rx=0 tx=0 comp rx=0 tx=0).connect
2024-03-12T05:46:25.534 INFO:teuthology.orchestra.run.smithi098.stdout:/usr/bin/ceph: stderr
2024-03-12T05:46:24.592+0000 7f4f7bfff700 1 -- 172.21.15.98:0/2738609428 <== mon.0 v2:172.21.15.98:3300/0 5 ==== osd_map(2..2 src has 1..2) v4 ==== 936+0+0 (secure 0 0 0) 0x7f4f8404a770 con 0x7f4f94103e40
2024-03-12T05:46:25.534 INFO:teuthology.orchestra.run.smithi098.stdout:/usr/bin/ceph: stderr
2024-03-12T05:46:24.592+0000 7f4f99cd1700 1 -- 172.21.15.98:0/2738609428 --> [v2:172.21.15.98:3300/0,v1:172.21.15.98:6789/0] -- mon_command({"prefix": "get_command_descriptions"} v 0) v1 -- 0x7f4f9404bed0 con 0x7f4f94103e40
2024-03-12T05:46:25.534 INFO:teuthology.orchestra.run.smithi098.stdout:/usr/bin/ceph: stderr
2024-03-12T05:46:24.592+0000 7f4f92ffd700 1 --2- 172.21.15.98:0/2738609428 >> [v2:172.21.15.98:6800/3617973619,v1:172.21.15.98:6801/3617973619] conn(0x7f4f7c036790 0x7f4f7c038c40 unknown :-1 s=BANNER_CONNECTING pgs=0 cs=0 l=1 rev1=0 crypto rx=0 tx=0 comp rx=0 tx=0)._handle_peer_banner_payload supported=3 required=0
2024-03-12T05:46:25.534 INFO:teuthology.orchestra.run.smithi098.stdout:/usr/bin/ceph: stderr
2024-03-12T05:46:24.592+0000 7f4f92ffd700 1 --2- 172.21.15.98:0/2738609428 >> [v2:172.21.15.98:6800/3617973619,v1:172.21.15.98:6801/3617973619] conn(0x7f4f7c036790 0x7f4f7c038c40 secure :-1 s=READY pgs=20 cs=0 l=1 rev1=1 crypto rx=0x7f4f88009990 tx=0x7f4f88006e40 comp rx=0 tx=0).ready entity=mgr.14120 client_cookie=0 server_cookie=0 in_seq=0 out_seq=0
2024-03-12T05:46:25.534 INFO:teuthology.orchestra.run.smithi098.stdout:/usr/bin/ceph: stderr
2024-03-12T05:46:24.597+0000 7f4f7bfff700 1 -- 172.21.15.98:0/2738609428 <== mon.0 v2:172.21.15.98:3300/0 6 ==== mon_command_ack([{"prefix": "get_command_descriptions"}]=0 v0) v1 ==== 72+0+175366 (secure 0 0 0) 0x7f4f8402c340 con 0x7f4f94103e40
2024-03-12T05:46:25.535 INFO:teuthology.orchestra.run.smithi098.stdout:/usr/bin/ceph: stderr
2024-03-12T05:46:24.777+0000 7f4f99cd1700 1 -- 172.21.15.98:0/2738609428 --> [v2:172.21.15.98:3300/0,v1:172.21.15.98:6789/0] -- mon_command([{prefix=config set, name=mgr/dashboard/ssl_server_port}] v 0) v1 -- 0x7f4f94064ad0 con 0x7f4f94103e40
2024-03-12T05:46:25.535 INFO:teuthology.orchestra.run.smithi098.stdout:/usr/bin/ceph: stderr
2024-03-12T05:46:24.781+0000 7f4f7bfff700 1 -- 172.21.15.98:0/2738609428 <== mon.0 v2:172.21.15.98:3300/0 7 ==== mon_command_ack([{prefix=config set, name=mgr/dashboard/ssl_server_port}]=0 v8)=0 v8) v1 ==== 130+0+0 (secure 0 0 0) 0x7f4f84018b00 con 0x7f4f94103e40
2024-03-12T05:46:25.535 INFO:teuthology.orchestra.run.smithi098.stdout:/usr/bin/ceph: stderr
2024-03-12T05:46:24.783+0000 7f4f99cd1700 1 -- 172.21.15.98:0/2738609428 >> [v2:172.21.15.98:6800/3617973619,v1:172.21.15.98:6801/3617973619] conn(0x7f4f7c036790 msgr2=0x7f4f7c038c40 secure :-1 s=STATE_CONNECTION_ESTABLISHED l=1).mark_down
2024-03-12T05:46:25.535 INFO:teuthology.orchestra.run.smithi098.stdout:/usr/bin/ceph: stderr
2024-03-12T05:46:24.783+0000 7f4f99cd1700 1 --2- 172.21.15.98:0/2738609428 >> [v2:172.21.15.98:6800/3617973619,v1:172.21.15.98:6801/3617973619] conn(0x7f4f7c036790 0x7f4f7c038c40 secure :-1 s=READY pgs=20 cs=0 l=1 rev1=1 crypto rx=0x7f4f88009990 tx=0x7f4f88006e40 comp rx=0 tx=0).stop
2024-03-12T05:46:25.535 INFO:teuthology.orchestra.run.smithi098.stdout:/usr/bin/ceph: stderr
2024-03-12T05:46:24.783+0000 7f4f99cd1700 1 -- 172.21.15.98:0/2738609428 >> [v2:172.21.15.98:3300/0,v1:172.21.15.98:6789/0] conn(0x7f4f94103e40 msgr2=0x7f4f94111860 secure :-1 s=STATE_CONNECTION_ESTABLISHED l=1).mark_down
2024-03-12T05:46:25.535 INFO:teuthology.orchestra.run.smithi098.stdout:/usr/bin/ceph: stderr
2024-03-12T05:46:24.783+0000 7f4f99cd1700 1 --2- 172.21.15.98:0/2738609428 >> [v2:172.21.15.98:3300/0,v1:172.21.15.98:6789/0] conn(0x7f4f94103e40 0x7f4f94111860 secure :-1 s=READY pgs=64 cs=0 l=1 rev1=1 crypto rx=0x7f4f84006b00 tx=0x7f4f84009250 comp rx=0 tx=0).stop
2024-03-12T05:46:25.535 INFO:teuthology.orchestra.run.smithi098.stdout:/usr/bin/ceph: stderr
2024-03-12T05:46:24.783+0000 7f4f99cd1700 1 -- 172.21.15.98:0/2738609428 shutdown_connections
2024-03-12T05:46:25.535 INFO:teuthology.orchestra.run.smithi098.stdout:/usr/bin/ceph: stderr
2024-03-12T05:46:24.783+0000 7f4f99cd1700 1 --2- 172.21.15.98:0/2738609428 >> [v2:172.21.15.98:6800/3617973619,v1:172.21.15.98:6801/3617973619] conn(0x7f4f7c036790 0x7f4f7c038c40 unknown :-1 s=CLOSED pgs=20 cs=0 l=1 rev1=1 crypto rx=0 tx=0 comp rx=0 tx=0).stop
2024-03-12T05:46:25.535 INFO:teuthology.orchestra.run.smithi098.stdout:/usr/bin/ceph: stderr
2024-03-12T05:46:24.783+0000 7f4f99cd1700 1 --2- 172.21.15.98:0/2738609428 >> [v2:172.21.15.98:3300/0,v1:172.21.15.98:6789/0] conn(0x7f4f94103e40 0x7f4f94111860 unknown :-1 s=CLOSED pgs=64 cs=0 l=1 rev1=1 crypto rx=0 tx=0 comp rx=0 tx=0).stop
2024-03-12T05:46:25.535 INFO:teuthology.orchestra.run.smithi098.stdout:/usr/bin/ceph: stderr
2024-03-12T05:46:24.783+0000 7f4f99cd1700 1 -- 172.21.15.98:0/2738609428 >> 172.21.15.98:0/2738609428 conn(0x7f4f940fc580 msgr2=0x7f4f940fd400 unknown :-1 s=STATE_NONE l=0).mark_down
2024-03-12T05:46:25.535 INFO:teuthology.orchestra.run.smithi098.stdout:/usr/bin/ceph: stderr
2024-03-12T05:46:24.783+0000 7f4f99cd1700 1 -- 172.21.15.98:0/2738609428 shutdown_connections
2024-03-12T05:46:25.535 INFO:teuthology.orchestra.run.smithi098.stdout:/usr/bin/ceph: stderr
2024-03-12T05:46:24.783+0000 7f4f99cd1700 1 -- 172.21.15.98:0/2738609428 wait complete.
2024-03-12T05:46:25.535 INFO:teuthology.orchestra.run.smithi098.stdout:Enabling the dashboard module...
2024-03-12T05:46:25.871 INFO:journalctl@ceph.mon.smithi098.smithi098.stdout:Mar 12 05:46:25 smithi098 ceph-mon[29186]: pgmap v4: 0 pgs: ; 0 B data, 0 B used, 0 B / 0 B avail
2024-03-12T05:46:25.871 INFO:journalctl@ceph.mon.smithi098.smithi098.stdout:Mar 12 05:46:25 smithi098 ceph-mon[29186]: from='client.? 172.21.15.98:0/2738609428' entity='client.admin'
2024-03-12T05:46:26.871 INFO:journalctl@ceph.mon.smithi098.smithi098.stdout:Mar 12 05:46:26 smithi098 ceph-mon[29186]: from='client.? 172.21.15.98:0/592680391' entity='client.admin' cmd=[{"prefix": "mgr module enable", "module": "dashboard"}]: dispatch
2024-03-12T05:46:27.194 INFO:teuthology.orchestra.run.smithi098.stdout:/usr/bin/ceph: stderr
2024-03-12T05:46:25.877+0000 7f6d404d2700 1 Processor -- start
2024-03-12T05:46:27.194 INFO:teuthology.orchestra.run.smithi098.stdout:/usr/bin/ceph: stderr
2024-03-12T05:46:25.877+0000 7f6d404d2700 1 -- start start
2024-03-12T05:46:27.194 INFO:teuthology.orchestra.run.smithi098.stdout:/usr/bin/ceph: stderr
2024-03-12T05:46:25.877+0000 7f6d404d2700 1 --2- >> [v2:172.21.15.98:3300/0,v1:172.21.15.98:6789/0] conn(0x7f6d38102770 0x7f6d38102b80 unknown :-1 s=NONE pgs=0 cs=0 l=0 rev1=0 crypto rx=0 tx=0 comp rx=0 tx=0).connect
2024-03-12T05:46:27.194 INFO:teuthology.orchestra.run.smithi098.stdout:/usr/bin/ceph: stderr
2024-03-12T05:46:25.877+0000 7f6d404d2700 1 -- --> [v2:172.21.15.98:3300/0,v1:172.21.15.98:6789/0] -- mon_getmap magic: 0 v1 -- 0x7f6d381030c0 con 0x7f6d38102770
2024-03-12T05:46:27.194 INFO:teuthology.orchestra.run.smithi098.stdout:/usr/bin/ceph: stderr
2024-03-12T05:46:25.878+0000 7f6d3e26e700 1 --2- >> [v2:172.21.15.98:3300/0,v1:172.21.15.98:6789/0] conn(0x7f6d38102770 0x7f6d38102b80 unknown :-1 s=BANNER_CONNECTING pgs=0 cs=0 l=0 rev1=0 crypto rx=0 tx=0 comp rx=0 tx=0)._handle_peer_banner_payload supported=3 required=0
2024-03-12T05:46:27.194 INFO:teuthology.orchestra.run.smithi098.stdout:/usr/bin/ceph: stderr
2024-03-12T05:46:25.878+0000 7f6d3e26e700 1 --2- >> [v2:172.21.15.98:3300/0,v1:172.21.15.98:6789/0] conn(0x7f6d38102770 0x7f6d38102b80 unknown :-1 s=HELLO_CONNECTING pgs=0 cs=0 l=0 rev1=1 crypto rx=0 tx=0 comp rx=0 tx=0).handle_hello peer v2:172.21.15.98:3300/0 says I am v2:172.21.15.98:54308/0 (socket says 172.21.15.98:54308)
2024-03-12T05:46:27.194 INFO:teuthology.orchestra.run.smithi098.stdout:/usr/bin/ceph: stderr
2024-03-12T05:46:25.878+0000 7f6d3e26e700 1 -- 172.21.15.98:0/921443877 learned_addr learned my addr 172.21.15.98:0/921443877 (peer_addr_for_me v2:172.21.15.98:0/0)
2024-03-12T05:46:27.194 INFO:teuthology.orchestra.run.smithi098.stdout:/usr/bin/ceph: stderr
2024-03-12T05:46:25.878+0000 7f6d3e26e700 1 -- 172.21.15.98:0/921443877 --> [v2:172.21.15.98:3300/0,v1:172.21.15.98:6789/0] -- mon_subscribe({config=0+,monmap=0+}) v3 -- 0x7f6d38103200 con 0x7f6d38102770
2024-03-12T05:46:27.195 INFO:teuthology.orchestra.run.smithi098.stdout:/usr/bin/ceph: stderr
2024-03-12T05:46:25.878+0000 7f6d3e26e700 1 --2- 172.21.15.98:0/921443877 >> [v2:172.21.15.98:3300/0,v1:172.21.15.98:6789/0] conn(0x7f6d38102770 0x7f6d38102b80 secure :-1 s=READY pgs=65 cs=0 l=1 rev1=1 crypto rx=0x7f6d340098e0 tx=0x7f6d34009250 comp rx=0 tx=0).ready entity=mon.0 client_cookie=2a6c756fc372af8b server_cookie=0 in_seq=0 out_seq=0
2024-03-12T05:46:27.195 INFO:teuthology.orchestra.run.smithi098.stdout:/usr/bin/ceph: stderr
2024-03-12T05:46:25.878+0000 7f6d3d26c700 1 -- 172.21.15.98:0/921443877 <== mon.0 v2:172.21.15.98:3300/0 1 ==== mon_map magic: 0 v1 ==== 229+0+0 (secure 0 0 0) 0x7f6d3400b860 con 0x7f6d38102770
2024-03-12T05:46:27.195 INFO:teuthology.orchestra.run.smithi098.stdout:/usr/bin/ceph: stderr
2024-03-12T05:46:25.878+0000 7f6d3d26c700 1 -- 172.21.15.98:0/921443877 <== mon.0 v2:172.21.15.98:3300/0 2 ==== config(27 keys) v1 ==== 1109+0+0 (secure 0 0 0) 0x7f6d3400be90 con 0x7f6d38102770
2024-03-12T05:46:27.195 INFO:teuthology.orchestra.run.smithi098.stdout:/usr/bin/ceph: stderr
2024-03-12T05:46:25.878+0000 7f6d3d26c700 1 -- 172.21.15.98:0/921443877 <== mon.0 v2:172.21.15.98:3300/0 3 ==== mon_map magic: 0 v1 ==== 229+0+0 (secure 0 0 0) 0x7f6d340103c0 con 0x7f6d38102770
2024-03-12T05:46:27.195 INFO:teuthology.orchestra.run.smithi098.stdout:/usr/bin/ceph: stderr
2024-03-12T05:46:25.879+0000 7f6d404d2700 1 -- 172.21.15.98:0/921443877 >> [v2:172.21.15.98:3300/0,v1:172.21.15.98:6789/0] conn(0x7f6d38102770 msgr2=0x7f6d38102b80 secure :-1 s=STATE_CONNECTION_ESTABLISHED l=1).mark_down
2024-03-12T05:46:27.195 INFO:teuthology.orchestra.run.smithi098.stdout:/usr/bin/ceph: stderr
2024-03-12T05:46:25.879+0000 7f6d404d2700 1 --2- 172.21.15.98:0/921443877 >> [v2:172.21.15.98:3300/0,v1:172.21.15.98:6789/0] conn(0x7f6d38102770 0x7f6d38102b80 secure :-1 s=READY pgs=65 cs=0 l=1 rev1=1 crypto rx=0x7f6d340098e0 tx=0x7f6d34009250 comp rx=0 tx=0).stop
2024-03-12T05:46:27.195 INFO:teuthology.orchestra.run.smithi098.stdout:/usr/bin/ceph: stderr
2024-03-12T05:46:25.879+0000 7f6d404d2700 1 -- 172.21.15.98:0/921443877 shutdown_connections
2024-03-12T05:46:27.195 INFO:teuthology.orchestra.run.smithi098.stdout:/usr/bin/ceph: stderr
2024-03-12T05:46:25.879+0000 7f6d404d2700 1 --2- 172.21.15.98:0/921443877 >> [v2:172.21.15.98:3300/0,v1:172.21.15.98:6789/0] conn(0x7f6d38102770 0x7f6d38102b80 unknown :-1 s=CLOSED pgs=65 cs=0 l=1 rev1=1 crypto rx=0 tx=0 comp rx=0 tx=0).stop
2024-03-12T05:46:27.195 INFO:teuthology.orchestra.run.smithi098.stdout:/usr/bin/ceph: stderr
2024-03-12T05:46:25.879+0000 7f6d404d2700 1 -- 172.21.15.98:0/921443877 >> 172.21.15.98:0/921443877 conn(0x7f6d380fded0 msgr2=0x7f6d38100300 unknown :-1 s=STATE_NONE l=0).mark_down
2024-03-12T05:46:27.195 INFO:teuthology.orchestra.run.smithi098.stdout:/usr/bin/ceph: stderr
2024-03-12T05:46:25.879+0000 7f6d404d2700 1 -- 172.21.15.98:0/921443877 shutdown_connections
2024-03-12T05:46:27.195 INFO:teuthology.orchestra.run.smithi098.stdout:/usr/bin/ceph: stderr
2024-03-12T05:46:25.879+0000 7f6d404d2700 1 -- 172.21.15.98:0/921443877 wait complete.
2024-03-12T05:46:27.195 INFO:teuthology.orchestra.run.smithi098.stdout:/usr/bin/ceph: stderr
2024-03-12T05:46:25.879+0000 7f6d404d2700 1 Processor -- start
2024-03-12T05:46:27.195 INFO:teuthology.orchestra.run.smithi098.stdout:/usr/bin/ceph: stderr
2024-03-12T05:46:25.880+0000 7f6d404d2700 1 -- start start
2024-03-12T05:46:27.195 INFO:teuthology.orchestra.run.smithi098.stdout:/usr/bin/ceph: stderr
2024-03-12T05:46:25.880+0000 7f6d404d2700 1 --2- >> [v2:172.21.15.98:3300/0,v1:172.21.15.98:6789/0] conn(0x7f6d38102770 0x7f6d38111880 unknown :-1 s=NONE pgs=0 cs=0 l=1 rev1=0 crypto rx=0 tx=0 comp rx=0 tx=0).connect
2024-03-12T05:46:27.195 INFO:teuthology.orchestra.run.smithi098.stdout:/usr/bin/ceph: stderr
2024-03-12T05:46:25.880+0000 7f6d404d2700 1 -- --> [v2:172.21.15.98:3300/0,v1:172.21.15.98:6789/0] -- mon_getmap magic: 0 v1 -- 0x7f6d38111dc0 con 0x7f6d38102770
2024-03-12T05:46:27.196 INFO:teuthology.orchestra.run.smithi098.stdout:/usr/bin/ceph: stderr
2024-03-12T05:46:25.880+0000 7f6d3e26e700 1 --2- >> [v2:172.21.15.98:3300/0,v1:172.21.15.98:6789/0] conn(0x7f6d38102770 0x7f6d38111880 unknown :-1 s=BANNER_CONNECTING pgs=0 cs=0 l=1 rev1=0 crypto rx=0 tx=0 comp rx=0 tx=0)._handle_peer_banner_payload supported=3 required=0
2024-03-12T05:46:27.196 INFO:teuthology.orchestra.run.smithi098.stdout:/usr/bin/ceph: stderr
2024-03-12T05:46:25.880+0000 7f6d3e26e700 1 --2- >> [v2:172.21.15.98:3300/0,v1:172.21.15.98:6789/0] conn(0x7f6d38102770 0x7f6d38111880 unknown :-1 s=HELLO_CONNECTING pgs=0 cs=0 l=1 rev1=1 crypto rx=0 tx=0 comp rx=0 tx=0).handle_hello peer v2:172.21.15.98:3300/0 says I am v2:172.21.15.98:54320/0 (socket says 172.21.15.98:54320)
2024-03-12T05:46:27.196 INFO:teuthology.orchestra.run.smithi098.stdout:/usr/bin/ceph: stderr
2024-03-12T05:46:25.880+0000 7f6d3e26e700 1 -- 172.21.15.98:0/592680391 learned_addr learned my addr 172.21.15.98:0/592680391 (peer_addr_for_me v2:172.21.15.98:0/0)
2024-03-12T05:46:27.196 INFO:teuthology.orchestra.run.smithi098.stdout:/usr/bin/ceph: stderr
2024-03-12T05:46:25.880+0000 7f6d3e26e700 1 -- 172.21.15.98:0/592680391 --> [v2:172.21.15.98:3300/0,v1:172.21.15.98:6789/0] -- mon_subscribe({config=0+,monmap=0+}) v3 -- 0x7f6d340094f0 con 0x7f6d38102770
2024-03-12T05:46:27.196 INFO:teuthology.orchestra.run.smithi098.stdout:/usr/bin/ceph: stderr
2024-03-12T05:46:25.880+0000 7f6d3e26e700 1 --2- 172.21.15.98:0/592680391 >> [v2:172.21.15.98:3300/0,v1:172.21.15.98:6789/0] conn(0x7f6d38102770 0x7f6d38111880 secure :-1 s=READY pgs=66 cs=0 l=1 rev1=1 crypto rx=0x7f6d34011650 tx=0x7f6d34009250 comp rx=0 tx=0).ready entity=mon.0 client_cookie=0 server_cookie=0 in_seq=0 out_seq=0
2024-03-12T05:46:27.196 INFO:teuthology.orchestra.run.smithi098.stdout:/usr/bin/ceph: stderr
2024-03-12T05:46:25.880+0000 7f6d2effd700 1 -- 172.21.15.98:0/592680391 <== mon.0 v2:172.21.15.98:3300/0 1 ==== mon_map magic: 0 v1 ==== 229+0+0 (secure 0 0 0) 0x7f6d34010890 con 0x7f6d38102770
2024-03-12T05:46:27.196 INFO:teuthology.orchestra.run.smithi098.stdout:/usr/bin/ceph: stderr
2024-03-12T05:46:25.880+0000 7f6d2effd700 1 -- 172.21.15.98:0/592680391 <== mon.0 v2:172.21.15.98:3300/0 2 ==== config(27 keys) v1 ==== 1109+0+0 (secure 0 0 0) 0x7f6d34010ec0 con 0x7f6d38102770
2024-03-12T05:46:27.196 INFO:teuthology.orchestra.run.smithi098.stdout:/usr/bin/ceph: stderr
2024-03-12T05:46:25.880+0000 7f6d404d2700 1 -- 172.21.15.98:0/592680391 --> [v2:172.21.15.98:3300/0,v1:172.21.15.98:6789/0] -- mon_subscribe({mgrmap=0+}) v3 -- 0x7f6d38111fc0 con 0x7f6d38102770
2024-03-12T05:46:27.196 INFO:teuthology.orchestra.run.smithi098.stdout:/usr/bin/ceph: stderr
2024-03-12T05:46:25.880+0000 7f6d2effd700 1 -- 172.21.15.98:0/592680391 <== mon.0 v2:172.21.15.98:3300/0 3 ==== mon_map magic: 0 v1 ==== 229+0+0 (secure 0 0 0) 0x7f6d3401a430 con 0x7f6d38102770
2024-03-12T05:46:27.196 INFO:teuthology.orchestra.run.smithi098.stdout:/usr/bin/ceph: stderr
2024-03-12T05:46:25.880+0000 7f6d404d2700 1 -- 172.21.15.98:0/592680391 --> [v2:172.21.15.98:3300/0,v1:172.21.15.98:6789/0] -- mon_subscribe({osdmap=0}) v3 -- 0x7f6d38112c60 con 0x7f6d38102770
2024-03-12T05:46:27.196 INFO:teuthology.orchestra.run.smithi098.stdout:/usr/bin/ceph: stderr
2024-03-12T05:46:25.881+0000 7f6d2effd700 1 -- 172.21.15.98:0/592680391 <== mon.0 v2:172.21.15.98:3300/0 4 ==== mgrmap(e 8) v1 ==== 43368+0+0 (secure 0 0 0) 0x7f6d3401a6b0 con 0x7f6d38102770
2024-03-12T05:46:27.196 INFO:teuthology.orchestra.run.smithi098.stdout:/usr/bin/ceph: stderr
2024-03-12T05:46:25.881+0000 7f6d404d2700 1 -- 172.21.15.98:0/592680391 --> [v2:172.21.15.98:3300/0,v1:172.21.15.98:6789/0] -- mon_command({"prefix": "get_command_descriptions"} v 0) v1 -- 0x7f6d3805f5c0 con 0x7f6d38102770
2024-03-12T05:46:27.196 INFO:teuthology.orchestra.run.smithi098.stdout:/usr/bin/ceph: stderr
2024-03-12T05:46:25.881+0000 7f6d2effd700 1 --2- 172.21.15.98:0/592680391 >> [v2:172.21.15.98:6800/3617973619,v1:172.21.15.98:6801/3617973619] conn(0x7f6d24036790 0x7f6d24038c40 unknown :-1 s=NONE pgs=0 cs=0 l=1 rev1=0 crypto rx=0 tx=0 comp rx=0 tx=0).connect
2024-03-12T05:46:27.196 INFO:teuthology.orchestra.run.smithi098.stdout:/usr/bin/ceph: stderr
2024-03-12T05:46:25.881+0000 7f6d2effd700 1 -- 172.21.15.98:0/592680391 <== mon.0 v2:172.21.15.98:3300/0 5 ==== osd_map(2..2 src has 1..2) v4 ==== 936+0+0 (secure 0 0 0) 0x7f6d3404a720 con 0x7f6d38102770
2024-03-12T05:46:27.196 INFO:teuthology.orchestra.run.smithi098.stdout:/usr/bin/ceph: stderr
2024-03-12T05:46:25.881+0000 7f6d3da6d700 1 --2- 172.21.15.98:0/592680391 >> [v2:172.21.15.98:6800/3617973619,v1:172.21.15.98:6801/3617973619] conn(0x7f6d24036790 0x7f6d24038c40 unknown :-1 s=BANNER_CONNECTING pgs=0 cs=0 l=1 rev1=0 crypto rx=0 tx=0 comp rx=0 tx=0)._handle_peer_banner_payload supported=3 required=0
2024-03-12T05:46:27.196 INFO:teuthology.orchestra.run.smithi098.stdout:/usr/bin/ceph: stderr
2024-03-12T05:46:25.882+0000 7f6d3da6d700 1 --2- 172.21.15.98:0/592680391 >> [v2:172.21.15.98:6800/3617973619,v1:172.21.15.98:6801/3617973619] conn(0x7f6d24036790 0x7f6d24038c40 secure :-1 s=READY pgs=21 cs=0 l=1 rev1=1 crypto rx=0x7f6d28009990 tx=0x7f6d28006e40 comp rx=0 tx=0).ready entity=mgr.14120 client_cookie=0 server_cookie=0 in_seq=0 out_seq=0
2024-03-12T05:46:27.197 INFO:teuthology.orchestra.run.smithi098.stdout:/usr/bin/ceph: stderr
2024-03-12T05:46:25.886+0000 7f6d2effd700 1 -- 172.21.15.98:0/592680391 <== mon.0 v2:172.21.15.98:3300/0 6 ==== mon_command_ack([{"prefix": "get_command_descriptions"}]=0 v0) v1 ==== 72+0+175366 (secure 0 0 0) 0x7f6d34018db0 con 0x7f6d38102770
2024-03-12T05:46:27.197 INFO:teuthology.orchestra.run.smithi098.stdout:/usr/bin/ceph: stderr
2024-03-12T05:46:26.119+0000 7f6d404d2700 1 -- 172.21.15.98:0/592680391 --> [v2:172.21.15.98:3300/0,v1:172.21.15.98:6789/0] -- mon_command({"prefix": "mgr module enable", "module": "dashboard"} v 0) v1 -- 0x7f6d3804bed0 con 0x7f6d38102770
2024-03-12T05:46:27.197 INFO:teuthology.orchestra.run.smithi098.stdout:/usr/bin/ceph: stderr
2024-03-12T05:46:26.585+0000 7f6d2effd700 1 -- 172.21.15.98:0/592680391 <== mon.0 v2:172.21.15.98:3300/0 7 ==== mgrmap(e 9) v1 ==== 43381+0+0 (secure 0 0 0) 0x7f6d34016d40 con 0x7f6d38102770
2024-03-12T05:46:27.197 INFO:teuthology.orchestra.run.smithi098.stdout:/usr/bin/ceph: stderr
2024-03-12T05:46:26.587+0000 7f6d2effd700 1 -- 172.21.15.98:0/592680391 <== mon.0 v2:172.21.15.98:3300/0 8 ==== mon_command_ack([{"prefix": "mgr module enable", "module": "dashboard"}]=0 v9) v1 ==== 88+0+0 (secure 0 0 0) 0x7f6d34023570 con 0x7f6d38102770
2024-03-12T05:46:27.197 INFO:teuthology.orchestra.run.smithi098.stdout:/usr/bin/ceph: stderr
2024-03-12T05:46:26.589+0000 7f6d404d2700 1 -- 172.21.15.98:0/592680391 >> [v2:172.21.15.98:6800/3617973619,v1:172.21.15.98:6801/3617973619] conn(0x7f6d24036790 msgr2=0x7f6d24038c40 secure :-1 s=STATE_CONNECTION_ESTABLISHED l=1).mark_down
2024-03-12T05:46:27.197 INFO:teuthology.orchestra.run.smithi098.stdout:/usr/bin/ceph: stderr
2024-03-12T05:46:26.589+0000 7f6d404d2700 1 --2- 172.21.15.98:0/592680391 >> [v2:172.21.15.98:6800/3617973619,v1:172.21.15.98:6801/3617973619] conn(0x7f6d24036790 0x7f6d24038c40 secure :-1 s=READY pgs=21 cs=0 l=1 rev1=1 crypto rx=0x7f6d28009990 tx=0x7f6d28006e40 comp rx=0 tx=0).stop
2024-03-12T05:46:27.197 INFO:teuthology.orchestra.run.smithi098.stdout:/usr/bin/ceph: stderr
2024-03-12T05:46:26.589+0000 7f6d404d2700 1 -- 172.21.15.98:0/592680391 >> [v2:172.21.15.98:3300/0,v1:172.21.15.98:6789/0] conn(0x7f6d38102770 msgr2=0x7f6d38111880 secure :-1 s=STATE_CONNECTION_ESTABLISHED l=1).mark_down
2024-03-12T05:46:27.197 INFO:teuthology.orchestra.run.smithi098.stdout:/usr/bin/ceph: stderr
2024-03-12T05:46:26.589+0000 7f6d404d2700 1 --2- 172.21.15.98:0/592680391 >> [v2:172.21.15.98:3300/0,v1:172.21.15.98:6789/0] conn(0x7f6d38102770 0x7f6d38111880 secure :-1 s=READY pgs=66 cs=0 l=1 rev1=1 crypto rx=0x7f6d34011650 tx=0x7f6d34009250 comp rx=0 tx=0).stop
2024-03-12T05:46:27.197 INFO:teuthology.orchestra.run.smithi098.stdout:/usr/bin/ceph: stderr
2024-03-12T05:46:26.589+0000 7f6d404d2700 1 -- 172.21.15.98:0/592680391 shutdown_connections
2024-03-12T05:46:27.197 INFO:teuthology.orchestra.run.smithi098.stdout:/usr/bin/ceph: stderr
2024-03-12T05:46:26.589+0000 7f6d404d2700 1 --2- 172.21.15.98:0/592680391 >> [v2:172.21.15.98:6800/3617973619,v1:172.21.15.98:6801/3617973619] conn(0x7f6d24036790 0x7f6d24038c40 unknown :-1 s=CLOSED pgs=21 cs=0 l=1 rev1=1 crypto rx=0 tx=0 comp rx=0 tx=0).stop
2024-03-12T05:46:27.197 INFO:teuthology.orchestra.run.smithi098.stdout:/usr/bin/ceph: stderr
2024-03-12T05:46:26.589+0000 7f6d404d2700 1 --2- 172.21.15.98:0/592680391 >> [v2:172.21.15.98:3300/0,v1:172.21.15.98:6789/0] conn(0x7f6d38102770 0x7f6d38111880 unknown :-1 s=CLOSED pgs=66 cs=0 l=1 rev1=1 crypto rx=0 tx=0 comp rx=0 tx=0).stop
2024-03-12T05:46:27.197 INFO:teuthology.orchestra.run.smithi098.stdout:/usr/bin/ceph: stderr
2024-03-12T05:46:26.589+0000 7f6d404d2700 1 -- 172.21.15.98:0/592680391 >> 172.21.15.98:0/592680391 conn(0x7f6d380fded0 msgr2=0x7f6d380fee80 unknown :-1 s=STATE_NONE l=0).mark_down
2024-03-12T05:46:27.197 INFO:teuthology.orchestra.run.smithi098.stdout:/usr/bin/ceph: stderr
2024-03-12T05:46:26.589+0000 7f6d404d2700 1 -- 172.21.15.98:0/592680391 shutdown_connections
2024-03-12T05:46:27.197 INFO:teuthology.orchestra.run.smithi098.stdout:/usr/bin/ceph: stderr
2024-03-12T05:46:26.589+0000 7f6d404d2700 1 -- 172.21.15.98:0/592680391 wait complete.
2024-03-12T05:46:27.858 INFO:journalctl@ceph.mon.smithi098.smithi098.stdout:Mar 12 05:46:27 smithi098 ceph-mon[29186]: from='client.? 172.21.15.98:0/592680391' entity='client.admin' cmd='[{"prefix": "mgr module enable", "module": "dashboard"}]': finished
2024-03-12T05:46:27.858 INFO:journalctl@ceph.mon.smithi098.smithi098.stdout:Mar 12 05:46:27 smithi098 ceph-mon[29186]: mgrmap e9: smithi098.tgvcws(active, since 24s)
2024-03-12T05:46:28.418 INFO:teuthology.orchestra.run.smithi098.stdout:/usr/bin/ceph: stdout {
2024-03-12T05:46:28.418 INFO:teuthology.orchestra.run.smithi098.stdout:/usr/bin/ceph: stdout "epoch": 9,
2024-03-12T05:46:28.418 INFO:teuthology.orchestra.run.smithi098.stdout:/usr/bin/ceph: stdout "available": true,
2024-03-12T05:46:28.418 INFO:teuthology.orchestra.run.smithi098.stdout:/usr/bin/ceph: stdout "active_name": "smithi098.tgvcws",
2024-03-12T05:46:28.419 INFO:teuthology.orchestra.run.smithi098.stdout:/usr/bin/ceph: stdout "num_standby": 0
2024-03-12T05:46:28.419 INFO:teuthology.orchestra.run.smithi098.stdout:/usr/bin/ceph: stdout }
2024-03-12T05:46:28.419 INFO:teuthology.orchestra.run.smithi098.stdout:/usr/bin/ceph: stderr
2024-03-12T05:46:27.667+0000 7face33c2700 1 Processor -- start
2024-03-12T05:46:28.419 INFO:teuthology.orchestra.run.smithi098.stdout:/usr/bin/ceph: stderr
2024-03-12T05:46:27.667+0000 7face33c2700 1 -- start start
2024-03-12T05:46:28.419 INFO:teuthology.orchestra.run.smithi098.stdout:/usr/bin/ceph: stderr
2024-03-12T05:46:27.668+0000 7face33c2700 1 --2- >> [v2:172.21.15.98:3300/0,v1:172.21.15.98:6789/0] conn(0x7facdc071480 0x7facdc105380 unknown :-1 s=NONE pgs=0 cs=0 l=0 rev1=0 crypto rx=0 tx=0 comp rx=0 tx=0).connect
2024-03-12T05:46:28.419 INFO:teuthology.orchestra.run.smithi098.stdout:/usr/bin/ceph: stderr
2024-03-12T05:46:27.668+0000 7face33c2700 1 -- --> [v2:172.21.15.98:3300/0,v1:172.21.15.98:6789/0] -- mon_getmap magic: 0 v1 -- 0x7facdc1058c0 con 0x7facdc071480
2024-03-12T05:46:28.419 INFO:teuthology.orchestra.run.smithi098.stdout:/usr/bin/ceph: stderr
2024-03-12T05:46:27.668+0000 7face115e700 1 --2- >> [v2:172.21.15.98:3300/0,v1:172.21.15.98:6789/0] conn(0x7facdc071480 0x7facdc105380 unknown :-1 s=BANNER_CONNECTING pgs=0 cs=0 l=0 rev1=0 crypto rx=0 tx=0 comp rx=0 tx=0)._handle_peer_banner_payload supported=3 required=0
2024-03-12T05:46:28.419 INFO:teuthology.orchestra.run.smithi098.stdout:/usr/bin/ceph: stderr
2024-03-12T05:46:27.668+0000 7face115e700 1 --2- >> [v2:172.21.15.98:3300/0,v1:172.21.15.98:6789/0] conn(0x7facdc071480 0x7facdc105380 unknown :-1 s=HELLO_CONNECTING pgs=0 cs=0 l=0 rev1=1 crypto rx=0 tx=0 comp rx=0 tx=0).handle_hello peer v2:172.21.15.98:3300/0 says I am v2:172.21.15.98:54350/0 (socket says 172.21.15.98:54350)
2024-03-12T05:46:28.419 INFO:teuthology.orchestra.run.smithi098.stdout:/usr/bin/ceph: stderr
2024-03-12T05:46:27.668+0000 7face115e700 1 -- 172.21.15.98:0/1620757924 learned_addr learned my addr 172.21.15.98:0/1620757924 (peer_addr_for_me v2:172.21.15.98:0/0)
