2024-03-12T05:45:55.276+0000 7f0dabfff700 1 -- 172.21.15.98:0/4016561533 <== mon.0 v2:172.21.15.98:3300/0 2 ==== config(27 keys) v1 ==== 1044+0+0 (secure 0 0 0) 0x7f0da4007cc0 con 0x7f0db4078cc0
2024-03-12T05:45:56.909 INFO:teuthology.orchestra.run.smithi098.stdout:/usr/bin/ceph: stderr
2024-03-12T05:45:55.276+0000 7f0dabfff700 1 -- 172.21.15.98:0/4016561533 <== mon.0 v2:172.21.15.98:3300/0 3 ==== mon_map magic: 0 v1 ==== 229+0+0 (secure 0 0 0) 0x7f0da401c850 con 0x7f0db4078cc0
2024-03-12T05:45:56.909 INFO:teuthology.orchestra.run.smithi098.stdout:/usr/bin/ceph: stderr
2024-03-12T05:45:55.276+0000 7f0db9406700 1 -- 172.21.15.98:0/4016561533 --> [v2:172.21.15.98:3300/0,v1:172.21.15.98:6789/0] -- mon_subscribe({osdmap=0}) v3 -- 0x7f0db4114c20 con 0x7f0db4078cc0
2024-03-12T05:45:56.909 INFO:teuthology.orchestra.run.smithi098.stdout:/usr/bin/ceph: stderr
2024-03-12T05:45:55.277+0000 7f0dabfff700 1 -- 172.21.15.98:0/4016561533 <== mon.0 v2:172.21.15.98:3300/0 4 ==== mgrmap(e 4) v1 ==== 43357+0+0 (secure 0 0 0) 0x7f0da4019070 con 0x7f0db4078cc0
2024-03-12T05:45:56.909 INFO:teuthology.orchestra.run.smithi098.stdout:/usr/bin/ceph: stderr
2024-03-12T05:45:55.277+0000 7f0db9406700 1 -- 172.21.15.98:0/4016561533 --> [v2:172.21.15.98:3300/0,v1:172.21.15.98:6789/0] -- mon_command({"prefix": "get_command_descriptions"} v 0) v1 -- 0x7f0db405f5c0 con 0x7f0db4078cc0
2024-03-12T05:45:56.909 INFO:teuthology.orchestra.run.smithi098.stdout:/usr/bin/ceph: stderr
2024-03-12T05:45:55.277+0000 7f0dabfff700 1 --2- 172.21.15.98:0/4016561533 >> [v2:172.21.15.98:6800/1718087439,v1:172.21.15.98:6801/1718087439] conn(0x7f0da0036790 0x7f0da0038c40 unknown :-1 s=NONE pgs=0 cs=0 l=1 rev1=0 crypto rx=0 tx=0 comp rx=0 tx=0).connect
2024-03-12T05:45:56.909 INFO:teuthology.orchestra.run.smithi098.stdout:/usr/bin/ceph: stderr
2024-03-12T05:45:55.277+0000 7f0dabfff700 1 -- 172.21.15.98:0/4016561533 <== mon.0 v2:172.21.15.98:3300/0 5 ==== osd_map(1..1 src has 1..1) v4 ==== 721+0+0 (secure 0 0 0) 0x7f0da4049e10 con 0x7f0db4078cc0
2024-03-12T05:45:56.909 INFO:teuthology.orchestra.run.smithi098.stdout:/usr/bin/ceph: stderr
2024-03-12T05:45:55.277+0000 7f0daa7fc700 1 --2- 172.21.15.98:0/4016561533 >> [v2:172.21.15.98:6800/1718087439,v1:172.21.15.98:6801/1718087439] conn(0x7f0da0036790 0x7f0da0038c40 unknown :-1 s=BANNER_CONNECTING pgs=0 cs=0 l=1 rev1=0 crypto rx=0 tx=0 comp rx=0 tx=0)._handle_peer_banner_payload supported=3 required=0
2024-03-12T05:45:56.910 INFO:teuthology.orchestra.run.smithi098.stdout:/usr/bin/ceph: stderr
2024-03-12T05:45:55.278+0000 7f0daa7fc700 1 --2- 172.21.15.98:0/4016561533 >> [v2:172.21.15.98:6800/1718087439,v1:172.21.15.98:6801/1718087439] conn(0x7f0da0036790 0x7f0da0038c40 secure :-1 s=READY pgs=8 cs=0 l=1 rev1=1 crypto rx=0x7f0d9c009990 tx=0x7f0d9c006e40 comp rx=0 tx=0).ready entity=mgr.14100 client_cookie=0 server_cookie=0 in_seq=0 out_seq=0
2024-03-12T05:45:56.910 INFO:teuthology.orchestra.run.smithi098.stdout:/usr/bin/ceph: stderr
2024-03-12T05:45:55.282+0000 7f0dabfff700 1 -- 172.21.15.98:0/4016561533 <== mon.0 v2:172.21.15.98:3300/0 6 ==== mon_command_ack([{"prefix": "get_command_descriptions"}]=0 v0) v1 ==== 72+0+175366 (secure 0 0 0) 0x7f0da4019910 con 0x7f0db4078cc0
2024-03-12T05:45:56.910 INFO:teuthology.orchestra.run.smithi098.stdout:/usr/bin/ceph: stderr
2024-03-12T05:45:55.516+0000 7f0db9406700 1 -- 172.21.15.98:0/4016561533 --> [v2:172.21.15.98:3300/0,v1:172.21.15.98:6789/0] -- mon_command({"prefix": "mgr module enable", "module": "cephadm"} v 0) v1 -- 0x7f0db4114fc0 con 0x7f0db4078cc0
2024-03-12T05:45:56.910 INFO:teuthology.orchestra.run.smithi098.stdout:/usr/bin/ceph: stderr
2024-03-12T05:45:55.569+0000 7f0dabfff700 1 -- 172.21.15.98:0/4016561533 <== mon.0 v2:172.21.15.98:3300/0 7 ==== mgrmap(e 5) v1 ==== 43368+0+0 (secure 0 0 0) 0x7f0da40243b0 con 0x7f0db4078cc0
2024-03-12T05:45:56.910 INFO:teuthology.orchestra.run.smithi098.stdout:/usr/bin/ceph: stderr
2024-03-12T05:45:55.570+0000 7f0dabfff700 1 -- 172.21.15.98:0/4016561533 <== mon.0 v2:172.21.15.98:3300/0 8 ==== mon_command_ack([{"prefix": "mgr module enable", "module": "cephadm"}]=0 v5) v1 ==== 86+0+0 (secure 0 0 0) 0x7f0da401b920 con 0x7f0db4078cc0
2024-03-12T05:45:56.910 INFO:teuthology.orchestra.run.smithi098.stdout:/usr/bin/ceph: stderr
2024-03-12T05:45:55.572+0000 7f0db9406700 1 -- 172.21.15.98:0/4016561533 >> [v2:172.21.15.98:6800/1718087439,v1:172.21.15.98:6801/1718087439] conn(0x7f0da0036790 msgr2=0x7f0da0038c40 secure :-1 s=STATE_CONNECTION_ESTABLISHED l=1).mark_down
2024-03-12T05:45:56.910 INFO:teuthology.orchestra.run.smithi098.stdout:/usr/bin/ceph: stderr
2024-03-12T05:45:55.572+0000 7f0db9406700 1 --2- 172.21.15.98:0/4016561533 >> [v2:172.21.15.98:6800/1718087439,v1:172.21.15.98:6801/1718087439] conn(0x7f0da0036790 0x7f0da0038c40 secure :-1 s=READY pgs=8 cs=0 l=1 rev1=1 crypto rx=0x7f0d9c009990 tx=0x7f0d9c006e40 comp rx=0 tx=0).stop
2024-03-12T05:45:56.910 INFO:teuthology.orchestra.run.smithi098.stdout:/usr/bin/ceph: stderr
2024-03-12T05:45:55.572+0000 7f0db9406700 1 -- 172.21.15.98:0/4016561533 >> [v2:172.21.15.98:3300/0,v1:172.21.15.98:6789/0] conn(0x7f0db4078cc0 msgr2=0x7f0db4113840 secure :-1 s=STATE_CONNECTION_ESTABLISHED l=1).mark_down
2024-03-12T05:45:56.910 INFO:teuthology.orchestra.run.smithi098.stdout:/usr/bin/ceph: stderr
2024-03-12T05:45:55.572+0000 7f0db9406700 1 --2- 172.21.15.98:0/4016561533 >> [v2:172.21.15.98:3300/0,v1:172.21.15.98:6789/0] conn(0x7f0db4078cc0 0x7f0db4113840 secure :-1 s=READY pgs=23 cs=0 l=1 rev1=1 crypto rx=0x7f0da4009fd0 tx=0x7f0da4009840 comp rx=0 tx=0).stop
2024-03-12T05:45:56.910 INFO:teuthology.orchestra.run.smithi098.stdout:/usr/bin/ceph: stderr
2024-03-12T05:45:55.572+0000 7f0db9406700 1 -- 172.21.15.98:0/4016561533 shutdown_connections
2024-03-12T05:45:56.910 INFO:teuthology.orchestra.run.smithi098.stdout:/usr/bin/ceph: stderr
2024-03-12T05:45:55.572+0000 7f0db9406700 1 --2- 172.21.15.98:0/4016561533 >> [v2:172.21.15.98:6800/1718087439,v1:172.21.15.98:6801/1718087439] conn(0x7f0da0036790 0x7f0da0038c40 unknown :-1 s=CLOSED pgs=8 cs=0 l=1 rev1=1 crypto rx=0 tx=0 comp rx=0 tx=0).stop
2024-03-12T05:45:56.910 INFO:teuthology.orchestra.run.smithi098.stdout:/usr/bin/ceph: stderr
2024-03-12T05:45:55.572+0000 7f0db9406700 1 --2- 172.21.15.98:0/4016561533 >> [v2:172.21.15.98:3300/0,v1:172.21.15.98:6789/0] conn(0x7f0db4078cc0 0x7f0db4113840 unknown :-1 s=CLOSED pgs=23 cs=0 l=1 rev1=1 crypto rx=0 tx=0 comp rx=0 tx=0).stop
2024-03-12T05:45:56.910 INFO:teuthology.orchestra.run.smithi098.stdout:/usr/bin/ceph: stderr
2024-03-12T05:45:55.572+0000 7f0db9406700 1 -- 172.21.15.98:0/4016561533 >> 172.21.15.98:0/4016561533 conn(0x7f0db40fded0 msgr2=0x7f0db40ff680 unknown :-1 s=STATE_NONE l=0).mark_down
2024-03-12T05:45:56.910 INFO:teuthology.orchestra.run.smithi098.stdout:/usr/bin/ceph: stderr
2024-03-12T05:45:55.572+0000 7f0db9406700 1 -- 172.21.15.98:0/4016561533 shutdown_connections
2024-03-12T05:45:56.911 INFO:teuthology.orchestra.run.smithi098.stdout:/usr/bin/ceph: stderr
2024-03-12T05:45:55.572+0000 7f0db9406700 1 -- 172.21.15.98:0/4016561533 wait complete.
2024-03-12T05:45:58.090 INFO:teuthology.orchestra.run.smithi098.stdout:/usr/bin/ceph: stdout {
2024-03-12T05:45:58.090 INFO:teuthology.orchestra.run.smithi098.stdout:/usr/bin/ceph: stdout "epoch": 5,
2024-03-12T05:45:58.090 INFO:teuthology.orchestra.run.smithi098.stdout:/usr/bin/ceph: stdout "available": true,
2024-03-12T05:45:58.090 INFO:teuthology.orchestra.run.smithi098.stdout:/usr/bin/ceph: stdout "active_name": "smithi098.tgvcws",
2024-03-12T05:45:58.090 INFO:teuthology.orchestra.run.smithi098.stdout:/usr/bin/ceph: stdout "num_standby": 0
2024-03-12T05:45:58.090 INFO:teuthology.orchestra.run.smithi098.stdout:/usr/bin/ceph: stdout }
2024-03-12T05:45:58.090 INFO:teuthology.orchestra.run.smithi098.stdout:/usr/bin/ceph: stderr
2024-03-12T05:45:57.274+0000 7fc6eedfa700 1 Processor -- start
2024-03-12T05:45:58.090 INFO:teuthology.orchestra.run.smithi098.stdout:/usr/bin/ceph: stderr
2024-03-12T05:45:57.274+0000 7fc6eedfa700 1 -- start start
2024-03-12T05:45:58.090 INFO:teuthology.orchestra.run.smithi098.stdout:/usr/bin/ceph: stderr
2024-03-12T05:45:57.274+0000 7fc6eedfa700 1 --2- >> [v2:172.21.15.98:3300/0,v1:172.21.15.98:6789/0] conn(0x7fc6e8076bc0 0x7fc6e81077e0 unknown :-1 s=NONE pgs=0 cs=0 l=0 rev1=0 crypto rx=0 tx=0 comp rx=0 tx=0).connect
2024-03-12T05:45:58.090 INFO:teuthology.orchestra.run.smithi098.stdout:/usr/bin/ceph: stderr
2024-03-12T05:45:57.274+0000 7fc6eedfa700 1 -- --> [v2:172.21.15.98:3300/0,v1:172.21.15.98:6789/0] -- mon_getmap magic: 0 v1 -- 0x7fc6e81031d0 con 0x7fc6e8076bc0
2024-03-12T05:45:58.090 INFO:teuthology.orchestra.run.smithi098.stdout:/usr/bin/ceph: stderr
2024-03-12T05:45:57.274+0000 7fc6ecb96700 1 --2- >> [v2:172.21.15.98:3300/0,v1:172.21.15.98:6789/0] conn(0x7fc6e8076bc0 0x7fc6e81077e0 unknown :-1 s=BANNER_CONNECTING pgs=0 cs=0 l=0 rev1=0 crypto rx=0 tx=0 comp rx=0 tx=0)._handle_peer_banner_payload supported=3 required=0
2024-03-12T05:45:58.090 INFO:teuthology.orchestra.run.smithi098.stdout:/usr/bin/ceph: stderr
2024-03-12T05:45:57.274+0000 7fc6ecb96700 1 --2- >> [v2:172.21.15.98:3300/0,v1:172.21.15.98:6789/0] conn(0x7fc6e8076bc0 0x7fc6e81077e0 unknown :-1 s=HELLO_CONNECTING pgs=0 cs=0 l=0 rev1=1 crypto rx=0 tx=0 comp rx=0 tx=0).handle_hello peer v2:172.21.15.98:3300/0 says I am v2:172.21.15.98:57656/0 (socket says 172.21.15.98:57656)
2024-03-12T05:45:58.091 INFO:teuthology.orchestra.run.smithi098.stdout:/usr/bin/ceph: stderr
2024-03-12T05:45:57.274+0000 7fc6ecb96700 1 -- 172.21.15.98:0/3935900568 learned_addr learned my addr 172.21.15.98:0/3935900568 (peer_addr_for_me v2:172.21.15.98:0/0)
2024-03-12T05:45:58.091 INFO:teuthology.orchestra.run.smithi098.stdout:/usr/bin/ceph: stderr
2024-03-12T05:45:57.274+0000 7fc6ecb96700 1 -- 172.21.15.98:0/3935900568 --> [v2:172.21.15.98:3300/0,v1:172.21.15.98:6789/0] -- mon_subscribe({config=0+,monmap=0+}) v3 -- 0x7fc6e8107d20 con 0x7fc6e8076bc0
2024-03-12T05:45:58.091 INFO:teuthology.orchestra.run.smithi098.stdout:/usr/bin/ceph: stderr
2024-03-12T05:45:57.274+0000 7fc6ecb96700 1 --2- 172.21.15.98:0/3935900568 >> [v2:172.21.15.98:3300/0,v1:172.21.15.98:6789/0] conn(0x7fc6e8076bc0 0x7fc6e81077e0 secure :-1 s=READY pgs=26 cs=0 l=1 rev1=1 crypto rx=0x7fc6dc0098e0 tx=0x7fc6dc009250 comp rx=0 tx=0).ready entity=mon.0 client_cookie=302ce2f8e51fbbb1 server_cookie=0 in_seq=0 out_seq=0
2024-03-12T05:45:58.091 INFO:teuthology.orchestra.run.smithi098.stdout:/usr/bin/ceph: stderr
2024-03-12T05:45:57.275+0000 7fc6e77fe700 1 -- 172.21.15.98:0/3935900568 <== mon.0 v2:172.21.15.98:3300/0 1 ==== mon_map magic: 0 v1 ==== 229+0+0 (secure 0 0 0) 0x7fc6dc00b860 con 0x7fc6e8076bc0
2024-03-12T05:45:58.091 INFO:teuthology.orchestra.run.smithi098.stdout:/usr/bin/ceph: stderr
2024-03-12T05:45:57.275+0000 7fc6e77fe700 1 -- 172.21.15.98:0/3935900568 <== mon.0 v2:172.21.15.98:3300/0 2 ==== config(27 keys) v1 ==== 1044+0+0 (secure 0 0 0) 0x7fc6dc00be50 con 0x7fc6e8076bc0
2024-03-12T05:45:58.091 INFO:teuthology.orchestra.run.smithi098.stdout:/usr/bin/ceph: stderr
2024-03-12T05:45:57.275+0000 7fc6e77fe700 1 -- 172.21.15.98:0/3935900568 <== mon.0 v2:172.21.15.98:3300/0 3 ==== mon_map magic: 0 v1 ==== 229+0+0 (secure 0 0 0) 0x7fc6dc010380 con 0x7fc6e8076bc0
2024-03-12T05:45:58.091 INFO:teuthology.orchestra.run.smithi098.stdout:/usr/bin/ceph: stderr
2024-03-12T05:45:57.275+0000 7fc6eedfa700 1 -- 172.21.15.98:0/3935900568 >> [v2:172.21.15.98:3300/0,v1:172.21.15.98:6789/0] conn(0x7fc6e8076bc0 msgr2=0x7fc6e81077e0 secure :-1 s=STATE_CONNECTION_ESTABLISHED l=1).mark_down
2024-03-12T05:45:58.091 INFO:teuthology.orchestra.run.smithi098.stdout:/usr/bin/ceph: stderr
2024-03-12T05:45:57.275+0000 7fc6eedfa700 1 --2- 172.21.15.98:0/3935900568 >> [v2:172.21.15.98:3300/0,v1:172.21.15.98:6789/0] conn(0x7fc6e8076bc0 0x7fc6e81077e0 secure :-1 s=READY pgs=26 cs=0 l=1 rev1=1 crypto rx=0x7fc6dc0098e0 tx=0x7fc6dc009250 comp rx=0 tx=0).stop
2024-03-12T05:45:58.091 INFO:teuthology.orchestra.run.smithi098.stdout:/usr/bin/ceph: stderr
2024-03-12T05:45:57.275+0000 7fc6eedfa700 1 -- 172.21.15.98:0/3935900568 shutdown_connections
2024-03-12T05:45:58.091 INFO:teuthology.orchestra.run.smithi098.stdout:/usr/bin/ceph: stderr
2024-03-12T05:45:57.275+0000 7fc6eedfa700 1 --2- 172.21.15.98:0/3935900568 >> [v2:172.21.15.98:3300/0,v1:172.21.15.98:6789/0] conn(0x7fc6e8076bc0 0x7fc6e81077e0 unknown :-1 s=CLOSED pgs=26 cs=0 l=1 rev1=1 crypto rx=0 tx=0 comp rx=0 tx=0).stop
2024-03-12T05:45:58.091 INFO:teuthology.orchestra.run.smithi098.stdout:/usr/bin/ceph: stderr
2024-03-12T05:45:57.275+0000 7fc6eedfa700 1 -- 172.21.15.98:0/3935900568 >> 172.21.15.98:0/3935900568 conn(0x7fc6e80fcdd0 msgr2=0x7fc6e80ff200 unknown :-1 s=STATE_NONE l=0).mark_down
2024-03-12T05:45:58.091 INFO:teuthology.orchestra.run.smithi098.stdout:/usr/bin/ceph: stderr
2024-03-12T05:45:57.275+0000 7fc6eedfa700 1 -- 172.21.15.98:0/3935900568 shutdown_connections
2024-03-12T05:45:58.091 INFO:teuthology.orchestra.run.smithi098.stdout:/usr/bin/ceph: stderr
2024-03-12T05:45:57.276+0000 7fc6eedfa700 1 -- 172.21.15.98:0/3935900568 wait complete.
2024-03-12T05:45:58.091 INFO:teuthology.orchestra.run.smithi098.stdout:/usr/bin/ceph: stderr
2024-03-12T05:45:57.276+0000 7fc6eedfa700 1 Processor -- start
2024-03-12T05:45:58.091 INFO:teuthology.orchestra.run.smithi098.stdout:/usr/bin/ceph: stderr
2024-03-12T05:45:57.276+0000 7fc6eedfa700 1 -- start start
2024-03-12T05:45:58.091 INFO:teuthology.orchestra.run.smithi098.stdout:/usr/bin/ceph: stderr
2024-03-12T05:45:57.276+0000 7fc6eedfa700 1 --2- >> [v2:172.21.15.98:3300/0,v1:172.21.15.98:6789/0] conn(0x7fc6e8076bc0 0x7fc6e8113720 unknown :-1 s=NONE pgs=0 cs=0 l=1 rev1=0 crypto rx=0 tx=0 comp rx=0 tx=0).connect
2024-03-12T05:45:58.092 INFO:teuthology.orchestra.run.smithi098.stdout:/usr/bin/ceph: stderr
2024-03-12T05:45:57.276+0000 7fc6eedfa700 1 -- --> [v2:172.21.15.98:3300/0,v1:172.21.15.98:6789/0] -- mon_getmap magic: 0 v1 -- 0x7fc6e8113c60 con 0x7fc6e8076bc0
2024-03-12T05:45:58.092 INFO:teuthology.orchestra.run.smithi098.stdout:/usr/bin/ceph: stderr
2024-03-12T05:45:57.276+0000 7fc6ecb96700 1 --2- >> [v2:172.21.15.98:3300/0,v1:172.21.15.98:6789/0] conn(0x7fc6e8076bc0 0x7fc6e8113720 unknown :-1 s=BANNER_CONNECTING pgs=0 cs=0 l=1 rev1=0 crypto rx=0 tx=0 comp rx=0 tx=0)._handle_peer_banner_payload supported=3 required=0
2024-03-12T05:45:58.092 INFO:teuthology.orchestra.run.smithi098.stdout:/usr/bin/ceph: stderr
2024-03-12T05:45:57.277+0000 7fc6ecb96700 1 --2- >> [v2:172.21.15.98:3300/0,v1:172.21.15.98:6789/0] conn(0x7fc6e8076bc0 0x7fc6e8113720 unknown :-1 s=HELLO_CONNECTING pgs=0 cs=0 l=1 rev1=1 crypto rx=0 tx=0 comp rx=0 tx=0).handle_hello peer v2:172.21.15.98:3300/0 says I am v2:172.21.15.98:57670/0 (socket says 172.21.15.98:57670)
2024-03-12T05:45:58.092 INFO:teuthology.orchestra.run.smithi098.stdout:/usr/bin/ceph: stderr
2024-03-12T05:45:57.277+0000 7fc6ecb96700 1 -- 172.21.15.98:0/753421295 learned_addr learned my addr 172.21.15.98:0/753421295 (peer_addr_for_me v2:172.21.15.98:0/0)
2024-03-12T05:45:58.092 INFO:teuthology.orchestra.run.smithi098.stdout:/usr/bin/ceph: stderr
2024-03-12T05:45:57.277+0000 7fc6ecb96700 1 -- 172.21.15.98:0/753421295 --> [v2:172.21.15.98:3300/0,v1:172.21.15.98:6789/0] -- mon_subscribe({config=0+,monmap=0+}) v3 -- 0x7fc6dc0094f0 con 0x7fc6e8076bc0
2024-03-12T05:45:58.092 INFO:teuthology.orchestra.run.smithi098.stdout:/usr/bin/ceph: stderr
2024-03-12T05:45:57.277+0000 7fc6ecb96700 1 --2- 172.21.15.98:0/753421295 >> [v2:172.21.15.98:3300/0,v1:172.21.15.98:6789/0] conn(0x7fc6e8076bc0 0x7fc6e8113720 secure :-1 s=READY pgs=27 cs=0 l=1 rev1=1 crypto rx=0x7fc6dc003080 tx=0x7fc6dc009250 comp rx=0 tx=0).ready entity=mon.0 client_cookie=0 server_cookie=0 in_seq=0 out_seq=0
2024-03-12T05:45:58.092 INFO:teuthology.orchestra.run.smithi098.stdout:/usr/bin/ceph: stderr
2024-03-12T05:45:57.277+0000 7fc6e57fa700 1 -- 172.21.15.98:0/753421295 <== mon.0 v2:172.21.15.98:3300/0 1 ==== mon_map magic: 0 v1 ==== 229+0+0 (secure 0 0 0) 0x7fc6dc010760 con 0x7fc6e8076bc0
2024-03-12T05:45:58.092 INFO:teuthology.orchestra.run.smithi098.stdout:/usr/bin/ceph: stderr
2024-03-12T05:45:57.277+0000 7fc6e57fa700 1 -- 172.21.15.98:0/753421295 <== mon.0 v2:172.21.15.98:3300/0 2 ==== config(27 keys) v1 ==== 1044+0+0 (secure 0 0 0) 0x7fc6dc010d50 con 0x7fc6e8076bc0
2024-03-12T05:45:58.092 INFO:teuthology.orchestra.run.smithi098.stdout:/usr/bin/ceph: stderr
2024-03-12T05:45:57.277+0000 7fc6eedfa700 1 -- 172.21.15.98:0/753421295 --> [v2:172.21.15.98:3300/0,v1:172.21.15.98:6789/0] -- mon_subscribe({mgrmap=0+}) v3 -- 0x7fc6e8113e60 con 0x7fc6e8076bc0
2024-03-12T05:45:58.092 INFO:teuthology.orchestra.run.smithi098.stdout:/usr/bin/ceph: stderr
2024-03-12T05:45:57.277+0000 7fc6e57fa700 1 -- 172.21.15.98:0/753421295 <== mon.0 v2:172.21.15.98:3300/0 3 ==== mon_map magic: 0 v1 ==== 229+0+0 (secure 0 0 0) 0x7fc6dc01ad90 con 0x7fc6e8076bc0
2024-03-12T05:45:58.092 INFO:teuthology.orchestra.run.smithi098.stdout:/usr/bin/ceph: stderr
2024-03-12T05:45:57.277+0000 7fc6eedfa700 1 -- 172.21.15.98:0/753421295 --> [v2:172.21.15.98:3300/0,v1:172.21.15.98:6789/0] -- mon_subscribe({osdmap=0}) v3 -- 0x7fc6e8114b00 con 0x7fc6e8076bc0
2024-03-12T05:45:58.092 INFO:teuthology.orchestra.run.smithi098.stdout:/usr/bin/ceph: stderr
2024-03-12T05:45:57.278+0000 7fc6e57fa700 1 -- 172.21.15.98:0/753421295 <== mon.0 v2:172.21.15.98:3300/0 4 ==== mgrmap(e 5) v1 ==== 43368+0+0 (secure 0 0 0) 0x7fc6dc02d3f0 con 0x7fc6e8076bc0
2024-03-12T05:45:58.092 INFO:teuthology.orchestra.run.smithi098.stdout:/usr/bin/ceph: stderr
2024-03-12T05:45:57.278+0000 7fc6eedfa700 1 -- 172.21.15.98:0/753421295 --> [v2:172.21.15.98:3300/0,v1:172.21.15.98:6789/0] -- mon_command({"prefix": "get_command_descriptions"} v 0) v1 -- 0x7fc6e805f5c0 con 0x7fc6e8076bc0
2024-03-12T05:45:58.092 INFO:teuthology.orchestra.run.smithi098.stdout:/usr/bin/ceph: stderr
2024-03-12T05:45:57.278+0000 7fc6e57fa700 1 --2- 172.21.15.98:0/753421295 >> [v2:172.21.15.98:6800/1718087439,v1:172.21.15.98:6801/1718087439] conn(0x7fc6d8036790 0x7fc6d8038c40 unknown :-1 s=NONE pgs=0 cs=0 l=1 rev1=0 crypto rx=0 tx=0 comp rx=0 tx=0).connect
2024-03-12T05:45:58.092 INFO:teuthology.orchestra.run.smithi098.stdout:/usr/bin/ceph: stderr
2024-03-12T05:45:57.278+0000 7fc6e7fff700 1 -- 172.21.15.98:0/753421295 >> [v2:172.21.15.98:6800/1718087439,v1:172.21.15.98:6801/1718087439] conn(0x7fc6d8036790 msgr2=0x7fc6d8038c40 unknown :-1 s=STATE_CONNECTING_RE l=1).process reconnect failed to v2:172.21.15.98:6800/1718087439
2024-03-12T05:45:58.092 INFO:teuthology.orchestra.run.smithi098.stdout:/usr/bin/ceph: stderr
2024-03-12T05:45:57.278+0000 7fc6e57fa700 1 -- 172.21.15.98:0/753421295 <== mon.0 v2:172.21.15.98:3300/0 5 ==== osd_map(1..1 src has 1..1) v4 ==== 721+0+0 (secure 0 0 0) 0x7fc6dc04a200 con 0x7fc6e8076bc0
2024-03-12T05:45:58.092 INFO:teuthology.orchestra.run.smithi098.stdout:/usr/bin/ceph: stderr
2024-03-12T05:45:57.278+0000 7fc6e7fff700 1 --2- 172.21.15.98:0/753421295 >> [v2:172.21.15.98:6800/1718087439,v1:172.21.15.98:6801/1718087439] conn(0x7fc6d8036790 0x7fc6d8038c40 unknown :-1 s=START_CONNECT pgs=0 cs=0 l=1 rev1=0 crypto rx=0 tx=0 comp rx=0 tx=0)._fault waiting 0.200000
2024-03-12T05:45:58.093 INFO:teuthology.orchestra.run.smithi098.stdout:/usr/bin/ceph: stderr
2024-03-12T05:45:57.287+0000 7fc6e57fa700 1 -- 172.21.15.98:0/753421295 <== mon.0 v2:172.21.15.98:3300/0 6 ==== mon_command_ack([{"prefix": "get_command_descriptions"}]=0 v0) v1 ==== 72+0+175366 (secure 0 0 0) 0x7fc6dc0193c0 con 0x7fc6e8076bc0
2024-03-12T05:45:58.093 INFO:teuthology.orchestra.run.smithi098.stdout:/usr/bin/ceph: stderr
2024-03-12T05:45:57.479+0000 7fc6e7fff700 1 -- 172.21.15.98:0/753421295 >> [v2:172.21.15.98:6800/1718087439,v1:172.21.15.98:6801/1718087439] conn(0x7fc6d8036790 msgr2=0x7fc6d8038c40 unknown :-1 s=STATE_CONNECTING_RE l=1).process reconnect failed to v2:172.21.15.98:6800/1718087439
2024-03-12T05:45:58.093 INFO:teuthology.orchestra.run.smithi098.stdout:/usr/bin/ceph: stderr
2024-03-12T05:45:57.479+0000 7fc6e7fff700 1 --2- 172.21.15.98:0/753421295 >> [v2:172.21.15.98:6800/1718087439,v1:172.21.15.98:6801/1718087439] conn(0x7fc6d8036790 0x7fc6d8038c40 unknown :-1 s=START_CONNECT pgs=0 cs=0 l=1 rev1=0 crypto rx=0 tx=0 comp rx=0 tx=0)._fault waiting 0.400000
2024-03-12T05:45:58.093 INFO:teuthology.orchestra.run.smithi098.stdout:/usr/bin/ceph: stderr
2024-03-12T05:45:57.533+0000 7fc6eedfa700 1 -- 172.21.15.98:0/753421295 --> [v2:172.21.15.98:3300/0,v1:172.21.15.98:6789/0] -- mon_command({"prefix": "mgr stat"} v 0) v1 -- 0x7fc6e8114e40 con 0x7fc6e8076bc0
2024-03-12T05:45:58.093 INFO:teuthology.orchestra.run.smithi098.stdout:/usr/bin/ceph: stderr
2024-03-12T05:45:57.534+0000 7fc6e57fa700 1 -- 172.21.15.98:0/753421295 <== mon.0 v2:172.21.15.98:3300/0 7 ==== mon_command_ack([{"prefix": "mgr stat"}]=0 v5) v1 ==== 56+0+103 (secure 0 0 0) 0x7fc6dc02b2f0 con 0x7fc6e8076bc0
2024-03-12T05:45:58.093 INFO:teuthology.orchestra.run.smithi098.stdout:/usr/bin/ceph: stderr
2024-03-12T05:45:57.536+0000 7fc6eedfa700 1 -- 172.21.15.98:0/753421295 >> [v2:172.21.15.98:6800/1718087439,v1:172.21.15.98:6801/1718087439] conn(0x7fc6d8036790 msgr2=0x7fc6d8038c40 unknown :-1 s=STATE_CONNECTING l=1).mark_down
2024-03-12T05:45:58.093 INFO:teuthology.orchestra.run.smithi098.stdout:/usr/bin/ceph: stderr
2024-03-12T05:45:57.536+0000 7fc6eedfa700 1 --2- 172.21.15.98:0/753421295 >> [v2:172.21.15.98:6800/1718087439,v1:172.21.15.98:6801/1718087439] conn(0x7fc6d8036790 0x7fc6d8038c40 unknown :-1 s=START_CONNECT pgs=0 cs=0 l=1 rev1=0 crypto rx=0 tx=0 comp rx=0 tx=0).stop
2024-03-12T05:45:58.093 INFO:teuthology.orchestra.run.smithi098.stdout:/usr/bin/ceph: stderr
2024-03-12T05:45:57.536+0000 7fc6eedfa700 1 -- 172.21.15.98:0/753421295 >> [v2:172.21.15.98:3300/0,v1:172.21.15.98:6789/0] conn(0x7fc6e8076bc0 msgr2=0x7fc6e8113720 secure :-1 s=STATE_CONNECTION_ESTABLISHED l=1).mark_down
2024-03-12T05:45:58.093 INFO:teuthology.orchestra.run.smithi098.stdout:/usr/bin/ceph: stderr
2024-03-12T05:45:57.536+0000 7fc6eedfa700 1 --2- 172.21.15.98:0/753421295 >> [v2:172.21.15.98:3300/0,v1:172.21.15.98:6789/0] conn(0x7fc6e8076bc0 0x7fc6e8113720 secure :-1 s=READY pgs=27 cs=0 l=1 rev1=1 crypto rx=0x7fc6dc003080 tx=0x7fc6dc009250 comp rx=0 tx=0).stop
2024-03-12T05:45:58.093 INFO:teuthology.orchestra.run.smithi098.stdout:/usr/bin/ceph: stderr
2024-03-12T05:45:57.536+0000 7fc6eedfa700 1 -- 172.21.15.98:0/753421295 shutdown_connections
2024-03-12T05:45:58.093 INFO:teuthology.orchestra.run.smithi098.stdout:/usr/bin/ceph: stderr
2024-03-12T05:45:57.536+0000 7fc6eedfa700 1 --2- 172.21.15.98:0/753421295 >> [v2:172.21.15.98:6800/1718087439,v1:172.21.15.98:6801/1718087439] conn(0x7fc6d8036790 0x7fc6d8038c40 unknown :-1 s=CLOSED pgs=0 cs=0 l=1 rev1=0 crypto rx=0 tx=0 comp rx=0 tx=0).stop
2024-03-12T05:45:58.093 INFO:teuthology.orchestra.run.smithi098.stdout:/usr/bin/ceph: stderr
2024-03-12T05:45:57.536+0000 7fc6eedfa700 1 --2- 172.21.15.98:0/753421295 >> [v2:172.21.15.98:3300/0,v1:172.21.15.98:6789/0] conn(0x7fc6e8076bc0 0x7fc6e8113720 unknown :-1 s=CLOSED pgs=27 cs=0 l=1 rev1=1 crypto rx=0 tx=0 comp rx=0 tx=0).stop
2024-03-12T05:45:58.093 INFO:teuthology.orchestra.run.smithi098.stdout:/usr/bin/ceph: stderr
2024-03-12T05:45:57.536+0000 7fc6eedfa700 1 -- 172.21.15.98:0/753421295 >> 172.21.15.98:0/753421295 conn(0x7fc6e80fcdd0 msgr2=0x7fc6e80fdbd0 unknown :-1 s=STATE_NONE l=0).mark_down
2024-03-12T05:45:58.093 INFO:teuthology.orchestra.run.smithi098.stdout:/usr/bin/ceph: stderr
2024-03-12T05:45:57.536+0000 7fc6eedfa700 1 -- 172.21.15.98:0/753421295 shutdown_connections
2024-03-12T05:45:58.093 INFO:teuthology.orchestra.run.smithi098.stdout:/usr/bin/ceph: stderr
2024-03-12T05:45:57.536+0000 7fc6eedfa700 1 -- 172.21.15.98:0/753421295 wait complete.
2024-03-12T05:45:58.093 INFO:teuthology.orchestra.run.smithi098.stdout:Waiting for the mgr to restart...
2024-03-12T05:45:58.093 INFO:teuthology.orchestra.run.smithi098.stdout:Waiting for mgr epoch 5...
2024-03-12T05:45:58.719 INFO:journalctl@ceph.mon.smithi098.smithi098.stdout:Mar 12 05:45:58 smithi098 ceph-mon[29186]: from='client.? 172.21.15.98:0/753421295' entity='client.admin' cmd=[{"prefix": "mgr stat"}]: dispatch
2024-03-12T05:46:02.621 INFO:journalctl@ceph.mon.smithi098.smithi098.stdout:Mar 12 05:46:02 smithi098 ceph-mon[29186]: Active manager daemon smithi098.tgvcws restarted
2024-03-12T05:46:02.621 INFO:journalctl@ceph.mon.smithi098.smithi098.stdout:Mar 12 05:46:02 smithi098 ceph-mon[29186]: Activating manager daemon smithi098.tgvcws
2024-03-12T05:46:02.621 INFO:journalctl@ceph.mon.smithi098.smithi098.stdout:Mar 12 05:46:02 smithi098 ceph-mon[29186]: osdmap e2: 0 total, 0 up, 0 in
2024-03-12T05:46:02.621 INFO:journalctl@ceph.mon.smithi098.smithi098.stdout:Mar 12 05:46:02 smithi098 ceph-mon[29186]: mgrmap e6: smithi098.tgvcws(active, starting, since 0.00323986s)
2024-03-12T05:46:02.621 INFO:journalctl@ceph.mon.smithi098.smithi098.stdout:Mar 12 05:46:02 smithi098 ceph-mon[29186]: from='mgr.14120 172.21.15.98:0/4160911125' entity='mgr.smithi098.tgvcws' cmd=[{"prefix": "mon metadata", "id": "smithi098"}]: dispatch
2024-03-12T05:46:02.621 INFO:journalctl@ceph.mon.smithi098.smithi098.stdout:Mar 12 05:46:02 smithi098 ceph-mon[29186]: from='mgr.14120 172.21.15.98:0/4160911125' entity='mgr.smithi098.tgvcws' cmd=[{"prefix": "mgr metadata", "who": "smithi098.tgvcws", "id": "smithi098.tgvcws"}]: dispatch
2024-03-12T05:46:02.621 INFO:journalctl@ceph.mon.smithi098.smithi098.stdout:Mar 12 05:46:02 smithi098 ceph-mon[29186]: from='mgr.14120 172.21.15.98:0/4160911125' entity='mgr.smithi098.tgvcws' cmd=[{"prefix": "mds metadata"}]: dispatch
2024-03-12T05:46:02.621 INFO:journalctl@ceph.mon.smithi098.smithi098.stdout:Mar 12 05:46:02 smithi098 ceph-mon[29186]: from='mgr.14120 172.21.15.98:0/4160911125' entity='mgr.smithi098.tgvcws' cmd=[{"prefix": "osd metadata"}]: dispatch
2024-03-12T05:46:02.621 INFO:journalctl@ceph.mon.smithi098.smithi098.stdout:Mar 12 05:46:02 smithi098 ceph-mon[29186]: from='mgr.14120 172.21.15.98:0/4160911125' entity='mgr.smithi098.tgvcws' cmd=[{"prefix": "mon metadata"}]: dispatch
2024-03-12T05:46:02.621 INFO:journalctl@ceph.mon.smithi098.smithi098.stdout:Mar 12 05:46:02 smithi098 ceph-mon[29186]: Manager daemon smithi098.tgvcws is now available
2024-03-12T05:46:02.622 INFO:journalctl@ceph.mon.smithi098.smithi098.stdout:Mar 12 05:46:02 smithi098 ceph-mon[29186]: from='mgr.14120 172.21.15.98:0/4160911125' entity='mgr.smithi098.tgvcws'
2024-03-12T05:46:02.622 INFO:journalctl@ceph.mon.smithi098.smithi098.stdout:Mar 12 05:46:02 smithi098 ceph-mon[29186]: from='mgr.14120 172.21.15.98:0/4160911125' entity='mgr.smithi098.tgvcws'
2024-03-12T05:46:02.622 INFO:journalctl@ceph.mon.smithi098.smithi098.stdout:Mar 12 05:46:02 smithi098 ceph-mon[29186]: from='mgr.14120 172.21.15.98:0/4160911125' entity='mgr.smithi098.tgvcws' cmd=[{"prefix": "config dump", "format": "json"}]: dispatch
2024-03-12T05:46:02.622 INFO:journalctl@ceph.mon.smithi098.smithi098.stdout:Mar 12 05:46:02 smithi098 ceph-mon[29186]: from='mgr.14120 172.21.15.98:0/4160911125' entity='mgr.smithi098.tgvcws' cmd=[{"prefix": "config dump", "format": "json"}]: dispatch
2024-03-12T05:46:02.622 INFO:journalctl@ceph.mon.smithi098.smithi098.stdout:Mar 12 05:46:02 smithi098 ceph-mon[29186]: from='mgr.14120 172.21.15.98:0/4160911125' entity='mgr.smithi098.tgvcws' cmd=[{"prefix": "config dump", "format": "json"}]: dispatch
2024-03-12T05:46:03.370 INFO:journalctl@ceph.mon.smithi098.smithi098.stdout:Mar 12 05:46:03 smithi098 ceph-mon[29186]: Found migration_current of "None". Setting to last migration.
2024-03-12T05:46:03.371 INFO:journalctl@ceph.mon.smithi098.smithi098.stdout:Mar 12 05:46:03 smithi098 ceph-mon[29186]: from='mgr.14120 172.21.15.98:0/4160911125' entity='mgr.smithi098.tgvcws' cmd=[{"prefix":"config rm","who":"mgr","name":"mgr/rbd_support/smithi098.tgvcws/mirror_snapshot_schedule"}]: dispatch
2024-03-12T05:46:03.371 INFO:journalctl@ceph.mon.smithi098.smithi098.stdout:Mar 12 05:46:03 smithi098 ceph-mon[29186]: from='mgr.14120 172.21.15.98:0/4160911125' entity='mgr.smithi098.tgvcws' cmd=[{"prefix":"config rm","who":"mgr","name":"mgr/rbd_support/smithi098.tgvcws/trash_purge_schedule"}]: dispatch
2024-03-12T05:46:03.371 INFO:journalctl@ceph.mon.smithi098.smithi098.stdout:Mar 12 05:46:03 smithi098 ceph-mon[29186]: mgrmap e7: smithi098.tgvcws(active, since 1.00488s)
2024-03-12T05:46:03.707 INFO:teuthology.orchestra.run.smithi098.stdout:/usr/bin/ceph: stdout {
2024-03-12T05:46:03.707 INFO:teuthology.orchestra.run.smithi098.stdout:/usr/bin/ceph: stdout "mgrmap_epoch": 7,
2024-03-12T05:46:03.707 INFO:teuthology.orchestra.run.smithi098.stdout:/usr/bin/ceph: stdout "initialized": true
2024-03-12T05:46:03.707 INFO:teuthology.orchestra.run.smithi098.stdout:/usr/bin/ceph: stdout }
2024-03-12T05:46:03.707 INFO:teuthology.orchestra.run.smithi098.stdout:/usr/bin/ceph: stderr
2024-03-12T05:45:58.513+0000 7fca2ee65700 1 Processor -- start
2024-03-12T05:46:03.707 INFO:teuthology.orchestra.run.smithi098.stdout:/usr/bin/ceph: stderr
2024-03-12T05:45:58.513+0000 7fca2ee65700 1 -- start start
2024-03-12T05:46:03.707 INFO:teuthology.orchestra.run.smithi098.stdout:/usr/bin/ceph: stderr
2024-03-12T05:45:58.513+0000 7fca2ee65700 1 --2- >> [v2:172.21.15.98:3300/0,v1:172.21.15.98:6789/0] conn(0x7fca28078ca0 0x7fca280771b0 unknown :-1 s=NONE pgs=0 cs=0 l=0 rev1=0 crypto rx=0 tx=0 comp rx=0 tx=0).connect
2024-03-12T05:46:03.707 INFO:teuthology.orchestra.run.smithi098.stdout:/usr/bin/ceph: stderr
2024-03-12T05:45:58.513+0000 7fca2ee65700 1 -- --> [v2:172.21.15.98:3300/0,v1:172.21.15.98:6789/0] -- mon_getmap magic: 0 v1 -- 0x7fca280790b0 con 0x7fca28078ca0
2024-03-12T05:46:03.707 INFO:teuthology.orchestra.run.smithi098.stdout:/usr/bin/ceph: stderr
2024-03-12T05:45:58.514+0000 7fca2cc01700 1 --2- >> [v2:172.21.15.98:3300/0,v1:172.21.15.98:6789/0] conn(0x7fca28078ca0 0x7fca280771b0 unknown :-1 s=BANNER_CONNECTING pgs=0 cs=0 l=0 rev1=0 crypto rx=0 tx=0 comp rx=0 tx=0)._handle_peer_banner_payload supported=3 required=0
2024-03-12T05:46:03.707 INFO:teuthology.orchestra.run.smithi098.stdout:/usr/bin/ceph: stderr
2024-03-12T05:45:58.514+0000 7fca2cc01700 1 --2- >> [v2:172.21.15.98:3300/0,v1:172.21.15.98:6789/0] conn(0x7fca28078ca0 0x7fca280771b0 unknown :-1 s=HELLO_CONNECTING pgs=0 cs=0 l=0 rev1=1 crypto rx=0 tx=0 comp rx=0 tx=0).handle_hello peer v2:172.21.15.98:3300/0 says I am v2:172.21.15.98:57686/0 (socket says 172.21.15.98:57686)
2024-03-12T05:46:03.707 INFO:teuthology.orchestra.run.smithi098.stdout:/usr/bin/ceph: stderr
2024-03-12T05:45:58.514+0000 7fca2cc01700 1 -- 172.21.15.98:0/3423842994 learned_addr learned my addr 172.21.15.98:0/3423842994 (peer_addr_for_me v2:172.21.15.98:0/0)
2024-03-12T05:46:03.707 INFO:teuthology.orchestra.run.smithi098.stdout:/usr/bin/ceph: stderr
2024-03-12T05:45:58.514+0000 7fca2cc01700 1 -- 172.21.15.98:0/3423842994 --> [v2:172.21.15.98:3300/0,v1:172.21.15.98:6789/0] -- mon_subscribe({config=0+,monmap=0+}) v3 -- 0x7fca280776f0 con 0x7fca28078ca0
2024-03-12T05:46:03.708 INFO:teuthology.orchestra.run.smithi098.stdout:/usr/bin/ceph: stderr
2024-03-12T05:45:58.514+0000 7fca2cc01700 1 --2- 172.21.15.98:0/3423842994 >> [v2:172.21.15.98:3300/0,v1:172.21.15.98:6789/0] conn(0x7fca28078ca0 0x7fca280771b0 secure :-1 s=READY pgs=28 cs=0 l=1 rev1=1 crypto rx=0x7fca1c0098e0 tx=0x7fca1c009250 comp rx=0 tx=0).ready entity=mon.0 client_cookie=e924d154bbc68135 server_cookie=0 in_seq=0 out_seq=0
2024-03-12T05:46:03.708 INFO:teuthology.orchestra.run.smithi098.stdout:/usr/bin/ceph: stderr
2024-03-12T05:45:58.514+0000 7fca277fe700 1 -- 172.21.15.98:0/3423842994 <== mon.0 v2:172.21.15.98:3300/0 1 ==== mon_map magic: 0 v1 ==== 229+0+0 (secure 0 0 0) 0x7fca1c00b860 con 0x7fca28078ca0
2024-03-12T05:46:03.708 INFO:teuthology.orchestra.run.smithi098.stdout:/usr/bin/ceph: stderr
2024-03-12T05:45:58.514+0000 7fca277fe700 1 -- 172.21.15.98:0/3423842994 <== mon.0 v2:172.21.15.98:3300/0 2 ==== config(27 keys) v1 ==== 1044+0+0 (secure 0 0 0) 0x7fca1c00be50 con 0x7fca28078ca0
2024-03-12T05:46:03.708 INFO:teuthology.orchestra.run.smithi098.stdout:/usr/bin/ceph: stderr
2024-03-12T05:45:58.514+0000 7fca277fe700 1 -- 172.21.15.98:0/3423842994 <== mon.0 v2:172.21.15.98:3300/0 3 ==== mon_map magic: 0 v1 ==== 229+0+0 (secure 0 0 0) 0x7fca1c010380 con 0x7fca28078ca0
2024-03-12T05:46:03.708 INFO:teuthology.orchestra.run.smithi098.stdout:/usr/bin/ceph: stderr
2024-03-12T05:45:58.515+0000 7fca2ee65700 1 -- 172.21.15.98:0/3423842994 >> [v2:172.21.15.98:3300/0,v1:172.21.15.98:6789/0] conn(0x7fca28078ca0 msgr2=0x7fca280771b0 secure :-1 s=STATE_CONNECTION_ESTABLISHED l=1).mark_down
2024-03-12T05:46:03.708 INFO:teuthology.orchestra.run.smithi098.stdout:/usr/bin/ceph: stderr
2024-03-12T05:45:58.515+0000 7fca2ee65700 1 --2- 172.21.15.98:0/3423842994 >> [v2:172.21.15.98:3300/0,v1:172.21.15.98:6789/0] conn(0x7fca28078ca0 0x7fca280771b0 secure :-1 s=READY pgs=28 cs=0 l=1 rev1=1 crypto rx=0x7fca1c0098e0 tx=0x7fca1c009250 comp rx=0 tx=0).stop
2024-03-12T05:46:03.708 INFO:teuthology.orchestra.run.smithi098.stdout:/usr/bin/ceph: stderr
2024-03-12T05:45:58.515+0000 7fca2ee65700 1 -- 172.21.15.98:0/3423842994 shutdown_connections
2024-03-12T05:46:03.708 INFO:teuthology.orchestra.run.smithi098.stdout:/usr/bin/ceph: stderr
2024-03-12T05:45:58.515+0000 7fca2ee65700 1 --2- 172.21.15.98:0/3423842994 >> [v2:172.21.15.98:3300/0,v1:172.21.15.98:6789/0] conn(0x7fca28078ca0 0x7fca280771b0 unknown :-1 s=CLOSED pgs=28 cs=0 l=1 rev1=1 crypto rx=0 tx=0 comp rx=0 tx=0).stop
2024-03-12T05:46:03.708 INFO:teuthology.orchestra.run.smithi098.stdout:/usr/bin/ceph: stderr
2024-03-12T05:45:58.515+0000 7fca2ee65700 1 -- 172.21.15.98:0/3423842994 >> 172.21.15.98:0/3423842994 conn(0x7fca280fdf00 msgr2=0x7fca28100310 unknown :-1 s=STATE_NONE l=0).mark_down
2024-03-12T05:46:03.708 INFO:teuthology.orchestra.run.smithi098.stdout:/usr/bin/ceph: stderr
2024-03-12T05:45:58.515+0000 7fca2ee65700 1 -- 172.21.15.98:0/3423842994 shutdown_connections
2024-03-12T05:46:03.708 INFO:teuthology.orchestra.run.smithi098.stdout:/usr/bin/ceph: stderr
2024-03-12T05:45:58.515+0000 7fca2ee65700 1 -- 172.21.15.98:0/3423842994 wait complete.
2024-03-12T05:46:03.708 INFO:teuthology.orchestra.run.smithi098.stdout:/usr/bin/ceph: stderr
2024-03-12T05:45:58.516+0000 7fca2ee65700 1 Processor -- start
2024-03-12T05:46:03.708 INFO:teuthology.orchestra.run.smithi098.stdout:/usr/bin/ceph: stderr
2024-03-12T05:45:58.516+0000 7fca2ee65700 1 -- start start
2024-03-12T05:46:03.708 INFO:teuthology.orchestra.run.smithi098.stdout:/usr/bin/ceph: stderr
2024-03-12T05:45:58.516+0000 7fca2ee65700 1 --2- >> [v2:172.21.15.98:3300/0,v1:172.21.15.98:6789/0] conn(0x7fca28078ca0 0x7fca28113790 unknown :-1 s=NONE pgs=0 cs=0 l=1 rev1=0 crypto rx=0 tx=0 comp rx=0 tx=0).connect
2024-03-12T05:46:03.708 INFO:teuthology.orchestra.run.smithi098.stdout:/usr/bin/ceph: stderr
2024-03-12T05:45:58.516+0000 7fca2ee65700 1 -- --> [v2:172.21.15.98:3300/0,v1:172.21.15.98:6789/0] -- mon_getmap magic: 0 v1 -- 0x7fca28113cd0 con 0x7fca28078ca0
2024-03-12T05:46:03.709 INFO:teuthology.orchestra.run.smithi098.stdout:/usr/bin/ceph: stderr
2024-03-12T05:45:58.516+0000 7fca2cc01700 1 --2- >> [v2:172.21.15.98:3300/0,v1:172.21.15.98:6789/0] conn(0x7fca28078ca0 0x7fca28113790 unknown :-1 s=BANNER_CONNECTING pgs=0 cs=0 l=1 rev1=0 crypto rx=0 tx=0 comp rx=0 tx=0)._handle_peer_banner_payload supported=3 required=0
2024-03-12T05:46:03.709 INFO:teuthology.orchestra.run.smithi098.stdout:/usr/bin/ceph: stderr
2024-03-12T05:45:58.516+0000 7fca2cc01700 1 --2- >> [v2:172.21.15.98:3300/0,v1:172.21.15.98:6789/0] conn(0x7fca28078ca0 0x7fca28113790 unknown :-1 s=HELLO_CONNECTING pgs=0 cs=0 l=1 rev1=1 crypto rx=0 tx=0 comp rx=0 tx=0).handle_hello peer v2:172.21.15.98:3300/0 says I am v2:172.21.15.98:57694/0 (socket says 172.21.15.98:57694)
2024-03-12T05:46:03.709 INFO:teuthology.orchestra.run.smithi098.stdout:/usr/bin/ceph: stderr
2024-03-12T05:45:58.516+0000 7fca2cc01700 1 -- 172.21.15.98:0/2920065058 learned_addr learned my addr 172.21.15.98:0/2920065058 (peer_addr_for_me v2:172.21.15.98:0/0)
2024-03-12T05:46:03.709 INFO:teuthology.orchestra.run.smithi098.stdout:/usr/bin/ceph: stderr
2024-03-12T05:45:58.516+0000 7fca2cc01700 1 -- 172.21.15.98:0/2920065058 --> [v2:172.21.15.98:3300/0,v1:172.21.15.98:6789/0] -- mon_subscribe({config=0+,monmap=0+}) v3 -- 0x7fca1c0094f0 con 0x7fca28078ca0
2024-03-12T05:46:03.709 INFO:teuthology.orchestra.run.smithi098.stdout:/usr/bin/ceph: stderr
2024-03-12T05:45:58.516+0000 7fca2cc01700 1 --2- 172.21.15.98:0/2920065058 >> [v2:172.21.15.98:3300/0,v1:172.21.15.98:6789/0] conn(0x7fca28078ca0 0x7fca28113790 secure :-1 s=READY pgs=29 cs=0 l=1 rev1=1 crypto rx=0x7fca1c003050 tx=0x7fca1c009250 comp rx=0 tx=0).ready entity=mon.0 client_cookie=0 server_cookie=0 in_seq=0 out_seq=0
2024-03-12T05:46:03.709 INFO:teuthology.orchestra.run.smithi098.stdout:/usr/bin/ceph: stderr
2024-03-12T05:45:58.517+0000 7fca257fa700 1 -- 172.21.15.98:0/2920065058 <== mon.0 v2:172.21.15.98:3300/0 1 ==== mon_map magic: 0 v1 ==== 229+0+0 (secure 0 0 0) 0x7fca1c010760 con 0x7fca28078ca0
2024-03-12T05:46:03.709 INFO:teuthology.orchestra.run.smithi098.stdout:/usr/bin/ceph: stderr
2024-03-12T05:45:58.517+0000 7fca257fa700 1 -- 172.21.15.98:0/2920065058 <== mon.0 v2:172.21.15.98:3300/0 2 ==== config(27 keys) v1 ==== 1044+0+0 (secure 0 0 0) 0x7fca1c010d50 con 0x7fca28078ca0
2024-03-12T05:46:03.709 INFO:teuthology.orchestra.run.smithi098.stdout:/usr/bin/ceph: stderr
2024-03-12T05:45:58.517+0000 7fca257fa700 1 -- 172.21.15.98:0/2920065058 <== mon.0 v2:172.21.15.98:3300/0 3 ==== mon_map magic: 0 v1 ==== 229+0+0 (secure 0 0 0) 0x7fca1c01ae20 con 0x7fca28078ca0
2024-03-12T05:46:03.709 INFO:teuthology.orchestra.run.smithi098.stdout:/usr/bin/ceph: stderr
2024-03-12T05:45:58.517+0000 7fca2ee65700 1 -- 172.21.15.98:0/2920065058 --> [v2:172.21.15.98:3300/0,v1:172.21.15.98:6789/0] -- mon_subscribe({mgrmap=0+}) v3 -- 0x7fca28113ed0 con 0x7fca28078ca0
2024-03-12T05:46:03.709 INFO:teuthology.orchestra.run.smithi098.stdout:/usr/bin/ceph: stderr
2024-03-12T05:45:58.517+0000 7fca2ee65700 1 -- 172.21.15.98:0/2920065058 --> [v2:172.21.15.98:3300/0,v1:172.21.15.98:6789/0] -- mon_subscribe({osdmap=0}) v3 -- 0x7fca28114b70 con 0x7fca28078ca0
2024-03-12T05:46:03.709 INFO:teuthology.orchestra.run.smithi098.stdout:/usr/bin/ceph: stderr
2024-03-12T05:45:58.518+0000 7fca257fa700 1 -- 172.21.15.98:0/2920065058 <== mon.0 v2:172.21.15.98:3300/0 4 ==== mgrmap(e 5) v1 ==== 43368+0+0 (secure 0 0 0) 0x7fca1c0108c0 con 0x7fca28078ca0
2024-03-12T05:46:03.709 INFO:teuthology.orchestra.run.smithi098.stdout:/usr/bin/ceph: stderr
2024-03-12T05:45:58.518+0000 7fca257fa700 1 --2- 172.21.15.98:0/2920065058 >> [v2:172.21.15.98:6800/1718087439,v1:172.21.15.98:6801/1718087439] conn(0x7fca18036770 0x7fca18038c20 unknown :-1 s=NONE pgs=0 cs=0 l=1 rev1=0 crypto rx=0 tx=0 comp rx=0 tx=0).connect
2024-03-12T05:46:03.709 INFO:teuthology.orchestra.run.smithi098.stdout:/usr/bin/ceph: stderr
2024-03-12T05:45:58.518+0000 7fca2ee65700 1 -- 172.21.15.98:0/2920065058 --> [v2:172.21.15.98:6800/1718087439,v1:172.21.15.98:6801/1718087439] -- command(tid 0: {"prefix": "get_command_descriptions"}) v1 -- 0x7fca2805f5c0 con 0x7fca18036770
2024-03-12T05:46:03.709 INFO:teuthology.orchestra.run.smithi098.stdout:/usr/bin/ceph: stderr
2024-03-12T05:45:58.518+0000 7fca257fa700 1 -- 172.21.15.98:0/2920065058 <== mon.0 v2:172.21.15.98:3300/0 5 ==== osd_map(1..1 src has 1..1) v4 ==== 721+0+0 (secure 0 0 0) 0x7fca1c04a530 con 0x7fca28078ca0
2024-03-12T05:46:03.709 INFO:teuthology.orchestra.run.smithi098.stdout:/usr/bin/ceph: stderr
2024-03-12T05:45:58.518+0000 7fca27fff700 1 -- 172.21.15.98:0/2920065058 >> [v2:172.21.15.98:6800/1718087439,v1:172.21.15.98:6801/1718087439] conn(0x7fca18036770 msgr2=0x7fca18038c20 unknown :-1 s=STATE_CONNECTING_RE l=1).process reconnect failed to v2:172.21.15.98:6800/1718087439
2024-03-12T05:46:03.710 INFO:teuthology.orchestra.run.smithi098.stdout:/usr/bin/ceph: stderr
2024-03-12T05:45:58.518+0000 7fca27fff700 1 --2- 172.21.15.98:0/2920065058 >> [v2:172.21.15.98:6800/1718087439,v1:172.21.15.98:6801/1718087439] conn(0x7fca18036770 0x7fca18038c20 unknown :-1 s=START_CONNECT pgs=0 cs=0 l=1 rev1=0 crypto rx=0 tx=0 comp rx=0 tx=0)._fault waiting 0.200000
2024-03-12T05:46:03.710 INFO:teuthology.orchestra.run.smithi098.stdout:/usr/bin/ceph: stderr
2024-03-12T05:45:58.719+0000 7fca27fff700 1 -- 172.21.15.98:0/2920065058 >> [v2:172.21.15.98:6800/1718087439,v1:172.21.15.98:6801/1718087439] conn(0x7fca18036770 msgr2=0x7fca18038c20 unknown :-1 s=STATE_CONNECTING_RE l=1).process reconnect failed to v2:172.21.15.98:6800/1718087439
2024-03-12T05:46:03.710 INFO:teuthology.orchestra.run.smithi098.stdout:/usr/bin/ceph: stderr
2024-03-12T05:45:58.719+0000 7fca27fff700 1 --2- 172.21.15.98:0/2920065058 >> [v2:172.21.15.98:6800/1718087439,v1:172.21.15.98:6801/1718087439] conn(0x7fca18036770 0x7fca18038c20 unknown :-1 s=START_CONNECT pgs=0 cs=0 l=1 rev1=0 crypto rx=0 tx=0 comp rx=0 tx=0)._fault waiting 0.400000
2024-03-12T05:46:03.710 INFO:teuthology.orchestra.run.smithi098.stdout:/usr/bin/ceph: stderr
2024-03-12T05:45:59.120+0000 7fca27fff700 1 -- 172.21.15.98:0/2920065058 >> [v2:172.21.15.98:6800/1718087439,v1:172.21.15.98:6801/1718087439] conn(0x7fca18036770 msgr2=0x7fca18038c20 unknown :-1 s=STATE_CONNECTING_RE l=1).process reconnect failed to v2:172.21.15.98:6800/1718087439
2024-03-12T05:46:03.710 INFO:teuthology.orchestra.run.smithi098.stdout:/usr/bin/ceph: stderr
2024-03-12T05:45:59.120+0000 7fca27fff700 1 --2- 172.21.15.98:0/2920065058 >> [v2:172.21.15.98:6800/1718087439,v1:172.21.15.98:6801/1718087439] conn(0x7fca18036770 0x7fca18038c20 unknown :-1 s=START_CONNECT pgs=0 cs=0 l=1 rev1=0 crypto rx=0 tx=0 comp rx=0 tx=0)._fault waiting 0.800000
2024-03-12T05:46:03.710 INFO:teuthology.orchestra.run.smithi098.stdout:/usr/bin/ceph: stderr
2024-03-12T05:45:59.921+0000 7fca27fff700 1 -- 172.21.15.98:0/2920065058 >> [v2:172.21.15.98:6800/1718087439,v1:172.21.15.98:6801/1718087439] conn(0x7fca18036770 msgr2=0x7fca18038c20 unknown :-1 s=STATE_CONNECTING_RE l=1).process reconnect failed to v2:172.21.15.98:6800/1718087439
2024-03-12T05:46:03.710 INFO:teuthology.orchestra.run.smithi098.stdout:/usr/bin/ceph: stderr
2024-03-12T05:45:59.921+0000 7fca27fff700 1 --2- 172.21.15.98:0/2920065058 >> [v2:172.21.15.98:6800/1718087439,v1:172.21.15.98:6801/1718087439] conn(0x7fca18036770 0x7fca18038c20 unknown :-1 s=START_CONNECT pgs=0 cs=0 l=1 rev1=0 crypto rx=0 tx=0 comp rx=0 tx=0)._fault waiting 1.600000
2024-03-12T05:46:03.710 INFO:teuthology.orchestra.run.smithi098.stdout:/usr/bin/ceph: stderr
2024-03-12T05:46:01.522+0000 7fca27fff700 1 -- 172.21.15.98:0/2920065058 >> [v2:172.21.15.98:6800/1718087439,v1:172.21.15.98:6801/1718087439] conn(0x7fca18036770 msgr2=0x7fca18038c20 unknown :-1 s=STATE_CONNECTING_RE l=1).process reconnect failed to v2:172.21.15.98:6800/1718087439
2024-03-12T05:46:03.710 INFO:teuthology.orchestra.run.smithi098.stdout:/usr/bin/ceph: stderr
2024-03-12T05:46:01.522+0000 7fca27fff700 1 --2- 172.21.15.98:0/2920065058 >> [v2:172.21.15.98:6800/1718087439,v1:172.21.15.98:6801/1718087439] conn(0x7fca18036770 0x7fca18038c20 unknown :-1 s=START_CONNECT pgs=0 cs=0 l=1 rev1=0 crypto rx=0 tx=0 comp rx=0 tx=0)._fault waiting 3.200000
2024-03-12T05:46:03.710 INFO:teuthology.orchestra.run.smithi098.stdout:/usr/bin/ceph: stderr
2024-03-12T05:46:02.098+0000 7fca257fa700 1 -- 172.21.15.98:0/2920065058 <== mon.0 v2:172.21.15.98:3300/0 6 ==== mgrmap(e 6) v1 ==== 43135+0+0 (secure 0 0 0) 0x7fca1c02e440 con 0x7fca28078ca0
2024-03-12T05:46:03.710 INFO:teuthology.orchestra.run.smithi098.stdout:/usr/bin/ceph: stderr
2024-03-12T05:46:02.098+0000 7fca257fa700 1 -- 172.21.15.98:0/2920065058 >> [v2:172.21.15.98:6800/1718087439,v1:172.21.15.98:6801/1718087439] conn(0x7fca18036770 msgr2=0x7fca18038c20 unknown :-1 s=STATE_CONNECTING l=1).mark_down
2024-03-12T05:46:03.710 INFO:teuthology.orchestra.run.smithi098.stdout:/usr/bin/ceph: stderr
2024-03-12T05:46:02.098+0000 7fca257fa700 1 --2- 172.21.15.98:0/2920065058 >> [v2:172.21.15.98:6800/1718087439,v1:172.21.15.98:6801/1718087439] conn(0x7fca18036770 0x7fca18038c20 unknown :-1 s=START_CONNECT pgs=0 cs=0 l=1 rev1=0 crypto rx=0 tx=0 comp rx=0 tx=0).stop
2024-03-12T05:46:03.710 INFO:teuthology.orchestra.run.smithi098.stdout:/usr/bin/ceph: stderr
2024-03-12T05:46:03.099+0000 7fca257fa700 1 -- 172.21.15.98:0/2920065058 <== mon.0 v2:172.21.15.98:3300/0 7 ==== mgrmap(e 7) v1 ==== 43262+0+0 (secure 0 0 0) 0x7fca1c02dc70 con 0x7fca28078ca0
2024-03-12T05:46:03.710 INFO:teuthology.orchestra.run.smithi098.stdout:/usr/bin/ceph: stderr
2024-03-12T05:46:03.099+0000 7fca257fa700 1 --2- 172.21.15.98:0/2920065058 >> [v2:172.21.15.98:6800/3617973619,v1:172.21.15.98:6801/3617973619] conn(0x7fca18039e90 0x7fca1803c270 unknown :-1 s=NONE pgs=0 cs=0 l=1 rev1=0 crypto rx=0 tx=0 comp rx=0 tx=0).connect
2024-03-12T05:46:03.711 INFO:teuthology.orchestra.run.smithi098.stdout:/usr/bin/ceph: stderr
2024-03-12T05:46:03.099+0000 7fca257fa700 1 -- 172.21.15.98:0/2920065058 --> [v2:172.21.15.98:6800/3617973619,v1:172.21.15.98:6801/3617973619] -- command(tid 0: {"prefix": "get_command_descriptions"}) v1 -- 0x7fca2805f5c0 con 0x7fca18039e90
2024-03-12T05:46:03.711 INFO:teuthology.orchestra.run.smithi098.stdout:/usr/bin/ceph: stderr
2024-03-12T05:46:03.099+0000 7fca27fff700 1 --2- 172.21.15.98:0/2920065058 >> [v2:172.21.15.98:6800/3617973619,v1:172.21.15.98:6801/3617973619] conn(0x7fca18039e90 0x7fca1803c270 unknown :-1 s=BANNER_CONNECTING pgs=0 cs=0 l=1 rev1=0 crypto rx=0 tx=0 comp rx=0 tx=0)._handle_peer_banner_payload supported=3 required=0
2024-03-12T05:46:03.711 INFO:teuthology.orchestra.run.smithi098.stdout:/usr/bin/ceph: stderr
2024-03-12T05:46:03.100+0000 7fca27fff700 1 --2- 172.21.15.98:0/2920065058 >> [v2:172.21.15.98:6800/3617973619,v1:172.21.15.98:6801/3617973619] conn(0x7fca18039e90 0x7fca1803c270 secure :-1 s=READY pgs=1 cs=0 l=1 rev1=1 crypto rx=0x7fca140039d0 tx=0x7fca14009350 comp rx=0 tx=0).ready entity=mgr.14120 client_cookie=0 server_cookie=0 in_seq=0 out_seq=0
2024-03-12T05:46:03.711 INFO:teuthology.orchestra.run.smithi098.stdout:/usr/bin/ceph: stderr
2024-03-12T05:46:03.101+0000 7fca257fa700 1 -- 172.21.15.98:0/2920065058 <== mgr.14120 v2:172.21.15.98:6800/3617973619 1 ==== command_reply(tid 0: 0 ) v1 ==== 8+0+6549 (secure 0 0 0) 0x7fca2805f5c0 con 0x7fca18039e90
2024-03-12T05:46:03.711 INFO:teuthology.orchestra.run.smithi098.stdout:/usr/bin/ceph: stderr
2024-03-12T05:46:03.106+0000 7fca2ee65700 1 -- 172.21.15.98:0/2920065058 --> [v2:172.21.15.98:6800/3617973619,v1:172.21.15.98:6801/3617973619] -- command(tid 1: {"prefix": "mgr_status"}) v1 -- 0x7fca28114360 con 0x7fca18039e90
2024-03-12T05:46:03.711 INFO:teuthology.orchestra.run.smithi098.stdout:/usr/bin/ceph: stderr
2024-03-12T05:46:03.107+0000 7fca257fa700 1 -- 172.21.15.98:0/2920065058 <== mgr.14120 v2:172.21.15.98:6800/3617973619 2 ==== command_reply(tid 1: 0 ) v1 ==== 8+0+51 (secure 0 0 0) 0x7fca28114360 con 0x7fca18039e90
2024-03-12T05:46:03.711 INFO:teuthology.orchestra.run.smithi098.stdout:/usr/bin/ceph: stderr
2024-03-12T05:46:03.107+0000 7fca2ee65700 1 -- 172.21.15.98:0/2920065058 >> [v2:172.21.15.98:6800/3617973619,v1:172.21.15.98:6801/3617973619] conn(0x7fca18039e90 msgr2=0x7fca1803c270 secure :-1 s=STATE_CONNECTION_ESTABLISHED l=1).mark_down
2024-03-12T05:46:03.711 INFO:teuthology.orchestra.run.smithi098.stdout:/usr/bin/ceph: stderr
2024-03-12T05:46:03.107+0000 7fca2ee65700 1 --2- 172.21.15.98:0/2920065058 >> [v2:172.21.15.98:6800/3617973619,v1:172.21.15.98:6801/3617973619] conn(0x7fca18039e90 0x7fca1803c270 secure :-1 s=READY pgs=1 cs=0 l=1 rev1=1 crypto rx=0x7fca140039d0 tx=0x7fca14009350 comp rx=0 tx=0).stop
2024-03-12T05:46:03.711 INFO:teuthology.orchestra.run.smithi098.stdout:/usr/bin/ceph: stderr
2024-03-12T05:46:03.107+0000 7fca2ee65700 1 -- 172.21.15.98:0/2920065058 >> [v2:172.21.15.98:3300/0,v1:172.21.15.98:6789/0] conn(0x7fca28078ca0 msgr2=0x7fca28113790 secure :-1 s=STATE_CONNECTION_ESTABLISHED l=1).mark_down
2024-03-12T05:46:03.711 INFO:teuthology.orchestra.run.smithi098.stdout:/usr/bin/ceph: stderr
2024-03-12T05:46:03.107+0000 7fca2ee65700 1 --2- 172.21.15.98:0/2920065058 >> [v2:172.21.15.98:3300/0,v1:172.21.15.98:6789/0] conn(0x7fca28078ca0 0x7fca28113790 secure :-1 s=READY pgs=29 cs=0 l=1 rev1=1 crypto rx=0x7fca1c003050 tx=0x7fca1c009250 comp rx=0 tx=0).stop
2024-03-12T05:46:03.711 INFO:teuthology.orchestra.run.smithi098.stdout:/usr/bin/ceph: stderr
2024-03-12T05:46:03.107+0000 7fca2ee65700 1 -- 172.21.15.98:0/2920065058 shutdown_connections
2024-03-12T05:46:03.711 INFO:teuthology.orchestra.run.smithi098.stdout:/usr/bin/ceph: stderr
2024-03-12T05:46:03.107+0000 7fca2ee65700 1 --2- 172.21.15.98:0/2920065058 >> [v2:172.21.15.98:6800/3617973619,v1:172.21.15.98:6801/3617973619] conn(0x7fca18039e90 0x7fca1803c270 unknown :-1 s=CLOSED pgs=1 cs=0 l=1 rev1=1 crypto rx=0 tx=0 comp rx=0 tx=0).stop
2024-03-12T05:46:03.711 INFO:teuthology.orchestra.run.smithi098.stdout:/usr/bin/ceph: stderr
2024-03-12T05:46:03.107+0000 7fca2ee65700 1 --2- 172.21.15.98:0/2920065058 >> [v2:172.21.15.98:3300/0,v1:172.21.15.98:6789/0] conn(0x7fca28078ca0 0x7fca28113790 unknown :-1 s=CLOSED pgs=29 cs=0 l=1 rev1=1 crypto rx=0 tx=0 comp rx=0 tx=0).stop
2024-03-12T05:46:03.711 INFO:teuthology.orchestra.run.smithi098.stdout:/usr/bin/ceph: stderr
2024-03-12T05:46:03.107+0000 7fca2ee65700 1 --2- 172.21.15.98:0/2920065058 >> [v2:172.21.15.98:6800/1718087439,v1:172.21.15.98:6801/1718087439] conn(0x7fca18036770 0x7fca18038c20 unknown :-1 s=CLOSED pgs=0 cs=0 l=1 rev1=0 crypto rx=0 tx=0 comp rx=0 tx=0).stop
2024-03-12T05:46:03.711 INFO:teuthology.orchestra.run.smithi098.stdout:/usr/bin/ceph: stderr
2024-03-12T05:46:03.107+0000 7fca2ee65700 1 -- 172.21.15.98:0/2920065058 >> 172.21.15.98:0/2920065058 conn(0x7fca280fdf00 msgr2=0x7fca280ff640 unknown :-1 s=STATE_NONE l=0).mark_down
2024-03-12T05:46:03.712 INFO:teuthology.orchestra.run.smithi098.stdout:/usr/bin/ceph: stderr
