2024-03-12T06:20:22.708+0000 7f1393e00700 1 --2- >> [v2:172.21.15.29:3300/0,v1:172.21.15.29:6789/0] conn(0x7f139407ce80 0x7f139419d670 unknown :-1 s=NONE pgs=0 cs=0 l=1 rev1=0 crypto rx=0 tx=0 comp rx=0 tx=0).connect
2024-03-12T06:20:23.749 INFO:teuthology.orchestra.run.smithi029.stdout:/usr/bin/ceph: stderr
2024-03-12T06:20:22.708+0000 7f1393e00700 1 -- --> [v2:172.21.15.29:3300/0,v1:172.21.15.29:6789/0] -- mon_getmap magic: 0 v1 -- 0x7f139419dbb0 con 0x7f139407ce80
2024-03-12T06:20:23.749 INFO:teuthology.orchestra.run.smithi029.stdout:/usr/bin/ceph: stderr
2024-03-12T06:20:22.708+0000 7f1392a00700 1 --2- >> [v2:172.21.15.29:3300/0,v1:172.21.15.29:6789/0] conn(0x7f139407ce80 0x7f139419d670 unknown :-1 s=BANNER_CONNECTING pgs=0 cs=0 l=1 rev1=0 crypto rx=0 tx=0 comp rx=0 tx=0)._handle_peer_banner_payload supported=3 required=0
2024-03-12T06:20:23.749 INFO:teuthology.orchestra.run.smithi029.stdout:/usr/bin/ceph: stderr
2024-03-12T06:20:22.708+0000 7f1392a00700 1 --2- >> [v2:172.21.15.29:3300/0,v1:172.21.15.29:6789/0] conn(0x7f139407ce80 0x7f139419d670 unknown :-1 s=HELLO_CONNECTING pgs=0 cs=0 l=1 rev1=1 crypto rx=0 tx=0 comp rx=0 tx=0).handle_hello peer v2:172.21.15.29:3300/0 says I am v2:172.21.15.29:48846/0 (socket says 172.21.15.29:48846)
2024-03-12T06:20:23.749 INFO:teuthology.orchestra.run.smithi029.stdout:/usr/bin/ceph: stderr
2024-03-12T06:20:22.708+0000 7f1392a00700 1 -- 172.21.15.29:0/2027878353 learned_addr learned my addr 172.21.15.29:0/2027878353 (peer_addr_for_me v2:172.21.15.29:0/0)
2024-03-12T06:20:23.749 INFO:teuthology.orchestra.run.smithi029.stdout:/usr/bin/ceph: stderr
2024-03-12T06:20:22.708+0000 7f1392a00700 1 -- 172.21.15.29:0/2027878353 --> [v2:172.21.15.29:3300/0,v1:172.21.15.29:6789/0] -- mon_subscribe({config=0+,monmap=0+}) v3 -- 0x7f1384009550 con 0x7f139407ce80
2024-03-12T06:20:23.749 INFO:teuthology.orchestra.run.smithi029.stdout:/usr/bin/ceph: stderr
2024-03-12T06:20:22.709+0000 7f1392a00700 1 --2- 172.21.15.29:0/2027878353 >> [v2:172.21.15.29:3300/0,v1:172.21.15.29:6789/0] conn(0x7f139407ce80 0x7f139419d670 secure :-1 s=READY pgs=23 cs=0 l=1 rev1=1 crypto rx=0x7f1384000c00 tx=0x7f1384011ca0 comp rx=0 tx=0).ready entity=mon.0 client_cookie=0 server_cookie=0 in_seq=0 out_seq=0
2024-03-12T06:20:23.749 INFO:teuthology.orchestra.run.smithi029.stdout:/usr/bin/ceph: stderr
2024-03-12T06:20:22.709+0000 7f138b400700 1 -- 172.21.15.29:0/2027878353 <== mon.0 v2:172.21.15.29:3300/0 1 ==== mon_map magic: 0 v1 ==== 205+0+0 (secure 0 0 0) 0x7f13840039c0 con 0x7f139407ce80
2024-03-12T06:20:23.750 INFO:teuthology.orchestra.run.smithi029.stdout:/usr/bin/ceph: stderr
2024-03-12T06:20:22.709+0000 7f138b400700 1 -- 172.21.15.29:0/2027878353 <== mon.0 v2:172.21.15.29:3300/0 2 ==== config(29 keys) v1 ==== 1178+0+0 (secure 0 0 0) 0x7f1384011e90 con 0x7f139407ce80
2024-03-12T06:20:23.750 INFO:teuthology.orchestra.run.smithi029.stdout:/usr/bin/ceph: stderr
2024-03-12T06:20:22.709+0000 7f1393e00700 1 -- 172.21.15.29:0/2027878353 --> [v2:172.21.15.29:3300/0,v1:172.21.15.29:6789/0] -- mon_subscribe({mgrmap=0+}) v3 -- 0x7f139419ddb0 con 0x7f139407ce80
2024-03-12T06:20:23.750 INFO:teuthology.orchestra.run.smithi029.stdout:/usr/bin/ceph: stderr
2024-03-12T06:20:22.709+0000 7f138b400700 1 -- 172.21.15.29:0/2027878353 <== mon.0 v2:172.21.15.29:3300/0 3 ==== mon_map magic: 0 v1 ==== 205+0+0 (secure 0 0 0) 0x7f138401a5c0 con 0x7f139407ce80
2024-03-12T06:20:23.750 INFO:teuthology.orchestra.run.smithi029.stdout:/usr/bin/ceph: stderr
2024-03-12T06:20:22.709+0000 7f1393e00700 1 -- 172.21.15.29:0/2027878353 --> [v2:172.21.15.29:3300/0,v1:172.21.15.29:6789/0] -- mon_subscribe({osdmap=0}) v3 -- 0x7f139419e250 con 0x7f139407ce80
2024-03-12T06:20:23.750 INFO:teuthology.orchestra.run.smithi029.stdout:/usr/bin/ceph: stderr
2024-03-12T06:20:22.710+0000 7f138b400700 1 -- 172.21.15.29:0/2027878353 <== mon.0 v2:172.21.15.29:3300/0 4 ==== mgrmap(e 4) v1 ==== 45758+0+0 (secure 0 0 0) 0x7f138401a880 con 0x7f139407ce80
2024-03-12T06:20:23.750 INFO:teuthology.orchestra.run.smithi029.stdout:/usr/bin/ceph: stderr
2024-03-12T06:20:22.710+0000 7f1393e00700 1 -- 172.21.15.29:0/2027878353 --> [v2:172.21.15.29:3300/0,v1:172.21.15.29:6789/0] -- mon_command({"prefix": "get_command_descriptions"} v 0) v1 -- 0x7f139410db50 con 0x7f139407ce80
2024-03-12T06:20:23.750 INFO:teuthology.orchestra.run.smithi029.stdout:/usr/bin/ceph: stderr
2024-03-12T06:20:22.711+0000 7f138b400700 1 --2- 172.21.15.29:0/2027878353 >> [v2:172.21.15.29:6800/1296656544,v1:172.21.15.29:6801/1296656544] conn(0x7f1378038cb0 0x7f137803b170 unknown :-1 s=NONE pgs=0 cs=0 l=1 rev1=0 crypto rx=0 tx=0 comp rx=0 tx=0).connect
2024-03-12T06:20:23.750 INFO:teuthology.orchestra.run.smithi029.stdout:/usr/bin/ceph: stderr
2024-03-12T06:20:22.711+0000 7f138b400700 1 -- 172.21.15.29:0/2027878353 <== mon.0 v2:172.21.15.29:3300/0 5 ==== osd_map(1..1 src has 1..1) v4 ==== 725+0+0 (secure 0 0 0) 0x7f138404c8c0 con 0x7f139407ce80
2024-03-12T06:20:23.750 INFO:teuthology.orchestra.run.smithi029.stdout:/usr/bin/ceph: stderr
2024-03-12T06:20:22.711+0000 7f1392000700 1 --2- 172.21.15.29:0/2027878353 >> [v2:172.21.15.29:6800/1296656544,v1:172.21.15.29:6801/1296656544] conn(0x7f1378038cb0 0x7f137803b170 unknown :-1 s=BANNER_CONNECTING pgs=0 cs=0 l=1 rev1=0 crypto rx=0 tx=0 comp rx=0 tx=0)._handle_peer_banner_payload supported=3 required=0
2024-03-12T06:20:23.750 INFO:teuthology.orchestra.run.smithi029.stdout:/usr/bin/ceph: stderr
2024-03-12T06:20:22.712+0000 7f1392000700 1 --2- 172.21.15.29:0/2027878353 >> [v2:172.21.15.29:6800/1296656544,v1:172.21.15.29:6801/1296656544] conn(0x7f1378038cb0 0x7f137803b170 secure :-1 s=READY pgs=8 cs=0 l=1 rev1=1 crypto rx=0x7f1380006fd0 tx=0x7f1380006e40 comp rx=0 tx=0).ready entity=mgr.14100 client_cookie=0 server_cookie=0 in_seq=0 out_seq=0
2024-03-12T06:20:23.750 INFO:teuthology.orchestra.run.smithi029.stdout:/usr/bin/ceph: stderr
2024-03-12T06:20:22.717+0000 7f138b400700 1 -- 172.21.15.29:0/2027878353 <== mon.0 v2:172.21.15.29:3300/0 6 ==== mon_command_ack([{"prefix": "get_command_descriptions"}]=0 v0) v1 ==== 72+0+183564 (secure 0 0 0) 0x7f1384003b20 con 0x7f139407ce80
2024-03-12T06:20:23.750 INFO:teuthology.orchestra.run.smithi029.stdout:/usr/bin/ceph: stderr
2024-03-12T06:20:22.999+0000 7f1393e00700 1 -- 172.21.15.29:0/2027878353 --> [v2:172.21.15.29:3300/0,v1:172.21.15.29:6789/0] -- mon_command({"prefix": "mgr module enable", "module": "cephadm"} v 0) v1 -- 0x7f13941a1020 con 0x7f139407ce80
2024-03-12T06:20:23.750 INFO:teuthology.orchestra.run.smithi029.stdout:/usr/bin/ceph: stderr
2024-03-12T06:20:23.053+0000 7f138b400700 1 -- 172.21.15.29:0/2027878353 <== mon.0 v2:172.21.15.29:3300/0 7 ==== mon_command_ack([{"prefix": "mgr module enable", "module": "cephadm"}]=0 v5) v1 ==== 86+0+0 (secure 0 0 0) 0x7f1384018350 con 0x7f139407ce80
2024-03-12T06:20:23.750 INFO:teuthology.orchestra.run.smithi029.stdout:/usr/bin/ceph: stderr
2024-03-12T06:20:23.057+0000 7f1393e00700 1 -- 172.21.15.29:0/2027878353 >> [v2:172.21.15.29:6800/1296656544,v1:172.21.15.29:6801/1296656544] conn(0x7f1378038cb0 msgr2=0x7f137803b170 secure :-1 s=STATE_CONNECTION_ESTABLISHED l=1).mark_down
2024-03-12T06:20:23.750 INFO:teuthology.orchestra.run.smithi029.stdout:/usr/bin/ceph: stderr
2024-03-12T06:20:23.057+0000 7f1393e00700 1 --2- 172.21.15.29:0/2027878353 >> [v2:172.21.15.29:6800/1296656544,v1:172.21.15.29:6801/1296656544] conn(0x7f1378038cb0 0x7f137803b170 secure :-1 s=READY pgs=8 cs=0 l=1 rev1=1 crypto rx=0x7f1380006fd0 tx=0x7f1380006e40 comp rx=0 tx=0).stop
2024-03-12T06:20:23.751 INFO:teuthology.orchestra.run.smithi029.stdout:/usr/bin/ceph: stderr
2024-03-12T06:20:23.057+0000 7f1393e00700 1 -- 172.21.15.29:0/2027878353 >> [v2:172.21.15.29:3300/0,v1:172.21.15.29:6789/0] conn(0x7f139407ce80 msgr2=0x7f139419d670 secure :-1 s=STATE_CONNECTION_ESTABLISHED l=1).mark_down
2024-03-12T06:20:23.751 INFO:teuthology.orchestra.run.smithi029.stdout:/usr/bin/ceph: stderr
2024-03-12T06:20:23.058+0000 7f1393e00700 1 --2- 172.21.15.29:0/2027878353 >> [v2:172.21.15.29:3300/0,v1:172.21.15.29:6789/0] conn(0x7f139407ce80 0x7f139419d670 secure :-1 s=READY pgs=23 cs=0 l=1 rev1=1 crypto rx=0x7f1384000c00 tx=0x7f1384011ca0 comp rx=0 tx=0).stop
2024-03-12T06:20:23.751 INFO:teuthology.orchestra.run.smithi029.stdout:/usr/bin/ceph: stderr
2024-03-12T06:20:23.058+0000 7f1393e00700 1 -- 172.21.15.29:0/2027878353 shutdown_connections
2024-03-12T06:20:23.751 INFO:teuthology.orchestra.run.smithi029.stdout:/usr/bin/ceph: stderr
2024-03-12T06:20:23.058+0000 7f1393e00700 1 --2- 172.21.15.29:0/2027878353 >> [v2:172.21.15.29:6800/1296656544,v1:172.21.15.29:6801/1296656544] conn(0x7f1378038cb0 0x7f137803b170 unknown :-1 s=CLOSED pgs=8 cs=0 l=1 rev1=1 crypto rx=0 tx=0 comp rx=0 tx=0).stop
2024-03-12T06:20:23.751 INFO:teuthology.orchestra.run.smithi029.stdout:/usr/bin/ceph: stderr
2024-03-12T06:20:23.058+0000 7f1393e00700 1 --2- 172.21.15.29:0/2027878353 >> [v2:172.21.15.29:3300/0,v1:172.21.15.29:6789/0] conn(0x7f139407ce80 0x7f139419d670 unknown :-1 s=CLOSED pgs=23 cs=0 l=1 rev1=1 crypto rx=0 tx=0 comp rx=0 tx=0).stop
2024-03-12T06:20:23.751 INFO:teuthology.orchestra.run.smithi029.stdout:/usr/bin/ceph: stderr
2024-03-12T06:20:23.058+0000 7f1393e00700 1 -- 172.21.15.29:0/2027878353 >> 172.21.15.29:0/2027878353 conn(0x7f1394102c40 msgr2=0x7f13941037d0 unknown :-1 s=STATE_NONE l=0).mark_down
2024-03-12T06:20:23.751 INFO:teuthology.orchestra.run.smithi029.stdout:/usr/bin/ceph: stderr
2024-03-12T06:20:23.059+0000 7f1393e00700 1 -- 172.21.15.29:0/2027878353 shutdown_connections
2024-03-12T06:20:23.751 INFO:teuthology.orchestra.run.smithi029.stdout:/usr/bin/ceph: stderr
2024-03-12T06:20:23.059+0000 7f1393e00700 1 -- 172.21.15.29:0/2027878353 wait complete.
2024-03-12T06:20:24.035 INFO:journalctl@ceph.mgr.x.smithi029.stdout:Mar 12 06:20:23 smithi029 ceph-5d592c6e-e038-11ee-95c8-87774f69a715-mgr-x[31627]:
2024-03-12T06:20:23.899+0000 7f5b4943d200 -1 mgr[py] Module osd_perf_query has missing NOTIFY_TYPES member
2024-03-12T06:20:24.331 INFO:journalctl@ceph.mon.a.smithi029.stdout:Mar 12 06:20:24 smithi029 ceph-mon[31403]: from='client.? 172.21.15.29:0/2027878353' entity='client.admin' cmd='[{"prefix": "mgr module enable", "module": "cephadm"}]': finished
2024-03-12T06:20:24.331 INFO:journalctl@ceph.mon.a.smithi029.stdout:Mar 12 06:20:24 smithi029 ceph-mon[31403]: mgrmap e5: x(active, since 5s)
2024-03-12T06:20:24.332 INFO:journalctl@ceph.mgr.x.smithi029.stdout:Mar 12 06:20:24 smithi029 ceph-5d592c6e-e038-11ee-95c8-87774f69a715-mgr-x[31627]:
2024-03-12T06:20:24.031+0000 7f5b4943d200 -1 mgr[py] Module snap_schedule has missing NOTIFY_TYPES member
2024-03-12T06:20:25.202 INFO:journalctl@ceph.mon.a.smithi029.stdout:Mar 12 06:20:25 smithi029 ceph-mon[31403]: from='client.? 172.21.15.29:0/1598645959' entity='client.admin' cmd=[{"prefix": "mgr stat"}]: dispatch
2024-03-12T06:20:25.202 INFO:journalctl@ceph.mgr.x.smithi029.stdout:Mar 12 06:20:24 smithi029 ceph-5d592c6e-e038-11ee-95c8-87774f69a715-mgr-x[31627]:
2024-03-12T06:20:24.888+0000 7f5b4943d200 -1 mgr[py] Module zabbix has missing NOTIFY_TYPES member
2024-03-12T06:20:25.202 INFO:journalctl@ceph.mgr.x.smithi029.stdout:Mar 12 06:20:25 smithi029 ceph-5d592c6e-e038-11ee-95c8-87774f69a715-mgr-x[31627]:
2024-03-12T06:20:25.014+0000 7f5b4943d200 -1 mgr[py] Module balancer has missing NOTIFY_TYPES member
2024-03-12T06:20:25.618 INFO:journalctl@ceph.mgr.x.smithi029.stdout:Mar 12 06:20:25 smithi029 ceph-5d592c6e-e038-11ee-95c8-87774f69a715-mgr-x[31627]:
2024-03-12T06:20:25.198+0000 7f5b4943d200 -1 mgr[py] Module influx has missing NOTIFY_TYPES member
2024-03-12T06:20:25.618 INFO:journalctl@ceph.mgr.x.smithi029.stdout:Mar 12 06:20:25 smithi029 ceph-5d592c6e-e038-11ee-95c8-87774f69a715-mgr-x[31627]:
2024-03-12T06:20:25.329+0000 7f5b4943d200 -1 mgr[py] Module alerts has missing NOTIFY_TYPES member
2024-03-12T06:20:25.618 INFO:journalctl@ceph.mgr.x.smithi029.stdout:Mar 12 06:20:25 smithi029 ceph-5d592c6e-e038-11ee-95c8-87774f69a715-mgr-x[31627]:
2024-03-12T06:20:25.443+0000 7f5b4943d200 -1 mgr[py] Module iostat has missing NOTIFY_TYPES member
2024-03-12T06:20:25.626 INFO:teuthology.orchestra.run.smithi029.stdout:/usr/bin/ceph: stdout {
2024-03-12T06:20:25.627 INFO:teuthology.orchestra.run.smithi029.stdout:/usr/bin/ceph: stdout "epoch": 5,
2024-03-12T06:20:25.627 INFO:teuthology.orchestra.run.smithi029.stdout:/usr/bin/ceph: stdout "available": true,
2024-03-12T06:20:25.627 INFO:teuthology.orchestra.run.smithi029.stdout:/usr/bin/ceph: stdout "active_name": "x",
2024-03-12T06:20:25.627 INFO:teuthology.orchestra.run.smithi029.stdout:/usr/bin/ceph: stdout "num_standby": 0
2024-03-12T06:20:25.628 INFO:teuthology.orchestra.run.smithi029.stdout:/usr/bin/ceph: stdout }
2024-03-12T06:20:25.628 INFO:teuthology.orchestra.run.smithi029.stdout:/usr/bin/ceph: stderr
2024-03-12T06:20:24.327+0000 7f78cf200700 1 Processor -- start
2024-03-12T06:20:25.628 INFO:teuthology.orchestra.run.smithi029.stdout:/usr/bin/ceph: stderr
2024-03-12T06:20:24.328+0000 7f78cf200700 1 -- start start
2024-03-12T06:20:25.629 INFO:teuthology.orchestra.run.smithi029.stdout:/usr/bin/ceph: stderr
2024-03-12T06:20:24.328+0000 7f78cf200700 1 --2- >> [v2:172.21.15.29:3300/0,v1:172.21.15.29:6789/0] conn(0x7f78d01080c0 0x7f78d010a4b0 unknown :-1 s=NONE pgs=0 cs=0 l=0 rev1=0 crypto rx=0 tx=0 comp rx=0 tx=0).connect
2024-03-12T06:20:25.629 INFO:teuthology.orchestra.run.smithi029.stdout:/usr/bin/ceph: stderr
2024-03-12T06:20:24.328+0000 7f78cf200700 1 -- --> [v2:172.21.15.29:3300/0,v1:172.21.15.29:6789/0] -- mon_getmap magic: 0 v1 -- 0x7f78d007aeb0 con 0x7f78d01080c0
2024-03-12T06:20:25.629 INFO:teuthology.orchestra.run.smithi029.stdout:/usr/bin/ceph: stderr
2024-03-12T06:20:24.329+0000 7f78cde00700 1 --2- >> [v2:172.21.15.29:3300/0,v1:172.21.15.29:6789/0] conn(0x7f78d01080c0 0x7f78d010a4b0 unknown :-1 s=BANNER_CONNECTING pgs=0 cs=0 l=0 rev1=0 crypto rx=0 tx=0 comp rx=0 tx=0)._handle_peer_banner_payload supported=3 required=0
2024-03-12T06:20:25.629 INFO:teuthology.orchestra.run.smithi029.stdout:/usr/bin/ceph: stderr
2024-03-12T06:20:24.329+0000 7f78cde00700 1 --2- >> [v2:172.21.15.29:3300/0,v1:172.21.15.29:6789/0] conn(0x7f78d01080c0 0x7f78d010a4b0 unknown :-1 s=HELLO_CONNECTING pgs=0 cs=0 l=0 rev1=1 crypto rx=0 tx=0 comp rx=0 tx=0).handle_hello peer v2:172.21.15.29:3300/0 says I am v2:172.21.15.29:48878/0 (socket says 172.21.15.29:48878)
2024-03-12T06:20:25.629 INFO:teuthology.orchestra.run.smithi029.stdout:/usr/bin/ceph: stderr
2024-03-12T06:20:24.329+0000 7f78cde00700 1 -- 172.21.15.29:0/448615007 learned_addr learned my addr 172.21.15.29:0/448615007 (peer_addr_for_me v2:172.21.15.29:0/0)
2024-03-12T06:20:25.629 INFO:teuthology.orchestra.run.smithi029.stdout:/usr/bin/ceph: stderr
2024-03-12T06:20:24.329+0000 7f78cde00700 1 -- 172.21.15.29:0/448615007 --> [v2:172.21.15.29:3300/0,v1:172.21.15.29:6789/0] -- mon_subscribe({config=0+,monmap=0+}) v3 -- 0x7f78d010a9f0 con 0x7f78d01080c0
2024-03-12T06:20:25.631 INFO:teuthology.orchestra.run.smithi029.stdout:/usr/bin/ceph: stderr
2024-03-12T06:20:24.329+0000 7f78cde00700 1 --2- 172.21.15.29:0/448615007 >> [v2:172.21.15.29:3300/0,v1:172.21.15.29:6789/0] conn(0x7f78d01080c0 0x7f78d010a4b0 secure :-1 s=READY pgs=26 cs=0 l=1 rev1=1 crypto rx=0x7f78c00098a0 tx=0x7f78c0009bb0 comp rx=0 tx=0).ready entity=mon.0 client_cookie=68a988cd82046781 server_cookie=0 in_seq=0 out_seq=0
2024-03-12T06:20:25.631 INFO:teuthology.orchestra.run.smithi029.stdout:/usr/bin/ceph: stderr
2024-03-12T06:20:24.330+0000 7f78cca00700 1 -- 172.21.15.29:0/448615007 <== mon.0 v2:172.21.15.29:3300/0 1 ==== mon_map magic: 0 v1 ==== 205+0+0 (secure 0 0 0) 0x7f78c0004160 con 0x7f78d01080c0
2024-03-12T06:20:25.631 INFO:teuthology.orchestra.run.smithi029.stdout:/usr/bin/ceph: stderr
2024-03-12T06:20:24.330+0000 7f78cca00700 1 -- 172.21.15.29:0/448615007 <== mon.0 v2:172.21.15.29:3300/0 2 ==== config(29 keys) v1 ==== 1178+0+0 (secure 0 0 0) 0x7f78c00042c0 con 0x7f78d01080c0
2024-03-12T06:20:25.631 INFO:teuthology.orchestra.run.smithi029.stdout:/usr/bin/ceph: stderr
2024-03-12T06:20:24.330+0000 7f78cca00700 1 -- 172.21.15.29:0/448615007 <== mon.0 v2:172.21.15.29:3300/0 3 ==== mon_map magic: 0 v1 ==== 205+0+0 (secure 0 0 0) 0x7f78c0011c20 con 0x7f78d01080c0
2024-03-12T06:20:25.631 INFO:teuthology.orchestra.run.smithi029.stdout:/usr/bin/ceph: stderr
2024-03-12T06:20:24.331+0000 7f78cf200700 1 -- 172.21.15.29:0/448615007 >> [v2:172.21.15.29:3300/0,v1:172.21.15.29:6789/0] conn(0x7f78d01080c0 msgr2=0x7f78d010a4b0 secure :-1 s=STATE_CONNECTION_ESTABLISHED l=1).mark_down
2024-03-12T06:20:25.632 INFO:teuthology.orchestra.run.smithi029.stdout:/usr/bin/ceph: stderr
2024-03-12T06:20:24.331+0000 7f78cf200700 1 --2- 172.21.15.29:0/448615007 >> [v2:172.21.15.29:3300/0,v1:172.21.15.29:6789/0] conn(0x7f78d01080c0 0x7f78d010a4b0 secure :-1 s=READY pgs=26 cs=0 l=1 rev1=1 crypto rx=0x7f78c00098a0 tx=0x7f78c0009bb0 comp rx=0 tx=0).stop
2024-03-12T06:20:25.632 INFO:teuthology.orchestra.run.smithi029.stdout:/usr/bin/ceph: stderr
2024-03-12T06:20:24.331+0000 7f78cf200700 1 -- 172.21.15.29:0/448615007 shutdown_connections
2024-03-12T06:20:25.632 INFO:teuthology.orchestra.run.smithi029.stdout:/usr/bin/ceph: stderr
2024-03-12T06:20:24.331+0000 7f78cf200700 1 --2- 172.21.15.29:0/448615007 >> [v2:172.21.15.29:3300/0,v1:172.21.15.29:6789/0] conn(0x7f78d01080c0 0x7f78d010a4b0 unknown :-1 s=CLOSED pgs=26 cs=0 l=1 rev1=1 crypto rx=0 tx=0 comp rx=0 tx=0).stop
2024-03-12T06:20:25.632 INFO:teuthology.orchestra.run.smithi029.stdout:/usr/bin/ceph: stderr
2024-03-12T06:20:24.331+0000 7f78cf200700 1 -- 172.21.15.29:0/448615007 >> 172.21.15.29:0/448615007 conn(0x7f78d0101b70 msgr2=0x7f78d0103f90 unknown :-1 s=STATE_NONE l=0).mark_down
2024-03-12T06:20:25.632 INFO:teuthology.orchestra.run.smithi029.stdout:/usr/bin/ceph: stderr
2024-03-12T06:20:24.331+0000 7f78cf200700 1 -- 172.21.15.29:0/448615007 shutdown_connections
2024-03-12T06:20:25.632 INFO:teuthology.orchestra.run.smithi029.stdout:/usr/bin/ceph: stderr
2024-03-12T06:20:24.331+0000 7f78cf200700 1 -- 172.21.15.29:0/448615007 wait complete.
2024-03-12T06:20:25.632 INFO:teuthology.orchestra.run.smithi029.stdout:/usr/bin/ceph: stderr
2024-03-12T06:20:24.332+0000 7f78cf200700 1 Processor -- start
2024-03-12T06:20:25.632 INFO:teuthology.orchestra.run.smithi029.stdout:/usr/bin/ceph: stderr
2024-03-12T06:20:24.332+0000 7f78cf200700 1 -- start start
2024-03-12T06:20:25.632 INFO:teuthology.orchestra.run.smithi029.stdout:/usr/bin/ceph: stderr
2024-03-12T06:20:24.332+0000 7f78cf200700 1 --2- >> [v2:172.21.15.29:3300/0,v1:172.21.15.29:6789/0] conn(0x7f78d01080c0 0x7f78d019d700 unknown :-1 s=NONE pgs=0 cs=0 l=1 rev1=0 crypto rx=0 tx=0 comp rx=0 tx=0).connect
2024-03-12T06:20:25.632 INFO:teuthology.orchestra.run.smithi029.stdout:/usr/bin/ceph: stderr
2024-03-12T06:20:24.332+0000 7f78cf200700 1 -- --> [v2:172.21.15.29:3300/0,v1:172.21.15.29:6789/0] -- mon_getmap magic: 0 v1 -- 0x7f78d019dc40 con 0x7f78d01080c0
2024-03-12T06:20:25.632 INFO:teuthology.orchestra.run.smithi029.stdout:/usr/bin/ceph: stderr
2024-03-12T06:20:24.333+0000 7f78cde00700 1 --2- >> [v2:172.21.15.29:3300/0,v1:172.21.15.29:6789/0] conn(0x7f78d01080c0 0x7f78d019d700 unknown :-1 s=BANNER_CONNECTING pgs=0 cs=0 l=1 rev1=0 crypto rx=0 tx=0 comp rx=0 tx=0)._handle_peer_banner_payload supported=3 required=0
2024-03-12T06:20:25.636 INFO:teuthology.orchestra.run.smithi029.stdout:/usr/bin/ceph: stderr
2024-03-12T06:20:24.333+0000 7f78cde00700 1 --2- >> [v2:172.21.15.29:3300/0,v1:172.21.15.29:6789/0] conn(0x7f78d01080c0 0x7f78d019d700 unknown :-1 s=HELLO_CONNECTING pgs=0 cs=0 l=1 rev1=1 crypto rx=0 tx=0 comp rx=0 tx=0).handle_hello peer v2:172.21.15.29:3300/0 says I am v2:172.21.15.29:48892/0 (socket says 172.21.15.29:48892)
2024-03-12T06:20:25.636 INFO:teuthology.orchestra.run.smithi029.stdout:/usr/bin/ceph: stderr
2024-03-12T06:20:24.333+0000 7f78cde00700 1 -- 172.21.15.29:0/1598645959 learned_addr learned my addr 172.21.15.29:0/1598645959 (peer_addr_for_me v2:172.21.15.29:0/0)
2024-03-12T06:20:25.636 INFO:teuthology.orchestra.run.smithi029.stdout:/usr/bin/ceph: stderr
2024-03-12T06:20:24.333+0000 7f78cde00700 1 -- 172.21.15.29:0/1598645959 --> [v2:172.21.15.29:3300/0,v1:172.21.15.29:6789/0] -- mon_subscribe({config=0+,monmap=0+}) v3 -- 0x7f78c0009550 con 0x7f78d01080c0
2024-03-12T06:20:25.636 INFO:teuthology.orchestra.run.smithi029.stdout:/usr/bin/ceph: stderr
2024-03-12T06:20:24.333+0000 7f78cde00700 1 --2- 172.21.15.29:0/1598645959 >> [v2:172.21.15.29:3300/0,v1:172.21.15.29:6789/0] conn(0x7f78d01080c0 0x7f78d019d700 secure :-1 s=READY pgs=27 cs=0 l=1 rev1=1 crypto rx=0x7f78c0000c00 tx=0x7f78c0011ca0 comp rx=0 tx=0).ready entity=mon.0 client_cookie=0 server_cookie=0 in_seq=0 out_seq=0
2024-03-12T06:20:25.636 INFO:teuthology.orchestra.run.smithi029.stdout:/usr/bin/ceph: stderr
2024-03-12T06:20:24.334+0000 7f78c6a00700 1 -- 172.21.15.29:0/1598645959 <== mon.0 v2:172.21.15.29:3300/0 1 ==== mon_map magic: 0 v1 ==== 205+0+0 (secure 0 0 0) 0x7f78c00039c0 con 0x7f78d01080c0
2024-03-12T06:20:25.636 INFO:teuthology.orchestra.run.smithi029.stdout:/usr/bin/ceph: stderr
2024-03-12T06:20:24.334+0000 7f78c6a00700 1 -- 172.21.15.29:0/1598645959 <== mon.0 v2:172.21.15.29:3300/0 2 ==== config(29 keys) v1 ==== 1178+0+0 (secure 0 0 0) 0x7f78c0011e90 con 0x7f78d01080c0
2024-03-12T06:20:25.636 INFO:teuthology.orchestra.run.smithi029.stdout:/usr/bin/ceph: stderr
2024-03-12T06:20:24.334+0000 7f78c6a00700 1 -- 172.21.15.29:0/1598645959 <== mon.0 v2:172.21.15.29:3300/0 3 ==== mon_map magic: 0 v1 ==== 205+0+0 (secure 0 0 0) 0x7f78c001a5c0 con 0x7f78d01080c0
2024-03-12T06:20:25.636 INFO:teuthology.orchestra.run.smithi029.stdout:/usr/bin/ceph: stderr
2024-03-12T06:20:24.334+0000 7f78cf200700 1 -- 172.21.15.29:0/1598645959 --> [v2:172.21.15.29:3300/0,v1:172.21.15.29:6789/0] -- mon_subscribe({mgrmap=0+}) v3 -- 0x7f78d019de40 con 0x7f78d01080c0
2024-03-12T06:20:25.636 INFO:teuthology.orchestra.run.smithi029.stdout:/usr/bin/ceph: stderr
2024-03-12T06:20:24.334+0000 7f78cf200700 1 -- 172.21.15.29:0/1598645959 --> [v2:172.21.15.29:3300/0,v1:172.21.15.29:6789/0] -- mon_subscribe({osdmap=0}) v3 -- 0x7f78d019e2e0 con 0x7f78d01080c0
2024-03-12T06:20:25.636 INFO:teuthology.orchestra.run.smithi029.stdout:/usr/bin/ceph: stderr
2024-03-12T06:20:24.335+0000 7f78c6a00700 1 -- 172.21.15.29:0/1598645959 <== mon.0 v2:172.21.15.29:3300/0 4 ==== mgrmap(e 5) v1 ==== 45769+0+0 (secure 0 0 0) 0x7f78c0024440 con 0x7f78d01080c0
2024-03-12T06:20:25.637 INFO:teuthology.orchestra.run.smithi029.stdout:/usr/bin/ceph: stderr
2024-03-12T06:20:24.335+0000 7f78bbe00700 1 -- 172.21.15.29:0/1598645959 --> [v2:172.21.15.29:3300/0,v1:172.21.15.29:6789/0] -- mon_command({"prefix": "get_command_descriptions"} v 0) v1 -- 0x7f78a8005330 con 0x7f78d01080c0
2024-03-12T06:20:25.637 INFO:teuthology.orchestra.run.smithi029.stdout:/usr/bin/ceph: stderr
2024-03-12T06:20:24.336+0000 7f78c6a00700 1 --2- 172.21.15.29:0/1598645959 >> [v2:172.21.15.29:6800/1296656544,v1:172.21.15.29:6801/1296656544] conn(0x7f78b4038d60 0x7f78b403b220 unknown :-1 s=NONE pgs=0 cs=0 l=1 rev1=0 crypto rx=0 tx=0 comp rx=0 tx=0).connect
2024-03-12T06:20:25.637 INFO:teuthology.orchestra.run.smithi029.stdout:/usr/bin/ceph: stderr
2024-03-12T06:20:24.336+0000 7f78cd400700 1 -- 172.21.15.29:0/1598645959 >> [v2:172.21.15.29:6800/1296656544,v1:172.21.15.29:6801/1296656544] conn(0x7f78b4038d60 msgr2=0x7f78b403b220 unknown :-1 s=STATE_CONNECTING_RE l=1).process reconnect failed to v2:172.21.15.29:6800/1296656544
2024-03-12T06:20:25.637 INFO:teuthology.orchestra.run.smithi029.stdout:/usr/bin/ceph: stderr
2024-03-12T06:20:24.336+0000 7f78c6a00700 1 -- 172.21.15.29:0/1598645959 <== mon.0 v2:172.21.15.29:3300/0 5 ==== osd_map(1..1 src has 1..1) v4 ==== 725+0+0 (secure 0 0 0) 0x7f78c004c9a0 con 0x7f78d01080c0
2024-03-12T06:20:25.637 INFO:teuthology.orchestra.run.smithi029.stdout:/usr/bin/ceph: stderr
2024-03-12T06:20:24.336+0000 7f78cd400700 1 --2- 172.21.15.29:0/1598645959 >> [v2:172.21.15.29:6800/1296656544,v1:172.21.15.29:6801/1296656544] conn(0x7f78b4038d60 0x7f78b403b220 unknown :-1 s=START_CONNECT pgs=0 cs=0 l=1 rev1=0 crypto rx=0 tx=0 comp rx=0 tx=0)._fault waiting 0.200000
2024-03-12T06:20:25.637 INFO:teuthology.orchestra.run.smithi029.stdout:/usr/bin/ceph: stderr
2024-03-12T06:20:24.341+0000 7f78c6a00700 1 -- 172.21.15.29:0/1598645959 <== mon.0 v2:172.21.15.29:3300/0 6 ==== mon_command_ack([{"prefix": "get_command_descriptions"}]=0 v0) v1 ==== 72+0+183564 (secure 0 0 0) 0x7f78c00246f0 con 0x7f78d01080c0
2024-03-12T06:20:25.637 INFO:teuthology.orchestra.run.smithi029.stdout:/usr/bin/ceph: stderr
2024-03-12T06:20:24.537+0000 7f78cd400700 1 -- 172.21.15.29:0/1598645959 >> [v2:172.21.15.29:6800/1296656544,v1:172.21.15.29:6801/1296656544] conn(0x7f78b4038d60 msgr2=0x7f78b403b220 unknown :-1 s=STATE_CONNECTING_RE l=1).process reconnect failed to v2:172.21.15.29:6800/1296656544
2024-03-12T06:20:25.637 INFO:teuthology.orchestra.run.smithi029.stdout:/usr/bin/ceph: stderr
2024-03-12T06:20:24.537+0000 7f78cd400700 1 --2- 172.21.15.29:0/1598645959 >> [v2:172.21.15.29:6800/1296656544,v1:172.21.15.29:6801/1296656544] conn(0x7f78b4038d60 0x7f78b403b220 unknown :-1 s=START_CONNECT pgs=0 cs=0 l=1 rev1=0 crypto rx=0 tx=0 comp rx=0 tx=0)._fault waiting 0.400000
2024-03-12T06:20:25.637 INFO:teuthology.orchestra.run.smithi029.stdout:/usr/bin/ceph: stderr
2024-03-12T06:20:24.637+0000 7f78bbe00700 1 -- 172.21.15.29:0/1598645959 --> [v2:172.21.15.29:3300/0,v1:172.21.15.29:6789/0] -- mon_command({"prefix": "mgr stat"} v 0) v1 -- 0x7f78a8005df0 con 0x7f78d01080c0
2024-03-12T06:20:25.637 INFO:teuthology.orchestra.run.smithi029.stdout:/usr/bin/ceph: stderr
2024-03-12T06:20:24.637+0000 7f78c6a00700 1 -- 172.21.15.29:0/1598645959 <== mon.0 v2:172.21.15.29:3300/0 7 ==== mon_command_ack([{"prefix": "mgr stat"}]=0 v5) v1 ==== 56+0+88 (secure 0 0 0) 0x7f78c0018350 con 0x7f78d01080c0
2024-03-12T06:20:25.637 INFO:teuthology.orchestra.run.smithi029.stdout:/usr/bin/ceph: stderr
2024-03-12T06:20:24.641+0000 7f78bbe00700 1 -- 172.21.15.29:0/1598645959 >> [v2:172.21.15.29:6800/1296656544,v1:172.21.15.29:6801/1296656544] conn(0x7f78b4038d60 msgr2=0x7f78b403b220 unknown :-1 s=STATE_CONNECTING l=1).mark_down
2024-03-12T06:20:25.637 INFO:teuthology.orchestra.run.smithi029.stdout:/usr/bin/ceph: stderr
2024-03-12T06:20:24.641+0000 7f78bbe00700 1 --2- 172.21.15.29:0/1598645959 >> [v2:172.21.15.29:6800/1296656544,v1:172.21.15.29:6801/1296656544] conn(0x7f78b4038d60 0x7f78b403b220 unknown :-1 s=START_CONNECT pgs=0 cs=0 l=1 rev1=0 crypto rx=0 tx=0 comp rx=0 tx=0).stop
2024-03-12T06:20:25.637 INFO:teuthology.orchestra.run.smithi029.stdout:/usr/bin/ceph: stderr
2024-03-12T06:20:24.641+0000 7f78bbe00700 1 -- 172.21.15.29:0/1598645959 >> [v2:172.21.15.29:3300/0,v1:172.21.15.29:6789/0] conn(0x7f78d01080c0 msgr2=0x7f78d019d700 secure :-1 s=STATE_CONNECTION_ESTABLISHED l=1).mark_down
2024-03-12T06:20:25.637 INFO:teuthology.orchestra.run.smithi029.stdout:/usr/bin/ceph: stderr
2024-03-12T06:20:24.641+0000 7f78bbe00700 1 --2- 172.21.15.29:0/1598645959 >> [v2:172.21.15.29:3300/0,v1:172.21.15.29:6789/0] conn(0x7f78d01080c0 0x7f78d019d700 secure :-1 s=READY pgs=27 cs=0 l=1 rev1=1 crypto rx=0x7f78c0000c00 tx=0x7f78c0011ca0 comp rx=0 tx=0).stop
2024-03-12T06:20:25.638 INFO:teuthology.orchestra.run.smithi029.stdout:/usr/bin/ceph: stderr
2024-03-12T06:20:24.641+0000 7f78bbe00700 1 -- 172.21.15.29:0/1598645959 shutdown_connections
2024-03-12T06:20:25.638 INFO:teuthology.orchestra.run.smithi029.stdout:/usr/bin/ceph: stderr
2024-03-12T06:20:24.641+0000 7f78bbe00700 1 --2- 172.21.15.29:0/1598645959 >> [v2:172.21.15.29:6800/1296656544,v1:172.21.15.29:6801/1296656544] conn(0x7f78b4038d60 0x7f78b403b220 unknown :-1 s=CLOSED pgs=0 cs=0 l=1 rev1=0 crypto rx=0 tx=0 comp rx=0 tx=0).stop
2024-03-12T06:20:25.638 INFO:teuthology.orchestra.run.smithi029.stdout:/usr/bin/ceph: stderr
2024-03-12T06:20:24.641+0000 7f78bbe00700 1 --2- 172.21.15.29:0/1598645959 >> [v2:172.21.15.29:3300/0,v1:172.21.15.29:6789/0] conn(0x7f78d01080c0 0x7f78d019d700 unknown :-1 s=CLOSED pgs=27 cs=0 l=1 rev1=1 crypto rx=0 tx=0 comp rx=0 tx=0).stop
2024-03-12T06:20:25.638 INFO:teuthology.orchestra.run.smithi029.stdout:/usr/bin/ceph: stderr
2024-03-12T06:20:24.641+0000 7f78bbe00700 1 -- 172.21.15.29:0/1598645959 >> 172.21.15.29:0/1598645959 conn(0x7f78d0101b70 msgr2=0x7f78d0102640 unknown :-1 s=STATE_NONE l=0).mark_down
2024-03-12T06:20:25.638 INFO:teuthology.orchestra.run.smithi029.stdout:/usr/bin/ceph: stderr
2024-03-12T06:20:24.642+0000 7f78bbe00700 1 -- 172.21.15.29:0/1598645959 shutdown_connections
2024-03-12T06:20:25.638 INFO:teuthology.orchestra.run.smithi029.stdout:/usr/bin/ceph: stderr
2024-03-12T06:20:24.642+0000 7f78bbe00700 1 -- 172.21.15.29:0/1598645959 wait complete.
2024-03-12T06:20:25.638 INFO:teuthology.orchestra.run.smithi029.stdout:Waiting for the mgr to restart...
2024-03-12T06:20:25.638 INFO:teuthology.orchestra.run.smithi029.stdout:Waiting for mgr epoch 5...
2024-03-12T06:20:25.872 INFO:journalctl@ceph.mgr.x.smithi029.stdout:Mar 12 06:20:25 smithi029 ceph-5d592c6e-e038-11ee-95c8-87774f69a715-mgr-x[31627]:
2024-03-12T06:20:25.789+0000 7f5b4943d200 -1 mgr[py] Module rgw has missing NOTIFY_TYPES member
2024-03-12T06:20:26.200 INFO:journalctl@ceph.mgr.x.smithi029.stdout:Mar 12 06:20:25 smithi029 ceph-5d592c6e-e038-11ee-95c8-87774f69a715-mgr-x[31627]:
2024-03-12T06:20:25.945+0000 7f5b4943d200 -1 mgr[py] Module rbd_support has missing NOTIFY_TYPES member
2024-03-12T06:20:26.200 INFO:journalctl@ceph.mgr.x.smithi029.stdout:Mar 12 06:20:26 smithi029 ceph-5d592c6e-e038-11ee-95c8-87774f69a715-mgr-x[31627]:
2024-03-12T06:20:26.065+0000 7f5b4943d200 -1 mgr[py] Module progress has missing NOTIFY_TYPES member
2024-03-12T06:20:26.622 INFO:journalctl@ceph.mgr.x.smithi029.stdout:Mar 12 06:20:26 smithi029 ceph-5d592c6e-e038-11ee-95c8-87774f69a715-mgr-x[31627]:
2024-03-12T06:20:26.196+0000 7f5b4943d200 -1 mgr[py] Module pg_autoscaler has missing NOTIFY_TYPES member
2024-03-12T06:20:26.623 INFO:journalctl@ceph.mgr.x.smithi029.stdout:Mar 12 06:20:26 smithi029 ceph-5d592c6e-e038-11ee-95c8-87774f69a715-mgr-x[31627]:
2024-03-12T06:20:26.424+0000 7f5b4943d200 -1 mgr[py] Module devicehealth has missing NOTIFY_TYPES member
2024-03-12T06:20:27.948 INFO:journalctl@ceph.mgr.x.smithi029.stdout:Mar 12 06:20:27 smithi029 ceph-5d592c6e-e038-11ee-95c8-87774f69a715-mgr-x[31627]:
2024-03-12T06:20:27.763+0000 7f5b4943d200 -1 mgr[py] Module rook has missing NOTIFY_TYPES member
2024-03-12T06:20:27.949 INFO:journalctl@ceph.mgr.x.smithi029.stdout:Mar 12 06:20:27 smithi029 ceph-5d592c6e-e038-11ee-95c8-87774f69a715-mgr-x[31627]:
2024-03-12T06:20:27.945+0000 7f5b4943d200 -1 mgr[py] Module diskprediction_local has missing NOTIFY_TYPES member
2024-03-12T06:20:28.768 INFO:journalctl@ceph.mgr.x.smithi029.stdout:Mar 12 06:20:28 smithi029 ceph-5d592c6e-e038-11ee-95c8-87774f69a715-mgr-x[31627]:
2024-03-12T06:20:28.374+0000 7f5b4943d200 -1 mgr[py] Module selftest has missing NOTIFY_TYPES member
2024-03-12T06:20:28.768 INFO:journalctl@ceph.mgr.x.smithi029.stdout:Mar 12 06:20:28 smithi029 ceph-5d592c6e-e038-11ee-95c8-87774f69a715-mgr-x[31627]:
2024-03-12T06:20:28.498+0000 7f5b4943d200 -1 mgr[py] Module telegraf has missing NOTIFY_TYPES member
2024-03-12T06:20:29.020 INFO:journalctl@ceph.mgr.x.smithi029.stdout:Mar 12 06:20:28 smithi029 ceph-5d592c6e-e038-11ee-95c8-87774f69a715-mgr-x[31627]:
2024-03-12T06:20:28.764+0000 7f5b4943d200 -1 mgr[py] Module test_orchestrator has missing NOTIFY_TYPES member
2024-03-12T06:20:29.372 INFO:journalctl@ceph.mgr.x.smithi029.stdout:Mar 12 06:20:29 smithi029 ceph-5d592c6e-e038-11ee-95c8-87774f69a715-mgr-x[31627]:
2024-03-12T06:20:29.016+0000 7f5b4943d200 -1 mgr[py] Module crash has missing NOTIFY_TYPES member
2024-03-12T06:20:29.728 INFO:journalctl@ceph.mgr.x.smithi029.stdout:Mar 12 06:20:29 smithi029 ceph-5d592c6e-e038-11ee-95c8-87774f69a715-mgr-x[31627]:
2024-03-12T06:20:29.400+0000 7f5b4943d200 -1 mgr[py] Module orchestrator has missing NOTIFY_TYPES member
2024-03-12T06:20:30.040 INFO:journalctl@ceph.mgr.x.smithi029.stdout:Mar 12 06:20:29 smithi029 ceph-5d592c6e-e038-11ee-95c8-87774f69a715-mgr-x[31627]:
2024-03-12T06:20:29.724+0000 7f5b4943d200 -1 mgr[py] Module osd_support has missing NOTIFY_TYPES member
2024-03-12T06:20:30.373 INFO:journalctl@ceph.mgr.x.smithi029.stdout:Mar 12 06:20:30 smithi029 ceph-5d592c6e-e038-11ee-95c8-87774f69a715-mgr-x[31627]:
2024-03-12T06:20:30.036+0000 7f5b4943d200 -1 mgr[py] Module volumes has missing NOTIFY_TYPES member
2024-03-12T06:20:31.373 INFO:journalctl@ceph.mgr.x.smithi029.stdout:Mar 12 06:20:31 smithi029 ceph-5d592c6e-e038-11ee-95c8-87774f69a715-mgr-x[31627]:
2024-03-12T06:20:31.094+0000 7f5b4943d200 -1 mgr[py] Module telemetry has missing NOTIFY_TYPES member
2024-03-12T06:20:32.122 INFO:journalctl@ceph.mgr.x.smithi029.stdout:Mar 12 06:20:31 smithi029 ceph-5d592c6e-e038-11ee-95c8-87774f69a715-mgr-x[31627]:
2024-03-12T06:20:31.813+0000 7f5b4943d200 -1 mgr[py] Module prometheus has missing NOTIFY_TYPES member
2024-03-12T06:20:32.123 INFO:journalctl@ceph.mgr.x.smithi029.stdout:Mar 12 06:20:31 smithi029 ceph-5d592c6e-e038-11ee-95c8-87774f69a715-mgr-x[31627]:
2024-03-12T06:20:31.947+0000 7f5b4943d200 -1 mgr[py] Module status has missing NOTIFY_TYPES member
2024-03-12T06:20:32.623 INFO:journalctl@ceph.mgr.x.smithi029.stdout:Mar 12 06:20:32 smithi029 ceph-5d592c6e-e038-11ee-95c8-87774f69a715-mgr-x[31627]:
2024-03-12T06:20:32.237+0000 7f5b4943d200 -1 mgr[py] Module nfs has missing NOTIFY_TYPES member
2024-03-12T06:20:32.623 INFO:journalctl@ceph.mon.a.smithi029.stdout:Mar 12 06:20:32 smithi029 ceph-mon[31403]: Active manager daemon x restarted
2024-03-12T06:20:32.623 INFO:journalctl@ceph.mon.a.smithi029.stdout:Mar 12 06:20:32 smithi029 ceph-mon[31403]: Activating manager daemon x
2024-03-12T06:20:32.623 INFO:journalctl@ceph.mon.a.smithi029.stdout:Mar 12 06:20:32 smithi029 ceph-mon[31403]: osdmap e2: 0 total, 0 up, 0 in
2024-03-12T06:20:32.623 INFO:journalctl@ceph.mon.a.smithi029.stdout:Mar 12 06:20:32 smithi029 ceph-mon[31403]: mgrmap e6: x(active, starting, since 0.010999s)
2024-03-12T06:20:32.623 INFO:journalctl@ceph.mon.a.smithi029.stdout:Mar 12 06:20:32 smithi029 ceph-mon[31403]: from='mgr.14120 172.21.15.29:0/3467150582' entity='mgr.x' cmd=[{"prefix": "mon metadata", "id": "a"}]: dispatch
2024-03-12T06:20:32.623 INFO:journalctl@ceph.mon.a.smithi029.stdout:Mar 12 06:20:32 smithi029 ceph-mon[31403]: from='mgr.14120 172.21.15.29:0/3467150582' entity='mgr.x' cmd=[{"prefix": "mgr metadata", "who": "x", "id": "x"}]: dispatch
2024-03-12T06:20:32.623 INFO:journalctl@ceph.mon.a.smithi029.stdout:Mar 12 06:20:32 smithi029 ceph-mon[31403]: from='mgr.14120 172.21.15.29:0/3467150582' entity='mgr.x' cmd=[{"prefix": "mds metadata"}]: dispatch
2024-03-12T06:20:32.623 INFO:journalctl@ceph.mon.a.smithi029.stdout:Mar 12 06:20:32 smithi029 ceph-mon[31403]: from='mgr.14120 172.21.15.29:0/3467150582' entity='mgr.x' cmd=[{"prefix": "osd metadata"}]: dispatch
2024-03-12T06:20:32.623 INFO:journalctl@ceph.mon.a.smithi029.stdout:Mar 12 06:20:32 smithi029 ceph-mon[31403]: from='mgr.14120 172.21.15.29:0/3467150582' entity='mgr.x' cmd=[{"prefix": "mon metadata"}]: dispatch
2024-03-12T06:20:32.623 INFO:journalctl@ceph.mon.a.smithi029.stdout:Mar 12 06:20:32 smithi029 ceph-mon[31403]: Manager daemon x is now available
2024-03-12T06:20:33.623 INFO:journalctl@ceph.mon.a.smithi029.stdout:Mar 12 06:20:33 smithi029 ceph-mon[31403]: Found migration_current of "None". Setting to last migration.
2024-03-12T06:20:33.623 INFO:journalctl@ceph.mon.a.smithi029.stdout:Mar 12 06:20:33 smithi029 ceph-mon[31403]: from='mgr.14120 172.21.15.29:0/3467150582' entity='mgr.x'
2024-03-12T06:20:33.624 INFO:journalctl@ceph.mon.a.smithi029.stdout:Mar 12 06:20:33 smithi029 ceph-mon[31403]: from='mgr.14120 172.21.15.29:0/3467150582' entity='mgr.x'
2024-03-12T06:20:33.624 INFO:journalctl@ceph.mon.a.smithi029.stdout:Mar 12 06:20:33 smithi029 ceph-mon[31403]: from='mgr.14120 172.21.15.29:0/3467150582' entity='mgr.x' cmd=[{"prefix": "config dump", "format": "json"}]: dispatch
2024-03-12T06:20:33.624 INFO:journalctl@ceph.mon.a.smithi029.stdout:Mar 12 06:20:33 smithi029 ceph-mon[31403]: from='mgr.14120 172.21.15.29:0/3467150582' entity='mgr.x' cmd=[{"prefix": "config dump", "format": "json"}]: dispatch
2024-03-12T06:20:33.624 INFO:journalctl@ceph.mon.a.smithi029.stdout:Mar 12 06:20:33 smithi029 ceph-mon[31403]: from='mgr.14120 172.21.15.29:0/3467150582' entity='mgr.x' cmd=[{"prefix": "config dump", "format": "json"}]: dispatch
2024-03-12T06:20:33.624 INFO:journalctl@ceph.mon.a.smithi029.stdout:Mar 12 06:20:33 smithi029 ceph-mon[31403]: from='mgr.14120 172.21.15.29:0/3467150582' entity='mgr.x' cmd=[{"prefix":"config rm","who":"mgr","name":"mgr/rbd_support/x/mirror_snapshot_schedule"}]: dispatch
2024-03-12T06:20:33.624 INFO:journalctl@ceph.mon.a.smithi029.stdout:Mar 12 06:20:33 smithi029 ceph-mon[31403]: from='mgr.14120 172.21.15.29:0/3467150582' entity='mgr.x' cmd=[{"prefix":"config rm","who":"mgr","name":"mgr/rbd_support/x/trash_purge_schedule"}]: dispatch
2024-03-12T06:20:33.624 INFO:journalctl@ceph.mon.a.smithi029.stdout:Mar 12 06:20:33 smithi029 ceph-mon[31403]: from='mgr.14120 172.21.15.29:0/3467150582' entity='mgr.x'
2024-03-12T06:20:33.624 INFO:journalctl@ceph.mon.a.smithi029.stdout:Mar 12 06:20:33 smithi029 ceph-mon[31403]: from='mgr.14120 172.21.15.29:0/3467150582' entity='mgr.x'
2024-03-12T06:20:33.624 INFO:journalctl@ceph.mon.a.smithi029.stdout:Mar 12 06:20:33 smithi029 ceph-mon[31403]: mgrmap e7: x(active, since 1.01796s)
2024-03-12T06:20:34.065 INFO:teuthology.orchestra.run.smithi029.stdout:/usr/bin/ceph: stdout {
2024-03-12T06:20:34.065 INFO:teuthology.orchestra.run.smithi029.stdout:/usr/bin/ceph: stdout "mgrmap_epoch": 7,
2024-03-12T06:20:34.065 INFO:teuthology.orchestra.run.smithi029.stdout:/usr/bin/ceph: stdout "initialized": true
2024-03-12T06:20:34.065 INFO:teuthology.orchestra.run.smithi029.stdout:/usr/bin/ceph: stdout }
2024-03-12T06:20:34.065 INFO:teuthology.orchestra.run.smithi029.stdout:/usr/bin/ceph: stderr
2024-03-12T06:20:26.213+0000 7f7439400700 1 Processor -- start
2024-03-12T06:20:34.065 INFO:teuthology.orchestra.run.smithi029.stdout:/usr/bin/ceph: stderr
2024-03-12T06:20:26.213+0000 7f7439400700 1 -- start start
2024-03-12T06:20:34.065 INFO:teuthology.orchestra.run.smithi029.stdout:/usr/bin/ceph: stderr
2024-03-12T06:20:26.214+0000 7f7439400700 1 --2- >> [v2:172.21.15.29:3300/0,v1:172.21.15.29:6789/0] conn(0x7f743407ce60 0x7f743407b2c0 unknown :-1 s=NONE pgs=0 cs=0 l=0 rev1=0 crypto rx=0 tx=0 comp rx=0 tx=0).connect
2024-03-12T06:20:34.066 INFO:teuthology.orchestra.run.smithi029.stdout:/usr/bin/ceph: stderr
2024-03-12T06:20:26.214+0000 7f7439400700 1 -- --> [v2:172.21.15.29:3300/0,v1:172.21.15.29:6789/0] -- mon_getmap magic: 0 v1 -- 0x7f743407b890 con 0x7f743407ce60
2024-03-12T06:20:34.066 INFO:teuthology.orchestra.run.smithi029.stdout:/usr/bin/ceph: stderr
2024-03-12T06:20:26.214+0000 7f7433e00700 1 --2- >> [v2:172.21.15.29:3300/0,v1:172.21.15.29:6789/0] conn(0x7f743407ce60 0x7f743407b2c0 unknown :-1 s=BANNER_CONNECTING pgs=0 cs=0 l=0 rev1=0 crypto rx=0 tx=0 comp rx=0 tx=0)._handle_peer_banner_payload supported=3 required=0
2024-03-12T06:20:34.066 INFO:teuthology.orchestra.run.smithi029.stdout:/usr/bin/ceph: stderr
2024-03-12T06:20:26.214+0000 7f7433e00700 1 --2- >> [v2:172.21.15.29:3300/0,v1:172.21.15.29:6789/0] conn(0x7f743407ce60 0x7f743407b2c0 unknown :-1 s=HELLO_CONNECTING pgs=0 cs=0 l=0 rev1=1 crypto rx=0 tx=0 comp rx=0 tx=0).handle_hello peer v2:172.21.15.29:3300/0 says I am v2:172.21.15.29:48894/0 (socket says 172.21.15.29:48894)
2024-03-12T06:20:34.066 INFO:teuthology.orchestra.run.smithi029.stdout:/usr/bin/ceph: stderr
2024-03-12T06:20:26.214+0000 7f7433e00700 1 -- 172.21.15.29:0/4000614707 learned_addr learned my addr 172.21.15.29:0/4000614707 (peer_addr_for_me v2:172.21.15.29:0/0)
2024-03-12T06:20:34.066 INFO:teuthology.orchestra.run.smithi029.stdout:/usr/bin/ceph: stderr
2024-03-12T06:20:26.214+0000 7f7433e00700 1 -- 172.21.15.29:0/4000614707 --> [v2:172.21.15.29:3300/0,v1:172.21.15.29:6789/0] -- mon_subscribe({config=0+,monmap=0+}) v3 -- 0x7f743407b9d0 con 0x7f743407ce60
2024-03-12T06:20:34.066 INFO:teuthology.orchestra.run.smithi029.stdout:/usr/bin/ceph: stderr
2024-03-12T06:20:26.215+0000 7f7433e00700 1 --2- 172.21.15.29:0/4000614707 >> [v2:172.21.15.29:3300/0,v1:172.21.15.29:6789/0] conn(0x7f743407ce60 0x7f743407b2c0 secure :-1 s=READY pgs=28 cs=0 l=1 rev1=1 crypto rx=0x7f74240098a0 tx=0x7f7424009bb0 comp rx=0 tx=0).ready entity=mon.0 client_cookie=9ebc98bae4ae456c server_cookie=0 in_seq=0 out_seq=0
2024-03-12T06:20:34.066 INFO:teuthology.orchestra.run.smithi029.stdout:/usr/bin/ceph: stderr
2024-03-12T06:20:26.215+0000 7f7433400700 1 -- 172.21.15.29:0/4000614707 <== mon.0 v2:172.21.15.29:3300/0 1 ==== mon_map magic: 0 v1 ==== 205+0+0 (secure 0 0 0) 0x7f7424004160 con 0x7f743407ce60
2024-03-12T06:20:34.066 INFO:teuthology.orchestra.run.smithi029.stdout:/usr/bin/ceph: stderr
2024-03-12T06:20:26.215+0000 7f7433400700 1 -- 172.21.15.29:0/4000614707 <== mon.0 v2:172.21.15.29:3300/0 2 ==== config(29 keys) v1 ==== 1178+0+0 (secure 0 0 0) 0x7f74240042c0 con 0x7f743407ce60
2024-03-12T06:20:34.066 INFO:teuthology.orchestra.run.smithi029.stdout:/usr/bin/ceph: stderr
2024-03-12T06:20:26.215+0000 7f7433400700 1 -- 172.21.15.29:0/4000614707 <== mon.0 v2:172.21.15.29:3300/0 3 ==== mon_map magic: 0 v1 ==== 205+0+0 (secure 0 0 0) 0x7f7424011c20 con 0x7f743407ce60
2024-03-12T06:20:34.066 INFO:teuthology.orchestra.run.smithi029.stdout:/usr/bin/ceph: stderr
2024-03-12T06:20:26.216+0000 7f7439400700 1 -- 172.21.15.29:0/4000614707 >> [v2:172.21.15.29:3300/0,v1:172.21.15.29:6789/0] conn(0x7f743407ce60 msgr2=0x7f743407b2c0 secure :-1 s=STATE_CONNECTION_ESTABLISHED l=1).mark_down
2024-03-12T06:20:34.066 INFO:teuthology.orchestra.run.smithi029.stdout:/usr/bin/ceph: stderr
2024-03-12T06:20:26.216+0000 7f7439400700 1 --2- 172.21.15.29:0/4000614707 >> [v2:172.21.15.29:3300/0,v1:172.21.15.29:6789/0] conn(0x7f743407ce60 0x7f743407b2c0 secure :-1 s=READY pgs=28 cs=0 l=1 rev1=1 crypto rx=0x7f74240098a0 tx=0x7f7424009bb0 comp rx=0 tx=0).stop
2024-03-12T06:20:34.066 INFO:teuthology.orchestra.run.smithi029.stdout:/usr/bin/ceph: stderr
2024-03-12T06:20:26.216+0000 7f7439400700 1 -- 172.21.15.29:0/4000614707 shutdown_connections
2024-03-12T06:20:34.066 INFO:teuthology.orchestra.run.smithi029.stdout:/usr/bin/ceph: stderr
2024-03-12T06:20:26.216+0000 7f7439400700 1 --2- 172.21.15.29:0/4000614707 >> [v2:172.21.15.29:3300/0,v1:172.21.15.29:6789/0] conn(0x7f743407ce60 0x7f743407b2c0 unknown :-1 s=CLOSED pgs=28 cs=0 l=1 rev1=1 crypto rx=0 tx=0 comp rx=0 tx=0).stop
2024-03-12T06:20:34.066 INFO:teuthology.orchestra.run.smithi029.stdout:/usr/bin/ceph: stderr
2024-03-12T06:20:26.216+0000 7f7439400700 1 -- 172.21.15.29:0/4000614707 >> 172.21.15.29:0/4000614707 conn(0x7f7434102c40 msgr2=0x7f7434105060 unknown :-1 s=STATE_NONE l=0).mark_down
2024-03-12T06:20:34.067 INFO:teuthology.orchestra.run.smithi029.stdout:/usr/bin/ceph: stderr
2024-03-12T06:20:26.216+0000 7f7439400700 1 -- 172.21.15.29:0/4000614707 shutdown_connections
2024-03-12T06:20:34.067 INFO:teuthology.orchestra.run.smithi029.stdout:/usr/bin/ceph: stderr
2024-03-12T06:20:26.216+0000 7f7439400700 1 -- 172.21.15.29:0/4000614707 wait complete.
2024-03-12T06:20:34.067 INFO:teuthology.orchestra.run.smithi029.stdout:/usr/bin/ceph: stderr
2024-03-12T06:20:26.217+0000 7f7439400700 1 Processor -- start
2024-03-12T06:20:34.067 INFO:teuthology.orchestra.run.smithi029.stdout:/usr/bin/ceph: stderr
2024-03-12T06:20:26.218+0000 7f7439400700 1 -- start start
2024-03-12T06:20:34.067 INFO:teuthology.orchestra.run.smithi029.stdout:/usr/bin/ceph: stderr
2024-03-12T06:20:26.218+0000 7f7439400700 1 --2- >> [v2:172.21.15.29:3300/0,v1:172.21.15.29:6789/0] conn(0x7f743407ce60 0x7f743419d690 unknown :-1 s=NONE pgs=0 cs=0 l=1 rev1=0 crypto rx=0 tx=0 comp rx=0 tx=0).connect
2024-03-12T06:20:34.067 INFO:teuthology.orchestra.run.smithi029.stdout:/usr/bin/ceph: stderr
2024-03-12T06:20:26.218+0000 7f7439400700 1 -- --> [v2:172.21.15.29:3300/0,v1:172.21.15.29:6789/0] -- mon_getmap magic: 0 v1 -- 0x7f743419dbd0 con 0x7f743407ce60
2024-03-12T06:20:34.067 INFO:teuthology.orchestra.run.smithi029.stdout:/usr/bin/ceph: stderr
2024-03-12T06:20:26.218+0000 7f7433e00700 1 --2- >> [v2:172.21.15.29:3300/0,v1:172.21.15.29:6789/0] conn(0x7f743407ce60 0x7f743419d690 unknown :-1 s=BANNER_CONNECTING pgs=0 cs=0 l=1 rev1=0 crypto rx=0 tx=0 comp rx=0 tx=0)._handle_peer_banner_payload supported=3 required=0
2024-03-12T06:20:34.067 INFO:teuthology.orchestra.run.smithi029.stdout:/usr/bin/ceph: stderr
2024-03-12T06:20:26.218+0000 7f7433e00700 1 --2- >> [v2:172.21.15.29:3300/0,v1:172.21.15.29:6789/0] conn(0x7f743407ce60 0x7f743419d690 unknown :-1 s=HELLO_CONNECTING pgs=0 cs=0 l=1 rev1=1 crypto rx=0 tx=0 comp rx=0 tx=0).handle_hello peer v2:172.21.15.29:3300/0 says I am v2:172.21.15.29:48902/0 (socket says 172.21.15.29:48902)
2024-03-12T06:20:34.067 INFO:teuthology.orchestra.run.smithi029.stdout:/usr/bin/ceph: stderr
2024-03-12T06:20:26.218+0000 7f7433e00700 1 -- 172.21.15.29:0/701891331 learned_addr learned my addr 172.21.15.29:0/701891331 (peer_addr_for_me v2:172.21.15.29:0/0)
2024-03-12T06:20:34.067 INFO:teuthology.orchestra.run.smithi029.stdout:/usr/bin/ceph: stderr
2024-03-12T06:20:26.219+0000 7f7433e00700 1 -- 172.21.15.29:0/701891331 --> [v2:172.21.15.29:3300/0,v1:172.21.15.29:6789/0] -- mon_subscribe({config=0+,monmap=0+}) v3 -- 0x7f7424009550 con 0x7f743407ce60
2024-03-12T06:20:34.067 INFO:teuthology.orchestra.run.smithi029.stdout:/usr/bin/ceph: stderr
2024-03-12T06:20:26.219+0000 7f7433e00700 1 --2- 172.21.15.29:0/701891331 >> [v2:172.21.15.29:3300/0,v1:172.21.15.29:6789/0] conn(0x7f743407ce60 0x7f743419d690 secure :-1 s=READY pgs=29 cs=0 l=1 rev1=1 crypto rx=0x7f7424000c00 tx=0x7f7424011ca0 comp rx=0 tx=0).ready entity=mon.0 client_cookie=0 server_cookie=0 in_seq=0 out_seq=0
2024-03-12T06:20:34.067 INFO:teuthology.orchestra.run.smithi029.stdout:/usr/bin/ceph: stderr
2024-03-12T06:20:26.219+0000 7f7431600700 1 -- 172.21.15.29:0/701891331 <== mon.0 v2:172.21.15.29:3300/0 1 ==== mon_map magic: 0 v1 ==== 205+0+0 (secure 0 0 0) 0x7f74240039c0 con 0x7f743407ce60
2024-03-12T06:20:34.067 INFO:teuthology.orchestra.run.smithi029.stdout:/usr/bin/ceph: stderr
2024-03-12T06:20:26.219+0000 7f7431600700 1 -- 172.21.15.29:0/701891331 <== mon.0 v2:172.21.15.29:3300/0 2 ==== config(29 keys) v1 ==== 1178+0+0 (secure 0 0 0) 0x7f7424011e90 con 0x7f743407ce60
2024-03-12T06:20:34.067 INFO:teuthology.orchestra.run.smithi029.stdout:/usr/bin/ceph: stderr
2024-03-12T06:20:26.219+0000 7f7431600700 1 -- 172.21.15.29:0/701891331 <== mon.0 v2:172.21.15.29:3300/0 3 ==== mon_map magic: 0 v1 ==== 205+0+0 (secure 0 0 0) 0x7f742401a5c0 con 0x7f743407ce60
2024-03-12T06:20:34.068 INFO:teuthology.orchestra.run.smithi029.stdout:/usr/bin/ceph: stderr
2024-03-12T06:20:26.219+0000 7f7439400700 1 -- 172.21.15.29:0/701891331 --> [v2:172.21.15.29:3300/0,v1:172.21.15.29:6789/0] -- mon_subscribe({mgrmap=0+}) v3 -- 0x7f743419ddd0 con 0x7f743407ce60
2024-03-12T06:20:34.068 INFO:teuthology.orchestra.run.smithi029.stdout:/usr/bin/ceph: stderr
2024-03-12T06:20:26.219+0000 7f7439400700 1 -- 172.21.15.29:0/701891331 --> [v2:172.21.15.29:3300/0,v1:172.21.15.29:6789/0] -- mon_subscribe({osdmap=0}) v3 -- 0x7f743419e270 con 0x7f743407ce60
2024-03-12T06:20:34.068 INFO:teuthology.orchestra.run.smithi029.stdout:/usr/bin/ceph: stderr
2024-03-12T06:20:26.220+0000 7f7431600700 1 -- 172.21.15.29:0/701891331 <== mon.0 v2:172.21.15.29:3300/0 4 ==== mgrmap(e 5) v1 ==== 45769+0+0 (secure 0 0 0) 0x7f7424024440 con 0x7f743407ce60
2024-03-12T06:20:34.068 INFO:teuthology.orchestra.run.smithi029.stdout:/usr/bin/ceph: stderr
2024-03-12T06:20:26.221+0000 7f7431600700 1 --2- 172.21.15.29:0/701891331 >> [v2:172.21.15.29:6800/1296656544,v1:172.21.15.29:6801/1296656544] conn(0x7f7418038d00 0x7f741803b1c0 unknown :-1 s=NONE pgs=0 cs=0 l=1 rev1=0 crypto rx=0 tx=0 comp rx=0 tx=0).connect
2024-03-12T06:20:34.068 INFO:teuthology.orchestra.run.smithi029.stdout:/usr/bin/ceph: stderr
2024-03-12T06:20:26.221+0000 7f7431600700 1 -- 172.21.15.29:0/701891331 --> [v2:172.21.15.29:6800/1296656544,v1:172.21.15.29:6801/1296656544] -- command(tid 0: {"prefix": "get_command_descriptions"}) v1 -- 0x7f741803b8d0 con 0x7f7418038d00
2024-03-12T06:20:34.068 INFO:teuthology.orchestra.run.smithi029.stdout:/usr/bin/ceph: stderr
2024-03-12T06:20:26.221+0000 7f7431600700 1 -- 172.21.15.29:0/701891331 <== mon.0 v2:172.21.15.29:3300/0 5 ==== osd_map(1..1 src has 1..1) v4 ==== 725+0+0 (secure 0 0 0) 0x7f742404c840 con 0x7f743407ce60
2024-03-12T06:20:34.068 INFO:teuthology.orchestra.run.smithi029.stdout:/usr/bin/ceph: stderr
2024-03-12T06:20:26.221+0000 7f742be00700 1 -- 172.21.15.29:0/701891331 >> [v2:172.21.15.29:6800/1296656544,v1:172.21.15.29:6801/1296656544] conn(0x7f7418038d00 msgr2=0x7f741803b1c0 unknown :-1 s=STATE_CONNECTING_RE l=1).process reconnect failed to v2:172.21.15.29:6800/1296656544
2024-03-12T06:20:34.068 INFO:teuthology.orchestra.run.smithi029.stdout:/usr/bin/ceph: stderr
2024-03-12T06:20:26.221+0000 7f742be00700 1 --2- 172.21.15.29:0/701891331 >> [v2:172.21.15.29:6800/1296656544,v1:172.21.15.29:6801/1296656544] conn(0x7f7418038d00 0x7f741803b1c0 unknown :-1 s=START_CONNECT pgs=0 cs=0 l=1 rev1=0 crypto rx=0 tx=0 comp rx=0 tx=0)._fault waiting 0.200000
2024-03-12T06:20:34.068 INFO:teuthology.orchestra.run.smithi029.stdout:/usr/bin/ceph: stderr
2024-03-12T06:20:26.422+0000 7f742be00700 1 -- 172.21.15.29:0/701891331 >> [v2:172.21.15.29:6800/1296656544,v1:172.21.15.29:6801/1296656544] conn(0x7f7418038d00 msgr2=0x7f741803b1c0 unknown :-1 s=STATE_CONNECTING_RE l=1).process reconnect failed to v2:172.21.15.29:6800/1296656544
2024-03-12T06:20:34.068 INFO:teuthology.orchestra.run.smithi029.stdout:/usr/bin/ceph: stderr
