2024-03-12T06:21:06.373 INFO:journalctl@ceph.mgr.x.smithi029.stdout:Mar 12 06:21:05 smithi029 ceph-5d592c6e-e038-11ee-95c8-87774f69a715-mgr-x[31627]:
2024-03-12T06:21:05.969+0000 7ffbea649200 -1 mgr[py] Module volumes has missing NOTIFY_TYPES member
2024-03-12T06:21:07.372 INFO:journalctl@ceph.mgr.x.smithi029.stdout:Mar 12 06:21:07 smithi029 ceph-5d592c6e-e038-11ee-95c8-87774f69a715-mgr-x[31627]:
2024-03-12T06:21:07.035+0000 7ffbea649200 -1 mgr[py] Module telemetry has missing NOTIFY_TYPES member
2024-03-12T06:21:08.122 INFO:journalctl@ceph.mgr.x.smithi029.stdout:Mar 12 06:21:07 smithi029 ceph-5d592c6e-e038-11ee-95c8-87774f69a715-mgr-x[31627]:
2024-03-12T06:21:07.760+0000 7ffbea649200 -1 mgr[py] Module prometheus has missing NOTIFY_TYPES member
2024-03-12T06:21:08.123 INFO:journalctl@ceph.mgr.x.smithi029.stdout:Mar 12 06:21:07 smithi029 ceph-5d592c6e-e038-11ee-95c8-87774f69a715-mgr-x[31627]:
2024-03-12T06:21:07.895+0000 7ffbea649200 -1 mgr[py] Module status has missing NOTIFY_TYPES member
2024-03-12T06:21:08.622 INFO:journalctl@ceph.mgr.x.smithi029.stdout:Mar 12 06:21:08 smithi029 ceph-5d592c6e-e038-11ee-95c8-87774f69a715-mgr-x[31627]:
2024-03-12T06:21:08.189+0000 7ffbea649200 -1 mgr[py] Module nfs has missing NOTIFY_TYPES member
2024-03-12T06:21:08.623 INFO:journalctl@ceph.mon.a.smithi029.stdout:Mar 12 06:21:08 smithi029 ceph-mon[31403]: Active manager daemon x restarted
2024-03-12T06:21:08.623 INFO:journalctl@ceph.mon.a.smithi029.stdout:Mar 12 06:21:08 smithi029 ceph-mon[31403]: Activating manager daemon x
2024-03-12T06:21:08.623 INFO:journalctl@ceph.mon.a.smithi029.stdout:Mar 12 06:21:08 smithi029 ceph-mon[31403]: osdmap e3: 0 total, 0 up, 0 in
2024-03-12T06:21:08.623 INFO:journalctl@ceph.mon.a.smithi029.stdout:Mar 12 06:21:08 smithi029 ceph-mon[31403]: mgrmap e10: x(active, starting, since 0.00582927s)
2024-03-12T06:21:08.623 INFO:journalctl@ceph.mon.a.smithi029.stdout:Mar 12 06:21:08 smithi029 ceph-mon[31403]: from='mgr.14152 172.21.15.29:0/3972523792' entity='mgr.x' cmd=[{"prefix": "mon metadata", "id": "a"}]: dispatch
2024-03-12T06:21:08.623 INFO:journalctl@ceph.mon.a.smithi029.stdout:Mar 12 06:21:08 smithi029 ceph-mon[31403]: from='mgr.14152 172.21.15.29:0/3972523792' entity='mgr.x' cmd=[{"prefix": "mgr metadata", "who": "x", "id": "x"}]: dispatch
2024-03-12T06:21:08.623 INFO:journalctl@ceph.mon.a.smithi029.stdout:Mar 12 06:21:08 smithi029 ceph-mon[31403]: from='mgr.14152 172.21.15.29:0/3972523792' entity='mgr.x' cmd=[{"prefix": "mds metadata"}]: dispatch
2024-03-12T06:21:08.623 INFO:journalctl@ceph.mon.a.smithi029.stdout:Mar 12 06:21:08 smithi029 ceph-mon[31403]: from='mgr.14152 172.21.15.29:0/3972523792' entity='mgr.x' cmd=[{"prefix": "osd metadata"}]: dispatch
2024-03-12T06:21:08.623 INFO:journalctl@ceph.mon.a.smithi029.stdout:Mar 12 06:21:08 smithi029 ceph-mon[31403]: from='mgr.14152 172.21.15.29:0/3972523792' entity='mgr.x' cmd=[{"prefix": "mon metadata"}]: dispatch
2024-03-12T06:21:08.623 INFO:journalctl@ceph.mon.a.smithi029.stdout:Mar 12 06:21:08 smithi029 ceph-mon[31403]: Manager daemon x is now available
2024-03-12T06:21:09.552 INFO:journalctl@ceph.mon.a.smithi029.stdout:Mar 12 06:21:09 smithi029 ceph-mon[31403]: from='mgr.14152 172.21.15.29:0/3972523792' entity='mgr.x' cmd=[{"prefix": "config dump", "format": "json"}]: dispatch
2024-03-12T06:21:09.552 INFO:journalctl@ceph.mon.a.smithi029.stdout:Mar 12 06:21:09 smithi029 ceph-mon[31403]: from='mgr.14152 172.21.15.29:0/3972523792' entity='mgr.x' cmd=[{"prefix": "config dump", "format": "json"}]: dispatch
2024-03-12T06:21:09.553 INFO:journalctl@ceph.mon.a.smithi029.stdout:Mar 12 06:21:09 smithi029 ceph-mon[31403]: from='mgr.14152 172.21.15.29:0/3972523792' entity='mgr.x' cmd=[{"prefix":"config rm","who":"mgr","name":"mgr/rbd_support/x/mirror_snapshot_schedule"}]: dispatch
2024-03-12T06:21:09.553 INFO:journalctl@ceph.mon.a.smithi029.stdout:Mar 12 06:21:09 smithi029 ceph-mon[31403]: from='mgr.14152 172.21.15.29:0/3972523792' entity='mgr.x' cmd=[{"prefix":"config rm","who":"mgr","name":"mgr/rbd_support/x/trash_purge_schedule"}]: dispatch
2024-03-12T06:21:09.553 INFO:journalctl@ceph.mon.a.smithi029.stdout:Mar 12 06:21:09 smithi029 ceph-mon[31403]: [12/Mar/2024:06:21:08] ENGINE Bus STARTING
2024-03-12T06:21:09.553 INFO:journalctl@ceph.mon.a.smithi029.stdout:Mar 12 06:21:09 smithi029 ceph-mon[31403]: [12/Mar/2024:06:21:08] ENGINE Serving on http://172.21.15.29:8765
2024-03-12T06:21:09.553 INFO:journalctl@ceph.mon.a.smithi029.stdout:Mar 12 06:21:09 smithi029 ceph-mon[31403]: [12/Mar/2024:06:21:09] ENGINE Serving on https://172.21.15.29:7150
2024-03-12T06:21:09.553 INFO:journalctl@ceph.mon.a.smithi029.stdout:Mar 12 06:21:09 smithi029 ceph-mon[31403]: [12/Mar/2024:06:21:09] ENGINE Bus STARTED
2024-03-12T06:21:09.553 INFO:journalctl@ceph.mon.a.smithi029.stdout:Mar 12 06:21:09 smithi029 ceph-mon[31403]: mgrmap e11: x(active, since 1.01068s)
2024-03-12T06:21:09.840 INFO:teuthology.orchestra.run.smithi029.stdout:/usr/bin/ceph: stdout {
2024-03-12T06:21:09.841 INFO:teuthology.orchestra.run.smithi029.stdout:/usr/bin/ceph: stdout "mgrmap_epoch": 11,
2024-03-12T06:21:09.842 INFO:teuthology.orchestra.run.smithi029.stdout:/usr/bin/ceph: stdout "initialized": true
2024-03-12T06:21:09.842 INFO:teuthology.orchestra.run.smithi029.stdout:/usr/bin/ceph: stdout }
2024-03-12T06:21:09.842 INFO:teuthology.orchestra.run.smithi029.stdout:/usr/bin/ceph: stderr
2024-03-12T06:21:02.782+0000 7f1b67a00700 1 Processor -- start
2024-03-12T06:21:09.842 INFO:teuthology.orchestra.run.smithi029.stdout:/usr/bin/ceph: stderr
2024-03-12T06:21:02.782+0000 7f1b67a00700 1 -- start start
2024-03-12T06:21:09.842 INFO:teuthology.orchestra.run.smithi029.stdout:/usr/bin/ceph: stderr
2024-03-12T06:21:02.783+0000 7f1b67a00700 1 --2- >> [v2:172.21.15.29:3300/0,v1:172.21.15.29:6789/0] conn(0x7f1b6007ce80 0x7f1b6007b2e0 unknown :-1 s=NONE pgs=0 cs=0 l=0 rev1=0 crypto rx=0 tx=0 comp rx=0 tx=0).connect
2024-03-12T06:21:09.842 INFO:teuthology.orchestra.run.smithi029.stdout:/usr/bin/ceph: stderr
2024-03-12T06:21:02.783+0000 7f1b67a00700 1 -- --> [v2:172.21.15.29:3300/0,v1:172.21.15.29:6789/0] -- mon_getmap magic: 0 v1 -- 0x7f1b6007b8b0 con 0x7f1b6007ce80
2024-03-12T06:21:09.842 INFO:teuthology.orchestra.run.smithi029.stdout:/usr/bin/ceph: stderr
2024-03-12T06:21:02.783+0000 7f1b65000700 1 --2- >> [v2:172.21.15.29:3300/0,v1:172.21.15.29:6789/0] conn(0x7f1b6007ce80 0x7f1b6007b2e0 unknown :-1 s=BANNER_CONNECTING pgs=0 cs=0 l=0 rev1=0 crypto rx=0 tx=0 comp rx=0 tx=0)._handle_peer_banner_payload supported=3 required=0
2024-03-12T06:21:09.849 INFO:teuthology.orchestra.run.smithi029.stdout:/usr/bin/ceph: stderr
2024-03-12T06:21:02.783+0000 7f1b65000700 1 --2- >> [v2:172.21.15.29:3300/0,v1:172.21.15.29:6789/0] conn(0x7f1b6007ce80 0x7f1b6007b2e0 unknown :-1 s=HELLO_CONNECTING pgs=0 cs=0 l=0 rev1=1 crypto rx=0 tx=0 comp rx=0 tx=0).handle_hello peer v2:172.21.15.29:3300/0 says I am v2:172.21.15.29:51524/0 (socket says 172.21.15.29:51524)
2024-03-12T06:21:09.849 INFO:teuthology.orchestra.run.smithi029.stdout:/usr/bin/ceph: stderr
2024-03-12T06:21:02.783+0000 7f1b65000700 1 -- 172.21.15.29:0/2277385326 learned_addr learned my addr 172.21.15.29:0/2277385326 (peer_addr_for_me v2:172.21.15.29:0/0)
2024-03-12T06:21:09.850 INFO:teuthology.orchestra.run.smithi029.stdout:/usr/bin/ceph: stderr
2024-03-12T06:21:02.783+0000 7f1b65000700 1 -- 172.21.15.29:0/2277385326 --> [v2:172.21.15.29:3300/0,v1:172.21.15.29:6789/0] -- mon_subscribe({config=0+,monmap=0+}) v3 -- 0x7f1b6007b9f0 con 0x7f1b6007ce80
2024-03-12T06:21:09.850 INFO:teuthology.orchestra.run.smithi029.stdout:/usr/bin/ceph: stderr
2024-03-12T06:21:02.784+0000 7f1b65000700 1 --2- 172.21.15.29:0/2277385326 >> [v2:172.21.15.29:3300/0,v1:172.21.15.29:6789/0] conn(0x7f1b6007ce80 0x7f1b6007b2e0 secure :-1 s=READY pgs=61 cs=0 l=1 rev1=1 crypto rx=0x7f1b540098a0 tx=0x7f1b54009bb0 comp rx=0 tx=0).ready entity=mon.0 client_cookie=c8ba74ceefaf0f39 server_cookie=0 in_seq=0 out_seq=0
2024-03-12T06:21:09.850 INFO:teuthology.orchestra.run.smithi029.stdout:/usr/bin/ceph: stderr
2024-03-12T06:21:02.784+0000 7f1b5f400700 1 -- 172.21.15.29:0/2277385326 <== mon.0 v2:172.21.15.29:3300/0 1 ==== mon_map magic: 0 v1 ==== 205+0+0 (secure 0 0 0) 0x7f1b54004160 con 0x7f1b6007ce80
2024-03-12T06:21:09.850 INFO:teuthology.orchestra.run.smithi029.stdout:/usr/bin/ceph: stderr
2024-03-12T06:21:02.784+0000 7f1b5f400700 1 -- 172.21.15.29:0/2277385326 <== mon.0 v2:172.21.15.29:3300/0 2 ==== config(29 keys) v1 ==== 1209+0+0 (secure 0 0 0) 0x7f1b54003bc0 con 0x7f1b6007ce80
2024-03-12T06:21:09.850 INFO:teuthology.orchestra.run.smithi029.stdout:/usr/bin/ceph: stderr
2024-03-12T06:21:02.784+0000 7f1b5f400700 1 -- 172.21.15.29:0/2277385326 <== mon.0 v2:172.21.15.29:3300/0 3 ==== mon_map magic: 0 v1 ==== 205+0+0 (secure 0 0 0) 0x7f1b54011be0 con 0x7f1b6007ce80
2024-03-12T06:21:09.850 INFO:teuthology.orchestra.run.smithi029.stdout:/usr/bin/ceph: stderr
2024-03-12T06:21:02.785+0000 7f1b67a00700 1 -- 172.21.15.29:0/2277385326 >> [v2:172.21.15.29:3300/0,v1:172.21.15.29:6789/0] conn(0x7f1b6007ce80 msgr2=0x7f1b6007b2e0 secure :-1 s=STATE_CONNECTION_ESTABLISHED l=1).mark_down
2024-03-12T06:21:09.850 INFO:teuthology.orchestra.run.smithi029.stdout:/usr/bin/ceph: stderr
2024-03-12T06:21:02.785+0000 7f1b67a00700 1 --2- 172.21.15.29:0/2277385326 >> [v2:172.21.15.29:3300/0,v1:172.21.15.29:6789/0] conn(0x7f1b6007ce80 0x7f1b6007b2e0 secure :-1 s=READY pgs=61 cs=0 l=1 rev1=1 crypto rx=0x7f1b540098a0 tx=0x7f1b54009bb0 comp rx=0 tx=0).stop
2024-03-12T06:21:09.850 INFO:teuthology.orchestra.run.smithi029.stdout:/usr/bin/ceph: stderr
2024-03-12T06:21:02.785+0000 7f1b67a00700 1 -- 172.21.15.29:0/2277385326 shutdown_connections
2024-03-12T06:21:09.850 INFO:teuthology.orchestra.run.smithi029.stdout:/usr/bin/ceph: stderr
2024-03-12T06:21:02.785+0000 7f1b67a00700 1 --2- 172.21.15.29:0/2277385326 >> [v2:172.21.15.29:3300/0,v1:172.21.15.29:6789/0] conn(0x7f1b6007ce80 0x7f1b6007b2e0 unknown :-1 s=CLOSED pgs=61 cs=0 l=1 rev1=1 crypto rx=0 tx=0 comp rx=0 tx=0).stop
2024-03-12T06:21:09.850 INFO:teuthology.orchestra.run.smithi029.stdout:/usr/bin/ceph: stderr
2024-03-12T06:21:02.785+0000 7f1b67a00700 1 -- 172.21.15.29:0/2277385326 >> 172.21.15.29:0/2277385326 conn(0x7f1b60102db0 msgr2=0x7f1b60105210 unknown :-1 s=STATE_NONE l=0).mark_down
2024-03-12T06:21:09.850 INFO:teuthology.orchestra.run.smithi029.stdout:/usr/bin/ceph: stderr
2024-03-12T06:21:02.785+0000 7f1b67a00700 1 -- 172.21.15.29:0/2277385326 shutdown_connections
2024-03-12T06:21:09.851 INFO:teuthology.orchestra.run.smithi029.stdout:/usr/bin/ceph: stderr
2024-03-12T06:21:02.785+0000 7f1b67a00700 1 -- 172.21.15.29:0/2277385326 wait complete.
2024-03-12T06:21:09.851 INFO:teuthology.orchestra.run.smithi029.stdout:/usr/bin/ceph: stderr
2024-03-12T06:21:02.786+0000 7f1b67a00700 1 Processor -- start
2024-03-12T06:21:09.851 INFO:teuthology.orchestra.run.smithi029.stdout:/usr/bin/ceph: stderr
2024-03-12T06:21:02.786+0000 7f1b67a00700 1 -- start start
2024-03-12T06:21:09.851 INFO:teuthology.orchestra.run.smithi029.stdout:/usr/bin/ceph: stderr
2024-03-12T06:21:02.786+0000 7f1b67a00700 1 --2- >> [v2:172.21.15.29:3300/0,v1:172.21.15.29:6789/0] conn(0x7f1b6007ce80 0x7f1b6019d850 unknown :-1 s=NONE pgs=0 cs=0 l=1 rev1=0 crypto rx=0 tx=0 comp rx=0 tx=0).connect
2024-03-12T06:21:09.851 INFO:teuthology.orchestra.run.smithi029.stdout:/usr/bin/ceph: stderr
2024-03-12T06:21:02.786+0000 7f1b67a00700 1 -- --> [v2:172.21.15.29:3300/0,v1:172.21.15.29:6789/0] -- mon_getmap magic: 0 v1 -- 0x7f1b6019dd90 con 0x7f1b6007ce80
2024-03-12T06:21:09.851 INFO:teuthology.orchestra.run.smithi029.stdout:/usr/bin/ceph: stderr
2024-03-12T06:21:02.787+0000 7f1b65000700 1 --2- >> [v2:172.21.15.29:3300/0,v1:172.21.15.29:6789/0] conn(0x7f1b6007ce80 0x7f1b6019d850 unknown :-1 s=BANNER_CONNECTING pgs=0 cs=0 l=1 rev1=0 crypto rx=0 tx=0 comp rx=0 tx=0)._handle_peer_banner_payload supported=3 required=0
2024-03-12T06:21:09.851 INFO:teuthology.orchestra.run.smithi029.stdout:/usr/bin/ceph: stderr
2024-03-12T06:21:02.787+0000 7f1b65000700 1 --2- >> [v2:172.21.15.29:3300/0,v1:172.21.15.29:6789/0] conn(0x7f1b6007ce80 0x7f1b6019d850 unknown :-1 s=HELLO_CONNECTING pgs=0 cs=0 l=1 rev1=1 crypto rx=0 tx=0 comp rx=0 tx=0).handle_hello peer v2:172.21.15.29:3300/0 says I am v2:172.21.15.29:51530/0 (socket says 172.21.15.29:51530)
2024-03-12T06:21:09.851 INFO:teuthology.orchestra.run.smithi029.stdout:/usr/bin/ceph: stderr
2024-03-12T06:21:02.787+0000 7f1b65000700 1 -- 172.21.15.29:0/3228226573 learned_addr learned my addr 172.21.15.29:0/3228226573 (peer_addr_for_me v2:172.21.15.29:0/0)
2024-03-12T06:21:09.851 INFO:teuthology.orchestra.run.smithi029.stdout:/usr/bin/ceph: stderr
2024-03-12T06:21:02.787+0000 7f1b65000700 1 -- 172.21.15.29:0/3228226573 --> [v2:172.21.15.29:3300/0,v1:172.21.15.29:6789/0] -- mon_subscribe({config=0+,monmap=0+}) v3 -- 0x7f1b54009550 con 0x7f1b6007ce80
2024-03-12T06:21:09.851 INFO:teuthology.orchestra.run.smithi029.stdout:/usr/bin/ceph: stderr
2024-03-12T06:21:02.787+0000 7f1b65000700 1 --2- 172.21.15.29:0/3228226573 >> [v2:172.21.15.29:3300/0,v1:172.21.15.29:6789/0] conn(0x7f1b6007ce80 0x7f1b6019d850 secure :-1 s=READY pgs=62 cs=0 l=1 rev1=1 crypto rx=0x7f1b54000c00 tx=0x7f1b54011d10 comp rx=0 tx=0).ready entity=mon.0 client_cookie=0 server_cookie=0 in_seq=0 out_seq=0
2024-03-12T06:21:09.851 INFO:teuthology.orchestra.run.smithi029.stdout:/usr/bin/ceph: stderr
2024-03-12T06:21:02.788+0000 7f1b5d600700 1 -- 172.21.15.29:0/3228226573 <== mon.0 v2:172.21.15.29:3300/0 1 ==== mon_map magic: 0 v1 ==== 205+0+0 (secure 0 0 0) 0x7f1b54004130 con 0x7f1b6007ce80
2024-03-12T06:21:09.851 INFO:teuthology.orchestra.run.smithi029.stdout:/usr/bin/ceph: stderr
2024-03-12T06:21:02.788+0000 7f1b5d600700 1 -- 172.21.15.29:0/3228226573 <== mon.0 v2:172.21.15.29:3300/0 2 ==== config(29 keys) v1 ==== 1209+0+0 (secure 0 0 0) 0x7f1b54004290 con 0x7f1b6007ce80
2024-03-12T06:21:09.851 INFO:teuthology.orchestra.run.smithi029.stdout:/usr/bin/ceph: stderr
2024-03-12T06:21:02.788+0000 7f1b5d600700 1 -- 172.21.15.29:0/3228226573 <== mon.0 v2:172.21.15.29:3300/0 3 ==== mon_map magic: 0 v1 ==== 205+0+0 (secure 0 0 0) 0x7f1b54024870 con 0x7f1b6007ce80
2024-03-12T06:21:09.852 INFO:teuthology.orchestra.run.smithi029.stdout:/usr/bin/ceph: stderr
2024-03-12T06:21:02.788+0000 7f1b67a00700 1 -- 172.21.15.29:0/3228226573 --> [v2:172.21.15.29:3300/0,v1:172.21.15.29:6789/0] -- mon_subscribe({mgrmap=0+}) v3 -- 0x7f1b6019df90 con 0x7f1b6007ce80
2024-03-12T06:21:09.852 INFO:teuthology.orchestra.run.smithi029.stdout:/usr/bin/ceph: stderr
2024-03-12T06:21:02.788+0000 7f1b67a00700 1 -- 172.21.15.29:0/3228226573 --> [v2:172.21.15.29:3300/0,v1:172.21.15.29:6789/0] -- mon_subscribe({osdmap=0}) v3 -- 0x7f1b6019e430 con 0x7f1b6007ce80
2024-03-12T06:21:09.852 INFO:teuthology.orchestra.run.smithi029.stdout:/usr/bin/ceph: stderr
2024-03-12T06:21:02.789+0000 7f1b5d600700 1 -- 172.21.15.29:0/3228226573 <== mon.0 v2:172.21.15.29:3300/0 4 ==== mgrmap(e 9) v1 ==== 45782+0+0 (secure 0 0 0) 0x7f1b54024ae0 con 0x7f1b6007ce80
2024-03-12T06:21:09.852 INFO:teuthology.orchestra.run.smithi029.stdout:/usr/bin/ceph: stderr
2024-03-12T06:21:02.789+0000 7f1b5d600700 1 --2- 172.21.15.29:0/3228226573 >> [v2:172.21.15.29:6800/1596100576,v1:172.21.15.29:6801/1596100576] conn(0x7f1b48038d60 0x7f1b4803b220 unknown :-1 s=NONE pgs=0 cs=0 l=1 rev1=0 crypto rx=0 tx=0 comp rx=0 tx=0).connect
2024-03-12T06:21:09.852 INFO:teuthology.orchestra.run.smithi029.stdout:/usr/bin/ceph: stderr
2024-03-12T06:21:02.789+0000 7f1b5d600700 1 -- 172.21.15.29:0/3228226573 --> [v2:172.21.15.29:6800/1596100576,v1:172.21.15.29:6801/1596100576] -- command(tid 0: {"prefix": "get_command_descriptions"}) v1 -- 0x7f1b4803b930 con 0x7f1b48038d60
2024-03-12T06:21:09.852 INFO:teuthology.orchestra.run.smithi029.stdout:/usr/bin/ceph: stderr
2024-03-12T06:21:02.789+0000 7f1b5d600700 1 -- 172.21.15.29:0/3228226573 <== mon.0 v2:172.21.15.29:3300/0 5 ==== osd_map(2..2 src has 1..2) v4 ==== 940+0+0 (secure 0 0 0) 0x7f1b5404ce70 con 0x7f1b6007ce80
2024-03-12T06:21:09.852 INFO:teuthology.orchestra.run.smithi029.stdout:/usr/bin/ceph: stderr
2024-03-12T06:21:02.789+0000 7f1b5fe00700 1 -- 172.21.15.29:0/3228226573 >> [v2:172.21.15.29:6800/1596100576,v1:172.21.15.29:6801/1596100576] conn(0x7f1b48038d60 msgr2=0x7f1b4803b220 unknown :-1 s=STATE_CONNECTING_RE l=1).process reconnect failed to v2:172.21.15.29:6800/1596100576
2024-03-12T06:21:09.852 INFO:teuthology.orchestra.run.smithi029.stdout:/usr/bin/ceph: stderr
2024-03-12T06:21:02.789+0000 7f1b5fe00700 1 --2- 172.21.15.29:0/3228226573 >> [v2:172.21.15.29:6800/1596100576,v1:172.21.15.29:6801/1596100576] conn(0x7f1b48038d60 0x7f1b4803b220 unknown :-1 s=START_CONNECT pgs=0 cs=0 l=1 rev1=0 crypto rx=0 tx=0 comp rx=0 tx=0)._fault waiting 0.200000
2024-03-12T06:21:09.852 INFO:teuthology.orchestra.run.smithi029.stdout:/usr/bin/ceph: stderr
2024-03-12T06:21:02.990+0000 7f1b5fe00700 1 -- 172.21.15.29:0/3228226573 >> [v2:172.21.15.29:6800/1596100576,v1:172.21.15.29:6801/1596100576] conn(0x7f1b48038d60 msgr2=0x7f1b4803b220 unknown :-1 s=STATE_CONNECTING_RE l=1).process reconnect failed to v2:172.21.15.29:6800/1596100576
2024-03-12T06:21:09.852 INFO:teuthology.orchestra.run.smithi029.stdout:/usr/bin/ceph: stderr
2024-03-12T06:21:02.990+0000 7f1b5fe00700 1 --2- 172.21.15.29:0/3228226573 >> [v2:172.21.15.29:6800/1596100576,v1:172.21.15.29:6801/1596100576] conn(0x7f1b48038d60 0x7f1b4803b220 unknown :-1 s=START_CONNECT pgs=0 cs=0 l=1 rev1=0 crypto rx=0 tx=0 comp rx=0 tx=0)._fault waiting 0.400000
2024-03-12T06:21:09.852 INFO:teuthology.orchestra.run.smithi029.stdout:/usr/bin/ceph: stderr
2024-03-12T06:21:03.391+0000 7f1b5fe00700 1 -- 172.21.15.29:0/3228226573 >> [v2:172.21.15.29:6800/1596100576,v1:172.21.15.29:6801/1596100576] conn(0x7f1b48038d60 msgr2=0x7f1b4803b220 unknown :-1 s=STATE_CONNECTING_RE l=1).process reconnect failed to v2:172.21.15.29:6800/1596100576
2024-03-12T06:21:09.852 INFO:teuthology.orchestra.run.smithi029.stdout:/usr/bin/ceph: stderr
2024-03-12T06:21:03.391+0000 7f1b5fe00700 1 --2- 172.21.15.29:0/3228226573 >> [v2:172.21.15.29:6800/1596100576,v1:172.21.15.29:6801/1596100576] conn(0x7f1b48038d60 0x7f1b4803b220 unknown :-1 s=START_CONNECT pgs=0 cs=0 l=1 rev1=0 crypto rx=0 tx=0 comp rx=0 tx=0)._fault waiting 0.800000
2024-03-12T06:21:09.852 INFO:teuthology.orchestra.run.smithi029.stdout:/usr/bin/ceph: stderr
2024-03-12T06:21:04.192+0000 7f1b5fe00700 1 -- 172.21.15.29:0/3228226573 >> [v2:172.21.15.29:6800/1596100576,v1:172.21.15.29:6801/1596100576] conn(0x7f1b48038d60 msgr2=0x7f1b4803b220 unknown :-1 s=STATE_CONNECTING_RE l=1).process reconnect failed to v2:172.21.15.29:6800/1596100576
2024-03-12T06:21:09.853 INFO:teuthology.orchestra.run.smithi029.stdout:/usr/bin/ceph: stderr
2024-03-12T06:21:04.192+0000 7f1b5fe00700 1 --2- 172.21.15.29:0/3228226573 >> [v2:172.21.15.29:6800/1596100576,v1:172.21.15.29:6801/1596100576] conn(0x7f1b48038d60 0x7f1b4803b220 unknown :-1 s=START_CONNECT pgs=0 cs=0 l=1 rev1=0 crypto rx=0 tx=0 comp rx=0 tx=0)._fault waiting 1.600000
2024-03-12T06:21:09.853 INFO:teuthology.orchestra.run.smithi029.stdout:/usr/bin/ceph: stderr
2024-03-12T06:21:05.794+0000 7f1b5fe00700 1 -- 172.21.15.29:0/3228226573 >> [v2:172.21.15.29:6800/1596100576,v1:172.21.15.29:6801/1596100576] conn(0x7f1b48038d60 msgr2=0x7f1b4803b220 unknown :-1 s=STATE_CONNECTING_RE l=1).process reconnect failed to v2:172.21.15.29:6800/1596100576
2024-03-12T06:21:09.853 INFO:teuthology.orchestra.run.smithi029.stdout:/usr/bin/ceph: stderr
2024-03-12T06:21:05.794+0000 7f1b5fe00700 1 --2- 172.21.15.29:0/3228226573 >> [v2:172.21.15.29:6800/1596100576,v1:172.21.15.29:6801/1596100576] conn(0x7f1b48038d60 0x7f1b4803b220 unknown :-1 s=START_CONNECT pgs=0 cs=0 l=1 rev1=0 crypto rx=0 tx=0 comp rx=0 tx=0)._fault waiting 3.200000
2024-03-12T06:21:09.853 INFO:teuthology.orchestra.run.smithi029.stdout:/usr/bin/ceph: stderr
2024-03-12T06:21:08.197+0000 7f1b5d600700 1 -- 172.21.15.29:0/3228226573 <== mon.0 v2:172.21.15.29:3300/0 6 ==== mgrmap(e 10) v1 ==== 45549+0+0 (secure 0 0 0) 0x7f1b5401a430 con 0x7f1b6007ce80
2024-03-12T06:21:09.853 INFO:teuthology.orchestra.run.smithi029.stdout:/usr/bin/ceph: stderr
2024-03-12T06:21:08.198+0000 7f1b5d600700 1 -- 172.21.15.29:0/3228226573 >> [v2:172.21.15.29:6800/1596100576,v1:172.21.15.29:6801/1596100576] conn(0x7f1b48038d60 msgr2=0x7f1b4803b220 unknown :-1 s=STATE_CONNECTING l=1).mark_down
2024-03-12T06:21:09.853 INFO:teuthology.orchestra.run.smithi029.stdout:/usr/bin/ceph: stderr
2024-03-12T06:21:08.198+0000 7f1b5d600700 1 --2- 172.21.15.29:0/3228226573 >> [v2:172.21.15.29:6800/1596100576,v1:172.21.15.29:6801/1596100576] conn(0x7f1b48038d60 0x7f1b4803b220 unknown :-1 s=START_CONNECT pgs=0 cs=0 l=1 rev1=0 crypto rx=0 tx=0 comp rx=0 tx=0).stop
2024-03-12T06:21:09.853 INFO:teuthology.orchestra.run.smithi029.stdout:/usr/bin/ceph: stderr
2024-03-12T06:21:09.200+0000 7f1b5d600700 1 -- 172.21.15.29:0/3228226573 <== mon.0 v2:172.21.15.29:3300/0 7 ==== mgrmap(e 11) v1 ==== 45676+0+0 (secure 0 0 0) 0x7f1b5404e790 con 0x7f1b6007ce80
2024-03-12T06:21:09.853 INFO:teuthology.orchestra.run.smithi029.stdout:/usr/bin/ceph: stderr
2024-03-12T06:21:09.200+0000 7f1b5d600700 1 --2- 172.21.15.29:0/3228226573 >> [v2:172.21.15.29:6800/852768568,v1:172.21.15.29:6801/852768568] conn(0x7f1b4803c930 0x7f1b4803ed20 unknown :-1 s=NONE pgs=0 cs=0 l=1 rev1=0 crypto rx=0 tx=0 comp rx=0 tx=0).connect
2024-03-12T06:21:09.853 INFO:teuthology.orchestra.run.smithi029.stdout:/usr/bin/ceph: stderr
2024-03-12T06:21:09.200+0000 7f1b5d600700 1 -- 172.21.15.29:0/3228226573 --> [v2:172.21.15.29:6800/852768568,v1:172.21.15.29:6801/852768568] -- command(tid 0: {"prefix": "get_command_descriptions"}) v1 -- 0x7f1b4803b930 con 0x7f1b4803c930
2024-03-12T06:21:09.853 INFO:teuthology.orchestra.run.smithi029.stdout:/usr/bin/ceph: stderr
2024-03-12T06:21:09.201+0000 7f1b5fe00700 1 --2- 172.21.15.29:0/3228226573 >> [v2:172.21.15.29:6800/852768568,v1:172.21.15.29:6801/852768568] conn(0x7f1b4803c930 0x7f1b4803ed20 unknown :-1 s=BANNER_CONNECTING pgs=0 cs=0 l=1 rev1=0 crypto rx=0 tx=0 comp rx=0 tx=0)._handle_peer_banner_payload supported=3 required=0
2024-03-12T06:21:09.853 INFO:teuthology.orchestra.run.smithi029.stdout:/usr/bin/ceph: stderr
2024-03-12T06:21:09.202+0000 7f1b5fe00700 1 --2- 172.21.15.29:0/3228226573 >> [v2:172.21.15.29:6800/852768568,v1:172.21.15.29:6801/852768568] conn(0x7f1b4803c930 0x7f1b4803ed20 secure :-1 s=READY pgs=1 cs=0 l=1 rev1=1 crypto rx=0x7f1b4c003a10 tx=0x7f1b4c009270 comp rx=0 tx=0).ready entity=mgr.14152 client_cookie=0 server_cookie=0 in_seq=0 out_seq=0
2024-03-12T06:21:09.853 INFO:teuthology.orchestra.run.smithi029.stdout:/usr/bin/ceph: stderr
2024-03-12T06:21:09.203+0000 7f1b5d600700 1 -- 172.21.15.29:0/3228226573 <== mgr.14152 v2:172.21.15.29:6800/852768568 1 ==== command_reply(tid 0: 0 ) v1 ==== 8+0+7774 (secure 0 0 0) 0x7f1b4803b930 con 0x7f1b4803c930
2024-03-12T06:21:09.853 INFO:teuthology.orchestra.run.smithi029.stdout:/usr/bin/ceph: stderr
2024-03-12T06:21:09.211+0000 7f1b67a00700 1 -- 172.21.15.29:0/3228226573 --> [v2:172.21.15.29:6800/852768568,v1:172.21.15.29:6801/852768568] -- command(tid 1: {"prefix": "mgr_status"}) v1 -- 0x7f1b6010dd90 con 0x7f1b4803c930
2024-03-12T06:21:09.853 INFO:teuthology.orchestra.run.smithi029.stdout:/usr/bin/ceph: stderr
2024-03-12T06:21:09.212+0000 7f1b5d600700 1 -- 172.21.15.29:0/3228226573 <== mgr.14152 v2:172.21.15.29:6800/852768568 2 ==== command_reply(tid 1: 0 ) v1 ==== 8+0+52 (secure 0 0 0) 0x7f1b6010dd90 con 0x7f1b4803c930
2024-03-12T06:21:09.854 INFO:teuthology.orchestra.run.smithi029.stdout:/usr/bin/ceph: stderr
2024-03-12T06:21:09.212+0000 7f1b67a00700 1 -- 172.21.15.29:0/3228226573 >> [v2:172.21.15.29:6800/852768568,v1:172.21.15.29:6801/852768568] conn(0x7f1b4803c930 msgr2=0x7f1b4803ed20 secure :-1 s=STATE_CONNECTION_ESTABLISHED l=1).mark_down
2024-03-12T06:21:09.854 INFO:teuthology.orchestra.run.smithi029.stdout:/usr/bin/ceph: stderr
2024-03-12T06:21:09.212+0000 7f1b67a00700 1 --2- 172.21.15.29:0/3228226573 >> [v2:172.21.15.29:6800/852768568,v1:172.21.15.29:6801/852768568] conn(0x7f1b4803c930 0x7f1b4803ed20 secure :-1 s=READY pgs=1 cs=0 l=1 rev1=1 crypto rx=0x7f1b4c003a10 tx=0x7f1b4c009270 comp rx=0 tx=0).stop
2024-03-12T06:21:09.854 INFO:teuthology.orchestra.run.smithi029.stdout:/usr/bin/ceph: stderr
2024-03-12T06:21:09.212+0000 7f1b67a00700 1 -- 172.21.15.29:0/3228226573 >> [v2:172.21.15.29:3300/0,v1:172.21.15.29:6789/0] conn(0x7f1b6007ce80 msgr2=0x7f1b6019d850 secure :-1 s=STATE_CONNECTION_ESTABLISHED l=1).mark_down
2024-03-12T06:21:09.854 INFO:teuthology.orchestra.run.smithi029.stdout:/usr/bin/ceph: stderr
2024-03-12T06:21:09.212+0000 7f1b67a00700 1 --2- 172.21.15.29:0/3228226573 >> [v2:172.21.15.29:3300/0,v1:172.21.15.29:6789/0] conn(0x7f1b6007ce80 0x7f1b6019d850 secure :-1 s=READY pgs=62 cs=0 l=1 rev1=1 crypto rx=0x7f1b54000c00 tx=0x7f1b54011d10 comp rx=0 tx=0).stop
2024-03-12T06:21:09.854 INFO:teuthology.orchestra.run.smithi029.stdout:/usr/bin/ceph: stderr
2024-03-12T06:21:09.212+0000 7f1b67a00700 1 -- 172.21.15.29:0/3228226573 shutdown_connections
2024-03-12T06:21:09.854 INFO:teuthology.orchestra.run.smithi029.stdout:/usr/bin/ceph: stderr
2024-03-12T06:21:09.212+0000 7f1b67a00700 1 --2- 172.21.15.29:0/3228226573 >> [v2:172.21.15.29:6800/852768568,v1:172.21.15.29:6801/852768568] conn(0x7f1b4803c930 0x7f1b4803ed20 unknown :-1 s=CLOSED pgs=1 cs=0 l=1 rev1=1 crypto rx=0 tx=0 comp rx=0 tx=0).stop
2024-03-12T06:21:09.854 INFO:teuthology.orchestra.run.smithi029.stdout:/usr/bin/ceph: stderr
2024-03-12T06:21:09.212+0000 7f1b67a00700 1 --2- 172.21.15.29:0/3228226573 >> [v2:172.21.15.29:3300/0,v1:172.21.15.29:6789/0] conn(0x7f1b6007ce80 0x7f1b6019d850 unknown :-1 s=CLOSED pgs=62 cs=0 l=1 rev1=1 crypto rx=0 tx=0 comp rx=0 tx=0).stop
2024-03-12T06:21:09.854 INFO:teuthology.orchestra.run.smithi029.stdout:/usr/bin/ceph: stderr
2024-03-12T06:21:09.212+0000 7f1b67a00700 1 --2- 172.21.15.29:0/3228226573 >> [v2:172.21.15.29:6800/1596100576,v1:172.21.15.29:6801/1596100576] conn(0x7f1b48038d60 0x7f1b4803b220 unknown :-1 s=CLOSED pgs=0 cs=0 l=1 rev1=0 crypto rx=0 tx=0 comp rx=0 tx=0).stop
2024-03-12T06:21:09.854 INFO:teuthology.orchestra.run.smithi029.stdout:/usr/bin/ceph: stderr
2024-03-12T06:21:09.212+0000 7f1b67a00700 1 -- 172.21.15.29:0/3228226573 >> 172.21.15.29:0/3228226573 conn(0x7f1b60102db0 msgr2=0x7f1b60103890 unknown :-1 s=STATE_NONE l=0).mark_down
2024-03-12T06:21:09.854 INFO:teuthology.orchestra.run.smithi029.stdout:/usr/bin/ceph: stderr
2024-03-12T06:21:09.213+0000 7f1b67a00700 1 -- 172.21.15.29:0/3228226573 shutdown_connections
2024-03-12T06:21:09.855 INFO:teuthology.orchestra.run.smithi029.stdout:/usr/bin/ceph: stderr
2024-03-12T06:21:09.213+0000 7f1b67a00700 1 -- 172.21.15.29:0/3228226573 wait complete.
2024-03-12T06:21:09.855 INFO:teuthology.orchestra.run.smithi029.stdout:mgr epoch 9 is available
2024-03-12T06:21:09.855 INFO:teuthology.orchestra.run.smithi029.stdout:Generating a dashboard self-signed certificate...
2024-03-12T06:21:10.493 INFO:journalctl@ceph.mon.a.smithi029.stdout:Mar 12 06:21:10 smithi029 ceph-mon[31403]: from='client.14156 -' entity='client.admin' cmd=[{"prefix": "get_command_descriptions"}]: dispatch
2024-03-12T06:21:10.493 INFO:journalctl@ceph.mon.a.smithi029.stdout:Mar 12 06:21:10 smithi029 ceph-mon[31403]: from='client.14156 -' entity='client.admin' cmd=[{"prefix": "mgr_status"}]: dispatch
2024-03-12T06:21:11.513 INFO:journalctl@ceph.mon.a.smithi029.stdout:Mar 12 06:21:11 smithi029 ceph-mon[31403]: mgrmap e12: x(active, since 2s)
2024-03-12T06:21:11.513 INFO:journalctl@ceph.mon.a.smithi029.stdout:Mar 12 06:21:11 smithi029 ceph-mon[31403]: from='client.14164 -' entity='client.admin' cmd=[{"prefix": "dashboard create-self-signed-cert", "target": ["mon-mgr", ""]}]: dispatch
2024-03-12T06:21:11.513 INFO:journalctl@ceph.mon.a.smithi029.stdout:Mar 12 06:21:11 smithi029 ceph-mon[31403]: from='mgr.14152 172.21.15.29:0/3972523792' entity='mgr.x'
2024-03-12T06:21:11.513 INFO:journalctl@ceph.mon.a.smithi029.stdout:Mar 12 06:21:11 smithi029 ceph-mon[31403]: from='mgr.14152 172.21.15.29:0/3972523792' entity='mgr.x'
2024-03-12T06:21:11.809 INFO:teuthology.orchestra.run.smithi029.stdout:/usr/bin/ceph: stdout Self-signed certificate created
2024-03-12T06:21:11.809 INFO:teuthology.orchestra.run.smithi029.stdout:/usr/bin/ceph: stderr
2024-03-12T06:21:10.650+0000 7f3548a00700 1 Processor -- start
2024-03-12T06:21:11.809 INFO:teuthology.orchestra.run.smithi029.stdout:/usr/bin/ceph: stderr
2024-03-12T06:21:10.651+0000 7f3548a00700 1 -- start start
2024-03-12T06:21:11.809 INFO:teuthology.orchestra.run.smithi029.stdout:/usr/bin/ceph: stderr
2024-03-12T06:21:10.651+0000 7f3548a00700 1 --2- >> [v2:172.21.15.29:3300/0,v1:172.21.15.29:6789/0] conn(0x7f354407ce80 0x7f354407b2e0 unknown :-1 s=NONE pgs=0 cs=0 l=0 rev1=0 crypto rx=0 tx=0 comp rx=0 tx=0).connect
2024-03-12T06:21:11.810 INFO:teuthology.orchestra.run.smithi029.stdout:/usr/bin/ceph: stderr
2024-03-12T06:21:10.651+0000 7f3548a00700 1 -- --> [v2:172.21.15.29:3300/0,v1:172.21.15.29:6789/0] -- mon_getmap magic: 0 v1 -- 0x7f354407b8b0 con 0x7f354407ce80
2024-03-12T06:21:11.810 INFO:teuthology.orchestra.run.smithi029.stdout:/usr/bin/ceph: stderr
2024-03-12T06:21:10.651+0000 7f3541e00700 1 --2- >> [v2:172.21.15.29:3300/0,v1:172.21.15.29:6789/0] conn(0x7f354407ce80 0x7f354407b2e0 unknown :-1 s=BANNER_CONNECTING pgs=0 cs=0 l=0 rev1=0 crypto rx=0 tx=0 comp rx=0 tx=0)._handle_peer_banner_payload supported=3 required=0
2024-03-12T06:21:11.810 INFO:teuthology.orchestra.run.smithi029.stdout:/usr/bin/ceph: stderr
2024-03-12T06:21:10.651+0000 7f3541e00700 1 --2- >> [v2:172.21.15.29:3300/0,v1:172.21.15.29:6789/0] conn(0x7f354407ce80 0x7f354407b2e0 unknown :-1 s=HELLO_CONNECTING pgs=0 cs=0 l=0 rev1=1 crypto rx=0 tx=0 comp rx=0 tx=0).handle_hello peer v2:172.21.15.29:3300/0 says I am v2:172.21.15.29:41364/0 (socket says 172.21.15.29:41364)
2024-03-12T06:21:11.810 INFO:teuthology.orchestra.run.smithi029.stdout:/usr/bin/ceph: stderr
2024-03-12T06:21:10.651+0000 7f3541e00700 1 -- 172.21.15.29:0/3719217237 learned_addr learned my addr 172.21.15.29:0/3719217237 (peer_addr_for_me v2:172.21.15.29:0/0)
2024-03-12T06:21:11.810 INFO:teuthology.orchestra.run.smithi029.stdout:/usr/bin/ceph: stderr
2024-03-12T06:21:10.652+0000 7f3541e00700 1 -- 172.21.15.29:0/3719217237 --> [v2:172.21.15.29:3300/0,v1:172.21.15.29:6789/0] -- mon_subscribe({config=0+,monmap=0+}) v3 -- 0x7f354407b9f0 con 0x7f354407ce80
2024-03-12T06:21:11.810 INFO:teuthology.orchestra.run.smithi029.stdout:/usr/bin/ceph: stderr
2024-03-12T06:21:10.652+0000 7f3541e00700 1 --2- 172.21.15.29:0/3719217237 >> [v2:172.21.15.29:3300/0,v1:172.21.15.29:6789/0] conn(0x7f354407ce80 0x7f354407b2e0 secure :-1 s=READY pgs=70 cs=0 l=1 rev1=1 crypto rx=0x7f35340098a0 tx=0x7f3534009bb0 comp rx=0 tx=0).ready entity=mon.0 client_cookie=a1d67b7a8932141b server_cookie=0 in_seq=0 out_seq=0
2024-03-12T06:21:11.810 INFO:teuthology.orchestra.run.smithi029.stdout:/usr/bin/ceph: stderr
2024-03-12T06:21:10.652+0000 7f3540a00700 1 -- 172.21.15.29:0/3719217237 <== mon.0 v2:172.21.15.29:3300/0 1 ==== mon_map magic: 0 v1 ==== 205+0+0 (secure 0 0 0) 0x7f3534004160 con 0x7f354407ce80
2024-03-12T06:21:11.810 INFO:teuthology.orchestra.run.smithi029.stdout:/usr/bin/ceph: stderr
2024-03-12T06:21:10.653+0000 7f3540a00700 1 -- 172.21.15.29:0/3719217237 <== mon.0 v2:172.21.15.29:3300/0 2 ==== config(29 keys) v1 ==== 1209+0+0 (secure 0 0 0) 0x7f3534003bc0 con 0x7f354407ce80
2024-03-12T06:21:11.810 INFO:teuthology.orchestra.run.smithi029.stdout:/usr/bin/ceph: stderr
2024-03-12T06:21:10.653+0000 7f3540a00700 1 -- 172.21.15.29:0/3719217237 <== mon.0 v2:172.21.15.29:3300/0 3 ==== mon_map magic: 0 v1 ==== 205+0+0 (secure 0 0 0) 0x7f3534011be0 con 0x7f354407ce80
2024-03-12T06:21:11.810 INFO:teuthology.orchestra.run.smithi029.stdout:/usr/bin/ceph: stderr
2024-03-12T06:21:10.653+0000 7f3548a00700 1 -- 172.21.15.29:0/3719217237 >> [v2:172.21.15.29:3300/0,v1:172.21.15.29:6789/0] conn(0x7f354407ce80 msgr2=0x7f354407b2e0 secure :-1 s=STATE_CONNECTION_ESTABLISHED l=1).mark_down
2024-03-12T06:21:11.810 INFO:teuthology.orchestra.run.smithi029.stdout:/usr/bin/ceph: stderr
2024-03-12T06:21:10.653+0000 7f3548a00700 1 --2- 172.21.15.29:0/3719217237 >> [v2:172.21.15.29:3300/0,v1:172.21.15.29:6789/0] conn(0x7f354407ce80 0x7f354407b2e0 secure :-1 s=READY pgs=70 cs=0 l=1 rev1=1 crypto rx=0x7f35340098a0 tx=0x7f3534009bb0 comp rx=0 tx=0).stop
2024-03-12T06:21:11.810 INFO:teuthology.orchestra.run.smithi029.stdout:/usr/bin/ceph: stderr
2024-03-12T06:21:10.653+0000 7f3548a00700 1 -- 172.21.15.29:0/3719217237 shutdown_connections
2024-03-12T06:21:11.811 INFO:teuthology.orchestra.run.smithi029.stdout:/usr/bin/ceph: stderr
2024-03-12T06:21:10.653+0000 7f3548a00700 1 --2- 172.21.15.29:0/3719217237 >> [v2:172.21.15.29:3300/0,v1:172.21.15.29:6789/0] conn(0x7f354407ce80 0x7f354407b2e0 unknown :-1 s=CLOSED pgs=70 cs=0 l=1 rev1=1 crypto rx=0 tx=0 comp rx=0 tx=0).stop
2024-03-12T06:21:11.811 INFO:teuthology.orchestra.run.smithi029.stdout:/usr/bin/ceph: stderr
2024-03-12T06:21:10.653+0000 7f3548a00700 1 -- 172.21.15.29:0/3719217237 >> 172.21.15.29:0/3719217237 conn(0x7f3544102db0 msgr2=0x7f3544105210 unknown :-1 s=STATE_NONE l=0).mark_down
2024-03-12T06:21:11.811 INFO:teuthology.orchestra.run.smithi029.stdout:/usr/bin/ceph: stderr
2024-03-12T06:21:10.653+0000 7f3548a00700 1 -- 172.21.15.29:0/3719217237 shutdown_connections
2024-03-12T06:21:11.811 INFO:teuthology.orchestra.run.smithi029.stdout:/usr/bin/ceph: stderr
2024-03-12T06:21:10.653+0000 7f3548a00700 1 -- 172.21.15.29:0/3719217237 wait complete.
2024-03-12T06:21:11.811 INFO:teuthology.orchestra.run.smithi029.stdout:/usr/bin/ceph: stderr
2024-03-12T06:21:10.654+0000 7f3548a00700 1 Processor -- start
2024-03-12T06:21:11.811 INFO:teuthology.orchestra.run.smithi029.stdout:/usr/bin/ceph: stderr
2024-03-12T06:21:10.654+0000 7f3548a00700 1 -- start start
2024-03-12T06:21:11.811 INFO:teuthology.orchestra.run.smithi029.stdout:/usr/bin/ceph: stderr
2024-03-12T06:21:10.655+0000 7f3548a00700 1 --2- >> [v2:172.21.15.29:3300/0,v1:172.21.15.29:6789/0] conn(0x7f354407ce80 0x7f354419d850 unknown :-1 s=NONE pgs=0 cs=0 l=1 rev1=0 crypto rx=0 tx=0 comp rx=0 tx=0).connect
2024-03-12T06:21:11.811 INFO:teuthology.orchestra.run.smithi029.stdout:/usr/bin/ceph: stderr
2024-03-12T06:21:10.655+0000 7f3548a00700 1 -- --> [v2:172.21.15.29:3300/0,v1:172.21.15.29:6789/0] -- mon_getmap magic: 0 v1 -- 0x7f354419dd90 con 0x7f354407ce80
2024-03-12T06:21:11.811 INFO:teuthology.orchestra.run.smithi029.stdout:/usr/bin/ceph: stderr
2024-03-12T06:21:10.655+0000 7f3541e00700 1 --2- >> [v2:172.21.15.29:3300/0,v1:172.21.15.29:6789/0] conn(0x7f354407ce80 0x7f354419d850 unknown :-1 s=BANNER_CONNECTING pgs=0 cs=0 l=1 rev1=0 crypto rx=0 tx=0 comp rx=0 tx=0)._handle_peer_banner_payload supported=3 required=0
2024-03-12T06:21:11.811 INFO:teuthology.orchestra.run.smithi029.stdout:/usr/bin/ceph: stderr
2024-03-12T06:21:10.655+0000 7f3541e00700 1 --2- >> [v2:172.21.15.29:3300/0,v1:172.21.15.29:6789/0] conn(0x7f354407ce80 0x7f354419d850 unknown :-1 s=HELLO_CONNECTING pgs=0 cs=0 l=1 rev1=1 crypto rx=0 tx=0 comp rx=0 tx=0).handle_hello peer v2:172.21.15.29:3300/0 says I am v2:172.21.15.29:41370/0 (socket says 172.21.15.29:41370)
2024-03-12T06:21:11.811 INFO:teuthology.orchestra.run.smithi029.stdout:/usr/bin/ceph: stderr
2024-03-12T06:21:10.655+0000 7f3541e00700 1 -- 172.21.15.29:0/2883268298 learned_addr learned my addr 172.21.15.29:0/2883268298 (peer_addr_for_me v2:172.21.15.29:0/0)
2024-03-12T06:21:11.811 INFO:teuthology.orchestra.run.smithi029.stdout:/usr/bin/ceph: stderr
2024-03-12T06:21:10.656+0000 7f3541e00700 1 -- 172.21.15.29:0/2883268298 --> [v2:172.21.15.29:3300/0,v1:172.21.15.29:6789/0] -- mon_subscribe({config=0+,monmap=0+}) v3 -- 0x7f3534009550 con 0x7f354407ce80
2024-03-12T06:21:11.811 INFO:teuthology.orchestra.run.smithi029.stdout:/usr/bin/ceph: stderr
2024-03-12T06:21:10.656+0000 7f3541e00700 1 --2- 172.21.15.29:0/2883268298 >> [v2:172.21.15.29:3300/0,v1:172.21.15.29:6789/0] conn(0x7f354407ce80 0x7f354419d850 secure :-1 s=READY pgs=71 cs=0 l=1 rev1=1 crypto rx=0x7f3534000c00 tx=0x7f3534011d10 comp rx=0 tx=0).ready entity=mon.0 client_cookie=0 server_cookie=0 in_seq=0 out_seq=0
2024-03-12T06:21:11.812 INFO:teuthology.orchestra.run.smithi029.stdout:/usr/bin/ceph: stderr
2024-03-12T06:21:10.656+0000 7f353aa00700 1 -- 172.21.15.29:0/2883268298 <== mon.0 v2:172.21.15.29:3300/0 1 ==== mon_map magic: 0 v1 ==== 205+0+0 (secure 0 0 0) 0x7f3534004130 con 0x7f354407ce80
2024-03-12T06:21:11.812 INFO:teuthology.orchestra.run.smithi029.stdout:/usr/bin/ceph: stderr
2024-03-12T06:21:10.656+0000 7f3548a00700 1 -- 172.21.15.29:0/2883268298 --> [v2:172.21.15.29:3300/0,v1:172.21.15.29:6789/0] -- mon_subscribe({mgrmap=0+}) v3 -- 0x7f354419df90 con 0x7f354407ce80
2024-03-12T06:21:11.812 INFO:teuthology.orchestra.run.smithi029.stdout:/usr/bin/ceph: stderr
2024-03-12T06:21:10.656+0000 7f353aa00700 1 -- 172.21.15.29:0/2883268298 <== mon.0 v2:172.21.15.29:3300/0 2 ==== config(29 keys) v1 ==== 1209+0+0 (secure 0 0 0) 0x7f3534004290 con 0x7f354407ce80
2024-03-12T06:21:11.812 INFO:teuthology.orchestra.run.smithi029.stdout:/usr/bin/ceph: stderr
2024-03-12T06:21:10.656+0000 7f353aa00700 1 -- 172.21.15.29:0/2883268298 <== mon.0 v2:172.21.15.29:3300/0 3 ==== mon_map magic: 0 v1 ==== 205+0+0 (secure 0 0 0) 0x7f3534024870 con 0x7f354407ce80
2024-03-12T06:21:11.812 INFO:teuthology.orchestra.run.smithi029.stdout:/usr/bin/ceph: stderr
2024-03-12T06:21:10.656+0000 7f3548a00700 1 -- 172.21.15.29:0/2883268298 --> [v2:172.21.15.29:3300/0,v1:172.21.15.29:6789/0] -- mon_subscribe({osdmap=0}) v3 -- 0x7f354419e430 con 0x7f354407ce80
2024-03-12T06:21:11.812 INFO:teuthology.orchestra.run.smithi029.stdout:/usr/bin/ceph: stderr
2024-03-12T06:21:10.657+0000 7f353aa00700 1 -- 172.21.15.29:0/2883268298 <== mon.0 v2:172.21.15.29:3300/0 4 ==== mgrmap(e 12) v1 ==== 45782+0+0 (secure 0 0 0) 0x7f3534024ae0 con 0x7f354407ce80
2024-03-12T06:21:11.812 INFO:teuthology.orchestra.run.smithi029.stdout:/usr/bin/ceph: stderr
2024-03-12T06:21:10.657+0000 7f3548a00700 1 -- 172.21.15.29:0/2883268298 --> [v2:172.21.15.29:3300/0,v1:172.21.15.29:6789/0] -- mon_command({"prefix": "get_command_descriptions"} v 0) v1 -- 0x7f354410dd90 con 0x7f354407ce80
2024-03-12T06:21:11.812 INFO:teuthology.orchestra.run.smithi029.stdout:/usr/bin/ceph: stderr
2024-03-12T06:21:10.658+0000 7f353aa00700 1 --2- 172.21.15.29:0/2883268298 >> [v2:172.21.15.29:6800/852768568,v1:172.21.15.29:6801/852768568] conn(0x7f3528038d60 0x7f352803b220 unknown :-1 s=NONE pgs=0 cs=0 l=1 rev1=0 crypto rx=0 tx=0 comp rx=0 tx=0).connect
2024-03-12T06:21:11.812 INFO:teuthology.orchestra.run.smithi029.stdout:/usr/bin/ceph: stderr
2024-03-12T06:21:10.658+0000 7f353aa00700 1 -- 172.21.15.29:0/2883268298 <== mon.0 v2:172.21.15.29:3300/0 5 ==== osd_map(3..3 src has 1..3) v4 ==== 1155+0+0 (secure 0 0 0) 0x7f353404ce60 con 0x7f354407ce80
2024-03-12T06:21:11.812 INFO:teuthology.orchestra.run.smithi029.stdout:/usr/bin/ceph: stderr
2024-03-12T06:21:10.658+0000 7f3541400700 1 --2- 172.21.15.29:0/2883268298 >> [v2:172.21.15.29:6800/852768568,v1:172.21.15.29:6801/852768568] conn(0x7f3528038d60 0x7f352803b220 unknown :-1 s=BANNER_CONNECTING pgs=0 cs=0 l=1 rev1=0 crypto rx=0 tx=0 comp rx=0 tx=0)._handle_peer_banner_payload supported=3 required=0
2024-03-12T06:21:11.812 INFO:teuthology.orchestra.run.smithi029.stdout:/usr/bin/ceph: stderr
2024-03-12T06:21:10.659+0000 7f3541400700 1 --2- 172.21.15.29:0/2883268298 >> [v2:172.21.15.29:6800/852768568,v1:172.21.15.29:6801/852768568] conn(0x7f3528038d60 0x7f352803b220 secure :-1 s=READY pgs=7 cs=0 l=1 rev1=1 crypto rx=0x7f3530006fd0 tx=0x7f3530006e40 comp rx=0 tx=0).ready entity=mgr.14152 client_cookie=0 server_cookie=0 in_seq=0 out_seq=0
2024-03-12T06:21:11.812 INFO:teuthology.orchestra.run.smithi029.stdout:/usr/bin/ceph: stderr
2024-03-12T06:21:10.664+0000 7f353aa00700 1 -- 172.21.15.29:0/2883268298 <== mon.0 v2:172.21.15.29:3300/0 6 ==== mon_command_ack([{"prefix": "get_command_descriptions"}]=0 v0) v1 ==== 72+0+183564 (secure 0 0 0) 0x7f3534018760 con 0x7f354407ce80
2024-03-12T06:21:11.812 INFO:teuthology.orchestra.run.smithi029.stdout:/usr/bin/ceph: stderr
2024-03-12T06:21:10.896+0000 7f3548a00700 1 -- 172.21.15.29:0/2883268298 --> [v2:172.21.15.29:6800/852768568,v1:172.21.15.29:6801/852768568] -- mgr_command(tid 0: {"prefix": "dashboard create-self-signed-cert", "target": ["mon-mgr", ""]}) v1 -- 0x7f3544103fa0 con 0x7f3528038d60
2024-03-12T06:21:11.813 INFO:teuthology.orchestra.run.smithi029.stdout:/usr/bin/ceph: stderr
2024-03-12T06:21:11.074+0000 7f353aa00700 1 -- 172.21.15.29:0/2883268298 <== mgr.14152 v2:172.21.15.29:6800/852768568 1 ==== mgr_command_reply(tid 0: 0 ) v1 ==== 8+0+32 (secure 0 0 0) 0x7f3544103fa0 con 0x7f3528038d60
2024-03-12T06:21:11.813 INFO:teuthology.orchestra.run.smithi029.stdout:/usr/bin/ceph: stderr
2024-03-12T06:21:11.077+0000 7f3548a00700 1 -- 172.21.15.29:0/2883268298 >> [v2:172.21.15.29:6800/852768568,v1:172.21.15.29:6801/852768568] conn(0x7f3528038d60 msgr2=0x7f352803b220 secure :-1 s=STATE_CONNECTION_ESTABLISHED l=1).mark_down
2024-03-12T06:21:11.813 INFO:teuthology.orchestra.run.smithi029.stdout:/usr/bin/ceph: stderr
2024-03-12T06:21:11.077+0000 7f3548a00700 1 --2- 172.21.15.29:0/2883268298 >> [v2:172.21.15.29:6800/852768568,v1:172.21.15.29:6801/852768568] conn(0x7f3528038d60 0x7f352803b220 secure :-1 s=READY pgs=7 cs=0 l=1 rev1=1 crypto rx=0x7f3530006fd0 tx=0x7f3530006e40 comp rx=0 tx=0).stop
2024-03-12T06:21:11.813 INFO:teuthology.orchestra.run.smithi029.stdout:/usr/bin/ceph: stderr
2024-03-12T06:21:11.077+0000 7f3548a00700 1 -- 172.21.15.29:0/2883268298 >> [v2:172.21.15.29:3300/0,v1:172.21.15.29:6789/0] conn(0x7f354407ce80 msgr2=0x7f354419d850 secure :-1 s=STATE_CONNECTION_ESTABLISHED l=1).mark_down
2024-03-12T06:21:11.813 INFO:teuthology.orchestra.run.smithi029.stdout:/usr/bin/ceph: stderr
2024-03-12T06:21:11.077+0000 7f3548a00700 1 --2- 172.21.15.29:0/2883268298 >> [v2:172.21.15.29:3300/0,v1:172.21.15.29:6789/0] conn(0x7f354407ce80 0x7f354419d850 secure :-1 s=READY pgs=71 cs=0 l=1 rev1=1 crypto rx=0x7f3534000c00 tx=0x7f3534011d10 comp rx=0 tx=0).stop
2024-03-12T06:21:11.813 INFO:teuthology.orchestra.run.smithi029.stdout:/usr/bin/ceph: stderr
2024-03-12T06:21:11.077+0000 7f3548a00700 1 -- 172.21.15.29:0/2883268298 shutdown_connections
2024-03-12T06:21:11.813 INFO:teuthology.orchestra.run.smithi029.stdout:/usr/bin/ceph: stderr
2024-03-12T06:21:11.077+0000 7f3548a00700 1 --2- 172.21.15.29:0/2883268298 >> [v2:172.21.15.29:6800/852768568,v1:172.21.15.29:6801/852768568] conn(0x7f3528038d60 0x7f352803b220 unknown :-1 s=CLOSED pgs=7 cs=0 l=1 rev1=1 crypto rx=0 tx=0 comp rx=0 tx=0).stop
2024-03-12T06:21:11.813 INFO:teuthology.orchestra.run.smithi029.stdout:/usr/bin/ceph: stderr
2024-03-12T06:21:11.077+0000 7f3548a00700 1 --2- 172.21.15.29:0/2883268298 >> [v2:172.21.15.29:3300/0,v1:172.21.15.29:6789/0] conn(0x7f354407ce80 0x7f354419d850 unknown :-1 s=CLOSED pgs=71 cs=0 l=1 rev1=1 crypto rx=0 tx=0 comp rx=0 tx=0).stop
2024-03-12T06:21:11.813 INFO:teuthology.orchestra.run.smithi029.stdout:/usr/bin/ceph: stderr
2024-03-12T06:21:11.077+0000 7f3548a00700 1 -- 172.21.15.29:0/2883268298 >> 172.21.15.29:0/2883268298 conn(0x7f3544102db0 msgr2=0x7f3544103890 unknown :-1 s=STATE_NONE l=0).mark_down
2024-03-12T06:21:11.813 INFO:teuthology.orchestra.run.smithi029.stdout:/usr/bin/ceph: stderr
2024-03-12T06:21:11.077+0000 7f3548a00700 1 -- 172.21.15.29:0/2883268298 shutdown_connections
2024-03-12T06:21:11.813 INFO:teuthology.orchestra.run.smithi029.stdout:/usr/bin/ceph: stderr
2024-03-12T06:21:11.078+0000 7f3548a00700 1 -- 172.21.15.29:0/2883268298 wait complete.
2024-03-12T06:21:11.813 INFO:teuthology.orchestra.run.smithi029.stdout:Creating initial admin user...
2024-03-12T06:21:13.122 INFO:journalctl@ceph.mon.a.smithi029.stdout:Mar 12 06:21:12 smithi029 ceph-mon[31403]: from='mgr.14152 172.21.15.29:0/3972523792' entity='mgr.x'
2024-03-12T06:21:13.773 INFO:teuthology.orchestra.run.smithi029.stdout:/usr/bin/ceph: stdout {"username": "admin", "password": "$2b$12$lAJ9l/NkMir//wcQmjctRu6ghw4MENkAWH.gG487eURV5aOqyjqD6", "roles": ["administrator"], "name": null, "email": null, "lastUpdate": 1710224472, "enabled": true, "pwdExpirationDate": null, "pwdUpdateRequired": true}
2024-03-12T06:21:13.773 INFO:teuthology.orchestra.run.smithi029.stdout:/usr/bin/ceph: stderr
2024-03-12T06:21:12.402+0000 7f7b63e00700 1 Processor -- start
2024-03-12T06:21:13.773 INFO:teuthology.orchestra.run.smithi029.stdout:/usr/bin/ceph: stderr
2024-03-12T06:21:12.402+0000 7f7b63e00700 1 -- start start
2024-03-12T06:21:13.773 INFO:teuthology.orchestra.run.smithi029.stdout:/usr/bin/ceph: stderr
2024-03-12T06:21:12.403+0000 7f7b63e00700 1 --2- >> [v2:172.21.15.29:3300/0,v1:172.21.15.29:6789/0] conn(0x7f7b5c07cee0 0x7f7b5c07b340 unknown :-1 s=NONE pgs=0 cs=0 l=0 rev1=0 crypto rx=0 tx=0 comp rx=0 tx=0).connect
2024-03-12T06:21:13.773 INFO:teuthology.orchestra.run.smithi029.stdout:/usr/bin/ceph: stderr
2024-03-12T06:21:12.403+0000 7f7b63e00700 1 -- --> [v2:172.21.15.29:3300/0,v1:172.21.15.29:6789/0] -- mon_getmap magic: 0 v1 -- 0x7f7b5c07b910 con 0x7f7b5c07cee0
2024-03-12T06:21:13.773 INFO:teuthology.orchestra.run.smithi029.stdout:/usr/bin/ceph: stderr
2024-03-12T06:21:12.403+0000 7f7b61400700 1 --2- >> [v2:172.21.15.29:3300/0,v1:172.21.15.29:6789/0] conn(0x7f7b5c07cee0 0x7f7b5c07b340 unknown :-1 s=BANNER_CONNECTING pgs=0 cs=0 l=0 rev1=0 crypto rx=0 tx=0 comp rx=0 tx=0)._handle_peer_banner_payload supported=3 required=0
2024-03-12T06:21:13.773 INFO:teuthology.orchestra.run.smithi029.stdout:/usr/bin/ceph: stderr
2024-03-12T06:21:12.403+0000 7f7b61400700 1 --2- >> [v2:172.21.15.29:3300/0,v1:172.21.15.29:6789/0] conn(0x7f7b5c07cee0 0x7f7b5c07b340 unknown :-1 s=HELLO_CONNECTING pgs=0 cs=0 l=0 rev1=1 crypto rx=0 tx=0 comp rx=0 tx=0).handle_hello peer v2:172.21.15.29:3300/0 says I am v2:172.21.15.29:41382/0 (socket says 172.21.15.29:41382)
2024-03-12T06:21:13.773 INFO:teuthology.orchestra.run.smithi029.stdout:/usr/bin/ceph: stderr
2024-03-12T06:21:12.403+0000 7f7b61400700 1 -- 172.21.15.29:0/1741316876 learned_addr learned my addr 172.21.15.29:0/1741316876 (peer_addr_for_me v2:172.21.15.29:0/0)
2024-03-12T06:21:13.773 INFO:teuthology.orchestra.run.smithi029.stdout:/usr/bin/ceph: stderr
2024-03-12T06:21:12.404+0000 7f7b61400700 1 -- 172.21.15.29:0/1741316876 --> [v2:172.21.15.29:3300/0,v1:172.21.15.29:6789/0] -- mon_subscribe({config=0+,monmap=0+}) v3 -- 0x7f7b5c07ba50 con 0x7f7b5c07cee0
2024-03-12T06:21:13.776 INFO:teuthology.orchestra.run.smithi029.stdout:/usr/bin/ceph: stderr
2024-03-12T06:21:12.404+0000 7f7b61400700 1 --2- 172.21.15.29:0/1741316876 >> [v2:172.21.15.29:3300/0,v1:172.21.15.29:6789/0] conn(0x7f7b5c07cee0 0x7f7b5c07b340 secure :-1 s=READY pgs=72 cs=0 l=1 rev1=1 crypto rx=0x7f7b500098a0 tx=0x7f7b50009bb0 comp rx=0 tx=0).ready entity=mon.0 client_cookie=a4f013f5879f1bd7 server_cookie=0 in_seq=0 out_seq=0
2024-03-12T06:21:13.776 INFO:teuthology.orchestra.run.smithi029.stdout:/usr/bin/ceph: stderr
2024-03-12T06:21:12.404+0000 7f7b5be00700 1 -- 172.21.15.29:0/1741316876 <== mon.0 v2:172.21.15.29:3300/0 1 ==== mon_map magic: 0 v1 ==== 205+0+0 (secure 0 0 0) 0x7f7b50004160 con 0x7f7b5c07cee0
2024-03-12T06:21:13.776 INFO:teuthology.orchestra.run.smithi029.stdout:/usr/bin/ceph: stderr
2024-03-12T06:21:12.404+0000 7f7b5be00700 1 -- 172.21.15.29:0/1741316876 <== mon.0 v2:172.21.15.29:3300/0 2 ==== config(29 keys) v1 ==== 1209+0+0 (secure 0 0 0) 0x7f7b50003bc0 con 0x7f7b5c07cee0
2024-03-12T06:21:13.776 INFO:teuthology.orchestra.run.smithi029.stdout:/usr/bin/ceph: stderr
2024-03-12T06:21:12.404+0000 7f7b5be00700 1 -- 172.21.15.29:0/1741316876 <== mon.0 v2:172.21.15.29:3300/0 3 ==== mon_map magic: 0 v1 ==== 205+0+0 (secure 0 0 0) 0x7f7b50011be0 con 0x7f7b5c07cee0
2024-03-12T06:21:13.776 INFO:teuthology.orchestra.run.smithi029.stdout:/usr/bin/ceph: stderr
2024-03-12T06:21:12.405+0000 7f7b63e00700 1 -- 172.21.15.29:0/1741316876 >> [v2:172.21.15.29:3300/0,v1:172.21.15.29:6789/0] conn(0x7f7b5c07cee0 msgr2=0x7f7b5c07b340 secure :-1 s=STATE_CONNECTION_ESTABLISHED l=1).mark_down
2024-03-12T06:21:13.776 INFO:teuthology.orchestra.run.smithi029.stdout:/usr/bin/ceph: stderr
2024-03-12T06:21:12.405+0000 7f7b63e00700 1 --2- 172.21.15.29:0/1741316876 >> [v2:172.21.15.29:3300/0,v1:172.21.15.29:6789/0] conn(0x7f7b5c07cee0 0x7f7b5c07b340 secure :-1 s=READY pgs=72 cs=0 l=1 rev1=1 crypto rx=0x7f7b500098a0 tx=0x7f7b50009bb0 comp rx=0 tx=0).stop
2024-03-12T06:21:13.776 INFO:teuthology.orchestra.run.smithi029.stdout:/usr/bin/ceph: stderr
2024-03-12T06:21:12.405+0000 7f7b63e00700 1 -- 172.21.15.29:0/1741316876 shutdown_connections
2024-03-12T06:21:13.776 INFO:teuthology.orchestra.run.smithi029.stdout:/usr/bin/ceph: stderr
2024-03-12T06:21:12.405+0000 7f7b63e00700 1 --2- 172.21.15.29:0/1741316876 >> [v2:172.21.15.29:3300/0,v1:172.21.15.29:6789/0] conn(0x7f7b5c07cee0 0x7f7b5c07b340 unknown :-1 s=CLOSED pgs=72 cs=0 l=1 rev1=1 crypto rx=0 tx=0 comp rx=0 tx=0).stop
2024-03-12T06:21:13.776 INFO:teuthology.orchestra.run.smithi029.stdout:/usr/bin/ceph: stderr
2024-03-12T06:21:12.406+0000 7f7b63e00700 1 -- 172.21.15.29:0/1741316876 >> 172.21.15.29:0/1741316876 conn(0x7f7b5c102db0 msgr2=0x7f7b5c105210 unknown :-1 s=STATE_NONE l=0).mark_down
2024-03-12T06:21:13.776 INFO:teuthology.orchestra.run.smithi029.stdout:/usr/bin/ceph: stderr
2024-03-12T06:21:12.406+0000 7f7b63e00700 1 -- 172.21.15.29:0/1741316876 shutdown_connections
2024-03-12T06:21:13.777 INFO:teuthology.orchestra.run.smithi029.stdout:/usr/bin/ceph: stderr
2024-03-12T06:21:12.406+0000 7f7b63e00700 1 -- 172.21.15.29:0/1741316876 wait complete.
2024-03-12T06:21:13.777 INFO:teuthology.orchestra.run.smithi029.stdout:/usr/bin/ceph: stderr
2024-03-12T06:21:12.407+0000 7f7b63e00700 1 Processor -- start
2024-03-12T06:21:13.777 INFO:teuthology.orchestra.run.smithi029.stdout:/usr/bin/ceph: stderr
