2024-03-12T06:20:37.752+0000 7f8fca000700 1 -- 172.21.15.29:0/657694075 <== mon.0 v2:172.21.15.29:3300/0 3 ==== mon_map magic: 0 v1 ==== 205+0+0 (secure 0 0 0) 0x7f8fbc011c20 con 0x7f8fcc10e060
2024-03-12T06:20:39.254 INFO:teuthology.orchestra.run.smithi029.stdout:/usr/bin/ceph: stderr
2024-03-12T06:20:37.753+0000 7f8fd2800700 1 -- 172.21.15.29:0/657694075 >> [v2:172.21.15.29:3300/0,v1:172.21.15.29:6789/0] conn(0x7f8fcc10e060 msgr2=0x7f8fcc10e480 secure :-1 s=STATE_CONNECTION_ESTABLISHED l=1).mark_down
2024-03-12T06:20:39.254 INFO:teuthology.orchestra.run.smithi029.stdout:/usr/bin/ceph: stderr
2024-03-12T06:20:37.753+0000 7f8fd2800700 1 --2- 172.21.15.29:0/657694075 >> [v2:172.21.15.29:3300/0,v1:172.21.15.29:6789/0] conn(0x7f8fcc10e060 0x7f8fcc10e480 secure :-1 s=READY pgs=41 cs=0 l=1 rev1=1 crypto rx=0x7f8fbc0098a0 tx=0x7f8fbc009bb0 comp rx=0 tx=0).stop
2024-03-12T06:20:39.254 INFO:teuthology.orchestra.run.smithi029.stdout:/usr/bin/ceph: stderr
2024-03-12T06:20:37.753+0000 7f8fd2800700 1 -- 172.21.15.29:0/657694075 shutdown_connections
2024-03-12T06:20:39.254 INFO:teuthology.orchestra.run.smithi029.stdout:/usr/bin/ceph: stderr
2024-03-12T06:20:37.753+0000 7f8fd2800700 1 --2- 172.21.15.29:0/657694075 >> [v2:172.21.15.29:3300/0,v1:172.21.15.29:6789/0] conn(0x7f8fcc10e060 0x7f8fcc10e480 unknown :-1 s=CLOSED pgs=41 cs=0 l=1 rev1=1 crypto rx=0 tx=0 comp rx=0 tx=0).stop
2024-03-12T06:20:39.254 INFO:teuthology.orchestra.run.smithi029.stdout:/usr/bin/ceph: stderr
2024-03-12T06:20:37.753+0000 7f8fd2800700 1 -- 172.21.15.29:0/657694075 >> 172.21.15.29:0/657694075 conn(0x7f8fcc07ce60 msgr2=0x7f8fcc07f280 unknown :-1 s=STATE_NONE l=0).mark_down
2024-03-12T06:20:39.254 INFO:teuthology.orchestra.run.smithi029.stdout:/usr/bin/ceph: stderr
2024-03-12T06:20:37.753+0000 7f8fd2800700 1 -- 172.21.15.29:0/657694075 shutdown_connections
2024-03-12T06:20:39.254 INFO:teuthology.orchestra.run.smithi029.stdout:/usr/bin/ceph: stderr
2024-03-12T06:20:37.753+0000 7f8fd2800700 1 -- 172.21.15.29:0/657694075 wait complete.
2024-03-12T06:20:39.254 INFO:teuthology.orchestra.run.smithi029.stdout:/usr/bin/ceph: stderr
2024-03-12T06:20:37.754+0000 7f8fd2800700 1 Processor -- start
2024-03-12T06:20:39.254 INFO:teuthology.orchestra.run.smithi029.stdout:/usr/bin/ceph: stderr
2024-03-12T06:20:37.755+0000 7f8fd2800700 1 -- start start
2024-03-12T06:20:39.254 INFO:teuthology.orchestra.run.smithi029.stdout:/usr/bin/ceph: stderr
2024-03-12T06:20:37.755+0000 7f8fd2800700 1 --2- >> [v2:172.21.15.29:3300/0,v1:172.21.15.29:6789/0] conn(0x7f8fcc10e060 0x7f8fcc1a1cb0 unknown :-1 s=NONE pgs=0 cs=0 l=1 rev1=0 crypto rx=0 tx=0 comp rx=0 tx=0).connect
2024-03-12T06:20:39.254 INFO:teuthology.orchestra.run.smithi029.stdout:/usr/bin/ceph: stderr
2024-03-12T06:20:37.755+0000 7f8fd2800700 1 -- --> [v2:172.21.15.29:3300/0,v1:172.21.15.29:6789/0] -- mon_getmap magic: 0 v1 -- 0x7f8fcc1a21f0 con 0x7f8fcc10e060
2024-03-12T06:20:39.255 INFO:teuthology.orchestra.run.smithi029.stdout:/usr/bin/ceph: stderr
2024-03-12T06:20:37.755+0000 7f8fcb400700 1 --2- >> [v2:172.21.15.29:3300/0,v1:172.21.15.29:6789/0] conn(0x7f8fcc10e060 0x7f8fcc1a1cb0 unknown :-1 s=BANNER_CONNECTING pgs=0 cs=0 l=1 rev1=0 crypto rx=0 tx=0 comp rx=0 tx=0)._handle_peer_banner_payload supported=3 required=0
2024-03-12T06:20:39.255 INFO:teuthology.orchestra.run.smithi029.stdout:/usr/bin/ceph: stderr
2024-03-12T06:20:37.755+0000 7f8fcb400700 1 --2- >> [v2:172.21.15.29:3300/0,v1:172.21.15.29:6789/0] conn(0x7f8fcc10e060 0x7f8fcc1a1cb0 unknown :-1 s=HELLO_CONNECTING pgs=0 cs=0 l=1 rev1=1 crypto rx=0 tx=0 comp rx=0 tx=0).handle_hello peer v2:172.21.15.29:3300/0 says I am v2:172.21.15.29:37422/0 (socket says 172.21.15.29:37422)
2024-03-12T06:20:39.255 INFO:teuthology.orchestra.run.smithi029.stdout:/usr/bin/ceph: stderr
2024-03-12T06:20:37.755+0000 7f8fcb400700 1 -- 172.21.15.29:0/4058929062 learned_addr learned my addr 172.21.15.29:0/4058929062 (peer_addr_for_me v2:172.21.15.29:0/0)
2024-03-12T06:20:39.255 INFO:teuthology.orchestra.run.smithi029.stdout:/usr/bin/ceph: stderr
2024-03-12T06:20:37.756+0000 7f8fcb400700 1 -- 172.21.15.29:0/4058929062 --> [v2:172.21.15.29:3300/0,v1:172.21.15.29:6789/0] -- mon_subscribe({config=0+,monmap=0+}) v3 -- 0x7f8fbc009550 con 0x7f8fcc10e060
2024-03-12T06:20:39.255 INFO:teuthology.orchestra.run.smithi029.stdout:/usr/bin/ceph: stderr
2024-03-12T06:20:37.756+0000 7f8fcb400700 1 --2- 172.21.15.29:0/4058929062 >> [v2:172.21.15.29:3300/0,v1:172.21.15.29:6789/0] conn(0x7f8fcc10e060 0x7f8fcc1a1cb0 secure :-1 s=READY pgs=42 cs=0 l=1 rev1=1 crypto rx=0x7f8fbc000c00 tx=0x7f8fbc011ca0 comp rx=0 tx=0).ready entity=mon.0 client_cookie=0 server_cookie=0 in_seq=0 out_seq=0
2024-03-12T06:20:39.255 INFO:teuthology.orchestra.run.smithi029.stdout:/usr/bin/ceph: stderr
2024-03-12T06:20:37.756+0000 7f8fc3e00700 1 -- 172.21.15.29:0/4058929062 <== mon.0 v2:172.21.15.29:3300/0 1 ==== mon_map magic: 0 v1 ==== 205+0+0 (secure 0 0 0) 0x7f8fbc0039e0 con 0x7f8fcc10e060
2024-03-12T06:20:39.255 INFO:teuthology.orchestra.run.smithi029.stdout:/usr/bin/ceph: stderr
2024-03-12T06:20:37.756+0000 7f8fc3e00700 1 -- 172.21.15.29:0/4058929062 <== mon.0 v2:172.21.15.29:3300/0 2 ==== config(29 keys) v1 ==== 1178+0+0 (secure 0 0 0) 0x7f8fbc011e90 con 0x7f8fcc10e060
2024-03-12T06:20:39.255 INFO:teuthology.orchestra.run.smithi029.stdout:/usr/bin/ceph: stderr
2024-03-12T06:20:37.756+0000 7f8fd2800700 1 -- 172.21.15.29:0/4058929062 --> [v2:172.21.15.29:3300/0,v1:172.21.15.29:6789/0] -- mon_subscribe({mgrmap=0+}) v3 -- 0x7f8fcc1a23f0 con 0x7f8fcc10e060
2024-03-12T06:20:39.255 INFO:teuthology.orchestra.run.smithi029.stdout:/usr/bin/ceph: stderr
2024-03-12T06:20:37.756+0000 7f8fc3e00700 1 -- 172.21.15.29:0/4058929062 <== mon.0 v2:172.21.15.29:3300/0 3 ==== mon_map magic: 0 v1 ==== 205+0+0 (secure 0 0 0) 0x7f8fbc024630 con 0x7f8fcc10e060
2024-03-12T06:20:39.255 INFO:teuthology.orchestra.run.smithi029.stdout:/usr/bin/ceph: stderr
2024-03-12T06:20:37.756+0000 7f8fd2800700 1 -- 172.21.15.29:0/4058929062 --> [v2:172.21.15.29:3300/0,v1:172.21.15.29:6789/0] -- mon_subscribe({osdmap=0}) v3 -- 0x7f8fcc1a2890 con 0x7f8fcc10e060
2024-03-12T06:20:39.255 INFO:teuthology.orchestra.run.smithi029.stdout:/usr/bin/ceph: stderr
2024-03-12T06:20:37.757+0000 7f8fd2800700 1 -- 172.21.15.29:0/4058929062 --> [v2:172.21.15.29:3300/0,v1:172.21.15.29:6789/0] -- mon_command({"prefix": "get_command_descriptions"} v 0) v1 -- 0x7f8fcc112290 con 0x7f8fcc10e060
2024-03-12T06:20:39.255 INFO:teuthology.orchestra.run.smithi029.stdout:/usr/bin/ceph: stderr
2024-03-12T06:20:37.757+0000 7f8fc3e00700 1 -- 172.21.15.29:0/4058929062 <== mon.0 v2:172.21.15.29:3300/0 4 ==== mgrmap(e 8) v1 ==== 45769+0+0 (secure 0 0 0) 0x7f8fbc01a430 con 0x7f8fcc10e060
2024-03-12T06:20:39.255 INFO:teuthology.orchestra.run.smithi029.stdout:/usr/bin/ceph: stderr
2024-03-12T06:20:37.758+0000 7f8fc3e00700 1 --2- 172.21.15.29:0/4058929062 >> [v2:172.21.15.29:6800/1596100576,v1:172.21.15.29:6801/1596100576] conn(0x7f8fb0038d00 0x7f8fb003b1c0 unknown :-1 s=NONE pgs=0 cs=0 l=1 rev1=0 crypto rx=0 tx=0 comp rx=0 tx=0).connect
2024-03-12T06:20:39.255 INFO:teuthology.orchestra.run.smithi029.stdout:/usr/bin/ceph: stderr
2024-03-12T06:20:37.758+0000 7f8fc3e00700 1 -- 172.21.15.29:0/4058929062 <== mon.0 v2:172.21.15.29:3300/0 5 ==== osd_map(2..2 src has 1..2) v4 ==== 940+0+0 (secure 0 0 0) 0x7f8fbc04cb30 con 0x7f8fcc10e060
2024-03-12T06:20:39.255 INFO:teuthology.orchestra.run.smithi029.stdout:/usr/bin/ceph: stderr
2024-03-12T06:20:37.758+0000 7f8fcaa00700 1 --2- 172.21.15.29:0/4058929062 >> [v2:172.21.15.29:6800/1596100576,v1:172.21.15.29:6801/1596100576] conn(0x7f8fb0038d00 0x7f8fb003b1c0 unknown :-1 s=BANNER_CONNECTING pgs=0 cs=0 l=1 rev1=0 crypto rx=0 tx=0 comp rx=0 tx=0)._handle_peer_banner_payload supported=3 required=0
2024-03-12T06:20:39.256 INFO:teuthology.orchestra.run.smithi029.stdout:/usr/bin/ceph: stderr
2024-03-12T06:20:37.759+0000 7f8fcaa00700 1 --2- 172.21.15.29:0/4058929062 >> [v2:172.21.15.29:6800/1596100576,v1:172.21.15.29:6801/1596100576] conn(0x7f8fb0038d00 0x7f8fb003b1c0 secure :-1 s=READY pgs=9 cs=0 l=1 rev1=1 crypto rx=0x7f8fb8006fd0 tx=0x7f8fb8006e40 comp rx=0 tx=0).ready entity=mgr.14120 client_cookie=0 server_cookie=0 in_seq=0 out_seq=0
2024-03-12T06:20:39.256 INFO:teuthology.orchestra.run.smithi029.stdout:/usr/bin/ceph: stderr
2024-03-12T06:20:37.763+0000 7f8fc3e00700 1 -- 172.21.15.29:0/4058929062 <== mon.0 v2:172.21.15.29:3300/0 6 ==== mon_command_ack([{"prefix": "get_command_descriptions"}]=0 v0) v1 ==== 72+0+183564 (secure 0 0 0) 0x7f8fbc003bd0 con 0x7f8fcc10e060
2024-03-12T06:20:39.256 INFO:teuthology.orchestra.run.smithi029.stdout:/usr/bin/ceph: stderr
2024-03-12T06:20:37.988+0000 7f8fd2800700 1 -- 172.21.15.29:0/4058929062 --> [v2:172.21.15.29:6800/1596100576,v1:172.21.15.29:6801/1596100576] -- mgr_command(tid 0: {"prefix": "cephadm generate-key", "target": ["mon-mgr", ""]}) v1 -- 0x7f8fcc07e010 con 0x7f8fb0038d00
2024-03-12T06:20:39.256 INFO:teuthology.orchestra.run.smithi029.stdout:/usr/bin/ceph: stderr
2024-03-12T06:20:38.484+0000 7f8fc3e00700 1 -- 172.21.15.29:0/4058929062 <== mgr.14120 v2:172.21.15.29:6800/1596100576 1 ==== mgr_command_reply(tid 0: 0 ) v1 ==== 8+0+0 (secure 0 0 0) 0x7f8fcc07e010 con 0x7f8fb0038d00
2024-03-12T06:20:39.256 INFO:teuthology.orchestra.run.smithi029.stdout:/usr/bin/ceph: stderr
2024-03-12T06:20:38.487+0000 7f8fd2800700 1 -- 172.21.15.29:0/4058929062 >> [v2:172.21.15.29:6800/1596100576,v1:172.21.15.29:6801/1596100576] conn(0x7f8fb0038d00 msgr2=0x7f8fb003b1c0 secure :-1 s=STATE_CONNECTION_ESTABLISHED l=1).mark_down
2024-03-12T06:20:39.256 INFO:teuthology.orchestra.run.smithi029.stdout:/usr/bin/ceph: stderr
2024-03-12T06:20:38.487+0000 7f8fd2800700 1 --2- 172.21.15.29:0/4058929062 >> [v2:172.21.15.29:6800/1596100576,v1:172.21.15.29:6801/1596100576] conn(0x7f8fb0038d00 0x7f8fb003b1c0 secure :-1 s=READY pgs=9 cs=0 l=1 rev1=1 crypto rx=0x7f8fb8006fd0 tx=0x7f8fb8006e40 comp rx=0 tx=0).stop
2024-03-12T06:20:39.256 INFO:teuthology.orchestra.run.smithi029.stdout:/usr/bin/ceph: stderr
2024-03-12T06:20:38.487+0000 7f8fd2800700 1 -- 172.21.15.29:0/4058929062 >> [v2:172.21.15.29:3300/0,v1:172.21.15.29:6789/0] conn(0x7f8fcc10e060 msgr2=0x7f8fcc1a1cb0 secure :-1 s=STATE_CONNECTION_ESTABLISHED l=1).mark_down
2024-03-12T06:20:39.256 INFO:teuthology.orchestra.run.smithi029.stdout:/usr/bin/ceph: stderr
2024-03-12T06:20:38.487+0000 7f8fd2800700 1 --2- 172.21.15.29:0/4058929062 >> [v2:172.21.15.29:3300/0,v1:172.21.15.29:6789/0] conn(0x7f8fcc10e060 0x7f8fcc1a1cb0 secure :-1 s=READY pgs=42 cs=0 l=1 rev1=1 crypto rx=0x7f8fbc000c00 tx=0x7f8fbc011ca0 comp rx=0 tx=0).stop
2024-03-12T06:20:39.256 INFO:teuthology.orchestra.run.smithi029.stdout:/usr/bin/ceph: stderr
2024-03-12T06:20:38.487+0000 7f8fd2800700 1 -- 172.21.15.29:0/4058929062 shutdown_connections
2024-03-12T06:20:39.256 INFO:teuthology.orchestra.run.smithi029.stdout:/usr/bin/ceph: stderr
2024-03-12T06:20:38.487+0000 7f8fd2800700 1 --2- 172.21.15.29:0/4058929062 >> [v2:172.21.15.29:6800/1596100576,v1:172.21.15.29:6801/1596100576] conn(0x7f8fb0038d00 0x7f8fb003b1c0 unknown :-1 s=CLOSED pgs=9 cs=0 l=1 rev1=1 crypto rx=0 tx=0 comp rx=0 tx=0).stop
2024-03-12T06:20:39.256 INFO:teuthology.orchestra.run.smithi029.stdout:/usr/bin/ceph: stderr
2024-03-12T06:20:38.487+0000 7f8fd2800700 1 --2- 172.21.15.29:0/4058929062 >> [v2:172.21.15.29:3300/0,v1:172.21.15.29:6789/0] conn(0x7f8fcc10e060 0x7f8fcc1a1cb0 unknown :-1 s=CLOSED pgs=42 cs=0 l=1 rev1=1 crypto rx=0 tx=0 comp rx=0 tx=0).stop
2024-03-12T06:20:39.256 INFO:teuthology.orchestra.run.smithi029.stdout:/usr/bin/ceph: stderr
2024-03-12T06:20:38.487+0000 7f8fd2800700 1 -- 172.21.15.29:0/4058929062 >> 172.21.15.29:0/4058929062 conn(0x7f8fcc07ce60 msgr2=0x7f8fcc07d900 unknown :-1 s=STATE_NONE l=0).mark_down
2024-03-12T06:20:39.256 INFO:teuthology.orchestra.run.smithi029.stdout:/usr/bin/ceph: stderr
2024-03-12T06:20:38.488+0000 7f8fd2800700 1 -- 172.21.15.29:0/4058929062 shutdown_connections
2024-03-12T06:20:39.256 INFO:teuthology.orchestra.run.smithi029.stdout:/usr/bin/ceph: stderr
2024-03-12T06:20:38.488+0000 7f8fd2800700 1 -- 172.21.15.29:0/4058929062 wait complete.
2024-03-12T06:20:39.532 INFO:journalctl@ceph.mon.a.smithi029.stdout:Mar 12 06:20:39 smithi029 ceph-mon[31403]: from='mgr.14120 172.21.15.29:0/3467150582' entity='mgr.x'
2024-03-12T06:20:39.532 INFO:journalctl@ceph.mon.a.smithi029.stdout:Mar 12 06:20:39 smithi029 ceph-mon[31403]: from='mgr.14120 172.21.15.29:0/3467150582' entity='mgr.x'
2024-03-12T06:20:40.872 INFO:journalctl@ceph.mon.a.smithi029.stdout:Mar 12 06:20:40 smithi029 ceph-mon[31403]: from='client.14138 -' entity='client.admin' cmd=[{"prefix": "cephadm get-pub-key", "target": ["mon-mgr", ""]}]: dispatch
2024-03-12T06:20:40.967 INFO:teuthology.orchestra.run.smithi029.stdout:/usr/bin/ceph: stdout ssh-rsa AAAAB3NzaC1yc2EAAAADAQABAAABgQCTpIVqEEXXv8jCI4IbiBnhk2QZE8usJSAreDFWkBnZ6oP8eCrZr+/O7ZBl3BRwKlrPzOIzLcLIDEr8KTsbwaCAGhOX+rIU0xz1/ikrW2rzXcNkhMF22880RWjP66KHVw6kXa5IjyONCJfGuA7SFm26zb69VkjllEt4YvYlTZJXc8V8sGBz5pRfCYwLFEHYMySv/sePxgy6pVZ+4pPzZI0FM6tdsX6XK4If/NleL9MaCfwadMdSnVypJ/vq8COsARNcuLT+0VpksSA5QCfJD+iSqK3LtfXbILNZawgPFSTiRyakx5UeETQ1rj/a6qiauHYWafB3W480aWj9JUHut4yMCFySJ+xmhlRUrqRRMTP9cePgMdh0eI9G9hMay5anOYcdGjq/hldfN3vcTQ7QbJ7buHvVKxtPtnrVu2JZiGjP05I11emfOHMIwpOKJHgL0E5jUHerijFqZm8oNWXAuArnHX9kRCaA0RpYiabb2hebnjeBr/PICikWimkPFlmI1r8= ceph-5d592c6e-e038-11ee-95c8-87774f69a715
2024-03-12T06:20:40.967 INFO:teuthology.orchestra.run.smithi029.stdout:/usr/bin/ceph: stderr
2024-03-12T06:20:39.883+0000 7fd3e7400700 1 Processor -- start
2024-03-12T06:20:40.967 INFO:teuthology.orchestra.run.smithi029.stdout:/usr/bin/ceph: stderr
2024-03-12T06:20:39.883+0000 7fd3e7400700 1 -- start start
2024-03-12T06:20:40.967 INFO:teuthology.orchestra.run.smithi029.stdout:/usr/bin/ceph: stderr
2024-03-12T06:20:39.883+0000 7fd3e7400700 1 --2- >> [v2:172.21.15.29:3300/0,v1:172.21.15.29:6789/0] conn(0x7fd3e0109a20 0x7fd3e0109e40 unknown :-1 s=NONE pgs=0 cs=0 l=0 rev1=0 crypto rx=0 tx=0 comp rx=0 tx=0).connect
2024-03-12T06:20:40.967 INFO:teuthology.orchestra.run.smithi029.stdout:/usr/bin/ceph: stderr
2024-03-12T06:20:39.883+0000 7fd3e7400700 1 -- --> [v2:172.21.15.29:3300/0,v1:172.21.15.29:6789/0] -- mon_getmap magic: 0 v1 -- 0x7fd3e010a410 con 0x7fd3e0109a20
2024-03-12T06:20:40.967 INFO:teuthology.orchestra.run.smithi029.stdout:/usr/bin/ceph: stderr
2024-03-12T06:20:39.884+0000 7fd3e4a00700 1 --2- >> [v2:172.21.15.29:3300/0,v1:172.21.15.29:6789/0] conn(0x7fd3e0109a20 0x7fd3e0109e40 unknown :-1 s=BANNER_CONNECTING pgs=0 cs=0 l=0 rev1=0 crypto rx=0 tx=0 comp rx=0 tx=0)._handle_peer_banner_payload supported=3 required=0
2024-03-12T06:20:40.967 INFO:teuthology.orchestra.run.smithi029.stdout:/usr/bin/ceph: stderr
2024-03-12T06:20:39.884+0000 7fd3e4a00700 1 --2- >> [v2:172.21.15.29:3300/0,v1:172.21.15.29:6789/0] conn(0x7fd3e0109a20 0x7fd3e0109e40 unknown :-1 s=HELLO_CONNECTING pgs=0 cs=0 l=0 rev1=1 crypto rx=0 tx=0 comp rx=0 tx=0).handle_hello peer v2:172.21.15.29:3300/0 says I am v2:172.21.15.29:37424/0 (socket says 172.21.15.29:37424)
2024-03-12T06:20:40.967 INFO:teuthology.orchestra.run.smithi029.stdout:/usr/bin/ceph: stderr
2024-03-12T06:20:39.884+0000 7fd3e4a00700 1 -- 172.21.15.29:0/1277536833 learned_addr learned my addr 172.21.15.29:0/1277536833 (peer_addr_for_me v2:172.21.15.29:0/0)
2024-03-12T06:20:40.968 INFO:teuthology.orchestra.run.smithi029.stdout:/usr/bin/ceph: stderr
2024-03-12T06:20:39.884+0000 7fd3e4a00700 1 -- 172.21.15.29:0/1277536833 --> [v2:172.21.15.29:3300/0,v1:172.21.15.29:6789/0] -- mon_subscribe({config=0+,monmap=0+}) v3 -- 0x7fd3e010ac20 con 0x7fd3e0109a20
2024-03-12T06:20:40.968 INFO:teuthology.orchestra.run.smithi029.stdout:/usr/bin/ceph: stderr
2024-03-12T06:20:39.885+0000 7fd3e4a00700 1 --2- 172.21.15.29:0/1277536833 >> [v2:172.21.15.29:3300/0,v1:172.21.15.29:6789/0] conn(0x7fd3e0109a20 0x7fd3e0109e40 secure :-1 s=READY pgs=43 cs=0 l=1 rev1=1 crypto rx=0x7fd3d40098a0 tx=0x7fd3d4009bb0 comp rx=0 tx=0).ready entity=mon.0 client_cookie=7426a76d5adb2d8a server_cookie=0 in_seq=0 out_seq=0
2024-03-12T06:20:40.968 INFO:teuthology.orchestra.run.smithi029.stdout:/usr/bin/ceph: stderr
2024-03-12T06:20:39.885+0000 7fd3df400700 1 -- 172.21.15.29:0/1277536833 <== mon.0 v2:172.21.15.29:3300/0 1 ==== mon_map magic: 0 v1 ==== 205+0+0 (secure 0 0 0) 0x7fd3d4004160 con 0x7fd3e0109a20
2024-03-12T06:20:40.968 INFO:teuthology.orchestra.run.smithi029.stdout:/usr/bin/ceph: stderr
2024-03-12T06:20:39.885+0000 7fd3df400700 1 -- 172.21.15.29:0/1277536833 <== mon.0 v2:172.21.15.29:3300/0 2 ==== config(29 keys) v1 ==== 1178+0+0 (secure 0 0 0) 0x7fd3d40042c0 con 0x7fd3e0109a20
2024-03-12T06:20:40.968 INFO:teuthology.orchestra.run.smithi029.stdout:/usr/bin/ceph: stderr
2024-03-12T06:20:39.885+0000 7fd3df400700 1 -- 172.21.15.29:0/1277536833 <== mon.0 v2:172.21.15.29:3300/0 3 ==== mon_map magic: 0 v1 ==== 205+0+0 (secure 0 0 0) 0x7fd3d4011c20 con 0x7fd3e0109a20
2024-03-12T06:20:40.968 INFO:teuthology.orchestra.run.smithi029.stdout:/usr/bin/ceph: stderr
2024-03-12T06:20:39.886+0000 7fd3e7400700 1 -- 172.21.15.29:0/1277536833 >> [v2:172.21.15.29:3300/0,v1:172.21.15.29:6789/0] conn(0x7fd3e0109a20 msgr2=0x7fd3e0109e40 secure :-1 s=STATE_CONNECTION_ESTABLISHED l=1).mark_down
2024-03-12T06:20:40.968 INFO:teuthology.orchestra.run.smithi029.stdout:/usr/bin/ceph: stderr
2024-03-12T06:20:39.886+0000 7fd3e7400700 1 --2- 172.21.15.29:0/1277536833 >> [v2:172.21.15.29:3300/0,v1:172.21.15.29:6789/0] conn(0x7fd3e0109a20 0x7fd3e0109e40 secure :-1 s=READY pgs=43 cs=0 l=1 rev1=1 crypto rx=0x7fd3d40098a0 tx=0x7fd3d4009bb0 comp rx=0 tx=0).stop
2024-03-12T06:20:40.968 INFO:teuthology.orchestra.run.smithi029.stdout:/usr/bin/ceph: stderr
2024-03-12T06:20:39.886+0000 7fd3e7400700 1 -- 172.21.15.29:0/1277536833 shutdown_connections
2024-03-12T06:20:40.968 INFO:teuthology.orchestra.run.smithi029.stdout:/usr/bin/ceph: stderr
2024-03-12T06:20:39.886+0000 7fd3e7400700 1 --2- 172.21.15.29:0/1277536833 >> [v2:172.21.15.29:3300/0,v1:172.21.15.29:6789/0] conn(0x7fd3e0109a20 0x7fd3e0109e40 unknown :-1 s=CLOSED pgs=43 cs=0 l=1 rev1=1 crypto rx=0 tx=0 comp rx=0 tx=0).stop
2024-03-12T06:20:40.968 INFO:teuthology.orchestra.run.smithi029.stdout:/usr/bin/ceph: stderr
2024-03-12T06:20:39.886+0000 7fd3e7400700 1 -- 172.21.15.29:0/1277536833 >> 172.21.15.29:0/1277536833 conn(0x7fd3e007ce10 msgr2=0x7fd3e01074d0 unknown :-1 s=STATE_NONE l=0).mark_down
2024-03-12T06:20:40.968 INFO:teuthology.orchestra.run.smithi029.stdout:/usr/bin/ceph: stderr
2024-03-12T06:20:39.886+0000 7fd3e7400700 1 -- 172.21.15.29:0/1277536833 shutdown_connections
2024-03-12T06:20:40.968 INFO:teuthology.orchestra.run.smithi029.stdout:/usr/bin/ceph: stderr
2024-03-12T06:20:39.886+0000 7fd3e7400700 1 -- 172.21.15.29:0/1277536833 wait complete.
2024-03-12T06:20:40.969 INFO:teuthology.orchestra.run.smithi029.stdout:/usr/bin/ceph: stderr
2024-03-12T06:20:39.888+0000 7fd3e7400700 1 Processor -- start
2024-03-12T06:20:40.969 INFO:teuthology.orchestra.run.smithi029.stdout:/usr/bin/ceph: stderr
2024-03-12T06:20:39.888+0000 7fd3e7400700 1 -- start start
2024-03-12T06:20:40.969 INFO:teuthology.orchestra.run.smithi029.stdout:/usr/bin/ceph: stderr
2024-03-12T06:20:39.888+0000 7fd3e7400700 1 --2- >> [v2:172.21.15.29:3300/0,v1:172.21.15.29:6789/0] conn(0x7fd3e0109a20 0x7fd3e019d890 unknown :-1 s=NONE pgs=0 cs=0 l=1 rev1=0 crypto rx=0 tx=0 comp rx=0 tx=0).connect
2024-03-12T06:20:40.969 INFO:teuthology.orchestra.run.smithi029.stdout:/usr/bin/ceph: stderr
2024-03-12T06:20:39.888+0000 7fd3e7400700 1 -- --> [v2:172.21.15.29:3300/0,v1:172.21.15.29:6789/0] -- mon_getmap magic: 0 v1 -- 0x7fd3e019ddd0 con 0x7fd3e0109a20
2024-03-12T06:20:40.969 INFO:teuthology.orchestra.run.smithi029.stdout:/usr/bin/ceph: stderr
2024-03-12T06:20:39.888+0000 7fd3e4a00700 1 --2- >> [v2:172.21.15.29:3300/0,v1:172.21.15.29:6789/0] conn(0x7fd3e0109a20 0x7fd3e019d890 unknown :-1 s=BANNER_CONNECTING pgs=0 cs=0 l=1 rev1=0 crypto rx=0 tx=0 comp rx=0 tx=0)._handle_peer_banner_payload supported=3 required=0
2024-03-12T06:20:40.969 INFO:teuthology.orchestra.run.smithi029.stdout:/usr/bin/ceph: stderr
2024-03-12T06:20:39.888+0000 7fd3e4a00700 1 --2- >> [v2:172.21.15.29:3300/0,v1:172.21.15.29:6789/0] conn(0x7fd3e0109a20 0x7fd3e019d890 unknown :-1 s=HELLO_CONNECTING pgs=0 cs=0 l=1 rev1=1 crypto rx=0 tx=0 comp rx=0 tx=0).handle_hello peer v2:172.21.15.29:3300/0 says I am v2:172.21.15.29:37428/0 (socket says 172.21.15.29:37428)
2024-03-12T06:20:40.969 INFO:teuthology.orchestra.run.smithi029.stdout:/usr/bin/ceph: stderr
2024-03-12T06:20:39.888+0000 7fd3e4a00700 1 -- 172.21.15.29:0/1056815726 learned_addr learned my addr 172.21.15.29:0/1056815726 (peer_addr_for_me v2:172.21.15.29:0/0)
2024-03-12T06:20:40.969 INFO:teuthology.orchestra.run.smithi029.stdout:/usr/bin/ceph: stderr
2024-03-12T06:20:39.889+0000 7fd3e4a00700 1 -- 172.21.15.29:0/1056815726 --> [v2:172.21.15.29:3300/0,v1:172.21.15.29:6789/0] -- mon_subscribe({config=0+,monmap=0+}) v3 -- 0x7fd3d4009550 con 0x7fd3e0109a20
2024-03-12T06:20:40.969 INFO:teuthology.orchestra.run.smithi029.stdout:/usr/bin/ceph: stderr
2024-03-12T06:20:39.889+0000 7fd3e4a00700 1 --2- 172.21.15.29:0/1056815726 >> [v2:172.21.15.29:3300/0,v1:172.21.15.29:6789/0] conn(0x7fd3e0109a20 0x7fd3e019d890 secure :-1 s=READY pgs=44 cs=0 l=1 rev1=1 crypto rx=0x7fd3d4009520 tx=0x7fd3d4011ca0 comp rx=0 tx=0).ready entity=mon.0 client_cookie=0 server_cookie=0 in_seq=0 out_seq=0
2024-03-12T06:20:40.969 INFO:teuthology.orchestra.run.smithi029.stdout:/usr/bin/ceph: stderr
2024-03-12T06:20:39.889+0000 7fd3dd600700 1 -- 172.21.15.29:0/1056815726 <== mon.0 v2:172.21.15.29:3300/0 1 ==== mon_map magic: 0 v1 ==== 205+0+0 (secure 0 0 0) 0x7fd3d40039c0 con 0x7fd3e0109a20
2024-03-12T06:20:40.969 INFO:teuthology.orchestra.run.smithi029.stdout:/usr/bin/ceph: stderr
2024-03-12T06:20:39.890+0000 7fd3dd600700 1 -- 172.21.15.29:0/1056815726 <== mon.0 v2:172.21.15.29:3300/0 2 ==== config(29 keys) v1 ==== 1178+0+0 (secure 0 0 0) 0x7fd3d4011e90 con 0x7fd3e0109a20
2024-03-12T06:20:40.969 INFO:teuthology.orchestra.run.smithi029.stdout:/usr/bin/ceph: stderr
2024-03-12T06:20:39.890+0000 7fd3e7400700 1 -- 172.21.15.29:0/1056815726 --> [v2:172.21.15.29:3300/0,v1:172.21.15.29:6789/0] -- mon_subscribe({mgrmap=0+}) v3 -- 0x7fd3e019dfd0 con 0x7fd3e0109a20
2024-03-12T06:20:40.969 INFO:teuthology.orchestra.run.smithi029.stdout:/usr/bin/ceph: stderr
2024-03-12T06:20:39.890+0000 7fd3dd600700 1 -- 172.21.15.29:0/1056815726 <== mon.0 v2:172.21.15.29:3300/0 3 ==== mon_map magic: 0 v1 ==== 205+0+0 (secure 0 0 0) 0x7fd3d401a5c0 con 0x7fd3e0109a20
2024-03-12T06:20:40.969 INFO:teuthology.orchestra.run.smithi029.stdout:/usr/bin/ceph: stderr
2024-03-12T06:20:39.890+0000 7fd3e7400700 1 -- 172.21.15.29:0/1056815726 --> [v2:172.21.15.29:3300/0,v1:172.21.15.29:6789/0] -- mon_subscribe({osdmap=0}) v3 -- 0x7fd3e019e470 con 0x7fd3e0109a20
2024-03-12T06:20:40.970 INFO:teuthology.orchestra.run.smithi029.stdout:/usr/bin/ceph: stderr
2024-03-12T06:20:39.891+0000 7fd3dd600700 1 -- 172.21.15.29:0/1056815726 <== mon.0 v2:172.21.15.29:3300/0 4 ==== mgrmap(e 8) v1 ==== 45769+0+0 (secure 0 0 0) 0x7fd3d4003b20 con 0x7fd3e0109a20
2024-03-12T06:20:40.970 INFO:teuthology.orchestra.run.smithi029.stdout:/usr/bin/ceph: stderr
2024-03-12T06:20:39.891+0000 7fd3e7400700 1 -- 172.21.15.29:0/1056815726 --> [v2:172.21.15.29:3300/0,v1:172.21.15.29:6789/0] -- mon_command({"prefix": "get_command_descriptions"} v 0) v1 -- 0x7fd3e010de50 con 0x7fd3e0109a20
2024-03-12T06:20:40.970 INFO:teuthology.orchestra.run.smithi029.stdout:/usr/bin/ceph: stderr
2024-03-12T06:20:39.891+0000 7fd3dd600700 1 --2- 172.21.15.29:0/1056815726 >> [v2:172.21.15.29:6800/1596100576,v1:172.21.15.29:6801/1596100576] conn(0x7fd3c8038d00 0x7fd3c803b1c0 unknown :-1 s=NONE pgs=0 cs=0 l=1 rev1=0 crypto rx=0 tx=0 comp rx=0 tx=0).connect
2024-03-12T06:20:40.970 INFO:teuthology.orchestra.run.smithi029.stdout:/usr/bin/ceph: stderr
2024-03-12T06:20:39.891+0000 7fd3dd600700 1 -- 172.21.15.29:0/1056815726 <== mon.0 v2:172.21.15.29:3300/0 5 ==== osd_map(2..2 src has 1..2) v4 ==== 940+0+0 (secure 0 0 0) 0x7fd3d404c920 con 0x7fd3e0109a20
2024-03-12T06:20:40.970 INFO:teuthology.orchestra.run.smithi029.stdout:/usr/bin/ceph: stderr
2024-03-12T06:20:39.892+0000 7fd3dfe00700 1 --2- 172.21.15.29:0/1056815726 >> [v2:172.21.15.29:6800/1596100576,v1:172.21.15.29:6801/1596100576] conn(0x7fd3c8038d00 0x7fd3c803b1c0 unknown :-1 s=BANNER_CONNECTING pgs=0 cs=0 l=1 rev1=0 crypto rx=0 tx=0 comp rx=0 tx=0)._handle_peer_banner_payload supported=3 required=0
2024-03-12T06:20:40.970 INFO:teuthology.orchestra.run.smithi029.stdout:/usr/bin/ceph: stderr
2024-03-12T06:20:39.893+0000 7fd3dfe00700 1 --2- 172.21.15.29:0/1056815726 >> [v2:172.21.15.29:6800/1596100576,v1:172.21.15.29:6801/1596100576] conn(0x7fd3c8038d00 0x7fd3c803b1c0 secure :-1 s=READY pgs=10 cs=0 l=1 rev1=1 crypto rx=0x7fd3cc006fd0 tx=0x7fd3cc006e40 comp rx=0 tx=0).ready entity=mgr.14120 client_cookie=0 server_cookie=0 in_seq=0 out_seq=0
2024-03-12T06:20:40.970 INFO:teuthology.orchestra.run.smithi029.stdout:/usr/bin/ceph: stderr
2024-03-12T06:20:39.899+0000 7fd3dd600700 1 -- 172.21.15.29:0/1056815726 <== mon.0 v2:172.21.15.29:3300/0 6 ==== mon_command_ack([{"prefix": "get_command_descriptions"}]=0 v0) v1 ==== 72+0+183564 (secure 0 0 0) 0x7fd3d4024440 con 0x7fd3e0109a20
2024-03-12T06:20:40.970 INFO:teuthology.orchestra.run.smithi029.stdout:/usr/bin/ceph: stderr
2024-03-12T06:20:40.123+0000 7fd3e7400700 1 -- 172.21.15.29:0/1056815726 --> [v2:172.21.15.29:6800/1596100576,v1:172.21.15.29:6801/1596100576] -- mgr_command(tid 0: {"prefix": "cephadm get-pub-key", "target": ["mon-mgr", ""]}) v1 -- 0x7fd3e01062e0 con 0x7fd3c8038d00
2024-03-12T06:20:40.970 INFO:teuthology.orchestra.run.smithi029.stdout:/usr/bin/ceph: stderr
2024-03-12T06:20:40.125+0000 7fd3dd600700 1 -- 172.21.15.29:0/1056815726 <== mgr.14120 v2:172.21.15.29:6800/1596100576 1 ==== mgr_command_reply(tid 0: 0 ) v1 ==== 8+0+595 (secure 0 0 0) 0x7fd3e01062e0 con 0x7fd3c8038d00
2024-03-12T06:20:40.970 INFO:teuthology.orchestra.run.smithi029.stdout:/usr/bin/ceph: stderr
2024-03-12T06:20:40.127+0000 7fd3e7400700 1 -- 172.21.15.29:0/1056815726 >> [v2:172.21.15.29:6800/1596100576,v1:172.21.15.29:6801/1596100576] conn(0x7fd3c8038d00 msgr2=0x7fd3c803b1c0 secure :-1 s=STATE_CONNECTION_ESTABLISHED l=1).mark_down
2024-03-12T06:20:40.970 INFO:teuthology.orchestra.run.smithi029.stdout:/usr/bin/ceph: stderr
2024-03-12T06:20:40.127+0000 7fd3e7400700 1 --2- 172.21.15.29:0/1056815726 >> [v2:172.21.15.29:6800/1596100576,v1:172.21.15.29:6801/1596100576] conn(0x7fd3c8038d00 0x7fd3c803b1c0 secure :-1 s=READY pgs=10 cs=0 l=1 rev1=1 crypto rx=0x7fd3cc006fd0 tx=0x7fd3cc006e40 comp rx=0 tx=0).stop
2024-03-12T06:20:40.970 INFO:teuthology.orchestra.run.smithi029.stdout:/usr/bin/ceph: stderr
2024-03-12T06:20:40.127+0000 7fd3e7400700 1 -- 172.21.15.29:0/1056815726 >> [v2:172.21.15.29:3300/0,v1:172.21.15.29:6789/0] conn(0x7fd3e0109a20 msgr2=0x7fd3e019d890 secure :-1 s=STATE_CONNECTION_ESTABLISHED l=1).mark_down
2024-03-12T06:20:40.970 INFO:teuthology.orchestra.run.smithi029.stdout:/usr/bin/ceph: stderr
2024-03-12T06:20:40.127+0000 7fd3e7400700 1 --2- 172.21.15.29:0/1056815726 >> [v2:172.21.15.29:3300/0,v1:172.21.15.29:6789/0] conn(0x7fd3e0109a20 0x7fd3e019d890 secure :-1 s=READY pgs=44 cs=0 l=1 rev1=1 crypto rx=0x7fd3d4009520 tx=0x7fd3d4011ca0 comp rx=0 tx=0).stop
2024-03-12T06:20:40.970 INFO:teuthology.orchestra.run.smithi029.stdout:/usr/bin/ceph: stderr
2024-03-12T06:20:40.128+0000 7fd3e7400700 1 -- 172.21.15.29:0/1056815726 shutdown_connections
2024-03-12T06:20:40.971 INFO:teuthology.orchestra.run.smithi029.stdout:/usr/bin/ceph: stderr
2024-03-12T06:20:40.128+0000 7fd3e7400700 1 --2- 172.21.15.29:0/1056815726 >> [v2:172.21.15.29:6800/1596100576,v1:172.21.15.29:6801/1596100576] conn(0x7fd3c8038d00 0x7fd3c803b1c0 unknown :-1 s=CLOSED pgs=10 cs=0 l=1 rev1=1 crypto rx=0 tx=0 comp rx=0 tx=0).stop
2024-03-12T06:20:40.971 INFO:teuthology.orchestra.run.smithi029.stdout:/usr/bin/ceph: stderr
2024-03-12T06:20:40.128+0000 7fd3e7400700 1 --2- 172.21.15.29:0/1056815726 >> [v2:172.21.15.29:3300/0,v1:172.21.15.29:6789/0] conn(0x7fd3e0109a20 0x7fd3e019d890 unknown :-1 s=CLOSED pgs=44 cs=0 l=1 rev1=1 crypto rx=0 tx=0 comp rx=0 tx=0).stop
2024-03-12T06:20:40.971 INFO:teuthology.orchestra.run.smithi029.stdout:/usr/bin/ceph: stderr
2024-03-12T06:20:40.128+0000 7fd3e7400700 1 -- 172.21.15.29:0/1056815726 >> 172.21.15.29:0/1056815726 conn(0x7fd3e007ce10 msgr2=0x7fd3e0105bd0 unknown :-1 s=STATE_NONE l=0).mark_down
2024-03-12T06:20:40.971 INFO:teuthology.orchestra.run.smithi029.stdout:/usr/bin/ceph: stderr
2024-03-12T06:20:40.128+0000 7fd3e7400700 1 -- 172.21.15.29:0/1056815726 shutdown_connections
2024-03-12T06:20:40.971 INFO:teuthology.orchestra.run.smithi029.stdout:/usr/bin/ceph: stderr
2024-03-12T06:20:40.128+0000 7fd3e7400700 1 -- 172.21.15.29:0/1056815726 wait complete.
2024-03-12T06:20:40.971 INFO:teuthology.orchestra.run.smithi029.stdout:Wrote public SSH key to /home/ubuntu/cephtest/ceph.pub
2024-03-12T06:20:40.971 INFO:teuthology.orchestra.run.smithi029.stdout:Adding key to root@localhost authorized_keys...
2024-03-12T06:20:40.971 INFO:teuthology.orchestra.run.smithi029.stdout:Adding host smithi029...
2024-03-12T06:20:42.372 INFO:journalctl@ceph.mon.a.smithi029.stdout:Mar 12 06:20:42 smithi029 ceph-mon[31403]: from='client.14140 -' entity='client.admin' cmd=[{"prefix": "orch host add", "hostname": "smithi029", "addr": "172.21.15.29", "target": ["mon-mgr", ""]}]: dispatch
2024-03-12T06:20:44.373 INFO:journalctl@ceph.mon.a.smithi029.stdout:Mar 12 06:20:44 smithi029 ceph-mon[31403]: Deploying cephadm binary to smithi029
2024-03-12T06:20:49.175 INFO:teuthology.orchestra.run.smithi029.stdout:/usr/bin/ceph: stdout Added host 'smithi029' with addr '172.21.15.29'
2024-03-12T06:20:49.176 INFO:teuthology.orchestra.run.smithi029.stdout:/usr/bin/ceph: stderr
2024-03-12T06:20:41.553+0000 7f5751200700 1 Processor -- start
2024-03-12T06:20:49.176 INFO:teuthology.orchestra.run.smithi029.stdout:/usr/bin/ceph: stderr
2024-03-12T06:20:41.553+0000 7f5751200700 1 -- start start
2024-03-12T06:20:49.176 INFO:teuthology.orchestra.run.smithi029.stdout:/usr/bin/ceph: stderr
2024-03-12T06:20:41.554+0000 7f5751200700 1 --2- >> [v2:172.21.15.29:3300/0,v1:172.21.15.29:6789/0] conn(0x7f574c10e060 0x7f574c10e480 unknown :-1 s=NONE pgs=0 cs=0 l=0 rev1=0 crypto rx=0 tx=0 comp rx=0 tx=0).connect
2024-03-12T06:20:49.177 INFO:teuthology.orchestra.run.smithi029.stdout:/usr/bin/ceph: stderr
2024-03-12T06:20:41.554+0000 7f5751200700 1 -- --> [v2:172.21.15.29:3300/0,v1:172.21.15.29:6789/0] -- mon_getmap magic: 0 v1 -- 0x7f574c10ea50 con 0x7f574c10e060
2024-03-12T06:20:49.177 INFO:teuthology.orchestra.run.smithi029.stdout:/usr/bin/ceph: stderr
2024-03-12T06:20:41.554+0000 7f5749e00700 1 --2- >> [v2:172.21.15.29:3300/0,v1:172.21.15.29:6789/0] conn(0x7f574c10e060 0x7f574c10e480 unknown :-1 s=BANNER_CONNECTING pgs=0 cs=0 l=0 rev1=0 crypto rx=0 tx=0 comp rx=0 tx=0)._handle_peer_banner_payload supported=3 required=0
2024-03-12T06:20:49.177 INFO:teuthology.orchestra.run.smithi029.stdout:/usr/bin/ceph: stderr
2024-03-12T06:20:41.554+0000 7f5749e00700 1 --2- >> [v2:172.21.15.29:3300/0,v1:172.21.15.29:6789/0] conn(0x7f574c10e060 0x7f574c10e480 unknown :-1 s=HELLO_CONNECTING pgs=0 cs=0 l=0 rev1=1 crypto rx=0 tx=0 comp rx=0 tx=0).handle_hello peer v2:172.21.15.29:3300/0 says I am v2:172.21.15.29:37434/0 (socket says 172.21.15.29:37434)
2024-03-12T06:20:49.177 INFO:teuthology.orchestra.run.smithi029.stdout:/usr/bin/ceph: stderr
2024-03-12T06:20:41.554+0000 7f5749e00700 1 -- 172.21.15.29:0/2104335066 learned_addr learned my addr 172.21.15.29:0/2104335066 (peer_addr_for_me v2:172.21.15.29:0/0)
2024-03-12T06:20:49.178 INFO:teuthology.orchestra.run.smithi029.stdout:/usr/bin/ceph: stderr
2024-03-12T06:20:41.555+0000 7f5749e00700 1 -- 172.21.15.29:0/2104335066 --> [v2:172.21.15.29:3300/0,v1:172.21.15.29:6789/0] -- mon_subscribe({config=0+,monmap=0+}) v3 -- 0x7f574c10eb90 con 0x7f574c10e060
2024-03-12T06:20:49.178 INFO:teuthology.orchestra.run.smithi029.stdout:/usr/bin/ceph: stderr
2024-03-12T06:20:41.555+0000 7f5749e00700 1 --2- 172.21.15.29:0/2104335066 >> [v2:172.21.15.29:3300/0,v1:172.21.15.29:6789/0] conn(0x7f574c10e060 0x7f574c10e480 secure :-1 s=READY pgs=45 cs=0 l=1 rev1=1 crypto rx=0x7f573c0098a0 tx=0x7f573c009bb0 comp rx=0 tx=0).ready entity=mon.0 client_cookie=430305e86ae6b865 server_cookie=0 in_seq=0 out_seq=0
2024-03-12T06:20:49.178 INFO:teuthology.orchestra.run.smithi029.stdout:/usr/bin/ceph: stderr
2024-03-12T06:20:41.555+0000 7f5748a00700 1 -- 172.21.15.29:0/2104335066 <== mon.0 v2:172.21.15.29:3300/0 1 ==== mon_map magic: 0 v1 ==== 205+0+0 (secure 0 0 0) 0x7f573c004160 con 0x7f574c10e060
2024-03-12T06:20:49.179 INFO:teuthology.orchestra.run.smithi029.stdout:/usr/bin/ceph: stderr
2024-03-12T06:20:41.556+0000 7f5748a00700 1 -- 172.21.15.29:0/2104335066 <== mon.0 v2:172.21.15.29:3300/0 2 ==== config(29 keys) v1 ==== 1178+0+0 (secure 0 0 0) 0x7f573c0042c0 con 0x7f574c10e060
2024-03-12T06:20:49.179 INFO:teuthology.orchestra.run.smithi029.stdout:/usr/bin/ceph: stderr
2024-03-12T06:20:41.556+0000 7f5748a00700 1 -- 172.21.15.29:0/2104335066 <== mon.0 v2:172.21.15.29:3300/0 3 ==== mon_map magic: 0 v1 ==== 205+0+0 (secure 0 0 0) 0x7f573c011c20 con 0x7f574c10e060
2024-03-12T06:20:49.179 INFO:teuthology.orchestra.run.smithi029.stdout:/usr/bin/ceph: stderr
2024-03-12T06:20:41.556+0000 7f5751200700 1 -- 172.21.15.29:0/2104335066 >> [v2:172.21.15.29:3300/0,v1:172.21.15.29:6789/0] conn(0x7f574c10e060 msgr2=0x7f574c10e480 secure :-1 s=STATE_CONNECTION_ESTABLISHED l=1).mark_down
2024-03-12T06:20:49.179 INFO:teuthology.orchestra.run.smithi029.stdout:/usr/bin/ceph: stderr
2024-03-12T06:20:41.556+0000 7f5751200700 1 --2- 172.21.15.29:0/2104335066 >> [v2:172.21.15.29:3300/0,v1:172.21.15.29:6789/0] conn(0x7f574c10e060 0x7f574c10e480 secure :-1 s=READY pgs=45 cs=0 l=1 rev1=1 crypto rx=0x7f573c0098a0 tx=0x7f573c009bb0 comp rx=0 tx=0).stop
2024-03-12T06:20:49.179 INFO:teuthology.orchestra.run.smithi029.stdout:/usr/bin/ceph: stderr
2024-03-12T06:20:41.556+0000 7f5751200700 1 -- 172.21.15.29:0/2104335066 shutdown_connections
2024-03-12T06:20:49.180 INFO:teuthology.orchestra.run.smithi029.stdout:/usr/bin/ceph: stderr
2024-03-12T06:20:41.556+0000 7f5751200700 1 --2- 172.21.15.29:0/2104335066 >> [v2:172.21.15.29:3300/0,v1:172.21.15.29:6789/0] conn(0x7f574c10e060 0x7f574c10e480 unknown :-1 s=CLOSED pgs=45 cs=0 l=1 rev1=1 crypto rx=0 tx=0 comp rx=0 tx=0).stop
2024-03-12T06:20:49.180 INFO:teuthology.orchestra.run.smithi029.stdout:/usr/bin/ceph: stderr
2024-03-12T06:20:41.556+0000 7f5751200700 1 -- 172.21.15.29:0/2104335066 >> 172.21.15.29:0/2104335066 conn(0x7f574c07ce60 msgr2=0x7f574c07f280 unknown :-1 s=STATE_NONE l=0).mark_down
2024-03-12T06:20:49.180 INFO:teuthology.orchestra.run.smithi029.stdout:/usr/bin/ceph: stderr
2024-03-12T06:20:41.557+0000 7f5751200700 1 -- 172.21.15.29:0/2104335066 shutdown_connections
2024-03-12T06:20:49.181 INFO:teuthology.orchestra.run.smithi029.stdout:/usr/bin/ceph: stderr
2024-03-12T06:20:41.557+0000 7f5751200700 1 -- 172.21.15.29:0/2104335066 wait complete.
2024-03-12T06:20:49.181 INFO:teuthology.orchestra.run.smithi029.stdout:/usr/bin/ceph: stderr
2024-03-12T06:20:41.558+0000 7f5751200700 1 Processor -- start
2024-03-12T06:20:49.181 INFO:teuthology.orchestra.run.smithi029.stdout:/usr/bin/ceph: stderr
2024-03-12T06:20:41.558+0000 7f5751200700 1 -- start start
2024-03-12T06:20:49.181 INFO:teuthology.orchestra.run.smithi029.stdout:/usr/bin/ceph: stderr
2024-03-12T06:20:41.558+0000 7f5751200700 1 --2- >> [v2:172.21.15.29:3300/0,v1:172.21.15.29:6789/0] conn(0x7f574c10e060 0x7f574c1a1cb0 unknown :-1 s=NONE pgs=0 cs=0 l=1 rev1=0 crypto rx=0 tx=0 comp rx=0 tx=0).connect
2024-03-12T06:20:49.181 INFO:teuthology.orchestra.run.smithi029.stdout:/usr/bin/ceph: stderr
2024-03-12T06:20:41.558+0000 7f5751200700 1 -- --> [v2:172.21.15.29:3300/0,v1:172.21.15.29:6789/0] -- mon_getmap magic: 0 v1 -- 0x7f574c1a21f0 con 0x7f574c10e060
2024-03-12T06:20:49.181 INFO:teuthology.orchestra.run.smithi029.stdout:/usr/bin/ceph: stderr
2024-03-12T06:20:41.558+0000 7f5749e00700 1 --2- >> [v2:172.21.15.29:3300/0,v1:172.21.15.29:6789/0] conn(0x7f574c10e060 0x7f574c1a1cb0 unknown :-1 s=BANNER_CONNECTING pgs=0 cs=0 l=1 rev1=0 crypto rx=0 tx=0 comp rx=0 tx=0)._handle_peer_banner_payload supported=3 required=0
2024-03-12T06:20:49.183 INFO:teuthology.orchestra.run.smithi029.stdout:/usr/bin/ceph: stderr
2024-03-12T06:20:41.558+0000 7f5749e00700 1 --2- >> [v2:172.21.15.29:3300/0,v1:172.21.15.29:6789/0] conn(0x7f574c10e060 0x7f574c1a1cb0 unknown :-1 s=HELLO_CONNECTING pgs=0 cs=0 l=1 rev1=1 crypto rx=0 tx=0 comp rx=0 tx=0).handle_hello peer v2:172.21.15.29:3300/0 says I am v2:172.21.15.29:37444/0 (socket says 172.21.15.29:37444)
2024-03-12T06:20:49.183 INFO:teuthology.orchestra.run.smithi029.stdout:/usr/bin/ceph: stderr
2024-03-12T06:20:41.559+0000 7f5749e00700 1 -- 172.21.15.29:0/2710122772 learned_addr learned my addr 172.21.15.29:0/2710122772 (peer_addr_for_me v2:172.21.15.29:0/0)
2024-03-12T06:20:49.184 INFO:teuthology.orchestra.run.smithi029.stdout:/usr/bin/ceph: stderr
2024-03-12T06:20:41.559+0000 7f5749e00700 1 -- 172.21.15.29:0/2710122772 --> [v2:172.21.15.29:3300/0,v1:172.21.15.29:6789/0] -- mon_subscribe({config=0+,monmap=0+}) v3 -- 0x7f573c009550 con 0x7f574c10e060
2024-03-12T06:20:49.184 INFO:teuthology.orchestra.run.smithi029.stdout:/usr/bin/ceph: stderr
2024-03-12T06:20:41.559+0000 7f5749e00700 1 --2- 172.21.15.29:0/2710122772 >> [v2:172.21.15.29:3300/0,v1:172.21.15.29:6789/0] conn(0x7f574c10e060 0x7f574c1a1cb0 secure :-1 s=READY pgs=46 cs=0 l=1 rev1=1 crypto rx=0x7f573c000c00 tx=0x7f573c011ca0 comp rx=0 tx=0).ready entity=mon.0 client_cookie=0 server_cookie=0 in_seq=0 out_seq=0
2024-03-12T06:20:49.184 INFO:teuthology.orchestra.run.smithi029.stdout:/usr/bin/ceph: stderr
2024-03-12T06:20:41.559+0000 7f5742a00700 1 -- 172.21.15.29:0/2710122772 <== mon.0 v2:172.21.15.29:3300/0 1 ==== mon_map magic: 0 v1 ==== 205+0+0 (secure 0 0 0) 0x7f573c0039e0 con 0x7f574c10e060
2024-03-12T06:20:49.184 INFO:teuthology.orchestra.run.smithi029.stdout:/usr/bin/ceph: stderr
2024-03-12T06:20:41.560+0000 7f5742a00700 1 -- 172.21.15.29:0/2710122772 <== mon.0 v2:172.21.15.29:3300/0 2 ==== config(29 keys) v1 ==== 1178+0+0 (secure 0 0 0) 0x7f573c011e90 con 0x7f574c10e060
2024-03-12T06:20:49.184 INFO:teuthology.orchestra.run.smithi029.stdout:/usr/bin/ceph: stderr
2024-03-12T06:20:41.560+0000 7f5751200700 1 -- 172.21.15.29:0/2710122772 --> [v2:172.21.15.29:3300/0,v1:172.21.15.29:6789/0] -- mon_subscribe({mgrmap=0+}) v3 -- 0x7f574c1a23f0 con 0x7f574c10e060
2024-03-12T06:20:49.184 INFO:teuthology.orchestra.run.smithi029.stdout:/usr/bin/ceph: stderr
2024-03-12T06:20:41.560+0000 7f5742a00700 1 -- 172.21.15.29:0/2710122772 <== mon.0 v2:172.21.15.29:3300/0 3 ==== mon_map magic: 0 v1 ==== 205+0+0 (secure 0 0 0) 0x7f573c024630 con 0x7f574c10e060
2024-03-12T06:20:49.184 INFO:teuthology.orchestra.run.smithi029.stdout:/usr/bin/ceph: stderr
2024-03-12T06:20:41.560+0000 7f5751200700 1 -- 172.21.15.29:0/2710122772 --> [v2:172.21.15.29:3300/0,v1:172.21.15.29:6789/0] -- mon_subscribe({osdmap=0}) v3 -- 0x7f574c1a2890 con 0x7f574c10e060
2024-03-12T06:20:49.184 INFO:teuthology.orchestra.run.smithi029.stdout:/usr/bin/ceph: stderr
2024-03-12T06:20:41.561+0000 7f5742a00700 1 -- 172.21.15.29:0/2710122772 <== mon.0 v2:172.21.15.29:3300/0 4 ==== mgrmap(e 8) v1 ==== 45769+0+0 (secure 0 0 0) 0x7f573c003b40 con 0x7f574c10e060
2024-03-12T06:20:49.184 INFO:teuthology.orchestra.run.smithi029.stdout:/usr/bin/ceph: stderr
2024-03-12T06:20:41.561+0000 7f5751200700 1 -- 172.21.15.29:0/2710122772 --> [v2:172.21.15.29:3300/0,v1:172.21.15.29:6789/0] -- mon_command({"prefix": "get_command_descriptions"} v 0) v1 -- 0x7f574c112290 con 0x7f574c10e060
2024-03-12T06:20:49.184 INFO:teuthology.orchestra.run.smithi029.stdout:/usr/bin/ceph: stderr
2024-03-12T06:20:41.561+0000 7f5742a00700 1 --2- 172.21.15.29:0/2710122772 >> [v2:172.21.15.29:6800/1596100576,v1:172.21.15.29:6801/1596100576] conn(0x7f5730038d00 0x7f573003b1c0 unknown :-1 s=NONE pgs=0 cs=0 l=1 rev1=0 crypto rx=0 tx=0 comp rx=0 tx=0).connect
2024-03-12T06:20:49.184 INFO:teuthology.orchestra.run.smithi029.stdout:/usr/bin/ceph: stderr
2024-03-12T06:20:41.561+0000 7f5742a00700 1 -- 172.21.15.29:0/2710122772 <== mon.0 v2:172.21.15.29:3300/0 5 ==== osd_map(2..2 src has 1..2) v4 ==== 940+0+0 (secure 0 0 0) 0x7f573c04cab0 con 0x7f574c10e060
2024-03-12T06:20:49.184 INFO:teuthology.orchestra.run.smithi029.stdout:/usr/bin/ceph: stderr
2024-03-12T06:20:41.562+0000 7f5749400700 1 --2- 172.21.15.29:0/2710122772 >> [v2:172.21.15.29:6800/1596100576,v1:172.21.15.29:6801/1596100576] conn(0x7f5730038d00 0x7f573003b1c0 unknown :-1 s=BANNER_CONNECTING pgs=0 cs=0 l=1 rev1=0 crypto rx=0 tx=0 comp rx=0 tx=0)._handle_peer_banner_payload supported=3 required=0
2024-03-12T06:20:49.184 INFO:teuthology.orchestra.run.smithi029.stdout:/usr/bin/ceph: stderr
2024-03-12T06:20:41.562+0000 7f5749400700 1 --2- 172.21.15.29:0/2710122772 >> [v2:172.21.15.29:6800/1596100576,v1:172.21.15.29:6801/1596100576] conn(0x7f5730038d00 0x7f573003b1c0 secure :-1 s=READY pgs=11 cs=0 l=1 rev1=1 crypto rx=0x7f5738006fd0 tx=0x7f5738006e40 comp rx=0 tx=0).ready entity=mgr.14120 client_cookie=0 server_cookie=0 in_seq=0 out_seq=0
2024-03-12T06:20:49.186 INFO:teuthology.orchestra.run.smithi029.stdout:/usr/bin/ceph: stderr
2024-03-12T06:20:41.567+0000 7f5742a00700 1 -- 172.21.15.29:0/2710122772 <== mon.0 v2:172.21.15.29:3300/0 6 ==== mon_command_ack([{"prefix": "get_command_descriptions"}]=0 v0) v1 ==== 72+0+183564 (secure 0 0 0) 0x7f573c01a9c0 con 0x7f574c10e060
2024-03-12T06:20:49.186 INFO:teuthology.orchestra.run.smithi029.stdout:/usr/bin/ceph: stderr
2024-03-12T06:20:41.797+0000 7f5751200700 1 -- 172.21.15.29:0/2710122772 --> [v2:172.21.15.29:6800/1596100576,v1:172.21.15.29:6801/1596100576] -- mgr_command(tid 0: {"prefix": "orch host add", "hostname": "smithi029", "addr": "172.21.15.29", "target": ["mon-mgr", ""]}) v1 -- 0x7f574c1a51d0 con 0x7f5730038d00
2024-03-12T06:20:49.186 INFO:teuthology.orchestra.run.smithi029.stdout:/usr/bin/ceph: stderr
2024-03-12T06:20:48.461+0000 7f5742a00700 1 -- 172.21.15.29:0/2710122772 <== mgr.14120 v2:172.21.15.29:6800/1596100576 1 ==== mgr_command_reply(tid 0: 0 ) v1 ==== 8+0+48 (secure 0 0 0) 0x7f574c1a51d0 con 0x7f5730038d00
2024-03-12T06:20:49.186 INFO:teuthology.orchestra.run.smithi029.stdout:/usr/bin/ceph: stderr
2024-03-12T06:20:48.465+0000 7f5751200700 1 -- 172.21.15.29:0/2710122772 >> [v2:172.21.15.29:6800/1596100576,v1:172.21.15.29:6801/1596100576] conn(0x7f5730038d00 msgr2=0x7f573003b1c0 secure :-1 s=STATE_CONNECTION_ESTABLISHED l=1).mark_down
2024-03-12T06:20:49.186 INFO:teuthology.orchestra.run.smithi029.stdout:/usr/bin/ceph: stderr
2024-03-12T06:20:48.465+0000 7f5751200700 1 --2- 172.21.15.29:0/2710122772 >> [v2:172.21.15.29:6800/1596100576,v1:172.21.15.29:6801/1596100576] conn(0x7f5730038d00 0x7f573003b1c0 secure :-1 s=READY pgs=11 cs=0 l=1 rev1=1 crypto rx=0x7f5738006fd0 tx=0x7f5738006e40 comp rx=0 tx=0).stop
2024-03-12T06:20:49.186 INFO:teuthology.orchestra.run.smithi029.stdout:/usr/bin/ceph: stderr
2024-03-12T06:20:48.465+0000 7f5751200700 1 -- 172.21.15.29:0/2710122772 >> [v2:172.21.15.29:3300/0,v1:172.21.15.29:6789/0] conn(0x7f574c10e060 msgr2=0x7f574c1a1cb0 secure :-1 s=STATE_CONNECTION_ESTABLISHED l=1).mark_down
2024-03-12T06:20:49.186 INFO:teuthology.orchestra.run.smithi029.stdout:/usr/bin/ceph: stderr
2024-03-12T06:20:48.465+0000 7f5751200700 1 --2- 172.21.15.29:0/2710122772 >> [v2:172.21.15.29:3300/0,v1:172.21.15.29:6789/0] conn(0x7f574c10e060 0x7f574c1a1cb0 secure :-1 s=READY pgs=46 cs=0 l=1 rev1=1 crypto rx=0x7f573c000c00 tx=0x7f573c011ca0 comp rx=0 tx=0).stop
2024-03-12T06:20:49.186 INFO:teuthology.orchestra.run.smithi029.stdout:/usr/bin/ceph: stderr
2024-03-12T06:20:48.465+0000 7f5751200700 1 -- 172.21.15.29:0/2710122772 shutdown_connections
2024-03-12T06:20:49.187 INFO:teuthology.orchestra.run.smithi029.stdout:/usr/bin/ceph: stderr
2024-03-12T06:20:48.465+0000 7f5751200700 1 --2- 172.21.15.29:0/2710122772 >> [v2:172.21.15.29:6800/1596100576,v1:172.21.15.29:6801/1596100576] conn(0x7f5730038d00 0x7f573003b1c0 unknown :-1 s=CLOSED pgs=11 cs=0 l=1 rev1=1 crypto rx=0 tx=0 comp rx=0 tx=0).stop
2024-03-12T06:20:49.187 INFO:teuthology.orchestra.run.smithi029.stdout:/usr/bin/ceph: stderr
2024-03-12T06:20:48.465+0000 7f5751200700 1 --2- 172.21.15.29:0/2710122772 >> [v2:172.21.15.29:3300/0,v1:172.21.15.29:6789/0] conn(0x7f574c10e060 0x7f574c1a1cb0 unknown :-1 s=CLOSED pgs=46 cs=0 l=1 rev1=1 crypto rx=0 tx=0 comp rx=0 tx=0).stop
2024-03-12T06:20:49.187 INFO:teuthology.orchestra.run.smithi029.stdout:/usr/bin/ceph: stderr
2024-03-12T06:20:48.465+0000 7f5751200700 1 -- 172.21.15.29:0/2710122772 >> 172.21.15.29:0/2710122772 conn(0x7f574c07ce60 msgr2=0x7f574c07d900 unknown :-1 s=STATE_NONE l=0).mark_down
2024-03-12T06:20:49.187 INFO:teuthology.orchestra.run.smithi029.stdout:/usr/bin/ceph: stderr
2024-03-12T06:20:48.465+0000 7f5751200700 1 -- 172.21.15.29:0/2710122772 shutdown_connections
2024-03-12T06:20:49.187 INFO:teuthology.orchestra.run.smithi029.stdout:/usr/bin/ceph: stderr
2024-03-12T06:20:48.465+0000 7f5751200700 1 -- 172.21.15.29:0/2710122772 wait complete.
2024-03-12T06:20:49.187 INFO:teuthology.orchestra.run.smithi029.stdout:Deploying unmanaged mon service...
2024-03-12T06:20:49.715 INFO:journalctl@ceph.mon.a.smithi029.stdout:Mar 12 06:20:49 smithi029 ceph-mon[31403]: from='mgr.14120 172.21.15.29:0/3467150582' entity='mgr.x'
2024-03-12T06:20:49.715 INFO:journalctl@ceph.mon.a.smithi029.stdout:Mar 12 06:20:49 smithi029 ceph-mon[31403]: Added host smithi029
2024-03-12T06:20:49.715 INFO:journalctl@ceph.mon.a.smithi029.stdout:Mar 12 06:20:49 smithi029 ceph-mon[31403]: from='mgr.14120 172.21.15.29:0/3467150582' entity='mgr.x' cmd=[{"prefix": "config dump", "format": "json"}]: dispatch
2024-03-12T06:20:51.587 INFO:journalctl@ceph.mon.a.smithi029.stdout:Mar 12 06:20:51 smithi029 ceph-mon[31403]: from='client.14142 -' entity='client.admin' cmd=[{"prefix": "orch apply", "service_type": "mon", "unmanaged": true, "target": ["mon-mgr", ""]}]: dispatch
2024-03-12T06:20:51.587 INFO:journalctl@ceph.mon.a.smithi029.stdout:Mar 12 06:20:51 smithi029 ceph-mon[31403]: Saving service mon spec with placement count:5
2024-03-12T06:20:51.587 INFO:journalctl@ceph.mon.a.smithi029.stdout:Mar 12 06:20:51 smithi029 ceph-mon[31403]: from='mgr.14120 172.21.15.29:0/3467150582' entity='mgr.x'
2024-03-12T06:20:51.597 INFO:teuthology.orchestra.run.smithi029.stdout:/usr/bin/ceph: stdout Scheduled mon update...
2024-03-12T06:20:51.597 INFO:teuthology.orchestra.run.smithi029.stdout:/usr/bin/ceph: stderr
2024-03-12T06:20:49.882+0000 7f14a4400700 1 Processor -- start
2024-03-12T06:20:51.598 INFO:teuthology.orchestra.run.smithi029.stdout:/usr/bin/ceph: stderr
2024-03-12T06:20:49.883+0000 7f14a4400700 1 -- start start
2024-03-12T06:20:51.599 INFO:teuthology.orchestra.run.smithi029.stdout:/usr/bin/ceph: stderr
2024-03-12T06:20:49.883+0000 7f14a4400700 1 --2- >> [v2:172.21.15.29:3300/0,v1:172.21.15.29:6789/0] conn(0x7f149c07cec0 0x7f149c07b320 unknown :-1 s=NONE pgs=0 cs=0 l=0 rev1=0 crypto rx=0 tx=0 comp rx=0 tx=0).connect
2024-03-12T06:20:51.599 INFO:teuthology.orchestra.run.smithi029.stdout:/usr/bin/ceph: stderr
2024-03-12T06:20:49.883+0000 7f14a4400700 1 -- --> [v2:172.21.15.29:3300/0,v1:172.21.15.29:6789/0] -- mon_getmap magic: 0 v1 -- 0x7f149c07b8f0 con 0x7f149c07cec0
2024-03-12T06:20:51.599 INFO:teuthology.orchestra.run.smithi029.stdout:/usr/bin/ceph: stderr
2024-03-12T06:20:49.884+0000 7f14a1a00700 1 --2- >> [v2:172.21.15.29:3300/0,v1:172.21.15.29:6789/0] conn(0x7f149c07cec0 0x7f149c07b320 unknown :-1 s=BANNER_CONNECTING pgs=0 cs=0 l=0 rev1=0 crypto rx=0 tx=0 comp rx=0 tx=0)._handle_peer_banner_payload supported=3 required=0
2024-03-12T06:20:51.599 INFO:teuthology.orchestra.run.smithi029.stdout:/usr/bin/ceph: stderr
2024-03-12T06:20:49.884+0000 7f14a1a00700 1 --2- >> [v2:172.21.15.29:3300/0,v1:172.21.15.29:6789/0] conn(0x7f149c07cec0 0x7f149c07b320 unknown :-1 s=HELLO_CONNECTING pgs=0 cs=0 l=0 rev1=1 crypto rx=0 tx=0 comp rx=0 tx=0).handle_hello peer v2:172.21.15.29:3300/0 says I am v2:172.21.15.29:37528/0 (socket says 172.21.15.29:37528)
2024-03-12T06:20:51.599 INFO:teuthology.orchestra.run.smithi029.stdout:/usr/bin/ceph: stderr
2024-03-12T06:20:49.884+0000 7f14a1a00700 1 -- 172.21.15.29:0/9334047 learned_addr learned my addr 172.21.15.29:0/9334047 (peer_addr_for_me v2:172.21.15.29:0/0)
2024-03-12T06:20:51.599 INFO:teuthology.orchestra.run.smithi029.stdout:/usr/bin/ceph: stderr
2024-03-12T06:20:49.884+0000 7f14a1a00700 1 -- 172.21.15.29:0/9334047 --> [v2:172.21.15.29:3300/0,v1:172.21.15.29:6789/0] -- mon_subscribe({config=0+,monmap=0+}) v3 -- 0x7f149c07ba30 con 0x7f149c07cec0
2024-03-12T06:20:51.599 INFO:teuthology.orchestra.run.smithi029.stdout:/usr/bin/ceph: stderr
2024-03-12T06:20:49.885+0000 7f14a1a00700 1 --2- 172.21.15.29:0/9334047 >> [v2:172.21.15.29:3300/0,v1:172.21.15.29:6789/0] conn(0x7f149c07cec0 0x7f149c07b320 secure :-1 s=READY pgs=47 cs=0 l=1 rev1=1 crypto rx=0x7f1490009e80 tx=0x7f149000b330 comp rx=0 tx=0).ready entity=mon.0 client_cookie=a42b8bd7bd286861 server_cookie=0 in_seq=0 out_seq=0
2024-03-12T06:20:51.600 INFO:teuthology.orchestra.run.smithi029.stdout:/usr/bin/ceph: stderr
2024-03-12T06:20:49.885+0000 7f149be00700 1 -- 172.21.15.29:0/9334047 <== mon.0 v2:172.21.15.29:3300/0 1 ==== mon_map magic: 0 v1 ==== 205+0+0 (secure 0 0 0) 0x7f149000e070 con 0x7f149c07cec0
2024-03-12T06:20:51.600 INFO:teuthology.orchestra.run.smithi029.stdout:/usr/bin/ceph: stderr
2024-03-12T06:20:49.885+0000 7f149be00700 1 -- 172.21.15.29:0/9334047 <== mon.0 v2:172.21.15.29:3300/0 2 ==== config(29 keys) v1 ==== 1178+0+0 (secure 0 0 0) 0x7f149000b8c0 con 0x7f149c07cec0
2024-03-12T06:20:51.601 INFO:teuthology.orchestra.run.smithi029.stdout:/usr/bin/ceph: stderr
