2024-03-11T20:46:25.525+0000 7f6f041c0700 1 -- 172.21.15.129:0/3304565361 --> [v2:172.21.15.129:3300/0,v1:172.21.15.129:6789/0] -- mon_subscribe({mgrmap=0+}) v3 -- 0x7f6efc19c370 con 0x7f6efc07b720
2024-03-11T20:46:31.519 INFO:teuthology.orchestra.run.smithi129.stdout:/usr/bin/ceph: stderr
2024-03-11T20:46:25.525+0000 7f6ef2ffd700 1 -- 172.21.15.129:0/3304565361 <== mon.0 v2:172.21.15.129:3300/0 2 ==== config(24 keys) v1 ==== 1042+0+0 (secure 0 0 0) 0x7f6eec0248b0 con 0x7f6efc07b720
2024-03-11T20:46:31.519 INFO:teuthology.orchestra.run.smithi129.stdout:/usr/bin/ceph: stderr
2024-03-11T20:46:25.525+0000 7f6ef2ffd700 1 -- 172.21.15.129:0/3304565361 <== mon.0 v2:172.21.15.129:3300/0 3 ==== mon_map magic: 0 v1 ==== 205+0+0 (secure 0 0 0) 0x7f6eec01a780 con 0x7f6efc07b720
2024-03-11T20:46:31.519 INFO:teuthology.orchestra.run.smithi129.stdout:/usr/bin/ceph: stderr
2024-03-11T20:46:25.525+0000 7f6f041c0700 1 -- 172.21.15.129:0/3304565361 --> [v2:172.21.15.129:3300/0,v1:172.21.15.129:6789/0] -- mon_subscribe({osdmap=0}) v3 -- 0x7f6efc19f060 con 0x7f6efc07b720
2024-03-11T20:46:31.519 INFO:teuthology.orchestra.run.smithi129.stdout:/usr/bin/ceph: stderr
2024-03-11T20:46:25.526+0000 7f6ef2ffd700 1 -- 172.21.15.129:0/3304565361 <== mon.0 v2:172.21.15.129:3300/0 4 ==== mgrmap(e 9) v1 ==== 46119+0+0 (secure 0 0 0) 0x7f6eec01aa80 con 0x7f6efc07b720
2024-03-11T20:46:31.519 INFO:teuthology.orchestra.run.smithi129.stdout:/usr/bin/ceph: stderr
2024-03-11T20:46:25.526+0000 7f6ef2ffd700 1 --2- 172.21.15.129:0/3304565361 >> [v2:172.21.15.129:6800/521270824,v1:172.21.15.129:6801/521270824] conn(0x7f6ee8038f20 0x7f6ee803b3e0 unknown :-1 s=NONE pgs=0 cs=0 l=1 rev1=0 crypto rx=0 tx=0 comp rx=0 tx=0).connect
2024-03-11T20:46:31.519 INFO:teuthology.orchestra.run.smithi129.stdout:/usr/bin/ceph: stderr
2024-03-11T20:46:25.526+0000 7f6ef2ffd700 1 -- 172.21.15.129:0/3304565361 --> [v2:172.21.15.129:6800/521270824,v1:172.21.15.129:6801/521270824] -- command(tid 0: {"prefix": "get_command_descriptions"}) v1 -- 0x7f6ee803baf0 con 0x7f6ee8038f20
2024-03-11T20:46:31.519 INFO:teuthology.orchestra.run.smithi129.stdout:/usr/bin/ceph: stderr
2024-03-11T20:46:25.526+0000 7f6ef2ffd700 1 -- 172.21.15.129:0/3304565361 <== mon.0 v2:172.21.15.129:3300/0 5 ==== osd_map(2..2 src has 1..2) v4 ==== 940+0+0 (secure 0 0 0) 0x7f6eec04d3a0 con 0x7f6efc07b720
2024-03-11T20:46:31.520 INFO:teuthology.orchestra.run.smithi129.stdout:/usr/bin/ceph: stderr
2024-03-11T20:46:25.526+0000 7f6f0175b700 1 -- 172.21.15.129:0/3304565361 >> [v2:172.21.15.129:6800/521270824,v1:172.21.15.129:6801/521270824] conn(0x7f6ee8038f20 msgr2=0x7f6ee803b3e0 unknown :-1 s=STATE_CONNECTING_RE l=1).process reconnect failed to v2:172.21.15.129:6800/521270824
2024-03-11T20:46:31.520 INFO:teuthology.orchestra.run.smithi129.stdout:/usr/bin/ceph: stderr
2024-03-11T20:46:25.526+0000 7f6f0175b700 1 --2- 172.21.15.129:0/3304565361 >> [v2:172.21.15.129:6800/521270824,v1:172.21.15.129:6801/521270824] conn(0x7f6ee8038f20 0x7f6ee803b3e0 unknown :-1 s=START_CONNECT pgs=0 cs=0 l=1 rev1=0 crypto rx=0 tx=0 comp rx=0 tx=0)._fault waiting 0.200000
2024-03-11T20:46:31.520 INFO:teuthology.orchestra.run.smithi129.stdout:/usr/bin/ceph: stderr
2024-03-11T20:46:25.727+0000 7f6f0175b700 1 -- 172.21.15.129:0/3304565361 >> [v2:172.21.15.129:6800/521270824,v1:172.21.15.129:6801/521270824] conn(0x7f6ee8038f20 msgr2=0x7f6ee803b3e0 unknown :-1 s=STATE_CONNECTING_RE l=1).process reconnect failed to v2:172.21.15.129:6800/521270824
2024-03-11T20:46:31.520 INFO:teuthology.orchestra.run.smithi129.stdout:/usr/bin/ceph: stderr
2024-03-11T20:46:25.727+0000 7f6f0175b700 1 --2- 172.21.15.129:0/3304565361 >> [v2:172.21.15.129:6800/521270824,v1:172.21.15.129:6801/521270824] conn(0x7f6ee8038f20 0x7f6ee803b3e0 unknown :-1 s=START_CONNECT pgs=0 cs=0 l=1 rev1=0 crypto rx=0 tx=0 comp rx=0 tx=0)._fault waiting 0.400000
2024-03-11T20:46:31.520 INFO:teuthology.orchestra.run.smithi129.stdout:/usr/bin/ceph: stderr
2024-03-11T20:46:26.128+0000 7f6f0175b700 1 -- 172.21.15.129:0/3304565361 >> [v2:172.21.15.129:6800/521270824,v1:172.21.15.129:6801/521270824] conn(0x7f6ee8038f20 msgr2=0x7f6ee803b3e0 unknown :-1 s=STATE_CONNECTING_RE l=1).process reconnect failed to v2:172.21.15.129:6800/521270824
2024-03-11T20:46:31.520 INFO:teuthology.orchestra.run.smithi129.stdout:/usr/bin/ceph: stderr
2024-03-11T20:46:26.128+0000 7f6f0175b700 1 --2- 172.21.15.129:0/3304565361 >> [v2:172.21.15.129:6800/521270824,v1:172.21.15.129:6801/521270824] conn(0x7f6ee8038f20 0x7f6ee803b3e0 unknown :-1 s=START_CONNECT pgs=0 cs=0 l=1 rev1=0 crypto rx=0 tx=0 comp rx=0 tx=0)._fault waiting 0.800000
2024-03-11T20:46:31.520 INFO:teuthology.orchestra.run.smithi129.stdout:/usr/bin/ceph: stderr
2024-03-11T20:46:26.929+0000 7f6f0175b700 1 -- 172.21.15.129:0/3304565361 >> [v2:172.21.15.129:6800/521270824,v1:172.21.15.129:6801/521270824] conn(0x7f6ee8038f20 msgr2=0x7f6ee803b3e0 unknown :-1 s=STATE_CONNECTING_RE l=1).process reconnect failed to v2:172.21.15.129:6800/521270824
2024-03-11T20:46:31.520 INFO:teuthology.orchestra.run.smithi129.stdout:/usr/bin/ceph: stderr
2024-03-11T20:46:26.929+0000 7f6f0175b700 1 --2- 172.21.15.129:0/3304565361 >> [v2:172.21.15.129:6800/521270824,v1:172.21.15.129:6801/521270824] conn(0x7f6ee8038f20 0x7f6ee803b3e0 unknown :-1 s=START_CONNECT pgs=0 cs=0 l=1 rev1=0 crypto rx=0 tx=0 comp rx=0 tx=0)._fault waiting 1.600000
2024-03-11T20:46:31.520 INFO:teuthology.orchestra.run.smithi129.stdout:/usr/bin/ceph: stderr
2024-03-11T20:46:28.530+0000 7f6f0175b700 1 -- 172.21.15.129:0/3304565361 >> [v2:172.21.15.129:6800/521270824,v1:172.21.15.129:6801/521270824] conn(0x7f6ee8038f20 msgr2=0x7f6ee803b3e0 unknown :-1 s=STATE_CONNECTING_RE l=1).process reconnect failed to v2:172.21.15.129:6800/521270824
2024-03-11T20:46:31.520 INFO:teuthology.orchestra.run.smithi129.stdout:/usr/bin/ceph: stderr
2024-03-11T20:46:28.530+0000 7f6f0175b700 1 --2- 172.21.15.129:0/3304565361 >> [v2:172.21.15.129:6800/521270824,v1:172.21.15.129:6801/521270824] conn(0x7f6ee8038f20 0x7f6ee803b3e0 unknown :-1 s=START_CONNECT pgs=0 cs=0 l=1 rev1=0 crypto rx=0 tx=0 comp rx=0 tx=0)._fault waiting 3.200000
2024-03-11T20:46:31.520 INFO:teuthology.orchestra.run.smithi129.stdout:/usr/bin/ceph: stderr
2024-03-11T20:46:29.575+0000 7f6ef2ffd700 1 -- 172.21.15.129:0/3304565361 <== mon.0 v2:172.21.15.129:3300/0 6 ==== mgrmap(e 10) v1 ==== 45886+0+0 (secure 0 0 0) 0x7f6eec02d910 con 0x7f6efc07b720
2024-03-11T20:46:31.520 INFO:teuthology.orchestra.run.smithi129.stdout:/usr/bin/ceph: stderr
2024-03-11T20:46:29.575+0000 7f6ef2ffd700 1 -- 172.21.15.129:0/3304565361 >> [v2:172.21.15.129:6800/521270824,v1:172.21.15.129:6801/521270824] conn(0x7f6ee8038f20 msgr2=0x7f6ee803b3e0 unknown :-1 s=STATE_CONNECTING l=1).mark_down
2024-03-11T20:46:31.520 INFO:teuthology.orchestra.run.smithi129.stdout:/usr/bin/ceph: stderr
2024-03-11T20:46:29.575+0000 7f6ef2ffd700 1 --2- 172.21.15.129:0/3304565361 >> [v2:172.21.15.129:6800/521270824,v1:172.21.15.129:6801/521270824] conn(0x7f6ee8038f20 0x7f6ee803b3e0 unknown :-1 s=START_CONNECT pgs=0 cs=0 l=1 rev1=0 crypto rx=0 tx=0 comp rx=0 tx=0).stop
2024-03-11T20:46:31.521 INFO:teuthology.orchestra.run.smithi129.stdout:/usr/bin/ceph: stderr
2024-03-11T20:46:30.577+0000 7f6ef2ffd700 1 -- 172.21.15.129:0/3304565361 <== mon.0 v2:172.21.15.129:3300/0 7 ==== mgrmap(e 11) v1 ==== 46013+0+0 (secure 0 0 0) 0x7f6eec04f400 con 0x7f6efc07b720
2024-03-11T20:46:31.521 INFO:teuthology.orchestra.run.smithi129.stdout:/usr/bin/ceph: stderr
2024-03-11T20:46:30.577+0000 7f6ef2ffd700 1 --2- 172.21.15.129:0/3304565361 >> [v2:172.21.15.129:6800/2866184010,v1:172.21.15.129:6801/2866184010] conn(0x7f6ee803c9a0 0x7f6ee803ed90 unknown :-1 s=NONE pgs=0 cs=0 l=1 rev1=0 crypto rx=0 tx=0 comp rx=0 tx=0).connect
2024-03-11T20:46:31.521 INFO:teuthology.orchestra.run.smithi129.stdout:/usr/bin/ceph: stderr
2024-03-11T20:46:30.577+0000 7f6ef2ffd700 1 -- 172.21.15.129:0/3304565361 --> [v2:172.21.15.129:6800/2866184010,v1:172.21.15.129:6801/2866184010] -- command(tid 0: {"prefix": "get_command_descriptions"}) v1 -- 0x7f6ee803baf0 con 0x7f6ee803c9a0
2024-03-11T20:46:31.521 INFO:teuthology.orchestra.run.smithi129.stdout:/usr/bin/ceph: stderr
2024-03-11T20:46:30.577+0000 7f6f0175b700 1 --2- 172.21.15.129:0/3304565361 >> [v2:172.21.15.129:6800/2866184010,v1:172.21.15.129:6801/2866184010] conn(0x7f6ee803c9a0 0x7f6ee803ed90 unknown :-1 s=BANNER_CONNECTING pgs=0 cs=0 l=1 rev1=0 crypto rx=0 tx=0 comp rx=0 tx=0)._handle_peer_banner_payload supported=3 required=0
2024-03-11T20:46:31.521 INFO:teuthology.orchestra.run.smithi129.stdout:/usr/bin/ceph: stderr
2024-03-11T20:46:30.578+0000 7f6f0175b700 1 --2- 172.21.15.129:0/3304565361 >> [v2:172.21.15.129:6800/2866184010,v1:172.21.15.129:6801/2866184010] conn(0x7f6ee803c9a0 0x7f6ee803ed90 secure :-1 s=READY pgs=1 cs=0 l=1 rev1=1 crypto rx=0x7f6ef8003a10 tx=0x7f6ef80092b0 comp rx=0 tx=0).ready entity=mgr.14152 client_cookie=0 server_cookie=0 in_seq=0 out_seq=0
2024-03-11T20:46:31.521 INFO:teuthology.orchestra.run.smithi129.stdout:/usr/bin/ceph: stderr
2024-03-11T20:46:30.579+0000 7f6ef2ffd700 1 -- 172.21.15.129:0/3304565361 <== mgr.14152 v2:172.21.15.129:6800/2866184010 1 ==== command_reply(tid 0: 0 ) v1 ==== 8+0+7774 (secure 0 0 0) 0x7f6ee803baf0 con 0x7f6ee803c9a0
2024-03-11T20:46:31.521 INFO:teuthology.orchestra.run.smithi129.stdout:/usr/bin/ceph: stderr
2024-03-11T20:46:30.585+0000 7f6f041c0700 1 -- 172.21.15.129:0/3304565361 --> [v2:172.21.15.129:6800/2866184010,v1:172.21.15.129:6801/2866184010] -- command(tid 1: {"prefix": "mgr_status"}) v1 -- 0x7f6efc063410 con 0x7f6ee803c9a0
2024-03-11T20:46:31.521 INFO:teuthology.orchestra.run.smithi129.stdout:/usr/bin/ceph: stderr
2024-03-11T20:46:30.585+0000 7f6ef2ffd700 1 -- 172.21.15.129:0/3304565361 <== mgr.14152 v2:172.21.15.129:6800/2866184010 2 ==== command_reply(tid 1: 0 ) v1 ==== 8+0+52 (secure 0 0 0) 0x7f6efc063410 con 0x7f6ee803c9a0
2024-03-11T20:46:31.521 INFO:teuthology.orchestra.run.smithi129.stdout:/usr/bin/ceph: stderr
2024-03-11T20:46:30.586+0000 7f6f041c0700 1 -- 172.21.15.129:0/3304565361 >> [v2:172.21.15.129:6800/2866184010,v1:172.21.15.129:6801/2866184010] conn(0x7f6ee803c9a0 msgr2=0x7f6ee803ed90 secure :-1 s=STATE_CONNECTION_ESTABLISHED l=1).mark_down
2024-03-11T20:46:31.521 INFO:teuthology.orchestra.run.smithi129.stdout:/usr/bin/ceph: stderr
2024-03-11T20:46:30.586+0000 7f6f041c0700 1 --2- 172.21.15.129:0/3304565361 >> [v2:172.21.15.129:6800/2866184010,v1:172.21.15.129:6801/2866184010] conn(0x7f6ee803c9a0 0x7f6ee803ed90 secure :-1 s=READY pgs=1 cs=0 l=1 rev1=1 crypto rx=0x7f6ef8003a10 tx=0x7f6ef80092b0 comp rx=0 tx=0).stop
2024-03-11T20:46:31.521 INFO:teuthology.orchestra.run.smithi129.stdout:/usr/bin/ceph: stderr
2024-03-11T20:46:30.586+0000 7f6f041c0700 1 -- 172.21.15.129:0/3304565361 >> [v2:172.21.15.129:3300/0,v1:172.21.15.129:6789/0] conn(0x7f6efc07b720 msgr2=0x7f6efc19bba0 secure :-1 s=STATE_CONNECTION_ESTABLISHED l=1).mark_down
2024-03-11T20:46:31.521 INFO:teuthology.orchestra.run.smithi129.stdout:/usr/bin/ceph: stderr
2024-03-11T20:46:30.586+0000 7f6f041c0700 1 --2- 172.21.15.129:0/3304565361 >> [v2:172.21.15.129:3300/0,v1:172.21.15.129:6789/0] conn(0x7f6efc07b720 0x7f6efc19bba0 secure :-1 s=READY pgs=62 cs=0 l=1 rev1=1 crypto rx=0x7f6eec003f60 tx=0x7f6eec0119b0 comp rx=0 tx=0).stop
2024-03-11T20:46:31.521 INFO:teuthology.orchestra.run.smithi129.stdout:/usr/bin/ceph: stderr
2024-03-11T20:46:30.586+0000 7f6f041c0700 1 -- 172.21.15.129:0/3304565361 shutdown_connections
2024-03-11T20:46:31.521 INFO:teuthology.orchestra.run.smithi129.stdout:/usr/bin/ceph: stderr
2024-03-11T20:46:30.586+0000 7f6f041c0700 1 --2- 172.21.15.129:0/3304565361 >> [v2:172.21.15.129:3300/0,v1:172.21.15.129:6789/0] conn(0x7f6efc07b720 0x7f6efc19bba0 unknown :-1 s=CLOSED pgs=62 cs=0 l=1 rev1=1 crypto rx=0 tx=0 comp rx=0 tx=0).stop
2024-03-11T20:46:31.522 INFO:teuthology.orchestra.run.smithi129.stdout:/usr/bin/ceph: stderr
2024-03-11T20:46:30.586+0000 7f6f041c0700 1 --2- 172.21.15.129:0/3304565361 >> [v2:172.21.15.129:6800/2866184010,v1:172.21.15.129:6801/2866184010] conn(0x7f6ee803c9a0 0x7f6ee803ed90 unknown :-1 s=CLOSED pgs=1 cs=0 l=1 rev1=1 crypto rx=0 tx=0 comp rx=0 tx=0).stop
2024-03-11T20:46:31.522 INFO:teuthology.orchestra.run.smithi129.stdout:/usr/bin/ceph: stderr
2024-03-11T20:46:30.586+0000 7f6f041c0700 1 --2- 172.21.15.129:0/3304565361 >> [v2:172.21.15.129:6800/521270824,v1:172.21.15.129:6801/521270824] conn(0x7f6ee8038f20 0x7f6ee803b3e0 unknown :-1 s=CLOSED pgs=0 cs=0 l=1 rev1=0 crypto rx=0 tx=0 comp rx=0 tx=0).stop
2024-03-11T20:46:31.522 INFO:teuthology.orchestra.run.smithi129.stdout:/usr/bin/ceph: stderr
2024-03-11T20:46:30.586+0000 7f6f041c0700 1 -- 172.21.15.129:0/3304565361 >> 172.21.15.129:0/3304565361 conn(0x7f6efc1011c0 msgr2=0x7f6efc101d70 unknown :-1 s=STATE_NONE l=0).mark_down
2024-03-11T20:46:31.522 INFO:teuthology.orchestra.run.smithi129.stdout:/usr/bin/ceph: stderr
2024-03-11T20:46:30.586+0000 7f6f041c0700 1 -- 172.21.15.129:0/3304565361 shutdown_connections
2024-03-11T20:46:31.522 INFO:teuthology.orchestra.run.smithi129.stdout:/usr/bin/ceph: stderr
2024-03-11T20:46:30.586+0000 7f6f041c0700 1 -- 172.21.15.129:0/3304565361 wait complete.
2024-03-11T20:46:31.522 INFO:teuthology.orchestra.run.smithi129.stdout:mgr epoch 9 is available
2024-03-11T20:46:31.522 INFO:teuthology.orchestra.run.smithi129.stdout:Generating a dashboard self-signed certificate...
2024-03-11T20:46:31.900 INFO:journalctl@ceph.mon.a.smithi129.stdout:Mar 11 20:46:31 smithi129 ceph-mon[30184]: [11/Mar/2024:20:46:30] ENGINE Bus STARTING
2024-03-11T20:46:31.901 INFO:journalctl@ceph.mon.a.smithi129.stdout:Mar 11 20:46:31 smithi129 ceph-mon[30184]: [11/Mar/2024:20:46:30] ENGINE Serving on http://172.21.15.129:8765
2024-03-11T20:46:31.901 INFO:journalctl@ceph.mon.a.smithi129.stdout:Mar 11 20:46:31 smithi129 ceph-mon[30184]: from='mgr.14152 172.21.15.129:0/261413564' entity='mgr.y'
2024-03-11T20:46:32.977 INFO:journalctl@ceph.mon.a.smithi129.stdout:Mar 11 20:46:32 smithi129 ceph-mon[30184]: [11/Mar/2024:20:46:30] ENGINE Serving on https://172.21.15.129:7150
2024-03-11T20:46:32.977 INFO:journalctl@ceph.mon.a.smithi129.stdout:Mar 11 20:46:32 smithi129 ceph-mon[30184]: [11/Mar/2024:20:46:30] ENGINE Bus STARTED
2024-03-11T20:46:32.977 INFO:journalctl@ceph.mon.a.smithi129.stdout:Mar 11 20:46:32 smithi129 ceph-mon[30184]: mgrmap e12: y(active, since 2s)
2024-03-11T20:46:32.977 INFO:journalctl@ceph.mon.a.smithi129.stdout:Mar 11 20:46:32 smithi129 ceph-mon[30184]: from='mgr.14152 172.21.15.129:0/261413564' entity='mgr.y'
2024-03-11T20:46:32.978 INFO:journalctl@ceph.mon.a.smithi129.stdout:Mar 11 20:46:32 smithi129 ceph-mon[30184]: from='mgr.14152 172.21.15.129:0/261413564' entity='mgr.y'
2024-03-11T20:46:32.978 INFO:journalctl@ceph.mon.a.smithi129.stdout:Mar 11 20:46:32 smithi129 ceph-mon[30184]: from='mgr.14152 172.21.15.129:0/261413564' entity='mgr.y'
2024-03-11T20:46:32.987 INFO:teuthology.orchestra.run.smithi129.stdout:/usr/bin/ceph: stdout Self-signed certificate created
2024-03-11T20:46:32.987 INFO:teuthology.orchestra.run.smithi129.stdout:/usr/bin/ceph: stderr
2024-03-11T20:46:32.013+0000 7fccac557700 1 Processor -- start
2024-03-11T20:46:32.987 INFO:teuthology.orchestra.run.smithi129.stdout:/usr/bin/ceph: stderr
2024-03-11T20:46:32.013+0000 7fccac557700 1 -- start start
2024-03-11T20:46:32.987 INFO:teuthology.orchestra.run.smithi129.stdout:/usr/bin/ceph: stderr
2024-03-11T20:46:32.014+0000 7fccac557700 1 --2- >> [v2:172.21.15.129:3300/0,v1:172.21.15.129:6789/0] conn(0x7fcca41066a0 0x7fcca4108a90 unknown :-1 s=NONE pgs=0 cs=0 l=0 rev1=0 crypto rx=0 tx=0 comp rx=0 tx=0).connect
2024-03-11T20:46:32.987 INFO:teuthology.orchestra.run.smithi129.stdout:/usr/bin/ceph: stderr
2024-03-11T20:46:32.014+0000 7fccac557700 1 -- --> [v2:172.21.15.129:3300/0,v1:172.21.15.129:6789/0] -- mon_getmap magic: 0 v1 -- 0x7fcca4078ea0 con 0x7fcca41066a0
2024-03-11T20:46:32.987 INFO:teuthology.orchestra.run.smithi129.stdout:/usr/bin/ceph: stderr
2024-03-11T20:46:32.014+0000 7fccaa2f3700 1 --2- >> [v2:172.21.15.129:3300/0,v1:172.21.15.129:6789/0] conn(0x7fcca41066a0 0x7fcca4108a90 unknown :-1 s=BANNER_CONNECTING pgs=0 cs=0 l=0 rev1=0 crypto rx=0 tx=0 comp rx=0 tx=0)._handle_peer_banner_payload supported=3 required=0
2024-03-11T20:46:32.987 INFO:teuthology.orchestra.run.smithi129.stdout:/usr/bin/ceph: stderr
2024-03-11T20:46:32.014+0000 7fccaa2f3700 1 --2- >> [v2:172.21.15.129:3300/0,v1:172.21.15.129:6789/0] conn(0x7fcca41066a0 0x7fcca4108a90 unknown :-1 s=HELLO_CONNECTING pgs=0 cs=0 l=0 rev1=1 crypto rx=0 tx=0 comp rx=0 tx=0).handle_hello peer v2:172.21.15.129:3300/0 says I am v2:172.21.15.129:57652/0 (socket says 172.21.15.129:57652)
2024-03-11T20:46:32.987 INFO:teuthology.orchestra.run.smithi129.stdout:/usr/bin/ceph: stderr
2024-03-11T20:46:32.014+0000 7fccaa2f3700 1 -- 172.21.15.129:0/3983908051 learned_addr learned my addr 172.21.15.129:0/3983908051 (peer_addr_for_me v2:172.21.15.129:0/0)
2024-03-11T20:46:32.987 INFO:teuthology.orchestra.run.smithi129.stdout:/usr/bin/ceph: stderr
2024-03-11T20:46:32.014+0000 7fccaa2f3700 1 -- 172.21.15.129:0/3983908051 --> [v2:172.21.15.129:3300/0,v1:172.21.15.129:6789/0] -- mon_subscribe({config=0+,monmap=0+}) v3 -- 0x7fcca4108fd0 con 0x7fcca41066a0
2024-03-11T20:46:32.987 INFO:teuthology.orchestra.run.smithi129.stdout:/usr/bin/ceph: stderr
2024-03-11T20:46:32.014+0000 7fccaa2f3700 1 --2- 172.21.15.129:0/3983908051 >> [v2:172.21.15.129:3300/0,v1:172.21.15.129:6789/0] conn(0x7fcca41066a0 0x7fcca4108a90 secure :-1 s=READY pgs=70 cs=0 l=1 rev1=1 crypto rx=0x7fcca00098a0 tx=0x7fcca0009bb0 comp rx=0 tx=0).ready entity=mon.0 client_cookie=fbb913ea78b495a0 server_cookie=0 in_seq=0 out_seq=0
2024-03-11T20:46:32.987 INFO:teuthology.orchestra.run.smithi129.stdout:/usr/bin/ceph: stderr
2024-03-11T20:46:32.015+0000 7fcca92f1700 1 -- 172.21.15.129:0/3983908051 <== mon.0 v2:172.21.15.129:3300/0 1 ==== mon_map magic: 0 v1 ==== 205+0+0 (secure 0 0 0) 0x7fcca0004160 con 0x7fcca41066a0
2024-03-11T20:46:32.987 INFO:teuthology.orchestra.run.smithi129.stdout:/usr/bin/ceph: stderr
2024-03-11T20:46:32.015+0000 7fcca92f1700 1 -- 172.21.15.129:0/3983908051 <== mon.0 v2:172.21.15.129:3300/0 2 ==== config(24 keys) v1 ==== 1042+0+0 (secure 0 0 0) 0x7fcca0004300 con 0x7fcca41066a0
2024-03-11T20:46:32.988 INFO:teuthology.orchestra.run.smithi129.stdout:/usr/bin/ceph: stderr
2024-03-11T20:46:32.015+0000 7fcca92f1700 1 -- 172.21.15.129:0/3983908051 <== mon.0 v2:172.21.15.129:3300/0 3 ==== mon_map magic: 0 v1 ==== 205+0+0 (secure 0 0 0) 0x7fcca00118f0 con 0x7fcca41066a0
2024-03-11T20:46:32.988 INFO:teuthology.orchestra.run.smithi129.stdout:/usr/bin/ceph: stderr
2024-03-11T20:46:32.015+0000 7fccac557700 1 -- 172.21.15.129:0/3983908051 >> [v2:172.21.15.129:3300/0,v1:172.21.15.129:6789/0] conn(0x7fcca41066a0 msgr2=0x7fcca4108a90 secure :-1 s=STATE_CONNECTION_ESTABLISHED l=1).mark_down
2024-03-11T20:46:32.988 INFO:teuthology.orchestra.run.smithi129.stdout:/usr/bin/ceph: stderr
2024-03-11T20:46:32.015+0000 7fccac557700 1 --2- 172.21.15.129:0/3983908051 >> [v2:172.21.15.129:3300/0,v1:172.21.15.129:6789/0] conn(0x7fcca41066a0 0x7fcca4108a90 secure :-1 s=READY pgs=70 cs=0 l=1 rev1=1 crypto rx=0x7fcca00098a0 tx=0x7fcca0009bb0 comp rx=0 tx=0).stop
2024-03-11T20:46:32.988 INFO:teuthology.orchestra.run.smithi129.stdout:/usr/bin/ceph: stderr
2024-03-11T20:46:32.015+0000 7fccac557700 1 -- 172.21.15.129:0/3983908051 shutdown_connections
2024-03-11T20:46:32.988 INFO:teuthology.orchestra.run.smithi129.stdout:/usr/bin/ceph: stderr
2024-03-11T20:46:32.015+0000 7fccac557700 1 --2- 172.21.15.129:0/3983908051 >> [v2:172.21.15.129:3300/0,v1:172.21.15.129:6789/0] conn(0x7fcca41066a0 0x7fcca4108a90 unknown :-1 s=CLOSED pgs=70 cs=0 l=1 rev1=1 crypto rx=0 tx=0 comp rx=0 tx=0).stop
2024-03-11T20:46:32.988 INFO:teuthology.orchestra.run.smithi129.stdout:/usr/bin/ceph: stderr
2024-03-11T20:46:32.015+0000 7fccac557700 1 -- 172.21.15.129:0/3983908051 >> 172.21.15.129:0/3983908051 conn(0x7fcca41000d0 msgr2=0x7fcca4102510 unknown :-1 s=STATE_NONE l=0).mark_down
2024-03-11T20:46:32.988 INFO:teuthology.orchestra.run.smithi129.stdout:/usr/bin/ceph: stderr
2024-03-11T20:46:32.015+0000 7fccac557700 1 -- 172.21.15.129:0/3983908051 shutdown_connections
2024-03-11T20:46:32.988 INFO:teuthology.orchestra.run.smithi129.stdout:/usr/bin/ceph: stderr
2024-03-11T20:46:32.015+0000 7fccac557700 1 -- 172.21.15.129:0/3983908051 wait complete.
2024-03-11T20:46:32.988 INFO:teuthology.orchestra.run.smithi129.stdout:/usr/bin/ceph: stderr
2024-03-11T20:46:32.016+0000 7fccac557700 1 Processor -- start
2024-03-11T20:46:32.988 INFO:teuthology.orchestra.run.smithi129.stdout:/usr/bin/ceph: stderr
2024-03-11T20:46:32.016+0000 7fccac557700 1 -- start start
2024-03-11T20:46:32.988 INFO:teuthology.orchestra.run.smithi129.stdout:/usr/bin/ceph: stderr
2024-03-11T20:46:32.016+0000 7fccac557700 1 --2- >> [v2:172.21.15.129:3300/0,v1:172.21.15.129:6789/0] conn(0x7fcca41066a0 0x7fcca41999a0 unknown :-1 s=NONE pgs=0 cs=0 l=1 rev1=0 crypto rx=0 tx=0 comp rx=0 tx=0).connect
2024-03-11T20:46:32.988 INFO:teuthology.orchestra.run.smithi129.stdout:/usr/bin/ceph: stderr
2024-03-11T20:46:32.016+0000 7fccac557700 1 -- --> [v2:172.21.15.129:3300/0,v1:172.21.15.129:6789/0] -- mon_getmap magic: 0 v1 -- 0x7fcca4109f20 con 0x7fcca41066a0
2024-03-11T20:46:32.988 INFO:teuthology.orchestra.run.smithi129.stdout:/usr/bin/ceph: stderr
2024-03-11T20:46:32.016+0000 7fccaa2f3700 1 --2- >> [v2:172.21.15.129:3300/0,v1:172.21.15.129:6789/0] conn(0x7fcca41066a0 0x7fcca41999a0 unknown :-1 s=BANNER_CONNECTING pgs=0 cs=0 l=1 rev1=0 crypto rx=0 tx=0 comp rx=0 tx=0)._handle_peer_banner_payload supported=3 required=0
2024-03-11T20:46:32.988 INFO:teuthology.orchestra.run.smithi129.stdout:/usr/bin/ceph: stderr
2024-03-11T20:46:32.016+0000 7fccaa2f3700 1 --2- >> [v2:172.21.15.129:3300/0,v1:172.21.15.129:6789/0] conn(0x7fcca41066a0 0x7fcca41999a0 unknown :-1 s=HELLO_CONNECTING pgs=0 cs=0 l=1 rev1=1 crypto rx=0 tx=0 comp rx=0 tx=0).handle_hello peer v2:172.21.15.129:3300/0 says I am v2:172.21.15.129:57664/0 (socket says 172.21.15.129:57664)
2024-03-11T20:46:32.989 INFO:teuthology.orchestra.run.smithi129.stdout:/usr/bin/ceph: stderr
2024-03-11T20:46:32.017+0000 7fccaa2f3700 1 -- 172.21.15.129:0/390851931 learned_addr learned my addr 172.21.15.129:0/390851931 (peer_addr_for_me v2:172.21.15.129:0/0)
2024-03-11T20:46:32.989 INFO:teuthology.orchestra.run.smithi129.stdout:/usr/bin/ceph: stderr
2024-03-11T20:46:32.017+0000 7fccaa2f3700 1 -- 172.21.15.129:0/390851931 --> [v2:172.21.15.129:3300/0,v1:172.21.15.129:6789/0] -- mon_subscribe({config=0+,monmap=0+}) v3 -- 0x7fcca4199ee0 con 0x7fcca41066a0
2024-03-11T20:46:32.989 INFO:teuthology.orchestra.run.smithi129.stdout:/usr/bin/ceph: stderr
2024-03-11T20:46:32.017+0000 7fccaa2f3700 1 --2- 172.21.15.129:0/390851931 >> [v2:172.21.15.129:3300/0,v1:172.21.15.129:6789/0] conn(0x7fcca41066a0 0x7fcca41999a0 secure :-1 s=READY pgs=71 cs=0 l=1 rev1=1 crypto rx=0x7fcca0011970 tx=0x7fcca0011a50 comp rx=0 tx=0).ready entity=mon.0 client_cookie=0 server_cookie=0 in_seq=0 out_seq=0
2024-03-11T20:46:32.989 INFO:teuthology.orchestra.run.smithi129.stdout:/usr/bin/ceph: stderr
2024-03-11T20:46:32.017+0000 7fcc9b7fe700 1 -- 172.21.15.129:0/390851931 <== mon.0 v2:172.21.15.129:3300/0 1 ==== mon_map magic: 0 v1 ==== 205+0+0 (secure 0 0 0) 0x7fcca001a430 con 0x7fcca41066a0
2024-03-11T20:46:32.989 INFO:teuthology.orchestra.run.smithi129.stdout:/usr/bin/ceph: stderr
2024-03-11T20:46:32.017+0000 7fcc9b7fe700 1 -- 172.21.15.129:0/390851931 <== mon.0 v2:172.21.15.129:3300/0 2 ==== config(24 keys) v1 ==== 1042+0+0 (secure 0 0 0) 0x7fcca001aa50 con 0x7fcca41066a0
2024-03-11T20:46:32.989 INFO:teuthology.orchestra.run.smithi129.stdout:/usr/bin/ceph: stderr
2024-03-11T20:46:32.017+0000 7fccac557700 1 -- 172.21.15.129:0/390851931 --> [v2:172.21.15.129:3300/0,v1:172.21.15.129:6789/0] -- mon_subscribe({mgrmap=0+}) v3 -- 0x7fcca419a170 con 0x7fcca41066a0
2024-03-11T20:46:32.989 INFO:teuthology.orchestra.run.smithi129.stdout:/usr/bin/ceph: stderr
2024-03-11T20:46:32.017+0000 7fcc9b7fe700 1 -- 172.21.15.129:0/390851931 <== mon.0 v2:172.21.15.129:3300/0 3 ==== mon_map magic: 0 v1 ==== 205+0+0 (secure 0 0 0) 0x7fcca0019910 con 0x7fcca41066a0
2024-03-11T20:46:32.989 INFO:teuthology.orchestra.run.smithi129.stdout:/usr/bin/ceph: stderr
2024-03-11T20:46:32.017+0000 7fccac557700 1 -- 172.21.15.129:0/390851931 --> [v2:172.21.15.129:3300/0,v1:172.21.15.129:6789/0] -- mon_subscribe({osdmap=0}) v3 -- 0x7fcca419ce60 con 0x7fcca41066a0
2024-03-11T20:46:32.989 INFO:teuthology.orchestra.run.smithi129.stdout:/usr/bin/ceph: stderr
2024-03-11T20:46:32.018+0000 7fcc9b7fe700 1 -- 172.21.15.129:0/390851931 <== mon.0 v2:172.21.15.129:3300/0 4 ==== mgrmap(e 11) v1 ==== 46013+0+0 (secure 0 0 0) 0x7fcca0022020 con 0x7fcca41066a0
2024-03-11T20:46:32.989 INFO:teuthology.orchestra.run.smithi129.stdout:/usr/bin/ceph: stderr
2024-03-11T20:46:32.018+0000 7fcc9b7fe700 1 --2- 172.21.15.129:0/390851931 >> [v2:172.21.15.129:6800/2866184010,v1:172.21.15.129:6801/2866184010] conn(0x7fcc90038e60 0x7fcc9003b320 unknown :-1 s=NONE pgs=0 cs=0 l=1 rev1=0 crypto rx=0 tx=0 comp rx=0 tx=0).connect
2024-03-11T20:46:32.989 INFO:teuthology.orchestra.run.smithi129.stdout:/usr/bin/ceph: stderr
2024-03-11T20:46:32.018+0000 7fcc9b7fe700 1 -- 172.21.15.129:0/390851931 <== mon.0 v2:172.21.15.129:3300/0 5 ==== osd_map(3..3 src has 1..3) v4 ==== 1155+0+0 (secure 0 0 0) 0x7fcca001a5d0 con 0x7fcca41066a0
2024-03-11T20:46:32.989 INFO:teuthology.orchestra.run.smithi129.stdout:/usr/bin/ceph: stderr
2024-03-11T20:46:32.018+0000 7fcca9af2700 1 --2- 172.21.15.129:0/390851931 >> [v2:172.21.15.129:6800/2866184010,v1:172.21.15.129:6801/2866184010] conn(0x7fcc90038e60 0x7fcc9003b320 unknown :-1 s=BANNER_CONNECTING pgs=0 cs=0 l=1 rev1=0 crypto rx=0 tx=0 comp rx=0 tx=0)._handle_peer_banner_payload supported=3 required=0
2024-03-11T20:46:32.989 INFO:teuthology.orchestra.run.smithi129.stdout:/usr/bin/ceph: stderr
2024-03-11T20:46:32.018+0000 7fccac557700 1 -- 172.21.15.129:0/390851931 --> [v2:172.21.15.129:3300/0,v1:172.21.15.129:6789/0] -- mon_command({"prefix": "get_command_descriptions"} v 0) v1 -- 0x7fcca4063410 con 0x7fcca41066a0
2024-03-11T20:46:32.989 INFO:teuthology.orchestra.run.smithi129.stdout:/usr/bin/ceph: stderr
2024-03-11T20:46:32.019+0000 7fcca9af2700 1 --2- 172.21.15.129:0/390851931 >> [v2:172.21.15.129:6800/2866184010,v1:172.21.15.129:6801/2866184010] conn(0x7fcc90038e60 0x7fcc9003b320 secure :-1 s=READY pgs=7 cs=0 l=1 rev1=1 crypto rx=0x7fcc94006fd0 tx=0x7fcc94006e40 comp rx=0 tx=0).ready entity=mgr.14152 client_cookie=0 server_cookie=0 in_seq=0 out_seq=0
2024-03-11T20:46:32.990 INFO:teuthology.orchestra.run.smithi129.stdout:/usr/bin/ceph: stderr
2024-03-11T20:46:32.023+0000 7fcc9b7fe700 1 -- 172.21.15.129:0/390851931 <== mon.0 v2:172.21.15.129:3300/0 6 ==== mon_command_ack([{"prefix": "get_command_descriptions"}]=0 v0) v1 ==== 72+0+184781 (secure 0 0 0) 0x7fcca002c8c0 con 0x7fcca41066a0
2024-03-11T20:46:32.990 INFO:teuthology.orchestra.run.smithi129.stdout:/usr/bin/ceph: stderr
2024-03-11T20:46:32.191+0000 7fcc9b7fe700 1 -- 172.21.15.129:0/390851931 <== mon.0 v2:172.21.15.129:3300/0 7 ==== mgrmap(e 12) v1 ==== 46119+0+0 (secure 0 0 0) 0x7fcca002c3a0 con 0x7fcca41066a0
2024-03-11T20:46:32.990 INFO:teuthology.orchestra.run.smithi129.stdout:/usr/bin/ceph: stderr
2024-03-11T20:46:32.228+0000 7fccac557700 1 -- 172.21.15.129:0/390851931 --> [v2:172.21.15.129:6800/2866184010,v1:172.21.15.129:6801/2866184010] -- mgr_command(tid 0: {"prefix": "dashboard create-self-signed-cert", "target": ["mon-mgr", ""]}) v1 -- 0x7fcca41012b0 con 0x7fcc90038e60
2024-03-11T20:46:32.990 INFO:teuthology.orchestra.run.smithi129.stdout:/usr/bin/ceph: stderr
2024-03-11T20:46:32.371+0000 7fcc9b7fe700 1 -- 172.21.15.129:0/390851931 <== mgr.14152 v2:172.21.15.129:6800/2866184010 1 ==== mgr_command_reply(tid 0: 0 ) v1 ==== 8+0+32 (secure 0 0 0) 0x7fcca41012b0 con 0x7fcc90038e60
2024-03-11T20:46:32.990 INFO:teuthology.orchestra.run.smithi129.stdout:/usr/bin/ceph: stderr
2024-03-11T20:46:32.373+0000 7fccac557700 1 -- 172.21.15.129:0/390851931 >> [v2:172.21.15.129:6800/2866184010,v1:172.21.15.129:6801/2866184010] conn(0x7fcc90038e60 msgr2=0x7fcc9003b320 secure :-1 s=STATE_CONNECTION_ESTABLISHED l=1).mark_down
2024-03-11T20:46:32.990 INFO:teuthology.orchestra.run.smithi129.stdout:/usr/bin/ceph: stderr
2024-03-11T20:46:32.373+0000 7fccac557700 1 --2- 172.21.15.129:0/390851931 >> [v2:172.21.15.129:6800/2866184010,v1:172.21.15.129:6801/2866184010] conn(0x7fcc90038e60 0x7fcc9003b320 secure :-1 s=READY pgs=7 cs=0 l=1 rev1=1 crypto rx=0x7fcc94006fd0 tx=0x7fcc94006e40 comp rx=0 tx=0).stop
2024-03-11T20:46:32.990 INFO:teuthology.orchestra.run.smithi129.stdout:/usr/bin/ceph: stderr
2024-03-11T20:46:32.373+0000 7fccac557700 1 -- 172.21.15.129:0/390851931 >> [v2:172.21.15.129:3300/0,v1:172.21.15.129:6789/0] conn(0x7fcca41066a0 msgr2=0x7fcca41999a0 secure :-1 s=STATE_CONNECTION_ESTABLISHED l=1).mark_down
2024-03-11T20:46:32.990 INFO:teuthology.orchestra.run.smithi129.stdout:/usr/bin/ceph: stderr
2024-03-11T20:46:32.373+0000 7fccac557700 1 --2- 172.21.15.129:0/390851931 >> [v2:172.21.15.129:3300/0,v1:172.21.15.129:6789/0] conn(0x7fcca41066a0 0x7fcca41999a0 secure :-1 s=READY pgs=71 cs=0 l=1 rev1=1 crypto rx=0x7fcca0011970 tx=0x7fcca0011a50 comp rx=0 tx=0).stop
2024-03-11T20:46:32.990 INFO:teuthology.orchestra.run.smithi129.stdout:/usr/bin/ceph: stderr
2024-03-11T20:46:32.373+0000 7fccac557700 1 -- 172.21.15.129:0/390851931 shutdown_connections
2024-03-11T20:46:32.990 INFO:teuthology.orchestra.run.smithi129.stdout:/usr/bin/ceph: stderr
2024-03-11T20:46:32.373+0000 7fccac557700 1 --2- 172.21.15.129:0/390851931 >> [v2:172.21.15.129:6800/2866184010,v1:172.21.15.129:6801/2866184010] conn(0x7fcc90038e60 0x7fcc9003b320 unknown :-1 s=CLOSED pgs=7 cs=0 l=1 rev1=1 crypto rx=0 tx=0 comp rx=0 tx=0).stop
2024-03-11T20:46:32.990 INFO:teuthology.orchestra.run.smithi129.stdout:/usr/bin/ceph: stderr
2024-03-11T20:46:32.373+0000 7fccac557700 1 --2- 172.21.15.129:0/390851931 >> [v2:172.21.15.129:3300/0,v1:172.21.15.129:6789/0] conn(0x7fcca41066a0 0x7fcca41999a0 unknown :-1 s=CLOSED pgs=71 cs=0 l=1 rev1=1 crypto rx=0 tx=0 comp rx=0 tx=0).stop
2024-03-11T20:46:32.990 INFO:teuthology.orchestra.run.smithi129.stdout:/usr/bin/ceph: stderr
2024-03-11T20:46:32.373+0000 7fccac557700 1 -- 172.21.15.129:0/390851931 >> 172.21.15.129:0/390851931 conn(0x7fcca41000d0 msgr2=0x7fcca4100ba0 unknown :-1 s=STATE_NONE l=0).mark_down
2024-03-11T20:46:32.990 INFO:teuthology.orchestra.run.smithi129.stdout:/usr/bin/ceph: stderr
2024-03-11T20:46:32.373+0000 7fccac557700 1 -- 172.21.15.129:0/390851931 shutdown_connections
2024-03-11T20:46:32.991 INFO:teuthology.orchestra.run.smithi129.stdout:/usr/bin/ceph: stderr
2024-03-11T20:46:32.373+0000 7fccac557700 1 -- 172.21.15.129:0/390851931 wait complete.
2024-03-11T20:46:32.991 INFO:teuthology.orchestra.run.smithi129.stdout:Creating initial admin user...
2024-03-11T20:46:33.920 INFO:journalctl@ceph.mon.a.smithi129.stdout:Mar 11 20:46:33 smithi129 ceph-mon[30184]: from='client.14164 -' entity='client.admin' cmd=[{"prefix": "dashboard create-self-signed-cert", "target": ["mon-mgr", ""]}]: dispatch
2024-03-11T20:46:34.708 INFO:journalctl@ceph.mon.a.smithi129.stdout:Mar 11 20:46:34 smithi129 ceph-mon[30184]: from='client.14166 -' entity='client.admin' cmd=[{"prefix": "dashboard ac-user-create", "username": "admin", "rolename": "administrator", "force_password": true, "pwd_update_required": true, "target": ["mon-mgr", ""]}]: dispatch
2024-03-11T20:46:34.708 INFO:journalctl@ceph.mon.a.smithi129.stdout:Mar 11 20:46:34 smithi129 ceph-mon[30184]: from='mgr.14152 172.21.15.129:0/261413564' entity='mgr.y'
2024-03-11T20:46:34.715 INFO:teuthology.orchestra.run.smithi129.stdout:/usr/bin/ceph: stdout {"username": "admin", "password": "$2b$12$SNIh8fMizvNgay3x/.b7uuKnAz7a6SxH8HIguvXrjgFbIFPhXdh.S", "roles": ["administrator"], "name": null, "email": null, "lastUpdate": 1710189993, "enabled": true, "pwdExpirationDate": null, "pwdUpdateRequired": true}
2024-03-11T20:46:34.715 INFO:teuthology.orchestra.run.smithi129.stdout:/usr/bin/ceph: stderr
2024-03-11T20:46:33.463+0000 7f07d4aa0700 1 Processor -- start
2024-03-11T20:46:34.715 INFO:teuthology.orchestra.run.smithi129.stdout:/usr/bin/ceph: stderr
2024-03-11T20:46:33.463+0000 7f07d4aa0700 1 -- start start
2024-03-11T20:46:34.716 INFO:teuthology.orchestra.run.smithi129.stdout:/usr/bin/ceph: stderr
2024-03-11T20:46:33.463+0000 7f07d4aa0700 1 --2- >> [v2:172.21.15.129:3300/0,v1:172.21.15.129:6789/0] conn(0x7f07d0106700 0x7f07d0108af0 unknown :-1 s=NONE pgs=0 cs=0 l=0 rev1=0 crypto rx=0 tx=0 comp rx=0 tx=0).connect
2024-03-11T20:46:34.716 INFO:teuthology.orchestra.run.smithi129.stdout:/usr/bin/ceph: stderr
2024-03-11T20:46:33.463+0000 7f07d4aa0700 1 -- --> [v2:172.21.15.129:3300/0,v1:172.21.15.129:6789/0] -- mon_getmap magic: 0 v1 -- 0x7f07d00796d0 con 0x7f07d0106700
2024-03-11T20:46:34.716 INFO:teuthology.orchestra.run.smithi129.stdout:/usr/bin/ceph: stderr
2024-03-11T20:46:33.464+0000 7f07ce59c700 1 --2- >> [v2:172.21.15.129:3300/0,v1:172.21.15.129:6789/0] conn(0x7f07d0106700 0x7f07d0108af0 unknown :-1 s=BANNER_CONNECTING pgs=0 cs=0 l=0 rev1=0 crypto rx=0 tx=0 comp rx=0 tx=0)._handle_peer_banner_payload supported=3 required=0
2024-03-11T20:46:34.716 INFO:teuthology.orchestra.run.smithi129.stdout:/usr/bin/ceph: stderr
2024-03-11T20:46:33.464+0000 7f07ce59c700 1 --2- >> [v2:172.21.15.129:3300/0,v1:172.21.15.129:6789/0] conn(0x7f07d0106700 0x7f07d0108af0 unknown :-1 s=HELLO_CONNECTING pgs=0 cs=0 l=0 rev1=1 crypto rx=0 tx=0 comp rx=0 tx=0).handle_hello peer v2:172.21.15.129:3300/0 says I am v2:172.21.15.129:57670/0 (socket says 172.21.15.129:57670)
2024-03-11T20:46:34.716 INFO:teuthology.orchestra.run.smithi129.stdout:/usr/bin/ceph: stderr
2024-03-11T20:46:33.464+0000 7f07ce59c700 1 -- 172.21.15.129:0/880055035 learned_addr learned my addr 172.21.15.129:0/880055035 (peer_addr_for_me v2:172.21.15.129:0/0)
2024-03-11T20:46:34.716 INFO:teuthology.orchestra.run.smithi129.stdout:/usr/bin/ceph: stderr
2024-03-11T20:46:33.464+0000 7f07ce59c700 1 -- 172.21.15.129:0/880055035 --> [v2:172.21.15.129:3300/0,v1:172.21.15.129:6789/0] -- mon_subscribe({config=0+,monmap=0+}) v3 -- 0x7f07d0109030 con 0x7f07d0106700
2024-03-11T20:46:34.716 INFO:teuthology.orchestra.run.smithi129.stdout:/usr/bin/ceph: stderr
2024-03-11T20:46:33.464+0000 7f07ce59c700 1 --2- 172.21.15.129:0/880055035 >> [v2:172.21.15.129:3300/0,v1:172.21.15.129:6789/0] conn(0x7f07d0106700 0x7f07d0108af0 secure :-1 s=READY pgs=72 cs=0 l=1 rev1=1 crypto rx=0x7f07c00098a0 tx=0x7f07c0009bb0 comp rx=0 tx=0).ready entity=mon.0 client_cookie=f785fa351bc7425a server_cookie=0 in_seq=0 out_seq=0
2024-03-11T20:46:34.716 INFO:teuthology.orchestra.run.smithi129.stdout:/usr/bin/ceph: stderr
2024-03-11T20:46:33.464+0000 7f07cd59a700 1 -- 172.21.15.129:0/880055035 <== mon.0 v2:172.21.15.129:3300/0 1 ==== mon_map magic: 0 v1 ==== 205+0+0 (secure 0 0 0) 0x7f07c0004160 con 0x7f07d0106700
2024-03-11T20:46:34.716 INFO:teuthology.orchestra.run.smithi129.stdout:/usr/bin/ceph: stderr
2024-03-11T20:46:33.464+0000 7f07cd59a700 1 -- 172.21.15.129:0/880055035 <== mon.0 v2:172.21.15.129:3300/0 2 ==== config(24 keys) v1 ==== 1042+0+0 (secure 0 0 0) 0x7f07c0004300 con 0x7f07d0106700
2024-03-11T20:46:34.716 INFO:teuthology.orchestra.run.smithi129.stdout:/usr/bin/ceph: stderr
2024-03-11T20:46:33.464+0000 7f07cd59a700 1 -- 172.21.15.129:0/880055035 <== mon.0 v2:172.21.15.129:3300/0 3 ==== mon_map magic: 0 v1 ==== 205+0+0 (secure 0 0 0) 0x7f07c00118f0 con 0x7f07d0106700
2024-03-11T20:46:34.716 INFO:teuthology.orchestra.run.smithi129.stdout:/usr/bin/ceph: stderr
2024-03-11T20:46:33.465+0000 7f07d4aa0700 1 -- 172.21.15.129:0/880055035 >> [v2:172.21.15.129:3300/0,v1:172.21.15.129:6789/0] conn(0x7f07d0106700 msgr2=0x7f07d0108af0 secure :-1 s=STATE_CONNECTION_ESTABLISHED l=1).mark_down
2024-03-11T20:46:34.716 INFO:teuthology.orchestra.run.smithi129.stdout:/usr/bin/ceph: stderr
2024-03-11T20:46:33.465+0000 7f07d4aa0700 1 --2- 172.21.15.129:0/880055035 >> [v2:172.21.15.129:3300/0,v1:172.21.15.129:6789/0] conn(0x7f07d0106700 0x7f07d0108af0 secure :-1 s=READY pgs=72 cs=0 l=1 rev1=1 crypto rx=0x7f07c00098a0 tx=0x7f07c0009bb0 comp rx=0 tx=0).stop
2024-03-11T20:46:34.716 INFO:teuthology.orchestra.run.smithi129.stdout:/usr/bin/ceph: stderr
2024-03-11T20:46:33.465+0000 7f07d4aa0700 1 -- 172.21.15.129:0/880055035 shutdown_connections
2024-03-11T20:46:34.717 INFO:teuthology.orchestra.run.smithi129.stdout:/usr/bin/ceph: stderr
2024-03-11T20:46:33.465+0000 7f07d4aa0700 1 --2- 172.21.15.129:0/880055035 >> [v2:172.21.15.129:3300/0,v1:172.21.15.129:6789/0] conn(0x7f07d0106700 0x7f07d0108af0 unknown :-1 s=CLOSED pgs=72 cs=0 l=1 rev1=1 crypto rx=0 tx=0 comp rx=0 tx=0).stop
2024-03-11T20:46:34.717 INFO:teuthology.orchestra.run.smithi129.stdout:/usr/bin/ceph: stderr
2024-03-11T20:46:33.465+0000 7f07d4aa0700 1 -- 172.21.15.129:0/880055035 >> 172.21.15.129:0/880055035 conn(0x7f07d01000b0 msgr2=0x7f07d0102510 unknown :-1 s=STATE_NONE l=0).mark_down
2024-03-11T20:46:34.717 INFO:teuthology.orchestra.run.smithi129.stdout:/usr/bin/ceph: stderr
2024-03-11T20:46:33.466+0000 7f07d4aa0700 1 -- 172.21.15.129:0/880055035 shutdown_connections
2024-03-11T20:46:34.717 INFO:teuthology.orchestra.run.smithi129.stdout:/usr/bin/ceph: stderr
2024-03-11T20:46:33.466+0000 7f07d4aa0700 1 -- 172.21.15.129:0/880055035 wait complete.
2024-03-11T20:46:34.717 INFO:teuthology.orchestra.run.smithi129.stdout:/usr/bin/ceph: stderr
2024-03-11T20:46:33.466+0000 7f07d4aa0700 1 Processor -- start
2024-03-11T20:46:34.717 INFO:teuthology.orchestra.run.smithi129.stdout:/usr/bin/ceph: stderr
2024-03-11T20:46:33.466+0000 7f07d4aa0700 1 -- start start
2024-03-11T20:46:34.717 INFO:teuthology.orchestra.run.smithi129.stdout:/usr/bin/ceph: stderr
2024-03-11T20:46:33.467+0000 7f07d4aa0700 1 --2- >> [v2:172.21.15.129:3300/0,v1:172.21.15.129:6789/0] conn(0x7f07d0106700 0x7f07d0199940 unknown :-1 s=NONE pgs=0 cs=0 l=1 rev1=0 crypto rx=0 tx=0 comp rx=0 tx=0).connect
2024-03-11T20:46:34.717 INFO:teuthology.orchestra.run.smithi129.stdout:/usr/bin/ceph: stderr
2024-03-11T20:46:33.467+0000 7f07d4aa0700 1 -- --> [v2:172.21.15.129:3300/0,v1:172.21.15.129:6789/0] -- mon_getmap magic: 0 v1 -- 0x7f07d0109f20 con 0x7f07d0106700
2024-03-11T20:46:34.717 INFO:teuthology.orchestra.run.smithi129.stdout:/usr/bin/ceph: stderr
2024-03-11T20:46:33.467+0000 7f07ce59c700 1 --2- >> [v2:172.21.15.129:3300/0,v1:172.21.15.129:6789/0] conn(0x7f07d0106700 0x7f07d0199940 unknown :-1 s=BANNER_CONNECTING pgs=0 cs=0 l=1 rev1=0 crypto rx=0 tx=0 comp rx=0 tx=0)._handle_peer_banner_payload supported=3 required=0
2024-03-11T20:46:34.717 INFO:teuthology.orchestra.run.smithi129.stdout:/usr/bin/ceph: stderr
2024-03-11T20:46:33.467+0000 7f07ce59c700 1 --2- >> [v2:172.21.15.129:3300/0,v1:172.21.15.129:6789/0] conn(0x7f07d0106700 0x7f07d0199940 unknown :-1 s=HELLO_CONNECTING pgs=0 cs=0 l=1 rev1=1 crypto rx=0 tx=0 comp rx=0 tx=0).handle_hello peer v2:172.21.15.129:3300/0 says I am v2:172.21.15.129:57674/0 (socket says 172.21.15.129:57674)
2024-03-11T20:46:34.717 INFO:teuthology.orchestra.run.smithi129.stdout:/usr/bin/ceph: stderr
2024-03-11T20:46:33.467+0000 7f07ce59c700 1 -- 172.21.15.129:0/1630639313 learned_addr learned my addr 172.21.15.129:0/1630639313 (peer_addr_for_me v2:172.21.15.129:0/0)
2024-03-11T20:46:34.717 INFO:teuthology.orchestra.run.smithi129.stdout:/usr/bin/ceph: stderr
2024-03-11T20:46:33.467+0000 7f07ce59c700 1 -- 172.21.15.129:0/1630639313 --> [v2:172.21.15.129:3300/0,v1:172.21.15.129:6789/0] -- mon_subscribe({config=0+,monmap=0+}) v3 -- 0x7f07d0199e80 con 0x7f07d0106700
2024-03-11T20:46:34.717 INFO:teuthology.orchestra.run.smithi129.stdout:/usr/bin/ceph: stderr
2024-03-11T20:46:33.467+0000 7f07ce59c700 1 --2- 172.21.15.129:0/1630639313 >> [v2:172.21.15.129:3300/0,v1:172.21.15.129:6789/0] conn(0x7f07d0106700 0x7f07d0199940 secure :-1 s=READY pgs=73 cs=0 l=1 rev1=1 crypto rx=0x7f07c0003f60 tx=0x7f07c0011ef0 comp rx=0 tx=0).ready entity=mon.0 client_cookie=0 server_cookie=0 in_seq=0 out_seq=0
2024-03-11T20:46:34.717 INFO:teuthology.orchestra.run.smithi129.stdout:/usr/bin/ceph: stderr
2024-03-11T20:46:33.467+0000 7f07bf7fe700 1 -- 172.21.15.129:0/1630639313 <== mon.0 v2:172.21.15.129:3300/0 1 ==== mon_map magic: 0 v1 ==== 205+0+0 (secure 0 0 0) 0x7f07c00038b0 con 0x7f07d0106700
2024-03-11T20:46:34.718 INFO:teuthology.orchestra.run.smithi129.stdout:/usr/bin/ceph: stderr
2024-03-11T20:46:33.468+0000 7f07d4aa0700 1 -- 172.21.15.129:0/1630639313 --> [v2:172.21.15.129:3300/0,v1:172.21.15.129:6789/0] -- mon_subscribe({mgrmap=0+}) v3 -- 0x7f07d019a110 con 0x7f07d0106700
2024-03-11T20:46:34.718 INFO:teuthology.orchestra.run.smithi129.stdout:/usr/bin/ceph: stderr
2024-03-11T20:46:33.468+0000 7f07bf7fe700 1 -- 172.21.15.129:0/1630639313 <== mon.0 v2:172.21.15.129:3300/0 2 ==== config(24 keys) v1 ==== 1042+0+0 (secure 0 0 0) 0x7f07c0003a50 con 0x7f07d0106700
2024-03-11T20:46:34.718 INFO:teuthology.orchestra.run.smithi129.stdout:/usr/bin/ceph: stderr
2024-03-11T20:46:33.468+0000 7f07bf7fe700 1 -- 172.21.15.129:0/1630639313 <== mon.0 v2:172.21.15.129:3300/0 3 ==== mon_map magic: 0 v1 ==== 205+0+0 (secure 0 0 0) 0x7f07c0024540 con 0x7f07d0106700
2024-03-11T20:46:34.718 INFO:teuthology.orchestra.run.smithi129.stdout:/usr/bin/ceph: stderr
2024-03-11T20:46:33.468+0000 7f07d4aa0700 1 -- 172.21.15.129:0/1630639313 --> [v2:172.21.15.129:3300/0,v1:172.21.15.129:6789/0] -- mon_subscribe({osdmap=0}) v3 -- 0x7f07d019a530 con 0x7f07d0106700
2024-03-11T20:46:34.718 INFO:teuthology.orchestra.run.smithi129.stdout:/usr/bin/ceph: stderr
2024-03-11T20:46:33.469+0000 7f07bf7fe700 1 -- 172.21.15.129:0/1630639313 <== mon.0 v2:172.21.15.129:3300/0 4 ==== mgrmap(e 12) v1 ==== 46119+0+0 (secure 0 0 0) 0x7f07c0022020 con 0x7f07d0106700
2024-03-11T20:46:34.718 INFO:teuthology.orchestra.run.smithi129.stdout:/usr/bin/ceph: stderr
2024-03-11T20:46:33.469+0000 7f07d4aa0700 1 -- 172.21.15.129:0/1630639313 --> [v2:172.21.15.129:3300/0,v1:172.21.15.129:6789/0] -- mon_command({"prefix": "get_command_descriptions"} v 0) v1 -- 0x7f07d0063410 con 0x7f07d0106700
2024-03-11T20:46:34.718 INFO:teuthology.orchestra.run.smithi129.stdout:/usr/bin/ceph: stderr
2024-03-11T20:46:33.469+0000 7f07bf7fe700 1 --2- 172.21.15.129:0/1630639313 >> [v2:172.21.15.129:6800/2866184010,v1:172.21.15.129:6801/2866184010] conn(0x7f07b8038f70 0x7f07b803b430 unknown :-1 s=NONE pgs=0 cs=0 l=1 rev1=0 crypto rx=0 tx=0 comp rx=0 tx=0).connect
2024-03-11T20:46:34.718 INFO:teuthology.orchestra.run.smithi129.stdout:/usr/bin/ceph: stderr
2024-03-11T20:46:33.469+0000 7f07bf7fe700 1 -- 172.21.15.129:0/1630639313 <== mon.0 v2:172.21.15.129:3300/0 5 ==== osd_map(3..3 src has 1..3) v4 ==== 1155+0+0 (secure 0 0 0) 0x7f07c004cfd0 con 0x7f07d0106700
2024-03-11T20:46:34.718 INFO:teuthology.orchestra.run.smithi129.stdout:/usr/bin/ceph: stderr
2024-03-11T20:46:33.469+0000 7f07cdd9b700 1 --2- 172.21.15.129:0/1630639313 >> [v2:172.21.15.129:6800/2866184010,v1:172.21.15.129:6801/2866184010] conn(0x7f07b8038f70 0x7f07b803b430 unknown :-1 s=BANNER_CONNECTING pgs=0 cs=0 l=1 rev1=0 crypto rx=0 tx=0 comp rx=0 tx=0)._handle_peer_banner_payload supported=3 required=0
2024-03-11T20:46:34.718 INFO:teuthology.orchestra.run.smithi129.stdout:/usr/bin/ceph: stderr
2024-03-11T20:46:33.469+0000 7f07cdd9b700 1 --2- 172.21.15.129:0/1630639313 >> [v2:172.21.15.129:6800/2866184010,v1:172.21.15.129:6801/2866184010] conn(0x7f07b8038f70 0x7f07b803b430 secure :-1 s=READY pgs=8 cs=0 l=1 rev1=1 crypto rx=0x7f07c4006fd0 tx=0x7f07c4006e40 comp rx=0 tx=0).ready entity=mgr.14152 client_cookie=0 server_cookie=0 in_seq=0 out_seq=0
2024-03-11T20:46:34.718 INFO:teuthology.orchestra.run.smithi129.stdout:/usr/bin/ceph: stderr
2024-03-11T20:46:33.475+0000 7f07bf7fe700 1 -- 172.21.15.129:0/1630639313 <== mon.0 v2:172.21.15.129:3300/0 6 ==== mon_command_ack([{"prefix": "get_command_descriptions"}]=0 v0) v1 ==== 72+0+184781 (secure 0 0 0) 0x7f07c0017ca0 con 0x7f07d0106700
2024-03-11T20:46:34.718 INFO:teuthology.orchestra.run.smithi129.stdout:/usr/bin/ceph: stderr
2024-03-11T20:46:33.698+0000 7f07d4aa0700 1 -- 172.21.15.129:0/1630639313 --> [v2:172.21.15.129:6800/2866184010,v1:172.21.15.129:6801/2866184010] -- mgr_command(tid 0: {"prefix": "dashboard ac-user-create", "username": "admin", "rolename": "administrator", "force_password": true, "pwd_update_required": true, "target": ["mon-mgr", ""]}) v1 -- 0x7f07d019cf20 con 0x7f07b8038f70
2024-03-11T20:46:34.718 INFO:teuthology.orchestra.run.smithi129.stdout:/usr/bin/ceph: stderr
2024-03-11T20:46:33.925+0000 7f07bf7fe700 1 -- 172.21.15.129:0/1630639313 <== mgr.14152 v2:172.21.15.129:6800/2866184010 1 ==== mgr_command_reply(tid 0: 0 ) v1 ==== 8+0+252 (secure 0 0 0) 0x7f07d019cf20 con 0x7f07b8038f70
2024-03-11T20:46:34.719 INFO:teuthology.orchestra.run.smithi129.stdout:/usr/bin/ceph: stderr
2024-03-11T20:46:33.928+0000 7f07d4aa0700 1 -- 172.21.15.129:0/1630639313 >> [v2:172.21.15.129:6800/2866184010,v1:172.21.15.129:6801/2866184010] conn(0x7f07b8038f70 msgr2=0x7f07b803b430 secure :-1 s=STATE_CONNECTION_ESTABLISHED l=1).mark_down
2024-03-11T20:46:34.719 INFO:teuthology.orchestra.run.smithi129.stdout:/usr/bin/ceph: stderr
2024-03-11T20:46:33.928+0000 7f07d4aa0700 1 --2- 172.21.15.129:0/1630639313 >> [v2:172.21.15.129:6800/2866184010,v1:172.21.15.129:6801/2866184010] conn(0x7f07b8038f70 0x7f07b803b430 secure :-1 s=READY pgs=8 cs=0 l=1 rev1=1 crypto rx=0x7f07c4006fd0 tx=0x7f07c4006e40 comp rx=0 tx=0).stop
2024-03-11T20:46:34.719 INFO:teuthology.orchestra.run.smithi129.stdout:/usr/bin/ceph: stderr
2024-03-11T20:46:33.928+0000 7f07d4aa0700 1 -- 172.21.15.129:0/1630639313 >> [v2:172.21.15.129:3300/0,v1:172.21.15.129:6789/0] conn(0x7f07d0106700 msgr2=0x7f07d0199940 secure :-1 s=STATE_CONNECTION_ESTABLISHED l=1).mark_down
2024-03-11T20:46:34.719 INFO:teuthology.orchestra.run.smithi129.stdout:/usr/bin/ceph: stderr
2024-03-11T20:46:33.928+0000 7f07d4aa0700 1 --2- 172.21.15.129:0/1630639313 >> [v2:172.21.15.129:3300/0,v1:172.21.15.129:6789/0] conn(0x7f07d0106700 0x7f07d0199940 secure :-1 s=READY pgs=73 cs=0 l=1 rev1=1 crypto rx=0x7f07c0003f60 tx=0x7f07c0011ef0 comp rx=0 tx=0).stop
2024-03-11T20:46:34.719 INFO:teuthology.orchestra.run.smithi129.stdout:/usr/bin/ceph: stderr
2024-03-11T20:46:33.928+0000 7f07d4aa0700 1 -- 172.21.15.129:0/1630639313 shutdown_connections
2024-03-11T20:46:34.719 INFO:teuthology.orchestra.run.smithi129.stdout:/usr/bin/ceph: stderr
2024-03-11T20:46:33.928+0000 7f07d4aa0700 1 --2- 172.21.15.129:0/1630639313 >> [v2:172.21.15.129:6800/2866184010,v1:172.21.15.129:6801/2866184010] conn(0x7f07b8038f70 0x7f07b803b430 unknown :-1 s=CLOSED pgs=8 cs=0 l=1 rev1=1 crypto rx=0 tx=0 comp rx=0 tx=0).stop
2024-03-11T20:46:34.719 INFO:teuthology.orchestra.run.smithi129.stdout:/usr/bin/ceph: stderr
2024-03-11T20:46:33.928+0000 7f07d4aa0700 1 --2- 172.21.15.129:0/1630639313 >> [v2:172.21.15.129:3300/0,v1:172.21.15.129:6789/0] conn(0x7f07d0106700 0x7f07d0199940 unknown :-1 s=CLOSED pgs=73 cs=0 l=1 rev1=1 crypto rx=0 tx=0 comp rx=0 tx=0).stop
2024-03-11T20:46:34.719 INFO:teuthology.orchestra.run.smithi129.stdout:/usr/bin/ceph: stderr
2024-03-11T20:46:33.928+0000 7f07d4aa0700 1 -- 172.21.15.129:0/1630639313 >> 172.21.15.129:0/1630639313 conn(0x7f07d01000b0 msgr2=0x7f07d0100bc0 unknown :-1 s=STATE_NONE l=0).mark_down
2024-03-11T20:46:34.719 INFO:teuthology.orchestra.run.smithi129.stdout:/usr/bin/ceph: stderr
2024-03-11T20:46:33.928+0000 7f07d4aa0700 1 -- 172.21.15.129:0/1630639313 shutdown_connections
2024-03-11T20:46:34.719 INFO:teuthology.orchestra.run.smithi129.stdout:/usr/bin/ceph: stderr
2024-03-11T20:46:33.928+0000 7f07d4aa0700 1 -- 172.21.15.129:0/1630639313 wait complete.
2024-03-11T20:46:34.719 INFO:teuthology.orchestra.run.smithi129.stdout:Fetching dashboard port number...
2024-03-11T20:46:36.608 INFO:teuthology.orchestra.run.smithi129.stdout:/usr/bin/ceph: stdout 8443
2024-03-11T20:46:36.608 INFO:teuthology.orchestra.run.smithi129.stdout:/usr/bin/ceph: stderr
2024-03-11T20:46:35.632+0000 7f2b1d8a7700 1 Processor -- start
2024-03-11T20:46:36.608 INFO:teuthology.orchestra.run.smithi129.stdout:/usr/bin/ceph: stderr
2024-03-11T20:46:35.632+0000 7f2b1d8a7700 1 -- start start
2024-03-11T20:46:36.608 INFO:teuthology.orchestra.run.smithi129.stdout:/usr/bin/ceph: stderr
2024-03-11T20:46:35.632+0000 7f2b1d8a7700 1 --2- >> [v2:172.21.15.129:3300/0,v1:172.21.15.129:6789/0] conn(0x7f2b18105c70 0x7f2b18106090 unknown :-1 s=NONE pgs=0 cs=0 l=0 rev1=0 crypto rx=0 tx=0 comp rx=0 tx=0).connect
2024-03-11T20:46:36.608 INFO:teuthology.orchestra.run.smithi129.stdout:/usr/bin/ceph: stderr
2024-03-11T20:46:35.632+0000 7f2b1d8a7700 1 -- --> [v2:172.21.15.129:3300/0,v1:172.21.15.129:6789/0] -- mon_getmap magic: 0 v1 -- 0x7f2b18106660 con 0x7f2b18105c70
2024-03-11T20:46:36.608 INFO:teuthology.orchestra.run.smithi129.stdout:/usr/bin/ceph: stderr
2024-03-11T20:46:35.632+0000 7f2b16ffd700 1 --2- >> [v2:172.21.15.129:3300/0,v1:172.21.15.129:6789/0] conn(0x7f2b18105c70 0x7f2b18106090 unknown :-1 s=BANNER_CONNECTING pgs=0 cs=0 l=0 rev1=0 crypto rx=0 tx=0 comp rx=0 tx=0)._handle_peer_banner_payload supported=3 required=0
2024-03-11T20:46:36.608 INFO:teuthology.orchestra.run.smithi129.stdout:/usr/bin/ceph: stderr
2024-03-11T20:46:35.632+0000 7f2b16ffd700 1 --2- >> [v2:172.21.15.129:3300/0,v1:172.21.15.129:6789/0] conn(0x7f2b18105c70 0x7f2b18106090 unknown :-1 s=HELLO_CONNECTING pgs=0 cs=0 l=0 rev1=1 crypto rx=0 tx=0 comp rx=0 tx=0).handle_hello peer v2:172.21.15.129:3300/0 says I am v2:172.21.15.129:47554/0 (socket says 172.21.15.129:47554)
2024-03-11T20:46:36.608 INFO:teuthology.orchestra.run.smithi129.stdout:/usr/bin/ceph: stderr
2024-03-11T20:46:35.632+0000 7f2b16ffd700 1 -- 172.21.15.129:0/3655722057 learned_addr learned my addr 172.21.15.129:0/3655722057 (peer_addr_for_me v2:172.21.15.129:0/0)
2024-03-11T20:46:36.608 INFO:teuthology.orchestra.run.smithi129.stdout:/usr/bin/ceph: stderr
