2024-03-11T20:46:35.632+0000 7f2b16ffd700 1 -- 172.21.15.129:0/3655722057 --> [v2:172.21.15.129:3300/0,v1:172.21.15.129:6789/0] -- mon_subscribe({config=0+,monmap=0+}) v3 -- 0x7f2b18106e70 con 0x7f2b18105c70
2024-03-11T20:46:36.608 INFO:teuthology.orchestra.run.smithi129.stdout:/usr/bin/ceph: stderr
2024-03-11T20:46:35.632+0000 7f2b16ffd700 1 --2- 172.21.15.129:0/3655722057 >> [v2:172.21.15.129:3300/0,v1:172.21.15.129:6789/0] conn(0x7f2b18105c70 0x7f2b18106090 secure :-1 s=READY pgs=74 cs=0 l=1 rev1=1 crypto rx=0x7f2b080098a0 tx=0x7f2b08009bb0 comp rx=0 tx=0).ready entity=mon.0 client_cookie=2996e326bbdb0a96 server_cookie=0 in_seq=0 out_seq=0
2024-03-11T20:46:36.608 INFO:teuthology.orchestra.run.smithi129.stdout:/usr/bin/ceph: stderr
2024-03-11T20:46:35.633+0000 7f2b15ffb700 1 -- 172.21.15.129:0/3655722057 <== mon.0 v2:172.21.15.129:3300/0 1 ==== mon_map magic: 0 v1 ==== 205+0+0 (secure 0 0 0) 0x7f2b08004160 con 0x7f2b18105c70
2024-03-11T20:46:36.608 INFO:teuthology.orchestra.run.smithi129.stdout:/usr/bin/ceph: stderr
2024-03-11T20:46:35.633+0000 7f2b15ffb700 1 -- 172.21.15.129:0/3655722057 <== mon.0 v2:172.21.15.129:3300/0 2 ==== config(24 keys) v1 ==== 1042+0+0 (secure 0 0 0) 0x7f2b08004300 con 0x7f2b18105c70
2024-03-11T20:46:36.609 INFO:teuthology.orchestra.run.smithi129.stdout:/usr/bin/ceph: stderr
2024-03-11T20:46:35.633+0000 7f2b15ffb700 1 -- 172.21.15.129:0/3655722057 <== mon.0 v2:172.21.15.129:3300/0 3 ==== mon_map magic: 0 v1 ==== 205+0+0 (secure 0 0 0) 0x7f2b080118f0 con 0x7f2b18105c70
2024-03-11T20:46:36.609 INFO:teuthology.orchestra.run.smithi129.stdout:/usr/bin/ceph: stderr
2024-03-11T20:46:35.633+0000 7f2b1d8a7700 1 -- 172.21.15.129:0/3655722057 >> [v2:172.21.15.129:3300/0,v1:172.21.15.129:6789/0] conn(0x7f2b18105c70 msgr2=0x7f2b18106090 secure :-1 s=STATE_CONNECTION_ESTABLISHED l=1).mark_down
2024-03-11T20:46:36.609 INFO:teuthology.orchestra.run.smithi129.stdout:/usr/bin/ceph: stderr
2024-03-11T20:46:35.633+0000 7f2b1d8a7700 1 --2- 172.21.15.129:0/3655722057 >> [v2:172.21.15.129:3300/0,v1:172.21.15.129:6789/0] conn(0x7f2b18105c70 0x7f2b18106090 secure :-1 s=READY pgs=74 cs=0 l=1 rev1=1 crypto rx=0x7f2b080098a0 tx=0x7f2b08009bb0 comp rx=0 tx=0).stop
2024-03-11T20:46:36.609 INFO:teuthology.orchestra.run.smithi129.stdout:/usr/bin/ceph: stderr
2024-03-11T20:46:35.633+0000 7f2b1d8a7700 1 -- 172.21.15.129:0/3655722057 shutdown_connections
2024-03-11T20:46:36.609 INFO:teuthology.orchestra.run.smithi129.stdout:/usr/bin/ceph: stderr
2024-03-11T20:46:35.633+0000 7f2b1d8a7700 1 --2- 172.21.15.129:0/3655722057 >> [v2:172.21.15.129:3300/0,v1:172.21.15.129:6789/0] conn(0x7f2b18105c70 0x7f2b18106090 unknown :-1 s=CLOSED pgs=74 cs=0 l=1 rev1=1 crypto rx=0 tx=0 comp rx=0 tx=0).stop
2024-03-11T20:46:36.609 INFO:teuthology.orchestra.run.smithi129.stdout:/usr/bin/ceph: stderr
2024-03-11T20:46:35.633+0000 7f2b1d8a7700 1 -- 172.21.15.129:0/3655722057 >> 172.21.15.129:0/3655722057 conn(0x7f2b18101250 msgr2=0x7f2b18103670 unknown :-1 s=STATE_NONE l=0).mark_down
2024-03-11T20:46:36.609 INFO:teuthology.orchestra.run.smithi129.stdout:/usr/bin/ceph: stderr
2024-03-11T20:46:35.633+0000 7f2b1d8a7700 1 -- 172.21.15.129:0/3655722057 shutdown_connections
2024-03-11T20:46:36.609 INFO:teuthology.orchestra.run.smithi129.stdout:/usr/bin/ceph: stderr
2024-03-11T20:46:35.633+0000 7f2b1d8a7700 1 -- 172.21.15.129:0/3655722057 wait complete.
2024-03-11T20:46:36.609 INFO:teuthology.orchestra.run.smithi129.stdout:/usr/bin/ceph: stderr
2024-03-11T20:46:35.634+0000 7f2b1d8a7700 1 Processor -- start
2024-03-11T20:46:36.609 INFO:teuthology.orchestra.run.smithi129.stdout:/usr/bin/ceph: stderr
2024-03-11T20:46:35.634+0000 7f2b1d8a7700 1 -- start start
2024-03-11T20:46:36.609 INFO:teuthology.orchestra.run.smithi129.stdout:/usr/bin/ceph: stderr
2024-03-11T20:46:35.634+0000 7f2b1d8a7700 1 --2- >> [v2:172.21.15.129:3300/0,v1:172.21.15.129:6789/0] conn(0x7f2b18105c70 0x7f2b181999c0 unknown :-1 s=NONE pgs=0 cs=0 l=1 rev1=0 crypto rx=0 tx=0 comp rx=0 tx=0).connect
2024-03-11T20:46:36.609 INFO:teuthology.orchestra.run.smithi129.stdout:/usr/bin/ceph: stderr
2024-03-11T20:46:35.634+0000 7f2b1d8a7700 1 -- --> [v2:172.21.15.129:3300/0,v1:172.21.15.129:6789/0] -- mon_getmap magic: 0 v1 -- 0x7f2b1810a0a0 con 0x7f2b18105c70
2024-03-11T20:46:36.609 INFO:teuthology.orchestra.run.smithi129.stdout:/usr/bin/ceph: stderr
2024-03-11T20:46:35.634+0000 7f2b16ffd700 1 --2- >> [v2:172.21.15.129:3300/0,v1:172.21.15.129:6789/0] conn(0x7f2b18105c70 0x7f2b181999c0 unknown :-1 s=BANNER_CONNECTING pgs=0 cs=0 l=1 rev1=0 crypto rx=0 tx=0 comp rx=0 tx=0)._handle_peer_banner_payload supported=3 required=0
2024-03-11T20:46:36.609 INFO:teuthology.orchestra.run.smithi129.stdout:/usr/bin/ceph: stderr
2024-03-11T20:46:35.634+0000 7f2b16ffd700 1 --2- >> [v2:172.21.15.129:3300/0,v1:172.21.15.129:6789/0] conn(0x7f2b18105c70 0x7f2b181999c0 unknown :-1 s=HELLO_CONNECTING pgs=0 cs=0 l=1 rev1=1 crypto rx=0 tx=0 comp rx=0 tx=0).handle_hello peer v2:172.21.15.129:3300/0 says I am v2:172.21.15.129:47564/0 (socket says 172.21.15.129:47564)
2024-03-11T20:46:36.610 INFO:teuthology.orchestra.run.smithi129.stdout:/usr/bin/ceph: stderr
2024-03-11T20:46:35.634+0000 7f2b16ffd700 1 -- 172.21.15.129:0/3581381585 learned_addr learned my addr 172.21.15.129:0/3581381585 (peer_addr_for_me v2:172.21.15.129:0/0)
2024-03-11T20:46:36.610 INFO:teuthology.orchestra.run.smithi129.stdout:/usr/bin/ceph: stderr
2024-03-11T20:46:35.635+0000 7f2b16ffd700 1 -- 172.21.15.129:0/3581381585 --> [v2:172.21.15.129:3300/0,v1:172.21.15.129:6789/0] -- mon_subscribe({config=0+,monmap=0+}) v3 -- 0x7f2b18199f00 con 0x7f2b18105c70
2024-03-11T20:46:36.610 INFO:teuthology.orchestra.run.smithi129.stdout:/usr/bin/ceph: stderr
2024-03-11T20:46:35.635+0000 7f2b16ffd700 1 --2- 172.21.15.129:0/3581381585 >> [v2:172.21.15.129:3300/0,v1:172.21.15.129:6789/0] conn(0x7f2b18105c70 0x7f2b181999c0 secure :-1 s=READY pgs=75 cs=0 l=1 rev1=1 crypto rx=0x7f2b08003f60 tx=0x7f2b08011ef0 comp rx=0 tx=0).ready entity=mon.0 client_cookie=0 server_cookie=0 in_seq=0 out_seq=0
2024-03-11T20:46:36.610 INFO:teuthology.orchestra.run.smithi129.stdout:/usr/bin/ceph: stderr
2024-03-11T20:46:35.635+0000 7f2b1c8a5700 1 -- 172.21.15.129:0/3581381585 <== mon.0 v2:172.21.15.129:3300/0 1 ==== mon_map magic: 0 v1 ==== 205+0+0 (secure 0 0 0) 0x7f2b080038b0 con 0x7f2b18105c70
2024-03-11T20:46:36.610 INFO:teuthology.orchestra.run.smithi129.stdout:/usr/bin/ceph: stderr
2024-03-11T20:46:35.635+0000 7f2b1c8a5700 1 -- 172.21.15.129:0/3581381585 <== mon.0 v2:172.21.15.129:3300/0 2 ==== config(24 keys) v1 ==== 1042+0+0 (secure 0 0 0) 0x7f2b08003a50 con 0x7f2b18105c70
2024-03-11T20:46:36.610 INFO:teuthology.orchestra.run.smithi129.stdout:/usr/bin/ceph: stderr
2024-03-11T20:46:35.635+0000 7f2b1d8a7700 1 -- 172.21.15.129:0/3581381585 --> [v2:172.21.15.129:3300/0,v1:172.21.15.129:6789/0] -- mon_subscribe({mgrmap=0+}) v3 -- 0x7f2b1819a190 con 0x7f2b18105c70
2024-03-11T20:46:36.610 INFO:teuthology.orchestra.run.smithi129.stdout:/usr/bin/ceph: stderr
2024-03-11T20:46:35.635+0000 7f2b1c8a5700 1 -- 172.21.15.129:0/3581381585 <== mon.0 v2:172.21.15.129:3300/0 3 ==== mon_map magic: 0 v1 ==== 205+0+0 (secure 0 0 0) 0x7f2b08024410 con 0x7f2b18105c70
2024-03-11T20:46:36.610 INFO:teuthology.orchestra.run.smithi129.stdout:/usr/bin/ceph: stderr
2024-03-11T20:46:35.635+0000 7f2b1d8a7700 1 -- 172.21.15.129:0/3581381585 --> [v2:172.21.15.129:3300/0,v1:172.21.15.129:6789/0] -- mon_subscribe({osdmap=0}) v3 -- 0x7f2b1819ce80 con 0x7f2b18105c70
2024-03-11T20:46:36.610 INFO:teuthology.orchestra.run.smithi129.stdout:/usr/bin/ceph: stderr
2024-03-11T20:46:35.636+0000 7f2b1c8a5700 1 -- 172.21.15.129:0/3581381585 <== mon.0 v2:172.21.15.129:3300/0 4 ==== mgrmap(e 13) v1 ==== 46163+0+0 (secure 0 0 0) 0x7f2b08022020 con 0x7f2b18105c70
2024-03-11T20:46:36.610 INFO:teuthology.orchestra.run.smithi129.stdout:/usr/bin/ceph: stderr
2024-03-11T20:46:35.636+0000 7f2b1c8a5700 1 --2- 172.21.15.129:0/3581381585 >> [v2:172.21.15.129:6800/2866184010,v1:172.21.15.129:6801/2866184010] conn(0x7f2b00039070 0x7f2b0003b530 unknown :-1 s=NONE pgs=0 cs=0 l=1 rev1=0 crypto rx=0 tx=0 comp rx=0 tx=0).connect
2024-03-11T20:46:36.610 INFO:teuthology.orchestra.run.smithi129.stdout:/usr/bin/ceph: stderr
2024-03-11T20:46:35.636+0000 7f2b1c8a5700 1 -- 172.21.15.129:0/3581381585 <== mon.0 v2:172.21.15.129:3300/0 5 ==== osd_map(3..3 src has 1..3) v4 ==== 1155+0+0 (secure 0 0 0) 0x7f2b0801a430 con 0x7f2b18105c70
2024-03-11T20:46:36.610 INFO:teuthology.orchestra.run.smithi129.stdout:/usr/bin/ceph: stderr
2024-03-11T20:46:35.636+0000 7f2b167fc700 1 --2- 172.21.15.129:0/3581381585 >> [v2:172.21.15.129:6800/2866184010,v1:172.21.15.129:6801/2866184010] conn(0x7f2b00039070 0x7f2b0003b530 unknown :-1 s=BANNER_CONNECTING pgs=0 cs=0 l=1 rev1=0 crypto rx=0 tx=0 comp rx=0 tx=0)._handle_peer_banner_payload supported=3 required=0
2024-03-11T20:46:36.610 INFO:teuthology.orchestra.run.smithi129.stdout:/usr/bin/ceph: stderr
2024-03-11T20:46:35.636+0000 7f2b1d8a7700 1 -- 172.21.15.129:0/3581381585 --> [v2:172.21.15.129:3300/0,v1:172.21.15.129:6789/0] -- mon_command({"prefix": "get_command_descriptions"} v 0) v1 -- 0x7f2b18063410 con 0x7f2b18105c70
2024-03-11T20:46:36.611 INFO:teuthology.orchestra.run.smithi129.stdout:/usr/bin/ceph: stderr
2024-03-11T20:46:35.636+0000 7f2b167fc700 1 --2- 172.21.15.129:0/3581381585 >> [v2:172.21.15.129:6800/2866184010,v1:172.21.15.129:6801/2866184010] conn(0x7f2b00039070 0x7f2b0003b530 secure :-1 s=READY pgs=9 cs=0 l=1 rev1=1 crypto rx=0x7f2b0c006fd0 tx=0x7f2b0c006e40 comp rx=0 tx=0).ready entity=mgr.14152 client_cookie=0 server_cookie=0 in_seq=0 out_seq=0
2024-03-11T20:46:36.611 INFO:teuthology.orchestra.run.smithi129.stdout:/usr/bin/ceph: stderr
2024-03-11T20:46:35.641+0000 7f2b1c8a5700 1 -- 172.21.15.129:0/3581381585 <== mon.0 v2:172.21.15.129:3300/0 6 ==== mon_command_ack([{"prefix": "get_command_descriptions"}]=0 v0) v1 ==== 72+0+184781 (secure 0 0 0) 0x7f2b0800b3e0 con 0x7f2b18105c70
2024-03-11T20:46:36.611 INFO:teuthology.orchestra.run.smithi129.stdout:/usr/bin/ceph: stderr
2024-03-11T20:46:35.835+0000 7f2b1d8a7700 1 -- 172.21.15.129:0/3581381585 --> [v2:172.21.15.129:3300/0,v1:172.21.15.129:6789/0] -- mon_command({"prefix": "config get", "who": "mgr", "key": "mgr/dashboard/ssl_server_port"} v 0) v1 -- 0x7f2b1819d120 con 0x7f2b18105c70
2024-03-11T20:46:36.611 INFO:teuthology.orchestra.run.smithi129.stdout:/usr/bin/ceph: stderr
2024-03-11T20:46:35.835+0000 7f2b1c8a5700 1 -- 172.21.15.129:0/3581381585 <== mon.0 v2:172.21.15.129:3300/0 7 ==== mon_command_ack([{"prefix": "config get", "who": "mgr", "key": "mgr/dashboard/ssl_server_port"}]=0 v8) v1 ==== 112+0+5 (secure 0 0 0) 0x7f2b080172b0 con 0x7f2b18105c70
2024-03-11T20:46:36.611 INFO:teuthology.orchestra.run.smithi129.stdout:/usr/bin/ceph: stderr
2024-03-11T20:46:35.837+0000 7f2b1d8a7700 1 -- 172.21.15.129:0/3581381585 >> [v2:172.21.15.129:6800/2866184010,v1:172.21.15.129:6801/2866184010] conn(0x7f2b00039070 msgr2=0x7f2b0003b530 secure :-1 s=STATE_CONNECTION_ESTABLISHED l=1).mark_down
2024-03-11T20:46:36.611 INFO:teuthology.orchestra.run.smithi129.stdout:/usr/bin/ceph: stderr
2024-03-11T20:46:35.837+0000 7f2b1d8a7700 1 --2- 172.21.15.129:0/3581381585 >> [v2:172.21.15.129:6800/2866184010,v1:172.21.15.129:6801/2866184010] conn(0x7f2b00039070 0x7f2b0003b530 secure :-1 s=READY pgs=9 cs=0 l=1 rev1=1 crypto rx=0x7f2b0c006fd0 tx=0x7f2b0c006e40 comp rx=0 tx=0).stop
2024-03-11T20:46:36.611 INFO:teuthology.orchestra.run.smithi129.stdout:/usr/bin/ceph: stderr
2024-03-11T20:46:35.837+0000 7f2b1d8a7700 1 -- 172.21.15.129:0/3581381585 >> [v2:172.21.15.129:3300/0,v1:172.21.15.129:6789/0] conn(0x7f2b18105c70 msgr2=0x7f2b181999c0 secure :-1 s=STATE_CONNECTION_ESTABLISHED l=1).mark_down
2024-03-11T20:46:36.611 INFO:teuthology.orchestra.run.smithi129.stdout:/usr/bin/ceph: stderr
2024-03-11T20:46:35.837+0000 7f2b1d8a7700 1 --2- 172.21.15.129:0/3581381585 >> [v2:172.21.15.129:3300/0,v1:172.21.15.129:6789/0] conn(0x7f2b18105c70 0x7f2b181999c0 secure :-1 s=READY pgs=75 cs=0 l=1 rev1=1 crypto rx=0x7f2b08003f60 tx=0x7f2b08011ef0 comp rx=0 tx=0).stop
2024-03-11T20:46:36.611 INFO:teuthology.orchestra.run.smithi129.stdout:/usr/bin/ceph: stderr
2024-03-11T20:46:35.837+0000 7f2b1d8a7700 1 -- 172.21.15.129:0/3581381585 shutdown_connections
2024-03-11T20:46:36.611 INFO:teuthology.orchestra.run.smithi129.stdout:/usr/bin/ceph: stderr
2024-03-11T20:46:35.837+0000 7f2b1d8a7700 1 --2- 172.21.15.129:0/3581381585 >> [v2:172.21.15.129:6800/2866184010,v1:172.21.15.129:6801/2866184010] conn(0x7f2b00039070 0x7f2b0003b530 unknown :-1 s=CLOSED pgs=9 cs=0 l=1 rev1=1 crypto rx=0 tx=0 comp rx=0 tx=0).stop
2024-03-11T20:46:36.611 INFO:teuthology.orchestra.run.smithi129.stdout:/usr/bin/ceph: stderr
2024-03-11T20:46:35.837+0000 7f2b1d8a7700 1 --2- 172.21.15.129:0/3581381585 >> [v2:172.21.15.129:3300/0,v1:172.21.15.129:6789/0] conn(0x7f2b18105c70 0x7f2b181999c0 unknown :-1 s=CLOSED pgs=75 cs=0 l=1 rev1=1 crypto rx=0 tx=0 comp rx=0 tx=0).stop
2024-03-11T20:46:36.611 INFO:teuthology.orchestra.run.smithi129.stdout:/usr/bin/ceph: stderr
2024-03-11T20:46:35.837+0000 7f2b1d8a7700 1 -- 172.21.15.129:0/3581381585 >> 172.21.15.129:0/3581381585 conn(0x7f2b18101250 msgr2=0x7f2b18101cf0 unknown :-1 s=STATE_NONE l=0).mark_down
2024-03-11T20:46:36.611 INFO:teuthology.orchestra.run.smithi129.stdout:/usr/bin/ceph: stderr
2024-03-11T20:46:35.837+0000 7f2b1d8a7700 1 -- 172.21.15.129:0/3581381585 shutdown_connections
2024-03-11T20:46:36.611 INFO:teuthology.orchestra.run.smithi129.stdout:/usr/bin/ceph: stderr
2024-03-11T20:46:35.837+0000 7f2b1d8a7700 1 -- 172.21.15.129:0/3581381585 wait complete.
2024-03-11T20:46:36.614 INFO:teuthology.orchestra.run.smithi129.stdout:Non-zero exit code 1 from systemctl is-enabled firewalld.service
2024-03-11T20:46:36.614 INFO:teuthology.orchestra.run.smithi129.stdout:systemctl: stdout disabled
2024-03-11T20:46:36.621 INFO:teuthology.orchestra.run.smithi129.stdout:Non-zero exit code 3 from systemctl is-active firewalld.service
2024-03-11T20:46:36.621 INFO:teuthology.orchestra.run.smithi129.stdout:systemctl: stdout inactive
2024-03-11T20:46:36.621 INFO:teuthology.orchestra.run.smithi129.stdout:firewalld.service is not enabled
2024-03-11T20:46:36.621 INFO:teuthology.orchestra.run.smithi129.stdout:Not possible to open ports <[8443]>. firewalld.service is not available
2024-03-11T20:46:36.623 INFO:teuthology.orchestra.run.smithi129.stdout:Ceph Dashboard is now available at:
2024-03-11T20:46:36.623 INFO:teuthology.orchestra.run.smithi129.stdout:
2024-03-11T20:46:36.623 INFO:teuthology.orchestra.run.smithi129.stdout: URL: https://smithi129.front.sepia.ceph.com:8443/
2024-03-11T20:46:36.623 INFO:teuthology.orchestra.run.smithi129.stdout: User: admin
2024-03-11T20:46:36.623 INFO:teuthology.orchestra.run.smithi129.stdout: Password: 759ztccru0
2024-03-11T20:46:36.623 INFO:teuthology.orchestra.run.smithi129.stdout:
2024-03-11T20:46:36.624 INFO:teuthology.orchestra.run.smithi129.stdout:Saving cluster configuration to /var/lib/ceph/27bbebfa-dfe8-11ee-95c8-87774f69a715/config directory
2024-03-11T20:46:36.624 INFO:teuthology.orchestra.run.smithi129.stdout:Enabling autotune for osd_memory_target
2024-03-11T20:46:36.856 INFO:journalctl@ceph.mon.a.smithi129.stdout:Mar 11 20:46:36 smithi129 ceph-mon[30184]: mgrmap e13: y(active, since 6s)
2024-03-11T20:46:36.856 INFO:journalctl@ceph.mon.a.smithi129.stdout:Mar 11 20:46:36 smithi129 ceph-mon[30184]: from='client.? 172.21.15.129:0/3581381585' entity='client.admin' cmd=[{"prefix": "config get", "who": "mgr", "key": "mgr/dashboard/ssl_server_port"}]: dispatch
2024-03-11T20:46:37.872 INFO:teuthology.orchestra.run.smithi129.stdout:/usr/bin/ceph: stderr
2024-03-11T20:46:37.094+0000 7fa90dca0700 1 Processor -- start
2024-03-11T20:46:37.872 INFO:teuthology.orchestra.run.smithi129.stdout:/usr/bin/ceph: stderr
2024-03-11T20:46:37.094+0000 7fa90dca0700 1 -- start start
2024-03-11T20:46:37.872 INFO:teuthology.orchestra.run.smithi129.stdout:/usr/bin/ceph: stderr
2024-03-11T20:46:37.094+0000 7fa90dca0700 1 --2- >> [v2:172.21.15.129:3300/0,v1:172.21.15.129:6789/0] conn(0x7fa908105c70 0x7fa908106090 unknown :-1 s=NONE pgs=0 cs=0 l=0 rev1=0 crypto rx=0 tx=0 comp rx=0 tx=0).connect
2024-03-11T20:46:37.872 INFO:teuthology.orchestra.run.smithi129.stdout:/usr/bin/ceph: stderr
2024-03-11T20:46:37.094+0000 7fa90dca0700 1 -- --> [v2:172.21.15.129:3300/0,v1:172.21.15.129:6789/0] -- mon_getmap magic: 0 v1 -- 0x7fa908106660 con 0x7fa908105c70
2024-03-11T20:46:37.872 INFO:teuthology.orchestra.run.smithi129.stdout:/usr/bin/ceph: stderr
2024-03-11T20:46:37.095+0000 7fa9077fe700 1 --2- >> [v2:172.21.15.129:3300/0,v1:172.21.15.129:6789/0] conn(0x7fa908105c70 0x7fa908106090 unknown :-1 s=BANNER_CONNECTING pgs=0 cs=0 l=0 rev1=0 crypto rx=0 tx=0 comp rx=0 tx=0)._handle_peer_banner_payload supported=3 required=0
2024-03-11T20:46:37.872 INFO:teuthology.orchestra.run.smithi129.stdout:/usr/bin/ceph: stderr
2024-03-11T20:46:37.095+0000 7fa9077fe700 1 --2- >> [v2:172.21.15.129:3300/0,v1:172.21.15.129:6789/0] conn(0x7fa908105c70 0x7fa908106090 unknown :-1 s=HELLO_CONNECTING pgs=0 cs=0 l=0 rev1=1 crypto rx=0 tx=0 comp rx=0 tx=0).handle_hello peer v2:172.21.15.129:3300/0 says I am v2:172.21.15.129:47580/0 (socket says 172.21.15.129:47580)
2024-03-11T20:46:37.872 INFO:teuthology.orchestra.run.smithi129.stdout:/usr/bin/ceph: stderr
2024-03-11T20:46:37.095+0000 7fa9077fe700 1 -- 172.21.15.129:0/3062795027 learned_addr learned my addr 172.21.15.129:0/3062795027 (peer_addr_for_me v2:172.21.15.129:0/0)
2024-03-11T20:46:37.873 INFO:teuthology.orchestra.run.smithi129.stdout:/usr/bin/ceph: stderr
2024-03-11T20:46:37.095+0000 7fa9077fe700 1 -- 172.21.15.129:0/3062795027 --> [v2:172.21.15.129:3300/0,v1:172.21.15.129:6789/0] -- mon_subscribe({config=0+,monmap=0+}) v3 -- 0x7fa908106e70 con 0x7fa908105c70
2024-03-11T20:46:37.873 INFO:teuthology.orchestra.run.smithi129.stdout:/usr/bin/ceph: stderr
2024-03-11T20:46:37.095+0000 7fa9077fe700 1 --2- 172.21.15.129:0/3062795027 >> [v2:172.21.15.129:3300/0,v1:172.21.15.129:6789/0] conn(0x7fa908105c70 0x7fa908106090 secure :-1 s=READY pgs=76 cs=0 l=1 rev1=1 crypto rx=0x7fa8f80098a0 tx=0x7fa8f8009bb0 comp rx=0 tx=0).ready entity=mon.0 client_cookie=7d3015b04b015f2d server_cookie=0 in_seq=0 out_seq=0
2024-03-11T20:46:37.873 INFO:teuthology.orchestra.run.smithi129.stdout:/usr/bin/ceph: stderr
2024-03-11T20:46:37.095+0000 7fa9067fc700 1 -- 172.21.15.129:0/3062795027 <== mon.0 v2:172.21.15.129:3300/0 1 ==== mon_map magic: 0 v1 ==== 205+0+0 (secure 0 0 0) 0x7fa8f8004160 con 0x7fa908105c70
2024-03-11T20:46:37.873 INFO:teuthology.orchestra.run.smithi129.stdout:/usr/bin/ceph: stderr
2024-03-11T20:46:37.095+0000 7fa9067fc700 1 -- 172.21.15.129:0/3062795027 <== mon.0 v2:172.21.15.129:3300/0 2 ==== config(24 keys) v1 ==== 1042+0+0 (secure 0 0 0) 0x7fa8f8004300 con 0x7fa908105c70
2024-03-11T20:46:37.873 INFO:teuthology.orchestra.run.smithi129.stdout:/usr/bin/ceph: stderr
2024-03-11T20:46:37.095+0000 7fa9067fc700 1 -- 172.21.15.129:0/3062795027 <== mon.0 v2:172.21.15.129:3300/0 3 ==== mon_map magic: 0 v1 ==== 205+0+0 (secure 0 0 0) 0x7fa8f80118f0 con 0x7fa908105c70
2024-03-11T20:46:37.873 INFO:teuthology.orchestra.run.smithi129.stdout:/usr/bin/ceph: stderr
2024-03-11T20:46:37.096+0000 7fa90dca0700 1 -- 172.21.15.129:0/3062795027 >> [v2:172.21.15.129:3300/0,v1:172.21.15.129:6789/0] conn(0x7fa908105c70 msgr2=0x7fa908106090 secure :-1 s=STATE_CONNECTION_ESTABLISHED l=1).mark_down
2024-03-11T20:46:37.873 INFO:teuthology.orchestra.run.smithi129.stdout:/usr/bin/ceph: stderr
2024-03-11T20:46:37.096+0000 7fa90dca0700 1 --2- 172.21.15.129:0/3062795027 >> [v2:172.21.15.129:3300/0,v1:172.21.15.129:6789/0] conn(0x7fa908105c70 0x7fa908106090 secure :-1 s=READY pgs=76 cs=0 l=1 rev1=1 crypto rx=0x7fa8f80098a0 tx=0x7fa8f8009bb0 comp rx=0 tx=0).stop
2024-03-11T20:46:37.873 INFO:teuthology.orchestra.run.smithi129.stdout:/usr/bin/ceph: stderr
2024-03-11T20:46:37.096+0000 7fa90dca0700 1 -- 172.21.15.129:0/3062795027 shutdown_connections
2024-03-11T20:46:37.873 INFO:teuthology.orchestra.run.smithi129.stdout:/usr/bin/ceph: stderr
2024-03-11T20:46:37.096+0000 7fa90dca0700 1 --2- 172.21.15.129:0/3062795027 >> [v2:172.21.15.129:3300/0,v1:172.21.15.129:6789/0] conn(0x7fa908105c70 0x7fa908106090 unknown :-1 s=CLOSED pgs=76 cs=0 l=1 rev1=1 crypto rx=0 tx=0 comp rx=0 tx=0).stop
2024-03-11T20:46:37.873 INFO:teuthology.orchestra.run.smithi129.stdout:/usr/bin/ceph: stderr
2024-03-11T20:46:37.096+0000 7fa90dca0700 1 -- 172.21.15.129:0/3062795027 >> 172.21.15.129:0/3062795027 conn(0x7fa9081011f0 msgr2=0x7fa908103650 unknown :-1 s=STATE_NONE l=0).mark_down
2024-03-11T20:46:37.873 INFO:teuthology.orchestra.run.smithi129.stdout:/usr/bin/ceph: stderr
2024-03-11T20:46:37.096+0000 7fa90dca0700 1 -- 172.21.15.129:0/3062795027 shutdown_connections
2024-03-11T20:46:37.873 INFO:teuthology.orchestra.run.smithi129.stdout:/usr/bin/ceph: stderr
2024-03-11T20:46:37.096+0000 7fa90dca0700 1 -- 172.21.15.129:0/3062795027 wait complete.
2024-03-11T20:46:37.873 INFO:teuthology.orchestra.run.smithi129.stdout:/usr/bin/ceph: stderr
2024-03-11T20:46:37.096+0000 7fa90dca0700 1 Processor -- start
2024-03-11T20:46:37.873 INFO:teuthology.orchestra.run.smithi129.stdout:/usr/bin/ceph: stderr
2024-03-11T20:46:37.097+0000 7fa90dca0700 1 -- start start
2024-03-11T20:46:37.874 INFO:teuthology.orchestra.run.smithi129.stdout:/usr/bin/ceph: stderr
2024-03-11T20:46:37.097+0000 7fa90dca0700 1 --2- >> [v2:172.21.15.129:3300/0,v1:172.21.15.129:6789/0] conn(0x7fa908105c70 0x7fa90807b3f0 unknown :-1 s=NONE pgs=0 cs=0 l=1 rev1=0 crypto rx=0 tx=0 comp rx=0 tx=0).connect
2024-03-11T20:46:37.874 INFO:teuthology.orchestra.run.smithi129.stdout:/usr/bin/ceph: stderr
2024-03-11T20:46:37.097+0000 7fa90dca0700 1 -- --> [v2:172.21.15.129:3300/0,v1:172.21.15.129:6789/0] -- mon_getmap magic: 0 v1 -- 0x7fa90810a0a0 con 0x7fa908105c70
2024-03-11T20:46:37.874 INFO:teuthology.orchestra.run.smithi129.stdout:/usr/bin/ceph: stderr
2024-03-11T20:46:37.097+0000 7fa9077fe700 1 --2- >> [v2:172.21.15.129:3300/0,v1:172.21.15.129:6789/0] conn(0x7fa908105c70 0x7fa90807b3f0 unknown :-1 s=BANNER_CONNECTING pgs=0 cs=0 l=1 rev1=0 crypto rx=0 tx=0 comp rx=0 tx=0)._handle_peer_banner_payload supported=3 required=0
2024-03-11T20:46:37.874 INFO:teuthology.orchestra.run.smithi129.stdout:/usr/bin/ceph: stderr
2024-03-11T20:46:37.097+0000 7fa9077fe700 1 --2- >> [v2:172.21.15.129:3300/0,v1:172.21.15.129:6789/0] conn(0x7fa908105c70 0x7fa90807b3f0 unknown :-1 s=HELLO_CONNECTING pgs=0 cs=0 l=1 rev1=1 crypto rx=0 tx=0 comp rx=0 tx=0).handle_hello peer v2:172.21.15.129:3300/0 says I am v2:172.21.15.129:47596/0 (socket says 172.21.15.129:47596)
2024-03-11T20:46:37.874 INFO:teuthology.orchestra.run.smithi129.stdout:/usr/bin/ceph: stderr
2024-03-11T20:46:37.097+0000 7fa9077fe700 1 -- 172.21.15.129:0/3516777793 learned_addr learned my addr 172.21.15.129:0/3516777793 (peer_addr_for_me v2:172.21.15.129:0/0)
2024-03-11T20:46:37.874 INFO:teuthology.orchestra.run.smithi129.stdout:/usr/bin/ceph: stderr
2024-03-11T20:46:37.097+0000 7fa9077fe700 1 -- 172.21.15.129:0/3516777793 --> [v2:172.21.15.129:3300/0,v1:172.21.15.129:6789/0] -- mon_subscribe({config=0+,monmap=0+}) v3 -- 0x7fa90807b930 con 0x7fa908105c70
2024-03-11T20:46:37.874 INFO:teuthology.orchestra.run.smithi129.stdout:/usr/bin/ceph: stderr
2024-03-11T20:46:37.097+0000 7fa9077fe700 1 --2- 172.21.15.129:0/3516777793 >> [v2:172.21.15.129:3300/0,v1:172.21.15.129:6789/0] conn(0x7fa908105c70 0x7fa90807b3f0 secure :-1 s=READY pgs=77 cs=0 l=1 rev1=1 crypto rx=0x7fa8f8003f60 tx=0x7fa8f8011ef0 comp rx=0 tx=0).ready entity=mon.0 client_cookie=0 server_cookie=0 in_seq=0 out_seq=0
2024-03-11T20:46:37.874 INFO:teuthology.orchestra.run.smithi129.stdout:/usr/bin/ceph: stderr
2024-03-11T20:46:37.097+0000 7fa904ff9700 1 -- 172.21.15.129:0/3516777793 <== mon.0 v2:172.21.15.129:3300/0 1 ==== mon_map magic: 0 v1 ==== 205+0+0 (secure 0 0 0) 0x7fa8f80038b0 con 0x7fa908105c70
2024-03-11T20:46:37.874 INFO:teuthology.orchestra.run.smithi129.stdout:/usr/bin/ceph: stderr
2024-03-11T20:46:37.097+0000 7fa904ff9700 1 -- 172.21.15.129:0/3516777793 <== mon.0 v2:172.21.15.129:3300/0 2 ==== config(24 keys) v1 ==== 1042+0+0 (secure 0 0 0) 0x7fa8f8003a50 con 0x7fa908105c70
2024-03-11T20:46:37.874 INFO:teuthology.orchestra.run.smithi129.stdout:/usr/bin/ceph: stderr
2024-03-11T20:46:37.097+0000 7fa90dca0700 1 -- 172.21.15.129:0/3516777793 --> [v2:172.21.15.129:3300/0,v1:172.21.15.129:6789/0] -- mon_subscribe({mgrmap=0+}) v3 -- 0x7fa908079b20 con 0x7fa908105c70
2024-03-11T20:46:37.874 INFO:teuthology.orchestra.run.smithi129.stdout:/usr/bin/ceph: stderr
2024-03-11T20:46:37.097+0000 7fa904ff9700 1 -- 172.21.15.129:0/3516777793 <== mon.0 v2:172.21.15.129:3300/0 3 ==== mon_map magic: 0 v1 ==== 205+0+0 (secure 0 0 0) 0x7fa8f8024410 con 0x7fa908105c70
2024-03-11T20:46:37.874 INFO:teuthology.orchestra.run.smithi129.stdout:/usr/bin/ceph: stderr
2024-03-11T20:46:37.097+0000 7fa90dca0700 1 -- 172.21.15.129:0/3516777793 --> [v2:172.21.15.129:3300/0,v1:172.21.15.129:6789/0] -- mon_subscribe({osdmap=0}) v3 -- 0x7fa90807a060 con 0x7fa908105c70
2024-03-11T20:46:37.874 INFO:teuthology.orchestra.run.smithi129.stdout:/usr/bin/ceph: stderr
2024-03-11T20:46:37.098+0000 7fa904ff9700 1 -- 172.21.15.129:0/3516777793 <== mon.0 v2:172.21.15.129:3300/0 4 ==== mgrmap(e 13) v1 ==== 46163+0+0 (secure 0 0 0) 0x7fa8f8022020 con 0x7fa908105c70
2024-03-11T20:46:37.875 INFO:teuthology.orchestra.run.smithi129.stdout:/usr/bin/ceph: stderr
2024-03-11T20:46:37.098+0000 7fa90dca0700 1 -- 172.21.15.129:0/3516777793 --> [v2:172.21.15.129:3300/0,v1:172.21.15.129:6789/0] -- mon_command({"prefix": "get_command_descriptions"} v 0) v1 -- 0x7fa908063410 con 0x7fa908105c70
2024-03-11T20:46:37.875 INFO:teuthology.orchestra.run.smithi129.stdout:/usr/bin/ceph: stderr
2024-03-11T20:46:37.099+0000 7fa904ff9700 1 --2- 172.21.15.129:0/3516777793 >> [v2:172.21.15.129:6800/2866184010,v1:172.21.15.129:6801/2866184010] conn(0x7fa8f0039070 0x7fa8f003b530 unknown :-1 s=NONE pgs=0 cs=0 l=1 rev1=0 crypto rx=0 tx=0 comp rx=0 tx=0).connect
2024-03-11T20:46:37.875 INFO:teuthology.orchestra.run.smithi129.stdout:/usr/bin/ceph: stderr
2024-03-11T20:46:37.099+0000 7fa904ff9700 1 -- 172.21.15.129:0/3516777793 <== mon.0 v2:172.21.15.129:3300/0 5 ==== osd_map(3..3 src has 1..3) v4 ==== 1155+0+0 (secure 0 0 0) 0x7fa8f804cf70 con 0x7fa908105c70
2024-03-11T20:46:37.875 INFO:teuthology.orchestra.run.smithi129.stdout:/usr/bin/ceph: stderr
2024-03-11T20:46:37.099+0000 7fa906ffd700 1 --2- 172.21.15.129:0/3516777793 >> [v2:172.21.15.129:6800/2866184010,v1:172.21.15.129:6801/2866184010] conn(0x7fa8f0039070 0x7fa8f003b530 unknown :-1 s=BANNER_CONNECTING pgs=0 cs=0 l=1 rev1=0 crypto rx=0 tx=0 comp rx=0 tx=0)._handle_peer_banner_payload supported=3 required=0
2024-03-11T20:46:37.875 INFO:teuthology.orchestra.run.smithi129.stdout:/usr/bin/ceph: stderr
2024-03-11T20:46:37.099+0000 7fa906ffd700 1 --2- 172.21.15.129:0/3516777793 >> [v2:172.21.15.129:6800/2866184010,v1:172.21.15.129:6801/2866184010] conn(0x7fa8f0039070 0x7fa8f003b530 secure :-1 s=READY pgs=10 cs=0 l=1 rev1=1 crypto rx=0x7fa8fc006fd0 tx=0x7fa8fc006e40 comp rx=0 tx=0).ready entity=mgr.14152 client_cookie=0 server_cookie=0 in_seq=0 out_seq=0
2024-03-11T20:46:37.875 INFO:teuthology.orchestra.run.smithi129.stdout:/usr/bin/ceph: stderr
2024-03-11T20:46:37.103+0000 7fa904ff9700 1 -- 172.21.15.129:0/3516777793 <== mon.0 v2:172.21.15.129:3300/0 6 ==== mon_command_ack([{"prefix": "get_command_descriptions"}]=0 v0) v1 ==== 72+0+184781 (secure 0 0 0) 0x7fa8f800b3e0 con 0x7fa908105c70
2024-03-11T20:46:37.875 INFO:teuthology.orchestra.run.smithi129.stdout:/usr/bin/ceph: stderr
2024-03-11T20:46:37.295+0000 7fa90dca0700 1 -- 172.21.15.129:0/3516777793 --> [v2:172.21.15.129:3300/0,v1:172.21.15.129:6789/0] -- mon_command([{prefix=config set, name=osd_memory_target_autotune}] v 0) v1 -- 0x7fa90807a7c0 con 0x7fa908105c70
2024-03-11T20:46:37.875 INFO:teuthology.orchestra.run.smithi129.stdout:/usr/bin/ceph: stderr
2024-03-11T20:46:37.296+0000 7fa904ff9700 1 -- 172.21.15.129:0/3516777793 <== mon.0 v2:172.21.15.129:3300/0 7 ==== mon_command_ack([{prefix=config set, name=osd_memory_target_autotune}]=0 v8)=0 v8) v1 ==== 127+0+0 (secure 0 0 0) 0x7fa8f802dc90 con 0x7fa908105c70
2024-03-11T20:46:37.875 INFO:teuthology.orchestra.run.smithi129.stdout:/usr/bin/ceph: stderr
2024-03-11T20:46:37.298+0000 7fa90dca0700 1 -- 172.21.15.129:0/3516777793 >> [v2:172.21.15.129:6800/2866184010,v1:172.21.15.129:6801/2866184010] conn(0x7fa8f0039070 msgr2=0x7fa8f003b530 secure :-1 s=STATE_CONNECTION_ESTABLISHED l=1).mark_down
2024-03-11T20:46:37.875 INFO:teuthology.orchestra.run.smithi129.stdout:/usr/bin/ceph: stderr
2024-03-11T20:46:37.298+0000 7fa90dca0700 1 --2- 172.21.15.129:0/3516777793 >> [v2:172.21.15.129:6800/2866184010,v1:172.21.15.129:6801/2866184010] conn(0x7fa8f0039070 0x7fa8f003b530 secure :-1 s=READY pgs=10 cs=0 l=1 rev1=1 crypto rx=0x7fa8fc006fd0 tx=0x7fa8fc006e40 comp rx=0 tx=0).stop
2024-03-11T20:46:37.875 INFO:teuthology.orchestra.run.smithi129.stdout:/usr/bin/ceph: stderr
2024-03-11T20:46:37.298+0000 7fa90dca0700 1 -- 172.21.15.129:0/3516777793 >> [v2:172.21.15.129:3300/0,v1:172.21.15.129:6789/0] conn(0x7fa908105c70 msgr2=0x7fa90807b3f0 secure :-1 s=STATE_CONNECTION_ESTABLISHED l=1).mark_down
2024-03-11T20:46:37.875 INFO:teuthology.orchestra.run.smithi129.stdout:/usr/bin/ceph: stderr
2024-03-11T20:46:37.298+0000 7fa90dca0700 1 --2- 172.21.15.129:0/3516777793 >> [v2:172.21.15.129:3300/0,v1:172.21.15.129:6789/0] conn(0x7fa908105c70 0x7fa90807b3f0 secure :-1 s=READY pgs=77 cs=0 l=1 rev1=1 crypto rx=0x7fa8f8003f60 tx=0x7fa8f8011ef0 comp rx=0 tx=0).stop
2024-03-11T20:46:37.875 INFO:teuthology.orchestra.run.smithi129.stdout:/usr/bin/ceph: stderr
2024-03-11T20:46:37.298+0000 7fa90dca0700 1 -- 172.21.15.129:0/3516777793 shutdown_connections
2024-03-11T20:46:37.875 INFO:teuthology.orchestra.run.smithi129.stdout:/usr/bin/ceph: stderr
2024-03-11T20:46:37.298+0000 7fa90dca0700 1 --2- 172.21.15.129:0/3516777793 >> [v2:172.21.15.129:6800/2866184010,v1:172.21.15.129:6801/2866184010] conn(0x7fa8f0039070 0x7fa8f003b530 unknown :-1 s=CLOSED pgs=10 cs=0 l=1 rev1=1 crypto rx=0 tx=0 comp rx=0 tx=0).stop
2024-03-11T20:46:37.876 INFO:teuthology.orchestra.run.smithi129.stdout:/usr/bin/ceph: stderr
2024-03-11T20:46:37.298+0000 7fa90dca0700 1 --2- 172.21.15.129:0/3516777793 >> [v2:172.21.15.129:3300/0,v1:172.21.15.129:6789/0] conn(0x7fa908105c70 0x7fa90807b3f0 unknown :-1 s=CLOSED pgs=77 cs=0 l=1 rev1=1 crypto rx=0 tx=0 comp rx=0 tx=0).stop
2024-03-11T20:46:37.876 INFO:teuthology.orchestra.run.smithi129.stdout:/usr/bin/ceph: stderr
2024-03-11T20:46:37.298+0000 7fa90dca0700 1 -- 172.21.15.129:0/3516777793 >> 172.21.15.129:0/3516777793 conn(0x7fa9081011f0 msgr2=0x7fa908101cb0 unknown :-1 s=STATE_NONE l=0).mark_down
2024-03-11T20:46:37.876 INFO:teuthology.orchestra.run.smithi129.stdout:/usr/bin/ceph: stderr
2024-03-11T20:46:37.299+0000 7fa90dca0700 1 -- 172.21.15.129:0/3516777793 shutdown_connections
2024-03-11T20:46:37.876 INFO:teuthology.orchestra.run.smithi129.stdout:/usr/bin/ceph: stderr
2024-03-11T20:46:37.299+0000 7fa90dca0700 1 -- 172.21.15.129:0/3516777793 wait complete.
2024-03-11T20:46:39.187 INFO:teuthology.orchestra.run.smithi129.stdout:/usr/bin/ceph: stderr
2024-03-11T20:46:38.317+0000 7f207f45d700 1 Processor -- start
2024-03-11T20:46:39.187 INFO:teuthology.orchestra.run.smithi129.stdout:/usr/bin/ceph: stderr
2024-03-11T20:46:38.317+0000 7f207f45d700 1 -- start start
2024-03-11T20:46:39.187 INFO:teuthology.orchestra.run.smithi129.stdout:/usr/bin/ceph: stderr
2024-03-11T20:46:38.317+0000 7f207f45d700 1 --2- >> [v2:172.21.15.129:3300/0,v1:172.21.15.129:6789/0] conn(0x7f2078105c60 0x7f2078106080 unknown :-1 s=NONE pgs=0 cs=0 l=0 rev1=0 crypto rx=0 tx=0 comp rx=0 tx=0).connect
2024-03-11T20:46:39.187 INFO:teuthology.orchestra.run.smithi129.stdout:/usr/bin/ceph: stderr
2024-03-11T20:46:38.317+0000 7f207f45d700 1 -- --> [v2:172.21.15.129:3300/0,v1:172.21.15.129:6789/0] -- mon_getmap magic: 0 v1 -- 0x7f2078106650 con 0x7f2078105c60
2024-03-11T20:46:39.187 INFO:teuthology.orchestra.run.smithi129.stdout:/usr/bin/ceph: stderr
2024-03-11T20:46:38.318+0000 7f207d1f9700 1 --2- >> [v2:172.21.15.129:3300/0,v1:172.21.15.129:6789/0] conn(0x7f2078105c60 0x7f2078106080 unknown :-1 s=BANNER_CONNECTING pgs=0 cs=0 l=0 rev1=0 crypto rx=0 tx=0 comp rx=0 tx=0)._handle_peer_banner_payload supported=3 required=0
2024-03-11T20:46:39.187 INFO:teuthology.orchestra.run.smithi129.stdout:/usr/bin/ceph: stderr
2024-03-11T20:46:38.318+0000 7f207d1f9700 1 --2- >> [v2:172.21.15.129:3300/0,v1:172.21.15.129:6789/0] conn(0x7f2078105c60 0x7f2078106080 unknown :-1 s=HELLO_CONNECTING pgs=0 cs=0 l=0 rev1=1 crypto rx=0 tx=0 comp rx=0 tx=0).handle_hello peer v2:172.21.15.129:3300/0 says I am v2:172.21.15.129:47612/0 (socket says 172.21.15.129:47612)
2024-03-11T20:46:39.188 INFO:teuthology.orchestra.run.smithi129.stdout:/usr/bin/ceph: stderr
2024-03-11T20:46:38.318+0000 7f207d1f9700 1 -- 172.21.15.129:0/247758378 learned_addr learned my addr 172.21.15.129:0/247758378 (peer_addr_for_me v2:172.21.15.129:0/0)
2024-03-11T20:46:39.188 INFO:teuthology.orchestra.run.smithi129.stdout:/usr/bin/ceph: stderr
2024-03-11T20:46:38.318+0000 7f207d1f9700 1 -- 172.21.15.129:0/247758378 --> [v2:172.21.15.129:3300/0,v1:172.21.15.129:6789/0] -- mon_subscribe({config=0+,monmap=0+}) v3 -- 0x7f2078106e60 con 0x7f2078105c60
2024-03-11T20:46:39.188 INFO:teuthology.orchestra.run.smithi129.stdout:/usr/bin/ceph: stderr
2024-03-11T20:46:38.318+0000 7f207d1f9700 1 --2- 172.21.15.129:0/247758378 >> [v2:172.21.15.129:3300/0,v1:172.21.15.129:6789/0] conn(0x7f2078105c60 0x7f2078106080 secure :-1 s=READY pgs=78 cs=0 l=1 rev1=1 crypto rx=0x7f20740098a0 tx=0x7f2074009bb0 comp rx=0 tx=0).ready entity=mon.0 client_cookie=d75c6a4a8b1e882 server_cookie=0 in_seq=0 out_seq=0
2024-03-11T20:46:39.188 INFO:teuthology.orchestra.run.smithi129.stdout:/usr/bin/ceph: stderr
2024-03-11T20:46:38.318+0000 7f206ffff700 1 -- 172.21.15.129:0/247758378 <== mon.0 v2:172.21.15.129:3300/0 1 ==== mon_map magic: 0 v1 ==== 205+0+0 (secure 0 0 0) 0x7f2074004160 con 0x7f2078105c60
2024-03-11T20:46:39.188 INFO:teuthology.orchestra.run.smithi129.stdout:/usr/bin/ceph: stderr
2024-03-11T20:46:38.318+0000 7f206ffff700 1 -- 172.21.15.129:0/247758378 <== mon.0 v2:172.21.15.129:3300/0 2 ==== config(24 keys) v1 ==== 1042+0+0 (secure 0 0 0) 0x7f2074004300 con 0x7f2078105c60
2024-03-11T20:46:39.188 INFO:teuthology.orchestra.run.smithi129.stdout:/usr/bin/ceph: stderr
2024-03-11T20:46:38.318+0000 7f206ffff700 1 -- 172.21.15.129:0/247758378 <== mon.0 v2:172.21.15.129:3300/0 3 ==== mon_map magic: 0 v1 ==== 205+0+0 (secure 0 0 0) 0x7f20740118f0 con 0x7f2078105c60
2024-03-11T20:46:39.188 INFO:teuthology.orchestra.run.smithi129.stdout:/usr/bin/ceph: stderr
2024-03-11T20:46:38.319+0000 7f207f45d700 1 -- 172.21.15.129:0/247758378 >> [v2:172.21.15.129:3300/0,v1:172.21.15.129:6789/0] conn(0x7f2078105c60 msgr2=0x7f2078106080 secure :-1 s=STATE_CONNECTION_ESTABLISHED l=1).mark_down
2024-03-11T20:46:39.188 INFO:teuthology.orchestra.run.smithi129.stdout:/usr/bin/ceph: stderr
2024-03-11T20:46:38.319+0000 7f207f45d700 1 --2- 172.21.15.129:0/247758378 >> [v2:172.21.15.129:3300/0,v1:172.21.15.129:6789/0] conn(0x7f2078105c60 0x7f2078106080 secure :-1 s=READY pgs=78 cs=0 l=1 rev1=1 crypto rx=0x7f20740098a0 tx=0x7f2074009bb0 comp rx=0 tx=0).stop
2024-03-11T20:46:39.188 INFO:teuthology.orchestra.run.smithi129.stdout:/usr/bin/ceph: stderr
2024-03-11T20:46:38.319+0000 7f207f45d700 1 -- 172.21.15.129:0/247758378 shutdown_connections
2024-03-11T20:46:39.188 INFO:teuthology.orchestra.run.smithi129.stdout:/usr/bin/ceph: stderr
2024-03-11T20:46:38.319+0000 7f207f45d700 1 --2- 172.21.15.129:0/247758378 >> [v2:172.21.15.129:3300/0,v1:172.21.15.129:6789/0] conn(0x7f2078105c60 0x7f2078106080 unknown :-1 s=CLOSED pgs=78 cs=0 l=1 rev1=1 crypto rx=0 tx=0 comp rx=0 tx=0).stop
2024-03-11T20:46:39.188 INFO:teuthology.orchestra.run.smithi129.stdout:/usr/bin/ceph: stderr
2024-03-11T20:46:38.319+0000 7f207f45d700 1 -- 172.21.15.129:0/247758378 >> 172.21.15.129:0/247758378 conn(0x7f20781011c0 msgr2=0x7f2078103640 unknown :-1 s=STATE_NONE l=0).mark_down
2024-03-11T20:46:39.188 INFO:teuthology.orchestra.run.smithi129.stdout:/usr/bin/ceph: stderr
2024-03-11T20:46:38.319+0000 7f207f45d700 1 -- 172.21.15.129:0/247758378 shutdown_connections
2024-03-11T20:46:39.188 INFO:teuthology.orchestra.run.smithi129.stdout:/usr/bin/ceph: stderr
2024-03-11T20:46:38.319+0000 7f207f45d700 1 -- 172.21.15.129:0/247758378 wait complete.
2024-03-11T20:46:39.188 INFO:teuthology.orchestra.run.smithi129.stdout:/usr/bin/ceph: stderr
2024-03-11T20:46:38.319+0000 7f207f45d700 1 Processor -- start
2024-03-11T20:46:39.189 INFO:teuthology.orchestra.run.smithi129.stdout:/usr/bin/ceph: stderr
2024-03-11T20:46:38.319+0000 7f207f45d700 1 -- start start
2024-03-11T20:46:39.189 INFO:teuthology.orchestra.run.smithi129.stdout:/usr/bin/ceph: stderr
2024-03-11T20:46:38.319+0000 7f207f45d700 1 --2- >> [v2:172.21.15.129:3300/0,v1:172.21.15.129:6789/0] conn(0x7f2078105c60 0x7f207819bc90 unknown :-1 s=NONE pgs=0 cs=0 l=1 rev1=0 crypto rx=0 tx=0 comp rx=0 tx=0).connect
2024-03-11T20:46:39.189 INFO:teuthology.orchestra.run.smithi129.stdout:/usr/bin/ceph: stderr
2024-03-11T20:46:38.320+0000 7f207f45d700 1 -- --> [v2:172.21.15.129:3300/0,v1:172.21.15.129:6789/0] -- mon_getmap magic: 0 v1 -- 0x7f207810a090 con 0x7f2078105c60
2024-03-11T20:46:39.189 INFO:teuthology.orchestra.run.smithi129.stdout:/usr/bin/ceph: stderr
2024-03-11T20:46:38.320+0000 7f207d1f9700 1 --2- >> [v2:172.21.15.129:3300/0,v1:172.21.15.129:6789/0] conn(0x7f2078105c60 0x7f207819bc90 unknown :-1 s=BANNER_CONNECTING pgs=0 cs=0 l=1 rev1=0 crypto rx=0 tx=0 comp rx=0 tx=0)._handle_peer_banner_payload supported=3 required=0
2024-03-11T20:46:39.189 INFO:teuthology.orchestra.run.smithi129.stdout:/usr/bin/ceph: stderr
2024-03-11T20:46:38.320+0000 7f207d1f9700 1 --2- >> [v2:172.21.15.129:3300/0,v1:172.21.15.129:6789/0] conn(0x7f2078105c60 0x7f207819bc90 unknown :-1 s=HELLO_CONNECTING pgs=0 cs=0 l=1 rev1=1 crypto rx=0 tx=0 comp rx=0 tx=0).handle_hello peer v2:172.21.15.129:3300/0 says I am v2:172.21.15.129:47624/0 (socket says 172.21.15.129:47624)
2024-03-11T20:46:39.189 INFO:teuthology.orchestra.run.smithi129.stdout:/usr/bin/ceph: stderr
2024-03-11T20:46:38.320+0000 7f207d1f9700 1 -- 172.21.15.129:0/1713423158 learned_addr learned my addr 172.21.15.129:0/1713423158 (peer_addr_for_me v2:172.21.15.129:0/0)
2024-03-11T20:46:39.189 INFO:teuthology.orchestra.run.smithi129.stdout:/usr/bin/ceph: stderr
2024-03-11T20:46:38.320+0000 7f207d1f9700 1 -- 172.21.15.129:0/1713423158 --> [v2:172.21.15.129:3300/0,v1:172.21.15.129:6789/0] -- mon_subscribe({config=0+,monmap=0+}) v3 -- 0x7f207819c1d0 con 0x7f2078105c60
2024-03-11T20:46:39.189 INFO:teuthology.orchestra.run.smithi129.stdout:/usr/bin/ceph: stderr
2024-03-11T20:46:38.320+0000 7f207d1f9700 1 --2- 172.21.15.129:0/1713423158 >> [v2:172.21.15.129:3300/0,v1:172.21.15.129:6789/0] conn(0x7f2078105c60 0x7f207819bc90 secure :-1 s=READY pgs=79 cs=0 l=1 rev1=1 crypto rx=0x7f2074009fb0 tx=0x7f2074011a20 comp rx=0 tx=0).ready entity=mon.0 client_cookie=0 server_cookie=0 in_seq=0 out_seq=0
2024-03-11T20:46:39.189 INFO:teuthology.orchestra.run.smithi129.stdout:/usr/bin/ceph: stderr
2024-03-11T20:46:38.320+0000 7f206e7fc700 1 -- 172.21.15.129:0/1713423158 <== mon.0 v2:172.21.15.129:3300/0 1 ==== mon_map magic: 0 v1 ==== 205+0+0 (secure 0 0 0) 0x7f207401a430 con 0x7f2078105c60
2024-03-11T20:46:39.189 INFO:teuthology.orchestra.run.smithi129.stdout:/usr/bin/ceph: stderr
2024-03-11T20:46:38.320+0000 7f207f45d700 1 -- 172.21.15.129:0/1713423158 --> [v2:172.21.15.129:3300/0,v1:172.21.15.129:6789/0] -- mon_subscribe({mgrmap=0+}) v3 -- 0x7f207819c460 con 0x7f2078105c60
2024-03-11T20:46:39.189 INFO:teuthology.orchestra.run.smithi129.stdout:/usr/bin/ceph: stderr
2024-03-11T20:46:38.320+0000 7f206e7fc700 1 -- 172.21.15.129:0/1713423158 <== mon.0 v2:172.21.15.129:3300/0 2 ==== config(24 keys) v1 ==== 1042+0+0 (secure 0 0 0) 0x7f207401aa50 con 0x7f2078105c60
2024-03-11T20:46:39.189 INFO:teuthology.orchestra.run.smithi129.stdout:/usr/bin/ceph: stderr
2024-03-11T20:46:38.320+0000 7f206e7fc700 1 -- 172.21.15.129:0/1713423158 <== mon.0 v2:172.21.15.129:3300/0 3 ==== mon_map magic: 0 v1 ==== 205+0+0 (secure 0 0 0) 0x7f2074019800 con 0x7f2078105c60
2024-03-11T20:46:39.189 INFO:teuthology.orchestra.run.smithi129.stdout:/usr/bin/ceph: stderr
2024-03-11T20:46:38.320+0000 7f207f45d700 1 -- 172.21.15.129:0/1713423158 --> [v2:172.21.15.129:3300/0,v1:172.21.15.129:6789/0] -- mon_subscribe({osdmap=0}) v3 -- 0x7f207819f150 con 0x7f2078105c60
2024-03-11T20:46:39.189 INFO:teuthology.orchestra.run.smithi129.stdout:/usr/bin/ceph: stderr
2024-03-11T20:46:38.321+0000 7f206e7fc700 1 -- 172.21.15.129:0/1713423158 <== mon.0 v2:172.21.15.129:3300/0 4 ==== mgrmap(e 13) v1 ==== 46163+0+0 (secure 0 0 0) 0x7f2074022020 con 0x7f2078105c60
2024-03-11T20:46:39.190 INFO:teuthology.orchestra.run.smithi129.stdout:/usr/bin/ceph: stderr
2024-03-11T20:46:38.321+0000 7f206e7fc700 1 --2- 172.21.15.129:0/1713423158 >> [v2:172.21.15.129:6800/2866184010,v1:172.21.15.129:6801/2866184010] conn(0x7f2064038fc0 0x7f206403b480 unknown :-1 s=NONE pgs=0 cs=0 l=1 rev1=0 crypto rx=0 tx=0 comp rx=0 tx=0).connect
2024-03-11T20:46:39.190 INFO:teuthology.orchestra.run.smithi129.stdout:/usr/bin/ceph: stderr
2024-03-11T20:46:38.321+0000 7f206e7fc700 1 -- 172.21.15.129:0/1713423158 <== mon.0 v2:172.21.15.129:3300/0 5 ==== osd_map(3..3 src has 1..3) v4 ==== 1155+0+0 (secure 0 0 0) 0x7f207404d540 con 0x7f2078105c60
2024-03-11T20:46:39.190 INFO:teuthology.orchestra.run.smithi129.stdout:/usr/bin/ceph: stderr
2024-03-11T20:46:38.321+0000 7f207f45d700 1 -- 172.21.15.129:0/1713423158 --> [v2:172.21.15.129:3300/0,v1:172.21.15.129:6789/0] -- mon_command({"prefix": "get_command_descriptions"} v 0) v1 -- 0x7f2078063410 con 0x7f2078105c60
2024-03-11T20:46:39.190 INFO:teuthology.orchestra.run.smithi129.stdout:/usr/bin/ceph: stderr
2024-03-11T20:46:38.321+0000 7f207c9f8700 1 --2- 172.21.15.129:0/1713423158 >> [v2:172.21.15.129:6800/2866184010,v1:172.21.15.129:6801/2866184010] conn(0x7f2064038fc0 0x7f206403b480 unknown :-1 s=BANNER_CONNECTING pgs=0 cs=0 l=1 rev1=0 crypto rx=0 tx=0 comp rx=0 tx=0)._handle_peer_banner_payload supported=3 required=0
2024-03-11T20:46:39.190 INFO:teuthology.orchestra.run.smithi129.stdout:/usr/bin/ceph: stderr
2024-03-11T20:46:38.322+0000 7f207c9f8700 1 --2- 172.21.15.129:0/1713423158 >> [v2:172.21.15.129:6800/2866184010,v1:172.21.15.129:6801/2866184010] conn(0x7f2064038fc0 0x7f206403b480 secure :-1 s=READY pgs=11 cs=0 l=1 rev1=1 crypto rx=0x7f2068006fd0 tx=0x7f2068006e40 comp rx=0 tx=0).ready entity=mgr.14152 client_cookie=0 server_cookie=0 in_seq=0 out_seq=0
2024-03-11T20:46:39.190 INFO:teuthology.orchestra.run.smithi129.stdout:/usr/bin/ceph: stderr
2024-03-11T20:46:38.326+0000 7f206e7fc700 1 -- 172.21.15.129:0/1713423158 <== mon.0 v2:172.21.15.129:3300/0 6 ==== mon_command_ack([{"prefix": "get_command_descriptions"}]=0 v0) v1 ==== 72+0+184781 (secure 0 0 0) 0x7f2074004300 con 0x7f2078105c60
2024-03-11T20:46:39.190 INFO:teuthology.orchestra.run.smithi129.stdout:/usr/bin/ceph: stderr
2024-03-11T20:46:38.631+0000 7f207f45d700 1 -- 172.21.15.129:0/1713423158 --> [v2:172.21.15.129:3300/0,v1:172.21.15.129:6789/0] -- mon_command([{prefix=config-key set, key=mgr/dashboard/cluster/status}] v 0) v1 -- 0x7f207819f470 con 0x7f2078105c60
2024-03-11T20:46:39.190 INFO:teuthology.orchestra.run.smithi129.stdout:/usr/bin/ceph: stderr
2024-03-11T20:46:38.633+0000 7f206e7fc700 1 -- 172.21.15.129:0/1713423158 <== mon.0 v2:172.21.15.129:3300/0 7 ==== mon_command_ack([{prefix=config-key set, key=mgr/dashboard/cluster/status}]=0 set mgr/dashboard/cluster/status v28)=0 set mgr/dashboard/cluster/status v28) v1 ==== 153+0+0 (secure 0 0 0) 0x7f2074020c10 con 0x7f2078105c60
2024-03-11T20:46:39.190 INFO:teuthology.orchestra.run.smithi129.stdout:/usr/bin/ceph: stderr
2024-03-11T20:46:38.635+0000 7f207f45d700 1 -- 172.21.15.129:0/1713423158 >> [v2:172.21.15.129:6800/2866184010,v1:172.21.15.129:6801/2866184010] conn(0x7f2064038fc0 msgr2=0x7f206403b480 secure :-1 s=STATE_CONNECTION_ESTABLISHED l=1).mark_down
2024-03-11T20:46:39.190 INFO:teuthology.orchestra.run.smithi129.stdout:/usr/bin/ceph: stderr
2024-03-11T20:46:38.635+0000 7f207f45d700 1 --2- 172.21.15.129:0/1713423158 >> [v2:172.21.15.129:6800/2866184010,v1:172.21.15.129:6801/2866184010] conn(0x7f2064038fc0 0x7f206403b480 secure :-1 s=READY pgs=11 cs=0 l=1 rev1=1 crypto rx=0x7f2068006fd0 tx=0x7f2068006e40 comp rx=0 tx=0).stop
2024-03-11T20:46:39.190 INFO:teuthology.orchestra.run.smithi129.stdout:/usr/bin/ceph: stderr
2024-03-11T20:46:38.635+0000 7f207f45d700 1 -- 172.21.15.129:0/1713423158 >> [v2:172.21.15.129:3300/0,v1:172.21.15.129:6789/0] conn(0x7f2078105c60 msgr2=0x7f207819bc90 secure :-1 s=STATE_CONNECTION_ESTABLISHED l=1).mark_down
2024-03-11T20:46:39.190 INFO:teuthology.orchestra.run.smithi129.stdout:/usr/bin/ceph: stderr
2024-03-11T20:46:38.635+0000 7f207f45d700 1 --2- 172.21.15.129:0/1713423158 >> [v2:172.21.15.129:3300/0,v1:172.21.15.129:6789/0] conn(0x7f2078105c60 0x7f207819bc90 secure :-1 s=READY pgs=79 cs=0 l=1 rev1=1 crypto rx=0x7f2074009fb0 tx=0x7f2074011a20 comp rx=0 tx=0).stop
2024-03-11T20:46:39.190 INFO:teuthology.orchestra.run.smithi129.stdout:/usr/bin/ceph: stderr
2024-03-11T20:46:38.635+0000 7f207f45d700 1 -- 172.21.15.129:0/1713423158 shutdown_connections
2024-03-11T20:46:39.190 INFO:teuthology.orchestra.run.smithi129.stdout:/usr/bin/ceph: stderr
2024-03-11T20:46:38.635+0000 7f207f45d700 1 --2- 172.21.15.129:0/1713423158 >> [v2:172.21.15.129:6800/2866184010,v1:172.21.15.129:6801/2866184010] conn(0x7f2064038fc0 0x7f206403b480 unknown :-1 s=CLOSED pgs=11 cs=0 l=1 rev1=1 crypto rx=0 tx=0 comp rx=0 tx=0).stop
2024-03-11T20:46:39.191 INFO:teuthology.orchestra.run.smithi129.stdout:/usr/bin/ceph: stderr
2024-03-11T20:46:38.635+0000 7f207f45d700 1 --2- 172.21.15.129:0/1713423158 >> [v2:172.21.15.129:3300/0,v1:172.21.15.129:6789/0] conn(0x7f2078105c60 0x7f207819bc90 unknown :-1 s=CLOSED pgs=79 cs=0 l=1 rev1=1 crypto rx=0 tx=0 comp rx=0 tx=0).stop
2024-03-11T20:46:39.191 INFO:teuthology.orchestra.run.smithi129.stdout:/usr/bin/ceph: stderr
2024-03-11T20:46:38.635+0000 7f207f45d700 1 -- 172.21.15.129:0/1713423158 >> 172.21.15.129:0/1713423158 conn(0x7f20781011c0 msgr2=0x7f2078101cc0 unknown :-1 s=STATE_NONE l=0).mark_down
2024-03-11T20:46:39.191 INFO:teuthology.orchestra.run.smithi129.stdout:/usr/bin/ceph: stderr
2024-03-11T20:46:38.636+0000 7f207f45d700 1 -- 172.21.15.129:0/1713423158 shutdown_connections
2024-03-11T20:46:39.191 INFO:teuthology.orchestra.run.smithi129.stdout:/usr/bin/ceph: stderr
2024-03-11T20:46:38.636+0000 7f207f45d700 1 -- 172.21.15.129:0/1713423158 wait complete.
2024-03-11T20:46:39.191 INFO:teuthology.orchestra.run.smithi129.stdout:/usr/bin/ceph: stderr set mgr/dashboard/cluster/status
2024-03-11T20:46:39.191 INFO:teuthology.orchestra.run.smithi129.stdout:You can access the Ceph CLI as following in case of multi-cluster or non-default config:
2024-03-11T20:46:39.191 INFO:teuthology.orchestra.run.smithi129.stdout:
2024-03-11T20:46:39.191 INFO:teuthology.orchestra.run.smithi129.stdout: sudo /home/ubuntu/cephtest/cephadm shell --fsid 27bbebfa-dfe8-11ee-95c8-87774f69a715 -c /etc/ceph/ceph.conf -k /etc/ceph/ceph.client.admin.keyring
2024-03-11T20:46:39.191 INFO:teuthology.orchestra.run.smithi129.stdout:
2024-03-11T20:46:39.191 INFO:teuthology.orchestra.run.smithi129.stdout:Or, if you are only running a single cluster on this host:
2024-03-11T20:46:39.191 INFO:teuthology.orchestra.run.smithi129.stdout:
2024-03-11T20:46:39.191 INFO:teuthology.orchestra.run.smithi129.stdout: sudo /home/ubuntu/cephtest/cephadm shell
2024-03-11T20:46:39.191 INFO:teuthology.orchestra.run.smithi129.stdout:
2024-03-11T20:46:39.191 INFO:teuthology.orchestra.run.smithi129.stdout:Please consider enabling telemetry to help improve Ceph:
2024-03-11T20:46:39.192 INFO:teuthology.orchestra.run.smithi129.stdout:
2024-03-11T20:46:39.192 INFO:teuthology.orchestra.run.smithi129.stdout: ceph telemetry on
2024-03-11T20:46:39.192 INFO:teuthology.orchestra.run.smithi129.stdout:
2024-03-11T20:46:39.192 INFO:teuthology.orchestra.run.smithi129.stdout:For more information see:
2024-03-11T20:46:39.192 INFO:teuthology.orchestra.run.smithi129.stdout:
2024-03-11T20:46:39.192 INFO:teuthology.orchestra.run.smithi129.stdout: https://docs.ceph.com/en/latest/mgr/telemetry/
2024-03-11T20:46:39.192 INFO:teuthology.orchestra.run.smithi129.stdout:
2024-03-11T20:46:39.192 INFO:teuthology.orchestra.run.smithi129.stdout:Bootstrap complete.
2024-03-11T20:46:39.227 INFO:tasks.cephadm:Fetching config...
2024-03-11T20:46:39.228 DEBUG:teuthology.orchestra.run.smithi129:> set -ex
2024-03-11T20:46:39.228 DEBUG:teuthology.orchestra.run.smithi129:> dd if=/etc/ceph/ceph.conf of=/dev/stdout
2024-03-11T20:46:39.243 INFO:tasks.cephadm:Fetching client.admin keyring...
2024-03-11T20:46:39.243 DEBUG:teuthology.orchestra.run.smithi129:> set -ex
2024-03-11T20:46:39.243 DEBUG:teuthology.orchestra.run.smithi129:> dd if=/etc/ceph/ceph.client.admin.keyring of=/dev/stdout
2024-03-11T20:46:39.299 INFO:tasks.cephadm:Fetching mon keyring...
2024-03-11T20:46:39.299 DEBUG:teuthology.orchestra.run.smithi129:> set -ex
2024-03-11T20:46:39.299 DEBUG:teuthology.orchestra.run.smithi129:> sudo dd if=/var/lib/ceph/27bbebfa-dfe8-11ee-95c8-87774f69a715/mon.a/keyring of=/dev/stdout
2024-03-11T20:46:39.366 INFO:tasks.cephadm:Fetching pub ssh key...
2024-03-11T20:46:39.366 DEBUG:teuthology.orchestra.run.smithi129:> set -ex
2024-03-11T20:46:39.366 DEBUG:teuthology.orchestra.run.smithi129:> dd if=/home/ubuntu/cephtest/ceph.pub of=/dev/stdout
2024-03-11T20:46:39.421 INFO:tasks.cephadm:Installing pub ssh key for root users...
