2024-03-11T20:46:05.472 INFO:teuthology.orchestra.run.smithi129.stdout:/usr/bin/ceph: stderr
2024-03-11T20:46:04.701+0000 7f808affd700 1 -- 172.21.15.129:0/3896795007 <== mon.0 v2:172.21.15.129:3300/0 3 ==== mon_map magic: 0 v1 ==== 205+0+0 (secure 0 0 0) 0x7f807c011940 con 0x7f808c104b30
2024-03-11T20:46:05.472 INFO:teuthology.orchestra.run.smithi129.stdout:/usr/bin/ceph: stderr
2024-03-11T20:46:04.702+0000 7f809236d700 1 -- 172.21.15.129:0/3896795007 >> [v2:172.21.15.129:3300/0,v1:172.21.15.129:6789/0] conn(0x7f808c104b30 msgr2=0x7f808c104f50 secure :-1 s=STATE_CONNECTION_ESTABLISHED l=1).mark_down
2024-03-11T20:46:05.472 INFO:teuthology.orchestra.run.smithi129.stdout:/usr/bin/ceph: stderr
2024-03-11T20:46:04.702+0000 7f809236d700 1 --2- 172.21.15.129:0/3896795007 >> [v2:172.21.15.129:3300/0,v1:172.21.15.129:6789/0] conn(0x7f808c104b30 0x7f808c104f50 secure :-1 s=READY pgs=37 cs=0 l=1 rev1=1 crypto rx=0x7f807c0098a0 tx=0x7f807c009bb0 comp rx=0 tx=0).stop
2024-03-11T20:46:05.472 INFO:teuthology.orchestra.run.smithi129.stdout:/usr/bin/ceph: stderr
2024-03-11T20:46:04.702+0000 7f809236d700 1 -- 172.21.15.129:0/3896795007 shutdown_connections
2024-03-11T20:46:05.472 INFO:teuthology.orchestra.run.smithi129.stdout:/usr/bin/ceph: stderr
2024-03-11T20:46:04.702+0000 7f809236d700 1 --2- 172.21.15.129:0/3896795007 >> [v2:172.21.15.129:3300/0,v1:172.21.15.129:6789/0] conn(0x7f808c104b30 0x7f808c104f50 unknown :-1 s=CLOSED pgs=37 cs=0 l=1 rev1=1 crypto rx=0 tx=0 comp rx=0 tx=0).stop
2024-03-11T20:46:05.473 INFO:teuthology.orchestra.run.smithi129.stdout:/usr/bin/ceph: stderr
2024-03-11T20:46:04.702+0000 7f809236d700 1 -- 172.21.15.129:0/3896795007 >> 172.21.15.129:0/3896795007 conn(0x7f808c1000b0 msgr2=0x7f808c102510 unknown :-1 s=STATE_NONE l=0).mark_down
2024-03-11T20:46:05.473 INFO:teuthology.orchestra.run.smithi129.stdout:/usr/bin/ceph: stderr
2024-03-11T20:46:04.702+0000 7f809236d700 1 -- 172.21.15.129:0/3896795007 shutdown_connections
2024-03-11T20:46:05.473 INFO:teuthology.orchestra.run.smithi129.stdout:/usr/bin/ceph: stderr
2024-03-11T20:46:04.702+0000 7f809236d700 1 -- 172.21.15.129:0/3896795007 wait complete.
2024-03-11T20:46:05.473 INFO:teuthology.orchestra.run.smithi129.stdout:/usr/bin/ceph: stderr
2024-03-11T20:46:04.702+0000 7f809236d700 1 Processor -- start
2024-03-11T20:46:05.473 INFO:teuthology.orchestra.run.smithi129.stdout:/usr/bin/ceph: stderr
2024-03-11T20:46:04.702+0000 7f809236d700 1 -- start start
2024-03-11T20:46:05.473 INFO:teuthology.orchestra.run.smithi129.stdout:/usr/bin/ceph: stderr
2024-03-11T20:46:04.703+0000 7f809236d700 1 --2- >> [v2:172.21.15.129:3300/0,v1:172.21.15.129:6789/0] conn(0x7f808c104b30 0x7f808c1977f0 unknown :-1 s=NONE pgs=0 cs=0 l=1 rev1=0 crypto rx=0 tx=0 comp rx=0 tx=0).connect
2024-03-11T20:46:05.473 INFO:teuthology.orchestra.run.smithi129.stdout:/usr/bin/ceph: stderr
2024-03-11T20:46:04.703+0000 7f809236d700 1 -- --> [v2:172.21.15.129:3300/0,v1:172.21.15.129:6789/0] -- mon_getmap magic: 0 v1 -- 0x7f808c106b00 con 0x7f808c104b30
2024-03-11T20:46:05.473 INFO:teuthology.orchestra.run.smithi129.stdout:/usr/bin/ceph: stderr
2024-03-11T20:46:04.703+0000 7f808bfff700 1 --2- >> [v2:172.21.15.129:3300/0,v1:172.21.15.129:6789/0] conn(0x7f808c104b30 0x7f808c1977f0 unknown :-1 s=BANNER_CONNECTING pgs=0 cs=0 l=1 rev1=0 crypto rx=0 tx=0 comp rx=0 tx=0)._handle_peer_banner_payload supported=3 required=0
2024-03-11T20:46:05.473 INFO:teuthology.orchestra.run.smithi129.stdout:/usr/bin/ceph: stderr
2024-03-11T20:46:04.703+0000 7f808bfff700 1 --2- >> [v2:172.21.15.129:3300/0,v1:172.21.15.129:6789/0] conn(0x7f808c104b30 0x7f808c1977f0 unknown :-1 s=HELLO_CONNECTING pgs=0 cs=0 l=1 rev1=1 crypto rx=0 tx=0 comp rx=0 tx=0).handle_hello peer v2:172.21.15.129:3300/0 says I am v2:172.21.15.129:58096/0 (socket says 172.21.15.129:58096)
2024-03-11T20:46:05.473 INFO:teuthology.orchestra.run.smithi129.stdout:/usr/bin/ceph: stderr
2024-03-11T20:46:04.703+0000 7f808bfff700 1 -- 172.21.15.129:0/507189561 learned_addr learned my addr 172.21.15.129:0/507189561 (peer_addr_for_me v2:172.21.15.129:0/0)
2024-03-11T20:46:05.473 INFO:teuthology.orchestra.run.smithi129.stdout:/usr/bin/ceph: stderr
2024-03-11T20:46:04.703+0000 7f808bfff700 1 -- 172.21.15.129:0/507189561 --> [v2:172.21.15.129:3300/0,v1:172.21.15.129:6789/0] -- mon_subscribe({config=0+,monmap=0+}) v3 -- 0x7f808c197d30 con 0x7f808c104b30
2024-03-11T20:46:05.473 INFO:teuthology.orchestra.run.smithi129.stdout:/usr/bin/ceph: stderr
2024-03-11T20:46:04.703+0000 7f808bfff700 1 --2- 172.21.15.129:0/507189561 >> [v2:172.21.15.129:3300/0,v1:172.21.15.129:6789/0] conn(0x7f808c104b30 0x7f808c1977f0 secure :-1 s=READY pgs=38 cs=0 l=1 rev1=1 crypto rx=0x7f807c003e40 tx=0x7f807c0119c0 comp rx=0 tx=0).ready entity=mon.0 client_cookie=0 server_cookie=0 in_seq=0 out_seq=0
2024-03-11T20:46:05.473 INFO:teuthology.orchestra.run.smithi129.stdout:/usr/bin/ceph: stderr
2024-03-11T20:46:04.703+0000 7f80897fa700 1 -- 172.21.15.129:0/507189561 <== mon.0 v2:172.21.15.129:3300/0 1 ==== mon_map magic: 0 v1 ==== 205+0+0 (secure 0 0 0) 0x7f807c01a430 con 0x7f808c104b30
2024-03-11T20:46:05.473 INFO:teuthology.orchestra.run.smithi129.stdout:/usr/bin/ceph: stderr
2024-03-11T20:46:04.703+0000 7f809236d700 1 -- 172.21.15.129:0/507189561 --> [v2:172.21.15.129:3300/0,v1:172.21.15.129:6789/0] -- mon_subscribe({mgrmap=0+}) v3 -- 0x7f808c197fc0 con 0x7f808c104b30
2024-03-11T20:46:05.474 INFO:teuthology.orchestra.run.smithi129.stdout:/usr/bin/ceph: stderr
2024-03-11T20:46:04.703+0000 7f80897fa700 1 -- 172.21.15.129:0/507189561 <== mon.0 v2:172.21.15.129:3300/0 2 ==== config(24 keys) v1 ==== 1011+0+0 (secure 0 0 0) 0x7f807c01aa30 con 0x7f808c104b30
2024-03-11T20:46:05.474 INFO:teuthology.orchestra.run.smithi129.stdout:/usr/bin/ceph: stderr
2024-03-11T20:46:04.703+0000 7f80897fa700 1 -- 172.21.15.129:0/507189561 <== mon.0 v2:172.21.15.129:3300/0 3 ==== mon_map magic: 0 v1 ==== 205+0+0 (secure 0 0 0) 0x7f807c024960 con 0x7f808c104b30
2024-03-11T20:46:05.474 INFO:teuthology.orchestra.run.smithi129.stdout:/usr/bin/ceph: stderr
2024-03-11T20:46:04.703+0000 7f809236d700 1 -- 172.21.15.129:0/507189561 --> [v2:172.21.15.129:3300/0,v1:172.21.15.129:6789/0] -- mon_subscribe({osdmap=0}) v3 -- 0x7f808c19acb0 con 0x7f808c104b30
2024-03-11T20:46:05.474 INFO:teuthology.orchestra.run.smithi129.stdout:/usr/bin/ceph: stderr
2024-03-11T20:46:04.704+0000 7f80897fa700 1 -- 172.21.15.129:0/507189561 <== mon.0 v2:172.21.15.129:3300/0 4 ==== mgrmap(e 7) v1 ==== 46000+0+0 (secure 0 0 0) 0x7f807c022020 con 0x7f808c104b30
2024-03-11T20:46:05.474 INFO:teuthology.orchestra.run.smithi129.stdout:/usr/bin/ceph: stderr
2024-03-11T20:46:04.704+0000 7f809236d700 1 -- 172.21.15.129:0/507189561 --> [v2:172.21.15.129:3300/0,v1:172.21.15.129:6789/0] -- mon_command({"prefix": "get_command_descriptions"} v 0) v1 -- 0x7f808c063410 con 0x7f808c104b30
2024-03-11T20:46:05.474 INFO:teuthology.orchestra.run.smithi129.stdout:/usr/bin/ceph: stderr
2024-03-11T20:46:04.704+0000 7f80897fa700 1 --2- 172.21.15.129:0/507189561 >> [v2:172.21.15.129:6800/521270824,v1:172.21.15.129:6801/521270824] conn(0x7f807403afc0 0x7f807403d480 unknown :-1 s=NONE pgs=0 cs=0 l=1 rev1=0 crypto rx=0 tx=0 comp rx=0 tx=0).connect
2024-03-11T20:46:05.474 INFO:teuthology.orchestra.run.smithi129.stdout:/usr/bin/ceph: stderr
2024-03-11T20:46:04.705+0000 7f80897fa700 1 -- 172.21.15.129:0/507189561 <== mon.0 v2:172.21.15.129:3300/0 5 ==== osd_map(2..2 src has 1..2) v4 ==== 940+0+0 (secure 0 0 0) 0x7f807c04d6d0 con 0x7f808c104b30
2024-03-11T20:46:05.474 INFO:teuthology.orchestra.run.smithi129.stdout:/usr/bin/ceph: stderr
2024-03-11T20:46:04.705+0000 7f808b7fe700 1 --2- 172.21.15.129:0/507189561 >> [v2:172.21.15.129:6800/521270824,v1:172.21.15.129:6801/521270824] conn(0x7f807403afc0 0x7f807403d480 unknown :-1 s=BANNER_CONNECTING pgs=0 cs=0 l=1 rev1=0 crypto rx=0 tx=0 comp rx=0 tx=0)._handle_peer_banner_payload supported=3 required=0
2024-03-11T20:46:05.474 INFO:teuthology.orchestra.run.smithi129.stdout:/usr/bin/ceph: stderr
2024-03-11T20:46:04.705+0000 7f808b7fe700 1 --2- 172.21.15.129:0/507189561 >> [v2:172.21.15.129:6800/521270824,v1:172.21.15.129:6801/521270824] conn(0x7f807403afc0 0x7f807403d480 secure :-1 s=READY pgs=7 cs=0 l=1 rev1=1 crypto rx=0x7f8080006fd0 tx=0x7f8080006e40 comp rx=0 tx=0).ready entity=mgr.14120 client_cookie=0 server_cookie=0 in_seq=0 out_seq=0
2024-03-11T20:46:05.474 INFO:teuthology.orchestra.run.smithi129.stdout:/usr/bin/ceph: stderr
2024-03-11T20:46:04.710+0000 7f80897fa700 1 -- 172.21.15.129:0/507189561 <== mon.0 v2:172.21.15.129:3300/0 6 ==== mon_command_ack([{"prefix": "get_command_descriptions"}]=0 v0) v1 ==== 72+0+184781 (secure 0 0 0) 0x7f807c00b3e0 con 0x7f808c104b30
2024-03-11T20:46:05.474 INFO:teuthology.orchestra.run.smithi129.stdout:/usr/bin/ceph: stderr
2024-03-11T20:46:04.729+0000 7f80897fa700 1 -- 172.21.15.129:0/507189561 <== mon.0 v2:172.21.15.129:3300/0 7 ==== mgrmap(e 8) v1 ==== 46106+0+0 (secure 0 0 0) 0x7f807c02dc90 con 0x7f808c104b30
2024-03-11T20:46:05.474 INFO:teuthology.orchestra.run.smithi129.stdout:/usr/bin/ceph: stderr
2024-03-11T20:46:04.924+0000 7f809236d700 1 -- 172.21.15.129:0/507189561 --> [v2:172.21.15.129:6800/521270824,v1:172.21.15.129:6801/521270824] -- mgr_command(tid 0: {"prefix": "orch set backend", "module_name": "cephadm", "target": ["mon-mgr", ""]}) v1 -- 0x7f808c062220 con 0x7f807403afc0
2024-03-11T20:46:05.474 INFO:teuthology.orchestra.run.smithi129.stdout:/usr/bin/ceph: stderr
2024-03-11T20:46:04.931+0000 7f80897fa700 1 -- 172.21.15.129:0/507189561 <== mgr.14120 v2:172.21.15.129:6800/521270824 1 ==== mgr_command_reply(tid 0: 0 ) v1 ==== 8+0+0 (secure 0 0 0) 0x7f808c062220 con 0x7f807403afc0
2024-03-11T20:46:05.475 INFO:teuthology.orchestra.run.smithi129.stdout:/usr/bin/ceph: stderr
2024-03-11T20:46:04.933+0000 7f809236d700 1 -- 172.21.15.129:0/507189561 >> [v2:172.21.15.129:6800/521270824,v1:172.21.15.129:6801/521270824] conn(0x7f807403afc0 msgr2=0x7f807403d480 secure :-1 s=STATE_CONNECTION_ESTABLISHED l=1).mark_down
2024-03-11T20:46:05.475 INFO:teuthology.orchestra.run.smithi129.stdout:/usr/bin/ceph: stderr
2024-03-11T20:46:04.933+0000 7f809236d700 1 --2- 172.21.15.129:0/507189561 >> [v2:172.21.15.129:6800/521270824,v1:172.21.15.129:6801/521270824] conn(0x7f807403afc0 0x7f807403d480 secure :-1 s=READY pgs=7 cs=0 l=1 rev1=1 crypto rx=0x7f8080006fd0 tx=0x7f8080006e40 comp rx=0 tx=0).stop
2024-03-11T20:46:05.475 INFO:teuthology.orchestra.run.smithi129.stdout:/usr/bin/ceph: stderr
2024-03-11T20:46:04.933+0000 7f809236d700 1 -- 172.21.15.129:0/507189561 >> [v2:172.21.15.129:3300/0,v1:172.21.15.129:6789/0] conn(0x7f808c104b30 msgr2=0x7f808c1977f0 secure :-1 s=STATE_CONNECTION_ESTABLISHED l=1).mark_down
2024-03-11T20:46:05.475 INFO:teuthology.orchestra.run.smithi129.stdout:/usr/bin/ceph: stderr
2024-03-11T20:46:04.933+0000 7f809236d700 1 --2- 172.21.15.129:0/507189561 >> [v2:172.21.15.129:3300/0,v1:172.21.15.129:6789/0] conn(0x7f808c104b30 0x7f808c1977f0 secure :-1 s=READY pgs=38 cs=0 l=1 rev1=1 crypto rx=0x7f807c003e40 tx=0x7f807c0119c0 comp rx=0 tx=0).stop
2024-03-11T20:46:05.475 INFO:teuthology.orchestra.run.smithi129.stdout:/usr/bin/ceph: stderr
2024-03-11T20:46:04.934+0000 7f809236d700 1 -- 172.21.15.129:0/507189561 shutdown_connections
2024-03-11T20:46:05.475 INFO:teuthology.orchestra.run.smithi129.stdout:/usr/bin/ceph: stderr
2024-03-11T20:46:04.934+0000 7f809236d700 1 --2- 172.21.15.129:0/507189561 >> [v2:172.21.15.129:6800/521270824,v1:172.21.15.129:6801/521270824] conn(0x7f807403afc0 0x7f807403d480 unknown :-1 s=CLOSED pgs=7 cs=0 l=1 rev1=1 crypto rx=0 tx=0 comp rx=0 tx=0).stop
2024-03-11T20:46:05.475 INFO:teuthology.orchestra.run.smithi129.stdout:/usr/bin/ceph: stderr
2024-03-11T20:46:04.934+0000 7f809236d700 1 --2- 172.21.15.129:0/507189561 >> [v2:172.21.15.129:3300/0,v1:172.21.15.129:6789/0] conn(0x7f808c104b30 0x7f808c1977f0 unknown :-1 s=CLOSED pgs=38 cs=0 l=1 rev1=1 crypto rx=0 tx=0 comp rx=0 tx=0).stop
2024-03-11T20:46:05.475 INFO:teuthology.orchestra.run.smithi129.stdout:/usr/bin/ceph: stderr
2024-03-11T20:46:04.934+0000 7f809236d700 1 -- 172.21.15.129:0/507189561 >> 172.21.15.129:0/507189561 conn(0x7f808c1000b0 msgr2=0x7f808c18de10 unknown :-1 s=STATE_NONE l=0).mark_down
2024-03-11T20:46:05.475 INFO:teuthology.orchestra.run.smithi129.stdout:/usr/bin/ceph: stderr
2024-03-11T20:46:04.934+0000 7f809236d700 1 -- 172.21.15.129:0/507189561 shutdown_connections
2024-03-11T20:46:05.475 INFO:teuthology.orchestra.run.smithi129.stdout:/usr/bin/ceph: stderr
2024-03-11T20:46:04.934+0000 7f809236d700 1 -- 172.21.15.129:0/507189561 wait complete.
2024-03-11T20:46:05.977 INFO:journalctl@ceph.mon.a.smithi129.stdout:Mar 11 20:46:05 smithi129 ceph-mon[30184]: mgrmap e8: y(active, since 2s)
2024-03-11T20:46:05.977 INFO:journalctl@ceph.mon.a.smithi129.stdout:Mar 11 20:46:05 smithi129 ceph-mon[30184]: from='client.14132 -' entity='client.admin' cmd=[{"prefix": "orch set backend", "module_name": "cephadm", "target": ["mon-mgr", ""]}]: dispatch
2024-03-11T20:46:05.977 INFO:journalctl@ceph.mon.a.smithi129.stdout:Mar 11 20:46:05 smithi129 ceph-mon[30184]: from='mgr.14120 172.21.15.129:0/1799172450' entity='mgr.y'
2024-03-11T20:46:05.977 INFO:journalctl@ceph.mon.a.smithi129.stdout:Mar 11 20:46:05 smithi129 ceph-mon[30184]: from='mgr.14120 172.21.15.129:0/1799172450' entity='mgr.y' cmd=[{"prefix": "config dump", "format": "json"}]: dispatch
2024-03-11T20:46:06.727 INFO:teuthology.orchestra.run.smithi129.stdout:/usr/bin/ceph: stdout value unchanged
2024-03-11T20:46:06.727 INFO:teuthology.orchestra.run.smithi129.stdout:/usr/bin/ceph: stderr
2024-03-11T20:46:05.947+0000 7f4bbac5d700 1 Processor -- start
2024-03-11T20:46:06.727 INFO:teuthology.orchestra.run.smithi129.stdout:/usr/bin/ceph: stderr
2024-03-11T20:46:05.947+0000 7f4bbac5d700 1 -- start start
2024-03-11T20:46:06.727 INFO:teuthology.orchestra.run.smithi129.stdout:/usr/bin/ceph: stderr
2024-03-11T20:46:05.947+0000 7f4bbac5d700 1 --2- >> [v2:172.21.15.129:3300/0,v1:172.21.15.129:6789/0] conn(0x7f4bb4105c60 0x7f4bb4106080 unknown :-1 s=NONE pgs=0 cs=0 l=0 rev1=0 crypto rx=0 tx=0 comp rx=0 tx=0).connect
2024-03-11T20:46:06.728 INFO:teuthology.orchestra.run.smithi129.stdout:/usr/bin/ceph: stderr
2024-03-11T20:46:05.947+0000 7f4bbac5d700 1 -- --> [v2:172.21.15.129:3300/0,v1:172.21.15.129:6789/0] -- mon_getmap magic: 0 v1 -- 0x7f4bb4106650 con 0x7f4bb4105c60
2024-03-11T20:46:06.728 INFO:teuthology.orchestra.run.smithi129.stdout:/usr/bin/ceph: stderr
2024-03-11T20:46:05.947+0000 7f4bb89f9700 1 --2- >> [v2:172.21.15.129:3300/0,v1:172.21.15.129:6789/0] conn(0x7f4bb4105c60 0x7f4bb4106080 unknown :-1 s=BANNER_CONNECTING pgs=0 cs=0 l=0 rev1=0 crypto rx=0 tx=0 comp rx=0 tx=0)._handle_peer_banner_payload supported=3 required=0
2024-03-11T20:46:06.728 INFO:teuthology.orchestra.run.smithi129.stdout:/usr/bin/ceph: stderr
2024-03-11T20:46:05.947+0000 7f4bb89f9700 1 --2- >> [v2:172.21.15.129:3300/0,v1:172.21.15.129:6789/0] conn(0x7f4bb4105c60 0x7f4bb4106080 unknown :-1 s=HELLO_CONNECTING pgs=0 cs=0 l=0 rev1=1 crypto rx=0 tx=0 comp rx=0 tx=0).handle_hello peer v2:172.21.15.129:3300/0 says I am v2:172.21.15.129:39332/0 (socket says 172.21.15.129:39332)
2024-03-11T20:46:06.728 INFO:teuthology.orchestra.run.smithi129.stdout:/usr/bin/ceph: stderr
2024-03-11T20:46:05.947+0000 7f4bb89f9700 1 -- 172.21.15.129:0/3909447793 learned_addr learned my addr 172.21.15.129:0/3909447793 (peer_addr_for_me v2:172.21.15.129:0/0)
2024-03-11T20:46:06.728 INFO:teuthology.orchestra.run.smithi129.stdout:/usr/bin/ceph: stderr
2024-03-11T20:46:05.947+0000 7f4bb89f9700 1 -- 172.21.15.129:0/3909447793 --> [v2:172.21.15.129:3300/0,v1:172.21.15.129:6789/0] -- mon_subscribe({config=0+,monmap=0+}) v3 -- 0x7f4bb4106e60 con 0x7f4bb4105c60
2024-03-11T20:46:06.728 INFO:teuthology.orchestra.run.smithi129.stdout:/usr/bin/ceph: stderr
2024-03-11T20:46:05.948+0000 7f4bb89f9700 1 --2- 172.21.15.129:0/3909447793 >> [v2:172.21.15.129:3300/0,v1:172.21.15.129:6789/0] conn(0x7f4bb4105c60 0x7f4bb4106080 secure :-1 s=READY pgs=39 cs=0 l=1 rev1=1 crypto rx=0x7f4ba80098a0 tx=0x7f4ba8009bb0 comp rx=0 tx=0).ready entity=mon.0 client_cookie=e19ae244f8922ed9 server_cookie=0 in_seq=0 out_seq=0
2024-03-11T20:46:06.728 INFO:teuthology.orchestra.run.smithi129.stdout:/usr/bin/ceph: stderr
2024-03-11T20:46:05.948+0000 7f4bb37fe700 1 -- 172.21.15.129:0/3909447793 <== mon.0 v2:172.21.15.129:3300/0 1 ==== mon_map magic: 0 v1 ==== 205+0+0 (secure 0 0 0) 0x7f4ba8004160 con 0x7f4bb4105c60
2024-03-11T20:46:06.728 INFO:teuthology.orchestra.run.smithi129.stdout:/usr/bin/ceph: stderr
2024-03-11T20:46:05.948+0000 7f4bb37fe700 1 -- 172.21.15.129:0/3909447793 <== mon.0 v2:172.21.15.129:3300/0 2 ==== config(24 keys) v1 ==== 1011+0+0 (secure 0 0 0) 0x7f4ba8004300 con 0x7f4bb4105c60
2024-03-11T20:46:06.728 INFO:teuthology.orchestra.run.smithi129.stdout:/usr/bin/ceph: stderr
2024-03-11T20:46:05.948+0000 7f4bb37fe700 1 -- 172.21.15.129:0/3909447793 <== mon.0 v2:172.21.15.129:3300/0 3 ==== mon_map magic: 0 v1 ==== 205+0+0 (secure 0 0 0) 0x7f4ba8011940 con 0x7f4bb4105c60
2024-03-11T20:46:06.728 INFO:teuthology.orchestra.run.smithi129.stdout:/usr/bin/ceph: stderr
2024-03-11T20:46:05.948+0000 7f4bbac5d700 1 -- 172.21.15.129:0/3909447793 >> [v2:172.21.15.129:3300/0,v1:172.21.15.129:6789/0] conn(0x7f4bb4105c60 msgr2=0x7f4bb4106080 secure :-1 s=STATE_CONNECTION_ESTABLISHED l=1).mark_down
2024-03-11T20:46:06.728 INFO:teuthology.orchestra.run.smithi129.stdout:/usr/bin/ceph: stderr
2024-03-11T20:46:05.948+0000 7f4bbac5d700 1 --2- 172.21.15.129:0/3909447793 >> [v2:172.21.15.129:3300/0,v1:172.21.15.129:6789/0] conn(0x7f4bb4105c60 0x7f4bb4106080 secure :-1 s=READY pgs=39 cs=0 l=1 rev1=1 crypto rx=0x7f4ba80098a0 tx=0x7f4ba8009bb0 comp rx=0 tx=0).stop
2024-03-11T20:46:06.728 INFO:teuthology.orchestra.run.smithi129.stdout:/usr/bin/ceph: stderr
2024-03-11T20:46:05.948+0000 7f4bbac5d700 1 -- 172.21.15.129:0/3909447793 shutdown_connections
2024-03-11T20:46:06.728 INFO:teuthology.orchestra.run.smithi129.stdout:/usr/bin/ceph: stderr
2024-03-11T20:46:05.948+0000 7f4bbac5d700 1 --2- 172.21.15.129:0/3909447793 >> [v2:172.21.15.129:3300/0,v1:172.21.15.129:6789/0] conn(0x7f4bb4105c60 0x7f4bb4106080 unknown :-1 s=CLOSED pgs=39 cs=0 l=1 rev1=1 crypto rx=0 tx=0 comp rx=0 tx=0).stop
2024-03-11T20:46:06.728 INFO:teuthology.orchestra.run.smithi129.stdout:/usr/bin/ceph: stderr
2024-03-11T20:46:05.948+0000 7f4bbac5d700 1 -- 172.21.15.129:0/3909447793 >> 172.21.15.129:0/3909447793 conn(0x7f4bb41011c0 msgr2=0x7f4bb4103640 unknown :-1 s=STATE_NONE l=0).mark_down
2024-03-11T20:46:06.728 INFO:teuthology.orchestra.run.smithi129.stdout:/usr/bin/ceph: stderr
2024-03-11T20:46:05.949+0000 7f4bbac5d700 1 -- 172.21.15.129:0/3909447793 shutdown_connections
2024-03-11T20:46:06.729 INFO:teuthology.orchestra.run.smithi129.stdout:/usr/bin/ceph: stderr
2024-03-11T20:46:05.949+0000 7f4bbac5d700 1 -- 172.21.15.129:0/3909447793 wait complete.
2024-03-11T20:46:06.729 INFO:teuthology.orchestra.run.smithi129.stdout:/usr/bin/ceph: stderr
2024-03-11T20:46:05.949+0000 7f4bbac5d700 1 Processor -- start
2024-03-11T20:46:06.729 INFO:teuthology.orchestra.run.smithi129.stdout:/usr/bin/ceph: stderr
2024-03-11T20:46:05.949+0000 7f4bbac5d700 1 -- start start
2024-03-11T20:46:06.729 INFO:teuthology.orchestra.run.smithi129.stdout:/usr/bin/ceph: stderr
2024-03-11T20:46:05.949+0000 7f4bbac5d700 1 --2- >> [v2:172.21.15.129:3300/0,v1:172.21.15.129:6789/0] conn(0x7f4bb4105c60 0x7f4bb407b3f0 unknown :-1 s=NONE pgs=0 cs=0 l=1 rev1=0 crypto rx=0 tx=0 comp rx=0 tx=0).connect
2024-03-11T20:46:06.729 INFO:teuthology.orchestra.run.smithi129.stdout:/usr/bin/ceph: stderr
2024-03-11T20:46:05.949+0000 7f4bbac5d700 1 -- --> [v2:172.21.15.129:3300/0,v1:172.21.15.129:6789/0] -- mon_getmap magic: 0 v1 -- 0x7f4bb4107cf0 con 0x7f4bb4105c60
2024-03-11T20:46:06.729 INFO:teuthology.orchestra.run.smithi129.stdout:/usr/bin/ceph: stderr
2024-03-11T20:46:05.949+0000 7f4bb89f9700 1 --2- >> [v2:172.21.15.129:3300/0,v1:172.21.15.129:6789/0] conn(0x7f4bb4105c60 0x7f4bb407b3f0 unknown :-1 s=BANNER_CONNECTING pgs=0 cs=0 l=1 rev1=0 crypto rx=0 tx=0 comp rx=0 tx=0)._handle_peer_banner_payload supported=3 required=0
2024-03-11T20:46:06.729 INFO:teuthology.orchestra.run.smithi129.stdout:/usr/bin/ceph: stderr
2024-03-11T20:46:05.949+0000 7f4bb89f9700 1 --2- >> [v2:172.21.15.129:3300/0,v1:172.21.15.129:6789/0] conn(0x7f4bb4105c60 0x7f4bb407b3f0 unknown :-1 s=HELLO_CONNECTING pgs=0 cs=0 l=1 rev1=1 crypto rx=0 tx=0 comp rx=0 tx=0).handle_hello peer v2:172.21.15.129:3300/0 says I am v2:172.21.15.129:39348/0 (socket says 172.21.15.129:39348)
2024-03-11T20:46:06.729 INFO:teuthology.orchestra.run.smithi129.stdout:/usr/bin/ceph: stderr
2024-03-11T20:46:05.949+0000 7f4bb89f9700 1 -- 172.21.15.129:0/4225411588 learned_addr learned my addr 172.21.15.129:0/4225411588 (peer_addr_for_me v2:172.21.15.129:0/0)
2024-03-11T20:46:06.729 INFO:teuthology.orchestra.run.smithi129.stdout:/usr/bin/ceph: stderr
2024-03-11T20:46:05.950+0000 7f4bb89f9700 1 -- 172.21.15.129:0/4225411588 --> [v2:172.21.15.129:3300/0,v1:172.21.15.129:6789/0] -- mon_subscribe({config=0+,monmap=0+}) v3 -- 0x7f4bb407b930 con 0x7f4bb4105c60
2024-03-11T20:46:06.729 INFO:teuthology.orchestra.run.smithi129.stdout:/usr/bin/ceph: stderr
2024-03-11T20:46:05.950+0000 7f4bb89f9700 1 --2- 172.21.15.129:0/4225411588 >> [v2:172.21.15.129:3300/0,v1:172.21.15.129:6789/0] conn(0x7f4bb4105c60 0x7f4bb407b3f0 secure :-1 s=READY pgs=40 cs=0 l=1 rev1=1 crypto rx=0x7f4ba8011910 tx=0x7f4ba80119f0 comp rx=0 tx=0).ready entity=mon.0 client_cookie=0 server_cookie=0 in_seq=0 out_seq=0
2024-03-11T20:46:06.729 INFO:teuthology.orchestra.run.smithi129.stdout:/usr/bin/ceph: stderr
2024-03-11T20:46:05.950+0000 7f4bb1ffb700 1 -- 172.21.15.129:0/4225411588 <== mon.0 v2:172.21.15.129:3300/0 1 ==== mon_map magic: 0 v1 ==== 205+0+0 (secure 0 0 0) 0x7f4ba8003b20 con 0x7f4bb4105c60
2024-03-11T20:46:06.730 INFO:teuthology.orchestra.run.smithi129.stdout:/usr/bin/ceph: stderr
2024-03-11T20:46:05.950+0000 7f4bb1ffb700 1 -- 172.21.15.129:0/4225411588 <== mon.0 v2:172.21.15.129:3300/0 2 ==== config(24 keys) v1 ==== 1011+0+0 (secure 0 0 0) 0x7f4ba801a890 con 0x7f4bb4105c60
2024-03-11T20:46:06.730 INFO:teuthology.orchestra.run.smithi129.stdout:/usr/bin/ceph: stderr
2024-03-11T20:46:05.950+0000 7f4bbac5d700 1 -- 172.21.15.129:0/4225411588 --> [v2:172.21.15.129:3300/0,v1:172.21.15.129:6789/0] -- mon_subscribe({mgrmap=0+}) v3 -- 0x7f4bb4079b20 con 0x7f4bb4105c60
2024-03-11T20:46:06.730 INFO:teuthology.orchestra.run.smithi129.stdout:/usr/bin/ceph: stderr
2024-03-11T20:46:05.950+0000 7f4bb1ffb700 1 -- 172.21.15.129:0/4225411588 <== mon.0 v2:172.21.15.129:3300/0 3 ==== mon_map magic: 0 v1 ==== 205+0+0 (secure 0 0 0) 0x7f4ba80197f0 con 0x7f4bb4105c60
2024-03-11T20:46:06.730 INFO:teuthology.orchestra.run.smithi129.stdout:/usr/bin/ceph: stderr
2024-03-11T20:46:05.950+0000 7f4bbac5d700 1 -- 172.21.15.129:0/4225411588 --> [v2:172.21.15.129:3300/0,v1:172.21.15.129:6789/0] -- mon_subscribe({osdmap=0}) v3 -- 0x7f4bb407a060 con 0x7f4bb4105c60
2024-03-11T20:46:06.730 INFO:teuthology.orchestra.run.smithi129.stdout:/usr/bin/ceph: stderr
2024-03-11T20:46:05.951+0000 7f4bb1ffb700 1 -- 172.21.15.129:0/4225411588 <== mon.0 v2:172.21.15.129:3300/0 4 ==== mgrmap(e 8) v1 ==== 46106+0+0 (secure 0 0 0) 0x7f4ba8022020 con 0x7f4bb4105c60
2024-03-11T20:46:06.730 INFO:teuthology.orchestra.run.smithi129.stdout:/usr/bin/ceph: stderr
2024-03-11T20:46:05.951+0000 7f4bbac5d700 1 -- 172.21.15.129:0/4225411588 --> [v2:172.21.15.129:3300/0,v1:172.21.15.129:6789/0] -- mon_command({"prefix": "get_command_descriptions"} v 0) v1 -- 0x7f4bb4063410 con 0x7f4bb4105c60
2024-03-11T20:46:06.730 INFO:teuthology.orchestra.run.smithi129.stdout:/usr/bin/ceph: stderr
2024-03-11T20:46:05.951+0000 7f4bb1ffb700 1 --2- 172.21.15.129:0/4225411588 >> [v2:172.21.15.129:6800/521270824,v1:172.21.15.129:6801/521270824] conn(0x7f4ba4038f70 0x7f4ba403b430 unknown :-1 s=NONE pgs=0 cs=0 l=1 rev1=0 crypto rx=0 tx=0 comp rx=0 tx=0).connect
2024-03-11T20:46:06.730 INFO:teuthology.orchestra.run.smithi129.stdout:/usr/bin/ceph: stderr
2024-03-11T20:46:05.951+0000 7f4bb1ffb700 1 -- 172.21.15.129:0/4225411588 <== mon.0 v2:172.21.15.129:3300/0 5 ==== osd_map(2..2 src has 1..2) v4 ==== 940+0+0 (secure 0 0 0) 0x7f4ba804cfe0 con 0x7f4bb4105c60
2024-03-11T20:46:06.730 INFO:teuthology.orchestra.run.smithi129.stdout:/usr/bin/ceph: stderr
2024-03-11T20:46:05.951+0000 7f4bb3fff700 1 --2- 172.21.15.129:0/4225411588 >> [v2:172.21.15.129:6800/521270824,v1:172.21.15.129:6801/521270824] conn(0x7f4ba4038f70 0x7f4ba403b430 unknown :-1 s=BANNER_CONNECTING pgs=0 cs=0 l=1 rev1=0 crypto rx=0 tx=0 comp rx=0 tx=0)._handle_peer_banner_payload supported=3 required=0
2024-03-11T20:46:06.730 INFO:teuthology.orchestra.run.smithi129.stdout:/usr/bin/ceph: stderr
2024-03-11T20:46:05.951+0000 7f4bb3fff700 1 --2- 172.21.15.129:0/4225411588 >> [v2:172.21.15.129:6800/521270824,v1:172.21.15.129:6801/521270824] conn(0x7f4ba4038f70 0x7f4ba403b430 secure :-1 s=READY pgs=8 cs=0 l=1 rev1=1 crypto rx=0x7f4ba0006fd0 tx=0x7f4ba0006e40 comp rx=0 tx=0).ready entity=mgr.14120 client_cookie=0 server_cookie=0 in_seq=0 out_seq=0
2024-03-11T20:46:06.730 INFO:teuthology.orchestra.run.smithi129.stdout:/usr/bin/ceph: stderr
2024-03-11T20:46:05.956+0000 7f4bb1ffb700 1 -- 172.21.15.129:0/4225411588 <== mon.0 v2:172.21.15.129:3300/0 6 ==== mon_command_ack([{"prefix": "get_command_descriptions"}]=0 v0) v1 ==== 72+0+184781 (secure 0 0 0) 0x7f4ba801ad90 con 0x7f4bb4105c60
2024-03-11T20:46:06.730 INFO:teuthology.orchestra.run.smithi129.stdout:/usr/bin/ceph: stderr
2024-03-11T20:46:06.152+0000 7f4bbac5d700 1 -- 172.21.15.129:0/4225411588 --> [v2:172.21.15.129:6800/521270824,v1:172.21.15.129:6801/521270824] -- mgr_command(tid 0: {"prefix": "cephadm set-user", "user": "root", "target": ["mon-mgr", ""]}) v1 -- 0x7f4bb407a850 con 0x7f4ba4038f70
2024-03-11T20:46:06.730 INFO:teuthology.orchestra.run.smithi129.stdout:/usr/bin/ceph: stderr
2024-03-11T20:46:06.153+0000 7f4bb1ffb700 1 -- 172.21.15.129:0/4225411588 <== mgr.14120 v2:172.21.15.129:6800/521270824 1 ==== mgr_command_reply(tid 0: 0 ) v1 ==== 8+0+16 (secure 0 0 0) 0x7f4bb407a850 con 0x7f4ba4038f70
2024-03-11T20:46:06.730 INFO:teuthology.orchestra.run.smithi129.stdout:/usr/bin/ceph: stderr
2024-03-11T20:46:06.155+0000 7f4bbac5d700 1 -- 172.21.15.129:0/4225411588 >> [v2:172.21.15.129:6800/521270824,v1:172.21.15.129:6801/521270824] conn(0x7f4ba4038f70 msgr2=0x7f4ba403b430 secure :-1 s=STATE_CONNECTION_ESTABLISHED l=1).mark_down
2024-03-11T20:46:06.731 INFO:teuthology.orchestra.run.smithi129.stdout:/usr/bin/ceph: stderr
2024-03-11T20:46:06.155+0000 7f4bbac5d700 1 --2- 172.21.15.129:0/4225411588 >> [v2:172.21.15.129:6800/521270824,v1:172.21.15.129:6801/521270824] conn(0x7f4ba4038f70 0x7f4ba403b430 secure :-1 s=READY pgs=8 cs=0 l=1 rev1=1 crypto rx=0x7f4ba0006fd0 tx=0x7f4ba0006e40 comp rx=0 tx=0).stop
2024-03-11T20:46:06.731 INFO:teuthology.orchestra.run.smithi129.stdout:/usr/bin/ceph: stderr
2024-03-11T20:46:06.155+0000 7f4bbac5d700 1 -- 172.21.15.129:0/4225411588 >> [v2:172.21.15.129:3300/0,v1:172.21.15.129:6789/0] conn(0x7f4bb4105c60 msgr2=0x7f4bb407b3f0 secure :-1 s=STATE_CONNECTION_ESTABLISHED l=1).mark_down
2024-03-11T20:46:06.731 INFO:teuthology.orchestra.run.smithi129.stdout:/usr/bin/ceph: stderr
2024-03-11T20:46:06.155+0000 7f4bbac5d700 1 --2- 172.21.15.129:0/4225411588 >> [v2:172.21.15.129:3300/0,v1:172.21.15.129:6789/0] conn(0x7f4bb4105c60 0x7f4bb407b3f0 secure :-1 s=READY pgs=40 cs=0 l=1 rev1=1 crypto rx=0x7f4ba8011910 tx=0x7f4ba80119f0 comp rx=0 tx=0).stop
2024-03-11T20:46:06.731 INFO:teuthology.orchestra.run.smithi129.stdout:/usr/bin/ceph: stderr
2024-03-11T20:46:06.155+0000 7f4bbac5d700 1 -- 172.21.15.129:0/4225411588 shutdown_connections
2024-03-11T20:46:06.731 INFO:teuthology.orchestra.run.smithi129.stdout:/usr/bin/ceph: stderr
2024-03-11T20:46:06.155+0000 7f4bbac5d700 1 --2- 172.21.15.129:0/4225411588 >> [v2:172.21.15.129:6800/521270824,v1:172.21.15.129:6801/521270824] conn(0x7f4ba4038f70 0x7f4ba403b430 unknown :-1 s=CLOSED pgs=8 cs=0 l=1 rev1=1 crypto rx=0 tx=0 comp rx=0 tx=0).stop
2024-03-11T20:46:06.731 INFO:teuthology.orchestra.run.smithi129.stdout:/usr/bin/ceph: stderr
2024-03-11T20:46:06.155+0000 7f4bbac5d700 1 --2- 172.21.15.129:0/4225411588 >> [v2:172.21.15.129:3300/0,v1:172.21.15.129:6789/0] conn(0x7f4bb4105c60 0x7f4bb407b3f0 unknown :-1 s=CLOSED pgs=40 cs=0 l=1 rev1=1 crypto rx=0 tx=0 comp rx=0 tx=0).stop
2024-03-11T20:46:06.731 INFO:teuthology.orchestra.run.smithi129.stdout:/usr/bin/ceph: stderr
2024-03-11T20:46:06.155+0000 7f4bbac5d700 1 -- 172.21.15.129:0/4225411588 >> 172.21.15.129:0/4225411588 conn(0x7f4bb41011c0 msgr2=0x7f4bb4101e00 unknown :-1 s=STATE_NONE l=0).mark_down
2024-03-11T20:46:06.731 INFO:teuthology.orchestra.run.smithi129.stdout:/usr/bin/ceph: stderr
2024-03-11T20:46:06.155+0000 7f4bbac5d700 1 -- 172.21.15.129:0/4225411588 shutdown_connections
2024-03-11T20:46:06.731 INFO:teuthology.orchestra.run.smithi129.stdout:/usr/bin/ceph: stderr
2024-03-11T20:46:06.155+0000 7f4bbac5d700 1 -- 172.21.15.129:0/4225411588 wait complete.
2024-03-11T20:46:06.731 INFO:teuthology.orchestra.run.smithi129.stdout:Generating ssh key...
2024-03-11T20:46:07.227 INFO:journalctl@ceph.mon.a.smithi129.stdout:Mar 11 20:46:06 smithi129 ceph-mon[30184]: from='client.14134 -' entity='client.admin' cmd=[{"prefix": "cephadm set-user", "user": "root", "target": ["mon-mgr", ""]}]: dispatch
2024-03-11T20:46:08.108 INFO:journalctl@ceph.mgr.y.smithi129.stdout:Mar 11 20:46:07 smithi129 ceph-27bbebfa-dfe8-11ee-95c8-87774f69a715-mgr-y[30437]: Generating public/private rsa key pair.
2024-03-11T20:46:08.109 INFO:journalctl@ceph.mgr.y.smithi129.stdout:Mar 11 20:46:07 smithi129 ceph-27bbebfa-dfe8-11ee-95c8-87774f69a715-mgr-y[30437]: Your identification has been saved in /tmp/tmpj1sidaxx/key.
2024-03-11T20:46:08.109 INFO:journalctl@ceph.mgr.y.smithi129.stdout:Mar 11 20:46:07 smithi129 ceph-27bbebfa-dfe8-11ee-95c8-87774f69a715-mgr-y[30437]: Your public key has been saved in /tmp/tmpj1sidaxx/key.pub.
2024-03-11T20:46:08.109 INFO:journalctl@ceph.mgr.y.smithi129.stdout:Mar 11 20:46:07 smithi129 ceph-27bbebfa-dfe8-11ee-95c8-87774f69a715-mgr-y[30437]: The key fingerprint is:
2024-03-11T20:46:08.109 INFO:journalctl@ceph.mgr.y.smithi129.stdout:Mar 11 20:46:07 smithi129 ceph-27bbebfa-dfe8-11ee-95c8-87774f69a715-mgr-y[30437]: SHA256:jS9rEWJTEfSR7OaKW/wV+Iq2bRLg6+fXBwf4gx4Seas ceph-27bbebfa-dfe8-11ee-95c8-87774f69a715
2024-03-11T20:46:08.109 INFO:journalctl@ceph.mgr.y.smithi129.stdout:Mar 11 20:46:07 smithi129 ceph-27bbebfa-dfe8-11ee-95c8-87774f69a715-mgr-y[30437]: The key's randomart image is:
2024-03-11T20:46:08.109 INFO:journalctl@ceph.mgr.y.smithi129.stdout:Mar 11 20:46:07 smithi129 ceph-27bbebfa-dfe8-11ee-95c8-87774f69a715-mgr-y[30437]: +---[RSA 3072]----+
2024-03-11T20:46:08.109 INFO:journalctl@ceph.mgr.y.smithi129.stdout:Mar 11 20:46:07 smithi129 ceph-27bbebfa-dfe8-11ee-95c8-87774f69a715-mgr-y[30437]: | .++.. |
2024-03-11T20:46:08.109 INFO:journalctl@ceph.mgr.y.smithi129.stdout:Mar 11 20:46:07 smithi129 ceph-27bbebfa-dfe8-11ee-95c8-87774f69a715-mgr-y[30437]: | ..o. |
2024-03-11T20:46:08.109 INFO:journalctl@ceph.mgr.y.smithi129.stdout:Mar 11 20:46:07 smithi129 ceph-27bbebfa-dfe8-11ee-95c8-87774f69a715-mgr-y[30437]: | . o.. |
2024-03-11T20:46:08.109 INFO:journalctl@ceph.mgr.y.smithi129.stdout:Mar 11 20:46:07 smithi129 ceph-27bbebfa-dfe8-11ee-95c8-87774f69a715-mgr-y[30437]: | = +o=.. |
2024-03-11T20:46:08.109 INFO:journalctl@ceph.mgr.y.smithi129.stdout:Mar 11 20:46:07 smithi129 ceph-27bbebfa-dfe8-11ee-95c8-87774f69a715-mgr-y[30437]: | o +S*o+.. |
2024-03-11T20:46:08.109 INFO:journalctl@ceph.mgr.y.smithi129.stdout:Mar 11 20:46:07 smithi129 ceph-27bbebfa-dfe8-11ee-95c8-87774f69a715-mgr-y[30437]: | ..+.=.+.. |
2024-03-11T20:46:08.109 INFO:journalctl@ceph.mgr.y.smithi129.stdout:Mar 11 20:46:07 smithi129 ceph-27bbebfa-dfe8-11ee-95c8-87774f69a715-mgr-y[30437]: | o+B.oo+ |
2024-03-11T20:46:08.110 INFO:journalctl@ceph.mgr.y.smithi129.stdout:Mar 11 20:46:07 smithi129 ceph-27bbebfa-dfe8-11ee-95c8-87774f69a715-mgr-y[30437]: | o.E*+o. . |
2024-03-11T20:46:08.110 INFO:journalctl@ceph.mgr.y.smithi129.stdout:Mar 11 20:46:07 smithi129 ceph-27bbebfa-dfe8-11ee-95c8-87774f69a715-mgr-y[30437]: | .o*==+ . |
2024-03-11T20:46:08.110 INFO:journalctl@ceph.mgr.y.smithi129.stdout:Mar 11 20:46:07 smithi129 ceph-27bbebfa-dfe8-11ee-95c8-87774f69a715-mgr-y[30437]: +----[SHA256]-----+
2024-03-11T20:46:08.383 INFO:teuthology.orchestra.run.smithi129.stdout:/usr/bin/ceph: stderr
2024-03-11T20:46:07.169+0000 7fb1d18bb700 1 Processor -- start
2024-03-11T20:46:08.383 INFO:teuthology.orchestra.run.smithi129.stdout:/usr/bin/ceph: stderr
2024-03-11T20:46:07.169+0000 7fb1d18bb700 1 -- start start
2024-03-11T20:46:08.383 INFO:teuthology.orchestra.run.smithi129.stdout:/usr/bin/ceph: stderr
2024-03-11T20:46:07.169+0000 7fb1d18bb700 1 --2- >> [v2:172.21.15.129:3300/0,v1:172.21.15.129:6789/0] conn(0x7fb1cc1066e0 0x7fb1cc108ad0 unknown :-1 s=NONE pgs=0 cs=0 l=0 rev1=0 crypto rx=0 tx=0 comp rx=0 tx=0).connect
2024-03-11T20:46:08.383 INFO:teuthology.orchestra.run.smithi129.stdout:/usr/bin/ceph: stderr
2024-03-11T20:46:07.169+0000 7fb1d18bb700 1 -- --> [v2:172.21.15.129:3300/0,v1:172.21.15.129:6789/0] -- mon_getmap magic: 0 v1 -- 0x7fb1cc079730 con 0x7fb1cc1066e0
2024-03-11T20:46:08.383 INFO:teuthology.orchestra.run.smithi129.stdout:/usr/bin/ceph: stderr
2024-03-11T20:46:07.169+0000 7fb1caffd700 1 --2- >> [v2:172.21.15.129:3300/0,v1:172.21.15.129:6789/0] conn(0x7fb1cc1066e0 0x7fb1cc108ad0 unknown :-1 s=BANNER_CONNECTING pgs=0 cs=0 l=0 rev1=0 crypto rx=0 tx=0 comp rx=0 tx=0)._handle_peer_banner_payload supported=3 required=0
2024-03-11T20:46:08.383 INFO:teuthology.orchestra.run.smithi129.stdout:/usr/bin/ceph: stderr
2024-03-11T20:46:07.169+0000 7fb1caffd700 1 --2- >> [v2:172.21.15.129:3300/0,v1:172.21.15.129:6789/0] conn(0x7fb1cc1066e0 0x7fb1cc108ad0 unknown :-1 s=HELLO_CONNECTING pgs=0 cs=0 l=0 rev1=1 crypto rx=0 tx=0 comp rx=0 tx=0).handle_hello peer v2:172.21.15.129:3300/0 says I am v2:172.21.15.129:39364/0 (socket says 172.21.15.129:39364)
2024-03-11T20:46:08.383 INFO:teuthology.orchestra.run.smithi129.stdout:/usr/bin/ceph: stderr
2024-03-11T20:46:07.169+0000 7fb1caffd700 1 -- 172.21.15.129:0/618701889 learned_addr learned my addr 172.21.15.129:0/618701889 (peer_addr_for_me v2:172.21.15.129:0/0)
2024-03-11T20:46:08.384 INFO:teuthology.orchestra.run.smithi129.stdout:/usr/bin/ceph: stderr
2024-03-11T20:46:07.170+0000 7fb1caffd700 1 -- 172.21.15.129:0/618701889 --> [v2:172.21.15.129:3300/0,v1:172.21.15.129:6789/0] -- mon_subscribe({config=0+,monmap=0+}) v3 -- 0x7fb1cc109010 con 0x7fb1cc1066e0
2024-03-11T20:46:08.384 INFO:teuthology.orchestra.run.smithi129.stdout:/usr/bin/ceph: stderr
2024-03-11T20:46:07.170+0000 7fb1caffd700 1 --2- 172.21.15.129:0/618701889 >> [v2:172.21.15.129:3300/0,v1:172.21.15.129:6789/0] conn(0x7fb1cc1066e0 0x7fb1cc108ad0 secure :-1 s=READY pgs=41 cs=0 l=1 rev1=1 crypto rx=0x7fb1bc0098a0 tx=0x7fb1bc009bb0 comp rx=0 tx=0).ready entity=mon.0 client_cookie=f47cb1c27b05b6a4 server_cookie=0 in_seq=0 out_seq=0
2024-03-11T20:46:08.384 INFO:teuthology.orchestra.run.smithi129.stdout:/usr/bin/ceph: stderr
2024-03-11T20:46:07.170+0000 7fb1c9ffb700 1 -- 172.21.15.129:0/618701889 <== mon.0 v2:172.21.15.129:3300/0 1 ==== mon_map magic: 0 v1 ==== 205+0+0 (secure 0 0 0) 0x7fb1bc004160 con 0x7fb1cc1066e0
2024-03-11T20:46:08.384 INFO:teuthology.orchestra.run.smithi129.stdout:/usr/bin/ceph: stderr
2024-03-11T20:46:07.170+0000 7fb1c9ffb700 1 -- 172.21.15.129:0/618701889 <== mon.0 v2:172.21.15.129:3300/0 2 ==== config(24 keys) v1 ==== 1011+0+0 (secure 0 0 0) 0x7fb1bc004300 con 0x7fb1cc1066e0
2024-03-11T20:46:08.384 INFO:teuthology.orchestra.run.smithi129.stdout:/usr/bin/ceph: stderr
2024-03-11T20:46:07.170+0000 7fb1c9ffb700 1 -- 172.21.15.129:0/618701889 <== mon.0 v2:172.21.15.129:3300/0 3 ==== mon_map magic: 0 v1 ==== 205+0+0 (secure 0 0 0) 0x7fb1bc011940 con 0x7fb1cc1066e0
2024-03-11T20:46:08.384 INFO:teuthology.orchestra.run.smithi129.stdout:/usr/bin/ceph: stderr
2024-03-11T20:46:07.170+0000 7fb1d18bb700 1 -- 172.21.15.129:0/618701889 >> [v2:172.21.15.129:3300/0,v1:172.21.15.129:6789/0] conn(0x7fb1cc1066e0 msgr2=0x7fb1cc108ad0 secure :-1 s=STATE_CONNECTION_ESTABLISHED l=1).mark_down
2024-03-11T20:46:08.384 INFO:teuthology.orchestra.run.smithi129.stdout:/usr/bin/ceph: stderr
2024-03-11T20:46:07.170+0000 7fb1d18bb700 1 --2- 172.21.15.129:0/618701889 >> [v2:172.21.15.129:3300/0,v1:172.21.15.129:6789/0] conn(0x7fb1cc1066e0 0x7fb1cc108ad0 secure :-1 s=READY pgs=41 cs=0 l=1 rev1=1 crypto rx=0x7fb1bc0098a0 tx=0x7fb1bc009bb0 comp rx=0 tx=0).stop
2024-03-11T20:46:08.384 INFO:teuthology.orchestra.run.smithi129.stdout:/usr/bin/ceph: stderr
2024-03-11T20:46:07.170+0000 7fb1d18bb700 1 -- 172.21.15.129:0/618701889 shutdown_connections
2024-03-11T20:46:08.384 INFO:teuthology.orchestra.run.smithi129.stdout:/usr/bin/ceph: stderr
2024-03-11T20:46:07.170+0000 7fb1d18bb700 1 --2- 172.21.15.129:0/618701889 >> [v2:172.21.15.129:3300/0,v1:172.21.15.129:6789/0] conn(0x7fb1cc1066e0 0x7fb1cc108ad0 unknown :-1 s=CLOSED pgs=41 cs=0 l=1 rev1=1 crypto rx=0 tx=0 comp rx=0 tx=0).stop
2024-03-11T20:46:08.384 INFO:teuthology.orchestra.run.smithi129.stdout:/usr/bin/ceph: stderr
2024-03-11T20:46:07.170+0000 7fb1d18bb700 1 -- 172.21.15.129:0/618701889 >> 172.21.15.129:0/618701889 conn(0x7fb1cc1000f0 msgr2=0x7fb1cc102550 unknown :-1 s=STATE_NONE l=0).mark_down
2024-03-11T20:46:08.384 INFO:teuthology.orchestra.run.smithi129.stdout:/usr/bin/ceph: stderr
2024-03-11T20:46:07.171+0000 7fb1d18bb700 1 -- 172.21.15.129:0/618701889 shutdown_connections
2024-03-11T20:46:08.385 INFO:teuthology.orchestra.run.smithi129.stdout:/usr/bin/ceph: stderr
2024-03-11T20:46:07.171+0000 7fb1d18bb700 1 -- 172.21.15.129:0/618701889 wait complete.
2024-03-11T20:46:08.385 INFO:teuthology.orchestra.run.smithi129.stdout:/usr/bin/ceph: stderr
2024-03-11T20:46:07.171+0000 7fb1d18bb700 1 Processor -- start
2024-03-11T20:46:08.385 INFO:teuthology.orchestra.run.smithi129.stdout:/usr/bin/ceph: stderr
2024-03-11T20:46:07.171+0000 7fb1d18bb700 1 -- start start
2024-03-11T20:46:08.385 INFO:teuthology.orchestra.run.smithi129.stdout:/usr/bin/ceph: stderr
2024-03-11T20:46:07.171+0000 7fb1d18bb700 1 --2- >> [v2:172.21.15.129:3300/0,v1:172.21.15.129:6789/0] conn(0x7fb1cc1066e0 0x7fb1cc1999c0 unknown :-1 s=NONE pgs=0 cs=0 l=1 rev1=0 crypto rx=0 tx=0 comp rx=0 tx=0).connect
2024-03-11T20:46:08.385 INFO:teuthology.orchestra.run.smithi129.stdout:/usr/bin/ceph: stderr
2024-03-11T20:46:07.171+0000 7fb1d18bb700 1 -- --> [v2:172.21.15.129:3300/0,v1:172.21.15.129:6789/0] -- mon_getmap magic: 0 v1 -- 0x7fb1cc109e40 con 0x7fb1cc1066e0
2024-03-11T20:46:08.385 INFO:teuthology.orchestra.run.smithi129.stdout:/usr/bin/ceph: stderr
2024-03-11T20:46:07.171+0000 7fb1caffd700 1 --2- >> [v2:172.21.15.129:3300/0,v1:172.21.15.129:6789/0] conn(0x7fb1cc1066e0 0x7fb1cc1999c0 unknown :-1 s=BANNER_CONNECTING pgs=0 cs=0 l=1 rev1=0 crypto rx=0 tx=0 comp rx=0 tx=0)._handle_peer_banner_payload supported=3 required=0
2024-03-11T20:46:08.385 INFO:teuthology.orchestra.run.smithi129.stdout:/usr/bin/ceph: stderr
2024-03-11T20:46:07.171+0000 7fb1caffd700 1 --2- >> [v2:172.21.15.129:3300/0,v1:172.21.15.129:6789/0] conn(0x7fb1cc1066e0 0x7fb1cc1999c0 unknown :-1 s=HELLO_CONNECTING pgs=0 cs=0 l=1 rev1=1 crypto rx=0 tx=0 comp rx=0 tx=0).handle_hello peer v2:172.21.15.129:3300/0 says I am v2:172.21.15.129:39374/0 (socket says 172.21.15.129:39374)
2024-03-11T20:46:08.385 INFO:teuthology.orchestra.run.smithi129.stdout:/usr/bin/ceph: stderr
2024-03-11T20:46:07.172+0000 7fb1caffd700 1 -- 172.21.15.129:0/912498801 learned_addr learned my addr 172.21.15.129:0/912498801 (peer_addr_for_me v2:172.21.15.129:0/0)
2024-03-11T20:46:08.385 INFO:teuthology.orchestra.run.smithi129.stdout:/usr/bin/ceph: stderr
2024-03-11T20:46:07.172+0000 7fb1caffd700 1 -- 172.21.15.129:0/912498801 --> [v2:172.21.15.129:3300/0,v1:172.21.15.129:6789/0] -- mon_subscribe({config=0+,monmap=0+}) v3 -- 0x7fb1cc199f00 con 0x7fb1cc1066e0
2024-03-11T20:46:08.385 INFO:teuthology.orchestra.run.smithi129.stdout:/usr/bin/ceph: stderr
2024-03-11T20:46:07.172+0000 7fb1caffd700 1 --2- 172.21.15.129:0/912498801 >> [v2:172.21.15.129:3300/0,v1:172.21.15.129:6789/0] conn(0x7fb1cc1066e0 0x7fb1cc1999c0 secure :-1 s=READY pgs=42 cs=0 l=1 rev1=1 crypto rx=0x7fb1bc009870 tx=0x7fb1bc0119c0 comp rx=0 tx=0).ready entity=mon.0 client_cookie=0 server_cookie=0 in_seq=0 out_seq=0
2024-03-11T20:46:08.385 INFO:teuthology.orchestra.run.smithi129.stdout:/usr/bin/ceph: stderr
2024-03-11T20:46:07.172+0000 7fb1d08b9700 1 -- 172.21.15.129:0/912498801 <== mon.0 v2:172.21.15.129:3300/0 1 ==== mon_map magic: 0 v1 ==== 205+0+0 (secure 0 0 0) 0x7fb1bc01a430 con 0x7fb1cc1066e0
2024-03-11T20:46:08.385 INFO:teuthology.orchestra.run.smithi129.stdout:/usr/bin/ceph: stderr
2024-03-11T20:46:07.172+0000 7fb1d18bb700 1 -- 172.21.15.129:0/912498801 --> [v2:172.21.15.129:3300/0,v1:172.21.15.129:6789/0] -- mon_subscribe({mgrmap=0+}) v3 -- 0x7fb1cc19a190 con 0x7fb1cc1066e0
2024-03-11T20:46:08.385 INFO:teuthology.orchestra.run.smithi129.stdout:/usr/bin/ceph: stderr
2024-03-11T20:46:07.172+0000 7fb1d08b9700 1 -- 172.21.15.129:0/912498801 <== mon.0 v2:172.21.15.129:3300/0 2 ==== config(24 keys) v1 ==== 1011+0+0 (secure 0 0 0) 0x7fb1bc01aa30 con 0x7fb1cc1066e0
2024-03-11T20:46:08.386 INFO:teuthology.orchestra.run.smithi129.stdout:/usr/bin/ceph: stderr
2024-03-11T20:46:07.172+0000 7fb1d08b9700 1 -- 172.21.15.129:0/912498801 <== mon.0 v2:172.21.15.129:3300/0 3 ==== mon_map magic: 0 v1 ==== 205+0+0 (secure 0 0 0) 0x7fb1bc0248d0 con 0x7fb1cc1066e0
2024-03-11T20:46:08.386 INFO:teuthology.orchestra.run.smithi129.stdout:/usr/bin/ceph: stderr
2024-03-11T20:46:07.172+0000 7fb1d18bb700 1 -- 172.21.15.129:0/912498801 --> [v2:172.21.15.129:3300/0,v1:172.21.15.129:6789/0] -- mon_subscribe({osdmap=0}) v3 -- 0x7fb1cc19ce80 con 0x7fb1cc1066e0
2024-03-11T20:46:08.386 INFO:teuthology.orchestra.run.smithi129.stdout:/usr/bin/ceph: stderr
2024-03-11T20:46:07.173+0000 7fb1d08b9700 1 -- 172.21.15.129:0/912498801 <== mon.0 v2:172.21.15.129:3300/0 4 ==== mgrmap(e 8) v1 ==== 46106+0+0 (secure 0 0 0) 0x7fb1bc022020 con 0x7fb1cc1066e0
2024-03-11T20:46:08.386 INFO:teuthology.orchestra.run.smithi129.stdout:/usr/bin/ceph: stderr
2024-03-11T20:46:07.173+0000 7fb1d18bb700 1 -- 172.21.15.129:0/912498801 --> [v2:172.21.15.129:3300/0,v1:172.21.15.129:6789/0] -- mon_command({"prefix": "get_command_descriptions"} v 0) v1 -- 0x7fb1cc063410 con 0x7fb1cc1066e0
2024-03-11T20:46:08.386 INFO:teuthology.orchestra.run.smithi129.stdout:/usr/bin/ceph: stderr
2024-03-11T20:46:07.173+0000 7fb1d08b9700 1 --2- 172.21.15.129:0/912498801 >> [v2:172.21.15.129:6800/521270824,v1:172.21.15.129:6801/521270824] conn(0x7fb1b4038ed0 0x7fb1b403b390 unknown :-1 s=NONE pgs=0 cs=0 l=1 rev1=0 crypto rx=0 tx=0 comp rx=0 tx=0).connect
2024-03-11T20:46:08.386 INFO:teuthology.orchestra.run.smithi129.stdout:/usr/bin/ceph: stderr
2024-03-11T20:46:07.173+0000 7fb1d08b9700 1 -- 172.21.15.129:0/912498801 <== mon.0 v2:172.21.15.129:3300/0 5 ==== osd_map(2..2 src has 1..2) v4 ==== 940+0+0 (secure 0 0 0) 0x7fb1bc04d380 con 0x7fb1cc1066e0
2024-03-11T20:46:08.386 INFO:teuthology.orchestra.run.smithi129.stdout:/usr/bin/ceph: stderr
2024-03-11T20:46:07.173+0000 7fb1ca7fc700 1 --2- 172.21.15.129:0/912498801 >> [v2:172.21.15.129:6800/521270824,v1:172.21.15.129:6801/521270824] conn(0x7fb1b4038ed0 0x7fb1b403b390 unknown :-1 s=BANNER_CONNECTING pgs=0 cs=0 l=1 rev1=0 crypto rx=0 tx=0 comp rx=0 tx=0)._handle_peer_banner_payload supported=3 required=0
2024-03-11T20:46:08.386 INFO:teuthology.orchestra.run.smithi129.stdout:/usr/bin/ceph: stderr
2024-03-11T20:46:07.173+0000 7fb1ca7fc700 1 --2- 172.21.15.129:0/912498801 >> [v2:172.21.15.129:6800/521270824,v1:172.21.15.129:6801/521270824] conn(0x7fb1b4038ed0 0x7fb1b403b390 secure :-1 s=READY pgs=9 cs=0 l=1 rev1=1 crypto rx=0x7fb1c0006fd0 tx=0x7fb1c0006e40 comp rx=0 tx=0).ready entity=mgr.14120 client_cookie=0 server_cookie=0 in_seq=0 out_seq=0
2024-03-11T20:46:08.386 INFO:teuthology.orchestra.run.smithi129.stdout:/usr/bin/ceph: stderr
2024-03-11T20:46:07.178+0000 7fb1d08b9700 1 -- 172.21.15.129:0/912498801 <== mon.0 v2:172.21.15.129:3300/0 6 ==== mon_command_ack([{"prefix": "get_command_descriptions"}]=0 v0) v1 ==== 72+0+184781 (secure 0 0 0) 0x7fb1bc019c70 con 0x7fb1cc1066e0
2024-03-11T20:46:08.386 INFO:teuthology.orchestra.run.smithi129.stdout:/usr/bin/ceph: stderr
2024-03-11T20:46:07.373+0000 7fb1d18bb700 1 -- 172.21.15.129:0/912498801 --> [v2:172.21.15.129:6800/521270824,v1:172.21.15.129:6801/521270824] -- mgr_command(tid 0: {"prefix": "cephadm generate-key", "target": ["mon-mgr", ""]}) v1 -- 0x7fb1cc1012f0 con 0x7fb1b4038ed0
2024-03-11T20:46:08.386 INFO:teuthology.orchestra.run.smithi129.stdout:/usr/bin/ceph: stderr
2024-03-11T20:46:07.785+0000 7fb1d08b9700 1 -- 172.21.15.129:0/912498801 <== mgr.14120 v2:172.21.15.129:6800/521270824 1 ==== mgr_command_reply(tid 0: 0 ) v1 ==== 8+0+0 (secure 0 0 0) 0x7fb1cc1012f0 con 0x7fb1b4038ed0
2024-03-11T20:46:08.386 INFO:teuthology.orchestra.run.smithi129.stdout:/usr/bin/ceph: stderr
2024-03-11T20:46:07.787+0000 7fb1d18bb700 1 -- 172.21.15.129:0/912498801 >> [v2:172.21.15.129:6800/521270824,v1:172.21.15.129:6801/521270824] conn(0x7fb1b4038ed0 msgr2=0x7fb1b403b390 secure :-1 s=STATE_CONNECTION_ESTABLISHED l=1).mark_down
2024-03-11T20:46:08.386 INFO:teuthology.orchestra.run.smithi129.stdout:/usr/bin/ceph: stderr
2024-03-11T20:46:07.787+0000 7fb1d18bb700 1 --2- 172.21.15.129:0/912498801 >> [v2:172.21.15.129:6800/521270824,v1:172.21.15.129:6801/521270824] conn(0x7fb1b4038ed0 0x7fb1b403b390 secure :-1 s=READY pgs=9 cs=0 l=1 rev1=1 crypto rx=0x7fb1c0006fd0 tx=0x7fb1c0006e40 comp rx=0 tx=0).stop
2024-03-11T20:46:08.386 INFO:teuthology.orchestra.run.smithi129.stdout:/usr/bin/ceph: stderr
2024-03-11T20:46:07.788+0000 7fb1d18bb700 1 -- 172.21.15.129:0/912498801 >> [v2:172.21.15.129:3300/0,v1:172.21.15.129:6789/0] conn(0x7fb1cc1066e0 msgr2=0x7fb1cc1999c0 secure :-1 s=STATE_CONNECTION_ESTABLISHED l=1).mark_down
2024-03-11T20:46:08.387 INFO:teuthology.orchestra.run.smithi129.stdout:/usr/bin/ceph: stderr
2024-03-11T20:46:07.788+0000 7fb1d18bb700 1 --2- 172.21.15.129:0/912498801 >> [v2:172.21.15.129:3300/0,v1:172.21.15.129:6789/0] conn(0x7fb1cc1066e0 0x7fb1cc1999c0 secure :-1 s=READY pgs=42 cs=0 l=1 rev1=1 crypto rx=0x7fb1bc009870 tx=0x7fb1bc0119c0 comp rx=0 tx=0).stop
2024-03-11T20:46:08.387 INFO:teuthology.orchestra.run.smithi129.stdout:/usr/bin/ceph: stderr
2024-03-11T20:46:07.788+0000 7fb1d18bb700 1 -- 172.21.15.129:0/912498801 shutdown_connections
2024-03-11T20:46:08.387 INFO:teuthology.orchestra.run.smithi129.stdout:/usr/bin/ceph: stderr
2024-03-11T20:46:07.788+0000 7fb1d18bb700 1 --2- 172.21.15.129:0/912498801 >> [v2:172.21.15.129:6800/521270824,v1:172.21.15.129:6801/521270824] conn(0x7fb1b4038ed0 0x7fb1b403b390 unknown :-1 s=CLOSED pgs=9 cs=0 l=1 rev1=1 crypto rx=0 tx=0 comp rx=0 tx=0).stop
2024-03-11T20:46:08.387 INFO:teuthology.orchestra.run.smithi129.stdout:/usr/bin/ceph: stderr
2024-03-11T20:46:07.788+0000 7fb1d18bb700 1 --2- 172.21.15.129:0/912498801 >> [v2:172.21.15.129:3300/0,v1:172.21.15.129:6789/0] conn(0x7fb1cc1066e0 0x7fb1cc1999c0 unknown :-1 s=CLOSED pgs=42 cs=0 l=1 rev1=1 crypto rx=0 tx=0 comp rx=0 tx=0).stop
2024-03-11T20:46:08.387 INFO:teuthology.orchestra.run.smithi129.stdout:/usr/bin/ceph: stderr
2024-03-11T20:46:07.788+0000 7fb1d18bb700 1 -- 172.21.15.129:0/912498801 >> 172.21.15.129:0/912498801 conn(0x7fb1cc1000f0 msgr2=0x7fb1cc100be0 unknown :-1 s=STATE_NONE l=0).mark_down
2024-03-11T20:46:08.387 INFO:teuthology.orchestra.run.smithi129.stdout:/usr/bin/ceph: stderr
2024-03-11T20:46:07.788+0000 7fb1d18bb700 1 -- 172.21.15.129:0/912498801 shutdown_connections
2024-03-11T20:46:08.387 INFO:teuthology.orchestra.run.smithi129.stdout:/usr/bin/ceph: stderr
2024-03-11T20:46:07.788+0000 7fb1d18bb700 1 -- 172.21.15.129:0/912498801 wait complete.
2024-03-11T20:46:09.072 INFO:journalctl@ceph.mon.a.smithi129.stdout:Mar 11 20:46:08 smithi129 ceph-mon[30184]: from='client.14136 -' entity='client.admin' cmd=[{"prefix": "cephadm generate-key", "target": ["mon-mgr", ""]}]: dispatch
2024-03-11T20:46:09.072 INFO:journalctl@ceph.mon.a.smithi129.stdout:Mar 11 20:46:08 smithi129 ceph-mon[30184]: Generating ssh key...
2024-03-11T20:46:09.072 INFO:journalctl@ceph.mon.a.smithi129.stdout:Mar 11 20:46:08 smithi129 ceph-mon[30184]: from='mgr.14120 172.21.15.129:0/1799172450' entity='mgr.y'
2024-03-11T20:46:09.072 INFO:journalctl@ceph.mon.a.smithi129.stdout:Mar 11 20:46:08 smithi129 ceph-mon[30184]: from='mgr.14120 172.21.15.129:0/1799172450' entity='mgr.y'
2024-03-11T20:46:09.599 INFO:teuthology.orchestra.run.smithi129.stdout:/usr/bin/ceph: stdout ssh-rsa AAAAB3NzaC1yc2EAAAADAQABAAABgQC2skFy55BXJHmBwHv2vClbQr5gHVeXZUepErQ2bx63MX+w3TwLc5KHSWM+Zr67WfhAeH/ToOJaeP6fY7yvTn5HWv4vEXtoqreW4wz0XD4JCCcjFTlR25DCADV68prbishdZOnQEwnQSOPFN6wj6DAtOqtlcZGLYz7sI/QDRejQUEGyaCEb1ZNTH3P7KBYLFUHnZ6pO63PietHinDhyaq/kCI58N3ND9rEiIyeqfjHG8q8bIapTyVMig/AmAIFjRHmBhlzdl+Y6cAKAmLa3r6ek5yp19ufDv8u378Kmki1u1M1N3YYjbKbGvZpwaNEkKkWNB2zalfOyNetDXwxYmaiK6LPhNzVvDRKB1a6sxAApNfUZibiLdmDkvsgh5YtI56HOgXVRSjTJgeexB2+7FXiBmFhx705HJ8APPNS6YkYyXfBRqQIyjVZhfrsdo+qWH7kl/99EEAI53Fcwo4KVhm89PHwAfjsgtLl1WNyoJSgCJThSV7LGpxwn0FL6ytnIqUc= ceph-27bbebfa-dfe8-11ee-95c8-87774f69a715
2024-03-11T20:46:09.599 INFO:teuthology.orchestra.run.smithi129.stdout:/usr/bin/ceph: stderr
2024-03-11T20:46:08.874+0000 7f1b5cdef700 1 Processor -- start
2024-03-11T20:46:09.599 INFO:teuthology.orchestra.run.smithi129.stdout:/usr/bin/ceph: stderr
2024-03-11T20:46:08.874+0000 7f1b5cdef700 1 -- start start
2024-03-11T20:46:09.599 INFO:teuthology.orchestra.run.smithi129.stdout:/usr/bin/ceph: stderr
2024-03-11T20:46:08.875+0000 7f1b5cdef700 1 --2- >> [v2:172.21.15.129:3300/0,v1:172.21.15.129:6789/0] conn(0x7f1b58106720 0x7f1b58108b10 unknown :-1 s=NONE pgs=0 cs=0 l=0 rev1=0 crypto rx=0 tx=0 comp rx=0 tx=0).connect
