2024-03-11T21:12:54.609 INFO:teuthology.orchestra.run.smithi143.stdout:systemctl: stderr Created symlink /etc/systemd/system/ceph-eebe2e36-dfeb-11ee-95c8-87774f69a715.target.wants/ceph-eebe2e36-dfeb-11ee-95c8-87774f69a715@mgr.y.service -> /etc/systemd/system/ceph-eebe2e36-dfeb-11ee-95c8-87774f69a715@.service.
2024-03-11T21:12:54.618 INFO:teuthology.orchestra.run.smithi143.stdout:firewalld does not appear to be present
2024-03-11T21:12:54.619 INFO:teuthology.orchestra.run.smithi143.stdout:Not possible to enable service . firewalld.service is not available
2024-03-11T21:12:54.619 INFO:teuthology.orchestra.run.smithi143.stdout:firewalld does not appear to be present
2024-03-11T21:12:54.619 INFO:teuthology.orchestra.run.smithi143.stdout:Not possible to open ports <[9283, 8765]>. firewalld.service is not available
2024-03-11T21:12:54.619 INFO:teuthology.orchestra.run.smithi143.stdout:Waiting for mgr to start...
2024-03-11T21:12:54.619 INFO:teuthology.orchestra.run.smithi143.stdout:Waiting for mgr...
2024-03-11T21:12:54.944 INFO:journalctl@ceph.mon.a.smithi143.stdout:Mar 11 21:12:54 smithi143 systemd[1]: /etc/systemd/system/ceph-eebe2e36-dfeb-11ee-95c8-87774f69a715@.service:23: Unit configured to use KillMode=none. This is unsafe, as it disables systemd's process lifecycle management for the service. Please update your service to use a safer KillMode=, such as 'mixed' or 'control-group'. Support for KillMode=none is deprecated and will eventually be removed.
2024-03-11T21:12:54.945 INFO:journalctl@ceph.mon.a.smithi143.stdout:Mar 11 21:12:54 smithi143 bash[21512]: audit
2024-03-11T21:12:53.552509+0000 mon.a (mon.0) 6 : audit 1 from='client.? 172.21.15.143:0/562235916' entity='client.admin'
2024-03-11T21:12:56.445 INFO:journalctl@ceph.mon.a.smithi143.stdout:Mar 11 21:12:56 smithi143 bash[21512]: audit
2024-03-11T21:12:56.023439+0000 mon.a (mon.0) 7 : audit 0 from='client.? 172.21.15.143:0/2664124205' entity='client.admin' cmd=[{"prefix": "status", "format": "json-pretty"}]: dispatch
2024-03-11T21:12:56.445 INFO:journalctl@ceph.mgr.y.smithi143.stdout:Mar 11 21:12:55 smithi143 bash[21768]: debug
2024-03-11T21:12:55.961+0000 7f385fe14200 -1 mgr[py] Module devicehealth has missing NOTIFY_TYPES member
2024-03-11T21:12:56.601 INFO:teuthology.orchestra.run.smithi143.stdout:/usr/bin/ceph: stdout
2024-03-11T21:12:56.602 INFO:teuthology.orchestra.run.smithi143.stdout:/usr/bin/ceph: stdout {
2024-03-11T21:12:56.602 INFO:teuthology.orchestra.run.smithi143.stdout:/usr/bin/ceph: stdout "fsid": "eebe2e36-dfeb-11ee-95c8-87774f69a715",
2024-03-11T21:12:56.602 INFO:teuthology.orchestra.run.smithi143.stdout:/usr/bin/ceph: stdout "health": {
2024-03-11T21:12:56.603 INFO:teuthology.orchestra.run.smithi143.stdout:/usr/bin/ceph: stdout "status": "HEALTH_OK",
2024-03-11T21:12:56.603 INFO:teuthology.orchestra.run.smithi143.stdout:/usr/bin/ceph: stdout "checks": {},
2024-03-11T21:12:56.603 INFO:teuthology.orchestra.run.smithi143.stdout:/usr/bin/ceph: stdout "mutes": []
2024-03-11T21:12:56.603 INFO:teuthology.orchestra.run.smithi143.stdout:/usr/bin/ceph: stdout },
2024-03-11T21:12:56.603 INFO:teuthology.orchestra.run.smithi143.stdout:/usr/bin/ceph: stdout "election_epoch": 5,
2024-03-11T21:12:56.603 INFO:teuthology.orchestra.run.smithi143.stdout:/usr/bin/ceph: stdout "quorum": [
2024-03-11T21:12:56.603 INFO:teuthology.orchestra.run.smithi143.stdout:/usr/bin/ceph: stdout 0
2024-03-11T21:12:56.603 INFO:teuthology.orchestra.run.smithi143.stdout:/usr/bin/ceph: stdout ],
2024-03-11T21:12:56.603 INFO:teuthology.orchestra.run.smithi143.stdout:/usr/bin/ceph: stdout "quorum_names": [
2024-03-11T21:12:56.603 INFO:teuthology.orchestra.run.smithi143.stdout:/usr/bin/ceph: stdout "a"
2024-03-11T21:12:56.603 INFO:teuthology.orchestra.run.smithi143.stdout:/usr/bin/ceph: stdout ],
2024-03-11T21:12:56.603 INFO:teuthology.orchestra.run.smithi143.stdout:/usr/bin/ceph: stdout "quorum_age": 2,
2024-03-11T21:12:56.603 INFO:teuthology.orchestra.run.smithi143.stdout:/usr/bin/ceph: stdout "monmap": {
2024-03-11T21:12:56.603 INFO:teuthology.orchestra.run.smithi143.stdout:/usr/bin/ceph: stdout "epoch": 1,
2024-03-11T21:12:56.604 INFO:teuthology.orchestra.run.smithi143.stdout:/usr/bin/ceph: stdout "min_mon_release_name": "squid",
2024-03-11T21:12:56.604 INFO:teuthology.orchestra.run.smithi143.stdout:/usr/bin/ceph: stdout "num_mons": 1
2024-03-11T21:12:56.604 INFO:teuthology.orchestra.run.smithi143.stdout:/usr/bin/ceph: stdout },
2024-03-11T21:12:56.604 INFO:teuthology.orchestra.run.smithi143.stdout:/usr/bin/ceph: stdout "osdmap": {
2024-03-11T21:12:56.604 INFO:teuthology.orchestra.run.smithi143.stdout:/usr/bin/ceph: stdout "epoch": 1,
2024-03-11T21:12:56.604 INFO:teuthology.orchestra.run.smithi143.stdout:/usr/bin/ceph: stdout "num_osds": 0,
2024-03-11T21:12:56.604 INFO:teuthology.orchestra.run.smithi143.stdout:/usr/bin/ceph: stdout "num_up_osds": 0,
2024-03-11T21:12:56.604 INFO:teuthology.orchestra.run.smithi143.stdout:/usr/bin/ceph: stdout "osd_up_since": 0,
2024-03-11T21:12:56.604 INFO:teuthology.orchestra.run.smithi143.stdout:/usr/bin/ceph: stdout "num_in_osds": 0,
2024-03-11T21:12:56.604 INFO:teuthology.orchestra.run.smithi143.stdout:/usr/bin/ceph: stdout "osd_in_since": 0,
2024-03-11T21:12:56.604 INFO:teuthology.orchestra.run.smithi143.stdout:/usr/bin/ceph: stdout "num_remapped_pgs": 0
2024-03-11T21:12:56.604 INFO:teuthology.orchestra.run.smithi143.stdout:/usr/bin/ceph: stdout },
2024-03-11T21:12:56.604 INFO:teuthology.orchestra.run.smithi143.stdout:/usr/bin/ceph: stdout "pgmap": {
2024-03-11T21:12:56.604 INFO:teuthology.orchestra.run.smithi143.stdout:/usr/bin/ceph: stdout "pgs_by_state": [],
2024-03-11T21:12:56.605 INFO:teuthology.orchestra.run.smithi143.stdout:/usr/bin/ceph: stdout "num_pgs": 0,
2024-03-11T21:12:56.605 INFO:teuthology.orchestra.run.smithi143.stdout:/usr/bin/ceph: stdout "num_pools": 0,
2024-03-11T21:12:56.605 INFO:teuthology.orchestra.run.smithi143.stdout:/usr/bin/ceph: stdout "num_objects": 0,
2024-03-11T21:12:56.605 INFO:teuthology.orchestra.run.smithi143.stdout:/usr/bin/ceph: stdout "data_bytes": 0,
2024-03-11T21:12:56.605 INFO:teuthology.orchestra.run.smithi143.stdout:/usr/bin/ceph: stdout "bytes_used": 0,
2024-03-11T21:12:56.605 INFO:teuthology.orchestra.run.smithi143.stdout:/usr/bin/ceph: stdout "bytes_avail": 0,
2024-03-11T21:12:56.605 INFO:teuthology.orchestra.run.smithi143.stdout:/usr/bin/ceph: stdout "bytes_total": 0
2024-03-11T21:12:56.605 INFO:teuthology.orchestra.run.smithi143.stdout:/usr/bin/ceph: stdout },
2024-03-11T21:12:56.605 INFO:teuthology.orchestra.run.smithi143.stdout:/usr/bin/ceph: stdout "fsmap": {
2024-03-11T21:12:56.605 INFO:teuthology.orchestra.run.smithi143.stdout:/usr/bin/ceph: stdout "epoch": 1,
2024-03-11T21:12:56.605 INFO:teuthology.orchestra.run.smithi143.stdout:/usr/bin/ceph: stdout "by_rank": [],
2024-03-11T21:12:56.605 INFO:teuthology.orchestra.run.smithi143.stdout:/usr/bin/ceph: stdout "up:standby": 0
2024-03-11T21:12:56.605 INFO:teuthology.orchestra.run.smithi143.stdout:/usr/bin/ceph: stdout },
2024-03-11T21:12:56.605 INFO:teuthology.orchestra.run.smithi143.stdout:/usr/bin/ceph: stdout "mgrmap": {
2024-03-11T21:12:56.606 INFO:teuthology.orchestra.run.smithi143.stdout:/usr/bin/ceph: stdout "available": false,
2024-03-11T21:12:56.606 INFO:teuthology.orchestra.run.smithi143.stdout:/usr/bin/ceph: stdout "num_standbys": 0,
2024-03-11T21:12:56.606 INFO:teuthology.orchestra.run.smithi143.stdout:/usr/bin/ceph: stdout "modules": [
2024-03-11T21:12:56.606 INFO:teuthology.orchestra.run.smithi143.stdout:/usr/bin/ceph: stdout "iostat",
2024-03-11T21:12:56.606 INFO:teuthology.orchestra.run.smithi143.stdout:/usr/bin/ceph: stdout "nfs",
2024-03-11T21:12:56.606 INFO:teuthology.orchestra.run.smithi143.stdout:/usr/bin/ceph: stdout "restful"
2024-03-11T21:12:56.606 INFO:teuthology.orchestra.run.smithi143.stdout:/usr/bin/ceph: stdout ],
2024-03-11T21:12:56.606 INFO:teuthology.orchestra.run.smithi143.stdout:/usr/bin/ceph: stdout "services": {}
2024-03-11T21:12:56.606 INFO:teuthology.orchestra.run.smithi143.stdout:/usr/bin/ceph: stdout },
2024-03-11T21:12:56.606 INFO:teuthology.orchestra.run.smithi143.stdout:/usr/bin/ceph: stdout "servicemap": {
2024-03-11T21:12:56.606 INFO:teuthology.orchestra.run.smithi143.stdout:/usr/bin/ceph: stdout "epoch": 1,
2024-03-11T21:12:56.606 INFO:teuthology.orchestra.run.smithi143.stdout:/usr/bin/ceph: stdout "modified": "2024-03-11T21:12:47.385218+0000",
2024-03-11T21:12:56.606 INFO:teuthology.orchestra.run.smithi143.stdout:/usr/bin/ceph: stdout "services": {}
2024-03-11T21:12:56.607 INFO:teuthology.orchestra.run.smithi143.stdout:/usr/bin/ceph: stdout },
2024-03-11T21:12:56.607 INFO:teuthology.orchestra.run.smithi143.stdout:/usr/bin/ceph: stdout "progress_events": {}
2024-03-11T21:12:56.607 INFO:teuthology.orchestra.run.smithi143.stdout:/usr/bin/ceph: stdout }
2024-03-11T21:12:56.607 INFO:teuthology.orchestra.run.smithi143.stdout:/usr/bin/ceph: stderr
2024-03-11T21:12:55.881+0000 7f4a6961e700 1 Processor -- start
2024-03-11T21:12:56.607 INFO:teuthology.orchestra.run.smithi143.stdout:/usr/bin/ceph: stderr
2024-03-11T21:12:55.881+0000 7f4a6961e700 1 -- start start
2024-03-11T21:12:56.607 INFO:teuthology.orchestra.run.smithi143.stdout:/usr/bin/ceph: stderr
2024-03-11T21:12:55.881+0000 7f4a6961e700 1 --2- >> [v2:172.21.15.143:3300/0,v1:172.21.15.143:6789/0] conn(0x7f4a64106260 0x7f4a64106680 unknown :-1 s=NONE pgs=0 cs=0 l=0 rev1=0 crypto rx=0 tx=0 comp rx=0 tx=0).connect
2024-03-11T21:12:56.607 INFO:teuthology.orchestra.run.smithi143.stdout:/usr/bin/ceph: stderr
2024-03-11T21:12:55.881+0000 7f4a6961e700 1 -- --> [v2:172.21.15.143:3300/0,v1:172.21.15.143:6789/0] -- mon_getmap magic: 0 v1 -- 0x7f4a64106c50 con 0x7f4a64106260
2024-03-11T21:12:56.607 INFO:teuthology.orchestra.run.smithi143.stdout:/usr/bin/ceph: stderr
2024-03-11T21:12:55.881+0000 7f4a62ffd700 1 --2- >> [v2:172.21.15.143:3300/0,v1:172.21.15.143:6789/0] conn(0x7f4a64106260 0x7f4a64106680 unknown :-1 s=BANNER_CONNECTING pgs=0 cs=0 l=0 rev1=0 crypto rx=0 tx=0 comp rx=0 tx=0)._handle_peer_banner_payload supported=3 required=0
2024-03-11T21:12:56.607 INFO:teuthology.orchestra.run.smithi143.stdout:/usr/bin/ceph: stderr
2024-03-11T21:12:55.881+0000 7f4a62ffd700 1 --2- >> [v2:172.21.15.143:3300/0,v1:172.21.15.143:6789/0] conn(0x7f4a64106260 0x7f4a64106680 unknown :-1 s=HELLO_CONNECTING pgs=0 cs=0 l=0 rev1=1 crypto rx=0 tx=0 comp rx=0 tx=0).handle_hello peer v2:172.21.15.143:3300/0 says I am v2:172.21.15.143:49370/0 (socket says 172.21.15.143:49370)
2024-03-11T21:12:56.607 INFO:teuthology.orchestra.run.smithi143.stdout:/usr/bin/ceph: stderr
2024-03-11T21:12:55.881+0000 7f4a62ffd700 1 -- 172.21.15.143:0/1211044572 learned_addr learned my addr 172.21.15.143:0/1211044572 (peer_addr_for_me v2:172.21.15.143:0/0)
2024-03-11T21:12:56.607 INFO:teuthology.orchestra.run.smithi143.stdout:/usr/bin/ceph: stderr
2024-03-11T21:12:55.881+0000 7f4a62ffd700 1 -- 172.21.15.143:0/1211044572 --> [v2:172.21.15.143:3300/0,v1:172.21.15.143:6789/0] -- mon_subscribe({config=0+,monmap=0+}) v3 -- 0x7f4a64107460 con 0x7f4a64106260
2024-03-11T21:12:56.607 INFO:teuthology.orchestra.run.smithi143.stdout:/usr/bin/ceph: stderr
2024-03-11T21:12:55.881+0000 7f4a62ffd700 1 --2- 172.21.15.143:0/1211044572 >> [v2:172.21.15.143:3300/0,v1:172.21.15.143:6789/0] conn(0x7f4a64106260 0x7f4a64106680 secure :-1 s=READY pgs=5 cs=0 l=1 rev1=1 crypto rx=0x7f4a540098a0 tx=0x7f4a54009bb0 comp rx=0 tx=0).ready entity=mon.0 client_cookie=4cb8dcc246686b5f server_cookie=0 in_seq=0 out_seq=0
2024-03-11T21:12:56.607 INFO:teuthology.orchestra.run.smithi143.stdout:/usr/bin/ceph: stderr
2024-03-11T21:12:55.881+0000 7f4a61ffb700 1 -- 172.21.15.143:0/1211044572 <== mon.0 v2:172.21.15.143:3300/0 1 ==== mon_map magic: 0 v1 ==== 205+0+0 (secure 0 0 0) 0x7f4a54004160 con 0x7f4a64106260
2024-03-11T21:12:56.607 INFO:teuthology.orchestra.run.smithi143.stdout:/usr/bin/ceph: stderr
2024-03-11T21:12:55.881+0000 7f4a61ffb700 1 -- 172.21.15.143:0/1211044572 <== mon.0 v2:172.21.15.143:3300/0 2 ==== config(25 keys) v1 ==== 1024+0+0 (secure 0 0 0) 0x7f4a54004300 con 0x7f4a64106260
2024-03-11T21:12:56.608 INFO:teuthology.orchestra.run.smithi143.stdout:/usr/bin/ceph: stderr
2024-03-11T21:12:55.881+0000 7f4a61ffb700 1 -- 172.21.15.143:0/1211044572 <== mon.0 v2:172.21.15.143:3300/0 3 ==== mon_map magic: 0 v1 ==== 205+0+0 (secure 0 0 0) 0x7f4a54011960 con 0x7f4a64106260
2024-03-11T21:12:56.608 INFO:teuthology.orchestra.run.smithi143.stdout:/usr/bin/ceph: stderr
2024-03-11T21:12:55.881+0000 7f4a6961e700 1 -- 172.21.15.143:0/1211044572 >> [v2:172.21.15.143:3300/0,v1:172.21.15.143:6789/0] conn(0x7f4a64106260 msgr2=0x7f4a64106680 secure :-1 s=STATE_CONNECTION_ESTABLISHED l=1).mark_down
2024-03-11T21:12:56.608 INFO:teuthology.orchestra.run.smithi143.stdout:/usr/bin/ceph: stderr
2024-03-11T21:12:55.881+0000 7f4a6961e700 1 --2- 172.21.15.143:0/1211044572 >> [v2:172.21.15.143:3300/0,v1:172.21.15.143:6789/0] conn(0x7f4a64106260 0x7f4a64106680 secure :-1 s=READY pgs=5 cs=0 l=1 rev1=1 crypto rx=0x7f4a540098a0 tx=0x7f4a54009bb0 comp rx=0 tx=0).stop
2024-03-11T21:12:56.608 INFO:teuthology.orchestra.run.smithi143.stdout:/usr/bin/ceph: stderr
2024-03-11T21:12:55.881+0000 7f4a6961e700 1 -- 172.21.15.143:0/1211044572 shutdown_connections
2024-03-11T21:12:56.608 INFO:teuthology.orchestra.run.smithi143.stdout:/usr/bin/ceph: stderr
2024-03-11T21:12:55.881+0000 7f4a6961e700 1 --2- 172.21.15.143:0/1211044572 >> [v2:172.21.15.143:3300/0,v1:172.21.15.143:6789/0] conn(0x7f4a64106260 0x7f4a64106680 unknown :-1 s=CLOSED pgs=5 cs=0 l=1 rev1=1 crypto rx=0 tx=0 comp rx=0 tx=0).stop
2024-03-11T21:12:56.608 INFO:teuthology.orchestra.run.smithi143.stdout:/usr/bin/ceph: stderr
2024-03-11T21:12:55.881+0000 7f4a6961e700 1 -- 172.21.15.143:0/1211044572 >> 172.21.15.143:0/1211044572 conn(0x7f4a64101820 msgr2=0x7f4a64103c40 unknown :-1 s=STATE_NONE l=0).mark_down
2024-03-11T21:12:56.608 INFO:teuthology.orchestra.run.smithi143.stdout:/usr/bin/ceph: stderr
2024-03-11T21:12:55.881+0000 7f4a6961e700 1 -- 172.21.15.143:0/1211044572 shutdown_connections
2024-03-11T21:12:56.608 INFO:teuthology.orchestra.run.smithi143.stdout:/usr/bin/ceph: stderr
2024-03-11T21:12:55.881+0000 7f4a6961e700 1 -- 172.21.15.143:0/1211044572 wait complete.
2024-03-11T21:12:56.608 INFO:teuthology.orchestra.run.smithi143.stdout:/usr/bin/ceph: stderr
2024-03-11T21:12:55.881+0000 7f4a6961e700 1 librados: starting msgr at
2024-03-11T21:12:56.608 INFO:teuthology.orchestra.run.smithi143.stdout:/usr/bin/ceph: stderr
2024-03-11T21:12:55.881+0000 7f4a6961e700 1 librados: starting objecter
2024-03-11T21:12:56.608 INFO:teuthology.orchestra.run.smithi143.stdout:/usr/bin/ceph: stderr
2024-03-11T21:12:55.881+0000 7f4a6961e700 1 Processor -- start
2024-03-11T21:12:56.608 INFO:teuthology.orchestra.run.smithi143.stdout:/usr/bin/ceph: stderr
2024-03-11T21:12:55.881+0000 7f4a6961e700 1 -- start start
2024-03-11T21:12:56.608 INFO:teuthology.orchestra.run.smithi143.stdout:/usr/bin/ceph: stderr
2024-03-11T21:12:55.881+0000 7f4a6961e700 1 librados: setting wanted keys
2024-03-11T21:12:56.608 INFO:teuthology.orchestra.run.smithi143.stdout:/usr/bin/ceph: stderr
2024-03-11T21:12:55.881+0000 7f4a6961e700 1 librados: calling monclient init
2024-03-11T21:12:56.609 INFO:teuthology.orchestra.run.smithi143.stdout:/usr/bin/ceph: stderr
2024-03-11T21:12:55.881+0000 7f4a6961e700 1 --2- >> [v2:172.21.15.143:3300/0,v1:172.21.15.143:6789/0] conn(0x7f4a64106260 0x7f4a6407bb30 unknown :-1 s=NONE pgs=0 cs=0 l=1 rev1=0 crypto rx=0 tx=0 comp rx=0 tx=0).connect
2024-03-11T21:12:56.609 INFO:teuthology.orchestra.run.smithi143.stdout:/usr/bin/ceph: stderr
2024-03-11T21:12:55.881+0000 7f4a6961e700 1 -- --> [v2:172.21.15.143:3300/0,v1:172.21.15.143:6789/0] -- mon_getmap magic: 0 v1 -- 0x7f4a6410a690 con 0x7f4a64106260
2024-03-11T21:12:56.609 INFO:teuthology.orchestra.run.smithi143.stdout:/usr/bin/ceph: stderr
2024-03-11T21:12:55.881+0000 7f4a62ffd700 1 --2- >> [v2:172.21.15.143:3300/0,v1:172.21.15.143:6789/0] conn(0x7f4a64106260 0x7f4a6407bb30 unknown :-1 s=BANNER_CONNECTING pgs=0 cs=0 l=1 rev1=0 crypto rx=0 tx=0 comp rx=0 tx=0)._handle_peer_banner_payload supported=3 required=0
2024-03-11T21:12:56.609 INFO:teuthology.orchestra.run.smithi143.stdout:/usr/bin/ceph: stderr
2024-03-11T21:12:55.881+0000 7f4a62ffd700 1 --2- >> [v2:172.21.15.143:3300/0,v1:172.21.15.143:6789/0] conn(0x7f4a64106260 0x7f4a6407bb30 unknown :-1 s=HELLO_CONNECTING pgs=0 cs=0 l=1 rev1=1 crypto rx=0 tx=0 comp rx=0 tx=0).handle_hello peer v2:172.21.15.143:3300/0 says I am v2:172.21.15.143:49378/0 (socket says 172.21.15.143:49378)
2024-03-11T21:12:56.609 INFO:teuthology.orchestra.run.smithi143.stdout:/usr/bin/ceph: stderr
2024-03-11T21:12:55.881+0000 7f4a62ffd700 1 -- 172.21.15.143:0/2664124205 learned_addr learned my addr 172.21.15.143:0/2664124205 (peer_addr_for_me v2:172.21.15.143:0/0)
2024-03-11T21:12:56.609 INFO:teuthology.orchestra.run.smithi143.stdout:/usr/bin/ceph: stderr
2024-03-11T21:12:55.881+0000 7f4a62ffd700 1 -- 172.21.15.143:0/2664124205 --> [v2:172.21.15.143:3300/0,v1:172.21.15.143:6789/0] -- mon_subscribe({config=0+,monmap=0+}) v3 -- 0x7f4a6407c070 con 0x7f4a64106260
2024-03-11T21:12:56.609 INFO:teuthology.orchestra.run.smithi143.stdout:/usr/bin/ceph: stderr
2024-03-11T21:12:55.885+0000 7f4a62ffd700 1 --2- 172.21.15.143:0/2664124205 >> [v2:172.21.15.143:3300/0,v1:172.21.15.143:6789/0] conn(0x7f4a64106260 0x7f4a6407bb30 secure :-1 s=READY pgs=6 cs=0 l=1 rev1=1 crypto rx=0x7f4a54003ea0 tx=0x7f4a540117f0 comp rx=0 tx=0).ready entity=mon.0 client_cookie=0 server_cookie=0 in_seq=0 out_seq=0
2024-03-11T21:12:56.609 INFO:teuthology.orchestra.run.smithi143.stdout:/usr/bin/ceph: stderr
2024-03-11T21:12:55.885+0000 7f4a4bfff700 10 client.?.objecter ms_handle_connect 0x7f4a64106260
2024-03-11T21:12:56.609 INFO:teuthology.orchestra.run.smithi143.stdout:/usr/bin/ceph: stderr
2024-03-11T21:12:55.885+0000 7f4a4bfff700 10 client.?.objecter resend_mon_ops
2024-03-11T21:12:56.609 INFO:teuthology.orchestra.run.smithi143.stdout:/usr/bin/ceph: stderr
2024-03-11T21:12:55.885+0000 7f4a4bfff700 1 -- 172.21.15.143:0/2664124205 <== mon.0 v2:172.21.15.143:3300/0 1 ==== mon_map magic: 0 v1 ==== 205+0+0 (secure 0 0 0) 0x7f4a540038b0 con 0x7f4a64106260
2024-03-11T21:12:56.609 INFO:teuthology.orchestra.run.smithi143.stdout:/usr/bin/ceph: stderr
2024-03-11T21:12:55.885+0000 7f4a4bfff700 1 -- 172.21.15.143:0/2664124205 <== mon.0 v2:172.21.15.143:3300/0 2 ==== config(25 keys) v1 ==== 1024+0+0 (secure 0 0 0) 0x7f4a5401a890 con 0x7f4a64106260
2024-03-11T21:12:56.609 INFO:teuthology.orchestra.run.smithi143.stdout:/usr/bin/ceph: stderr
2024-03-11T21:12:55.885+0000 7f4a6961e700 1 -- 172.21.15.143:0/2664124205 --> [v2:172.21.15.143:3300/0,v1:172.21.15.143:6789/0] -- mon_subscribe({mgrmap=0+}) v3 -- 0x7f4a6407a260 con 0x7f4a64106260
2024-03-11T21:12:56.609 INFO:teuthology.orchestra.run.smithi143.stdout:/usr/bin/ceph: stderr
2024-03-11T21:12:55.885+0000 7f4a4bfff700 1 -- 172.21.15.143:0/2664124205 <== mon.0 v2:172.21.15.143:3300/0 3 ==== mon_map magic: 0 v1 ==== 205+0+0 (secure 0 0 0) 0x7f4a540247b0 con 0x7f4a64106260
2024-03-11T21:12:56.609 INFO:teuthology.orchestra.run.smithi143.stdout:/usr/bin/ceph: stderr
2024-03-11T21:12:55.885+0000 7f4a6961e700 10 client.14102.objecter _maybe_request_map subscribing (onetime) to next osd map
2024-03-11T21:12:56.610 INFO:teuthology.orchestra.run.smithi143.stdout:/usr/bin/ceph: stderr
2024-03-11T21:12:55.885+0000 7f4a6961e700 1 -- 172.21.15.143:0/2664124205 --> [v2:172.21.15.143:3300/0,v1:172.21.15.143:6789/0] -- mon_subscribe({osdmap=0}) v3 -- 0x7f4a6407a7a0 con 0x7f4a64106260
2024-03-11T21:12:56.610 INFO:teuthology.orchestra.run.smithi143.stdout:/usr/bin/ceph: stderr
2024-03-11T21:12:55.885+0000 7f4a6961e700 1 librados: init done
2024-03-11T21:12:56.610 INFO:teuthology.orchestra.run.smithi143.stdout:/usr/bin/ceph: stderr
2024-03-11T21:12:55.885+0000 7f4a4bfff700 1 -- 172.21.15.143:0/2664124205 <== mon.0 v2:172.21.15.143:3300/0 4 ==== mgrmap(e 1) v1 ==== 807+0+0 (secure 0 0 0) 0x7f4a54022020 con 0x7f4a64106260
2024-03-11T21:12:56.610 INFO:teuthology.orchestra.run.smithi143.stdout:/usr/bin/ceph: stderr
2024-03-11T21:12:55.885+0000 7f4a4bfff700 1 -- 172.21.15.143:0/2664124205 <== mon.0 v2:172.21.15.143:3300/0 5 ==== osd_map(1..1 src has 1..1) v4 ==== 725+0+0 (secure 0 0 0) 0x7f4a5402dd00 con 0x7f4a64106260
2024-03-11T21:12:56.610 INFO:teuthology.orchestra.run.smithi143.stdout:/usr/bin/ceph: stderr
2024-03-11T21:12:55.885+0000 7f4a4bfff700 10 client.14102.objecter ms_dispatch 0x7f4a64001550 osd_map(1..1 src has 1..1) v4
2024-03-11T21:12:56.610 INFO:teuthology.orchestra.run.smithi143.stdout:/usr/bin/ceph: stderr
2024-03-11T21:12:55.885+0000 7f4a4bfff700 3 client.14102.objecter handle_osd_map got epochs [1,1] > 0
2024-03-11T21:12:56.610 INFO:teuthology.orchestra.run.smithi143.stdout:/usr/bin/ceph: stderr
2024-03-11T21:12:55.885+0000 7f4a4bfff700 3 client.14102.objecter handle_osd_map decoding full epoch 1
2024-03-11T21:12:56.610 INFO:teuthology.orchestra.run.smithi143.stdout:/usr/bin/ceph: stderr
2024-03-11T21:12:55.885+0000 7f4a4bfff700 20 client.14102.objecter dump_active .. 0 homeless
2024-03-11T21:12:56.610 INFO:teuthology.orchestra.run.smithi143.stdout:/usr/bin/ceph: stderr
2024-03-11T21:12:55.885+0000 7f4a6961e700 1 -- 172.21.15.143:0/2664124205 --> [v2:172.21.15.143:3300/0,v1:172.21.15.143:6789/0] -- mon_command({"prefix": "get_command_descriptions"} v 0) v1 -- 0x7f4a64063410 con 0x7f4a64106260
2024-03-11T21:12:56.610 INFO:teuthology.orchestra.run.smithi143.stdout:/usr/bin/ceph: stderr
2024-03-11T21:12:55.885+0000 7f4a4bfff700 1 -- 172.21.15.143:0/2664124205 <== mon.0 v2:172.21.15.143:3300/0 6 ==== mon_command_ack([{"prefix": "get_command_descriptions"}]=0 v0) v1 ==== 72+0+73141 (secure 0 0 0) 0x7f4a5401aa40 con 0x7f4a64106260
2024-03-11T21:12:56.610 INFO:teuthology.orchestra.run.smithi143.stdout:/usr/bin/ceph: stderr
2024-03-11T21:12:56.017+0000 7f4a6961e700 1 -- 172.21.15.143:0/2664124205 --> [v2:172.21.15.143:3300/0,v1:172.21.15.143:6789/0] -- mon_command({"prefix": "status", "format": "json-pretty"} v 0) v1 -- 0x7f4a6407aa20 con 0x7f4a64106260
2024-03-11T21:12:56.610 INFO:teuthology.orchestra.run.smithi143.stdout:/usr/bin/ceph: stderr
2024-03-11T21:12:56.017+0000 7f4a4bfff700 1 -- 172.21.15.143:0/2664124205 <== mon.0 v2:172.21.15.143:3300/0 7 ==== mon_command_ack([{"prefix": "status", "format": "json-pretty"}]=0 v0) v1 ==== 79+0+1239 (secure 0 0 0) 0x7f4a5401a430 con 0x7f4a64106260
2024-03-11T21:12:56.611 INFO:teuthology.orchestra.run.smithi143.stdout:/usr/bin/ceph: stderr
2024-03-11T21:12:56.021+0000 7f4a6961e700 10 librados: watch_flush enter
2024-03-11T21:12:56.611 INFO:teuthology.orchestra.run.smithi143.stdout:/usr/bin/ceph: stderr
2024-03-11T21:12:56.021+0000 7f4a6961e700 10 librados: watch_flush exit
2024-03-11T21:12:56.611 INFO:teuthology.orchestra.run.smithi143.stdout:/usr/bin/ceph: stderr
2024-03-11T21:12:56.021+0000 7f4a6961e700 20 client.14102.objecter shutdown clearing up homeless session...
2024-03-11T21:12:56.611 INFO:teuthology.orchestra.run.smithi143.stdout:/usr/bin/ceph: stderr
2024-03-11T21:12:56.021+0000 7f4a6961e700 10 client.14102.objecter successfully canceled tick
2024-03-11T21:12:56.611 INFO:teuthology.orchestra.run.smithi143.stdout:/usr/bin/ceph: stderr
2024-03-11T21:12:56.021+0000 7f4a6961e700 1 -- 172.21.15.143:0/2664124205 >> [v2:172.21.15.143:3300/0,v1:172.21.15.143:6789/0] conn(0x7f4a64106260 msgr2=0x7f4a6407bb30 secure :-1 s=STATE_CONNECTION_ESTABLISHED l=1).mark_down
2024-03-11T21:12:56.611 INFO:teuthology.orchestra.run.smithi143.stdout:/usr/bin/ceph: stderr
2024-03-11T21:12:56.021+0000 7f4a6961e700 1 --2- 172.21.15.143:0/2664124205 >> [v2:172.21.15.143:3300/0,v1:172.21.15.143:6789/0] conn(0x7f4a64106260 0x7f4a6407bb30 secure :-1 s=READY pgs=6 cs=0 l=1 rev1=1 crypto rx=0x7f4a54003ea0 tx=0x7f4a540117f0 comp rx=0 tx=0).stop
2024-03-11T21:12:56.611 INFO:teuthology.orchestra.run.smithi143.stdout:/usr/bin/ceph: stderr
2024-03-11T21:12:56.021+0000 7f4a6961e700 1 -- 172.21.15.143:0/2664124205 shutdown_connections
2024-03-11T21:12:56.611 INFO:teuthology.orchestra.run.smithi143.stdout:/usr/bin/ceph: stderr
2024-03-11T21:12:56.021+0000 7f4a6961e700 1 --2- 172.21.15.143:0/2664124205 >> [v2:172.21.15.143:3300/0,v1:172.21.15.143:6789/0] conn(0x7f4a64106260 0x7f4a6407bb30 unknown :-1 s=CLOSED pgs=6 cs=0 l=1 rev1=1 crypto rx=0 tx=0 comp rx=0 tx=0).stop
2024-03-11T21:12:56.611 INFO:teuthology.orchestra.run.smithi143.stdout:/usr/bin/ceph: stderr
2024-03-11T21:12:56.021+0000 7f4a6961e700 1 -- 172.21.15.143:0/2664124205 >> 172.21.15.143:0/2664124205 conn(0x7f4a64101820 msgr2=0x7f4a64102330 unknown :-1 s=STATE_NONE l=0).mark_down
2024-03-11T21:12:56.611 INFO:teuthology.orchestra.run.smithi143.stdout:/usr/bin/ceph: stderr
2024-03-11T21:12:56.021+0000 7f4a6961e700 1 -- 172.21.15.143:0/2664124205 shutdown_connections
2024-03-11T21:12:56.612 INFO:teuthology.orchestra.run.smithi143.stdout:/usr/bin/ceph: stderr
2024-03-11T21:12:56.021+0000 7f4a6961e700 1 -- 172.21.15.143:0/2664124205 wait complete.
2024-03-11T21:12:56.612 INFO:teuthology.orchestra.run.smithi143.stdout:/usr/bin/ceph: stderr
2024-03-11T21:12:56.021+0000 7f4a6961e700 1 librados: shutdown
2024-03-11T21:12:56.612 INFO:teuthology.orchestra.run.smithi143.stdout:mgr not available, waiting (1/15)...
2024-03-11T21:12:57.872 INFO:journalctl@ceph.mgr.y.smithi143.stdout:Mar 11 21:12:57 smithi143 bash[21768]: debug
2024-03-11T21:12:57.541+0000 7f385fe14200 -1 mgr[py] Module rook has missing NOTIFY_TYPES member
2024-03-11T21:12:57.873 INFO:journalctl@ceph.mgr.y.smithi143.stdout:Mar 11 21:12:57 smithi143 bash[21768]: debug
2024-03-11T21:12:57.637+0000 7f385fe14200 -1 mgr[py] Module iostat has missing NOTIFY_TYPES member
2024-03-11T21:12:57.873 INFO:journalctl@ceph.mgr.y.smithi143.stdout:Mar 11 21:12:57 smithi143 bash[21768]: debug
2024-03-11T21:12:57.885+0000 7f385fe14200 -1 mgr[py] Module telemetry has missing NOTIFY_TYPES member
2024-03-11T21:12:58.879 INFO:journalctl@ceph.mgr.y.smithi143.stdout:Mar 11 21:12:58 smithi143 bash[21768]: debug
2024-03-11T21:12:58.677+0000 7f385fe14200 -1 mgr[py] Module osd_support has missing NOTIFY_TYPES member
2024-03-11T21:12:58.880 INFO:journalctl@ceph.mgr.y.smithi143.stdout:Mar 11 21:12:58 smithi143 bash[21768]: debug
2024-03-11T21:12:58.789+0000 7f385fe14200 -1 mgr[py] Module selftest has missing NOTIFY_TYPES member
2024-03-11T21:12:59.688 INFO:journalctl@ceph.mgr.y.smithi143.stdout:Mar 11 21:12:58 smithi143 bash[21768]: debug
2024-03-11T21:12:58.893+0000 7f385fe14200 -1 mgr[py] Module progress has missing NOTIFY_TYPES member
2024-03-11T21:12:59.688 INFO:journalctl@ceph.mgr.y.smithi143.stdout:Mar 11 21:12:59 smithi143 bash[21768]: debug
2024-03-11T21:12:59.249+0000 7f385fe14200 -1 mgr[py] Module rgw has missing NOTIFY_TYPES member
2024-03-11T21:12:59.688 INFO:journalctl@ceph.mgr.y.smithi143.stdout:Mar 11 21:12:59 smithi143 bash[21768]: debug
2024-03-11T21:12:59.361+0000 7f385fe14200 -1 mgr[py] Module crash has missing NOTIFY_TYPES member
2024-03-11T21:12:59.688 INFO:journalctl@ceph.mgr.y.smithi143.stdout:Mar 11 21:12:59 smithi143 bash[21768]: debug
2024-03-11T21:12:59.481+0000 7f385fe14200 -1 mgr[py] Module telegraf has missing NOTIFY_TYPES member
2024-03-11T21:12:59.945 INFO:journalctl@ceph.mon.a.smithi143.stdout:Mar 11 21:12:59 smithi143 bash[21512]: audit
2024-03-11T21:12:59.692130+0000 mon.a (mon.0) 8 : audit 0 from='client.? 172.21.15.143:0/2412168068' entity='client.admin' cmd=[{"prefix": "status", "format": "json-pretty"}]: dispatch
2024-03-11T21:12:59.945 INFO:journalctl@ceph.mgr.y.smithi143.stdout:Mar 11 21:12:59 smithi143 bash[21768]: debug
2024-03-11T21:12:59.841+0000 7f385fe14200 -1 mgr[py] Module pg_autoscaler has missing NOTIFY_TYPES member
2024-03-11T21:13:00.260 INFO:teuthology.orchestra.run.smithi143.stdout:/usr/bin/ceph: stdout
2024-03-11T21:13:00.260 INFO:teuthology.orchestra.run.smithi143.stdout:/usr/bin/ceph: stdout {
2024-03-11T21:13:00.261 INFO:teuthology.orchestra.run.smithi143.stdout:/usr/bin/ceph: stdout "fsid": "eebe2e36-dfeb-11ee-95c8-87774f69a715",
2024-03-11T21:13:00.261 INFO:teuthology.orchestra.run.smithi143.stdout:/usr/bin/ceph: stdout "health": {
2024-03-11T21:13:00.261 INFO:teuthology.orchestra.run.smithi143.stdout:/usr/bin/ceph: stdout "status": "HEALTH_OK",
2024-03-11T21:13:00.261 INFO:teuthology.orchestra.run.smithi143.stdout:/usr/bin/ceph: stdout "checks": {},
2024-03-11T21:13:00.261 INFO:teuthology.orchestra.run.smithi143.stdout:/usr/bin/ceph: stdout "mutes": []
2024-03-11T21:13:00.261 INFO:teuthology.orchestra.run.smithi143.stdout:/usr/bin/ceph: stdout },
2024-03-11T21:13:00.261 INFO:teuthology.orchestra.run.smithi143.stdout:/usr/bin/ceph: stdout "election_epoch": 5,
2024-03-11T21:13:00.261 INFO:teuthology.orchestra.run.smithi143.stdout:/usr/bin/ceph: stdout "quorum": [
2024-03-11T21:13:00.261 INFO:teuthology.orchestra.run.smithi143.stdout:/usr/bin/ceph: stdout 0
2024-03-11T21:13:00.261 INFO:teuthology.orchestra.run.smithi143.stdout:/usr/bin/ceph: stdout ],
2024-03-11T21:13:00.261 INFO:teuthology.orchestra.run.smithi143.stdout:/usr/bin/ceph: stdout "quorum_names": [
2024-03-11T21:13:00.262 INFO:teuthology.orchestra.run.smithi143.stdout:/usr/bin/ceph: stdout "a"
2024-03-11T21:13:00.262 INFO:teuthology.orchestra.run.smithi143.stdout:/usr/bin/ceph: stdout ],
2024-03-11T21:13:00.262 INFO:teuthology.orchestra.run.smithi143.stdout:/usr/bin/ceph: stdout "quorum_age": 6,
2024-03-11T21:13:00.262 INFO:teuthology.orchestra.run.smithi143.stdout:/usr/bin/ceph: stdout "monmap": {
2024-03-11T21:13:00.262 INFO:teuthology.orchestra.run.smithi143.stdout:/usr/bin/ceph: stdout "epoch": 1,
2024-03-11T21:13:00.262 INFO:teuthology.orchestra.run.smithi143.stdout:/usr/bin/ceph: stdout "min_mon_release_name": "squid",
2024-03-11T21:13:00.262 INFO:teuthology.orchestra.run.smithi143.stdout:/usr/bin/ceph: stdout "num_mons": 1
2024-03-11T21:13:00.262 INFO:teuthology.orchestra.run.smithi143.stdout:/usr/bin/ceph: stdout },
2024-03-11T21:13:00.262 INFO:teuthology.orchestra.run.smithi143.stdout:/usr/bin/ceph: stdout "osdmap": {
2024-03-11T21:13:00.262 INFO:teuthology.orchestra.run.smithi143.stdout:/usr/bin/ceph: stdout "epoch": 1,
2024-03-11T21:13:00.263 INFO:teuthology.orchestra.run.smithi143.stdout:/usr/bin/ceph: stdout "num_osds": 0,
2024-03-11T21:13:00.263 INFO:teuthology.orchestra.run.smithi143.stdout:/usr/bin/ceph: stdout "num_up_osds": 0,
2024-03-11T21:13:00.263 INFO:teuthology.orchestra.run.smithi143.stdout:/usr/bin/ceph: stdout "osd_up_since": 0,
2024-03-11T21:13:00.263 INFO:teuthology.orchestra.run.smithi143.stdout:/usr/bin/ceph: stdout "num_in_osds": 0,
2024-03-11T21:13:00.263 INFO:teuthology.orchestra.run.smithi143.stdout:/usr/bin/ceph: stdout "osd_in_since": 0,
2024-03-11T21:13:00.263 INFO:teuthology.orchestra.run.smithi143.stdout:/usr/bin/ceph: stdout "num_remapped_pgs": 0
2024-03-11T21:13:00.263 INFO:teuthology.orchestra.run.smithi143.stdout:/usr/bin/ceph: stdout },
2024-03-11T21:13:00.263 INFO:teuthology.orchestra.run.smithi143.stdout:/usr/bin/ceph: stdout "pgmap": {
2024-03-11T21:13:00.263 INFO:teuthology.orchestra.run.smithi143.stdout:/usr/bin/ceph: stdout "pgs_by_state": [],
2024-03-11T21:13:00.263 INFO:teuthology.orchestra.run.smithi143.stdout:/usr/bin/ceph: stdout "num_pgs": 0,
2024-03-11T21:13:00.263 INFO:teuthology.orchestra.run.smithi143.stdout:/usr/bin/ceph: stdout "num_pools": 0,
2024-03-11T21:13:00.263 INFO:teuthology.orchestra.run.smithi143.stdout:/usr/bin/ceph: stdout "num_objects": 0,
2024-03-11T21:13:00.263 INFO:teuthology.orchestra.run.smithi143.stdout:/usr/bin/ceph: stdout "data_bytes": 0,
2024-03-11T21:13:00.263 INFO:teuthology.orchestra.run.smithi143.stdout:/usr/bin/ceph: stdout "bytes_used": 0,
2024-03-11T21:13:00.264 INFO:teuthology.orchestra.run.smithi143.stdout:/usr/bin/ceph: stdout "bytes_avail": 0,
2024-03-11T21:13:00.264 INFO:teuthology.orchestra.run.smithi143.stdout:/usr/bin/ceph: stdout "bytes_total": 0
2024-03-11T21:13:00.264 INFO:teuthology.orchestra.run.smithi143.stdout:/usr/bin/ceph: stdout },
2024-03-11T21:13:00.264 INFO:teuthology.orchestra.run.smithi143.stdout:/usr/bin/ceph: stdout "fsmap": {
2024-03-11T21:13:00.264 INFO:teuthology.orchestra.run.smithi143.stdout:/usr/bin/ceph: stdout "epoch": 1,
2024-03-11T21:13:00.264 INFO:teuthology.orchestra.run.smithi143.stdout:/usr/bin/ceph: stdout "by_rank": [],
2024-03-11T21:13:00.264 INFO:teuthology.orchestra.run.smithi143.stdout:/usr/bin/ceph: stdout "up:standby": 0
2024-03-11T21:13:00.264 INFO:teuthology.orchestra.run.smithi143.stdout:/usr/bin/ceph: stdout },
2024-03-11T21:13:00.264 INFO:teuthology.orchestra.run.smithi143.stdout:/usr/bin/ceph: stdout "mgrmap": {
2024-03-11T21:13:00.264 INFO:teuthology.orchestra.run.smithi143.stdout:/usr/bin/ceph: stdout "available": false,
2024-03-11T21:13:00.264 INFO:teuthology.orchestra.run.smithi143.stdout:/usr/bin/ceph: stdout "num_standbys": 0,
2024-03-11T21:13:00.264 INFO:teuthology.orchestra.run.smithi143.stdout:/usr/bin/ceph: stdout "modules": [
2024-03-11T21:13:00.264 INFO:teuthology.orchestra.run.smithi143.stdout:/usr/bin/ceph: stdout "iostat",
2024-03-11T21:13:00.264 INFO:teuthology.orchestra.run.smithi143.stdout:/usr/bin/ceph: stdout "nfs",
2024-03-11T21:13:00.264 INFO:teuthology.orchestra.run.smithi143.stdout:/usr/bin/ceph: stdout "restful"
2024-03-11T21:13:00.265 INFO:teuthology.orchestra.run.smithi143.stdout:/usr/bin/ceph: stdout ],
2024-03-11T21:13:00.265 INFO:teuthology.orchestra.run.smithi143.stdout:/usr/bin/ceph: stdout "services": {}
2024-03-11T21:13:00.265 INFO:teuthology.orchestra.run.smithi143.stdout:/usr/bin/ceph: stdout },
2024-03-11T21:13:00.265 INFO:teuthology.orchestra.run.smithi143.stdout:/usr/bin/ceph: stdout "servicemap": {
2024-03-11T21:13:00.265 INFO:teuthology.orchestra.run.smithi143.stdout:/usr/bin/ceph: stdout "epoch": 1,
2024-03-11T21:13:00.265 INFO:teuthology.orchestra.run.smithi143.stdout:/usr/bin/ceph: stdout "modified": "2024-03-11T21:12:47.385218+0000",
2024-03-11T21:13:00.265 INFO:teuthology.orchestra.run.smithi143.stdout:/usr/bin/ceph: stdout "services": {}
2024-03-11T21:13:00.265 INFO:teuthology.orchestra.run.smithi143.stdout:/usr/bin/ceph: stdout },
2024-03-11T21:13:00.266 INFO:teuthology.orchestra.run.smithi143.stdout:/usr/bin/ceph: stdout "progress_events": {}
2024-03-11T21:13:00.266 INFO:teuthology.orchestra.run.smithi143.stdout:/usr/bin/ceph: stdout }
2024-03-11T21:13:00.266 INFO:teuthology.orchestra.run.smithi143.stdout:/usr/bin/ceph: stderr
2024-03-11T21:12:59.545+0000 7f88d2880700 1 Processor -- start
2024-03-11T21:13:00.266 INFO:teuthology.orchestra.run.smithi143.stdout:/usr/bin/ceph: stderr
2024-03-11T21:12:59.545+0000 7f88d2880700 1 -- start start
2024-03-11T21:13:00.266 INFO:teuthology.orchestra.run.smithi143.stdout:/usr/bin/ceph: stderr
2024-03-11T21:12:59.549+0000 7f88d2880700 1 --2- >> [v2:172.21.15.143:3300/0,v1:172.21.15.143:6789/0] conn(0x7f88cc104ae0 0x7f88cc104f00 unknown :-1 s=NONE pgs=0 cs=0 l=0 rev1=0 crypto rx=0 tx=0 comp rx=0 tx=0).connect
2024-03-11T21:13:00.267 INFO:teuthology.orchestra.run.smithi143.stdout:/usr/bin/ceph: stderr
2024-03-11T21:12:59.549+0000 7f88d2880700 1 -- --> [v2:172.21.15.143:3300/0,v1:172.21.15.143:6789/0] -- mon_getmap magic: 0 v1 -- 0x7f88cc074fa0 con 0x7f88cc104ae0
2024-03-11T21:13:00.267 INFO:teuthology.orchestra.run.smithi143.stdout:/usr/bin/ceph: stderr
2024-03-11T21:12:59.549+0000 7f88cbfff700 1 --2- >> [v2:172.21.15.143:3300/0,v1:172.21.15.143:6789/0] conn(0x7f88cc104ae0 0x7f88cc104f00 unknown :-1 s=BANNER_CONNECTING pgs=0 cs=0 l=0 rev1=0 crypto rx=0 tx=0 comp rx=0 tx=0)._handle_peer_banner_payload supported=3 required=0
2024-03-11T21:13:00.267 INFO:teuthology.orchestra.run.smithi143.stdout:/usr/bin/ceph: stderr
2024-03-11T21:12:59.549+0000 7f88cbfff700 1 --2- >> [v2:172.21.15.143:3300/0,v1:172.21.15.143:6789/0] conn(0x7f88cc104ae0 0x7f88cc104f00 unknown :-1 s=HELLO_CONNECTING pgs=0 cs=0 l=0 rev1=1 crypto rx=0 tx=0 comp rx=0 tx=0).handle_hello peer v2:172.21.15.143:3300/0 says I am v2:172.21.15.143:49388/0 (socket says 172.21.15.143:49388)
2024-03-11T21:13:00.267 INFO:teuthology.orchestra.run.smithi143.stdout:/usr/bin/ceph: stderr
2024-03-11T21:12:59.549+0000 7f88cbfff700 1 -- 172.21.15.143:0/4029427333 learned_addr learned my addr 172.21.15.143:0/4029427333 (peer_addr_for_me v2:172.21.15.143:0/0)
2024-03-11T21:13:00.267 INFO:teuthology.orchestra.run.smithi143.stdout:/usr/bin/ceph: stderr
2024-03-11T21:12:59.549+0000 7f88cbfff700 1 -- 172.21.15.143:0/4029427333 --> [v2:172.21.15.143:3300/0,v1:172.21.15.143:6789/0] -- mon_subscribe({config=0+,monmap=0+}) v3 -- 0x7f88cc105440 con 0x7f88cc104ae0
2024-03-11T21:13:00.267 INFO:teuthology.orchestra.run.smithi143.stdout:/usr/bin/ceph: stderr
2024-03-11T21:12:59.549+0000 7f88cbfff700 1 --2- 172.21.15.143:0/4029427333 >> [v2:172.21.15.143:3300/0,v1:172.21.15.143:6789/0] conn(0x7f88cc104ae0 0x7f88cc104f00 secure :-1 s=READY pgs=7 cs=0 l=1 rev1=1 crypto rx=0x7f88bc0098a0 tx=0x7f88bc009bb0 comp rx=0 tx=0).ready entity=mon.0 client_cookie=4887da137bde5522 server_cookie=0 in_seq=0 out_seq=0
2024-03-11T21:13:00.267 INFO:teuthology.orchestra.run.smithi143.stdout:/usr/bin/ceph: stderr
2024-03-11T21:12:59.549+0000 7f88caffd700 1 -- 172.21.15.143:0/4029427333 <== mon.0 v2:172.21.15.143:3300/0 1 ==== mon_map magic: 0 v1 ==== 205+0+0 (secure 0 0 0) 0x7f88bc004160 con 0x7f88cc104ae0
2024-03-11T21:13:00.267 INFO:teuthology.orchestra.run.smithi143.stdout:/usr/bin/ceph: stderr
2024-03-11T21:12:59.549+0000 7f88caffd700 1 -- 172.21.15.143:0/4029427333 <== mon.0 v2:172.21.15.143:3300/0 2 ==== config(25 keys) v1 ==== 1024+0+0 (secure 0 0 0) 0x7f88bc004300 con 0x7f88cc104ae0
2024-03-11T21:13:00.267 INFO:teuthology.orchestra.run.smithi143.stdout:/usr/bin/ceph: stderr
2024-03-11T21:12:59.549+0000 7f88caffd700 1 -- 172.21.15.143:0/4029427333 <== mon.0 v2:172.21.15.143:3300/0 3 ==== mon_map magic: 0 v1 ==== 205+0+0 (secure 0 0 0) 0x7f88bc011960 con 0x7f88cc104ae0
2024-03-11T21:13:00.267 INFO:teuthology.orchestra.run.smithi143.stdout:/usr/bin/ceph: stderr
2024-03-11T21:12:59.549+0000 7f88d2880700 1 -- 172.21.15.143:0/4029427333 >> [v2:172.21.15.143:3300/0,v1:172.21.15.143:6789/0] conn(0x7f88cc104ae0 msgr2=0x7f88cc104f00 secure :-1 s=STATE_CONNECTION_ESTABLISHED l=1).mark_down
2024-03-11T21:13:00.267 INFO:teuthology.orchestra.run.smithi143.stdout:/usr/bin/ceph: stderr
2024-03-11T21:12:59.549+0000 7f88d2880700 1 --2- 172.21.15.143:0/4029427333 >> [v2:172.21.15.143:3300/0,v1:172.21.15.143:6789/0] conn(0x7f88cc104ae0 0x7f88cc104f00 secure :-1 s=READY pgs=7 cs=0 l=1 rev1=1 crypto rx=0x7f88bc0098a0 tx=0x7f88bc009bb0 comp rx=0 tx=0).stop
2024-03-11T21:13:00.267 INFO:teuthology.orchestra.run.smithi143.stdout:/usr/bin/ceph: stderr
2024-03-11T21:12:59.549+0000 7f88d2880700 1 -- 172.21.15.143:0/4029427333 shutdown_connections
2024-03-11T21:13:00.267 INFO:teuthology.orchestra.run.smithi143.stdout:/usr/bin/ceph: stderr
2024-03-11T21:12:59.549+0000 7f88d2880700 1 --2- 172.21.15.143:0/4029427333 >> [v2:172.21.15.143:3300/0,v1:172.21.15.143:6789/0] conn(0x7f88cc104ae0 0x7f88cc104f00 unknown :-1 s=CLOSED pgs=7 cs=0 l=1 rev1=1 crypto rx=0 tx=0 comp rx=0 tx=0).stop
2024-03-11T21:13:00.268 INFO:teuthology.orchestra.run.smithi143.stdout:/usr/bin/ceph: stderr
2024-03-11T21:12:59.549+0000 7f88d2880700 1 -- 172.21.15.143:0/4029427333 >> 172.21.15.143:0/4029427333 conn(0x7f88cc100760 msgr2=0x7f88cc102b80 unknown :-1 s=STATE_NONE l=0).mark_down
2024-03-11T21:13:00.268 INFO:teuthology.orchestra.run.smithi143.stdout:/usr/bin/ceph: stderr
2024-03-11T21:12:59.549+0000 7f88d2880700 1 -- 172.21.15.143:0/4029427333 shutdown_connections
2024-03-11T21:13:00.268 INFO:teuthology.orchestra.run.smithi143.stdout:/usr/bin/ceph: stderr
2024-03-11T21:12:59.549+0000 7f88d2880700 1 -- 172.21.15.143:0/4029427333 wait complete.
2024-03-11T21:13:00.268 INFO:teuthology.orchestra.run.smithi143.stdout:/usr/bin/ceph: stderr
2024-03-11T21:12:59.549+0000 7f88d2880700 1 librados: starting msgr at
2024-03-11T21:13:00.268 INFO:teuthology.orchestra.run.smithi143.stdout:/usr/bin/ceph: stderr
2024-03-11T21:12:59.549+0000 7f88d2880700 1 librados: starting objecter
2024-03-11T21:13:00.268 INFO:teuthology.orchestra.run.smithi143.stdout:/usr/bin/ceph: stderr
2024-03-11T21:12:59.549+0000 7f88d2880700 1 Processor -- start
2024-03-11T21:13:00.268 INFO:teuthology.orchestra.run.smithi143.stdout:/usr/bin/ceph: stderr
2024-03-11T21:12:59.549+0000 7f88d2880700 1 -- start start
2024-03-11T21:13:00.268 INFO:teuthology.orchestra.run.smithi143.stdout:/usr/bin/ceph: stderr
2024-03-11T21:12:59.549+0000 7f88d2880700 1 librados: setting wanted keys
2024-03-11T21:13:00.268 INFO:teuthology.orchestra.run.smithi143.stdout:/usr/bin/ceph: stderr
2024-03-11T21:12:59.549+0000 7f88d2880700 1 librados: calling monclient init
2024-03-11T21:13:00.268 INFO:teuthology.orchestra.run.smithi143.stdout:/usr/bin/ceph: stderr
2024-03-11T21:12:59.549+0000 7f88d2880700 1 --2- >> [v2:172.21.15.143:3300/0,v1:172.21.15.143:6789/0] conn(0x7f88cc104ae0 0x7f88cc19c370 unknown :-1 s=NONE pgs=0 cs=0 l=1 rev1=0 crypto rx=0 tx=0 comp rx=0 tx=0).connect
2024-03-11T21:13:00.268 INFO:teuthology.orchestra.run.smithi143.stdout:/usr/bin/ceph: stderr
2024-03-11T21:12:59.549+0000 7f88d2880700 1 -- --> [v2:172.21.15.143:3300/0,v1:172.21.15.143:6789/0] -- mon_getmap magic: 0 v1 -- 0x7f88cc106410 con 0x7f88cc104ae0
2024-03-11T21:13:00.268 INFO:teuthology.orchestra.run.smithi143.stdout:/usr/bin/ceph: stderr
2024-03-11T21:12:59.549+0000 7f88cbfff700 1 --2- >> [v2:172.21.15.143:3300/0,v1:172.21.15.143:6789/0] conn(0x7f88cc104ae0 0x7f88cc19c370 unknown :-1 s=BANNER_CONNECTING pgs=0 cs=0 l=1 rev1=0 crypto rx=0 tx=0 comp rx=0 tx=0)._handle_peer_banner_payload supported=3 required=0
2024-03-11T21:13:00.268 INFO:teuthology.orchestra.run.smithi143.stdout:/usr/bin/ceph: stderr
2024-03-11T21:12:59.549+0000 7f88cbfff700 1 --2- >> [v2:172.21.15.143:3300/0,v1:172.21.15.143:6789/0] conn(0x7f88cc104ae0 0x7f88cc19c370 unknown :-1 s=HELLO_CONNECTING pgs=0 cs=0 l=1 rev1=1 crypto rx=0 tx=0 comp rx=0 tx=0).handle_hello peer v2:172.21.15.143:3300/0 says I am v2:172.21.15.143:49404/0 (socket says 172.21.15.143:49404)
2024-03-11T21:13:00.268 INFO:teuthology.orchestra.run.smithi143.stdout:/usr/bin/ceph: stderr
2024-03-11T21:12:59.549+0000 7f88cbfff700 1 -- 172.21.15.143:0/2412168068 learned_addr learned my addr 172.21.15.143:0/2412168068 (peer_addr_for_me v2:172.21.15.143:0/0)
2024-03-11T21:13:00.269 INFO:teuthology.orchestra.run.smithi143.stdout:/usr/bin/ceph: stderr
2024-03-11T21:12:59.549+0000 7f88cbfff700 1 -- 172.21.15.143:0/2412168068 --> [v2:172.21.15.143:3300/0,v1:172.21.15.143:6789/0] -- mon_subscribe({config=0+,monmap=0+}) v3 -- 0x7f88cc19c8b0 con 0x7f88cc104ae0
2024-03-11T21:13:00.269 INFO:teuthology.orchestra.run.smithi143.stdout:/usr/bin/ceph: stderr
2024-03-11T21:12:59.549+0000 7f88cbfff700 1 --2- 172.21.15.143:0/2412168068 >> [v2:172.21.15.143:3300/0,v1:172.21.15.143:6789/0] conn(0x7f88cc104ae0 0x7f88cc19c370 secure :-1 s=READY pgs=8 cs=0 l=1 rev1=1 crypto rx=0x7f88bc011670 tx=0x7f88bc0117f0 comp rx=0 tx=0).ready entity=mon.0 client_cookie=0 server_cookie=0 in_seq=0 out_seq=0
2024-03-11T21:13:00.269 INFO:teuthology.orchestra.run.smithi143.stdout:/usr/bin/ceph: stderr
2024-03-11T21:12:59.549+0000 7f88c97fa700 10 client.?.objecter ms_handle_connect 0x7f88cc104ae0
2024-03-11T21:13:00.269 INFO:teuthology.orchestra.run.smithi143.stdout:/usr/bin/ceph: stderr
2024-03-11T21:12:59.549+0000 7f88c97fa700 10 client.?.objecter resend_mon_ops
2024-03-11T21:13:00.269 INFO:teuthology.orchestra.run.smithi143.stdout:/usr/bin/ceph: stderr
2024-03-11T21:12:59.549+0000 7f88c97fa700 1 -- 172.21.15.143:0/2412168068 <== mon.0 v2:172.21.15.143:3300/0 1 ==== mon_map magic: 0 v1 ==== 205+0+0 (secure 0 0 0) 0x7f88bc01a430 con 0x7f88cc104ae0
2024-03-11T21:13:00.269 INFO:teuthology.orchestra.run.smithi143.stdout:/usr/bin/ceph: stderr
2024-03-11T21:12:59.549+0000 7f88c97fa700 1 -- 172.21.15.143:0/2412168068 <== mon.0 v2:172.21.15.143:3300/0 2 ==== config(25 keys) v1 ==== 1024+0+0 (secure 0 0 0) 0x7f88bc020070 con 0x7f88cc104ae0
2024-03-11T21:13:00.269 INFO:teuthology.orchestra.run.smithi143.stdout:/usr/bin/ceph: stderr
2024-03-11T21:12:59.549+0000 7f88d2880700 1 -- 172.21.15.143:0/2412168068 --> [v2:172.21.15.143:3300/0,v1:172.21.15.143:6789/0] -- mon_subscribe({mgrmap=0+}) v3 -- 0x7f88cc19cb40 con 0x7f88cc104ae0
2024-03-11T21:13:00.269 INFO:teuthology.orchestra.run.smithi143.stdout:/usr/bin/ceph: stderr
2024-03-11T21:12:59.549+0000 7f88c97fa700 1 -- 172.21.15.143:0/2412168068 <== mon.0 v2:172.21.15.143:3300/0 3 ==== mon_map magic: 0 v1 ==== 205+0+0 (secure 0 0 0) 0x7f88bc019660 con 0x7f88cc104ae0
2024-03-11T21:13:00.269 INFO:teuthology.orchestra.run.smithi143.stdout:/usr/bin/ceph: stderr
2024-03-11T21:12:59.549+0000 7f88d2880700 10 client.14104.objecter _maybe_request_map subscribing (onetime) to next osd map
2024-03-11T21:13:00.269 INFO:teuthology.orchestra.run.smithi143.stdout:/usr/bin/ceph: stderr
2024-03-11T21:12:59.549+0000 7f88d2880700 1 -- 172.21.15.143:0/2412168068 --> [v2:172.21.15.143:3300/0,v1:172.21.15.143:6789/0] -- mon_subscribe({osdmap=0}) v3 -- 0x7f88cc19f830 con 0x7f88cc104ae0
2024-03-11T21:13:00.269 INFO:teuthology.orchestra.run.smithi143.stdout:/usr/bin/ceph: stderr
2024-03-11T21:12:59.549+0000 7f88c97fa700 1 -- 172.21.15.143:0/2412168068 <== mon.0 v2:172.21.15.143:3300/0 4 ==== mgrmap(e 1) v1 ==== 807+0+0 (secure 0 0 0) 0x7f88bc019c60 con 0x7f88cc104ae0
2024-03-11T21:13:00.269 INFO:teuthology.orchestra.run.smithi143.stdout:/usr/bin/ceph: stderr
2024-03-11T21:12:59.549+0000 7f88d2880700 1 librados: init done
2024-03-11T21:13:00.269 INFO:teuthology.orchestra.run.smithi143.stdout:/usr/bin/ceph: stderr
2024-03-11T21:12:59.549+0000 7f88c97fa700 1 -- 172.21.15.143:0/2412168068 <== mon.0 v2:172.21.15.143:3300/0 5 ==== osd_map(1..1 src has 1..1) v4 ==== 725+0+0 (secure 0 0 0) 0x7f88bc00bac0 con 0x7f88cc104ae0
2024-03-11T21:13:00.269 INFO:teuthology.orchestra.run.smithi143.stdout:/usr/bin/ceph: stderr
2024-03-11T21:12:59.549+0000 7f88c97fa700 10 client.14104.objecter ms_dispatch 0x7f88cc001550 osd_map(1..1 src has 1..1) v4
2024-03-11T21:13:00.270 INFO:teuthology.orchestra.run.smithi143.stdout:/usr/bin/ceph: stderr
2024-03-11T21:12:59.549+0000 7f88c97fa700 3 client.14104.objecter handle_osd_map got epochs [1,1] > 0
2024-03-11T21:13:00.270 INFO:teuthology.orchestra.run.smithi143.stdout:/usr/bin/ceph: stderr
2024-03-11T21:12:59.549+0000 7f88c97fa700 3 client.14104.objecter handle_osd_map decoding full epoch 1
2024-03-11T21:13:00.270 INFO:teuthology.orchestra.run.smithi143.stdout:/usr/bin/ceph: stderr
2024-03-11T21:12:59.553+0000 7f88c97fa700 20 client.14104.objecter dump_active .. 0 homeless
2024-03-11T21:13:00.270 INFO:teuthology.orchestra.run.smithi143.stdout:/usr/bin/ceph: stderr
2024-03-11T21:12:59.553+0000 7f88d2880700 1 -- 172.21.15.143:0/2412168068 --> [v2:172.21.15.143:3300/0,v1:172.21.15.143:6789/0] -- mon_command({"prefix": "get_command_descriptions"} v 0) v1 -- 0x7f88cc063410 con 0x7f88cc104ae0
2024-03-11T21:13:00.270 INFO:teuthology.orchestra.run.smithi143.stdout:/usr/bin/ceph: stderr
2024-03-11T21:12:59.553+0000 7f88c97fa700 1 -- 172.21.15.143:0/2412168068 <== mon.0 v2:172.21.15.143:3300/0 6 ==== mon_command_ack([{"prefix": "get_command_descriptions"}]=0 v0) v1 ==== 72+0+73141 (secure 0 0 0) 0x7f88bc0042a0 con 0x7f88cc104ae0
2024-03-11T21:13:00.270 INFO:teuthology.orchestra.run.smithi143.stdout:/usr/bin/ceph: stderr
2024-03-11T21:12:59.685+0000 7f88d2880700 1 -- 172.21.15.143:0/2412168068 --> [v2:172.21.15.143:3300/0,v1:172.21.15.143:6789/0] -- mon_command({"prefix": "status", "format": "json-pretty"} v 0) v1 -- 0x7f88cc02d830 con 0x7f88cc104ae0
2024-03-11T21:13:00.270 INFO:teuthology.orchestra.run.smithi143.stdout:/usr/bin/ceph: stderr
2024-03-11T21:12:59.689+0000 7f88c97fa700 1 -- 172.21.15.143:0/2412168068 <== mon.0 v2:172.21.15.143:3300/0 7 ==== mon_command_ack([{"prefix": "status", "format": "json-pretty"}]=0 v0) v1 ==== 79+0+1239 (secure 0 0 0) 0x7f88bc01abc0 con 0x7f88cc104ae0
2024-03-11T21:13:00.270 INFO:teuthology.orchestra.run.smithi143.stdout:/usr/bin/ceph: stderr
2024-03-11T21:12:59.689+0000 7f88d2880700 10 librados: watch_flush enter
2024-03-11T21:13:00.270 INFO:teuthology.orchestra.run.smithi143.stdout:/usr/bin/ceph: stderr
2024-03-11T21:12:59.689+0000 7f88d2880700 10 librados: watch_flush exit
2024-03-11T21:13:00.270 INFO:teuthology.orchestra.run.smithi143.stdout:/usr/bin/ceph: stderr
2024-03-11T21:12:59.689+0000 7f88d2880700 20 client.14104.objecter shutdown clearing up homeless session...
2024-03-11T21:13:00.270 INFO:teuthology.orchestra.run.smithi143.stdout:/usr/bin/ceph: stderr
2024-03-11T21:12:59.689+0000 7f88d2880700 10 client.14104.objecter successfully canceled tick
2024-03-11T21:13:00.270 INFO:teuthology.orchestra.run.smithi143.stdout:/usr/bin/ceph: stderr
2024-03-11T21:12:59.689+0000 7f88d2880700 1 -- 172.21.15.143:0/2412168068 >> [v2:172.21.15.143:3300/0,v1:172.21.15.143:6789/0] conn(0x7f88cc104ae0 msgr2=0x7f88cc19c370 secure :-1 s=STATE_CONNECTION_ESTABLISHED l=1).mark_down
2024-03-11T21:13:00.270 INFO:teuthology.orchestra.run.smithi143.stdout:/usr/bin/ceph: stderr
2024-03-11T21:12:59.689+0000 7f88d2880700 1 --2- 172.21.15.143:0/2412168068 >> [v2:172.21.15.143:3300/0,v1:172.21.15.143:6789/0] conn(0x7f88cc104ae0 0x7f88cc19c370 secure :-1 s=READY pgs=8 cs=0 l=1 rev1=1 crypto rx=0x7f88bc011670 tx=0x7f88bc0117f0 comp rx=0 tx=0).stop
2024-03-11T21:13:00.270 INFO:teuthology.orchestra.run.smithi143.stdout:/usr/bin/ceph: stderr
2024-03-11T21:12:59.689+0000 7f88d2880700 1 -- 172.21.15.143:0/2412168068 shutdown_connections
2024-03-11T21:13:00.271 INFO:teuthology.orchestra.run.smithi143.stdout:/usr/bin/ceph: stderr
2024-03-11T21:12:59.689+0000 7f88d2880700 1 --2- 172.21.15.143:0/2412168068 >> [v2:172.21.15.143:3300/0,v1:172.21.15.143:6789/0] conn(0x7f88cc104ae0 0x7f88cc19c370 unknown :-1 s=CLOSED pgs=8 cs=0 l=1 rev1=1 crypto rx=0 tx=0 comp rx=0 tx=0).stop
2024-03-11T21:13:00.271 INFO:teuthology.orchestra.run.smithi143.stdout:/usr/bin/ceph: stderr
