2024-03-12T03:16:19.318 INFO:teuthology.orchestra.run.smithi118.stdout:/usr/bin/ceph: stderr
2024-03-12T03:16:18.508+0000 7f0fdbfff700 1 --2- >> [v2:172.21.15.118:3300/0,v1:172.21.15.118:6789/0] conn(0x7f0fdc106330 0x7f0fdc106750 unknown :-1 s=BANNER_CONNECTING pgs=0 cs=0 l=0 rev1=0 crypto rx=0 tx=0 comp rx=0 tx=0)._handle_peer_banner_payload supported=3 required=0
2024-03-12T03:16:19.318 INFO:teuthology.orchestra.run.smithi118.stdout:/usr/bin/ceph: stderr
2024-03-12T03:16:18.508+0000 7f0fdbfff700 1 --2- >> [v2:172.21.15.118:3300/0,v1:172.21.15.118:6789/0] conn(0x7f0fdc106330 0x7f0fdc106750 unknown :-1 s=HELLO_CONNECTING pgs=0 cs=0 l=0 rev1=1 crypto rx=0 tx=0 comp rx=0 tx=0).handle_hello peer v2:172.21.15.118:3300/0 says I am v2:172.21.15.118:40934/0 (socket says 172.21.15.118:40934)
2024-03-12T03:16:19.318 INFO:teuthology.orchestra.run.smithi118.stdout:/usr/bin/ceph: stderr
2024-03-12T03:16:18.508+0000 7f0fdbfff700 1 -- 172.21.15.118:0/172426246 learned_addr learned my addr 172.21.15.118:0/172426246 (peer_addr_for_me v2:172.21.15.118:0/0)
2024-03-12T03:16:19.318 INFO:teuthology.orchestra.run.smithi118.stdout:/usr/bin/ceph: stderr
2024-03-12T03:16:18.509+0000 7f0fdbfff700 1 -- 172.21.15.118:0/172426246 --> [v2:172.21.15.118:3300/0,v1:172.21.15.118:6789/0] -- mon_subscribe({config=0+,monmap=0+}) v3 -- 0x7f0fdc107530 con 0x7f0fdc106330
2024-03-12T03:16:19.318 INFO:teuthology.orchestra.run.smithi118.stdout:/usr/bin/ceph: stderr
2024-03-12T03:16:18.509+0000 7f0fdbfff700 1 --2- 172.21.15.118:0/172426246 >> [v2:172.21.15.118:3300/0,v1:172.21.15.118:6789/0] conn(0x7f0fdc106330 0x7f0fdc106750 secure :-1 s=READY pgs=59 cs=0 l=1 rev1=1 crypto rx=0x7f0fcc0098a0 tx=0x7f0fcc009bb0 comp rx=0 tx=0).ready entity=mon.0 client_cookie=7a660708171927c1 server_cookie=0 in_seq=0 out_seq=0
2024-03-12T03:16:19.318 INFO:teuthology.orchestra.run.smithi118.stdout:/usr/bin/ceph: stderr
2024-03-12T03:16:18.509+0000 7f0fdaffd700 1 -- 172.21.15.118:0/172426246 <== mon.0 v2:172.21.15.118:3300/0 1 ==== mon_map magic: 0 v1 ==== 229+0+0 (secure 0 0 0) 0x7f0fcc004180 con 0x7f0fdc106330
2024-03-12T03:16:19.318 INFO:teuthology.orchestra.run.smithi118.stdout:/usr/bin/ceph: stderr
2024-03-12T03:16:18.509+0000 7f0fdaffd700 1 -- 172.21.15.118:0/172426246 <== mon.0 v2:172.21.15.118:3300/0 2 ==== config(27 keys) v1 ==== 1109+0+0 (secure 0 0 0) 0x7f0fcc0042e0 con 0x7f0fdc106330
2024-03-12T03:16:19.319 INFO:teuthology.orchestra.run.smithi118.stdout:/usr/bin/ceph: stderr
2024-03-12T03:16:18.509+0000 7f0fdaffd700 1 -- 172.21.15.118:0/172426246 <== mon.0 v2:172.21.15.118:3300/0 3 ==== mon_map magic: 0 v1 ==== 229+0+0 (secure 0 0 0) 0x7f0fcc011b10 con 0x7f0fdc106330
2024-03-12T03:16:19.319 INFO:teuthology.orchestra.run.smithi118.stdout:/usr/bin/ceph: stderr
2024-03-12T03:16:18.510+0000 7f0fe275d700 1 -- 172.21.15.118:0/172426246 >> [v2:172.21.15.118:3300/0,v1:172.21.15.118:6789/0] conn(0x7f0fdc106330 msgr2=0x7f0fdc106750 secure :-1 s=STATE_CONNECTION_ESTABLISHED l=1).mark_down
2024-03-12T03:16:19.319 INFO:teuthology.orchestra.run.smithi118.stdout:/usr/bin/ceph: stderr
2024-03-12T03:16:18.510+0000 7f0fe275d700 1 --2- 172.21.15.118:0/172426246 >> [v2:172.21.15.118:3300/0,v1:172.21.15.118:6789/0] conn(0x7f0fdc106330 0x7f0fdc106750 secure :-1 s=READY pgs=59 cs=0 l=1 rev1=1 crypto rx=0x7f0fcc0098a0 tx=0x7f0fcc009bb0 comp rx=0 tx=0).stop
2024-03-12T03:16:19.319 INFO:teuthology.orchestra.run.smithi118.stdout:/usr/bin/ceph: stderr
2024-03-12T03:16:18.510+0000 7f0fe275d700 1 -- 172.21.15.118:0/172426246 shutdown_connections
2024-03-12T03:16:19.319 INFO:teuthology.orchestra.run.smithi118.stdout:/usr/bin/ceph: stderr
2024-03-12T03:16:18.510+0000 7f0fe275d700 1 --2- 172.21.15.118:0/172426246 >> [v2:172.21.15.118:3300/0,v1:172.21.15.118:6789/0] conn(0x7f0fdc106330 0x7f0fdc106750 unknown :-1 s=CLOSED pgs=59 cs=0 l=1 rev1=1 crypto rx=0 tx=0 comp rx=0 tx=0).stop
2024-03-12T03:16:19.319 INFO:teuthology.orchestra.run.smithi118.stdout:/usr/bin/ceph: stderr
2024-03-12T03:16:18.510+0000 7f0fe275d700 1 -- 172.21.15.118:0/172426246 >> 172.21.15.118:0/172426246 conn(0x7f0fdc1018b0 msgr2=0x7f0fdc103d10 unknown :-1 s=STATE_NONE l=0).mark_down
2024-03-12T03:16:19.319 INFO:teuthology.orchestra.run.smithi118.stdout:/usr/bin/ceph: stderr
2024-03-12T03:16:18.510+0000 7f0fe275d700 1 -- 172.21.15.118:0/172426246 shutdown_connections
2024-03-12T03:16:19.319 INFO:teuthology.orchestra.run.smithi118.stdout:/usr/bin/ceph: stderr
2024-03-12T03:16:18.510+0000 7f0fe275d700 1 -- 172.21.15.118:0/172426246 wait complete.
2024-03-12T03:16:19.319 INFO:teuthology.orchestra.run.smithi118.stdout:/usr/bin/ceph: stderr
2024-03-12T03:16:18.510+0000 7f0fe275d700 1 Processor -- start
2024-03-12T03:16:19.319 INFO:teuthology.orchestra.run.smithi118.stdout:/usr/bin/ceph: stderr
2024-03-12T03:16:18.510+0000 7f0fe275d700 1 -- start start
2024-03-12T03:16:19.319 INFO:teuthology.orchestra.run.smithi118.stdout:/usr/bin/ceph: stderr
2024-03-12T03:16:18.511+0000 7f0fe275d700 1 --2- >> [v2:172.21.15.118:3300/0,v1:172.21.15.118:6789/0] conn(0x7f0fdc106330 0x7f0fdc07ba60 unknown :-1 s=NONE pgs=0 cs=0 l=1 rev1=0 crypto rx=0 tx=0 comp rx=0 tx=0).connect
2024-03-12T03:16:19.319 INFO:teuthology.orchestra.run.smithi118.stdout:/usr/bin/ceph: stderr
2024-03-12T03:16:18.511+0000 7f0fe275d700 1 -- --> [v2:172.21.15.118:3300/0,v1:172.21.15.118:6789/0] -- mon_getmap magic: 0 v1 -- 0x7f0fdc07bfa0 con 0x7f0fdc106330
2024-03-12T03:16:19.319 INFO:teuthology.orchestra.run.smithi118.stdout:/usr/bin/ceph: stderr
2024-03-12T03:16:18.511+0000 7f0fdbfff700 1 --2- >> [v2:172.21.15.118:3300/0,v1:172.21.15.118:6789/0] conn(0x7f0fdc106330 0x7f0fdc07ba60 unknown :-1 s=BANNER_CONNECTING pgs=0 cs=0 l=1 rev1=0 crypto rx=0 tx=0 comp rx=0 tx=0)._handle_peer_banner_payload supported=3 required=0
2024-03-12T03:16:19.319 INFO:teuthology.orchestra.run.smithi118.stdout:/usr/bin/ceph: stderr
2024-03-12T03:16:18.511+0000 7f0fdbfff700 1 --2- >> [v2:172.21.15.118:3300/0,v1:172.21.15.118:6789/0] conn(0x7f0fdc106330 0x7f0fdc07ba60 unknown :-1 s=HELLO_CONNECTING pgs=0 cs=0 l=1 rev1=1 crypto rx=0 tx=0 comp rx=0 tx=0).handle_hello peer v2:172.21.15.118:3300/0 says I am v2:172.21.15.118:40948/0 (socket says 172.21.15.118:40948)
2024-03-12T03:16:19.319 INFO:teuthology.orchestra.run.smithi118.stdout:/usr/bin/ceph: stderr
2024-03-12T03:16:18.511+0000 7f0fdbfff700 1 -- 172.21.15.118:0/3404267420 learned_addr learned my addr 172.21.15.118:0/3404267420 (peer_addr_for_me v2:172.21.15.118:0/0)
2024-03-12T03:16:19.320 INFO:teuthology.orchestra.run.smithi118.stdout:/usr/bin/ceph: stderr
2024-03-12T03:16:18.511+0000 7f0fdbfff700 1 -- 172.21.15.118:0/3404267420 --> [v2:172.21.15.118:3300/0,v1:172.21.15.118:6789/0] -- mon_subscribe({config=0+,monmap=0+}) v3 -- 0x7f0fcc009550 con 0x7f0fdc106330
2024-03-12T03:16:19.320 INFO:teuthology.orchestra.run.smithi118.stdout:/usr/bin/ceph: stderr
2024-03-12T03:16:18.511+0000 7f0fdbfff700 1 --2- 172.21.15.118:0/3404267420 >> [v2:172.21.15.118:3300/0,v1:172.21.15.118:6789/0] conn(0x7f0fdc106330 0x7f0fdc07ba60 secure :-1 s=READY pgs=60 cs=0 l=1 rev1=1 crypto rx=0x7f0fcc009fb0 tx=0x7f0fcc011890 comp rx=0 tx=0).ready entity=mon.0 client_cookie=0 server_cookie=0 in_seq=0 out_seq=0
2024-03-12T03:16:19.320 INFO:teuthology.orchestra.run.smithi118.stdout:/usr/bin/ceph: stderr
2024-03-12T03:16:18.511+0000 7f0fd97fa700 1 -- 172.21.15.118:0/3404267420 <== mon.0 v2:172.21.15.118:3300/0 1 ==== mon_map magic: 0 v1 ==== 229+0+0 (secure 0 0 0) 0x7f0fcc0038b0 con 0x7f0fdc106330
2024-03-12T03:16:19.320 INFO:teuthology.orchestra.run.smithi118.stdout:/usr/bin/ceph: stderr
2024-03-12T03:16:18.511+0000 7f0fd97fa700 1 -- 172.21.15.118:0/3404267420 <== mon.0 v2:172.21.15.118:3300/0 2 ==== config(27 keys) v1 ==== 1109+0+0 (secure 0 0 0) 0x7f0fcc003a10 con 0x7f0fdc106330
2024-03-12T03:16:19.320 INFO:teuthology.orchestra.run.smithi118.stdout:/usr/bin/ceph: stderr
2024-03-12T03:16:18.511+0000 7f0fe275d700 1 -- 172.21.15.118:0/3404267420 --> [v2:172.21.15.118:3300/0,v1:172.21.15.118:6789/0] -- mon_subscribe({mgrmap=0+}) v3 -- 0x7f0fdc07a1e0 con 0x7f0fdc106330
2024-03-12T03:16:19.320 INFO:teuthology.orchestra.run.smithi118.stdout:/usr/bin/ceph: stderr
2024-03-12T03:16:18.511+0000 7f0fd97fa700 1 -- 172.21.15.118:0/3404267420 <== mon.0 v2:172.21.15.118:3300/0 3 ==== mon_map magic: 0 v1 ==== 229+0+0 (secure 0 0 0) 0x7f0fcc019770 con 0x7f0fdc106330
2024-03-12T03:16:19.320 INFO:teuthology.orchestra.run.smithi118.stdout:/usr/bin/ceph: stderr
2024-03-12T03:16:18.512+0000 7f0fe275d700 1 -- 172.21.15.118:0/3404267420 --> [v2:172.21.15.118:3300/0,v1:172.21.15.118:6789/0] -- mon_subscribe({osdmap=0}) v3 -- 0x7f0fdc07a680 con 0x7f0fdc106330
2024-03-12T03:16:19.320 INFO:teuthology.orchestra.run.smithi118.stdout:/usr/bin/ceph: stderr
2024-03-12T03:16:18.512+0000 7f0fd97fa700 1 -- 172.21.15.118:0/3404267420 <== mon.0 v2:172.21.15.118:3300/0 4 ==== mgrmap(e 8) v1 ==== 45389+0+0 (secure 0 0 0) 0x7f0fcc0198d0 con 0x7f0fdc106330
2024-03-12T03:16:19.320 INFO:teuthology.orchestra.run.smithi118.stdout:/usr/bin/ceph: stderr
2024-03-12T03:16:18.512+0000 7f0fd97fa700 1 --2- 172.21.15.118:0/3404267420 >> [v2:172.21.15.118:6800/1066995478,v1:172.21.15.118:6801/1066995478] conn(0x7f0fc40384b0 0x7f0fc403a970 unknown :-1 s=NONE pgs=0 cs=0 l=1 rev1=0 crypto rx=0 tx=0 comp rx=0 tx=0).connect
2024-03-12T03:16:19.320 INFO:teuthology.orchestra.run.smithi118.stdout:/usr/bin/ceph: stderr
2024-03-12T03:16:18.513+0000 7f0fd97fa700 1 -- 172.21.15.118:0/3404267420 <== mon.0 v2:172.21.15.118:3300/0 5 ==== osd_map(2..2 src has 1..2) v4 ==== 940+0+0 (secure 0 0 0) 0x7f0fcc01a8f0 con 0x7f0fdc106330
2024-03-12T03:16:19.320 INFO:teuthology.orchestra.run.smithi118.stdout:/usr/bin/ceph: stderr
2024-03-12T03:16:18.513+0000 7f0fdb7fe700 1 --2- 172.21.15.118:0/3404267420 >> [v2:172.21.15.118:6800/1066995478,v1:172.21.15.118:6801/1066995478] conn(0x7f0fc40384b0 0x7f0fc403a970 unknown :-1 s=BANNER_CONNECTING pgs=0 cs=0 l=1 rev1=0 crypto rx=0 tx=0 comp rx=0 tx=0)._handle_peer_banner_payload supported=3 required=0
2024-03-12T03:16:19.320 INFO:teuthology.orchestra.run.smithi118.stdout:/usr/bin/ceph: stderr
2024-03-12T03:16:18.513+0000 7f0fe275d700 1 -- 172.21.15.118:0/3404267420 --> [v2:172.21.15.118:3300/0,v1:172.21.15.118:6789/0] -- mon_command({"prefix": "get_command_descriptions"} v 0) v1 -- 0x7f0fdc0623e0 con 0x7f0fdc106330
2024-03-12T03:16:19.320 INFO:teuthology.orchestra.run.smithi118.stdout:/usr/bin/ceph: stderr
2024-03-12T03:16:18.513+0000 7f0fdb7fe700 1 --2- 172.21.15.118:0/3404267420 >> [v2:172.21.15.118:6800/1066995478,v1:172.21.15.118:6801/1066995478] conn(0x7f0fc40384b0 0x7f0fc403a970 secure :-1 s=READY pgs=18 cs=0 l=1 rev1=1 crypto rx=0x7f0fd0006fd0 tx=0x7f0fd0006e40 comp rx=0 tx=0).ready entity=mgr.14120 client_cookie=0 server_cookie=0 in_seq=0 out_seq=0
2024-03-12T03:16:19.320 INFO:teuthology.orchestra.run.smithi118.stdout:/usr/bin/ceph: stderr
2024-03-12T03:16:18.517+0000 7f0fd97fa700 1 -- 172.21.15.118:0/3404267420 <== mon.0 v2:172.21.15.118:3300/0 6 ==== mon_command_ack([{"prefix": "get_command_descriptions"}]=0 v0) v1 ==== 72+0+182595 (secure 0 0 0) 0x7f0fcc019bd0 con 0x7f0fdc106330
2024-03-12T03:16:19.321 INFO:teuthology.orchestra.run.smithi118.stdout:/usr/bin/ceph: stderr
2024-03-12T03:16:18.724+0000 7f0fe275d700 1 -- 172.21.15.118:0/3404267420 --> [v2:172.21.15.118:6800/1066995478,v1:172.21.15.118:6801/1066995478] -- mgr_command(tid 0: {"prefix": "orch apply", "service_type": "node-exporter", "target": ["mon-mgr", ""]}) v1 -- 0x7f0fdc10a710 con 0x7f0fc40384b0
2024-03-12T03:16:19.321 INFO:teuthology.orchestra.run.smithi118.stdout:/usr/bin/ceph: stderr
2024-03-12T03:16:18.728+0000 7f0fd97fa700 1 -- 172.21.15.118:0/3404267420 <== mgr.14120 v2:172.21.15.118:6800/1066995478 1 ==== mgr_command_reply(tid 0: 0 ) v1 ==== 8+0+34 (secure 0 0 0) 0x7f0fdc10a710 con 0x7f0fc40384b0
2024-03-12T03:16:19.321 INFO:teuthology.orchestra.run.smithi118.stdout:/usr/bin/ceph: stderr
2024-03-12T03:16:18.730+0000 7f0fe275d700 1 -- 172.21.15.118:0/3404267420 >> [v2:172.21.15.118:6800/1066995478,v1:172.21.15.118:6801/1066995478] conn(0x7f0fc40384b0 msgr2=0x7f0fc403a970 secure :-1 s=STATE_CONNECTION_ESTABLISHED l=1).mark_down
2024-03-12T03:16:19.321 INFO:teuthology.orchestra.run.smithi118.stdout:/usr/bin/ceph: stderr
2024-03-12T03:16:18.730+0000 7f0fe275d700 1 --2- 172.21.15.118:0/3404267420 >> [v2:172.21.15.118:6800/1066995478,v1:172.21.15.118:6801/1066995478] conn(0x7f0fc40384b0 0x7f0fc403a970 secure :-1 s=READY pgs=18 cs=0 l=1 rev1=1 crypto rx=0x7f0fd0006fd0 tx=0x7f0fd0006e40 comp rx=0 tx=0).stop
2024-03-12T03:16:19.321 INFO:teuthology.orchestra.run.smithi118.stdout:/usr/bin/ceph: stderr
2024-03-12T03:16:18.730+0000 7f0fe275d700 1 -- 172.21.15.118:0/3404267420 >> [v2:172.21.15.118:3300/0,v1:172.21.15.118:6789/0] conn(0x7f0fdc106330 msgr2=0x7f0fdc07ba60 secure :-1 s=STATE_CONNECTION_ESTABLISHED l=1).mark_down
2024-03-12T03:16:19.321 INFO:teuthology.orchestra.run.smithi118.stdout:/usr/bin/ceph: stderr
2024-03-12T03:16:18.730+0000 7f0fe275d700 1 --2- 172.21.15.118:0/3404267420 >> [v2:172.21.15.118:3300/0,v1:172.21.15.118:6789/0] conn(0x7f0fdc106330 0x7f0fdc07ba60 secure :-1 s=READY pgs=60 cs=0 l=1 rev1=1 crypto rx=0x7f0fcc009fb0 tx=0x7f0fcc011890 comp rx=0 tx=0).stop
2024-03-12T03:16:19.321 INFO:teuthology.orchestra.run.smithi118.stdout:/usr/bin/ceph: stderr
2024-03-12T03:16:18.730+0000 7f0fe275d700 1 -- 172.21.15.118:0/3404267420 shutdown_connections
2024-03-12T03:16:19.321 INFO:teuthology.orchestra.run.smithi118.stdout:/usr/bin/ceph: stderr
2024-03-12T03:16:18.730+0000 7f0fe275d700 1 --2- 172.21.15.118:0/3404267420 >> [v2:172.21.15.118:6800/1066995478,v1:172.21.15.118:6801/1066995478] conn(0x7f0fc40384b0 0x7f0fc403a970 unknown :-1 s=CLOSED pgs=18 cs=0 l=1 rev1=1 crypto rx=0 tx=0 comp rx=0 tx=0).stop
2024-03-12T03:16:19.321 INFO:teuthology.orchestra.run.smithi118.stdout:/usr/bin/ceph: stderr
2024-03-12T03:16:18.730+0000 7f0fe275d700 1 --2- 172.21.15.118:0/3404267420 >> [v2:172.21.15.118:3300/0,v1:172.21.15.118:6789/0] conn(0x7f0fdc106330 0x7f0fdc07ba60 unknown :-1 s=CLOSED pgs=60 cs=0 l=1 rev1=1 crypto rx=0 tx=0 comp rx=0 tx=0).stop
2024-03-12T03:16:19.321 INFO:teuthology.orchestra.run.smithi118.stdout:/usr/bin/ceph: stderr
2024-03-12T03:16:18.730+0000 7f0fe275d700 1 -- 172.21.15.118:0/3404267420 >> 172.21.15.118:0/3404267420 conn(0x7f0fdc1018b0 msgr2=0x7f0fdc1024b0 unknown :-1 s=STATE_NONE l=0).mark_down
2024-03-12T03:16:19.321 INFO:teuthology.orchestra.run.smithi118.stdout:/usr/bin/ceph: stderr
2024-03-12T03:16:18.730+0000 7f0fe275d700 1 -- 172.21.15.118:0/3404267420 shutdown_connections
2024-03-12T03:16:19.321 INFO:teuthology.orchestra.run.smithi118.stdout:/usr/bin/ceph: stderr
2024-03-12T03:16:18.730+0000 7f0fe275d700 1 -- 172.21.15.118:0/3404267420 wait complete.
2024-03-12T03:16:19.321 INFO:teuthology.orchestra.run.smithi118.stdout:Deploying alertmanager service with default placement...
2024-03-12T03:16:20.002 INFO:journalctl@ceph.mon.smithi118.smithi118.stdout:Mar 12 03:16:19 smithi118 ceph-mon[29160]: from='client.14154 -' entity='client.admin' cmd=[{"prefix": "orch apply", "service_type": "node-exporter", "target": ["mon-mgr", ""]}]: dispatch
2024-03-12T03:16:20.002 INFO:journalctl@ceph.mon.smithi118.smithi118.stdout:Mar 12 03:16:19 smithi118 ceph-mon[29160]: Saving service node-exporter spec with placement *
2024-03-12T03:16:20.002 INFO:journalctl@ceph.mon.smithi118.smithi118.stdout:Mar 12 03:16:19 smithi118 ceph-mon[29160]: from='mgr.14120 172.21.15.118:0/1111884297' entity='mgr.smithi118.zzzuvl'
2024-03-12T03:16:20.565 INFO:teuthology.orchestra.run.smithi118.stdout:/usr/bin/ceph: stdout Scheduled alertmanager update...
2024-03-12T03:16:20.565 INFO:teuthology.orchestra.run.smithi118.stdout:/usr/bin/ceph: stderr
2024-03-12T03:16:19.781+0000 7fa3344ac700 1 Processor -- start
2024-03-12T03:16:20.565 INFO:teuthology.orchestra.run.smithi118.stdout:/usr/bin/ceph: stderr
2024-03-12T03:16:19.781+0000 7fa3344ac700 1 -- start start
2024-03-12T03:16:20.565 INFO:teuthology.orchestra.run.smithi118.stdout:/usr/bin/ceph: stderr
2024-03-12T03:16:19.781+0000 7fa3344ac700 1 --2- >> [v2:172.21.15.118:3300/0,v1:172.21.15.118:6789/0] conn(0x7fa32c105240 0x7fa32c105660 unknown :-1 s=NONE pgs=0 cs=0 l=0 rev1=0 crypto rx=0 tx=0 comp rx=0 tx=0).connect
2024-03-12T03:16:20.565 INFO:teuthology.orchestra.run.smithi118.stdout:/usr/bin/ceph: stderr
2024-03-12T03:16:19.781+0000 7fa3344ac700 1 -- --> [v2:172.21.15.118:3300/0,v1:172.21.15.118:6789/0] -- mon_getmap magic: 0 v1 -- 0x7fa32c105c30 con 0x7fa32c105240
2024-03-12T03:16:20.565 INFO:teuthology.orchestra.run.smithi118.stdout:/usr/bin/ceph: stderr
2024-03-12T03:16:19.782+0000 7fa332248700 1 --2- >> [v2:172.21.15.118:3300/0,v1:172.21.15.118:6789/0] conn(0x7fa32c105240 0x7fa32c105660 unknown :-1 s=BANNER_CONNECTING pgs=0 cs=0 l=0 rev1=0 crypto rx=0 tx=0 comp rx=0 tx=0)._handle_peer_banner_payload supported=3 required=0
2024-03-12T03:16:20.565 INFO:teuthology.orchestra.run.smithi118.stdout:/usr/bin/ceph: stderr
2024-03-12T03:16:19.782+0000 7fa332248700 1 --2- >> [v2:172.21.15.118:3300/0,v1:172.21.15.118:6789/0] conn(0x7fa32c105240 0x7fa32c105660 unknown :-1 s=HELLO_CONNECTING pgs=0 cs=0 l=0 rev1=1 crypto rx=0 tx=0 comp rx=0 tx=0).handle_hello peer v2:172.21.15.118:3300/0 says I am v2:172.21.15.118:40950/0 (socket says 172.21.15.118:40950)
2024-03-12T03:16:20.565 INFO:teuthology.orchestra.run.smithi118.stdout:/usr/bin/ceph: stderr
2024-03-12T03:16:19.782+0000 7fa332248700 1 -- 172.21.15.118:0/468065110 learned_addr learned my addr 172.21.15.118:0/468065110 (peer_addr_for_me v2:172.21.15.118:0/0)
2024-03-12T03:16:20.565 INFO:teuthology.orchestra.run.smithi118.stdout:/usr/bin/ceph: stderr
2024-03-12T03:16:19.782+0000 7fa332248700 1 -- 172.21.15.118:0/468065110 --> [v2:172.21.15.118:3300/0,v1:172.21.15.118:6789/0] -- mon_subscribe({config=0+,monmap=0+}) v3 -- 0x7fa32c106440 con 0x7fa32c105240
2024-03-12T03:16:20.565 INFO:teuthology.orchestra.run.smithi118.stdout:/usr/bin/ceph: stderr
2024-03-12T03:16:19.782+0000 7fa332248700 1 --2- 172.21.15.118:0/468065110 >> [v2:172.21.15.118:3300/0,v1:172.21.15.118:6789/0] conn(0x7fa32c105240 0x7fa32c105660 secure :-1 s=READY pgs=61 cs=0 l=1 rev1=1 crypto rx=0x7fa3280098a0 tx=0x7fa328009bb0 comp rx=0 tx=0).ready entity=mon.0 client_cookie=61560b5daab1cd9d server_cookie=0 in_seq=0 out_seq=0
2024-03-12T03:16:20.565 INFO:teuthology.orchestra.run.smithi118.stdout:/usr/bin/ceph: stderr
2024-03-12T03:16:19.782+0000 7fa331246700 1 -- 172.21.15.118:0/468065110 <== mon.0 v2:172.21.15.118:3300/0 1 ==== mon_map magic: 0 v1 ==== 229+0+0 (secure 0 0 0) 0x7fa328004180 con 0x7fa32c105240
2024-03-12T03:16:20.566 INFO:teuthology.orchestra.run.smithi118.stdout:/usr/bin/ceph: stderr
2024-03-12T03:16:19.782+0000 7fa331246700 1 -- 172.21.15.118:0/468065110 <== mon.0 v2:172.21.15.118:3300/0 2 ==== config(27 keys) v1 ==== 1109+0+0 (secure 0 0 0) 0x7fa3280042e0 con 0x7fa32c105240
2024-03-12T03:16:20.566 INFO:teuthology.orchestra.run.smithi118.stdout:/usr/bin/ceph: stderr
2024-03-12T03:16:19.782+0000 7fa331246700 1 -- 172.21.15.118:0/468065110 <== mon.0 v2:172.21.15.118:3300/0 3 ==== mon_map magic: 0 v1 ==== 229+0+0 (secure 0 0 0) 0x7fa328011b10 con 0x7fa32c105240
2024-03-12T03:16:20.566 INFO:teuthology.orchestra.run.smithi118.stdout:/usr/bin/ceph: stderr
2024-03-12T03:16:19.783+0000 7fa3344ac700 1 -- 172.21.15.118:0/468065110 >> [v2:172.21.15.118:3300/0,v1:172.21.15.118:6789/0] conn(0x7fa32c105240 msgr2=0x7fa32c105660 secure :-1 s=STATE_CONNECTION_ESTABLISHED l=1).mark_down
2024-03-12T03:16:20.566 INFO:teuthology.orchestra.run.smithi118.stdout:/usr/bin/ceph: stderr
2024-03-12T03:16:19.783+0000 7fa3344ac700 1 --2- 172.21.15.118:0/468065110 >> [v2:172.21.15.118:3300/0,v1:172.21.15.118:6789/0] conn(0x7fa32c105240 0x7fa32c105660 secure :-1 s=READY pgs=61 cs=0 l=1 rev1=1 crypto rx=0x7fa3280098a0 tx=0x7fa328009bb0 comp rx=0 tx=0).stop
2024-03-12T03:16:20.566 INFO:teuthology.orchestra.run.smithi118.stdout:/usr/bin/ceph: stderr
2024-03-12T03:16:19.783+0000 7fa3344ac700 1 -- 172.21.15.118:0/468065110 shutdown_connections
2024-03-12T03:16:20.566 INFO:teuthology.orchestra.run.smithi118.stdout:/usr/bin/ceph: stderr
2024-03-12T03:16:19.783+0000 7fa3344ac700 1 --2- 172.21.15.118:0/468065110 >> [v2:172.21.15.118:3300/0,v1:172.21.15.118:6789/0] conn(0x7fa32c105240 0x7fa32c105660 unknown :-1 s=CLOSED pgs=61 cs=0 l=1 rev1=1 crypto rx=0 tx=0 comp rx=0 tx=0).stop
2024-03-12T03:16:20.566 INFO:teuthology.orchestra.run.smithi118.stdout:/usr/bin/ceph: stderr
2024-03-12T03:16:19.783+0000 7fa3344ac700 1 -- 172.21.15.118:0/468065110 >> 172.21.15.118:0/468065110 conn(0x7fa32c100840 msgr2=0x7fa32c102c60 unknown :-1 s=STATE_NONE l=0).mark_down
2024-03-12T03:16:20.566 INFO:teuthology.orchestra.run.smithi118.stdout:/usr/bin/ceph: stderr
2024-03-12T03:16:19.783+0000 7fa3344ac700 1 -- 172.21.15.118:0/468065110 shutdown_connections
2024-03-12T03:16:20.566 INFO:teuthology.orchestra.run.smithi118.stdout:/usr/bin/ceph: stderr
2024-03-12T03:16:19.783+0000 7fa3344ac700 1 -- 172.21.15.118:0/468065110 wait complete.
2024-03-12T03:16:20.566 INFO:teuthology.orchestra.run.smithi118.stdout:/usr/bin/ceph: stderr
2024-03-12T03:16:19.784+0000 7fa3344ac700 1 Processor -- start
2024-03-12T03:16:20.566 INFO:teuthology.orchestra.run.smithi118.stdout:/usr/bin/ceph: stderr
2024-03-12T03:16:19.784+0000 7fa3344ac700 1 -- start start
2024-03-12T03:16:20.566 INFO:teuthology.orchestra.run.smithi118.stdout:/usr/bin/ceph: stderr
2024-03-12T03:16:19.784+0000 7fa3344ac700 1 --2- >> [v2:172.21.15.118:3300/0,v1:172.21.15.118:6789/0] conn(0x7fa32c105240 0x7fa32c199010 unknown :-1 s=NONE pgs=0 cs=0 l=1 rev1=0 crypto rx=0 tx=0 comp rx=0 tx=0).connect
2024-03-12T03:16:20.566 INFO:teuthology.orchestra.run.smithi118.stdout:/usr/bin/ceph: stderr
2024-03-12T03:16:19.784+0000 7fa3344ac700 1 -- --> [v2:172.21.15.118:3300/0,v1:172.21.15.118:6789/0] -- mon_getmap magic: 0 v1 -- 0x7fa32c199550 con 0x7fa32c105240
2024-03-12T03:16:20.566 INFO:teuthology.orchestra.run.smithi118.stdout:/usr/bin/ceph: stderr
2024-03-12T03:16:19.784+0000 7fa332248700 1 --2- >> [v2:172.21.15.118:3300/0,v1:172.21.15.118:6789/0] conn(0x7fa32c105240 0x7fa32c199010 unknown :-1 s=BANNER_CONNECTING pgs=0 cs=0 l=1 rev1=0 crypto rx=0 tx=0 comp rx=0 tx=0)._handle_peer_banner_payload supported=3 required=0
2024-03-12T03:16:20.567 INFO:teuthology.orchestra.run.smithi118.stdout:/usr/bin/ceph: stderr
2024-03-12T03:16:19.784+0000 7fa332248700 1 --2- >> [v2:172.21.15.118:3300/0,v1:172.21.15.118:6789/0] conn(0x7fa32c105240 0x7fa32c199010 unknown :-1 s=HELLO_CONNECTING pgs=0 cs=0 l=1 rev1=1 crypto rx=0 tx=0 comp rx=0 tx=0).handle_hello peer v2:172.21.15.118:3300/0 says I am v2:172.21.15.118:40964/0 (socket says 172.21.15.118:40964)
2024-03-12T03:16:20.567 INFO:teuthology.orchestra.run.smithi118.stdout:/usr/bin/ceph: stderr
2024-03-12T03:16:19.784+0000 7fa332248700 1 -- 172.21.15.118:0/1013133530 learned_addr learned my addr 172.21.15.118:0/1013133530 (peer_addr_for_me v2:172.21.15.118:0/0)
2024-03-12T03:16:20.567 INFO:teuthology.orchestra.run.smithi118.stdout:/usr/bin/ceph: stderr
2024-03-12T03:16:19.784+0000 7fa332248700 1 -- 172.21.15.118:0/1013133530 --> [v2:172.21.15.118:3300/0,v1:172.21.15.118:6789/0] -- mon_subscribe({config=0+,monmap=0+}) v3 -- 0x7fa328009550 con 0x7fa32c105240
2024-03-12T03:16:20.567 INFO:teuthology.orchestra.run.smithi118.stdout:/usr/bin/ceph: stderr
2024-03-12T03:16:19.784+0000 7fa332248700 1 --2- 172.21.15.118:0/1013133530 >> [v2:172.21.15.118:3300/0,v1:172.21.15.118:6789/0] conn(0x7fa32c105240 0x7fa32c199010 secure :-1 s=READY pgs=62 cs=0 l=1 rev1=1 crypto rx=0x7fa3280117b0 tx=0x7fa328011890 comp rx=0 tx=0).ready entity=mon.0 client_cookie=0 server_cookie=0 in_seq=0 out_seq=0
2024-03-12T03:16:20.567 INFO:teuthology.orchestra.run.smithi118.stdout:/usr/bin/ceph: stderr
2024-03-12T03:16:19.785+0000 7fa3237fe700 1 -- 172.21.15.118:0/1013133530 <== mon.0 v2:172.21.15.118:3300/0 1 ==== mon_map magic: 0 v1 ==== 229+0+0 (secure 0 0 0) 0x7fa3280038b0 con 0x7fa32c105240
2024-03-12T03:16:20.567 INFO:teuthology.orchestra.run.smithi118.stdout:/usr/bin/ceph: stderr
2024-03-12T03:16:19.785+0000 7fa3237fe700 1 -- 172.21.15.118:0/1013133530 <== mon.0 v2:172.21.15.118:3300/0 2 ==== config(27 keys) v1 ==== 1109+0+0 (secure 0 0 0) 0x7fa328003a10 con 0x7fa32c105240
2024-03-12T03:16:20.567 INFO:teuthology.orchestra.run.smithi118.stdout:/usr/bin/ceph: stderr
2024-03-12T03:16:19.785+0000 7fa3344ac700 1 -- 172.21.15.118:0/1013133530 --> [v2:172.21.15.118:3300/0,v1:172.21.15.118:6789/0] -- mon_subscribe({mgrmap=0+}) v3 -- 0x7fa32c199750 con 0x7fa32c105240
2024-03-12T03:16:20.567 INFO:teuthology.orchestra.run.smithi118.stdout:/usr/bin/ceph: stderr
2024-03-12T03:16:19.785+0000 7fa3237fe700 1 -- 172.21.15.118:0/1013133530 <== mon.0 v2:172.21.15.118:3300/0 3 ==== mon_map magic: 0 v1 ==== 229+0+0 (secure 0 0 0) 0x7fa3280246e0 con 0x7fa32c105240
2024-03-12T03:16:20.567 INFO:teuthology.orchestra.run.smithi118.stdout:/usr/bin/ceph: stderr
2024-03-12T03:16:19.785+0000 7fa3344ac700 1 -- 172.21.15.118:0/1013133530 --> [v2:172.21.15.118:3300/0,v1:172.21.15.118:6789/0] -- mon_subscribe({osdmap=0}) v3 -- 0x7fa32c199bf0 con 0x7fa32c105240
2024-03-12T03:16:20.567 INFO:teuthology.orchestra.run.smithi118.stdout:/usr/bin/ceph: stderr
2024-03-12T03:16:19.785+0000 7fa3237fe700 1 -- 172.21.15.118:0/1013133530 <== mon.0 v2:172.21.15.118:3300/0 4 ==== mgrmap(e 8) v1 ==== 45389+0+0 (secure 0 0 0) 0x7fa32802d3f0 con 0x7fa32c105240
2024-03-12T03:16:20.567 INFO:teuthology.orchestra.run.smithi118.stdout:/usr/bin/ceph: stderr
2024-03-12T03:16:19.786+0000 7fa3237fe700 1 --2- 172.21.15.118:0/1013133530 >> [v2:172.21.15.118:6800/1066995478,v1:172.21.15.118:6801/1066995478] conn(0x7fa318038540 0x7fa31803aa00 unknown :-1 s=NONE pgs=0 cs=0 l=1 rev1=0 crypto rx=0 tx=0 comp rx=0 tx=0).connect
2024-03-12T03:16:20.567 INFO:teuthology.orchestra.run.smithi118.stdout:/usr/bin/ceph: stderr
2024-03-12T03:16:19.786+0000 7fa3237fe700 1 -- 172.21.15.118:0/1013133530 <== mon.0 v2:172.21.15.118:3300/0 5 ==== osd_map(2..2 src has 1..2) v4 ==== 940+0+0 (secure 0 0 0) 0x7fa32804c4e0 con 0x7fa32c105240
2024-03-12T03:16:20.567 INFO:teuthology.orchestra.run.smithi118.stdout:/usr/bin/ceph: stderr
2024-03-12T03:16:19.786+0000 7fa331a47700 1 --2- 172.21.15.118:0/1013133530 >> [v2:172.21.15.118:6800/1066995478,v1:172.21.15.118:6801/1066995478] conn(0x7fa318038540 0x7fa31803aa00 unknown :-1 s=BANNER_CONNECTING pgs=0 cs=0 l=1 rev1=0 crypto rx=0 tx=0 comp rx=0 tx=0)._handle_peer_banner_payload supported=3 required=0
2024-03-12T03:16:20.567 INFO:teuthology.orchestra.run.smithi118.stdout:/usr/bin/ceph: stderr
2024-03-12T03:16:19.786+0000 7fa3344ac700 1 -- 172.21.15.118:0/1013133530 --> [v2:172.21.15.118:3300/0,v1:172.21.15.118:6789/0] -- mon_command({"prefix": "get_command_descriptions"} v 0) v1 -- 0x7fa32c0623e0 con 0x7fa32c105240
2024-03-12T03:16:20.567 INFO:teuthology.orchestra.run.smithi118.stdout:/usr/bin/ceph: stderr
2024-03-12T03:16:19.786+0000 7fa331a47700 1 --2- 172.21.15.118:0/1013133530 >> [v2:172.21.15.118:6800/1066995478,v1:172.21.15.118:6801/1066995478] conn(0x7fa318038540 0x7fa31803aa00 secure :-1 s=READY pgs=19 cs=0 l=1 rev1=1 crypto rx=0x7fa31c006fd0 tx=0x7fa31c006e40 comp rx=0 tx=0).ready entity=mgr.14120 client_cookie=0 server_cookie=0 in_seq=0 out_seq=0
2024-03-12T03:16:20.568 INFO:teuthology.orchestra.run.smithi118.stdout:/usr/bin/ceph: stderr
2024-03-12T03:16:19.791+0000 7fa3237fe700 1 -- 172.21.15.118:0/1013133530 <== mon.0 v2:172.21.15.118:3300/0 6 ==== mon_command_ack([{"prefix": "get_command_descriptions"}]=0 v0) v1 ==== 72+0+182595 (secure 0 0 0) 0x7fa32802d6f0 con 0x7fa32c105240
2024-03-12T03:16:20.568 INFO:teuthology.orchestra.run.smithi118.stdout:/usr/bin/ceph: stderr
2024-03-12T03:16:19.999+0000 7fa3344ac700 1 -- 172.21.15.118:0/1013133530 --> [v2:172.21.15.118:6800/1066995478,v1:172.21.15.118:6801/1066995478] -- mgr_command(tid 0: {"prefix": "orch apply", "service_type": "alertmanager", "target": ["mon-mgr", ""]}) v1 -- 0x7fa32c101b90 con 0x7fa318038540
2024-03-12T03:16:20.568 INFO:teuthology.orchestra.run.smithi118.stdout:/usr/bin/ceph: stderr
2024-03-12T03:16:20.004+0000 7fa3237fe700 1 -- 172.21.15.118:0/1013133530 <== mgr.14120 v2:172.21.15.118:6800/1066995478 1 ==== mgr_command_reply(tid 0: 0 ) v1 ==== 8+0+33 (secure 0 0 0) 0x7fa32c101b90 con 0x7fa318038540
2024-03-12T03:16:20.568 INFO:teuthology.orchestra.run.smithi118.stdout:/usr/bin/ceph: stderr
2024-03-12T03:16:20.006+0000 7fa3344ac700 1 -- 172.21.15.118:0/1013133530 >> [v2:172.21.15.118:6800/1066995478,v1:172.21.15.118:6801/1066995478] conn(0x7fa318038540 msgr2=0x7fa31803aa00 secure :-1 s=STATE_CONNECTION_ESTABLISHED l=1).mark_down
2024-03-12T03:16:20.568 INFO:teuthology.orchestra.run.smithi118.stdout:/usr/bin/ceph: stderr
2024-03-12T03:16:20.006+0000 7fa3344ac700 1 --2- 172.21.15.118:0/1013133530 >> [v2:172.21.15.118:6800/1066995478,v1:172.21.15.118:6801/1066995478] conn(0x7fa318038540 0x7fa31803aa00 secure :-1 s=READY pgs=19 cs=0 l=1 rev1=1 crypto rx=0x7fa31c006fd0 tx=0x7fa31c006e40 comp rx=0 tx=0).stop
2024-03-12T03:16:20.568 INFO:teuthology.orchestra.run.smithi118.stdout:/usr/bin/ceph: stderr
2024-03-12T03:16:20.006+0000 7fa3344ac700 1 -- 172.21.15.118:0/1013133530 >> [v2:172.21.15.118:3300/0,v1:172.21.15.118:6789/0] conn(0x7fa32c105240 msgr2=0x7fa32c199010 secure :-1 s=STATE_CONNECTION_ESTABLISHED l=1).mark_down
2024-03-12T03:16:20.568 INFO:teuthology.orchestra.run.smithi118.stdout:/usr/bin/ceph: stderr
2024-03-12T03:16:20.006+0000 7fa3344ac700 1 --2- 172.21.15.118:0/1013133530 >> [v2:172.21.15.118:3300/0,v1:172.21.15.118:6789/0] conn(0x7fa32c105240 0x7fa32c199010 secure :-1 s=READY pgs=62 cs=0 l=1 rev1=1 crypto rx=0x7fa3280117b0 tx=0x7fa328011890 comp rx=0 tx=0).stop
2024-03-12T03:16:20.568 INFO:teuthology.orchestra.run.smithi118.stdout:/usr/bin/ceph: stderr
2024-03-12T03:16:20.006+0000 7fa3344ac700 1 -- 172.21.15.118:0/1013133530 shutdown_connections
2024-03-12T03:16:20.568 INFO:teuthology.orchestra.run.smithi118.stdout:/usr/bin/ceph: stderr
2024-03-12T03:16:20.006+0000 7fa3344ac700 1 --2- 172.21.15.118:0/1013133530 >> [v2:172.21.15.118:6800/1066995478,v1:172.21.15.118:6801/1066995478] conn(0x7fa318038540 0x7fa31803aa00 unknown :-1 s=CLOSED pgs=19 cs=0 l=1 rev1=1 crypto rx=0 tx=0 comp rx=0 tx=0).stop
2024-03-12T03:16:20.568 INFO:teuthology.orchestra.run.smithi118.stdout:/usr/bin/ceph: stderr
2024-03-12T03:16:20.006+0000 7fa3344ac700 1 --2- 172.21.15.118:0/1013133530 >> [v2:172.21.15.118:3300/0,v1:172.21.15.118:6789/0] conn(0x7fa32c105240 0x7fa32c199010 unknown :-1 s=CLOSED pgs=62 cs=0 l=1 rev1=1 crypto rx=0 tx=0 comp rx=0 tx=0).stop
2024-03-12T03:16:20.568 INFO:teuthology.orchestra.run.smithi118.stdout:/usr/bin/ceph: stderr
2024-03-12T03:16:20.006+0000 7fa3344ac700 1 -- 172.21.15.118:0/1013133530 >> 172.21.15.118:0/1013133530 conn(0x7fa32c100840 msgr2=0x7fa32c101480 unknown :-1 s=STATE_NONE l=0).mark_down
2024-03-12T03:16:20.568 INFO:teuthology.orchestra.run.smithi118.stdout:/usr/bin/ceph: stderr
2024-03-12T03:16:20.006+0000 7fa3344ac700 1 -- 172.21.15.118:0/1013133530 shutdown_connections
2024-03-12T03:16:20.568 INFO:teuthology.orchestra.run.smithi118.stdout:/usr/bin/ceph: stderr
2024-03-12T03:16:20.006+0000 7fa3344ac700 1 -- 172.21.15.118:0/1013133530 wait complete.
2024-03-12T03:16:20.811 INFO:journalctl@ceph.mon.smithi118.smithi118.stdout:Mar 12 03:16:20 smithi118 ceph-mon[29160]: pgmap v4: 0 pgs: ; 0 B data, 0 B used, 0 B / 0 B avail
2024-03-12T03:16:20.811 INFO:journalctl@ceph.mon.smithi118.smithi118.stdout:Mar 12 03:16:20 smithi118 ceph-mon[29160]: from='mgr.14120 172.21.15.118:0/1111884297' entity='mgr.smithi118.zzzuvl'
2024-03-12T03:16:21.901 INFO:journalctl@ceph.mon.smithi118.smithi118.stdout:Mar 12 03:16:21 smithi118 ceph-mon[29160]: from='client.14156 -' entity='client.admin' cmd=[{"prefix": "orch apply", "service_type": "alertmanager", "target": ["mon-mgr", ""]}]: dispatch
2024-03-12T03:16:21.901 INFO:journalctl@ceph.mon.smithi118.smithi118.stdout:Mar 12 03:16:21 smithi118 ceph-mon[29160]: Saving service alertmanager spec with placement count:1
2024-03-12T03:16:21.901 INFO:journalctl@ceph.mon.smithi118.smithi118.stdout:Mar 12 03:16:21 smithi118 ceph-mon[29160]: from='client.? 172.21.15.118:0/2657235578' entity='client.admin'
2024-03-12T03:16:21.909 INFO:teuthology.orchestra.run.smithi118.stdout:/usr/bin/ceph: stderr
2024-03-12T03:16:21.051+0000 7f6362f1b700 1 Processor -- start
2024-03-12T03:16:21.909 INFO:teuthology.orchestra.run.smithi118.stdout:/usr/bin/ceph: stderr
2024-03-12T03:16:21.051+0000 7f6362f1b700 1 -- start start
2024-03-12T03:16:21.909 INFO:teuthology.orchestra.run.smithi118.stdout:/usr/bin/ceph: stderr
2024-03-12T03:16:21.051+0000 7f6362f1b700 1 --2- >> [v2:172.21.15.118:3300/0,v1:172.21.15.118:6789/0] conn(0x7f635c07bda0 0x7f635c07a200 unknown :-1 s=NONE pgs=0 cs=0 l=0 rev1=0 crypto rx=0 tx=0 comp rx=0 tx=0).connect
2024-03-12T03:16:21.909 INFO:teuthology.orchestra.run.smithi118.stdout:/usr/bin/ceph: stderr
2024-03-12T03:16:21.051+0000 7f6362f1b700 1 -- --> [v2:172.21.15.118:3300/0,v1:172.21.15.118:6789/0] -- mon_getmap magic: 0 v1 -- 0x7f635c07a7d0 con 0x7f635c07bda0
2024-03-12T03:16:21.909 INFO:teuthology.orchestra.run.smithi118.stdout:/usr/bin/ceph: stderr
2024-03-12T03:16:21.051+0000 7f6360cb7700 1 --2- >> [v2:172.21.15.118:3300/0,v1:172.21.15.118:6789/0] conn(0x7f635c07bda0 0x7f635c07a200 unknown :-1 s=BANNER_CONNECTING pgs=0 cs=0 l=0 rev1=0 crypto rx=0 tx=0 comp rx=0 tx=0)._handle_peer_banner_payload supported=3 required=0
2024-03-12T03:16:21.909 INFO:teuthology.orchestra.run.smithi118.stdout:/usr/bin/ceph: stderr
2024-03-12T03:16:21.051+0000 7f6360cb7700 1 --2- >> [v2:172.21.15.118:3300/0,v1:172.21.15.118:6789/0] conn(0x7f635c07bda0 0x7f635c07a200 unknown :-1 s=HELLO_CONNECTING pgs=0 cs=0 l=0 rev1=1 crypto rx=0 tx=0 comp rx=0 tx=0).handle_hello peer v2:172.21.15.118:3300/0 says I am v2:172.21.15.118:40966/0 (socket says 172.21.15.118:40966)
2024-03-12T03:16:21.909 INFO:teuthology.orchestra.run.smithi118.stdout:/usr/bin/ceph: stderr
2024-03-12T03:16:21.051+0000 7f6360cb7700 1 -- 172.21.15.118:0/3305428771 learned_addr learned my addr 172.21.15.118:0/3305428771 (peer_addr_for_me v2:172.21.15.118:0/0)
2024-03-12T03:16:21.909 INFO:teuthology.orchestra.run.smithi118.stdout:/usr/bin/ceph: stderr
2024-03-12T03:16:21.051+0000 7f6360cb7700 1 -- 172.21.15.118:0/3305428771 --> [v2:172.21.15.118:3300/0,v1:172.21.15.118:6789/0] -- mon_subscribe({config=0+,monmap=0+}) v3 -- 0x7f635c07a910 con 0x7f635c07bda0
2024-03-12T03:16:21.909 INFO:teuthology.orchestra.run.smithi118.stdout:/usr/bin/ceph: stderr
2024-03-12T03:16:21.051+0000 7f6360cb7700 1 --2- 172.21.15.118:0/3305428771 >> [v2:172.21.15.118:3300/0,v1:172.21.15.118:6789/0] conn(0x7f635c07bda0 0x7f635c07a200 secure :-1 s=READY pgs=63 cs=0 l=1 rev1=1 crypto rx=0x7f63500098a0 tx=0x7f6350009bb0 comp rx=0 tx=0).ready entity=mon.0 client_cookie=6d2e00fb19ce71ca server_cookie=0 in_seq=0 out_seq=0
2024-03-12T03:16:21.909 INFO:teuthology.orchestra.run.smithi118.stdout:/usr/bin/ceph: stderr
2024-03-12T03:16:21.051+0000 7f635b7fe700 1 -- 172.21.15.118:0/3305428771 <== mon.0 v2:172.21.15.118:3300/0 1 ==== mon_map magic: 0 v1 ==== 229+0+0 (secure 0 0 0) 0x7f6350004180 con 0x7f635c07bda0
2024-03-12T03:16:21.909 INFO:teuthology.orchestra.run.smithi118.stdout:/usr/bin/ceph: stderr
2024-03-12T03:16:21.051+0000 7f635b7fe700 1 -- 172.21.15.118:0/3305428771 <== mon.0 v2:172.21.15.118:3300/0 2 ==== config(27 keys) v1 ==== 1109+0+0 (secure 0 0 0) 0x7f63500042e0 con 0x7f635c07bda0
2024-03-12T03:16:21.909 INFO:teuthology.orchestra.run.smithi118.stdout:/usr/bin/ceph: stderr
2024-03-12T03:16:21.051+0000 7f635b7fe700 1 -- 172.21.15.118:0/3305428771 <== mon.0 v2:172.21.15.118:3300/0 3 ==== mon_map magic: 0 v1 ==== 229+0+0 (secure 0 0 0) 0x7f6350011b10 con 0x7f635c07bda0
2024-03-12T03:16:21.910 INFO:teuthology.orchestra.run.smithi118.stdout:/usr/bin/ceph: stderr
2024-03-12T03:16:21.052+0000 7f6362f1b700 1 -- 172.21.15.118:0/3305428771 >> [v2:172.21.15.118:3300/0,v1:172.21.15.118:6789/0] conn(0x7f635c07bda0 msgr2=0x7f635c07a200 secure :-1 s=STATE_CONNECTION_ESTABLISHED l=1).mark_down
2024-03-12T03:16:21.910 INFO:teuthology.orchestra.run.smithi118.stdout:/usr/bin/ceph: stderr
2024-03-12T03:16:21.052+0000 7f6362f1b700 1 --2- 172.21.15.118:0/3305428771 >> [v2:172.21.15.118:3300/0,v1:172.21.15.118:6789/0] conn(0x7f635c07bda0 0x7f635c07a200 secure :-1 s=READY pgs=63 cs=0 l=1 rev1=1 crypto rx=0x7f63500098a0 tx=0x7f6350009bb0 comp rx=0 tx=0).stop
2024-03-12T03:16:21.910 INFO:teuthology.orchestra.run.smithi118.stdout:/usr/bin/ceph: stderr
2024-03-12T03:16:21.052+0000 7f6362f1b700 1 -- 172.21.15.118:0/3305428771 shutdown_connections
2024-03-12T03:16:21.910 INFO:teuthology.orchestra.run.smithi118.stdout:/usr/bin/ceph: stderr
2024-03-12T03:16:21.052+0000 7f6362f1b700 1 --2- 172.21.15.118:0/3305428771 >> [v2:172.21.15.118:3300/0,v1:172.21.15.118:6789/0] conn(0x7f635c07bda0 0x7f635c07a200 unknown :-1 s=CLOSED pgs=63 cs=0 l=1 rev1=1 crypto rx=0 tx=0 comp rx=0 tx=0).stop
2024-03-12T03:16:21.910 INFO:teuthology.orchestra.run.smithi118.stdout:/usr/bin/ceph: stderr
2024-03-12T03:16:21.052+0000 7f6362f1b700 1 -- 172.21.15.118:0/3305428771 >> 172.21.15.118:0/3305428771 conn(0x7f635c101880 msgr2=0x7f635c103d00 unknown :-1 s=STATE_NONE l=0).mark_down
2024-03-12T03:16:21.910 INFO:teuthology.orchestra.run.smithi118.stdout:/usr/bin/ceph: stderr
2024-03-12T03:16:21.052+0000 7f6362f1b700 1 -- 172.21.15.118:0/3305428771 shutdown_connections
2024-03-12T03:16:21.910 INFO:teuthology.orchestra.run.smithi118.stdout:/usr/bin/ceph: stderr
2024-03-12T03:16:21.052+0000 7f6362f1b700 1 -- 172.21.15.118:0/3305428771 wait complete.
2024-03-12T03:16:21.910 INFO:teuthology.orchestra.run.smithi118.stdout:/usr/bin/ceph: stderr
2024-03-12T03:16:21.053+0000 7f6362f1b700 1 Processor -- start
2024-03-12T03:16:21.910 INFO:teuthology.orchestra.run.smithi118.stdout:/usr/bin/ceph: stderr
2024-03-12T03:16:21.053+0000 7f6362f1b700 1 -- start start
2024-03-12T03:16:21.910 INFO:teuthology.orchestra.run.smithi118.stdout:/usr/bin/ceph: stderr
2024-03-12T03:16:21.053+0000 7f6362f1b700 1 --2- >> [v2:172.21.15.118:3300/0,v1:172.21.15.118:6789/0] conn(0x7f635c07bda0 0x7f635c19c280 unknown :-1 s=NONE pgs=0 cs=0 l=1 rev1=0 crypto rx=0 tx=0 comp rx=0 tx=0).connect
2024-03-12T03:16:21.910 INFO:teuthology.orchestra.run.smithi118.stdout:/usr/bin/ceph: stderr
2024-03-12T03:16:21.053+0000 7f6362f1b700 1 -- --> [v2:172.21.15.118:3300/0,v1:172.21.15.118:6789/0] -- mon_getmap magic: 0 v1 -- 0x7f635c19c7c0 con 0x7f635c07bda0
2024-03-12T03:16:21.910 INFO:teuthology.orchestra.run.smithi118.stdout:/usr/bin/ceph: stderr
2024-03-12T03:16:21.053+0000 7f6360cb7700 1 --2- >> [v2:172.21.15.118:3300/0,v1:172.21.15.118:6789/0] conn(0x7f635c07bda0 0x7f635c19c280 unknown :-1 s=BANNER_CONNECTING pgs=0 cs=0 l=1 rev1=0 crypto rx=0 tx=0 comp rx=0 tx=0)._handle_peer_banner_payload supported=3 required=0
2024-03-12T03:16:21.910 INFO:teuthology.orchestra.run.smithi118.stdout:/usr/bin/ceph: stderr
2024-03-12T03:16:21.053+0000 7f6360cb7700 1 --2- >> [v2:172.21.15.118:3300/0,v1:172.21.15.118:6789/0] conn(0x7f635c07bda0 0x7f635c19c280 unknown :-1 s=HELLO_CONNECTING pgs=0 cs=0 l=1 rev1=1 crypto rx=0 tx=0 comp rx=0 tx=0).handle_hello peer v2:172.21.15.118:3300/0 says I am v2:172.21.15.118:40982/0 (socket says 172.21.15.118:40982)
2024-03-12T03:16:21.910 INFO:teuthology.orchestra.run.smithi118.stdout:/usr/bin/ceph: stderr
2024-03-12T03:16:21.053+0000 7f6360cb7700 1 -- 172.21.15.118:0/2657235578 learned_addr learned my addr 172.21.15.118:0/2657235578 (peer_addr_for_me v2:172.21.15.118:0/0)
2024-03-12T03:16:21.911 INFO:teuthology.orchestra.run.smithi118.stdout:/usr/bin/ceph: stderr
2024-03-12T03:16:21.053+0000 7f6360cb7700 1 -- 172.21.15.118:0/2657235578 --> [v2:172.21.15.118:3300/0,v1:172.21.15.118:6789/0] -- mon_subscribe({config=0+,monmap=0+}) v3 -- 0x7f6350009550 con 0x7f635c07bda0
2024-03-12T03:16:21.911 INFO:teuthology.orchestra.run.smithi118.stdout:/usr/bin/ceph: stderr
2024-03-12T03:16:21.053+0000 7f6360cb7700 1 --2- 172.21.15.118:0/2657235578 >> [v2:172.21.15.118:3300/0,v1:172.21.15.118:6789/0] conn(0x7f635c07bda0 0x7f635c19c280 secure :-1 s=READY pgs=64 cs=0 l=1 rev1=1 crypto rx=0x7f63500117b0 tx=0x7f6350011890 comp rx=0 tx=0).ready entity=mon.0 client_cookie=0 server_cookie=0 in_seq=0 out_seq=0
2024-03-12T03:16:21.911 INFO:teuthology.orchestra.run.smithi118.stdout:/usr/bin/ceph: stderr
2024-03-12T03:16:21.054+0000 7f6359ffb700 1 -- 172.21.15.118:0/2657235578 <== mon.0 v2:172.21.15.118:3300/0 1 ==== mon_map magic: 0 v1 ==== 229+0+0 (secure 0 0 0) 0x7f63500038b0 con 0x7f635c07bda0
2024-03-12T03:16:21.911 INFO:teuthology.orchestra.run.smithi118.stdout:/usr/bin/ceph: stderr
2024-03-12T03:16:21.054+0000 7f6359ffb700 1 -- 172.21.15.118:0/2657235578 <== mon.0 v2:172.21.15.118:3300/0 2 ==== config(27 keys) v1 ==== 1109+0+0 (secure 0 0 0) 0x7f6350003a10 con 0x7f635c07bda0
2024-03-12T03:16:21.911 INFO:teuthology.orchestra.run.smithi118.stdout:/usr/bin/ceph: stderr
2024-03-12T03:16:21.054+0000 7f6362f1b700 1 -- 172.21.15.118:0/2657235578 --> [v2:172.21.15.118:3300/0,v1:172.21.15.118:6789/0] -- mon_subscribe({mgrmap=0+}) v3 -- 0x7f635c19c9c0 con 0x7f635c07bda0
2024-03-12T03:16:21.911 INFO:teuthology.orchestra.run.smithi118.stdout:/usr/bin/ceph: stderr
2024-03-12T03:16:21.054+0000 7f6359ffb700 1 -- 172.21.15.118:0/2657235578 <== mon.0 v2:172.21.15.118:3300/0 3 ==== mon_map magic: 0 v1 ==== 229+0+0 (secure 0 0 0) 0x7f6350024780 con 0x7f635c07bda0
2024-03-12T03:16:21.911 INFO:teuthology.orchestra.run.smithi118.stdout:/usr/bin/ceph: stderr
2024-03-12T03:16:21.054+0000 7f6362f1b700 1 -- 172.21.15.118:0/2657235578 --> [v2:172.21.15.118:3300/0,v1:172.21.15.118:6789/0] -- mon_subscribe({osdmap=0}) v3 -- 0x7f635c19ce60 con 0x7f635c07bda0
2024-03-12T03:16:21.911 INFO:teuthology.orchestra.run.smithi118.stdout:/usr/bin/ceph: stderr
2024-03-12T03:16:21.055+0000 7f6359ffb700 1 -- 172.21.15.118:0/2657235578 <== mon.0 v2:172.21.15.118:3300/0 4 ==== mgrmap(e 8) v1 ==== 45389+0+0 (secure 0 0 0) 0x7f63500248e0 con 0x7f635c07bda0
2024-03-12T03:16:21.911 INFO:teuthology.orchestra.run.smithi118.stdout:/usr/bin/ceph: stderr
2024-03-12T03:16:21.055+0000 7f6362f1b700 1 -- 172.21.15.118:0/2657235578 --> [v2:172.21.15.118:3300/0,v1:172.21.15.118:6789/0] -- mon_command({"prefix": "get_command_descriptions"} v 0) v1 -- 0x7f635c10c6c0 con 0x7f635c07bda0
2024-03-12T03:16:21.911 INFO:teuthology.orchestra.run.smithi118.stdout:/usr/bin/ceph: stderr
2024-03-12T03:16:21.055+0000 7f6359ffb700 1 --2- 172.21.15.118:0/2657235578 >> [v2:172.21.15.118:6800/1066995478,v1:172.21.15.118:6801/1066995478] conn(0x7f634c0384f0 0x7f634c03a9b0 unknown :-1 s=NONE pgs=0 cs=0 l=1 rev1=0 crypto rx=0 tx=0 comp rx=0 tx=0).connect
2024-03-12T03:16:21.911 INFO:teuthology.orchestra.run.smithi118.stdout:/usr/bin/ceph: stderr
2024-03-12T03:16:21.055+0000 7f6359ffb700 1 -- 172.21.15.118:0/2657235578 <== mon.0 v2:172.21.15.118:3300/0 5 ==== osd_map(2..2 src has 1..2) v4 ==== 940+0+0 (secure 0 0 0) 0x7f635004c610 con 0x7f635c07bda0
2024-03-12T03:16:21.911 INFO:teuthology.orchestra.run.smithi118.stdout:/usr/bin/ceph: stderr
2024-03-12T03:16:21.055+0000 7f635bfff700 1 --2- 172.21.15.118:0/2657235578 >> [v2:172.21.15.118:6800/1066995478,v1:172.21.15.118:6801/1066995478] conn(0x7f634c0384f0 0x7f634c03a9b0 unknown :-1 s=BANNER_CONNECTING pgs=0 cs=0 l=1 rev1=0 crypto rx=0 tx=0 comp rx=0 tx=0)._handle_peer_banner_payload supported=3 required=0
2024-03-12T03:16:21.911 INFO:teuthology.orchestra.run.smithi118.stdout:/usr/bin/ceph: stderr
2024-03-12T03:16:21.055+0000 7f635bfff700 1 --2- 172.21.15.118:0/2657235578 >> [v2:172.21.15.118:6800/1066995478,v1:172.21.15.118:6801/1066995478] conn(0x7f634c0384f0 0x7f634c03a9b0 secure :-1 s=READY pgs=20 cs=0 l=1 rev1=1 crypto rx=0x7f6348006fd0 tx=0x7f6348006e40 comp rx=0 tx=0).ready entity=mgr.14120 client_cookie=0 server_cookie=0 in_seq=0 out_seq=0
2024-03-12T03:16:21.911 INFO:teuthology.orchestra.run.smithi118.stdout:/usr/bin/ceph: stderr
2024-03-12T03:16:21.060+0000 7f6359ffb700 1 -- 172.21.15.118:0/2657235578 <== mon.0 v2:172.21.15.118:3300/0 6 ==== mon_command_ack([{"prefix": "get_command_descriptions"}]=0 v0) v1 ==== 72+0+182595 (secure 0 0 0) 0x7f6350024b90 con 0x7f635c07bda0
2024-03-12T03:16:21.912 INFO:teuthology.orchestra.run.smithi118.stdout:/usr/bin/ceph: stderr
2024-03-12T03:16:21.251+0000 7f6362f1b700 1 -- 172.21.15.118:0/2657235578 --> [v2:172.21.15.118:3300/0,v1:172.21.15.118:6789/0] -- mon_command([{prefix=config set, name=mgr/cephadm/container_init}] v 0) v1 -- 0x7f635c10c8b0 con 0x7f635c07bda0
2024-03-12T03:16:21.912 INFO:teuthology.orchestra.run.smithi118.stdout:/usr/bin/ceph: stderr
2024-03-12T03:16:21.254+0000 7f6359ffb700 1 -- 172.21.15.118:0/2657235578 <== mon.0 v2:172.21.15.118:3300/0 7 ==== mon_command_ack([{prefix=config set, name=mgr/cephadm/container_init}]=0 v7)=0 v7) v1 ==== 142+0+0 (secure 0 0 0) 0x7f6350018350 con 0x7f635c07bda0
2024-03-12T03:16:21.912 INFO:teuthology.orchestra.run.smithi118.stdout:/usr/bin/ceph: stderr
2024-03-12T03:16:21.256+0000 7f6362f1b700 1 -- 172.21.15.118:0/2657235578 >> [v2:172.21.15.118:6800/1066995478,v1:172.21.15.118:6801/1066995478] conn(0x7f634c0384f0 msgr2=0x7f634c03a9b0 secure :-1 s=STATE_CONNECTION_ESTABLISHED l=1).mark_down
2024-03-12T03:16:21.912 INFO:teuthology.orchestra.run.smithi118.stdout:/usr/bin/ceph: stderr
2024-03-12T03:16:21.256+0000 7f6362f1b700 1 --2- 172.21.15.118:0/2657235578 >> [v2:172.21.15.118:6800/1066995478,v1:172.21.15.118:6801/1066995478] conn(0x7f634c0384f0 0x7f634c03a9b0 secure :-1 s=READY pgs=20 cs=0 l=1 rev1=1 crypto rx=0x7f6348006fd0 tx=0x7f6348006e40 comp rx=0 tx=0).stop
2024-03-12T03:16:21.912 INFO:teuthology.orchestra.run.smithi118.stdout:/usr/bin/ceph: stderr
2024-03-12T03:16:21.256+0000 7f6362f1b700 1 -- 172.21.15.118:0/2657235578 >> [v2:172.21.15.118:3300/0,v1:172.21.15.118:6789/0] conn(0x7f635c07bda0 msgr2=0x7f635c19c280 secure :-1 s=STATE_CONNECTION_ESTABLISHED l=1).mark_down
2024-03-12T03:16:21.912 INFO:teuthology.orchestra.run.smithi118.stdout:/usr/bin/ceph: stderr
2024-03-12T03:16:21.256+0000 7f6362f1b700 1 --2- 172.21.15.118:0/2657235578 >> [v2:172.21.15.118:3300/0,v1:172.21.15.118:6789/0] conn(0x7f635c07bda0 0x7f635c19c280 secure :-1 s=READY pgs=64 cs=0 l=1 rev1=1 crypto rx=0x7f63500117b0 tx=0x7f6350011890 comp rx=0 tx=0).stop
2024-03-12T03:16:21.912 INFO:teuthology.orchestra.run.smithi118.stdout:/usr/bin/ceph: stderr
2024-03-12T03:16:21.256+0000 7f6362f1b700 1 -- 172.21.15.118:0/2657235578 shutdown_connections
2024-03-12T03:16:21.912 INFO:teuthology.orchestra.run.smithi118.stdout:/usr/bin/ceph: stderr
2024-03-12T03:16:21.256+0000 7f6362f1b700 1 --2- 172.21.15.118:0/2657235578 >> [v2:172.21.15.118:6800/1066995478,v1:172.21.15.118:6801/1066995478] conn(0x7f634c0384f0 0x7f634c03a9b0 unknown :-1 s=CLOSED pgs=20 cs=0 l=1 rev1=1 crypto rx=0 tx=0 comp rx=0 tx=0).stop
2024-03-12T03:16:21.912 INFO:teuthology.orchestra.run.smithi118.stdout:/usr/bin/ceph: stderr
2024-03-12T03:16:21.256+0000 7f6362f1b700 1 --2- 172.21.15.118:0/2657235578 >> [v2:172.21.15.118:3300/0,v1:172.21.15.118:6789/0] conn(0x7f635c07bda0 0x7f635c19c280 unknown :-1 s=CLOSED pgs=64 cs=0 l=1 rev1=1 crypto rx=0 tx=0 comp rx=0 tx=0).stop
2024-03-12T03:16:21.912 INFO:teuthology.orchestra.run.smithi118.stdout:/usr/bin/ceph: stderr
2024-03-12T03:16:21.256+0000 7f6362f1b700 1 -- 172.21.15.118:0/2657235578 >> 172.21.15.118:0/2657235578 conn(0x7f635c101880 msgr2=0x7f635c102460 unknown :-1 s=STATE_NONE l=0).mark_down
2024-03-12T03:16:21.912 INFO:teuthology.orchestra.run.smithi118.stdout:/usr/bin/ceph: stderr
2024-03-12T03:16:21.256+0000 7f6362f1b700 1 -- 172.21.15.118:0/2657235578 shutdown_connections
2024-03-12T03:16:21.912 INFO:teuthology.orchestra.run.smithi118.stdout:/usr/bin/ceph: stderr
2024-03-12T03:16:21.256+0000 7f6362f1b700 1 -- 172.21.15.118:0/2657235578 wait complete.
2024-03-12T03:16:23.061 INFO:journalctl@ceph.mon.smithi118.smithi118.stdout:Mar 12 03:16:22 smithi118 ceph-mon[29160]: pgmap v5: 0 pgs: ; 0 B data, 0 B used, 0 B / 0 B avail
2024-03-12T03:16:23.061 INFO:journalctl@ceph.mon.smithi118.smithi118.stdout:Mar 12 03:16:22 smithi118 ceph-mon[29160]: from='client.? 172.21.15.118:0/434413029' entity='client.admin'
2024-03-12T03:16:23.164 INFO:teuthology.orchestra.run.smithi118.stdout:/usr/bin/ceph: stderr
2024-03-12T03:16:22.352+0000 7f8fa44ba700 1 Processor -- start
2024-03-12T03:16:23.165 INFO:teuthology.orchestra.run.smithi118.stdout:/usr/bin/ceph: stderr
2024-03-12T03:16:22.352+0000 7f8fa44ba700 1 -- start start
2024-03-12T03:16:23.165 INFO:teuthology.orchestra.run.smithi118.stdout:/usr/bin/ceph: stderr
2024-03-12T03:16:22.352+0000 7f8fa44ba700 1 --2- >> [v2:172.21.15.118:3300/0,v1:172.21.15.118:6789/0] conn(0x7f8f9c106e30 0x7f8f9c109220 unknown :-1 s=NONE pgs=0 cs=0 l=0 rev1=0 crypto rx=0 tx=0 comp rx=0 tx=0).connect
2024-03-12T03:16:23.165 INFO:teuthology.orchestra.run.smithi118.stdout:/usr/bin/ceph: stderr
2024-03-12T03:16:22.353+0000 7f8fa44ba700 1 -- --> [v2:172.21.15.118:3300/0,v1:172.21.15.118:6789/0] -- mon_getmap magic: 0 v1 -- 0x7f8f9c079d70 con 0x7f8f9c106e30
2024-03-12T03:16:23.165 INFO:teuthology.orchestra.run.smithi118.stdout:/usr/bin/ceph: stderr
2024-03-12T03:16:22.353+0000 7f8fa2256700 1 --2- >> [v2:172.21.15.118:3300/0,v1:172.21.15.118:6789/0] conn(0x7f8f9c106e30 0x7f8f9c109220 unknown :-1 s=BANNER_CONNECTING pgs=0 cs=0 l=0 rev1=0 crypto rx=0 tx=0 comp rx=0 tx=0)._handle_peer_banner_payload supported=3 required=0
2024-03-12T03:16:23.165 INFO:teuthology.orchestra.run.smithi118.stdout:/usr/bin/ceph: stderr
2024-03-12T03:16:22.353+0000 7f8fa2256700 1 --2- >> [v2:172.21.15.118:3300/0,v1:172.21.15.118:6789/0] conn(0x7f8f9c106e30 0x7f8f9c109220 unknown :-1 s=HELLO_CONNECTING pgs=0 cs=0 l=0 rev1=1 crypto rx=0 tx=0 comp rx=0 tx=0).handle_hello peer v2:172.21.15.118:3300/0 says I am v2:172.21.15.118:40984/0 (socket says 172.21.15.118:40984)
2024-03-12T03:16:23.165 INFO:teuthology.orchestra.run.smithi118.stdout:/usr/bin/ceph: stderr
