2024-03-12T03:27:15.422+0000 7f7e7095f700 1 -- 172.21.15.60:0/693551331 >> [v2:172.21.15.60:3300/0,v1:172.21.15.60:6789/0] conn(0x7f7e6c102770 msgr2=0x7f7e6c102b80 secure :-1 s=STATE_CONNECTION_ESTABLISHED l=1).mark_down
2024-03-12T03:27:16.106 INFO:teuthology.orchestra.run.smithi060.stdout:/usr/bin/ceph: stderr
2024-03-12T03:27:15.422+0000 7f7e7095f700 1 --2- 172.21.15.60:0/693551331 >> [v2:172.21.15.60:3300/0,v1:172.21.15.60:6789/0] conn(0x7f7e6c102770 0x7f7e6c102b80 secure :-1 s=READY pgs=86 cs=0 l=1 rev1=1 crypto rx=0x7f7e5c0098e0 tx=0x7f7e5c009250 comp rx=0 tx=0).stop
2024-03-12T03:27:16.106 INFO:teuthology.orchestra.run.smithi060.stdout:/usr/bin/ceph: stderr
2024-03-12T03:27:15.423+0000 7f7e7095f700 1 -- 172.21.15.60:0/693551331 shutdown_connections
2024-03-12T03:27:16.106 INFO:teuthology.orchestra.run.smithi060.stdout:/usr/bin/ceph: stderr
2024-03-12T03:27:15.423+0000 7f7e7095f700 1 --2- 172.21.15.60:0/693551331 >> [v2:172.21.15.60:3300/0,v1:172.21.15.60:6789/0] conn(0x7f7e6c102770 0x7f7e6c102b80 unknown :-1 s=CLOSED pgs=86 cs=0 l=1 rev1=1 crypto rx=0 tx=0 comp rx=0 tx=0).stop
2024-03-12T03:27:16.106 INFO:teuthology.orchestra.run.smithi060.stdout:/usr/bin/ceph: stderr
2024-03-12T03:27:15.423+0000 7f7e7095f700 1 -- 172.21.15.60:0/693551331 >> 172.21.15.60:0/693551331 conn(0x7f7e6c0fded0 msgr2=0x7f7e6c100300 unknown :-1 s=STATE_NONE l=0).mark_down
2024-03-12T03:27:16.106 INFO:teuthology.orchestra.run.smithi060.stdout:/usr/bin/ceph: stderr
2024-03-12T03:27:15.423+0000 7f7e7095f700 1 -- 172.21.15.60:0/693551331 shutdown_connections
2024-03-12T03:27:16.106 INFO:teuthology.orchestra.run.smithi060.stdout:/usr/bin/ceph: stderr
2024-03-12T03:27:15.423+0000 7f7e7095f700 1 -- 172.21.15.60:0/693551331 wait complete.
2024-03-12T03:27:16.106 INFO:teuthology.orchestra.run.smithi060.stdout:/usr/bin/ceph: stderr
2024-03-12T03:27:15.423+0000 7f7e7095f700 1 Processor -- start
2024-03-12T03:27:16.106 INFO:teuthology.orchestra.run.smithi060.stdout:/usr/bin/ceph: stderr
2024-03-12T03:27:15.423+0000 7f7e7095f700 1 -- start start
2024-03-12T03:27:16.106 INFO:teuthology.orchestra.run.smithi060.stdout:/usr/bin/ceph: stderr
2024-03-12T03:27:15.423+0000 7f7e7095f700 1 --2- >> [v2:172.21.15.60:3300/0,v1:172.21.15.60:6789/0] conn(0x7f7e6c102770 0x7f7e6c1115c0 unknown :-1 s=NONE pgs=0 cs=0 l=1 rev1=0 crypto rx=0 tx=0 comp rx=0 tx=0).connect
2024-03-12T03:27:16.106 INFO:teuthology.orchestra.run.smithi060.stdout:/usr/bin/ceph: stderr
2024-03-12T03:27:15.423+0000 7f7e7095f700 1 -- --> [v2:172.21.15.60:3300/0,v1:172.21.15.60:6789/0] -- mon_getmap magic: 0 v1 -- 0x7f7e6c111b00 con 0x7f7e6c102770
2024-03-12T03:27:16.106 INFO:teuthology.orchestra.run.smithi060.stdout:/usr/bin/ceph: stderr
2024-03-12T03:27:15.424+0000 7f7e6a59c700 1 --2- >> [v2:172.21.15.60:3300/0,v1:172.21.15.60:6789/0] conn(0x7f7e6c102770 0x7f7e6c1115c0 unknown :-1 s=BANNER_CONNECTING pgs=0 cs=0 l=1 rev1=0 crypto rx=0 tx=0 comp rx=0 tx=0)._handle_peer_banner_payload supported=3 required=0
2024-03-12T03:27:16.106 INFO:teuthology.orchestra.run.smithi060.stdout:/usr/bin/ceph: stderr
2024-03-12T03:27:15.424+0000 7f7e6a59c700 1 --2- >> [v2:172.21.15.60:3300/0,v1:172.21.15.60:6789/0] conn(0x7f7e6c102770 0x7f7e6c1115c0 unknown :-1 s=HELLO_CONNECTING pgs=0 cs=0 l=1 rev1=1 crypto rx=0 tx=0 comp rx=0 tx=0).handle_hello peer v2:172.21.15.60:3300/0 says I am v2:172.21.15.60:37178/0 (socket says 172.21.15.60:37178)
2024-03-12T03:27:16.106 INFO:teuthology.orchestra.run.smithi060.stdout:/usr/bin/ceph: stderr
2024-03-12T03:27:15.424+0000 7f7e6a59c700 1 -- 172.21.15.60:0/2927011443 learned_addr learned my addr 172.21.15.60:0/2927011443 (peer_addr_for_me v2:172.21.15.60:0/0)
2024-03-12T03:27:16.106 INFO:teuthology.orchestra.run.smithi060.stdout:/usr/bin/ceph: stderr
2024-03-12T03:27:15.424+0000 7f7e6a59c700 1 -- 172.21.15.60:0/2927011443 --> [v2:172.21.15.60:3300/0,v1:172.21.15.60:6789/0] -- mon_subscribe({config=0+,monmap=0+}) v3 -- 0x7f7e5c0094f0 con 0x7f7e6c102770
2024-03-12T03:27:16.107 INFO:teuthology.orchestra.run.smithi060.stdout:/usr/bin/ceph: stderr
2024-03-12T03:27:15.424+0000 7f7e6a59c700 1 --2- 172.21.15.60:0/2927011443 >> [v2:172.21.15.60:3300/0,v1:172.21.15.60:6789/0] conn(0x7f7e6c102770 0x7f7e6c1115c0 secure :-1 s=READY pgs=87 cs=0 l=1 rev1=1 crypto rx=0x7f7e5c011680 tx=0x7f7e5c009250 comp rx=0 tx=0).ready entity=mon.0 client_cookie=0 server_cookie=0 in_seq=0 out_seq=0
2024-03-12T03:27:16.107 INFO:teuthology.orchestra.run.smithi060.stdout:/usr/bin/ceph: stderr
2024-03-12T03:27:15.424+0000 7f7e5affd700 1 -- 172.21.15.60:0/2927011443 <== mon.0 v2:172.21.15.60:3300/0 1 ==== mon_map magic: 0 v1 ==== 229+0+0 (secure 0 0 0) 0x7f7e5c010890 con 0x7f7e6c102770
2024-03-12T03:27:16.107 INFO:teuthology.orchestra.run.smithi060.stdout:/usr/bin/ceph: stderr
2024-03-12T03:27:15.424+0000 7f7e5affd700 1 -- 172.21.15.60:0/2927011443 <== mon.0 v2:172.21.15.60:3300/0 2 ==== config(27 keys) v1 ==== 1109+0+0 (secure 0 0 0) 0x7f7e5c010ec0 con 0x7f7e6c102770
2024-03-12T03:27:16.107 INFO:teuthology.orchestra.run.smithi060.stdout:/usr/bin/ceph: stderr
2024-03-12T03:27:15.424+0000 7f7e7095f700 1 -- 172.21.15.60:0/2927011443 --> [v2:172.21.15.60:3300/0,v1:172.21.15.60:6789/0] -- mon_subscribe({mgrmap=0+}) v3 -- 0x7f7e6c111d00 con 0x7f7e6c102770
2024-03-12T03:27:16.107 INFO:teuthology.orchestra.run.smithi060.stdout:/usr/bin/ceph: stderr
2024-03-12T03:27:15.424+0000 7f7e5affd700 1 -- 172.21.15.60:0/2927011443 <== mon.0 v2:172.21.15.60:3300/0 3 ==== mon_map magic: 0 v1 ==== 229+0+0 (secure 0 0 0) 0x7f7e5c0243f0 con 0x7f7e6c102770
2024-03-12T03:27:16.107 INFO:teuthology.orchestra.run.smithi060.stdout:/usr/bin/ceph: stderr
2024-03-12T03:27:15.424+0000 7f7e7095f700 1 -- 172.21.15.60:0/2927011443 --> [v2:172.21.15.60:3300/0,v1:172.21.15.60:6789/0] -- mon_subscribe({osdmap=0}) v3 -- 0x7f7e6c1129a0 con 0x7f7e6c102770
2024-03-12T03:27:16.107 INFO:teuthology.orchestra.run.smithi060.stdout:/usr/bin/ceph: stderr
2024-03-12T03:27:15.425+0000 7f7e5affd700 1 -- 172.21.15.60:0/2927011443 <== mon.0 v2:172.21.15.60:3300/0 4 ==== mgrmap(e 13) v1 ==== 43424+0+0 (secure 0 0 0) 0x7f7e5c01a8c0 con 0x7f7e6c102770
2024-03-12T03:27:16.107 INFO:teuthology.orchestra.run.smithi060.stdout:/usr/bin/ceph: stderr
2024-03-12T03:27:15.425+0000 7f7e5affd700 1 --2- 172.21.15.60:0/2927011443 >> [v2:172.21.15.60:6800/4177665805,v1:172.21.15.60:6801/4177665805] conn(0x7f7e540368d0 0x7f7e54038d80 unknown :-1 s=NONE pgs=0 cs=0 l=1 rev1=0 crypto rx=0 tx=0 comp rx=0 tx=0).connect
2024-03-12T03:27:16.107 INFO:teuthology.orchestra.run.smithi060.stdout:/usr/bin/ceph: stderr
2024-03-12T03:27:15.425+0000 7f7e5affd700 1 -- 172.21.15.60:0/2927011443 <== mon.0 v2:172.21.15.60:3300/0 5 ==== osd_map(3..3 src has 1..3) v4 ==== 1151+0+0 (secure 0 0 0) 0x7f7e5c04a3c0 con 0x7f7e6c102770
2024-03-12T03:27:16.107 INFO:teuthology.orchestra.run.smithi060.stdout:/usr/bin/ceph: stderr
2024-03-12T03:27:15.425+0000 7f7e7095f700 1 -- 172.21.15.60:0/2927011443 --> [v2:172.21.15.60:3300/0,v1:172.21.15.60:6789/0] -- mon_command({"prefix": "get_command_descriptions"} v 0) v1 -- 0x7f7e6c05f5c0 con 0x7f7e6c102770
2024-03-12T03:27:16.107 INFO:teuthology.orchestra.run.smithi060.stdout:/usr/bin/ceph: stderr
2024-03-12T03:27:15.425+0000 7f7e69d9b700 1 --2- 172.21.15.60:0/2927011443 >> [v2:172.21.15.60:6800/4177665805,v1:172.21.15.60:6801/4177665805] conn(0x7f7e540368d0 0x7f7e54038d80 unknown :-1 s=BANNER_CONNECTING pgs=0 cs=0 l=1 rev1=0 crypto rx=0 tx=0 comp rx=0 tx=0)._handle_peer_banner_payload supported=3 required=0
2024-03-12T03:27:16.107 INFO:teuthology.orchestra.run.smithi060.stdout:/usr/bin/ceph: stderr
2024-03-12T03:27:15.426+0000 7f7e69d9b700 1 --2- 172.21.15.60:0/2927011443 >> [v2:172.21.15.60:6800/4177665805,v1:172.21.15.60:6801/4177665805] conn(0x7f7e540368d0 0x7f7e54038d80 secure :-1 s=READY pgs=10 cs=0 l=1 rev1=1 crypto rx=0x7f7e60009990 tx=0x7f7e60006e40 comp rx=0 tx=0).ready entity=mgr.14162 client_cookie=0 server_cookie=0 in_seq=0 out_seq=0
2024-03-12T03:27:16.107 INFO:teuthology.orchestra.run.smithi060.stdout:/usr/bin/ceph: stderr
2024-03-12T03:27:15.430+0000 7f7e5affd700 1 -- 172.21.15.60:0/2927011443 <== mon.0 v2:172.21.15.60:3300/0 6 ==== mon_command_ack([{"prefix": "get_command_descriptions"}]=0 v0) v1 ==== 72+0+175366 (secure 0 0 0) 0x7f7e5c02b8e0 con 0x7f7e6c102770
2024-03-12T03:27:16.107 INFO:teuthology.orchestra.run.smithi060.stdout:/usr/bin/ceph: stderr
2024-03-12T03:27:15.622+0000 7f7e7095f700 1 -- 172.21.15.60:0/2927011443 --> [v2:172.21.15.60:3300/0,v1:172.21.15.60:6789/0] -- mon_command([{prefix=config set, name=osd_memory_target_autotune}] v 0) v1 -- 0x7f7e6c04bed0 con 0x7f7e6c102770
2024-03-12T03:27:16.108 INFO:teuthology.orchestra.run.smithi060.stdout:/usr/bin/ceph: stderr
2024-03-12T03:27:15.622+0000 7f7e5affd700 1 -- 172.21.15.60:0/2927011443 <== mon.0 v2:172.21.15.60:3300/0 7 ==== mon_command_ack([{prefix=config set, name=osd_memory_target_autotune}]=0 v8)=0 v8) v1 ==== 127+0+0 (secure 0 0 0) 0x7f7e5c02b2f0 con 0x7f7e6c102770
2024-03-12T03:27:16.108 INFO:teuthology.orchestra.run.smithi060.stdout:/usr/bin/ceph: stderr
2024-03-12T03:27:15.624+0000 7f7e7095f700 1 -- 172.21.15.60:0/2927011443 >> [v2:172.21.15.60:6800/4177665805,v1:172.21.15.60:6801/4177665805] conn(0x7f7e540368d0 msgr2=0x7f7e54038d80 secure :-1 s=STATE_CONNECTION_ESTABLISHED l=1).mark_down
2024-03-12T03:27:16.108 INFO:teuthology.orchestra.run.smithi060.stdout:/usr/bin/ceph: stderr
2024-03-12T03:27:15.624+0000 7f7e7095f700 1 --2- 172.21.15.60:0/2927011443 >> [v2:172.21.15.60:6800/4177665805,v1:172.21.15.60:6801/4177665805] conn(0x7f7e540368d0 0x7f7e54038d80 secure :-1 s=READY pgs=10 cs=0 l=1 rev1=1 crypto rx=0x7f7e60009990 tx=0x7f7e60006e40 comp rx=0 tx=0).stop
2024-03-12T03:27:16.108 INFO:teuthology.orchestra.run.smithi060.stdout:/usr/bin/ceph: stderr
2024-03-12T03:27:15.624+0000 7f7e7095f700 1 -- 172.21.15.60:0/2927011443 >> [v2:172.21.15.60:3300/0,v1:172.21.15.60:6789/0] conn(0x7f7e6c102770 msgr2=0x7f7e6c1115c0 secure :-1 s=STATE_CONNECTION_ESTABLISHED l=1).mark_down
2024-03-12T03:27:16.108 INFO:teuthology.orchestra.run.smithi060.stdout:/usr/bin/ceph: stderr
2024-03-12T03:27:15.624+0000 7f7e7095f700 1 --2- 172.21.15.60:0/2927011443 >> [v2:172.21.15.60:3300/0,v1:172.21.15.60:6789/0] conn(0x7f7e6c102770 0x7f7e6c1115c0 secure :-1 s=READY pgs=87 cs=0 l=1 rev1=1 crypto rx=0x7f7e5c011680 tx=0x7f7e5c009250 comp rx=0 tx=0).stop
2024-03-12T03:27:16.108 INFO:teuthology.orchestra.run.smithi060.stdout:/usr/bin/ceph: stderr
2024-03-12T03:27:15.624+0000 7f7e7095f700 1 -- 172.21.15.60:0/2927011443 shutdown_connections
2024-03-12T03:27:16.108 INFO:teuthology.orchestra.run.smithi060.stdout:/usr/bin/ceph: stderr
2024-03-12T03:27:15.624+0000 7f7e7095f700 1 --2- 172.21.15.60:0/2927011443 >> [v2:172.21.15.60:6800/4177665805,v1:172.21.15.60:6801/4177665805] conn(0x7f7e540368d0 0x7f7e54038d80 unknown :-1 s=CLOSED pgs=10 cs=0 l=1 rev1=1 crypto rx=0 tx=0 comp rx=0 tx=0).stop
2024-03-12T03:27:16.108 INFO:teuthology.orchestra.run.smithi060.stdout:/usr/bin/ceph: stderr
2024-03-12T03:27:15.624+0000 7f7e7095f700 1 --2- 172.21.15.60:0/2927011443 >> [v2:172.21.15.60:3300/0,v1:172.21.15.60:6789/0] conn(0x7f7e6c102770 0x7f7e6c1115c0 unknown :-1 s=CLOSED pgs=87 cs=0 l=1 rev1=1 crypto rx=0 tx=0 comp rx=0 tx=0).stop
2024-03-12T03:27:16.108 INFO:teuthology.orchestra.run.smithi060.stdout:/usr/bin/ceph: stderr
2024-03-12T03:27:15.624+0000 7f7e7095f700 1 -- 172.21.15.60:0/2927011443 >> 172.21.15.60:0/2927011443 conn(0x7f7e6c0fded0 msgr2=0x7f7e6c0ff5b0 unknown :-1 s=STATE_NONE l=0).mark_down
2024-03-12T03:27:16.108 INFO:teuthology.orchestra.run.smithi060.stdout:/usr/bin/ceph: stderr
2024-03-12T03:27:15.624+0000 7f7e7095f700 1 -- 172.21.15.60:0/2927011443 shutdown_connections
2024-03-12T03:27:16.108 INFO:teuthology.orchestra.run.smithi060.stdout:/usr/bin/ceph: stderr
2024-03-12T03:27:15.624+0000 7f7e7095f700 1 -- 172.21.15.60:0/2927011443 wait complete.
2024-03-12T03:27:16.407 INFO:journalctl@ceph.mon.smithi060.smithi060.stdout:Mar 12 03:27:16 smithi060 ceph-mon[28926]: mgrmap e13: smithi060.yeiepj(active, since 6s)
2024-03-12T03:27:17.377 INFO:teuthology.orchestra.run.smithi060.stdout:/usr/bin/ceph: stderr
2024-03-12T03:27:16.508+0000 7f4a8db97700 1 Processor -- start
2024-03-12T03:27:17.378 INFO:teuthology.orchestra.run.smithi060.stdout:/usr/bin/ceph: stderr
2024-03-12T03:27:16.508+0000 7f4a8db97700 1 -- start start
2024-03-12T03:27:17.378 INFO:teuthology.orchestra.run.smithi060.stdout:/usr/bin/ceph: stderr
2024-03-12T03:27:16.508+0000 7f4a8db97700 1 --2- >> [v2:172.21.15.60:3300/0,v1:172.21.15.60:6789/0] conn(0x7f4a88076ba0 0x7f4a88105400 unknown :-1 s=NONE pgs=0 cs=0 l=0 rev1=0 crypto rx=0 tx=0 comp rx=0 tx=0).connect
2024-03-12T03:27:17.378 INFO:teuthology.orchestra.run.smithi060.stdout:/usr/bin/ceph: stderr
2024-03-12T03:27:16.508+0000 7f4a8db97700 1 -- --> [v2:172.21.15.60:3300/0,v1:172.21.15.60:6789/0] -- mon_getmap magic: 0 v1 -- 0x7f4a88105940 con 0x7f4a88076ba0
2024-03-12T03:27:17.378 INFO:teuthology.orchestra.run.smithi060.stdout:/usr/bin/ceph: stderr
2024-03-12T03:27:16.508+0000 7f4a877fe700 1 --2- >> [v2:172.21.15.60:3300/0,v1:172.21.15.60:6789/0] conn(0x7f4a88076ba0 0x7f4a88105400 unknown :-1 s=BANNER_CONNECTING pgs=0 cs=0 l=0 rev1=0 crypto rx=0 tx=0 comp rx=0 tx=0)._handle_peer_banner_payload supported=3 required=0
2024-03-12T03:27:17.378 INFO:teuthology.orchestra.run.smithi060.stdout:/usr/bin/ceph: stderr
2024-03-12T03:27:16.508+0000 7f4a877fe700 1 --2- >> [v2:172.21.15.60:3300/0,v1:172.21.15.60:6789/0] conn(0x7f4a88076ba0 0x7f4a88105400 unknown :-1 s=HELLO_CONNECTING pgs=0 cs=0 l=0 rev1=1 crypto rx=0 tx=0 comp rx=0 tx=0).handle_hello peer v2:172.21.15.60:3300/0 says I am v2:172.21.15.60:37188/0 (socket says 172.21.15.60:37188)
2024-03-12T03:27:17.378 INFO:teuthology.orchestra.run.smithi060.stdout:/usr/bin/ceph: stderr
2024-03-12T03:27:16.508+0000 7f4a877fe700 1 -- 172.21.15.60:0/750627312 learned_addr learned my addr 172.21.15.60:0/750627312 (peer_addr_for_me v2:172.21.15.60:0/0)
2024-03-12T03:27:17.378 INFO:teuthology.orchestra.run.smithi060.stdout:/usr/bin/ceph: stderr
2024-03-12T03:27:16.509+0000 7f4a877fe700 1 -- 172.21.15.60:0/750627312 --> [v2:172.21.15.60:3300/0,v1:172.21.15.60:6789/0] -- mon_subscribe({config=0+,monmap=0+}) v3 -- 0x7f4a88105a80 con 0x7f4a88076ba0
2024-03-12T03:27:17.378 INFO:teuthology.orchestra.run.smithi060.stdout:/usr/bin/ceph: stderr
2024-03-12T03:27:16.509+0000 7f4a877fe700 1 --2- 172.21.15.60:0/750627312 >> [v2:172.21.15.60:3300/0,v1:172.21.15.60:6789/0] conn(0x7f4a88076ba0 0x7f4a88105400 secure :-1 s=READY pgs=88 cs=0 l=1 rev1=1 crypto rx=0x7f4a780098e0 tx=0x7f4a78009250 comp rx=0 tx=0).ready entity=mon.0 client_cookie=57a08fadfdf0f2c7 server_cookie=0 in_seq=0 out_seq=0
2024-03-12T03:27:17.378 INFO:teuthology.orchestra.run.smithi060.stdout:/usr/bin/ceph: stderr
2024-03-12T03:27:16.509+0000 7f4a867fc700 1 -- 172.21.15.60:0/750627312 <== mon.0 v2:172.21.15.60:3300/0 1 ==== mon_map magic: 0 v1 ==== 229+0+0 (secure 0 0 0) 0x7f4a7800b8f0 con 0x7f4a88076ba0
2024-03-12T03:27:17.378 INFO:teuthology.orchestra.run.smithi060.stdout:/usr/bin/ceph: stderr
2024-03-12T03:27:16.509+0000 7f4a867fc700 1 -- 172.21.15.60:0/750627312 <== mon.0 v2:172.21.15.60:3300/0 2 ==== config(27 keys) v1 ==== 1109+0+0 (secure 0 0 0) 0x7f4a78011420 con 0x7f4a88076ba0
2024-03-12T03:27:17.378 INFO:teuthology.orchestra.run.smithi060.stdout:/usr/bin/ceph: stderr
2024-03-12T03:27:16.509+0000 7f4a867fc700 1 -- 172.21.15.60:0/750627312 <== mon.0 v2:172.21.15.60:3300/0 3 ==== mon_map magic: 0 v1 ==== 229+0+0 (secure 0 0 0) 0x7f4a78010540 con 0x7f4a88076ba0
2024-03-12T03:27:17.378 INFO:teuthology.orchestra.run.smithi060.stdout:/usr/bin/ceph: stderr
2024-03-12T03:27:16.509+0000 7f4a8db97700 1 -- 172.21.15.60:0/750627312 >> [v2:172.21.15.60:3300/0,v1:172.21.15.60:6789/0] conn(0x7f4a88076ba0 msgr2=0x7f4a88105400 secure :-1 s=STATE_CONNECTION_ESTABLISHED l=1).mark_down
2024-03-12T03:27:17.379 INFO:teuthology.orchestra.run.smithi060.stdout:/usr/bin/ceph: stderr
2024-03-12T03:27:16.509+0000 7f4a8db97700 1 --2- 172.21.15.60:0/750627312 >> [v2:172.21.15.60:3300/0,v1:172.21.15.60:6789/0] conn(0x7f4a88076ba0 0x7f4a88105400 secure :-1 s=READY pgs=88 cs=0 l=1 rev1=1 crypto rx=0x7f4a780098e0 tx=0x7f4a78009250 comp rx=0 tx=0).stop
2024-03-12T03:27:17.379 INFO:teuthology.orchestra.run.smithi060.stdout:/usr/bin/ceph: stderr
2024-03-12T03:27:16.509+0000 7f4a8db97700 1 -- 172.21.15.60:0/750627312 shutdown_connections
2024-03-12T03:27:17.379 INFO:teuthology.orchestra.run.smithi060.stdout:/usr/bin/ceph: stderr
2024-03-12T03:27:16.509+0000 7f4a8db97700 1 --2- 172.21.15.60:0/750627312 >> [v2:172.21.15.60:3300/0,v1:172.21.15.60:6789/0] conn(0x7f4a88076ba0 0x7f4a88105400 unknown :-1 s=CLOSED pgs=88 cs=0 l=1 rev1=1 crypto rx=0 tx=0 comp rx=0 tx=0).stop
2024-03-12T03:27:17.379 INFO:teuthology.orchestra.run.smithi060.stdout:/usr/bin/ceph: stderr
2024-03-12T03:27:16.509+0000 7f4a8db97700 1 -- 172.21.15.60:0/750627312 >> 172.21.15.60:0/750627312 conn(0x7f4a880fcdd0 msgr2=0x7f4a880ff200 unknown :-1 s=STATE_NONE l=0).mark_down
2024-03-12T03:27:17.379 INFO:teuthology.orchestra.run.smithi060.stdout:/usr/bin/ceph: stderr
2024-03-12T03:27:16.510+0000 7f4a8db97700 1 -- 172.21.15.60:0/750627312 shutdown_connections
2024-03-12T03:27:17.379 INFO:teuthology.orchestra.run.smithi060.stdout:/usr/bin/ceph: stderr
2024-03-12T03:27:16.510+0000 7f4a8db97700 1 -- 172.21.15.60:0/750627312 wait complete.
2024-03-12T03:27:17.379 INFO:teuthology.orchestra.run.smithi060.stdout:/usr/bin/ceph: stderr
2024-03-12T03:27:16.510+0000 7f4a8db97700 1 Processor -- start
2024-03-12T03:27:17.379 INFO:teuthology.orchestra.run.smithi060.stdout:/usr/bin/ceph: stderr
2024-03-12T03:27:16.510+0000 7f4a8db97700 1 -- start start
2024-03-12T03:27:17.379 INFO:teuthology.orchestra.run.smithi060.stdout:/usr/bin/ceph: stderr
2024-03-12T03:27:16.510+0000 7f4a8db97700 1 --2- >> [v2:172.21.15.60:3300/0,v1:172.21.15.60:6789/0] conn(0x7f4a88076ba0 0x7f4a881118c0 unknown :-1 s=NONE pgs=0 cs=0 l=1 rev1=0 crypto rx=0 tx=0 comp rx=0 tx=0).connect
2024-03-12T03:27:17.379 INFO:teuthology.orchestra.run.smithi060.stdout:/usr/bin/ceph: stderr
2024-03-12T03:27:16.510+0000 7f4a8db97700 1 -- --> [v2:172.21.15.60:3300/0,v1:172.21.15.60:6789/0] -- mon_getmap magic: 0 v1 -- 0x7f4a88111e00 con 0x7f4a88076ba0
2024-03-12T03:27:17.379 INFO:teuthology.orchestra.run.smithi060.stdout:/usr/bin/ceph: stderr
2024-03-12T03:27:16.510+0000 7f4a877fe700 1 --2- >> [v2:172.21.15.60:3300/0,v1:172.21.15.60:6789/0] conn(0x7f4a88076ba0 0x7f4a881118c0 unknown :-1 s=BANNER_CONNECTING pgs=0 cs=0 l=1 rev1=0 crypto rx=0 tx=0 comp rx=0 tx=0)._handle_peer_banner_payload supported=3 required=0
2024-03-12T03:27:17.379 INFO:teuthology.orchestra.run.smithi060.stdout:/usr/bin/ceph: stderr
2024-03-12T03:27:16.510+0000 7f4a877fe700 1 --2- >> [v2:172.21.15.60:3300/0,v1:172.21.15.60:6789/0] conn(0x7f4a88076ba0 0x7f4a881118c0 unknown :-1 s=HELLO_CONNECTING pgs=0 cs=0 l=1 rev1=1 crypto rx=0 tx=0 comp rx=0 tx=0).handle_hello peer v2:172.21.15.60:3300/0 says I am v2:172.21.15.60:37200/0 (socket says 172.21.15.60:37200)
2024-03-12T03:27:17.379 INFO:teuthology.orchestra.run.smithi060.stdout:/usr/bin/ceph: stderr
2024-03-12T03:27:16.510+0000 7f4a877fe700 1 -- 172.21.15.60:0/2906999698 learned_addr learned my addr 172.21.15.60:0/2906999698 (peer_addr_for_me v2:172.21.15.60:0/0)
2024-03-12T03:27:17.379 INFO:teuthology.orchestra.run.smithi060.stdout:/usr/bin/ceph: stderr
2024-03-12T03:27:16.511+0000 7f4a877fe700 1 -- 172.21.15.60:0/2906999698 --> [v2:172.21.15.60:3300/0,v1:172.21.15.60:6789/0] -- mon_subscribe({config=0+,monmap=0+}) v3 -- 0x7f4a780094f0 con 0x7f4a88076ba0
2024-03-12T03:27:17.380 INFO:teuthology.orchestra.run.smithi060.stdout:/usr/bin/ceph: stderr
2024-03-12T03:27:16.511+0000 7f4a877fe700 1 --2- 172.21.15.60:0/2906999698 >> [v2:172.21.15.60:3300/0,v1:172.21.15.60:6789/0] conn(0x7f4a88076ba0 0x7f4a881118c0 secure :-1 s=READY pgs=89 cs=0 l=1 rev1=1 crypto rx=0x7f4a780094c0 tx=0x7f4a78009250 comp rx=0 tx=0).ready entity=mon.0 client_cookie=0 server_cookie=0 in_seq=0 out_seq=0
2024-03-12T03:27:17.380 INFO:teuthology.orchestra.run.smithi060.stdout:/usr/bin/ceph: stderr
2024-03-12T03:27:16.511+0000 7f4a6ffff700 1 -- 172.21.15.60:0/2906999698 <== mon.0 v2:172.21.15.60:3300/0 1 ==== mon_map magic: 0 v1 ==== 229+0+0 (secure 0 0 0) 0x7f4a780107b0 con 0x7f4a88076ba0
2024-03-12T03:27:17.380 INFO:teuthology.orchestra.run.smithi060.stdout:/usr/bin/ceph: stderr
2024-03-12T03:27:16.511+0000 7f4a6ffff700 1 -- 172.21.15.60:0/2906999698 <== mon.0 v2:172.21.15.60:3300/0 2 ==== config(27 keys) v1 ==== 1109+0+0 (secure 0 0 0) 0x7f4a78010de0 con 0x7f4a88076ba0
2024-03-12T03:27:17.380 INFO:teuthology.orchestra.run.smithi060.stdout:/usr/bin/ceph: stderr
2024-03-12T03:27:16.511+0000 7f4a8db97700 1 -- 172.21.15.60:0/2906999698 --> [v2:172.21.15.60:3300/0,v1:172.21.15.60:6789/0] -- mon_subscribe({mgrmap=0+}) v3 -- 0x7f4a88112000 con 0x7f4a88076ba0
2024-03-12T03:27:17.380 INFO:teuthology.orchestra.run.smithi060.stdout:/usr/bin/ceph: stderr
2024-03-12T03:27:16.511+0000 7f4a6ffff700 1 -- 172.21.15.60:0/2906999698 <== mon.0 v2:172.21.15.60:3300/0 3 ==== mon_map magic: 0 v1 ==== 229+0+0 (secure 0 0 0) 0x7f4a7801ae80 con 0x7f4a88076ba0
2024-03-12T03:27:17.380 INFO:teuthology.orchestra.run.smithi060.stdout:/usr/bin/ceph: stderr
2024-03-12T03:27:16.511+0000 7f4a8db97700 1 -- 172.21.15.60:0/2906999698 --> [v2:172.21.15.60:3300/0,v1:172.21.15.60:6789/0] -- mon_subscribe({osdmap=0}) v3 -- 0x7f4a88112ca0 con 0x7f4a88076ba0
2024-03-12T03:27:17.380 INFO:teuthology.orchestra.run.smithi060.stdout:/usr/bin/ceph: stderr
2024-03-12T03:27:16.512+0000 7f4a6ffff700 1 -- 172.21.15.60:0/2906999698 <== mon.0 v2:172.21.15.60:3300/0 4 ==== mgrmap(e 13) v1 ==== 43424+0+0 (secure 0 0 0) 0x7f4a7802d3f0 con 0x7f4a88076ba0
2024-03-12T03:27:17.380 INFO:teuthology.orchestra.run.smithi060.stdout:/usr/bin/ceph: stderr
2024-03-12T03:27:16.512+0000 7f4a8db97700 1 -- 172.21.15.60:0/2906999698 --> [v2:172.21.15.60:3300/0,v1:172.21.15.60:6789/0] -- mon_command({"prefix": "get_command_descriptions"} v 0) v1 -- 0x7f4a8805f5c0 con 0x7f4a88076ba0
2024-03-12T03:27:17.380 INFO:teuthology.orchestra.run.smithi060.stdout:/usr/bin/ceph: stderr
2024-03-12T03:27:16.512+0000 7f4a6ffff700 1 --2- 172.21.15.60:0/2906999698 >> [v2:172.21.15.60:6800/4177665805,v1:172.21.15.60:6801/4177665805] conn(0x7f4a70036960 0x7f4a70038e10 unknown :-1 s=NONE pgs=0 cs=0 l=1 rev1=0 crypto rx=0 tx=0 comp rx=0 tx=0).connect
2024-03-12T03:27:17.380 INFO:teuthology.orchestra.run.smithi060.stdout:/usr/bin/ceph: stderr
2024-03-12T03:27:16.512+0000 7f4a6ffff700 1 -- 172.21.15.60:0/2906999698 <== mon.0 v2:172.21.15.60:3300/0 5 ==== osd_map(3..3 src has 1..3) v4 ==== 1151+0+0 (secure 0 0 0) 0x7f4a7804a650 con 0x7f4a88076ba0
2024-03-12T03:27:17.380 INFO:teuthology.orchestra.run.smithi060.stdout:/usr/bin/ceph: stderr
2024-03-12T03:27:16.512+0000 7f4a86ffd700 1 --2- 172.21.15.60:0/2906999698 >> [v2:172.21.15.60:6800/4177665805,v1:172.21.15.60:6801/4177665805] conn(0x7f4a70036960 0x7f4a70038e10 unknown :-1 s=BANNER_CONNECTING pgs=0 cs=0 l=1 rev1=0 crypto rx=0 tx=0 comp rx=0 tx=0)._handle_peer_banner_payload supported=3 required=0
2024-03-12T03:27:17.380 INFO:teuthology.orchestra.run.smithi060.stdout:/usr/bin/ceph: stderr
2024-03-12T03:27:16.513+0000 7f4a86ffd700 1 --2- 172.21.15.60:0/2906999698 >> [v2:172.21.15.60:6800/4177665805,v1:172.21.15.60:6801/4177665805] conn(0x7f4a70036960 0x7f4a70038e10 secure :-1 s=READY pgs=11 cs=0 l=1 rev1=1 crypto rx=0x7f4a7c009990 tx=0x7f4a7c006e40 comp rx=0 tx=0).ready entity=mgr.14162 client_cookie=0 server_cookie=0 in_seq=0 out_seq=0
2024-03-12T03:27:17.380 INFO:teuthology.orchestra.run.smithi060.stdout:/usr/bin/ceph: stderr
2024-03-12T03:27:16.517+0000 7f4a6ffff700 1 -- 172.21.15.60:0/2906999698 <== mon.0 v2:172.21.15.60:3300/0 6 ==== mon_command_ack([{"prefix": "get_command_descriptions"}]=0 v0) v1 ==== 72+0+175366 (secure 0 0 0) 0x7f4a78018ca0 con 0x7f4a88076ba0
2024-03-12T03:27:17.381 INFO:teuthology.orchestra.run.smithi060.stdout:/usr/bin/ceph: stderr
2024-03-12T03:27:16.817+0000 7f4a8db97700 1 -- 172.21.15.60:0/2906999698 --> [v2:172.21.15.60:3300/0,v1:172.21.15.60:6789/0] -- mon_command([{prefix=config-key set, key=mgr/dashboard/cluster/status}] v 0) v1 -- 0x7f4a8804bed0 con 0x7f4a88076ba0
2024-03-12T03:27:17.381 INFO:teuthology.orchestra.run.smithi060.stdout:/usr/bin/ceph: stderr
2024-03-12T03:27:16.819+0000 7f4a6ffff700 1 -- 172.21.15.60:0/2906999698 <== mon.0 v2:172.21.15.60:3300/0 7 ==== mon_command_ack([{prefix=config-key set, key=mgr/dashboard/cluster/status}]=0 set mgr/dashboard/cluster/status v33)=0 set mgr/dashboard/cluster/status v33) v1 ==== 153+0+0 (secure 0 0 0) 0x7f4a78018ca0 con 0x7f4a88076ba0
2024-03-12T03:27:17.381 INFO:teuthology.orchestra.run.smithi060.stdout:/usr/bin/ceph: stderr
2024-03-12T03:27:16.821+0000 7f4a8db97700 1 -- 172.21.15.60:0/2906999698 >> [v2:172.21.15.60:6800/4177665805,v1:172.21.15.60:6801/4177665805] conn(0x7f4a70036960 msgr2=0x7f4a70038e10 secure :-1 s=STATE_CONNECTION_ESTABLISHED l=1).mark_down
2024-03-12T03:27:17.381 INFO:teuthology.orchestra.run.smithi060.stdout:/usr/bin/ceph: stderr
2024-03-12T03:27:16.821+0000 7f4a8db97700 1 --2- 172.21.15.60:0/2906999698 >> [v2:172.21.15.60:6800/4177665805,v1:172.21.15.60:6801/4177665805] conn(0x7f4a70036960 0x7f4a70038e10 secure :-1 s=READY pgs=11 cs=0 l=1 rev1=1 crypto rx=0x7f4a7c009990 tx=0x7f4a7c006e40 comp rx=0 tx=0).stop
2024-03-12T03:27:17.381 INFO:teuthology.orchestra.run.smithi060.stdout:/usr/bin/ceph: stderr
2024-03-12T03:27:16.821+0000 7f4a8db97700 1 -- 172.21.15.60:0/2906999698 >> [v2:172.21.15.60:3300/0,v1:172.21.15.60:6789/0] conn(0x7f4a88076ba0 msgr2=0x7f4a881118c0 secure :-1 s=STATE_CONNECTION_ESTABLISHED l=1).mark_down
2024-03-12T03:27:17.381 INFO:teuthology.orchestra.run.smithi060.stdout:/usr/bin/ceph: stderr
2024-03-12T03:27:16.821+0000 7f4a8db97700 1 --2- 172.21.15.60:0/2906999698 >> [v2:172.21.15.60:3300/0,v1:172.21.15.60:6789/0] conn(0x7f4a88076ba0 0x7f4a881118c0 secure :-1 s=READY pgs=89 cs=0 l=1 rev1=1 crypto rx=0x7f4a780094c0 tx=0x7f4a78009250 comp rx=0 tx=0).stop
2024-03-12T03:27:17.381 INFO:teuthology.orchestra.run.smithi060.stdout:/usr/bin/ceph: stderr
2024-03-12T03:27:16.821+0000 7f4a8db97700 1 -- 172.21.15.60:0/2906999698 shutdown_connections
2024-03-12T03:27:17.381 INFO:teuthology.orchestra.run.smithi060.stdout:/usr/bin/ceph: stderr
2024-03-12T03:27:16.821+0000 7f4a8db97700 1 --2- 172.21.15.60:0/2906999698 >> [v2:172.21.15.60:6800/4177665805,v1:172.21.15.60:6801/4177665805] conn(0x7f4a70036960 0x7f4a70038e10 unknown :-1 s=CLOSED pgs=11 cs=0 l=1 rev1=1 crypto rx=0 tx=0 comp rx=0 tx=0).stop
2024-03-12T03:27:17.381 INFO:teuthology.orchestra.run.smithi060.stdout:/usr/bin/ceph: stderr
2024-03-12T03:27:16.821+0000 7f4a8db97700 1 --2- 172.21.15.60:0/2906999698 >> [v2:172.21.15.60:3300/0,v1:172.21.15.60:6789/0] conn(0x7f4a88076ba0 0x7f4a881118c0 unknown :-1 s=CLOSED pgs=89 cs=0 l=1 rev1=1 crypto rx=0 tx=0 comp rx=0 tx=0).stop
2024-03-12T03:27:17.381 INFO:teuthology.orchestra.run.smithi060.stdout:/usr/bin/ceph: stderr
2024-03-12T03:27:16.821+0000 7f4a8db97700 1 -- 172.21.15.60:0/2906999698 >> 172.21.15.60:0/2906999698 conn(0x7f4a880fcdd0 msgr2=0x7f4a880fddb0 unknown :-1 s=STATE_NONE l=0).mark_down
2024-03-12T03:27:17.381 INFO:teuthology.orchestra.run.smithi060.stdout:/usr/bin/ceph: stderr
2024-03-12T03:27:16.821+0000 7f4a8db97700 1 -- 172.21.15.60:0/2906999698 shutdown_connections
2024-03-12T03:27:17.381 INFO:teuthology.orchestra.run.smithi060.stdout:/usr/bin/ceph: stderr
2024-03-12T03:27:16.821+0000 7f4a8db97700 1 -- 172.21.15.60:0/2906999698 wait complete.
2024-03-12T03:27:17.381 INFO:teuthology.orchestra.run.smithi060.stdout:/usr/bin/ceph: stderr set mgr/dashboard/cluster/status
2024-03-12T03:27:17.381 INFO:teuthology.orchestra.run.smithi060.stdout:You can access the Ceph CLI as following in case of multi-cluster or non-default config:
2024-03-12T03:27:17.382 INFO:teuthology.orchestra.run.smithi060.stdout:
2024-03-12T03:27:17.382 INFO:teuthology.orchestra.run.smithi060.stdout: sudo /home/ubuntu/cephtest/cephadm shell --fsid 27b24ae0-e020-11ee-95c8-87774f69a715 -c /etc/ceph/ceph.conf -k /etc/ceph/ceph.client.admin.keyring
2024-03-12T03:27:17.382 INFO:teuthology.orchestra.run.smithi060.stdout:
2024-03-12T03:27:17.382 INFO:teuthology.orchestra.run.smithi060.stdout:Or, if you are only running a single cluster on this host:
2024-03-12T03:27:17.382 INFO:teuthology.orchestra.run.smithi060.stdout:
2024-03-12T03:27:17.382 INFO:teuthology.orchestra.run.smithi060.stdout: sudo /home/ubuntu/cephtest/cephadm shell
2024-03-12T03:27:17.382 INFO:teuthology.orchestra.run.smithi060.stdout:
2024-03-12T03:27:17.382 INFO:teuthology.orchestra.run.smithi060.stdout:Please consider enabling telemetry to help improve Ceph:
2024-03-12T03:27:17.382 INFO:teuthology.orchestra.run.smithi060.stdout:
2024-03-12T03:27:17.382 INFO:teuthology.orchestra.run.smithi060.stdout: ceph telemetry on
2024-03-12T03:27:17.382 INFO:teuthology.orchestra.run.smithi060.stdout:
2024-03-12T03:27:17.382 INFO:teuthology.orchestra.run.smithi060.stdout:For more information see:
2024-03-12T03:27:17.382 INFO:teuthology.orchestra.run.smithi060.stdout:
2024-03-12T03:27:17.382 INFO:teuthology.orchestra.run.smithi060.stdout: https://docs.ceph.com/docs/master/mgr/telemetry/
2024-03-12T03:27:17.383 INFO:teuthology.orchestra.run.smithi060.stdout:
2024-03-12T03:27:17.383 INFO:teuthology.orchestra.run.smithi060.stdout:Bootstrap complete.
2024-03-12T03:27:17.413 INFO:tasks.cephadm:Fetching config...
2024-03-12T03:27:17.413 DEBUG:teuthology.orchestra.run.smithi060:> set -ex
2024-03-12T03:27:17.413 DEBUG:teuthology.orchestra.run.smithi060:> dd if=/etc/ceph/ceph.conf of=/dev/stdout
2024-03-12T03:27:17.469 INFO:tasks.cephadm:Fetching client.admin keyring...
2024-03-12T03:27:17.469 DEBUG:teuthology.orchestra.run.smithi060:> set -ex
2024-03-12T03:27:17.469 DEBUG:teuthology.orchestra.run.smithi060:> dd if=/etc/ceph/ceph.client.admin.keyring of=/dev/stdout
2024-03-12T03:27:17.524 INFO:tasks.cephadm:Fetching mon keyring...
2024-03-12T03:27:17.524 DEBUG:teuthology.orchestra.run.smithi060:> set -ex
2024-03-12T03:27:17.524 DEBUG:teuthology.orchestra.run.smithi060:> sudo dd if=/var/lib/ceph/27b24ae0-e020-11ee-95c8-87774f69a715/mon.smithi060/keyring of=/dev/stdout
2024-03-12T03:27:17.591 INFO:tasks.cephadm:Fetching pub ssh key...
2024-03-12T03:27:17.591 DEBUG:teuthology.orchestra.run.smithi060:> set -ex
2024-03-12T03:27:17.591 DEBUG:teuthology.orchestra.run.smithi060:> dd if=/home/ubuntu/cephtest/ceph.pub of=/dev/stdout
2024-03-12T03:27:17.645 INFO:tasks.cephadm:Installing pub ssh key for root users...
2024-03-12T03:27:17.646 DEBUG:teuthology.orchestra.run.smithi060:> sudo install -d -m 0700 /root/.ssh && echo 'ssh-rsa AAAAB3NzaC1yc2EAAAADAQABAAABgQC32c3EHH2aeqPMPIzImmJk9gcu2CuD5FM8+j4k4hnzACJmRK3Wso67UT3BwPVF3HSLuz3a29rGLVhVHZkApEGmlDKUwvt0KcRkvmTkErg5JwVNwoHLXO4e67V7PJ3ATh3LdEuyPdcUg7TsY0hR4lzUTXoF0lAaNcxFTfNEBb7Bh2IvMVqJYlsA5PqViRBQB3fHDFQDnAPmsQ9p6ABoZd0dLO5KwsglTR0DCyXq9/VbUIT3BeUM7COOgoBt+goUY4RWsj/oaqqAbRgyNVn358Fd+ZoIxbYa/YMBisbSipVyZFzZBJUNuRPfU5F9oexj8OjArT1DyopPpjzJvwEdJWZ8hjf6Q+qhUwzJxUoMeR0C2liY4mB428iZz3FxxQ6GyYKZsqSzfT5KgGFX99VXNWmJEP4ppb+L5OBdXqCdWZdYetr1UjLwUMlJn03xa+tmlb/34drtyYYNeEpY4aO/BeO+cDNZ+/pqSlmUMCulHyL2+4vFpcms7GwX0+vN67TyitU= ceph-27b24ae0-e020-11ee-95c8-87774f69a715' | sudo tee -a /root/.ssh/authorized_keys && sudo chmod 0600 /root/.ssh/authorized_keys
2024-03-12T03:27:17.725 INFO:teuthology.orchestra.run.smithi060.stdout:ssh-rsa AAAAB3NzaC1yc2EAAAADAQABAAABgQC32c3EHH2aeqPMPIzImmJk9gcu2CuD5FM8+j4k4hnzACJmRK3Wso67UT3BwPVF3HSLuz3a29rGLVhVHZkApEGmlDKUwvt0KcRkvmTkErg5JwVNwoHLXO4e67V7PJ3ATh3LdEuyPdcUg7TsY0hR4lzUTXoF0lAaNcxFTfNEBb7Bh2IvMVqJYlsA5PqViRBQB3fHDFQDnAPmsQ9p6ABoZd0dLO5KwsglTR0DCyXq9/VbUIT3BeUM7COOgoBt+goUY4RWsj/oaqqAbRgyNVn358Fd+ZoIxbYa/YMBisbSipVyZFzZBJUNuRPfU5F9oexj8OjArT1DyopPpjzJvwEdJWZ8hjf6Q+qhUwzJxUoMeR0C2liY4mB428iZz3FxxQ6GyYKZsqSzfT5KgGFX99VXNWmJEP4ppb+L5OBdXqCdWZdYetr1UjLwUMlJn03xa+tmlb/34drtyYYNeEpY4aO/BeO+cDNZ+/pqSlmUMCulHyL2+4vFpcms7GwX0+vN67TyitU= ceph-27b24ae0-e020-11ee-95c8-87774f69a715
2024-03-12T03:27:17.739 DEBUG:teuthology.orchestra.run.smithi086:> sudo install -d -m 0700 /root/.ssh && echo 'ssh-rsa AAAAB3NzaC1yc2EAAAADAQABAAABgQC32c3EHH2aeqPMPIzImmJk9gcu2CuD5FM8+j4k4hnzACJmRK3Wso67UT3BwPVF3HSLuz3a29rGLVhVHZkApEGmlDKUwvt0KcRkvmTkErg5JwVNwoHLXO4e67V7PJ3ATh3LdEuyPdcUg7TsY0hR4lzUTXoF0lAaNcxFTfNEBb7Bh2IvMVqJYlsA5PqViRBQB3fHDFQDnAPmsQ9p6ABoZd0dLO5KwsglTR0DCyXq9/VbUIT3BeUM7COOgoBt+goUY4RWsj/oaqqAbRgyNVn358Fd+ZoIxbYa/YMBisbSipVyZFzZBJUNuRPfU5F9oexj8OjArT1DyopPpjzJvwEdJWZ8hjf6Q+qhUwzJxUoMeR0C2liY4mB428iZz3FxxQ6GyYKZsqSzfT5KgGFX99VXNWmJEP4ppb+L5OBdXqCdWZdYetr1UjLwUMlJn03xa+tmlb/34drtyYYNeEpY4aO/BeO+cDNZ+/pqSlmUMCulHyL2+4vFpcms7GwX0+vN67TyitU= ceph-27b24ae0-e020-11ee-95c8-87774f69a715' | sudo tee -a /root/.ssh/authorized_keys && sudo chmod 0600 /root/.ssh/authorized_keys
2024-03-12T03:27:17.783 INFO:teuthology.orchestra.run.smithi086.stdout:ssh-rsa AAAAB3NzaC1yc2EAAAADAQABAAABgQC32c3EHH2aeqPMPIzImmJk9gcu2CuD5FM8+j4k4hnzACJmRK3Wso67UT3BwPVF3HSLuz3a29rGLVhVHZkApEGmlDKUwvt0KcRkvmTkErg5JwVNwoHLXO4e67V7PJ3ATh3LdEuyPdcUg7TsY0hR4lzUTXoF0lAaNcxFTfNEBb7Bh2IvMVqJYlsA5PqViRBQB3fHDFQDnAPmsQ9p6ABoZd0dLO5KwsglTR0DCyXq9/VbUIT3BeUM7COOgoBt+goUY4RWsj/oaqqAbRgyNVn358Fd+ZoIxbYa/YMBisbSipVyZFzZBJUNuRPfU5F9oexj8OjArT1DyopPpjzJvwEdJWZ8hjf6Q+qhUwzJxUoMeR0C2liY4mB428iZz3FxxQ6GyYKZsqSzfT5KgGFX99VXNWmJEP4ppb+L5OBdXqCdWZdYetr1UjLwUMlJn03xa+tmlb/34drtyYYNeEpY4aO/BeO+cDNZ+/pqSlmUMCulHyL2+4vFpcms7GwX0+vN67TyitU= ceph-27b24ae0-e020-11ee-95c8-87774f69a715
2024-03-12T03:27:17.799 DEBUG:teuthology.orchestra.run.smithi060:> sudo /home/ubuntu/cephtest/cephadm --image quay.ceph.io/ceph-ci/ceph:quincy shell -c /etc/ceph/ceph.conf -k /etc/ceph/ceph.client.admin.keyring --fsid 27b24ae0-e020-11ee-95c8-87774f69a715 -- ceph config set mgr mgr/cephadm/allow_ptrace true
2024-03-12T03:27:18.050 INFO:teuthology.orchestra.run.smithi060.stderr:Inferring config /var/lib/ceph/27b24ae0-e020-11ee-95c8-87774f69a715/mon.smithi060/config
2024-03-12T03:27:18.161 INFO:journalctl@ceph.mon.smithi060.smithi060.stdout:Mar 12 03:27:17 smithi060 ceph-mon[28926]: from='client.? 172.21.15.60:0/2906999698' entity='client.admin'
2024-03-12T03:27:19.754 INFO:teuthology.orchestra.run.smithi060.stderr:2024-03-12T03:27:19.750+0000 7f289a455700 1 -- 172.21.15.60:0/3093105186 >> [v2:172.21.15.60:3300/0,v1:172.21.15.60:6789/0] conn(0x7f28940fbac0 msgr2=0x7f28940fbed0 secure :-1 s=STATE_CONNECTION_ESTABLISHED l=1).mark_down
2024-03-12T03:27:19.754 INFO:teuthology.orchestra.run.smithi060.stderr:2024-03-12T03:27:19.750+0000 7f289a455700 1 --2- 172.21.15.60:0/3093105186 >> [v2:172.21.15.60:3300/0,v1:172.21.15.60:6789/0] conn(0x7f28940fbac0 0x7f28940fbed0 secure :-1 s=READY pgs=90 cs=0 l=1 rev1=1 crypto rx=0x7f28840048c0 tx=0x7f2884009e30 comp rx=0 tx=0).stop
2024-03-12T03:27:19.754 INFO:teuthology.orchestra.run.smithi060.stderr:2024-03-12T03:27:19.750+0000 7f289a455700 1 -- 172.21.15.60:0/3093105186 shutdown_connections
2024-03-12T03:27:19.754 INFO:teuthology.orchestra.run.smithi060.stderr:2024-03-12T03:27:19.750+0000 7f289a455700 1 --2- 172.21.15.60:0/3093105186 >> [v2:172.21.15.60:3300/0,v1:172.21.15.60:6789/0] conn(0x7f28940fbac0 0x7f28940fbed0 unknown :-1 s=CLOSED pgs=90 cs=0 l=1 rev1=1 crypto rx=0 tx=0 comp rx=0 tx=0).stop
2024-03-12T03:27:19.754 INFO:teuthology.orchestra.run.smithi060.stderr:2024-03-12T03:27:19.750+0000 7f289a455700 1 -- 172.21.15.60:0/3093105186 >> 172.21.15.60:0/3093105186 conn(0x7f28940f71a0 msgr2=0x7f28940f95b0 unknown :-1 s=STATE_NONE l=0).mark_down
2024-03-12T03:27:19.755 INFO:teuthology.orchestra.run.smithi060.stderr:2024-03-12T03:27:19.750+0000 7f289a455700 1 -- 172.21.15.60:0/3093105186 shutdown_connections
2024-03-12T03:27:19.755 INFO:teuthology.orchestra.run.smithi060.stderr:2024-03-12T03:27:19.750+0000 7f289a455700 1 -- 172.21.15.60:0/3093105186 wait complete.
2024-03-12T03:27:19.755 INFO:teuthology.orchestra.run.smithi060.stderr:2024-03-12T03:27:19.750+0000 7f289a455700 1 Processor -- start
2024-03-12T03:27:19.755 INFO:teuthology.orchestra.run.smithi060.stderr:2024-03-12T03:27:19.750+0000 7f289a455700 1 -- start start
2024-03-12T03:27:19.755 INFO:teuthology.orchestra.run.smithi060.stderr:2024-03-12T03:27:19.750+0000 7f289a455700 1 --2- >> [v2:172.21.15.60:3300/0,v1:172.21.15.60:6789/0] conn(0x7f28940fbac0 0x7f289410fbe0 unknown :-1 s=NONE pgs=0 cs=0 l=1 rev1=0 crypto rx=0 tx=0 comp rx=0 tx=0).connect
2024-03-12T03:27:19.755 INFO:teuthology.orchestra.run.smithi060.stderr:2024-03-12T03:27:19.751+0000 7f289a455700 1 -- --> [v2:172.21.15.60:3300/0,v1:172.21.15.60:6789/0] -- mon_getmap magic: 0 v1 -- 0x7f2894066810 con 0x7f28940fbac0
2024-03-12T03:27:19.755 INFO:teuthology.orchestra.run.smithi060.stderr:2024-03-12T03:27:19.751+0000 7f2893fff700 1 --2- >> [v2:172.21.15.60:3300/0,v1:172.21.15.60:6789/0] conn(0x7f28940fbac0 0x7f289410fbe0 unknown :-1 s=BANNER_CONNECTING pgs=0 cs=0 l=1 rev1=0 crypto rx=0 tx=0 comp rx=0 tx=0)._handle_peer_banner_payload supported=3 required=0
2024-03-12T03:27:19.755 INFO:teuthology.orchestra.run.smithi060.stderr:2024-03-12T03:27:19.751+0000 7f2893fff700 1 --2- >> [v2:172.21.15.60:3300/0,v1:172.21.15.60:6789/0] conn(0x7f28940fbac0 0x7f289410fbe0 unknown :-1 s=HELLO_CONNECTING pgs=0 cs=0 l=1 rev1=1 crypto rx=0 tx=0 comp rx=0 tx=0).handle_hello peer v2:172.21.15.60:3300/0 says I am v2:172.21.15.60:37210/0 (socket says 172.21.15.60:37210)
2024-03-12T03:27:19.755 INFO:teuthology.orchestra.run.smithi060.stderr:2024-03-12T03:27:19.751+0000 7f2893fff700 1 -- 172.21.15.60:0/727996180 learned_addr learned my addr 172.21.15.60:0/727996180 (peer_addr_for_me v2:172.21.15.60:0/0)
2024-03-12T03:27:19.755 INFO:teuthology.orchestra.run.smithi060.stderr:2024-03-12T03:27:19.751+0000 7f2893fff700 1 -- 172.21.15.60:0/727996180 --> [v2:172.21.15.60:3300/0,v1:172.21.15.60:6789/0] -- mon_subscribe({config=0+,monmap=0+}) v3 -- 0x7f2884005040 con 0x7f28940fbac0
2024-03-12T03:27:19.755 INFO:teuthology.orchestra.run.smithi060.stderr:2024-03-12T03:27:19.751+0000 7f2893fff700 1 --2- 172.21.15.60:0/727996180 >> [v2:172.21.15.60:3300/0,v1:172.21.15.60:6789/0] conn(0x7f28940fbac0 0x7f289410fbe0 secure :-1 s=READY pgs=91 cs=0 l=1 rev1=1 crypto rx=0x7f2884009680 tx=0x7f2884009e30 comp rx=0 tx=0).ready entity=mon.0 client_cookie=0 server_cookie=0 in_seq=0 out_seq=0
2024-03-12T03:27:19.755 INFO:teuthology.orchestra.run.smithi060.stderr:2024-03-12T03:27:19.751+0000 7f2890ff9700 1 -- 172.21.15.60:0/727996180 <== mon.0 v2:172.21.15.60:3300/0 1 ==== mon_map magic: 0 v1 ==== 229+0+0 (secure 0 0 0) 0x7f288400bed0 con 0x7f28940fbac0
2024-03-12T03:27:19.755 INFO:teuthology.orchestra.run.smithi060.stderr:2024-03-12T03:27:19.751+0000 7f2890ff9700 1 -- 172.21.15.60:0/727996180 <== mon.0 v2:172.21.15.60:3300/0 2 ==== config(27 keys) v1 ==== 1109+0+0 (secure 0 0 0) 0x7f288400b5c0 con 0x7f28940fbac0
2024-03-12T03:27:19.755 INFO:teuthology.orchestra.run.smithi060.stderr:2024-03-12T03:27:19.751+0000 7f2890ff9700 1 -- 172.21.15.60:0/727996180 <== mon.0 v2:172.21.15.60:3300/0 3 ==== mon_map magic: 0 v1 ==== 229+0+0 (secure 0 0 0) 0x7f288401c5b0 con 0x7f28940fbac0
2024-03-12T03:27:19.755 INFO:teuthology.orchestra.run.smithi060.stderr:2024-03-12T03:27:19.751+0000 7f289a455700 1 -- 172.21.15.60:0/727996180 --> [v2:172.21.15.60:3300/0,v1:172.21.15.60:6789/0] -- mon_subscribe({mgrmap=0+}) v3 -- 0x7f2894066a10 con 0x7f28940fbac0
2024-03-12T03:27:19.756 INFO:teuthology.orchestra.run.smithi060.stderr:2024-03-12T03:27:19.751+0000 7f289a455700 1 -- 172.21.15.60:0/727996180 --> [v2:172.21.15.60:3300/0,v1:172.21.15.60:6789/0] -- mon_subscribe({osdmap=0}) v3 -- 0x7f2894110360 con 0x7f28940fbac0
2024-03-12T03:27:19.756 INFO:teuthology.orchestra.run.smithi060.stderr:2024-03-12T03:27:19.752+0000 7f2890ff9700 1 -- 172.21.15.60:0/727996180 <== mon.0 v2:172.21.15.60:3300/0 4 ==== mgrmap(e 13) v1 ==== 43424+0+0 (secure 0 0 0) 0x7f2884013420 con 0x7f28940fbac0
2024-03-12T03:27:19.756 INFO:teuthology.orchestra.run.smithi060.stderr:2024-03-12T03:27:19.752+0000 7f289a455700 1 -- 172.21.15.60:0/727996180 --> [v2:172.21.15.60:3300/0,v1:172.21.15.60:6789/0] -- mon_command({"prefix": "get_command_descriptions"} v 0) v1 -- 0x7f2894105890 con 0x7f28940fbac0
2024-03-12T03:27:19.756 INFO:teuthology.orchestra.run.smithi060.stderr:2024-03-12T03:27:19.752+0000 7f2890ff9700 1 --2- 172.21.15.60:0/727996180 >> [v2:172.21.15.60:6800/4177665805,v1:172.21.15.60:6801/4177665805] conn(0x7f287c036870 0x7f287c038d20 unknown :-1 s=NONE pgs=0 cs=0 l=1 rev1=0 crypto rx=0 tx=0 comp rx=0 tx=0).connect
2024-03-12T03:27:19.756 INFO:teuthology.orchestra.run.smithi060.stderr:2024-03-12T03:27:19.752+0000 7f2890ff9700 1 -- 172.21.15.60:0/727996180 <== mon.0 v2:172.21.15.60:3300/0 5 ==== osd_map(3..3 src has 1..3) v4 ==== 1151+0+0 (secure 0 0 0) 0x7f2884049b80 con 0x7f28940fbac0
2024-03-12T03:27:19.757 INFO:teuthology.orchestra.run.smithi060.stderr:2024-03-12T03:27:19.752+0000 7f28937fe700 1 --2- 172.21.15.60:0/727996180 >> [v2:172.21.15.60:6800/4177665805,v1:172.21.15.60:6801/4177665805] conn(0x7f287c036870 0x7f287c038d20 unknown :-1 s=BANNER_CONNECTING pgs=0 cs=0 l=1 rev1=0 crypto rx=0 tx=0 comp rx=0 tx=0)._handle_peer_banner_payload supported=3 required=0
2024-03-12T03:27:19.757 INFO:teuthology.orchestra.run.smithi060.stderr:2024-03-12T03:27:19.753+0000 7f28937fe700 1 --2- 172.21.15.60:0/727996180 >> [v2:172.21.15.60:6800/4177665805,v1:172.21.15.60:6801/4177665805] conn(0x7f287c036870 0x7f287c038d20 secure :-1 s=READY pgs=12 cs=0 l=1 rev1=1 crypto rx=0x7f2888009990 tx=0x7f2888006e40 comp rx=0 tx=0).ready entity=mgr.14162 client_cookie=0 server_cookie=0 in_seq=0 out_seq=0
2024-03-12T03:27:19.760 INFO:teuthology.orchestra.run.smithi060.stderr:2024-03-12T03:27:19.757+0000 7f2890ff9700 1 -- 172.21.15.60:0/727996180 <== mon.0 v2:172.21.15.60:3300/0 6 ==== mon_command_ack([{"prefix": "get_command_descriptions"}]=0 v0) v1 ==== 72+0+175366 (secure 0 0 0) 0x7f2884025400 con 0x7f28940fbac0
2024-03-12T03:27:19.950 INFO:teuthology.orchestra.run.smithi060.stderr:2024-03-12T03:27:19.948+0000 7f289a455700 1 -- 172.21.15.60:0/727996180 --> [v2:172.21.15.60:3300/0,v1:172.21.15.60:6789/0] -- mon_command([{prefix=config set, name=mgr/cephadm/allow_ptrace}] v 0) v1 -- 0x7f289404bed0 con 0x7f28940fbac0
2024-03-12T03:27:19.953 INFO:teuthology.orchestra.run.smithi060.stderr:2024-03-12T03:27:19.951+0000 7f2890ff9700 1 -- 172.21.15.60:0/727996180 <== mon.0 v2:172.21.15.60:3300/0 7 ==== mon_command_ack([{prefix=config set, name=mgr/cephadm/allow_ptrace}]=0 v9)=0 v9) v1 ==== 125+0+0 (secure 0 0 0) 0x7f2884011370 con 0x7f28940fbac0
2024-03-12T03:27:19.956 INFO:teuthology.orchestra.run.smithi060.stderr:2024-03-12T03:27:19.953+0000 7f289a455700 1 -- 172.21.15.60:0/727996180 >> [v2:172.21.15.60:6800/4177665805,v1:172.21.15.60:6801/4177665805] conn(0x7f287c036870 msgr2=0x7f287c038d20 secure :-1 s=STATE_CONNECTION_ESTABLISHED l=1).mark_down
2024-03-12T03:27:19.956 INFO:teuthology.orchestra.run.smithi060.stderr:2024-03-12T03:27:19.953+0000 7f289a455700 1 --2- 172.21.15.60:0/727996180 >> [v2:172.21.15.60:6800/4177665805,v1:172.21.15.60:6801/4177665805] conn(0x7f287c036870 0x7f287c038d20 secure :-1 s=READY pgs=12 cs=0 l=1 rev1=1 crypto rx=0x7f2888009990 tx=0x7f2888006e40 comp rx=0 tx=0).stop
2024-03-12T03:27:19.956 INFO:teuthology.orchestra.run.smithi060.stderr:2024-03-12T03:27:19.953+0000 7f289a455700 1 -- 172.21.15.60:0/727996180 >> [v2:172.21.15.60:3300/0,v1:172.21.15.60:6789/0] conn(0x7f28940fbac0 msgr2=0x7f289410fbe0 secure :-1 s=STATE_CONNECTION_ESTABLISHED l=1).mark_down
2024-03-12T03:27:19.956 INFO:teuthology.orchestra.run.smithi060.stderr:2024-03-12T03:27:19.953+0000 7f289a455700 1 --2- 172.21.15.60:0/727996180 >> [v2:172.21.15.60:3300/0,v1:172.21.15.60:6789/0] conn(0x7f28940fbac0 0x7f289410fbe0 secure :-1 s=READY pgs=91 cs=0 l=1 rev1=1 crypto rx=0x7f2884009680 tx=0x7f2884009e30 comp rx=0 tx=0).stop
2024-03-12T03:27:19.956 INFO:teuthology.orchestra.run.smithi060.stderr:2024-03-12T03:27:19.953+0000 7f289a455700 1 -- 172.21.15.60:0/727996180 shutdown_connections
2024-03-12T03:27:19.956 INFO:teuthology.orchestra.run.smithi060.stderr:2024-03-12T03:27:19.953+0000 7f289a455700 1 --2- 172.21.15.60:0/727996180 >> [v2:172.21.15.60:6800/4177665805,v1:172.21.15.60:6801/4177665805] conn(0x7f287c036870 0x7f287c038d20 unknown :-1 s=CLOSED pgs=12 cs=0 l=1 rev1=1 crypto rx=0 tx=0 comp rx=0 tx=0).stop
2024-03-12T03:27:19.956 INFO:teuthology.orchestra.run.smithi060.stderr:2024-03-12T03:27:19.953+0000 7f289a455700 1 --2- 172.21.15.60:0/727996180 >> [v2:172.21.15.60:3300/0,v1:172.21.15.60:6789/0] conn(0x7f28940fbac0 0x7f289410fbe0 unknown :-1 s=CLOSED pgs=91 cs=0 l=1 rev1=1 crypto rx=0 tx=0 comp rx=0 tx=0).stop
2024-03-12T03:27:19.956 INFO:teuthology.orchestra.run.smithi060.stderr:2024-03-12T03:27:19.953+0000 7f289a455700 1 -- 172.21.15.60:0/727996180 >> 172.21.15.60:0/727996180 conn(0x7f28940f71a0 msgr2=0x7f28940f7f40 unknown :-1 s=STATE_NONE l=0).mark_down
2024-03-12T03:27:19.956 INFO:teuthology.orchestra.run.smithi060.stderr:2024-03-12T03:27:19.953+0000 7f289a455700 1 -- 172.21.15.60:0/727996180 shutdown_connections
2024-03-12T03:27:19.956 INFO:teuthology.orchestra.run.smithi060.stderr:2024-03-12T03:27:19.953+0000 7f289a455700 1 -- 172.21.15.60:0/727996180 wait complete.
2024-03-12T03:27:21.354 INFO:journalctl@ceph.mon.smithi060.smithi060.stdout:Mar 12 03:27:20 smithi060 ceph-mon[28926]: from='client.? 172.21.15.60:0/727996180' entity='client.admin'
2024-03-12T03:27:21.354 INFO:journalctl@ceph.mon.smithi060.smithi060.stdout:Mar 12 03:27:20 smithi060 ceph-mon[28926]: from='mgr.14162 172.21.15.60:0/1022749693' entity='mgr.smithi060.yeiepj'
2024-03-12T03:27:21.354 INFO:journalctl@ceph.mon.smithi060.smithi060.stdout:Mar 12 03:27:20 smithi060 ceph-mon[28926]: from='mgr.14162 172.21.15.60:0/1022749693' entity='mgr.smithi060.yeiepj'
2024-03-12T03:27:21.354 INFO:journalctl@ceph.mon.smithi060.smithi060.stdout:Mar 12 03:27:20 smithi060 ceph-mon[28926]: from='mgr.14162 172.21.15.60:0/1022749693' entity='mgr.smithi060.yeiepj' cmd=[{"prefix": "config rm", "who": "osd/host:smithi060", "name": "osd_memory_target"}]: dispatch
2024-03-12T03:27:21.354 INFO:journalctl@ceph.mon.smithi060.smithi060.stdout:Mar 12 03:27:20 smithi060 ceph-mon[28926]: from='mgr.14162 172.21.15.60:0/1022749693' entity='mgr.smithi060.yeiepj'
2024-03-12T03:27:21.354 INFO:journalctl@ceph.mon.smithi060.smithi060.stdout:Mar 12 03:27:20 smithi060 ceph-mon[28926]: from='mgr.14162 172.21.15.60:0/1022749693' entity='mgr.smithi060.yeiepj' cmd=[{"prefix": "auth get-or-create", "entity": "client.crash.smithi060", "caps": ["mon", "profile crash", "mgr", "profile crash"]}]: dispatch
2024-03-12T03:27:21.354 INFO:journalctl@ceph.mon.smithi060.smithi060.stdout:Mar 12 03:27:20 smithi060 ceph-mon[28926]: from='mgr.14162 172.21.15.60:0/1022749693' entity='mgr.smithi060.yeiepj' cmd='[{"prefix": "auth get-or-create", "entity": "client.crash.smithi060", "caps": ["mon", "profile crash", "mgr", "profile crash"]}]': finished
2024-03-12T03:27:21.354 INFO:journalctl@ceph.mon.smithi060.smithi060.stdout:Mar 12 03:27:20 smithi060 ceph-mon[28926]: from='mgr.14162 172.21.15.60:0/1022749693' entity='mgr.smithi060.yeiepj' cmd=[{"prefix": "config generate-minimal-conf"}]: dispatch
2024-03-12T03:27:21.354 INFO:journalctl@ceph.mon.smithi060.smithi060.stdout:Mar 12 03:27:20 smithi060 ceph-mon[28926]: Deploying daemon crash.smithi060 on smithi060
2024-03-12T03:27:21.379 INFO:tasks.cephadm:Distributing conf and client.admin keyring to all hosts + 0755
2024-03-12T03:27:21.379 DEBUG:teuthology.orchestra.run.smithi060:> sudo /home/ubuntu/cephtest/cephadm --image quay.ceph.io/ceph-ci/ceph:quincy shell -c /etc/ceph/ceph.conf -k /etc/ceph/ceph.client.admin.keyring --fsid 27b24ae0-e020-11ee-95c8-87774f69a715 -- ceph orch client-keyring set client.admin '*' --mode 0755
2024-03-12T03:27:22.201 INFO:teuthology.orchestra.run.smithi060.stderr:Inferring config /var/lib/ceph/27b24ae0-e020-11ee-95c8-87774f69a715/mon.smithi060/config
2024-03-12T03:27:23.951 INFO:teuthology.orchestra.run.smithi060.stderr:2024-03-12T03:27:23.947+0000 7fda460b8700 1 -- 172.21.15.60:0/1780845872 >> [v2:172.21.15.60:3300/0,v1:172.21.15.60:6789/0] conn(0x7fda400fd700 msgr2=0x7fda400ffae0 secure :-1 s=STATE_CONNECTION_ESTABLISHED l=1).mark_down
2024-03-12T03:27:23.951 INFO:teuthology.orchestra.run.smithi060.stderr:2024-03-12T03:27:23.947+0000 7fda460b8700 1 --2- 172.21.15.60:0/1780845872 >> [v2:172.21.15.60:3300/0,v1:172.21.15.60:6789/0] conn(0x7fda400fd700 0x7fda400ffae0 secure :-1 s=READY pgs=92 cs=0 l=1 rev1=1 crypto rx=0x7fda300048c0 tx=0x7fda30009e30 comp rx=0 tx=0).stop
2024-03-12T03:27:23.951 INFO:teuthology.orchestra.run.smithi060.stderr:2024-03-12T03:27:23.947+0000 7fda460b8700 1 -- 172.21.15.60:0/1780845872 shutdown_connections
2024-03-12T03:27:23.951 INFO:teuthology.orchestra.run.smithi060.stderr:2024-03-12T03:27:23.947+0000 7fda460b8700 1 --2- 172.21.15.60:0/1780845872 >> [v2:172.21.15.60:3300/0,v1:172.21.15.60:6789/0] conn(0x7fda400fd700 0x7fda400ffae0 unknown :-1 s=CLOSED pgs=92 cs=0 l=1 rev1=1 crypto rx=0 tx=0 comp rx=0 tx=0).stop
2024-03-12T03:27:23.951 INFO:teuthology.orchestra.run.smithi060.stderr:2024-03-12T03:27:23.947+0000 7fda460b8700 1 -- 172.21.15.60:0/1780845872 >> 172.21.15.60:0/1780845872 conn(0x7fda400f71a0 msgr2=0x7fda400f95b0 unknown :-1 s=STATE_NONE l=0).mark_down
2024-03-12T03:27:23.951 INFO:teuthology.orchestra.run.smithi060.stderr:2024-03-12T03:27:23.947+0000 7fda460b8700 1 -- 172.21.15.60:0/1780845872 shutdown_connections
2024-03-12T03:27:23.951 INFO:teuthology.orchestra.run.smithi060.stderr:2024-03-12T03:27:23.947+0000 7fda460b8700 1 -- 172.21.15.60:0/1780845872 wait complete.
2024-03-12T03:27:23.952 INFO:teuthology.orchestra.run.smithi060.stderr:2024-03-12T03:27:23.948+0000 7fda460b8700 1 Processor -- start
2024-03-12T03:27:23.952 INFO:teuthology.orchestra.run.smithi060.stderr:2024-03-12T03:27:23.948+0000 7fda460b8700 1 -- start start
