2024-03-12T03:26:48.521 INFO:teuthology.orchestra.run.smithi060.stdout:/usr/bin/ceph: stderr
2024-03-12T03:26:47.757+0000 7f5cb6336700 1 -- 172.21.15.60:0/3870103023 >> [v2:172.21.15.60:6800/1200629758,v1:172.21.15.60:6801/1200629758] conn(0x7f5c980367e0 msgr2=0x7f5c98038c90 secure :-1 s=STATE_CONNECTION_ESTABLISHED l=1).mark_down
2024-03-12T03:26:48.521 INFO:teuthology.orchestra.run.smithi060.stdout:/usr/bin/ceph: stderr
2024-03-12T03:26:47.757+0000 7f5cb6336700 1 --2- 172.21.15.60:0/3870103023 >> [v2:172.21.15.60:6800/1200629758,v1:172.21.15.60:6801/1200629758] conn(0x7f5c980367e0 0x7f5c98038c90 secure :-1 s=READY pgs=12 cs=0 l=1 rev1=1 crypto rx=0x7f5ca4009990 tx=0x7f5ca4006e40 comp rx=0 tx=0).stop
2024-03-12T03:26:48.521 INFO:teuthology.orchestra.run.smithi060.stdout:/usr/bin/ceph: stderr
2024-03-12T03:26:47.758+0000 7f5cb6336700 1 -- 172.21.15.60:0/3870103023 >> [v2:172.21.15.60:3300/0,v1:172.21.15.60:6789/0] conn(0x7f5cb0076c40 msgr2=0x7f5cb0102de0 secure :-1 s=STATE_CONNECTION_ESTABLISHED l=1).mark_down
2024-03-12T03:26:48.521 INFO:teuthology.orchestra.run.smithi060.stdout:/usr/bin/ceph: stderr
2024-03-12T03:26:47.758+0000 7f5cb6336700 1 --2- 172.21.15.60:0/3870103023 >> [v2:172.21.15.60:3300/0,v1:172.21.15.60:6789/0] conn(0x7f5cb0076c40 0x7f5cb0102de0 secure :-1 s=READY pgs=48 cs=0 l=1 rev1=1 crypto rx=0x7f5ca0003080 tx=0x7f5ca0009250 comp rx=0 tx=0).stop
2024-03-12T03:26:48.521 INFO:teuthology.orchestra.run.smithi060.stdout:/usr/bin/ceph: stderr
2024-03-12T03:26:47.758+0000 7f5cb6336700 1 -- 172.21.15.60:0/3870103023 shutdown_connections
2024-03-12T03:26:48.521 INFO:teuthology.orchestra.run.smithi060.stdout:/usr/bin/ceph: stderr
2024-03-12T03:26:47.758+0000 7f5cb6336700 1 --2- 172.21.15.60:0/3870103023 >> [v2:172.21.15.60:6800/1200629758,v1:172.21.15.60:6801/1200629758] conn(0x7f5c980367e0 0x7f5c98038c90 unknown :-1 s=CLOSED pgs=12 cs=0 l=1 rev1=1 crypto rx=0 tx=0 comp rx=0 tx=0).stop
2024-03-12T03:26:48.521 INFO:teuthology.orchestra.run.smithi060.stdout:/usr/bin/ceph: stderr
2024-03-12T03:26:47.758+0000 7f5cb6336700 1 --2- 172.21.15.60:0/3870103023 >> [v2:172.21.15.60:3300/0,v1:172.21.15.60:6789/0] conn(0x7f5cb0076c40 0x7f5cb0102de0 unknown :-1 s=CLOSED pgs=48 cs=0 l=1 rev1=1 crypto rx=0 tx=0 comp rx=0 tx=0).stop
2024-03-12T03:26:48.521 INFO:teuthology.orchestra.run.smithi060.stdout:/usr/bin/ceph: stderr
2024-03-12T03:26:47.758+0000 7f5cb6336700 1 -- 172.21.15.60:0/3870103023 >> 172.21.15.60:0/3870103023 conn(0x7f5cb00fcdd0 msgr2=0x7f5cb00ff0b0 unknown :-1 s=STATE_NONE l=0).mark_down
2024-03-12T03:26:48.521 INFO:teuthology.orchestra.run.smithi060.stdout:/usr/bin/ceph: stderr
2024-03-12T03:26:47.758+0000 7f5cb6336700 1 -- 172.21.15.60:0/3870103023 shutdown_connections
2024-03-12T03:26:48.521 INFO:teuthology.orchestra.run.smithi060.stdout:/usr/bin/ceph: stderr
2024-03-12T03:26:47.758+0000 7f5cb6336700 1 -- 172.21.15.60:0/3870103023 wait complete.
2024-03-12T03:26:48.521 INFO:teuthology.orchestra.run.smithi060.stdout:Deploying mgr service with default placement...
2024-03-12T03:26:48.837 INFO:journalctl@ceph.mon.smithi060.smithi060.stdout:Mar 12 03:26:48 smithi060 ceph-mon[28926]: from='client.14142 -' entity='client.admin' cmd=[{"prefix": "orch apply", "service_type": "mon", "target": ["mon-mgr", ""]}]: dispatch
2024-03-12T03:26:48.837 INFO:journalctl@ceph.mon.smithi060.smithi060.stdout:Mar 12 03:26:48 smithi060 ceph-mon[28926]: Saving service mon spec with placement count:5
2024-03-12T03:26:48.837 INFO:journalctl@ceph.mon.smithi060.smithi060.stdout:Mar 12 03:26:48 smithi060 ceph-mon[28926]: from='mgr.14120 172.21.15.60:0/4139219651' entity='mgr.smithi060.yeiepj'
2024-03-12T03:26:49.767 INFO:teuthology.orchestra.run.smithi060.stdout:/usr/bin/ceph: stdout Scheduled mgr update...
2024-03-12T03:26:49.767 INFO:teuthology.orchestra.run.smithi060.stdout:/usr/bin/ceph: stderr
2024-03-12T03:26:48.941+0000 7f7f06132700 1 Processor -- start
2024-03-12T03:26:49.767 INFO:teuthology.orchestra.run.smithi060.stdout:/usr/bin/ceph: stderr
2024-03-12T03:26:48.941+0000 7f7f06132700 1 -- start start
2024-03-12T03:26:49.767 INFO:teuthology.orchestra.run.smithi060.stdout:/usr/bin/ceph: stderr
2024-03-12T03:26:48.941+0000 7f7f06132700 1 --2- >> [v2:172.21.15.60:3300/0,v1:172.21.15.60:6789/0] conn(0x7f7f00078ce0 0x7f7f000771f0 unknown :-1 s=NONE pgs=0 cs=0 l=0 rev1=0 crypto rx=0 tx=0 comp rx=0 tx=0).connect
2024-03-12T03:26:49.768 INFO:teuthology.orchestra.run.smithi060.stdout:/usr/bin/ceph: stderr
2024-03-12T03:26:48.941+0000 7f7f06132700 1 -- --> [v2:172.21.15.60:3300/0,v1:172.21.15.60:6789/0] -- mon_getmap magic: 0 v1 -- 0x7f7f000790f0 con 0x7f7f00078ce0
2024-03-12T03:26:49.768 INFO:teuthology.orchestra.run.smithi060.stdout:/usr/bin/ceph: stderr
2024-03-12T03:26:48.941+0000 7f7eff7fe700 1 --2- >> [v2:172.21.15.60:3300/0,v1:172.21.15.60:6789/0] conn(0x7f7f00078ce0 0x7f7f000771f0 unknown :-1 s=BANNER_CONNECTING pgs=0 cs=0 l=0 rev1=0 crypto rx=0 tx=0 comp rx=0 tx=0)._handle_peer_banner_payload supported=3 required=0
2024-03-12T03:26:49.768 INFO:teuthology.orchestra.run.smithi060.stdout:/usr/bin/ceph: stderr
2024-03-12T03:26:48.941+0000 7f7eff7fe700 1 --2- >> [v2:172.21.15.60:3300/0,v1:172.21.15.60:6789/0] conn(0x7f7f00078ce0 0x7f7f000771f0 unknown :-1 s=HELLO_CONNECTING pgs=0 cs=0 l=0 rev1=1 crypto rx=0 tx=0 comp rx=0 tx=0).handle_hello peer v2:172.21.15.60:3300/0 says I am v2:172.21.15.60:37604/0 (socket says 172.21.15.60:37604)
2024-03-12T03:26:49.768 INFO:teuthology.orchestra.run.smithi060.stdout:/usr/bin/ceph: stderr
2024-03-12T03:26:48.941+0000 7f7eff7fe700 1 -- 172.21.15.60:0/1690018611 learned_addr learned my addr 172.21.15.60:0/1690018611 (peer_addr_for_me v2:172.21.15.60:0/0)
2024-03-12T03:26:49.768 INFO:teuthology.orchestra.run.smithi060.stdout:/usr/bin/ceph: stderr
2024-03-12T03:26:48.941+0000 7f7eff7fe700 1 -- 172.21.15.60:0/1690018611 --> [v2:172.21.15.60:3300/0,v1:172.21.15.60:6789/0] -- mon_subscribe({config=0+,monmap=0+}) v3 -- 0x7f7f00077730 con 0x7f7f00078ce0
2024-03-12T03:26:49.768 INFO:teuthology.orchestra.run.smithi060.stdout:/usr/bin/ceph: stderr
2024-03-12T03:26:48.942+0000 7f7eff7fe700 1 --2- 172.21.15.60:0/1690018611 >> [v2:172.21.15.60:3300/0,v1:172.21.15.60:6789/0] conn(0x7f7f00078ce0 0x7f7f000771f0 secure :-1 s=READY pgs=49 cs=0 l=1 rev1=1 crypto rx=0x7f7ef00098e0 tx=0x7f7ef0009250 comp rx=0 tx=0).ready entity=mon.0 client_cookie=caff1e4bba42c509 server_cookie=0 in_seq=0 out_seq=0
2024-03-12T03:26:49.768 INFO:teuthology.orchestra.run.smithi060.stdout:/usr/bin/ceph: stderr
2024-03-12T03:26:48.942+0000 7f7efe7fc700 1 -- 172.21.15.60:0/1690018611 <== mon.0 v2:172.21.15.60:3300/0 1 ==== mon_map magic: 0 v1 ==== 229+0+0 (secure 0 0 0) 0x7f7ef000b860 con 0x7f7f00078ce0
2024-03-12T03:26:49.768 INFO:teuthology.orchestra.run.smithi060.stdout:/usr/bin/ceph: stderr
2024-03-12T03:26:48.942+0000 7f7efe7fc700 1 -- 172.21.15.60:0/1690018611 <== mon.0 v2:172.21.15.60:3300/0 2 ==== config(27 keys) v1 ==== 1044+0+0 (secure 0 0 0) 0x7f7ef000be50 con 0x7f7f00078ce0
2024-03-12T03:26:49.768 INFO:teuthology.orchestra.run.smithi060.stdout:/usr/bin/ceph: stderr
2024-03-12T03:26:48.942+0000 7f7efe7fc700 1 -- 172.21.15.60:0/1690018611 <== mon.0 v2:172.21.15.60:3300/0 3 ==== mon_map magic: 0 v1 ==== 229+0+0 (secure 0 0 0) 0x7f7ef0010380 con 0x7f7f00078ce0
2024-03-12T03:26:49.768 INFO:teuthology.orchestra.run.smithi060.stdout:/usr/bin/ceph: stderr
2024-03-12T03:26:48.942+0000 7f7f06132700 1 -- 172.21.15.60:0/1690018611 >> [v2:172.21.15.60:3300/0,v1:172.21.15.60:6789/0] conn(0x7f7f00078ce0 msgr2=0x7f7f000771f0 secure :-1 s=STATE_CONNECTION_ESTABLISHED l=1).mark_down
2024-03-12T03:26:49.768 INFO:teuthology.orchestra.run.smithi060.stdout:/usr/bin/ceph: stderr
2024-03-12T03:26:48.942+0000 7f7f06132700 1 --2- 172.21.15.60:0/1690018611 >> [v2:172.21.15.60:3300/0,v1:172.21.15.60:6789/0] conn(0x7f7f00078ce0 0x7f7f000771f0 secure :-1 s=READY pgs=49 cs=0 l=1 rev1=1 crypto rx=0x7f7ef00098e0 tx=0x7f7ef0009250 comp rx=0 tx=0).stop
2024-03-12T03:26:49.768 INFO:teuthology.orchestra.run.smithi060.stdout:/usr/bin/ceph: stderr
2024-03-12T03:26:48.942+0000 7f7f06132700 1 -- 172.21.15.60:0/1690018611 shutdown_connections
2024-03-12T03:26:49.768 INFO:teuthology.orchestra.run.smithi060.stdout:/usr/bin/ceph: stderr
2024-03-12T03:26:48.942+0000 7f7f06132700 1 --2- 172.21.15.60:0/1690018611 >> [v2:172.21.15.60:3300/0,v1:172.21.15.60:6789/0] conn(0x7f7f00078ce0 0x7f7f000771f0 unknown :-1 s=CLOSED pgs=49 cs=0 l=1 rev1=1 crypto rx=0 tx=0 comp rx=0 tx=0).stop
2024-03-12T03:26:49.768 INFO:teuthology.orchestra.run.smithi060.stdout:/usr/bin/ceph: stderr
2024-03-12T03:26:48.942+0000 7f7f06132700 1 -- 172.21.15.60:0/1690018611 >> 172.21.15.60:0/1690018611 conn(0x7f7f000fded0 msgr2=0x7f7f00100300 unknown :-1 s=STATE_NONE l=0).mark_down
2024-03-12T03:26:49.769 INFO:teuthology.orchestra.run.smithi060.stdout:/usr/bin/ceph: stderr
2024-03-12T03:26:48.942+0000 7f7f06132700 1 -- 172.21.15.60:0/1690018611 shutdown_connections
2024-03-12T03:26:49.769 INFO:teuthology.orchestra.run.smithi060.stdout:/usr/bin/ceph: stderr
2024-03-12T03:26:48.942+0000 7f7f06132700 1 -- 172.21.15.60:0/1690018611 wait complete.
2024-03-12T03:26:49.769 INFO:teuthology.orchestra.run.smithi060.stdout:/usr/bin/ceph: stderr
2024-03-12T03:26:48.943+0000 7f7f06132700 1 Processor -- start
2024-03-12T03:26:49.769 INFO:teuthology.orchestra.run.smithi060.stdout:/usr/bin/ceph: stderr
2024-03-12T03:26:48.943+0000 7f7f06132700 1 -- start start
2024-03-12T03:26:49.769 INFO:teuthology.orchestra.run.smithi060.stdout:/usr/bin/ceph: stderr
2024-03-12T03:26:48.943+0000 7f7f06132700 1 --2- >> [v2:172.21.15.60:3300/0,v1:172.21.15.60:6789/0] conn(0x7f7f00078ce0 0x7f7f001137e0 unknown :-1 s=NONE pgs=0 cs=0 l=1 rev1=0 crypto rx=0 tx=0 comp rx=0 tx=0).connect
2024-03-12T03:26:49.769 INFO:teuthology.orchestra.run.smithi060.stdout:/usr/bin/ceph: stderr
2024-03-12T03:26:48.943+0000 7f7f06132700 1 -- --> [v2:172.21.15.60:3300/0,v1:172.21.15.60:6789/0] -- mon_getmap magic: 0 v1 -- 0x7f7f00113d20 con 0x7f7f00078ce0
2024-03-12T03:26:49.769 INFO:teuthology.orchestra.run.smithi060.stdout:/usr/bin/ceph: stderr
2024-03-12T03:26:48.943+0000 7f7eff7fe700 1 --2- >> [v2:172.21.15.60:3300/0,v1:172.21.15.60:6789/0] conn(0x7f7f00078ce0 0x7f7f001137e0 unknown :-1 s=BANNER_CONNECTING pgs=0 cs=0 l=1 rev1=0 crypto rx=0 tx=0 comp rx=0 tx=0)._handle_peer_banner_payload supported=3 required=0
2024-03-12T03:26:49.769 INFO:teuthology.orchestra.run.smithi060.stdout:/usr/bin/ceph: stderr
2024-03-12T03:26:48.943+0000 7f7eff7fe700 1 --2- >> [v2:172.21.15.60:3300/0,v1:172.21.15.60:6789/0] conn(0x7f7f00078ce0 0x7f7f001137e0 unknown :-1 s=HELLO_CONNECTING pgs=0 cs=0 l=1 rev1=1 crypto rx=0 tx=0 comp rx=0 tx=0).handle_hello peer v2:172.21.15.60:3300/0 says I am v2:172.21.15.60:37608/0 (socket says 172.21.15.60:37608)
2024-03-12T03:26:49.769 INFO:teuthology.orchestra.run.smithi060.stdout:/usr/bin/ceph: stderr
2024-03-12T03:26:48.943+0000 7f7eff7fe700 1 -- 172.21.15.60:0/3225054473 learned_addr learned my addr 172.21.15.60:0/3225054473 (peer_addr_for_me v2:172.21.15.60:0/0)
2024-03-12T03:26:49.769 INFO:teuthology.orchestra.run.smithi060.stdout:/usr/bin/ceph: stderr
2024-03-12T03:26:48.944+0000 7f7eff7fe700 1 -- 172.21.15.60:0/3225054473 --> [v2:172.21.15.60:3300/0,v1:172.21.15.60:6789/0] -- mon_subscribe({config=0+,monmap=0+}) v3 -- 0x7f7ef00094f0 con 0x7f7f00078ce0
2024-03-12T03:26:49.769 INFO:teuthology.orchestra.run.smithi060.stdout:/usr/bin/ceph: stderr
2024-03-12T03:26:48.944+0000 7f7eff7fe700 1 --2- 172.21.15.60:0/3225054473 >> [v2:172.21.15.60:3300/0,v1:172.21.15.60:6789/0] conn(0x7f7f00078ce0 0x7f7f001137e0 secure :-1 s=READY pgs=50 cs=0 l=1 rev1=1 crypto rx=0x7f7ef0006fd0 tx=0x7f7ef0009250 comp rx=0 tx=0).ready entity=mon.0 client_cookie=0 server_cookie=0 in_seq=0 out_seq=0
2024-03-12T03:26:49.769 INFO:teuthology.orchestra.run.smithi060.stdout:/usr/bin/ceph: stderr
2024-03-12T03:26:48.944+0000 7f7ee7fff700 1 -- 172.21.15.60:0/3225054473 <== mon.0 v2:172.21.15.60:3300/0 1 ==== mon_map magic: 0 v1 ==== 229+0+0 (secure 0 0 0) 0x7f7ef00107c0 con 0x7f7f00078ce0
2024-03-12T03:26:49.769 INFO:teuthology.orchestra.run.smithi060.stdout:/usr/bin/ceph: stderr
2024-03-12T03:26:48.944+0000 7f7f06132700 1 -- 172.21.15.60:0/3225054473 --> [v2:172.21.15.60:3300/0,v1:172.21.15.60:6789/0] -- mon_subscribe({mgrmap=0+}) v3 -- 0x7f7f00113f20 con 0x7f7f00078ce0
2024-03-12T03:26:49.769 INFO:teuthology.orchestra.run.smithi060.stdout:/usr/bin/ceph: stderr
2024-03-12T03:26:48.944+0000 7f7ee7fff700 1 -- 172.21.15.60:0/3225054473 <== mon.0 v2:172.21.15.60:3300/0 2 ==== config(27 keys) v1 ==== 1044+0+0 (secure 0 0 0) 0x7f7ef0010db0 con 0x7f7f00078ce0
2024-03-12T03:26:49.769 INFO:teuthology.orchestra.run.smithi060.stdout:/usr/bin/ceph: stderr
2024-03-12T03:26:48.944+0000 7f7ee7fff700 1 -- 172.21.15.60:0/3225054473 <== mon.0 v2:172.21.15.60:3300/0 3 ==== mon_map magic: 0 v1 ==== 229+0+0 (secure 0 0 0) 0x7f7ef001ada0 con 0x7f7f00078ce0
2024-03-12T03:26:49.770 INFO:teuthology.orchestra.run.smithi060.stdout:/usr/bin/ceph: stderr
2024-03-12T03:26:48.944+0000 7f7f06132700 1 -- 172.21.15.60:0/3225054473 --> [v2:172.21.15.60:3300/0,v1:172.21.15.60:6789/0] -- mon_subscribe({osdmap=0}) v3 -- 0x7f7f00114bc0 con 0x7f7f00078ce0
2024-03-12T03:26:49.770 INFO:teuthology.orchestra.run.smithi060.stdout:/usr/bin/ceph: stderr
2024-03-12T03:26:48.945+0000 7f7ee7fff700 1 -- 172.21.15.60:0/3225054473 <== mon.0 v2:172.21.15.60:3300/0 4 ==== mgrmap(e 8) v1 ==== 43368+0+0 (secure 0 0 0) 0x7f7ef0010920 con 0x7f7f00078ce0
2024-03-12T03:26:49.770 INFO:teuthology.orchestra.run.smithi060.stdout:/usr/bin/ceph: stderr
2024-03-12T03:26:48.945+0000 7f7ee7fff700 1 --2- 172.21.15.60:0/3225054473 >> [v2:172.21.15.60:6800/1200629758,v1:172.21.15.60:6801/1200629758] conn(0x7f7ee8036790 0x7f7ee8038c40 unknown :-1 s=NONE pgs=0 cs=0 l=1 rev1=0 crypto rx=0 tx=0 comp rx=0 tx=0).connect
2024-03-12T03:26:49.770 INFO:teuthology.orchestra.run.smithi060.stdout:/usr/bin/ceph: stderr
2024-03-12T03:26:48.945+0000 7f7f06132700 1 -- 172.21.15.60:0/3225054473 --> [v2:172.21.15.60:3300/0,v1:172.21.15.60:6789/0] -- mon_command({"prefix": "get_command_descriptions"} v 0) v1 -- 0x7f7f0005f5c0 con 0x7f7f00078ce0
2024-03-12T03:26:49.770 INFO:teuthology.orchestra.run.smithi060.stdout:/usr/bin/ceph: stderr
2024-03-12T03:26:48.945+0000 7f7ee7fff700 1 -- 172.21.15.60:0/3225054473 <== mon.0 v2:172.21.15.60:3300/0 5 ==== osd_map(2..2 src has 1..2) v4 ==== 936+0+0 (secure 0 0 0) 0x7f7ef0049d50 con 0x7f7f00078ce0
2024-03-12T03:26:49.770 INFO:teuthology.orchestra.run.smithi060.stdout:/usr/bin/ceph: stderr
2024-03-12T03:26:48.945+0000 7f7efeffd700 1 --2- 172.21.15.60:0/3225054473 >> [v2:172.21.15.60:6800/1200629758,v1:172.21.15.60:6801/1200629758] conn(0x7f7ee8036790 0x7f7ee8038c40 unknown :-1 s=BANNER_CONNECTING pgs=0 cs=0 l=1 rev1=0 crypto rx=0 tx=0 comp rx=0 tx=0)._handle_peer_banner_payload supported=3 required=0
2024-03-12T03:26:49.770 INFO:teuthology.orchestra.run.smithi060.stdout:/usr/bin/ceph: stderr
2024-03-12T03:26:48.946+0000 7f7efeffd700 1 --2- 172.21.15.60:0/3225054473 >> [v2:172.21.15.60:6800/1200629758,v1:172.21.15.60:6801/1200629758] conn(0x7f7ee8036790 0x7f7ee8038c40 secure :-1 s=READY pgs=13 cs=0 l=1 rev1=1 crypto rx=0x7f7ef4009990 tx=0x7f7ef4006e40 comp rx=0 tx=0).ready entity=mgr.14120 client_cookie=0 server_cookie=0 in_seq=0 out_seq=0
2024-03-12T03:26:49.770 INFO:teuthology.orchestra.run.smithi060.stdout:/usr/bin/ceph: stderr
2024-03-12T03:26:48.950+0000 7f7ee7fff700 1 -- 172.21.15.60:0/3225054473 <== mon.0 v2:172.21.15.60:3300/0 6 ==== mon_command_ack([{"prefix": "get_command_descriptions"}]=0 v0) v1 ==== 72+0+175366 (secure 0 0 0) 0x7f7ef0020030 con 0x7f7f00078ce0
2024-03-12T03:26:49.770 INFO:teuthology.orchestra.run.smithi060.stdout:/usr/bin/ceph: stderr
2024-03-12T03:26:49.165+0000 7f7f06132700 1 -- 172.21.15.60:0/3225054473 --> [v2:172.21.15.60:6800/1200629758,v1:172.21.15.60:6801/1200629758] -- mgr_command(tid 0: {"prefix": "orch apply", "service_type": "mgr", "target": ["mon-mgr", ""]}) v1 -- 0x7f7f001001f0 con 0x7f7ee8036790
2024-03-12T03:26:49.770 INFO:teuthology.orchestra.run.smithi060.stdout:/usr/bin/ceph: stderr
2024-03-12T03:26:49.169+0000 7f7ee7fff700 1 -- 172.21.15.60:0/3225054473 <== mgr.14120 v2:172.21.15.60:6800/1200629758 1 ==== mgr_command_reply(tid 0: 0 ) v1 ==== 8+0+24 (secure 0 0 0) 0x7f7f001001f0 con 0x7f7ee8036790
2024-03-12T03:26:49.770 INFO:teuthology.orchestra.run.smithi060.stdout:/usr/bin/ceph: stderr
2024-03-12T03:26:49.171+0000 7f7f06132700 1 -- 172.21.15.60:0/3225054473 >> [v2:172.21.15.60:6800/1200629758,v1:172.21.15.60:6801/1200629758] conn(0x7f7ee8036790 msgr2=0x7f7ee8038c40 secure :-1 s=STATE_CONNECTION_ESTABLISHED l=1).mark_down
2024-03-12T03:26:49.770 INFO:teuthology.orchestra.run.smithi060.stdout:/usr/bin/ceph: stderr
2024-03-12T03:26:49.171+0000 7f7f06132700 1 --2- 172.21.15.60:0/3225054473 >> [v2:172.21.15.60:6800/1200629758,v1:172.21.15.60:6801/1200629758] conn(0x7f7ee8036790 0x7f7ee8038c40 secure :-1 s=READY pgs=13 cs=0 l=1 rev1=1 crypto rx=0x7f7ef4009990 tx=0x7f7ef4006e40 comp rx=0 tx=0).stop
2024-03-12T03:26:49.770 INFO:teuthology.orchestra.run.smithi060.stdout:/usr/bin/ceph: stderr
2024-03-12T03:26:49.171+0000 7f7f06132700 1 -- 172.21.15.60:0/3225054473 >> [v2:172.21.15.60:3300/0,v1:172.21.15.60:6789/0] conn(0x7f7f00078ce0 msgr2=0x7f7f001137e0 secure :-1 s=STATE_CONNECTION_ESTABLISHED l=1).mark_down
2024-03-12T03:26:49.771 INFO:teuthology.orchestra.run.smithi060.stdout:/usr/bin/ceph: stderr
2024-03-12T03:26:49.171+0000 7f7f06132700 1 --2- 172.21.15.60:0/3225054473 >> [v2:172.21.15.60:3300/0,v1:172.21.15.60:6789/0] conn(0x7f7f00078ce0 0x7f7f001137e0 secure :-1 s=READY pgs=50 cs=0 l=1 rev1=1 crypto rx=0x7f7ef0006fd0 tx=0x7f7ef0009250 comp rx=0 tx=0).stop
2024-03-12T03:26:49.771 INFO:teuthology.orchestra.run.smithi060.stdout:/usr/bin/ceph: stderr
2024-03-12T03:26:49.171+0000 7f7f06132700 1 -- 172.21.15.60:0/3225054473 shutdown_connections
2024-03-12T03:26:49.771 INFO:teuthology.orchestra.run.smithi060.stdout:/usr/bin/ceph: stderr
2024-03-12T03:26:49.171+0000 7f7f06132700 1 --2- 172.21.15.60:0/3225054473 >> [v2:172.21.15.60:6800/1200629758,v1:172.21.15.60:6801/1200629758] conn(0x7f7ee8036790 0x7f7ee8038c40 unknown :-1 s=CLOSED pgs=13 cs=0 l=1 rev1=1 crypto rx=0 tx=0 comp rx=0 tx=0).stop
2024-03-12T03:26:49.771 INFO:teuthology.orchestra.run.smithi060.stdout:/usr/bin/ceph: stderr
2024-03-12T03:26:49.171+0000 7f7f06132700 1 --2- 172.21.15.60:0/3225054473 >> [v2:172.21.15.60:3300/0,v1:172.21.15.60:6789/0] conn(0x7f7f00078ce0 0x7f7f001137e0 unknown :-1 s=CLOSED pgs=50 cs=0 l=1 rev1=1 crypto rx=0 tx=0 comp rx=0 tx=0).stop
2024-03-12T03:26:49.771 INFO:teuthology.orchestra.run.smithi060.stdout:/usr/bin/ceph: stderr
2024-03-12T03:26:49.171+0000 7f7f06132700 1 -- 172.21.15.60:0/3225054473 >> 172.21.15.60:0/3225054473 conn(0x7f7f000fded0 msgr2=0x7f7f000ff5d0 unknown :-1 s=STATE_NONE l=0).mark_down
2024-03-12T03:26:49.771 INFO:teuthology.orchestra.run.smithi060.stdout:/usr/bin/ceph: stderr
2024-03-12T03:26:49.171+0000 7f7f06132700 1 -- 172.21.15.60:0/3225054473 shutdown_connections
2024-03-12T03:26:49.771 INFO:teuthology.orchestra.run.smithi060.stdout:/usr/bin/ceph: stderr
2024-03-12T03:26:49.171+0000 7f7f06132700 1 -- 172.21.15.60:0/3225054473 wait complete.
2024-03-12T03:26:49.771 INFO:teuthology.orchestra.run.smithi060.stdout:Deploying crash service with default placement...
2024-03-12T03:26:50.640 INFO:journalctl@ceph.mon.smithi060.smithi060.stdout:Mar 12 03:26:50 smithi060 ceph-mon[28926]: from='client.14144 -' entity='client.admin' cmd=[{"prefix": "orch apply", "service_type": "mgr", "target": ["mon-mgr", ""]}]: dispatch
2024-03-12T03:26:50.640 INFO:journalctl@ceph.mon.smithi060.smithi060.stdout:Mar 12 03:26:50 smithi060 ceph-mon[28926]: Saving service mgr spec with placement count:2
2024-03-12T03:26:50.640 INFO:journalctl@ceph.mon.smithi060.smithi060.stdout:Mar 12 03:26:50 smithi060 ceph-mon[28926]: from='mgr.14120 172.21.15.60:0/4139219651' entity='mgr.smithi060.yeiepj'
2024-03-12T03:26:51.695 INFO:teuthology.orchestra.run.smithi060.stdout:/usr/bin/ceph: stdout Scheduled crash update...
2024-03-12T03:26:51.695 INFO:teuthology.orchestra.run.smithi060.stdout:/usr/bin/ceph: stderr
2024-03-12T03:26:50.873+0000 7f3acf8ee700 1 Processor -- start
2024-03-12T03:26:51.696 INFO:teuthology.orchestra.run.smithi060.stdout:/usr/bin/ceph: stderr
2024-03-12T03:26:50.873+0000 7f3acf8ee700 1 -- start start
2024-03-12T03:26:51.696 INFO:teuthology.orchestra.run.smithi060.stdout:/usr/bin/ceph: stderr
2024-03-12T03:26:50.873+0000 7f3acf8ee700 1 --2- >> [v2:172.21.15.60:3300/0,v1:172.21.15.60:6789/0] conn(0x7f3ac8101670 0x7f3ac8101a80 unknown :-1 s=NONE pgs=0 cs=0 l=0 rev1=0 crypto rx=0 tx=0 comp rx=0 tx=0).connect
2024-03-12T03:26:51.696 INFO:teuthology.orchestra.run.smithi060.stdout:/usr/bin/ceph: stderr
2024-03-12T03:26:50.873+0000 7f3acf8ee700 1 -- --> [v2:172.21.15.60:3300/0,v1:172.21.15.60:6789/0] -- mon_getmap magic: 0 v1 -- 0x7f3ac8101fc0 con 0x7f3ac8101670
2024-03-12T03:26:51.696 INFO:teuthology.orchestra.run.smithi060.stdout:/usr/bin/ceph: stderr
2024-03-12T03:26:50.873+0000 7f3acd68a700 1 --2- >> [v2:172.21.15.60:3300/0,v1:172.21.15.60:6789/0] conn(0x7f3ac8101670 0x7f3ac8101a80 unknown :-1 s=BANNER_CONNECTING pgs=0 cs=0 l=0 rev1=0 crypto rx=0 tx=0 comp rx=0 tx=0)._handle_peer_banner_payload supported=3 required=0
2024-03-12T03:26:51.696 INFO:teuthology.orchestra.run.smithi060.stdout:/usr/bin/ceph: stderr
2024-03-12T03:26:50.873+0000 7f3acd68a700 1 --2- >> [v2:172.21.15.60:3300/0,v1:172.21.15.60:6789/0] conn(0x7f3ac8101670 0x7f3ac8101a80 unknown :-1 s=HELLO_CONNECTING pgs=0 cs=0 l=0 rev1=1 crypto rx=0 tx=0 comp rx=0 tx=0).handle_hello peer v2:172.21.15.60:3300/0 says I am v2:172.21.15.60:37618/0 (socket says 172.21.15.60:37618)
2024-03-12T03:26:51.696 INFO:teuthology.orchestra.run.smithi060.stdout:/usr/bin/ceph: stderr
2024-03-12T03:26:50.873+0000 7f3acd68a700 1 -- 172.21.15.60:0/900413733 learned_addr learned my addr 172.21.15.60:0/900413733 (peer_addr_for_me v2:172.21.15.60:0/0)
2024-03-12T03:26:51.696 INFO:teuthology.orchestra.run.smithi060.stdout:/usr/bin/ceph: stderr
2024-03-12T03:26:50.874+0000 7f3acd68a700 1 -- 172.21.15.60:0/900413733 --> [v2:172.21.15.60:3300/0,v1:172.21.15.60:6789/0] -- mon_subscribe({config=0+,monmap=0+}) v3 -- 0x7f3ac8102100 con 0x7f3ac8101670
2024-03-12T03:26:51.696 INFO:teuthology.orchestra.run.smithi060.stdout:/usr/bin/ceph: stderr
2024-03-12T03:26:50.874+0000 7f3acd68a700 1 --2- 172.21.15.60:0/900413733 >> [v2:172.21.15.60:3300/0,v1:172.21.15.60:6789/0] conn(0x7f3ac8101670 0x7f3ac8101a80 secure :-1 s=READY pgs=51 cs=0 l=1 rev1=1 crypto rx=0x7f3ac40098e0 tx=0x7f3ac4009250 comp rx=0 tx=0).ready entity=mon.0 client_cookie=9fadaf7889021350 server_cookie=0 in_seq=0 out_seq=0
2024-03-12T03:26:51.696 INFO:teuthology.orchestra.run.smithi060.stdout:/usr/bin/ceph: stderr
2024-03-12T03:26:50.874+0000 7f3abffff700 1 -- 172.21.15.60:0/900413733 <== mon.0 v2:172.21.15.60:3300/0 1 ==== mon_map magic: 0 v1 ==== 229+0+0 (secure 0 0 0) 0x7f3ac400b860 con 0x7f3ac8101670
2024-03-12T03:26:51.696 INFO:teuthology.orchestra.run.smithi060.stdout:/usr/bin/ceph: stderr
2024-03-12T03:26:50.874+0000 7f3abffff700 1 -- 172.21.15.60:0/900413733 <== mon.0 v2:172.21.15.60:3300/0 2 ==== config(27 keys) v1 ==== 1109+0+0 (secure 0 0 0) 0x7f3ac400be90 con 0x7f3ac8101670
2024-03-12T03:26:51.696 INFO:teuthology.orchestra.run.smithi060.stdout:/usr/bin/ceph: stderr
2024-03-12T03:26:50.874+0000 7f3abffff700 1 -- 172.21.15.60:0/900413733 <== mon.0 v2:172.21.15.60:3300/0 3 ==== mon_map magic: 0 v1 ==== 229+0+0 (secure 0 0 0) 0x7f3ac40103c0 con 0x7f3ac8101670
2024-03-12T03:26:51.697 INFO:teuthology.orchestra.run.smithi060.stdout:/usr/bin/ceph: stderr
2024-03-12T03:26:50.874+0000 7f3acf8ee700 1 -- 172.21.15.60:0/900413733 >> [v2:172.21.15.60:3300/0,v1:172.21.15.60:6789/0] conn(0x7f3ac8101670 msgr2=0x7f3ac8101a80 secure :-1 s=STATE_CONNECTION_ESTABLISHED l=1).mark_down
2024-03-12T03:26:51.697 INFO:teuthology.orchestra.run.smithi060.stdout:/usr/bin/ceph: stderr
2024-03-12T03:26:50.874+0000 7f3acf8ee700 1 --2- 172.21.15.60:0/900413733 >> [v2:172.21.15.60:3300/0,v1:172.21.15.60:6789/0] conn(0x7f3ac8101670 0x7f3ac8101a80 secure :-1 s=READY pgs=51 cs=0 l=1 rev1=1 crypto rx=0x7f3ac40098e0 tx=0x7f3ac4009250 comp rx=0 tx=0).stop
2024-03-12T03:26:51.697 INFO:teuthology.orchestra.run.smithi060.stdout:/usr/bin/ceph: stderr
2024-03-12T03:26:50.875+0000 7f3acf8ee700 1 -- 172.21.15.60:0/900413733 shutdown_connections
2024-03-12T03:26:51.697 INFO:teuthology.orchestra.run.smithi060.stdout:/usr/bin/ceph: stderr
2024-03-12T03:26:50.875+0000 7f3acf8ee700 1 --2- 172.21.15.60:0/900413733 >> [v2:172.21.15.60:3300/0,v1:172.21.15.60:6789/0] conn(0x7f3ac8101670 0x7f3ac8101a80 unknown :-1 s=CLOSED pgs=51 cs=0 l=1 rev1=1 crypto rx=0 tx=0 comp rx=0 tx=0).stop
2024-03-12T03:26:51.697 INFO:teuthology.orchestra.run.smithi060.stdout:/usr/bin/ceph: stderr
2024-03-12T03:26:50.875+0000 7f3acf8ee700 1 -- 172.21.15.60:0/900413733 >> 172.21.15.60:0/900413733 conn(0x7f3ac80fcdd0 msgr2=0x7f3ac80ff200 unknown :-1 s=STATE_NONE l=0).mark_down
2024-03-12T03:26:51.697 INFO:teuthology.orchestra.run.smithi060.stdout:/usr/bin/ceph: stderr
2024-03-12T03:26:50.875+0000 7f3acf8ee700 1 -- 172.21.15.60:0/900413733 shutdown_connections
2024-03-12T03:26:51.697 INFO:teuthology.orchestra.run.smithi060.stdout:/usr/bin/ceph: stderr
2024-03-12T03:26:50.875+0000 7f3acf8ee700 1 -- 172.21.15.60:0/900413733 wait complete.
2024-03-12T03:26:51.697 INFO:teuthology.orchestra.run.smithi060.stdout:/usr/bin/ceph: stderr
2024-03-12T03:26:50.875+0000 7f3acf8ee700 1 Processor -- start
2024-03-12T03:26:51.697 INFO:teuthology.orchestra.run.smithi060.stdout:/usr/bin/ceph: stderr
2024-03-12T03:26:50.875+0000 7f3acf8ee700 1 -- start start
2024-03-12T03:26:51.697 INFO:teuthology.orchestra.run.smithi060.stdout:/usr/bin/ceph: stderr
2024-03-12T03:26:50.875+0000 7f3acf8ee700 1 --2- >> [v2:172.21.15.60:3300/0,v1:172.21.15.60:6789/0] conn(0x7f3ac8101670 0x7f3ac81166b0 unknown :-1 s=NONE pgs=0 cs=0 l=1 rev1=0 crypto rx=0 tx=0 comp rx=0 tx=0).connect
2024-03-12T03:26:51.697 INFO:teuthology.orchestra.run.smithi060.stdout:/usr/bin/ceph: stderr
2024-03-12T03:26:50.875+0000 7f3acf8ee700 1 -- --> [v2:172.21.15.60:3300/0,v1:172.21.15.60:6789/0] -- mon_getmap magic: 0 v1 -- 0x7f3ac81120a0 con 0x7f3ac8101670
2024-03-12T03:26:51.697 INFO:teuthology.orchestra.run.smithi060.stdout:/usr/bin/ceph: stderr
2024-03-12T03:26:50.875+0000 7f3acd68a700 1 --2- >> [v2:172.21.15.60:3300/0,v1:172.21.15.60:6789/0] conn(0x7f3ac8101670 0x7f3ac81166b0 unknown :-1 s=BANNER_CONNECTING pgs=0 cs=0 l=1 rev1=0 crypto rx=0 tx=0 comp rx=0 tx=0)._handle_peer_banner_payload supported=3 required=0
2024-03-12T03:26:51.697 INFO:teuthology.orchestra.run.smithi060.stdout:/usr/bin/ceph: stderr
2024-03-12T03:26:50.876+0000 7f3acd68a700 1 --2- >> [v2:172.21.15.60:3300/0,v1:172.21.15.60:6789/0] conn(0x7f3ac8101670 0x7f3ac81166b0 unknown :-1 s=HELLO_CONNECTING pgs=0 cs=0 l=1 rev1=1 crypto rx=0 tx=0 comp rx=0 tx=0).handle_hello peer v2:172.21.15.60:3300/0 says I am v2:172.21.15.60:37626/0 (socket says 172.21.15.60:37626)
2024-03-12T03:26:51.698 INFO:teuthology.orchestra.run.smithi060.stdout:/usr/bin/ceph: stderr
2024-03-12T03:26:50.876+0000 7f3acd68a700 1 -- 172.21.15.60:0/593230337 learned_addr learned my addr 172.21.15.60:0/593230337 (peer_addr_for_me v2:172.21.15.60:0/0)
2024-03-12T03:26:51.698 INFO:teuthology.orchestra.run.smithi060.stdout:/usr/bin/ceph: stderr
2024-03-12T03:26:50.876+0000 7f3acd68a700 1 -- 172.21.15.60:0/593230337 --> [v2:172.21.15.60:3300/0,v1:172.21.15.60:6789/0] -- mon_subscribe({config=0+,monmap=0+}) v3 -- 0x7f3ac40094f0 con 0x7f3ac8101670
2024-03-12T03:26:51.698 INFO:teuthology.orchestra.run.smithi060.stdout:/usr/bin/ceph: stderr
2024-03-12T03:26:50.876+0000 7f3acd68a700 1 --2- 172.21.15.60:0/593230337 >> [v2:172.21.15.60:3300/0,v1:172.21.15.60:6789/0] conn(0x7f3ac8101670 0x7f3ac81166b0 secure :-1 s=READY pgs=52 cs=0 l=1 rev1=1 crypto rx=0x7f3ac4011680 tx=0x7f3ac4009250 comp rx=0 tx=0).ready entity=mon.0 client_cookie=0 server_cookie=0 in_seq=0 out_seq=0
2024-03-12T03:26:51.698 INFO:teuthology.orchestra.run.smithi060.stdout:/usr/bin/ceph: stderr
2024-03-12T03:26:50.876+0000 7f3abdffb700 1 -- 172.21.15.60:0/593230337 <== mon.0 v2:172.21.15.60:3300/0 1 ==== mon_map magic: 0 v1 ==== 229+0+0 (secure 0 0 0) 0x7f3ac4010890 con 0x7f3ac8101670
2024-03-12T03:26:51.698 INFO:teuthology.orchestra.run.smithi060.stdout:/usr/bin/ceph: stderr
2024-03-12T03:26:50.876+0000 7f3abdffb700 1 -- 172.21.15.60:0/593230337 <== mon.0 v2:172.21.15.60:3300/0 2 ==== config(27 keys) v1 ==== 1109+0+0 (secure 0 0 0) 0x7f3ac4010ec0 con 0x7f3ac8101670
2024-03-12T03:26:51.698 INFO:teuthology.orchestra.run.smithi060.stdout:/usr/bin/ceph: stderr
2024-03-12T03:26:50.876+0000 7f3acf8ee700 1 -- 172.21.15.60:0/593230337 --> [v2:172.21.15.60:3300/0,v1:172.21.15.60:6789/0] -- mon_subscribe({mgrmap=0+}) v3 -- 0x7f3ac8071470 con 0x7f3ac8101670
2024-03-12T03:26:51.698 INFO:teuthology.orchestra.run.smithi060.stdout:/usr/bin/ceph: stderr
2024-03-12T03:26:50.876+0000 7f3abdffb700 1 -- 172.21.15.60:0/593230337 <== mon.0 v2:172.21.15.60:3300/0 3 ==== mon_map magic: 0 v1 ==== 229+0+0 (secure 0 0 0) 0x7f3ac40243f0 con 0x7f3ac8101670
2024-03-12T03:26:51.698 INFO:teuthology.orchestra.run.smithi060.stdout:/usr/bin/ceph: stderr
2024-03-12T03:26:50.876+0000 7f3acf8ee700 1 -- 172.21.15.60:0/593230337 --> [v2:172.21.15.60:3300/0,v1:172.21.15.60:6789/0] -- mon_subscribe({osdmap=0}) v3 -- 0x7f3ac8116bf0 con 0x7f3ac8101670
2024-03-12T03:26:51.698 INFO:teuthology.orchestra.run.smithi060.stdout:/usr/bin/ceph: stderr
2024-03-12T03:26:50.877+0000 7f3abdffb700 1 -- 172.21.15.60:0/593230337 <== mon.0 v2:172.21.15.60:3300/0 4 ==== mgrmap(e 8) v1 ==== 43368+0+0 (secure 0 0 0) 0x7f3ac402d3f0 con 0x7f3ac8101670
2024-03-12T03:26:51.698 INFO:teuthology.orchestra.run.smithi060.stdout:/usr/bin/ceph: stderr
2024-03-12T03:26:50.877+0000 7f3acf8ee700 1 -- 172.21.15.60:0/593230337 --> [v2:172.21.15.60:3300/0,v1:172.21.15.60:6789/0] -- mon_command({"prefix": "get_command_descriptions"} v 0) v1 -- 0x7f3ac804bed0 con 0x7f3ac8101670
2024-03-12T03:26:51.698 INFO:teuthology.orchestra.run.smithi060.stdout:/usr/bin/ceph: stderr
2024-03-12T03:26:50.877+0000 7f3abdffb700 1 --2- 172.21.15.60:0/593230337 >> [v2:172.21.15.60:6800/1200629758,v1:172.21.15.60:6801/1200629758] conn(0x7f3ab4036790 0x7f3ab4038c40 unknown :-1 s=NONE pgs=0 cs=0 l=1 rev1=0 crypto rx=0 tx=0 comp rx=0 tx=0).connect
2024-03-12T03:26:51.698 INFO:teuthology.orchestra.run.smithi060.stdout:/usr/bin/ceph: stderr
2024-03-12T03:26:50.877+0000 7f3abdffb700 1 -- 172.21.15.60:0/593230337 <== mon.0 v2:172.21.15.60:3300/0 5 ==== osd_map(2..2 src has 1..2) v4 ==== 936+0+0 (secure 0 0 0) 0x7f3ac404a440 con 0x7f3ac8101670
2024-03-12T03:26:51.698 INFO:teuthology.orchestra.run.smithi060.stdout:/usr/bin/ceph: stderr
2024-03-12T03:26:50.878+0000 7f3acce89700 1 --2- 172.21.15.60:0/593230337 >> [v2:172.21.15.60:6800/1200629758,v1:172.21.15.60:6801/1200629758] conn(0x7f3ab4036790 0x7f3ab4038c40 unknown :-1 s=BANNER_CONNECTING pgs=0 cs=0 l=1 rev1=0 crypto rx=0 tx=0 comp rx=0 tx=0)._handle_peer_banner_payload supported=3 required=0
2024-03-12T03:26:51.699 INFO:teuthology.orchestra.run.smithi060.stdout:/usr/bin/ceph: stderr
2024-03-12T03:26:50.878+0000 7f3acce89700 1 --2- 172.21.15.60:0/593230337 >> [v2:172.21.15.60:6800/1200629758,v1:172.21.15.60:6801/1200629758] conn(0x7f3ab4036790 0x7f3ab4038c40 secure :-1 s=READY pgs=14 cs=0 l=1 rev1=1 crypto rx=0x7f3ab8009990 tx=0x7f3ab8006e40 comp rx=0 tx=0).ready entity=mgr.14120 client_cookie=0 server_cookie=0 in_seq=0 out_seq=0
2024-03-12T03:26:51.699 INFO:teuthology.orchestra.run.smithi060.stdout:/usr/bin/ceph: stderr
2024-03-12T03:26:50.882+0000 7f3abdffb700 1 -- 172.21.15.60:0/593230337 <== mon.0 v2:172.21.15.60:3300/0 6 ==== mon_command_ack([{"prefix": "get_command_descriptions"}]=0 v0) v1 ==== 72+0+175366 (secure 0 0 0) 0x7f3ac402b8e0 con 0x7f3ac8101670
2024-03-12T03:26:51.699 INFO:teuthology.orchestra.run.smithi060.stdout:/usr/bin/ceph: stderr
2024-03-12T03:26:51.089+0000 7f3acf8ee700 1 -- 172.21.15.60:0/593230337 --> [v2:172.21.15.60:6800/1200629758,v1:172.21.15.60:6801/1200629758] -- mgr_command(tid 0: {"prefix": "orch apply", "service_type": "crash", "target": ["mon-mgr", ""]}) v1 -- 0x7f3ac80ff0b0 con 0x7f3ab4036790
2024-03-12T03:26:51.699 INFO:teuthology.orchestra.run.smithi060.stdout:/usr/bin/ceph: stderr
2024-03-12T03:26:51.094+0000 7f3abdffb700 1 -- 172.21.15.60:0/593230337 <== mgr.14120 v2:172.21.15.60:6800/1200629758 1 ==== mgr_command_reply(tid 0: 0 ) v1 ==== 8+0+26 (secure 0 0 0) 0x7f3ac80ff0b0 con 0x7f3ab4036790
2024-03-12T03:26:51.699 INFO:teuthology.orchestra.run.smithi060.stdout:/usr/bin/ceph: stderr
2024-03-12T03:26:51.096+0000 7f3acf8ee700 1 -- 172.21.15.60:0/593230337 >> [v2:172.21.15.60:6800/1200629758,v1:172.21.15.60:6801/1200629758] conn(0x7f3ab4036790 msgr2=0x7f3ab4038c40 secure :-1 s=STATE_CONNECTION_ESTABLISHED l=1).mark_down
2024-03-12T03:26:51.699 INFO:teuthology.orchestra.run.smithi060.stdout:/usr/bin/ceph: stderr
2024-03-12T03:26:51.096+0000 7f3acf8ee700 1 --2- 172.21.15.60:0/593230337 >> [v2:172.21.15.60:6800/1200629758,v1:172.21.15.60:6801/1200629758] conn(0x7f3ab4036790 0x7f3ab4038c40 secure :-1 s=READY pgs=14 cs=0 l=1 rev1=1 crypto rx=0x7f3ab8009990 tx=0x7f3ab8006e40 comp rx=0 tx=0).stop
2024-03-12T03:26:51.699 INFO:teuthology.orchestra.run.smithi060.stdout:/usr/bin/ceph: stderr
2024-03-12T03:26:51.096+0000 7f3acf8ee700 1 -- 172.21.15.60:0/593230337 >> [v2:172.21.15.60:3300/0,v1:172.21.15.60:6789/0] conn(0x7f3ac8101670 msgr2=0x7f3ac81166b0 secure :-1 s=STATE_CONNECTION_ESTABLISHED l=1).mark_down
2024-03-12T03:26:51.699 INFO:teuthology.orchestra.run.smithi060.stdout:/usr/bin/ceph: stderr
2024-03-12T03:26:51.096+0000 7f3acf8ee700 1 --2- 172.21.15.60:0/593230337 >> [v2:172.21.15.60:3300/0,v1:172.21.15.60:6789/0] conn(0x7f3ac8101670 0x7f3ac81166b0 secure :-1 s=READY pgs=52 cs=0 l=1 rev1=1 crypto rx=0x7f3ac4011680 tx=0x7f3ac4009250 comp rx=0 tx=0).stop
2024-03-12T03:26:51.699 INFO:teuthology.orchestra.run.smithi060.stdout:/usr/bin/ceph: stderr
2024-03-12T03:26:51.096+0000 7f3acf8ee700 1 -- 172.21.15.60:0/593230337 shutdown_connections
2024-03-12T03:26:51.699 INFO:teuthology.orchestra.run.smithi060.stdout:/usr/bin/ceph: stderr
2024-03-12T03:26:51.096+0000 7f3acf8ee700 1 --2- 172.21.15.60:0/593230337 >> [v2:172.21.15.60:6800/1200629758,v1:172.21.15.60:6801/1200629758] conn(0x7f3ab4036790 0x7f3ab4038c40 unknown :-1 s=CLOSED pgs=14 cs=0 l=1 rev1=1 crypto rx=0 tx=0 comp rx=0 tx=0).stop
2024-03-12T03:26:51.699 INFO:teuthology.orchestra.run.smithi060.stdout:/usr/bin/ceph: stderr
2024-03-12T03:26:51.096+0000 7f3acf8ee700 1 --2- 172.21.15.60:0/593230337 >> [v2:172.21.15.60:3300/0,v1:172.21.15.60:6789/0] conn(0x7f3ac8101670 0x7f3ac81166b0 unknown :-1 s=CLOSED pgs=52 cs=0 l=1 rev1=1 crypto rx=0 tx=0 comp rx=0 tx=0).stop
2024-03-12T03:26:51.699 INFO:teuthology.orchestra.run.smithi060.stdout:/usr/bin/ceph: stderr
2024-03-12T03:26:51.096+0000 7f3acf8ee700 1 -- 172.21.15.60:0/593230337 >> 172.21.15.60:0/593230337 conn(0x7f3ac80fcdd0 msgr2=0x7f3ac80fe490 unknown :-1 s=STATE_NONE l=0).mark_down
2024-03-12T03:26:51.699 INFO:teuthology.orchestra.run.smithi060.stdout:/usr/bin/ceph: stderr
2024-03-12T03:26:51.096+0000 7f3acf8ee700 1 -- 172.21.15.60:0/593230337 shutdown_connections
2024-03-12T03:26:51.700 INFO:teuthology.orchestra.run.smithi060.stdout:/usr/bin/ceph: stderr
2024-03-12T03:26:51.096+0000 7f3acf8ee700 1 -- 172.21.15.60:0/593230337 wait complete.
2024-03-12T03:26:51.700 INFO:teuthology.orchestra.run.smithi060.stdout:Deploying prometheus service with default placement...
2024-03-12T03:26:51.990 INFO:journalctl@ceph.mon.smithi060.smithi060.stdout:Mar 12 03:26:51 smithi060 ceph-mon[28926]: from='mgr.14120 172.21.15.60:0/4139219651' entity='mgr.smithi060.yeiepj'
2024-03-12T03:26:51.990 INFO:journalctl@ceph.mon.smithi060.smithi060.stdout:Mar 12 03:26:51 smithi060 ceph-mon[28926]: from='mgr.14120 172.21.15.60:0/4139219651' entity='mgr.smithi060.yeiepj'
2024-03-12T03:26:51.990 INFO:journalctl@ceph.mon.smithi060.smithi060.stdout:Mar 12 03:26:51 smithi060 ceph-mon[28926]: from='client.14146 -' entity='client.admin' cmd=[{"prefix": "orch apply", "service_type": "crash", "target": ["mon-mgr", ""]}]: dispatch
2024-03-12T03:26:51.991 INFO:journalctl@ceph.mon.smithi060.smithi060.stdout:Mar 12 03:26:51 smithi060 ceph-mon[28926]: Saving service crash spec with placement *
2024-03-12T03:26:51.991 INFO:journalctl@ceph.mon.smithi060.smithi060.stdout:Mar 12 03:26:51 smithi060 ceph-mon[28926]: from='mgr.14120 172.21.15.60:0/4139219651' entity='mgr.smithi060.yeiepj'
2024-03-12T03:26:53.463 INFO:journalctl@ceph.mon.smithi060.smithi060.stdout:Mar 12 03:26:53 smithi060 ceph-mon[28926]: from='client.14148 -' entity='client.admin' cmd=[{"prefix": "orch apply", "service_type": "prometheus", "target": ["mon-mgr", ""]}]: dispatch
2024-03-12T03:26:53.463 INFO:journalctl@ceph.mon.smithi060.smithi060.stdout:Mar 12 03:26:53 smithi060 ceph-mon[28926]: Saving service prometheus spec with placement count:1
2024-03-12T03:26:53.463 INFO:journalctl@ceph.mon.smithi060.smithi060.stdout:Mar 12 03:26:53 smithi060 ceph-mon[28926]: from='mgr.14120 172.21.15.60:0/4139219651' entity='mgr.smithi060.yeiepj'
2024-03-12T03:26:53.471 INFO:teuthology.orchestra.run.smithi060.stdout:/usr/bin/ceph: stdout Scheduled prometheus update...
2024-03-12T03:26:53.471 INFO:teuthology.orchestra.run.smithi060.stdout:/usr/bin/ceph: stderr
2024-03-12T03:26:52.091+0000 7f04f1f79700 1 Processor -- start
2024-03-12T03:26:53.471 INFO:teuthology.orchestra.run.smithi060.stdout:/usr/bin/ceph: stderr
2024-03-12T03:26:52.092+0000 7f04f1f79700 1 -- start start
2024-03-12T03:26:53.471 INFO:teuthology.orchestra.run.smithi060.stdout:/usr/bin/ceph: stderr
2024-03-12T03:26:52.092+0000 7f04f1f79700 1 --2- >> [v2:172.21.15.60:3300/0,v1:172.21.15.60:6789/0] conn(0x7f04ec078ce0 0x7f04ec0771f0 unknown :-1 s=NONE pgs=0 cs=0 l=0 rev1=0 crypto rx=0 tx=0 comp rx=0 tx=0).connect
2024-03-12T03:26:53.471 INFO:teuthology.orchestra.run.smithi060.stdout:/usr/bin/ceph: stderr
2024-03-12T03:26:52.092+0000 7f04f1f79700 1 -- --> [v2:172.21.15.60:3300/0,v1:172.21.15.60:6789/0] -- mon_getmap magic: 0 v1 -- 0x7f04ec0790f0 con 0x7f04ec078ce0
2024-03-12T03:26:53.471 INFO:teuthology.orchestra.run.smithi060.stdout:/usr/bin/ceph: stderr
2024-03-12T03:26:52.092+0000 7f04eb7fe700 1 --2- >> [v2:172.21.15.60:3300/0,v1:172.21.15.60:6789/0] conn(0x7f04ec078ce0 0x7f04ec0771f0 unknown :-1 s=BANNER_CONNECTING pgs=0 cs=0 l=0 rev1=0 crypto rx=0 tx=0 comp rx=0 tx=0)._handle_peer_banner_payload supported=3 required=0
2024-03-12T03:26:53.471 INFO:teuthology.orchestra.run.smithi060.stdout:/usr/bin/ceph: stderr
2024-03-12T03:26:52.092+0000 7f04eb7fe700 1 --2- >> [v2:172.21.15.60:3300/0,v1:172.21.15.60:6789/0] conn(0x7f04ec078ce0 0x7f04ec0771f0 unknown :-1 s=HELLO_CONNECTING pgs=0 cs=0 l=0 rev1=1 crypto rx=0 tx=0 comp rx=0 tx=0).handle_hello peer v2:172.21.15.60:3300/0 says I am v2:172.21.15.60:37642/0 (socket says 172.21.15.60:37642)
2024-03-12T03:26:53.471 INFO:teuthology.orchestra.run.smithi060.stdout:/usr/bin/ceph: stderr
2024-03-12T03:26:52.092+0000 7f04eb7fe700 1 -- 172.21.15.60:0/4095867062 learned_addr learned my addr 172.21.15.60:0/4095867062 (peer_addr_for_me v2:172.21.15.60:0/0)
2024-03-12T03:26:53.471 INFO:teuthology.orchestra.run.smithi060.stdout:/usr/bin/ceph: stderr
2024-03-12T03:26:52.092+0000 7f04eb7fe700 1 -- 172.21.15.60:0/4095867062 --> [v2:172.21.15.60:3300/0,v1:172.21.15.60:6789/0] -- mon_subscribe({config=0+,monmap=0+}) v3 -- 0x7f04ec077730 con 0x7f04ec078ce0
2024-03-12T03:26:53.472 INFO:teuthology.orchestra.run.smithi060.stdout:/usr/bin/ceph: stderr
2024-03-12T03:26:52.092+0000 7f04eb7fe700 1 --2- 172.21.15.60:0/4095867062 >> [v2:172.21.15.60:3300/0,v1:172.21.15.60:6789/0] conn(0x7f04ec078ce0 0x7f04ec0771f0 secure :-1 s=READY pgs=53 cs=0 l=1 rev1=1 crypto rx=0x7f04e00098e0 tx=0x7f04e0009250 comp rx=0 tx=0).ready entity=mon.0 client_cookie=bf45697d4f0e882a server_cookie=0 in_seq=0 out_seq=0
2024-03-12T03:26:53.472 INFO:teuthology.orchestra.run.smithi060.stdout:/usr/bin/ceph: stderr
2024-03-12T03:26:52.092+0000 7f04ea7fc700 1 -- 172.21.15.60:0/4095867062 <== mon.0 v2:172.21.15.60:3300/0 1 ==== mon_map magic: 0 v1 ==== 229+0+0 (secure 0 0 0) 0x7f04e000b860 con 0x7f04ec078ce0
2024-03-12T03:26:53.472 INFO:teuthology.orchestra.run.smithi060.stdout:/usr/bin/ceph: stderr
2024-03-12T03:26:52.093+0000 7f04ea7fc700 1 -- 172.21.15.60:0/4095867062 <== mon.0 v2:172.21.15.60:3300/0 2 ==== config(27 keys) v1 ==== 1109+0+0 (secure 0 0 0) 0x7f04e000be90 con 0x7f04ec078ce0
2024-03-12T03:26:53.472 INFO:teuthology.orchestra.run.smithi060.stdout:/usr/bin/ceph: stderr
2024-03-12T03:26:52.093+0000 7f04ea7fc700 1 -- 172.21.15.60:0/4095867062 <== mon.0 v2:172.21.15.60:3300/0 3 ==== mon_map magic: 0 v1 ==== 229+0+0 (secure 0 0 0) 0x7f04e00103c0 con 0x7f04ec078ce0
2024-03-12T03:26:53.472 INFO:teuthology.orchestra.run.smithi060.stdout:/usr/bin/ceph: stderr
2024-03-12T03:26:52.093+0000 7f04f1f79700 1 -- 172.21.15.60:0/4095867062 >> [v2:172.21.15.60:3300/0,v1:172.21.15.60:6789/0] conn(0x7f04ec078ce0 msgr2=0x7f04ec0771f0 secure :-1 s=STATE_CONNECTION_ESTABLISHED l=1).mark_down
2024-03-12T03:26:53.472 INFO:teuthology.orchestra.run.smithi060.stdout:/usr/bin/ceph: stderr
2024-03-12T03:26:52.093+0000 7f04f1f79700 1 --2- 172.21.15.60:0/4095867062 >> [v2:172.21.15.60:3300/0,v1:172.21.15.60:6789/0] conn(0x7f04ec078ce0 0x7f04ec0771f0 secure :-1 s=READY pgs=53 cs=0 l=1 rev1=1 crypto rx=0x7f04e00098e0 tx=0x7f04e0009250 comp rx=0 tx=0).stop
2024-03-12T03:26:53.472 INFO:teuthology.orchestra.run.smithi060.stdout:/usr/bin/ceph: stderr
2024-03-12T03:26:52.093+0000 7f04f1f79700 1 -- 172.21.15.60:0/4095867062 shutdown_connections
2024-03-12T03:26:53.472 INFO:teuthology.orchestra.run.smithi060.stdout:/usr/bin/ceph: stderr
2024-03-12T03:26:52.093+0000 7f04f1f79700 1 --2- 172.21.15.60:0/4095867062 >> [v2:172.21.15.60:3300/0,v1:172.21.15.60:6789/0] conn(0x7f04ec078ce0 0x7f04ec0771f0 unknown :-1 s=CLOSED pgs=53 cs=0 l=1 rev1=1 crypto rx=0 tx=0 comp rx=0 tx=0).stop
2024-03-12T03:26:53.472 INFO:teuthology.orchestra.run.smithi060.stdout:/usr/bin/ceph: stderr
2024-03-12T03:26:52.093+0000 7f04f1f79700 1 -- 172.21.15.60:0/4095867062 >> 172.21.15.60:0/4095867062 conn(0x7f04ec0fded0 msgr2=0x7f04ec100300 unknown :-1 s=STATE_NONE l=0).mark_down
2024-03-12T03:26:53.472 INFO:teuthology.orchestra.run.smithi060.stdout:/usr/bin/ceph: stderr
2024-03-12T03:26:52.093+0000 7f04f1f79700 1 -- 172.21.15.60:0/4095867062 shutdown_connections
2024-03-12T03:26:53.472 INFO:teuthology.orchestra.run.smithi060.stdout:/usr/bin/ceph: stderr
2024-03-12T03:26:52.093+0000 7f04f1f79700 1 -- 172.21.15.60:0/4095867062 wait complete.
2024-03-12T03:26:53.472 INFO:teuthology.orchestra.run.smithi060.stdout:/usr/bin/ceph: stderr
2024-03-12T03:26:52.094+0000 7f04f1f79700 1 Processor -- start
2024-03-12T03:26:53.472 INFO:teuthology.orchestra.run.smithi060.stdout:/usr/bin/ceph: stderr
2024-03-12T03:26:52.094+0000 7f04f1f79700 1 -- start start
2024-03-12T03:26:53.473 INFO:teuthology.orchestra.run.smithi060.stdout:/usr/bin/ceph: stderr
2024-03-12T03:26:52.094+0000 7f04f1f79700 1 --2- >> [v2:172.21.15.60:3300/0,v1:172.21.15.60:6789/0] conn(0x7f04ec078ce0 0x7f04ec113750 unknown :-1 s=NONE pgs=0 cs=0 l=1 rev1=0 crypto rx=0 tx=0 comp rx=0 tx=0).connect
2024-03-12T03:26:53.473 INFO:teuthology.orchestra.run.smithi060.stdout:/usr/bin/ceph: stderr
2024-03-12T03:26:52.094+0000 7f04f1f79700 1 -- --> [v2:172.21.15.60:3300/0,v1:172.21.15.60:6789/0] -- mon_getmap magic: 0 v1 -- 0x7f04ec113c90 con 0x7f04ec078ce0
2024-03-12T03:26:53.473 INFO:teuthology.orchestra.run.smithi060.stdout:/usr/bin/ceph: stderr
2024-03-12T03:26:52.094+0000 7f04eb7fe700 1 --2- >> [v2:172.21.15.60:3300/0,v1:172.21.15.60:6789/0] conn(0x7f04ec078ce0 0x7f04ec113750 unknown :-1 s=BANNER_CONNECTING pgs=0 cs=0 l=1 rev1=0 crypto rx=0 tx=0 comp rx=0 tx=0)._handle_peer_banner_payload supported=3 required=0
2024-03-12T03:26:53.473 INFO:teuthology.orchestra.run.smithi060.stdout:/usr/bin/ceph: stderr
2024-03-12T03:26:52.094+0000 7f04eb7fe700 1 --2- >> [v2:172.21.15.60:3300/0,v1:172.21.15.60:6789/0] conn(0x7f04ec078ce0 0x7f04ec113750 unknown :-1 s=HELLO_CONNECTING pgs=0 cs=0 l=1 rev1=1 crypto rx=0 tx=0 comp rx=0 tx=0).handle_hello peer v2:172.21.15.60:3300/0 says I am v2:172.21.15.60:37656/0 (socket says 172.21.15.60:37656)
2024-03-12T03:26:53.473 INFO:teuthology.orchestra.run.smithi060.stdout:/usr/bin/ceph: stderr
2024-03-12T03:26:52.094+0000 7f04eb7fe700 1 -- 172.21.15.60:0/4210891131 learned_addr learned my addr 172.21.15.60:0/4210891131 (peer_addr_for_me v2:172.21.15.60:0/0)
2024-03-12T03:26:53.473 INFO:teuthology.orchestra.run.smithi060.stdout:/usr/bin/ceph: stderr
2024-03-12T03:26:52.095+0000 7f04eb7fe700 1 -- 172.21.15.60:0/4210891131 --> [v2:172.21.15.60:3300/0,v1:172.21.15.60:6789/0] -- mon_subscribe({config=0+,monmap=0+}) v3 -- 0x7f04e00094f0 con 0x7f04ec078ce0
2024-03-12T03:26:53.473 INFO:teuthology.orchestra.run.smithi060.stdout:/usr/bin/ceph: stderr
2024-03-12T03:26:52.095+0000 7f04eb7fe700 1 --2- 172.21.15.60:0/4210891131 >> [v2:172.21.15.60:3300/0,v1:172.21.15.60:6789/0] conn(0x7f04ec078ce0 0x7f04ec113750 secure :-1 s=READY pgs=54 cs=0 l=1 rev1=1 crypto rx=0x7f04e00090b0 tx=0x7f04e0009250 comp rx=0 tx=0).ready entity=mon.0 client_cookie=0 server_cookie=0 in_seq=0 out_seq=0
2024-03-12T03:26:53.473 INFO:teuthology.orchestra.run.smithi060.stdout:/usr/bin/ceph: stderr
2024-03-12T03:26:52.095+0000 7f04d3fff700 1 -- 172.21.15.60:0/4210891131 <== mon.0 v2:172.21.15.60:3300/0 1 ==== mon_map magic: 0 v1 ==== 229+0+0 (secure 0 0 0) 0x7f04e00118f0 con 0x7f04ec078ce0
2024-03-12T03:26:53.473 INFO:teuthology.orchestra.run.smithi060.stdout:/usr/bin/ceph: stderr
2024-03-12T03:26:52.095+0000 7f04f1f79700 1 -- 172.21.15.60:0/4210891131 --> [v2:172.21.15.60:3300/0,v1:172.21.15.60:6789/0] -- mon_subscribe({mgrmap=0+}) v3 -- 0x7f04ec113e90 con 0x7f04ec078ce0
2024-03-12T03:26:53.473 INFO:teuthology.orchestra.run.smithi060.stdout:/usr/bin/ceph: stderr
2024-03-12T03:26:52.095+0000 7f04d3fff700 1 -- 172.21.15.60:0/4210891131 <== mon.0 v2:172.21.15.60:3300/0 2 ==== config(27 keys) v1 ==== 1109+0+0 (secure 0 0 0) 0x7f04e0010d10 con 0x7f04ec078ce0
2024-03-12T03:26:53.473 INFO:teuthology.orchestra.run.smithi060.stdout:/usr/bin/ceph: stderr
2024-03-12T03:26:52.095+0000 7f04d3fff700 1 -- 172.21.15.60:0/4210891131 <== mon.0 v2:172.21.15.60:3300/0 3 ==== mon_map magic: 0 v1 ==== 229+0+0 (secure 0 0 0) 0x7f04e0024e70 con 0x7f04ec078ce0
2024-03-12T03:26:53.473 INFO:teuthology.orchestra.run.smithi060.stdout:/usr/bin/ceph: stderr
2024-03-12T03:26:52.095+0000 7f04f1f79700 1 -- 172.21.15.60:0/4210891131 --> [v2:172.21.15.60:3300/0,v1:172.21.15.60:6789/0] -- mon_subscribe({osdmap=0}) v3 -- 0x7f04ec114b30 con 0x7f04ec078ce0
2024-03-12T03:26:53.473 INFO:teuthology.orchestra.run.smithi060.stdout:/usr/bin/ceph: stderr
2024-03-12T03:26:52.096+0000 7f04d3fff700 1 -- 172.21.15.60:0/4210891131 <== mon.0 v2:172.21.15.60:3300/0 4 ==== mgrmap(e 8) v1 ==== 43368+0+0 (secure 0 0 0) 0x7f04e0024440 con 0x7f04ec078ce0
2024-03-12T03:26:53.473 INFO:teuthology.orchestra.run.smithi060.stdout:/usr/bin/ceph: stderr
2024-03-12T03:26:52.096+0000 7f04d3fff700 1 --2- 172.21.15.60:0/4210891131 >> [v2:172.21.15.60:6800/1200629758,v1:172.21.15.60:6801/1200629758] conn(0x7f04d4036740 0x7f04d4038bf0 unknown :-1 s=NONE pgs=0 cs=0 l=1 rev1=0 crypto rx=0 tx=0 comp rx=0 tx=0).connect
2024-03-12T03:26:53.473 INFO:teuthology.orchestra.run.smithi060.stdout:/usr/bin/ceph: stderr
2024-03-12T03:26:52.096+0000 7f04f1f79700 1 -- 172.21.15.60:0/4210891131 --> [v2:172.21.15.60:3300/0,v1:172.21.15.60:6789/0] -- mon_command({"prefix": "get_command_descriptions"} v 0) v1 -- 0x7f04ec05f5c0 con 0x7f04ec078ce0
2024-03-12T03:26:53.474 INFO:teuthology.orchestra.run.smithi060.stdout:/usr/bin/ceph: stderr
2024-03-12T03:26:52.096+0000 7f04d3fff700 1 -- 172.21.15.60:0/4210891131 <== mon.0 v2:172.21.15.60:3300/0 5 ==== osd_map(2..2 src has 1..2) v4 ==== 936+0+0 (secure 0 0 0) 0x7f04e004a5e0 con 0x7f04ec078ce0
2024-03-12T03:26:53.474 INFO:teuthology.orchestra.run.smithi060.stdout:/usr/bin/ceph: stderr
2024-03-12T03:26:52.096+0000 7f04eaffd700 1 --2- 172.21.15.60:0/4210891131 >> [v2:172.21.15.60:6800/1200629758,v1:172.21.15.60:6801/1200629758] conn(0x7f04d4036740 0x7f04d4038bf0 unknown :-1 s=BANNER_CONNECTING pgs=0 cs=0 l=1 rev1=0 crypto rx=0 tx=0 comp rx=0 tx=0)._handle_peer_banner_payload supported=3 required=0
2024-03-12T03:26:53.474 INFO:teuthology.orchestra.run.smithi060.stdout:/usr/bin/ceph: stderr
2024-03-12T03:26:52.097+0000 7f04eaffd700 1 --2- 172.21.15.60:0/4210891131 >> [v2:172.21.15.60:6800/1200629758,v1:172.21.15.60:6801/1200629758] conn(0x7f04d4036740 0x7f04d4038bf0 secure :-1 s=READY pgs=15 cs=0 l=1 rev1=1 crypto rx=0x7f04dc009990 tx=0x7f04dc006e40 comp rx=0 tx=0).ready entity=mgr.14120 client_cookie=0 server_cookie=0 in_seq=0 out_seq=0
2024-03-12T03:26:53.474 INFO:teuthology.orchestra.run.smithi060.stdout:/usr/bin/ceph: stderr
2024-03-12T03:26:52.101+0000 7f04d3fff700 1 -- 172.21.15.60:0/4210891131 <== mon.0 v2:172.21.15.60:3300/0 6 ==== mon_command_ack([{"prefix": "get_command_descriptions"}]=0 v0) v1 ==== 72+0+175366 (secure 0 0 0) 0x7f04e0078d20 con 0x7f04ec078ce0
2024-03-12T03:26:53.474 INFO:teuthology.orchestra.run.smithi060.stdout:/usr/bin/ceph: stderr
2024-03-12T03:26:52.345+0000 7f04f1f79700 1 -- 172.21.15.60:0/4210891131 --> [v2:172.21.15.60:6800/1200629758,v1:172.21.15.60:6801/1200629758] -- mgr_command(tid 0: {"prefix": "orch apply", "service_type": "prometheus", "target": ["mon-mgr", ""]}) v1 -- 0x7f04ec1001b0 con 0x7f04d4036740
2024-03-12T03:26:53.474 INFO:teuthology.orchestra.run.smithi060.stdout:/usr/bin/ceph: stderr
