2024-03-11T22:53:49.187+0000 7f18c048e700 1 -- 172.21.15.153:0/3614053768 shutdown_connections
2024-03-11T22:53:49.738 INFO:teuthology.orchestra.run.smithi153.stdout:/usr/bin/ceph: stderr
2024-03-11T22:53:49.187+0000 7f18c048e700 1 -- 172.21.15.153:0/3614053768 wait complete.
2024-03-11T22:53:50.531 INFO:journalctl@ceph.mon.smithi153.smithi153.stdout:Mar 11 22:53:50 smithi153 ceph-mon[28962]: [11/Mar/2024:22:53:48] ENGINE Bus STARTING
2024-03-11T22:53:50.531 INFO:journalctl@ceph.mon.smithi153.smithi153.stdout:Mar 11 22:53:50 smithi153 ceph-mon[28962]: [11/Mar/2024:22:53:48] ENGINE Serving on https://172.21.15.153:7150
2024-03-11T22:53:50.531 INFO:journalctl@ceph.mon.smithi153.smithi153.stdout:Mar 11 22:53:50 smithi153 ceph-mon[28962]: [11/Mar/2024:22:53:48] ENGINE Bus STARTED
2024-03-11T22:53:50.531 INFO:journalctl@ceph.mon.smithi153.smithi153.stdout:Mar 11 22:53:50 smithi153 ceph-mon[28962]: from='client.14130 -' entity='client.admin' cmd=[{"prefix": "orch set backend", "module_name": "cephadm", "target": ["mon-mgr", ""]}]: dispatch
2024-03-11T22:53:50.531 INFO:journalctl@ceph.mon.smithi153.smithi153.stdout:Mar 11 22:53:50 smithi153 ceph-mon[28962]: from='mgr.14118 172.21.15.153:0/870689843' entity='mgr.smithi153.nyocep'
2024-03-11T22:53:50.531 INFO:journalctl@ceph.mon.smithi153.smithi153.stdout:Mar 11 22:53:50 smithi153 ceph-mon[28962]: from='mgr.14118 172.21.15.153:0/870689843' entity='mgr.smithi153.nyocep' cmd=[{"prefix": "config dump", "format": "json"}]: dispatch
2024-03-11T22:53:50.531 INFO:journalctl@ceph.mon.smithi153.smithi153.stdout:Mar 11 22:53:50 smithi153 ceph-mon[28962]: mgrmap e8: smithi153.nyocep(active, since 2s)
2024-03-11T22:53:50.907 INFO:teuthology.orchestra.run.smithi153.stdout:/usr/bin/ceph: stdout value unchanged
2024-03-11T22:53:50.907 INFO:teuthology.orchestra.run.smithi153.stdout:/usr/bin/ceph: stderr
2024-03-11T22:53:50.140+0000 7ff9deb26700 1 Processor -- start
2024-03-11T22:53:50.907 INFO:teuthology.orchestra.run.smithi153.stdout:/usr/bin/ceph: stderr
2024-03-11T22:53:50.140+0000 7ff9deb26700 1 -- start start
2024-03-11T22:53:50.907 INFO:teuthology.orchestra.run.smithi153.stdout:/usr/bin/ceph: stderr
2024-03-11T22:53:50.140+0000 7ff9deb26700 1 --2- >> [v2:172.21.15.153:3300/0,v1:172.21.15.153:6789/0] conn(0x7ff9d8101670 0x7ff9d8101a80 unknown :-1 s=NONE pgs=0 cs=0 l=0 rev1=0 crypto rx=0 tx=0 comp rx=0 tx=0).connect
2024-03-11T22:53:50.907 INFO:teuthology.orchestra.run.smithi153.stdout:/usr/bin/ceph: stderr
2024-03-11T22:53:50.140+0000 7ff9deb26700 1 -- --> [v2:172.21.15.153:3300/0,v1:172.21.15.153:6789/0] -- mon_getmap magic: 0 v1 -- 0x7ff9d8101fc0 con 0x7ff9d8101670
2024-03-11T22:53:50.907 INFO:teuthology.orchestra.run.smithi153.stdout:/usr/bin/ceph: stderr
2024-03-11T22:53:50.140+0000 7ff9dc8c2700 1 --2- >> [v2:172.21.15.153:3300/0,v1:172.21.15.153:6789/0] conn(0x7ff9d8101670 0x7ff9d8101a80 unknown :-1 s=BANNER_CONNECTING pgs=0 cs=0 l=0 rev1=0 crypto rx=0 tx=0 comp rx=0 tx=0)._handle_peer_banner_payload supported=3 required=0
2024-03-11T22:53:50.907 INFO:teuthology.orchestra.run.smithi153.stdout:/usr/bin/ceph: stderr
2024-03-11T22:53:50.140+0000 7ff9dc8c2700 1 --2- >> [v2:172.21.15.153:3300/0,v1:172.21.15.153:6789/0] conn(0x7ff9d8101670 0x7ff9d8101a80 unknown :-1 s=HELLO_CONNECTING pgs=0 cs=0 l=0 rev1=1 crypto rx=0 tx=0 comp rx=0 tx=0).handle_hello peer v2:172.21.15.153:3300/0 says I am v2:172.21.15.153:51576/0 (socket says 172.21.15.153:51576)
2024-03-11T22:53:50.907 INFO:teuthology.orchestra.run.smithi153.stdout:/usr/bin/ceph: stderr
2024-03-11T22:53:50.140+0000 7ff9dc8c2700 1 -- 172.21.15.153:0/1022235839 learned_addr learned my addr 172.21.15.153:0/1022235839 (peer_addr_for_me v2:172.21.15.153:0/0)
2024-03-11T22:53:50.907 INFO:teuthology.orchestra.run.smithi153.stdout:/usr/bin/ceph: stderr
2024-03-11T22:53:50.141+0000 7ff9dc8c2700 1 -- 172.21.15.153:0/1022235839 --> [v2:172.21.15.153:3300/0,v1:172.21.15.153:6789/0] -- mon_subscribe({config=0+,monmap=0+}) v3 -- 0x7ff9d8102100 con 0x7ff9d8101670
2024-03-11T22:53:50.907 INFO:teuthology.orchestra.run.smithi153.stdout:/usr/bin/ceph: stderr
2024-03-11T22:53:50.141+0000 7ff9dc8c2700 1 --2- 172.21.15.153:0/1022235839 >> [v2:172.21.15.153:3300/0,v1:172.21.15.153:6789/0] conn(0x7ff9d8101670 0x7ff9d8101a80 secure :-1 s=READY pgs=37 cs=0 l=1 rev1=1 crypto rx=0x7ff9cc0098e0 tx=0x7ff9cc009250 comp rx=0 tx=0).ready entity=mon.0 client_cookie=42cb34e24ace3a70 server_cookie=0 in_seq=0 out_seq=0
2024-03-11T22:53:50.907 INFO:teuthology.orchestra.run.smithi153.stdout:/usr/bin/ceph: stderr
2024-03-11T22:53:50.141+0000 7ff9d77fe700 1 -- 172.21.15.153:0/1022235839 <== mon.0 v2:172.21.15.153:3300/0 1 ==== mon_map magic: 0 v1 ==== 229+0+0 (secure 0 0 0) 0x7ff9cc00b860 con 0x7ff9d8101670
2024-03-11T22:53:50.908 INFO:teuthology.orchestra.run.smithi153.stdout:/usr/bin/ceph: stderr
2024-03-11T22:53:50.141+0000 7ff9d77fe700 1 -- 172.21.15.153:0/1022235839 <== mon.0 v2:172.21.15.153:3300/0 2 ==== config(27 keys) v1 ==== 1044+0+0 (secure 0 0 0) 0x7ff9cc00be50 con 0x7ff9d8101670
2024-03-11T22:53:50.908 INFO:teuthology.orchestra.run.smithi153.stdout:/usr/bin/ceph: stderr
2024-03-11T22:53:50.141+0000 7ff9d77fe700 1 -- 172.21.15.153:0/1022235839 <== mon.0 v2:172.21.15.153:3300/0 3 ==== mon_map magic: 0 v1 ==== 229+0+0 (secure 0 0 0) 0x7ff9cc010380 con 0x7ff9d8101670
2024-03-11T22:53:50.908 INFO:teuthology.orchestra.run.smithi153.stdout:/usr/bin/ceph: stderr
2024-03-11T22:53:50.141+0000 7ff9deb26700 1 -- 172.21.15.153:0/1022235839 >> [v2:172.21.15.153:3300/0,v1:172.21.15.153:6789/0] conn(0x7ff9d8101670 msgr2=0x7ff9d8101a80 secure :-1 s=STATE_CONNECTION_ESTABLISHED l=1).mark_down
2024-03-11T22:53:50.908 INFO:teuthology.orchestra.run.smithi153.stdout:/usr/bin/ceph: stderr
2024-03-11T22:53:50.141+0000 7ff9deb26700 1 --2- 172.21.15.153:0/1022235839 >> [v2:172.21.15.153:3300/0,v1:172.21.15.153:6789/0] conn(0x7ff9d8101670 0x7ff9d8101a80 secure :-1 s=READY pgs=37 cs=0 l=1 rev1=1 crypto rx=0x7ff9cc0098e0 tx=0x7ff9cc009250 comp rx=0 tx=0).stop
2024-03-11T22:53:50.908 INFO:teuthology.orchestra.run.smithi153.stdout:/usr/bin/ceph: stderr
2024-03-11T22:53:50.141+0000 7ff9deb26700 1 -- 172.21.15.153:0/1022235839 shutdown_connections
2024-03-11T22:53:50.908 INFO:teuthology.orchestra.run.smithi153.stdout:/usr/bin/ceph: stderr
2024-03-11T22:53:50.141+0000 7ff9deb26700 1 --2- 172.21.15.153:0/1022235839 >> [v2:172.21.15.153:3300/0,v1:172.21.15.153:6789/0] conn(0x7ff9d8101670 0x7ff9d8101a80 unknown :-1 s=CLOSED pgs=37 cs=0 l=1 rev1=1 crypto rx=0 tx=0 comp rx=0 tx=0).stop
2024-03-11T22:53:50.908 INFO:teuthology.orchestra.run.smithi153.stdout:/usr/bin/ceph: stderr
2024-03-11T22:53:50.141+0000 7ff9deb26700 1 -- 172.21.15.153:0/1022235839 >> 172.21.15.153:0/1022235839 conn(0x7ff9d80fcdd0 msgr2=0x7ff9d80ff200 unknown :-1 s=STATE_NONE l=0).mark_down
2024-03-11T22:53:50.908 INFO:teuthology.orchestra.run.smithi153.stdout:/usr/bin/ceph: stderr
2024-03-11T22:53:50.142+0000 7ff9deb26700 1 -- 172.21.15.153:0/1022235839 shutdown_connections
2024-03-11T22:53:50.908 INFO:teuthology.orchestra.run.smithi153.stdout:/usr/bin/ceph: stderr
2024-03-11T22:53:50.142+0000 7ff9deb26700 1 -- 172.21.15.153:0/1022235839 wait complete.
2024-03-11T22:53:50.908 INFO:teuthology.orchestra.run.smithi153.stdout:/usr/bin/ceph: stderr
2024-03-11T22:53:50.142+0000 7ff9deb26700 1 Processor -- start
2024-03-11T22:53:50.908 INFO:teuthology.orchestra.run.smithi153.stdout:/usr/bin/ceph: stderr
2024-03-11T22:53:50.142+0000 7ff9deb26700 1 -- start start
2024-03-11T22:53:50.908 INFO:teuthology.orchestra.run.smithi153.stdout:/usr/bin/ceph: stderr
2024-03-11T22:53:50.142+0000 7ff9deb26700 1 --2- >> [v2:172.21.15.153:3300/0,v1:172.21.15.153:6789/0] conn(0x7ff9d8101670 0x7ff9d8113a10 unknown :-1 s=NONE pgs=0 cs=0 l=1 rev1=0 crypto rx=0 tx=0 comp rx=0 tx=0).connect
2024-03-11T22:53:50.908 INFO:teuthology.orchestra.run.smithi153.stdout:/usr/bin/ceph: stderr
2024-03-11T22:53:50.142+0000 7ff9deb26700 1 -- --> [v2:172.21.15.153:3300/0,v1:172.21.15.153:6789/0] -- mon_getmap magic: 0 v1 -- 0x7ff9d8113f50 con 0x7ff9d8101670
2024-03-11T22:53:50.908 INFO:teuthology.orchestra.run.smithi153.stdout:/usr/bin/ceph: stderr
2024-03-11T22:53:50.142+0000 7ff9dc8c2700 1 --2- >> [v2:172.21.15.153:3300/0,v1:172.21.15.153:6789/0] conn(0x7ff9d8101670 0x7ff9d8113a10 unknown :-1 s=BANNER_CONNECTING pgs=0 cs=0 l=1 rev1=0 crypto rx=0 tx=0 comp rx=0 tx=0)._handle_peer_banner_payload supported=3 required=0
2024-03-11T22:53:50.908 INFO:teuthology.orchestra.run.smithi153.stdout:/usr/bin/ceph: stderr
2024-03-11T22:53:50.142+0000 7ff9dc8c2700 1 --2- >> [v2:172.21.15.153:3300/0,v1:172.21.15.153:6789/0] conn(0x7ff9d8101670 0x7ff9d8113a10 unknown :-1 s=HELLO_CONNECTING pgs=0 cs=0 l=1 rev1=1 crypto rx=0 tx=0 comp rx=0 tx=0).handle_hello peer v2:172.21.15.153:3300/0 says I am v2:172.21.15.153:51592/0 (socket says 172.21.15.153:51592)
2024-03-11T22:53:50.909 INFO:teuthology.orchestra.run.smithi153.stdout:/usr/bin/ceph: stderr
2024-03-11T22:53:50.142+0000 7ff9dc8c2700 1 -- 172.21.15.153:0/4194622227 learned_addr learned my addr 172.21.15.153:0/4194622227 (peer_addr_for_me v2:172.21.15.153:0/0)
2024-03-11T22:53:50.909 INFO:teuthology.orchestra.run.smithi153.stdout:/usr/bin/ceph: stderr
2024-03-11T22:53:50.143+0000 7ff9dc8c2700 1 -- 172.21.15.153:0/4194622227 --> [v2:172.21.15.153:3300/0,v1:172.21.15.153:6789/0] -- mon_subscribe({config=0+,monmap=0+}) v3 -- 0x7ff9cc0094f0 con 0x7ff9d8101670
2024-03-11T22:53:50.909 INFO:teuthology.orchestra.run.smithi153.stdout:/usr/bin/ceph: stderr
2024-03-11T22:53:50.143+0000 7ff9dc8c2700 1 --2- 172.21.15.153:0/4194622227 >> [v2:172.21.15.153:3300/0,v1:172.21.15.153:6789/0] conn(0x7ff9d8101670 0x7ff9d8113a10 secure :-1 s=READY pgs=38 cs=0 l=1 rev1=1 crypto rx=0x7ff9cc00b440 tx=0x7ff9cc009250 comp rx=0 tx=0).ready entity=mon.0 client_cookie=0 server_cookie=0 in_seq=0 out_seq=0
2024-03-11T22:53:50.909 INFO:teuthology.orchestra.run.smithi153.stdout:/usr/bin/ceph: stderr
2024-03-11T22:53:50.143+0000 7ff9d57fa700 1 -- 172.21.15.153:0/4194622227 <== mon.0 v2:172.21.15.153:3300/0 1 ==== mon_map magic: 0 v1 ==== 229+0+0 (secure 0 0 0) 0x7ff9cc010760 con 0x7ff9d8101670
2024-03-11T22:53:50.909 INFO:teuthology.orchestra.run.smithi153.stdout:/usr/bin/ceph: stderr
2024-03-11T22:53:50.143+0000 7ff9d57fa700 1 -- 172.21.15.153:0/4194622227 <== mon.0 v2:172.21.15.153:3300/0 2 ==== config(27 keys) v1 ==== 1044+0+0 (secure 0 0 0) 0x7ff9cc010d50 con 0x7ff9d8101670
2024-03-11T22:53:50.909 INFO:teuthology.orchestra.run.smithi153.stdout:/usr/bin/ceph: stderr
2024-03-11T22:53:50.143+0000 7ff9deb26700 1 -- 172.21.15.153:0/4194622227 --> [v2:172.21.15.153:3300/0,v1:172.21.15.153:6789/0] -- mon_subscribe({mgrmap=0+}) v3 -- 0x7ff9d8114150 con 0x7ff9d8101670
2024-03-11T22:53:50.909 INFO:teuthology.orchestra.run.smithi153.stdout:/usr/bin/ceph: stderr
2024-03-11T22:53:50.143+0000 7ff9d57fa700 1 -- 172.21.15.153:0/4194622227 <== mon.0 v2:172.21.15.153:3300/0 3 ==== mon_map magic: 0 v1 ==== 229+0+0 (secure 0 0 0) 0x7ff9cc024d80 con 0x7ff9d8101670
2024-03-11T22:53:50.909 INFO:teuthology.orchestra.run.smithi153.stdout:/usr/bin/ceph: stderr
2024-03-11T22:53:50.143+0000 7ff9deb26700 1 -- 172.21.15.153:0/4194622227 --> [v2:172.21.15.153:3300/0,v1:172.21.15.153:6789/0] -- mon_subscribe({osdmap=0}) v3 -- 0x7ff9d8114df0 con 0x7ff9d8101670
2024-03-11T22:53:50.909 INFO:teuthology.orchestra.run.smithi153.stdout:/usr/bin/ceph: stderr
2024-03-11T22:53:50.144+0000 7ff9d57fa700 1 -- 172.21.15.153:0/4194622227 <== mon.0 v2:172.21.15.153:3300/0 4 ==== mgrmap(e 8) v1 ==== 43368+0+0 (secure 0 0 0) 0x7ff9cc01a430 con 0x7ff9d8101670
2024-03-11T22:53:50.909 INFO:teuthology.orchestra.run.smithi153.stdout:/usr/bin/ceph: stderr
2024-03-11T22:53:50.144+0000 7ff9d57fa700 1 --2- 172.21.15.153:0/4194622227 >> [v2:172.21.15.153:6800/1518383615,v1:172.21.15.153:6801/1518383615] conn(0x7ff9c80367d0 0x7ff9c8038c80 unknown :-1 s=NONE pgs=0 cs=0 l=1 rev1=0 crypto rx=0 tx=0 comp rx=0 tx=0).connect
2024-03-11T22:53:50.909 INFO:teuthology.orchestra.run.smithi153.stdout:/usr/bin/ceph: stderr
2024-03-11T22:53:50.144+0000 7ff9deb26700 1 -- 172.21.15.153:0/4194622227 --> [v2:172.21.15.153:3300/0,v1:172.21.15.153:6789/0] -- mon_command({"prefix": "get_command_descriptions"} v 0) v1 -- 0x7ff9d805f5c0 con 0x7ff9d8101670
2024-03-11T22:53:50.909 INFO:teuthology.orchestra.run.smithi153.stdout:/usr/bin/ceph: stderr
2024-03-11T22:53:50.144+0000 7ff9d57fa700 1 -- 172.21.15.153:0/4194622227 <== mon.0 v2:172.21.15.153:3300/0 5 ==== osd_map(2..2 src has 1..2) v4 ==== 936+0+0 (secure 0 0 0) 0x7ff9cc04a670 con 0x7ff9d8101670
2024-03-11T22:53:50.909 INFO:teuthology.orchestra.run.smithi153.stdout:/usr/bin/ceph: stderr
2024-03-11T22:53:50.144+0000 7ff9d7fff700 1 --2- 172.21.15.153:0/4194622227 >> [v2:172.21.15.153:6800/1518383615,v1:172.21.15.153:6801/1518383615] conn(0x7ff9c80367d0 0x7ff9c8038c80 unknown :-1 s=BANNER_CONNECTING pgs=0 cs=0 l=1 rev1=0 crypto rx=0 tx=0 comp rx=0 tx=0)._handle_peer_banner_payload supported=3 required=0
2024-03-11T22:53:50.910 INFO:teuthology.orchestra.run.smithi153.stdout:/usr/bin/ceph: stderr
2024-03-11T22:53:50.145+0000 7ff9d7fff700 1 --2- 172.21.15.153:0/4194622227 >> [v2:172.21.15.153:6800/1518383615,v1:172.21.15.153:6801/1518383615] conn(0x7ff9c80367d0 0x7ff9c8038c80 secure :-1 s=READY pgs=8 cs=0 l=1 rev1=1 crypto rx=0x7ff9c4009990 tx=0x7ff9c4006e40 comp rx=0 tx=0).ready entity=mgr.14118 client_cookie=0 server_cookie=0 in_seq=0 out_seq=0
2024-03-11T22:53:50.910 INFO:teuthology.orchestra.run.smithi153.stdout:/usr/bin/ceph: stderr
2024-03-11T22:53:50.149+0000 7ff9d57fa700 1 -- 172.21.15.153:0/4194622227 <== mon.0 v2:172.21.15.153:3300/0 6 ==== mon_command_ack([{"prefix": "get_command_descriptions"}]=0 v0) v1 ==== 72+0+175366 (secure 0 0 0) 0x7ff9cc01a6e0 con 0x7ff9d8101670
2024-03-11T22:53:50.910 INFO:teuthology.orchestra.run.smithi153.stdout:/usr/bin/ceph: stderr
2024-03-11T22:53:50.335+0000 7ff9deb26700 1 -- 172.21.15.153:0/4194622227 --> [v2:172.21.15.153:6800/1518383615,v1:172.21.15.153:6801/1518383615] -- mgr_command(tid 0: {"prefix": "cephadm set-user", "user": "root", "target": ["mon-mgr", ""]}) v1 -- 0x7ff9d81035f0 con 0x7ff9c80367d0
2024-03-11T22:53:50.910 INFO:teuthology.orchestra.run.smithi153.stdout:/usr/bin/ceph: stderr
2024-03-11T22:53:50.336+0000 7ff9d57fa700 1 -- 172.21.15.153:0/4194622227 <== mgr.14118 v2:172.21.15.153:6800/1518383615 1 ==== mgr_command_reply(tid 0: 0 ) v1 ==== 8+0+16 (secure 0 0 0) 0x7ff9d81035f0 con 0x7ff9c80367d0
2024-03-11T22:53:50.910 INFO:teuthology.orchestra.run.smithi153.stdout:/usr/bin/ceph: stderr
2024-03-11T22:53:50.338+0000 7ff9deb26700 1 -- 172.21.15.153:0/4194622227 >> [v2:172.21.15.153:6800/1518383615,v1:172.21.15.153:6801/1518383615] conn(0x7ff9c80367d0 msgr2=0x7ff9c8038c80 secure :-1 s=STATE_CONNECTION_ESTABLISHED l=1).mark_down
2024-03-11T22:53:50.910 INFO:teuthology.orchestra.run.smithi153.stdout:/usr/bin/ceph: stderr
2024-03-11T22:53:50.338+0000 7ff9deb26700 1 --2- 172.21.15.153:0/4194622227 >> [v2:172.21.15.153:6800/1518383615,v1:172.21.15.153:6801/1518383615] conn(0x7ff9c80367d0 0x7ff9c8038c80 secure :-1 s=READY pgs=8 cs=0 l=1 rev1=1 crypto rx=0x7ff9c4009990 tx=0x7ff9c4006e40 comp rx=0 tx=0).stop
2024-03-11T22:53:50.910 INFO:teuthology.orchestra.run.smithi153.stdout:/usr/bin/ceph: stderr
2024-03-11T22:53:50.338+0000 7ff9deb26700 1 -- 172.21.15.153:0/4194622227 >> [v2:172.21.15.153:3300/0,v1:172.21.15.153:6789/0] conn(0x7ff9d8101670 msgr2=0x7ff9d8113a10 secure :-1 s=STATE_CONNECTION_ESTABLISHED l=1).mark_down
2024-03-11T22:53:50.910 INFO:teuthology.orchestra.run.smithi153.stdout:/usr/bin/ceph: stderr
2024-03-11T22:53:50.338+0000 7ff9deb26700 1 --2- 172.21.15.153:0/4194622227 >> [v2:172.21.15.153:3300/0,v1:172.21.15.153:6789/0] conn(0x7ff9d8101670 0x7ff9d8113a10 secure :-1 s=READY pgs=38 cs=0 l=1 rev1=1 crypto rx=0x7ff9cc00b440 tx=0x7ff9cc009250 comp rx=0 tx=0).stop
2024-03-11T22:53:50.910 INFO:teuthology.orchestra.run.smithi153.stdout:/usr/bin/ceph: stderr
2024-03-11T22:53:50.338+0000 7ff9deb26700 1 -- 172.21.15.153:0/4194622227 shutdown_connections
2024-03-11T22:53:50.910 INFO:teuthology.orchestra.run.smithi153.stdout:/usr/bin/ceph: stderr
2024-03-11T22:53:50.338+0000 7ff9deb26700 1 --2- 172.21.15.153:0/4194622227 >> [v2:172.21.15.153:6800/1518383615,v1:172.21.15.153:6801/1518383615] conn(0x7ff9c80367d0 0x7ff9c8038c80 unknown :-1 s=CLOSED pgs=8 cs=0 l=1 rev1=1 crypto rx=0 tx=0 comp rx=0 tx=0).stop
2024-03-11T22:53:50.910 INFO:teuthology.orchestra.run.smithi153.stdout:/usr/bin/ceph: stderr
2024-03-11T22:53:50.338+0000 7ff9deb26700 1 --2- 172.21.15.153:0/4194622227 >> [v2:172.21.15.153:3300/0,v1:172.21.15.153:6789/0] conn(0x7ff9d8101670 0x7ff9d8113a10 unknown :-1 s=CLOSED pgs=38 cs=0 l=1 rev1=1 crypto rx=0 tx=0 comp rx=0 tx=0).stop
2024-03-11T22:53:50.910 INFO:teuthology.orchestra.run.smithi153.stdout:/usr/bin/ceph: stderr
2024-03-11T22:53:50.338+0000 7ff9deb26700 1 -- 172.21.15.153:0/4194622227 >> 172.21.15.153:0/4194622227 conn(0x7ff9d80fcdd0 msgr2=0x7ff9d81063e0 unknown :-1 s=STATE_NONE l=0).mark_down
2024-03-11T22:53:50.910 INFO:teuthology.orchestra.run.smithi153.stdout:/usr/bin/ceph: stderr
2024-03-11T22:53:50.338+0000 7ff9deb26700 1 -- 172.21.15.153:0/4194622227 shutdown_connections
2024-03-11T22:53:50.910 INFO:teuthology.orchestra.run.smithi153.stdout:/usr/bin/ceph: stderr
2024-03-11T22:53:50.338+0000 7ff9deb26700 1 -- 172.21.15.153:0/4194622227 wait complete.
2024-03-11T22:53:50.911 INFO:teuthology.orchestra.run.smithi153.stdout:Generating ssh key...
2024-03-11T22:53:51.707 INFO:journalctl@ceph.mon.smithi153.smithi153.stdout:Mar 11 22:53:51 smithi153 ceph-mon[28962]: from='client.14132 -' entity='client.admin' cmd=[{"prefix": "cephadm set-user", "user": "root", "target": ["mon-mgr", ""]}]: dispatch
2024-03-11T22:53:52.271 INFO:teuthology.orchestra.run.smithi153.stdout:/usr/bin/ceph: stderr
2024-03-11T22:53:51.334+0000 7f69b4a25700 1 Processor -- start
2024-03-11T22:53:52.271 INFO:teuthology.orchestra.run.smithi153.stdout:/usr/bin/ceph: stderr
2024-03-11T22:53:51.334+0000 7f69b4a25700 1 -- start start
2024-03-11T22:53:52.271 INFO:teuthology.orchestra.run.smithi153.stdout:/usr/bin/ceph: stderr
2024-03-11T22:53:51.334+0000 7f69b4a25700 1 --2- >> [v2:172.21.15.153:3300/0,v1:172.21.15.153:6789/0] conn(0x7f69b0102770 0x7f69b0102b80 unknown :-1 s=NONE pgs=0 cs=0 l=0 rev1=0 crypto rx=0 tx=0 comp rx=0 tx=0).connect
2024-03-11T22:53:52.271 INFO:teuthology.orchestra.run.smithi153.stdout:/usr/bin/ceph: stderr
2024-03-11T22:53:51.334+0000 7f69b4a25700 1 -- --> [v2:172.21.15.153:3300/0,v1:172.21.15.153:6789/0] -- mon_getmap magic: 0 v1 -- 0x7f69b01030c0 con 0x7f69b0102770
2024-03-11T22:53:52.271 INFO:teuthology.orchestra.run.smithi153.stdout:/usr/bin/ceph: stderr
2024-03-11T22:53:51.334+0000 7f69ae59c700 1 --2- >> [v2:172.21.15.153:3300/0,v1:172.21.15.153:6789/0] conn(0x7f69b0102770 0x7f69b0102b80 unknown :-1 s=BANNER_CONNECTING pgs=0 cs=0 l=0 rev1=0 crypto rx=0 tx=0 comp rx=0 tx=0)._handle_peer_banner_payload supported=3 required=0
2024-03-11T22:53:52.272 INFO:teuthology.orchestra.run.smithi153.stdout:/usr/bin/ceph: stderr
2024-03-11T22:53:51.334+0000 7f69ae59c700 1 --2- >> [v2:172.21.15.153:3300/0,v1:172.21.15.153:6789/0] conn(0x7f69b0102770 0x7f69b0102b80 unknown :-1 s=HELLO_CONNECTING pgs=0 cs=0 l=0 rev1=1 crypto rx=0 tx=0 comp rx=0 tx=0).handle_hello peer v2:172.21.15.153:3300/0 says I am v2:172.21.15.153:51594/0 (socket says 172.21.15.153:51594)
2024-03-11T22:53:52.272 INFO:teuthology.orchestra.run.smithi153.stdout:/usr/bin/ceph: stderr
2024-03-11T22:53:51.334+0000 7f69ae59c700 1 -- 172.21.15.153:0/971281821 learned_addr learned my addr 172.21.15.153:0/971281821 (peer_addr_for_me v2:172.21.15.153:0/0)
2024-03-11T22:53:52.272 INFO:teuthology.orchestra.run.smithi153.stdout:/usr/bin/ceph: stderr
2024-03-11T22:53:51.335+0000 7f69ae59c700 1 -- 172.21.15.153:0/971281821 --> [v2:172.21.15.153:3300/0,v1:172.21.15.153:6789/0] -- mon_subscribe({config=0+,monmap=0+}) v3 -- 0x7f69b0103200 con 0x7f69b0102770
2024-03-11T22:53:52.272 INFO:teuthology.orchestra.run.smithi153.stdout:/usr/bin/ceph: stderr
2024-03-11T22:53:51.335+0000 7f69ae59c700 1 --2- 172.21.15.153:0/971281821 >> [v2:172.21.15.153:3300/0,v1:172.21.15.153:6789/0] conn(0x7f69b0102770 0x7f69b0102b80 secure :-1 s=READY pgs=39 cs=0 l=1 rev1=1 crypto rx=0x7f69a00098e0 tx=0x7f69a0009250 comp rx=0 tx=0).ready entity=mon.0 client_cookie=ade1564a124d8ef0 server_cookie=0 in_seq=0 out_seq=0
2024-03-11T22:53:52.272 INFO:teuthology.orchestra.run.smithi153.stdout:/usr/bin/ceph: stderr
2024-03-11T22:53:51.335+0000 7f69ad59a700 1 -- 172.21.15.153:0/971281821 <== mon.0 v2:172.21.15.153:3300/0 1 ==== mon_map magic: 0 v1 ==== 229+0+0 (secure 0 0 0) 0x7f69a000b860 con 0x7f69b0102770
2024-03-11T22:53:52.272 INFO:teuthology.orchestra.run.smithi153.stdout:/usr/bin/ceph: stderr
2024-03-11T22:53:51.335+0000 7f69ad59a700 1 -- 172.21.15.153:0/971281821 <== mon.0 v2:172.21.15.153:3300/0 2 ==== config(27 keys) v1 ==== 1044+0+0 (secure 0 0 0) 0x7f69a000be50 con 0x7f69b0102770
2024-03-11T22:53:52.272 INFO:teuthology.orchestra.run.smithi153.stdout:/usr/bin/ceph: stderr
2024-03-11T22:53:51.335+0000 7f69ad59a700 1 -- 172.21.15.153:0/971281821 <== mon.0 v2:172.21.15.153:3300/0 3 ==== mon_map magic: 0 v1 ==== 229+0+0 (secure 0 0 0) 0x7f69a0010380 con 0x7f69b0102770
2024-03-11T22:53:52.272 INFO:teuthology.orchestra.run.smithi153.stdout:/usr/bin/ceph: stderr
2024-03-11T22:53:51.335+0000 7f69b4a25700 1 -- 172.21.15.153:0/971281821 >> [v2:172.21.15.153:3300/0,v1:172.21.15.153:6789/0] conn(0x7f69b0102770 msgr2=0x7f69b0102b80 secure :-1 s=STATE_CONNECTION_ESTABLISHED l=1).mark_down
2024-03-11T22:53:52.272 INFO:teuthology.orchestra.run.smithi153.stdout:/usr/bin/ceph: stderr
2024-03-11T22:53:51.335+0000 7f69b4a25700 1 --2- 172.21.15.153:0/971281821 >> [v2:172.21.15.153:3300/0,v1:172.21.15.153:6789/0] conn(0x7f69b0102770 0x7f69b0102b80 secure :-1 s=READY pgs=39 cs=0 l=1 rev1=1 crypto rx=0x7f69a00098e0 tx=0x7f69a0009250 comp rx=0 tx=0).stop
2024-03-11T22:53:52.272 INFO:teuthology.orchestra.run.smithi153.stdout:/usr/bin/ceph: stderr
2024-03-11T22:53:51.336+0000 7f69b4a25700 1 -- 172.21.15.153:0/971281821 shutdown_connections
2024-03-11T22:53:52.272 INFO:teuthology.orchestra.run.smithi153.stdout:/usr/bin/ceph: stderr
2024-03-11T22:53:51.336+0000 7f69b4a25700 1 --2- 172.21.15.153:0/971281821 >> [v2:172.21.15.153:3300/0,v1:172.21.15.153:6789/0] conn(0x7f69b0102770 0x7f69b0102b80 unknown :-1 s=CLOSED pgs=39 cs=0 l=1 rev1=1 crypto rx=0 tx=0 comp rx=0 tx=0).stop
2024-03-11T22:53:52.272 INFO:teuthology.orchestra.run.smithi153.stdout:/usr/bin/ceph: stderr
2024-03-11T22:53:51.336+0000 7f69b4a25700 1 -- 172.21.15.153:0/971281821 >> 172.21.15.153:0/971281821 conn(0x7f69b00fded0 msgr2=0x7f69b0100300 unknown :-1 s=STATE_NONE l=0).mark_down
2024-03-11T22:53:52.272 INFO:teuthology.orchestra.run.smithi153.stdout:/usr/bin/ceph: stderr
2024-03-11T22:53:51.336+0000 7f69b4a25700 1 -- 172.21.15.153:0/971281821 shutdown_connections
2024-03-11T22:53:52.272 INFO:teuthology.orchestra.run.smithi153.stdout:/usr/bin/ceph: stderr
2024-03-11T22:53:51.336+0000 7f69b4a25700 1 -- 172.21.15.153:0/971281821 wait complete.
2024-03-11T22:53:52.272 INFO:teuthology.orchestra.run.smithi153.stdout:/usr/bin/ceph: stderr
2024-03-11T22:53:51.336+0000 7f69b4a25700 1 Processor -- start
2024-03-11T22:53:52.273 INFO:teuthology.orchestra.run.smithi153.stdout:/usr/bin/ceph: stderr
2024-03-11T22:53:51.336+0000 7f69b4a25700 1 -- start start
2024-03-11T22:53:52.273 INFO:teuthology.orchestra.run.smithi153.stdout:/usr/bin/ceph: stderr
2024-03-11T22:53:51.336+0000 7f69b4a25700 1 --2- >> [v2:172.21.15.153:3300/0,v1:172.21.15.153:6789/0] conn(0x7f69b0102770 0x7f69b0111560 unknown :-1 s=NONE pgs=0 cs=0 l=1 rev1=0 crypto rx=0 tx=0 comp rx=0 tx=0).connect
2024-03-11T22:53:52.273 INFO:teuthology.orchestra.run.smithi153.stdout:/usr/bin/ceph: stderr
2024-03-11T22:53:51.336+0000 7f69b4a25700 1 -- --> [v2:172.21.15.153:3300/0,v1:172.21.15.153:6789/0] -- mon_getmap magic: 0 v1 -- 0x7f69b0111aa0 con 0x7f69b0102770
2024-03-11T22:53:52.273 INFO:teuthology.orchestra.run.smithi153.stdout:/usr/bin/ceph: stderr
2024-03-11T22:53:51.336+0000 7f69ae59c700 1 --2- >> [v2:172.21.15.153:3300/0,v1:172.21.15.153:6789/0] conn(0x7f69b0102770 0x7f69b0111560 unknown :-1 s=BANNER_CONNECTING pgs=0 cs=0 l=1 rev1=0 crypto rx=0 tx=0 comp rx=0 tx=0)._handle_peer_banner_payload supported=3 required=0
2024-03-11T22:53:52.273 INFO:teuthology.orchestra.run.smithi153.stdout:/usr/bin/ceph: stderr
2024-03-11T22:53:51.336+0000 7f69ae59c700 1 --2- >> [v2:172.21.15.153:3300/0,v1:172.21.15.153:6789/0] conn(0x7f69b0102770 0x7f69b0111560 unknown :-1 s=HELLO_CONNECTING pgs=0 cs=0 l=1 rev1=1 crypto rx=0 tx=0 comp rx=0 tx=0).handle_hello peer v2:172.21.15.153:3300/0 says I am v2:172.21.15.153:51610/0 (socket says 172.21.15.153:51610)
2024-03-11T22:53:52.273 INFO:teuthology.orchestra.run.smithi153.stdout:/usr/bin/ceph: stderr
2024-03-11T22:53:51.336+0000 7f69ae59c700 1 -- 172.21.15.153:0/1547066724 learned_addr learned my addr 172.21.15.153:0/1547066724 (peer_addr_for_me v2:172.21.15.153:0/0)
2024-03-11T22:53:52.273 INFO:teuthology.orchestra.run.smithi153.stdout:/usr/bin/ceph: stderr
2024-03-11T22:53:51.337+0000 7f69ae59c700 1 -- 172.21.15.153:0/1547066724 --> [v2:172.21.15.153:3300/0,v1:172.21.15.153:6789/0] -- mon_subscribe({config=0+,monmap=0+}) v3 -- 0x7f69a00094f0 con 0x7f69b0102770
2024-03-11T22:53:52.273 INFO:teuthology.orchestra.run.smithi153.stdout:/usr/bin/ceph: stderr
2024-03-11T22:53:51.337+0000 7f69ae59c700 1 --2- 172.21.15.153:0/1547066724 >> [v2:172.21.15.153:3300/0,v1:172.21.15.153:6789/0] conn(0x7f69b0102770 0x7f69b0111560 secure :-1 s=READY pgs=40 cs=0 l=1 rev1=1 crypto rx=0x7f69a0000c00 tx=0x7f69a0009250 comp rx=0 tx=0).ready entity=mon.0 client_cookie=0 server_cookie=0 in_seq=0 out_seq=0
2024-03-11T22:53:52.273 INFO:teuthology.orchestra.run.smithi153.stdout:/usr/bin/ceph: stderr
2024-03-11T22:53:51.337+0000 7f699effd700 1 -- 172.21.15.153:0/1547066724 <== mon.0 v2:172.21.15.153:3300/0 1 ==== mon_map magic: 0 v1 ==== 229+0+0 (secure 0 0 0) 0x7f69a00107c0 con 0x7f69b0102770
2024-03-11T22:53:52.273 INFO:teuthology.orchestra.run.smithi153.stdout:/usr/bin/ceph: stderr
2024-03-11T22:53:51.337+0000 7f699effd700 1 -- 172.21.15.153:0/1547066724 <== mon.0 v2:172.21.15.153:3300/0 2 ==== config(27 keys) v1 ==== 1044+0+0 (secure 0 0 0) 0x7f69a0010db0 con 0x7f69b0102770
2024-03-11T22:53:52.273 INFO:teuthology.orchestra.run.smithi153.stdout:/usr/bin/ceph: stderr
2024-03-11T22:53:51.337+0000 7f69b4a25700 1 -- 172.21.15.153:0/1547066724 --> [v2:172.21.15.153:3300/0,v1:172.21.15.153:6789/0] -- mon_subscribe({mgrmap=0+}) v3 -- 0x7f69b0111ca0 con 0x7f69b0102770
2024-03-11T22:53:52.273 INFO:teuthology.orchestra.run.smithi153.stdout:/usr/bin/ceph: stderr
2024-03-11T22:53:51.337+0000 7f699effd700 1 -- 172.21.15.153:0/1547066724 <== mon.0 v2:172.21.15.153:3300/0 3 ==== mon_map magic: 0 v1 ==== 229+0+0 (secure 0 0 0) 0x7f69a001ad00 con 0x7f69b0102770
2024-03-11T22:53:52.273 INFO:teuthology.orchestra.run.smithi153.stdout:/usr/bin/ceph: stderr
2024-03-11T22:53:51.337+0000 7f69b4a25700 1 -- 172.21.15.153:0/1547066724 --> [v2:172.21.15.153:3300/0,v1:172.21.15.153:6789/0] -- mon_subscribe({osdmap=0}) v3 -- 0x7f69b0112940 con 0x7f69b0102770
2024-03-11T22:53:52.273 INFO:teuthology.orchestra.run.smithi153.stdout:/usr/bin/ceph: stderr
2024-03-11T22:53:51.338+0000 7f699effd700 1 -- 172.21.15.153:0/1547066724 <== mon.0 v2:172.21.15.153:3300/0 4 ==== mgrmap(e 8) v1 ==== 43368+0+0 (secure 0 0 0) 0x7f69a00193c0 con 0x7f69b0102770
2024-03-11T22:53:52.274 INFO:teuthology.orchestra.run.smithi153.stdout:/usr/bin/ceph: stderr
2024-03-11T22:53:51.338+0000 7f699effd700 1 --2- 172.21.15.153:0/1547066724 >> [v2:172.21.15.153:6800/1518383615,v1:172.21.15.153:6801/1518383615] conn(0x7f6998036790 0x7f6998038c40 unknown :-1 s=NONE pgs=0 cs=0 l=1 rev1=0 crypto rx=0 tx=0 comp rx=0 tx=0).connect
2024-03-11T22:53:52.274 INFO:teuthology.orchestra.run.smithi153.stdout:/usr/bin/ceph: stderr
2024-03-11T22:53:51.338+0000 7f699effd700 1 -- 172.21.15.153:0/1547066724 <== mon.0 v2:172.21.15.153:3300/0 5 ==== osd_map(2..2 src has 1..2) v4 ==== 936+0+0 (secure 0 0 0) 0x7f69a004a670 con 0x7f69b0102770
2024-03-11T22:53:52.274 INFO:teuthology.orchestra.run.smithi153.stdout:/usr/bin/ceph: stderr
2024-03-11T22:53:51.338+0000 7f69add9b700 1 --2- 172.21.15.153:0/1547066724 >> [v2:172.21.15.153:6800/1518383615,v1:172.21.15.153:6801/1518383615] conn(0x7f6998036790 0x7f6998038c40 unknown :-1 s=BANNER_CONNECTING pgs=0 cs=0 l=1 rev1=0 crypto rx=0 tx=0 comp rx=0 tx=0)._handle_peer_banner_payload supported=3 required=0
2024-03-11T22:53:52.274 INFO:teuthology.orchestra.run.smithi153.stdout:/usr/bin/ceph: stderr
2024-03-11T22:53:51.338+0000 7f69b4a25700 1 -- 172.21.15.153:0/1547066724 --> [v2:172.21.15.153:3300/0,v1:172.21.15.153:6789/0] -- mon_command({"prefix": "get_command_descriptions"} v 0) v1 -- 0x7f69b005f5c0 con 0x7f69b0102770
2024-03-11T22:53:52.274 INFO:teuthology.orchestra.run.smithi153.stdout:/usr/bin/ceph: stderr
2024-03-11T22:53:51.339+0000 7f69add9b700 1 --2- 172.21.15.153:0/1547066724 >> [v2:172.21.15.153:6800/1518383615,v1:172.21.15.153:6801/1518383615] conn(0x7f6998036790 0x7f6998038c40 secure :-1 s=READY pgs=9 cs=0 l=1 rev1=1 crypto rx=0x7f69a4009990 tx=0x7f69a4006e40 comp rx=0 tx=0).ready entity=mgr.14118 client_cookie=0 server_cookie=0 in_seq=0 out_seq=0
2024-03-11T22:53:52.274 INFO:teuthology.orchestra.run.smithi153.stdout:/usr/bin/ceph: stderr
2024-03-11T22:53:51.343+0000 7f699effd700 1 -- 172.21.15.153:0/1547066724 <== mon.0 v2:172.21.15.153:3300/0 6 ==== mon_command_ack([{"prefix": "get_command_descriptions"}]=0 v0) v1 ==== 72+0+175366 (secure 0 0 0) 0x7f69a00196c0 con 0x7f69b0102770
2024-03-11T22:53:52.274 INFO:teuthology.orchestra.run.smithi153.stdout:/usr/bin/ceph: stderr
2024-03-11T22:53:51.526+0000 7f69b4a25700 1 -- 172.21.15.153:0/1547066724 --> [v2:172.21.15.153:6800/1518383615,v1:172.21.15.153:6801/1518383615] -- mgr_command(tid 0: {"prefix": "cephadm generate-key", "target": ["mon-mgr", ""]}) v1 -- 0x7f69b0100190 con 0x7f6998036790
2024-03-11T22:53:52.274 INFO:teuthology.orchestra.run.smithi153.stdout:/usr/bin/ceph: stderr
2024-03-11T22:53:51.711+0000 7f699effd700 1 -- 172.21.15.153:0/1547066724 <== mgr.14118 v2:172.21.15.153:6800/1518383615 1 ==== mgr_command_reply(tid 0: 0 ) v1 ==== 8+0+0 (secure 0 0 0) 0x7f69b0100190 con 0x7f6998036790
2024-03-11T22:53:52.274 INFO:teuthology.orchestra.run.smithi153.stdout:/usr/bin/ceph: stderr
2024-03-11T22:53:51.713+0000 7f69b4a25700 1 -- 172.21.15.153:0/1547066724 >> [v2:172.21.15.153:6800/1518383615,v1:172.21.15.153:6801/1518383615] conn(0x7f6998036790 msgr2=0x7f6998038c40 secure :-1 s=STATE_CONNECTION_ESTABLISHED l=1).mark_down
2024-03-11T22:53:52.274 INFO:teuthology.orchestra.run.smithi153.stdout:/usr/bin/ceph: stderr
2024-03-11T22:53:51.713+0000 7f69b4a25700 1 --2- 172.21.15.153:0/1547066724 >> [v2:172.21.15.153:6800/1518383615,v1:172.21.15.153:6801/1518383615] conn(0x7f6998036790 0x7f6998038c40 secure :-1 s=READY pgs=9 cs=0 l=1 rev1=1 crypto rx=0x7f69a4009990 tx=0x7f69a4006e40 comp rx=0 tx=0).stop
2024-03-11T22:53:52.274 INFO:teuthology.orchestra.run.smithi153.stdout:/usr/bin/ceph: stderr
2024-03-11T22:53:51.713+0000 7f69b4a25700 1 -- 172.21.15.153:0/1547066724 >> [v2:172.21.15.153:3300/0,v1:172.21.15.153:6789/0] conn(0x7f69b0102770 msgr2=0x7f69b0111560 secure :-1 s=STATE_CONNECTION_ESTABLISHED l=1).mark_down
2024-03-11T22:53:52.274 INFO:teuthology.orchestra.run.smithi153.stdout:/usr/bin/ceph: stderr
2024-03-11T22:53:51.713+0000 7f69b4a25700 1 --2- 172.21.15.153:0/1547066724 >> [v2:172.21.15.153:3300/0,v1:172.21.15.153:6789/0] conn(0x7f69b0102770 0x7f69b0111560 secure :-1 s=READY pgs=40 cs=0 l=1 rev1=1 crypto rx=0x7f69a0000c00 tx=0x7f69a0009250 comp rx=0 tx=0).stop
2024-03-11T22:53:52.274 INFO:teuthology.orchestra.run.smithi153.stdout:/usr/bin/ceph: stderr
2024-03-11T22:53:51.713+0000 7f69b4a25700 1 -- 172.21.15.153:0/1547066724 shutdown_connections
2024-03-11T22:53:52.274 INFO:teuthology.orchestra.run.smithi153.stdout:/usr/bin/ceph: stderr
2024-03-11T22:53:51.713+0000 7f69b4a25700 1 --2- 172.21.15.153:0/1547066724 >> [v2:172.21.15.153:6800/1518383615,v1:172.21.15.153:6801/1518383615] conn(0x7f6998036790 0x7f6998038c40 unknown :-1 s=CLOSED pgs=9 cs=0 l=1 rev1=1 crypto rx=0 tx=0 comp rx=0 tx=0).stop
2024-03-11T22:53:52.275 INFO:teuthology.orchestra.run.smithi153.stdout:/usr/bin/ceph: stderr
2024-03-11T22:53:51.713+0000 7f69b4a25700 1 --2- 172.21.15.153:0/1547066724 >> [v2:172.21.15.153:3300/0,v1:172.21.15.153:6789/0] conn(0x7f69b0102770 0x7f69b0111560 unknown :-1 s=CLOSED pgs=40 cs=0 l=1 rev1=1 crypto rx=0 tx=0 comp rx=0 tx=0).stop
2024-03-11T22:53:52.275 INFO:teuthology.orchestra.run.smithi153.stdout:/usr/bin/ceph: stderr
2024-03-11T22:53:51.713+0000 7f69b4a25700 1 -- 172.21.15.153:0/1547066724 >> 172.21.15.153:0/1547066724 conn(0x7f69b00fded0 msgr2=0x7f69b00ff570 unknown :-1 s=STATE_NONE l=0).mark_down
2024-03-11T22:53:52.275 INFO:teuthology.orchestra.run.smithi153.stdout:/usr/bin/ceph: stderr
2024-03-11T22:53:51.714+0000 7f69b4a25700 1 -- 172.21.15.153:0/1547066724 shutdown_connections
2024-03-11T22:53:52.275 INFO:teuthology.orchestra.run.smithi153.stdout:/usr/bin/ceph: stderr
2024-03-11T22:53:51.714+0000 7f69b4a25700 1 -- 172.21.15.153:0/1547066724 wait complete.
2024-03-11T22:53:52.842 INFO:journalctl@ceph.mon.smithi153.smithi153.stdout:Mar 11 22:53:52 smithi153 ceph-mon[28962]: from='client.14134 -' entity='client.admin' cmd=[{"prefix": "cephadm generate-key", "target": ["mon-mgr", ""]}]: dispatch
2024-03-11T22:53:52.842 INFO:journalctl@ceph.mon.smithi153.smithi153.stdout:Mar 11 22:53:52 smithi153 ceph-mon[28962]: Generating ssh key...
2024-03-11T22:53:52.842 INFO:journalctl@ceph.mon.smithi153.smithi153.stdout:Mar 11 22:53:52 smithi153 ceph-mon[28962]: from='mgr.14118 172.21.15.153:0/870689843' entity='mgr.smithi153.nyocep'
2024-03-11T22:53:52.842 INFO:journalctl@ceph.mon.smithi153.smithi153.stdout:Mar 11 22:53:52 smithi153 ceph-mon[28962]: from='mgr.14118 172.21.15.153:0/870689843' entity='mgr.smithi153.nyocep'
2024-03-11T22:53:53.387 INFO:teuthology.orchestra.run.smithi153.stdout:/usr/bin/ceph: stdout ssh-rsa AAAAB3NzaC1yc2EAAAADAQABAAABgQDp0ij5R7OMV1MF1G+8CFK/xpnLxZaeuNfwTyKXu1PU+hiDbbA1Iru7iy4Yfufv1sNk6XLzjZ+/oArCGtNNWb9xJUqpv4eHknSqYx1FBIYn7ibvkVwODY+oO31NuGDYrXPBJxGSKiQu+g6ysVhFOvza94GxuiSYa7DeXX0SAQL74CeTrrVgJNCi+Nacd9Gg+arTKUhkQzhOhX0EnOa7LkMulN83oSi+2Ba+F/mfDDKuUA3THOb0RSln/96G2bFV8w7kfTfPzPQzKQXMmv/MJjlOG//vPibUWD7cngYI7eGKrH+HCkg8TsFq/823h2gfmCBFkCkzesRRZHnOGwGdPnLXKOKAkSxFmkMun02BVEuUhEgimADNbrKQilPX9k0mHBnpl2zQHF0PI40nxjr1YrbuD1luVqkziRZEEz6/ahkO6flunB/auAgF6iO2FqL1NAZFY564QGdij80sN2xhgP6DfMnYxG0AFcDQCZr4P2GACZoWh9t34Bcq7gnVi1AaUtk= ceph-fa913b96-dff9-11ee-95c8-87774f69a715
2024-03-11T22:53:53.387 INFO:teuthology.orchestra.run.smithi153.stdout:/usr/bin/ceph: stderr
2024-03-11T22:53:52.640+0000 7f7a4d8af700 1 Processor -- start
2024-03-11T22:53:53.387 INFO:teuthology.orchestra.run.smithi153.stdout:/usr/bin/ceph: stderr
2024-03-11T22:53:52.640+0000 7f7a4d8af700 1 -- start start
2024-03-11T22:53:53.387 INFO:teuthology.orchestra.run.smithi153.stdout:/usr/bin/ceph: stderr
2024-03-11T22:53:52.640+0000 7f7a4d8af700 1 --2- >> [v2:172.21.15.153:3300/0,v1:172.21.15.153:6789/0] conn(0x7f7a48101670 0x7f7a48101a80 unknown :-1 s=NONE pgs=0 cs=0 l=0 rev1=0 crypto rx=0 tx=0 comp rx=0 tx=0).connect
2024-03-11T22:53:53.387 INFO:teuthology.orchestra.run.smithi153.stdout:/usr/bin/ceph: stderr
2024-03-11T22:53:52.640+0000 7f7a4d8af700 1 -- --> [v2:172.21.15.153:3300/0,v1:172.21.15.153:6789/0] -- mon_getmap magic: 0 v1 -- 0x7f7a48101fc0 con 0x7f7a48101670
2024-03-11T22:53:53.387 INFO:teuthology.orchestra.run.smithi153.stdout:/usr/bin/ceph: stderr
2024-03-11T22:53:52.641+0000 7f7a46ffd700 1 --2- >> [v2:172.21.15.153:3300/0,v1:172.21.15.153:6789/0] conn(0x7f7a48101670 0x7f7a48101a80 unknown :-1 s=BANNER_CONNECTING pgs=0 cs=0 l=0 rev1=0 crypto rx=0 tx=0 comp rx=0 tx=0)._handle_peer_banner_payload supported=3 required=0
2024-03-11T22:53:53.387 INFO:teuthology.orchestra.run.smithi153.stdout:/usr/bin/ceph: stderr
2024-03-11T22:53:52.641+0000 7f7a46ffd700 1 --2- >> [v2:172.21.15.153:3300/0,v1:172.21.15.153:6789/0] conn(0x7f7a48101670 0x7f7a48101a80 unknown :-1 s=HELLO_CONNECTING pgs=0 cs=0 l=0 rev1=1 crypto rx=0 tx=0 comp rx=0 tx=0).handle_hello peer v2:172.21.15.153:3300/0 says I am v2:172.21.15.153:41048/0 (socket says 172.21.15.153:41048)
2024-03-11T22:53:53.387 INFO:teuthology.orchestra.run.smithi153.stdout:/usr/bin/ceph: stderr
2024-03-11T22:53:52.641+0000 7f7a46ffd700 1 -- 172.21.15.153:0/1231044768 learned_addr learned my addr 172.21.15.153:0/1231044768 (peer_addr_for_me v2:172.21.15.153:0/0)
2024-03-11T22:53:53.387 INFO:teuthology.orchestra.run.smithi153.stdout:/usr/bin/ceph: stderr
2024-03-11T22:53:52.641+0000 7f7a46ffd700 1 -- 172.21.15.153:0/1231044768 --> [v2:172.21.15.153:3300/0,v1:172.21.15.153:6789/0] -- mon_subscribe({config=0+,monmap=0+}) v3 -- 0x7f7a48102100 con 0x7f7a48101670
2024-03-11T22:53:53.387 INFO:teuthology.orchestra.run.smithi153.stdout:/usr/bin/ceph: stderr
2024-03-11T22:53:52.641+0000 7f7a46ffd700 1 --2- 172.21.15.153:0/1231044768 >> [v2:172.21.15.153:3300/0,v1:172.21.15.153:6789/0] conn(0x7f7a48101670 0x7f7a48101a80 secure :-1 s=READY pgs=41 cs=0 l=1 rev1=1 crypto rx=0x7f7a4000d0d0 tx=0x7f7a4000ba50 comp rx=0 tx=0).ready entity=mon.0 client_cookie=1512d4cb3a55fc98 server_cookie=0 in_seq=0 out_seq=0
2024-03-11T22:53:53.387 INFO:teuthology.orchestra.run.smithi153.stdout:/usr/bin/ceph: stderr
2024-03-11T22:53:52.641+0000 7f7a45ffb700 1 -- 172.21.15.153:0/1231044768 <== mon.0 v2:172.21.15.153:3300/0 1 ==== mon_map magic: 0 v1 ==== 229+0+0 (secure 0 0 0) 0x7f7a4000ddf0 con 0x7f7a48101670
2024-03-11T22:53:53.387 INFO:teuthology.orchestra.run.smithi153.stdout:/usr/bin/ceph: stderr
2024-03-11T22:53:52.641+0000 7f7a45ffb700 1 -- 172.21.15.153:0/1231044768 <== mon.0 v2:172.21.15.153:3300/0 2 ==== config(27 keys) v1 ==== 1044+0+0 (secure 0 0 0) 0x7f7a40009610 con 0x7f7a48101670
2024-03-11T22:53:53.387 INFO:teuthology.orchestra.run.smithi153.stdout:/usr/bin/ceph: stderr
2024-03-11T22:53:52.641+0000 7f7a45ffb700 1 -- 172.21.15.153:0/1231044768 <== mon.0 v2:172.21.15.153:3300/0 3 ==== mon_map magic: 0 v1 ==== 229+0+0 (secure 0 0 0) 0x7f7a400145d0 con 0x7f7a48101670
2024-03-11T22:53:53.388 INFO:teuthology.orchestra.run.smithi153.stdout:/usr/bin/ceph: stderr
2024-03-11T22:53:52.642+0000 7f7a4d8af700 1 -- 172.21.15.153:0/1231044768 >> [v2:172.21.15.153:3300/0,v1:172.21.15.153:6789/0] conn(0x7f7a48101670 msgr2=0x7f7a48101a80 secure :-1 s=STATE_CONNECTION_ESTABLISHED l=1).mark_down
2024-03-11T22:53:53.388 INFO:teuthology.orchestra.run.smithi153.stdout:/usr/bin/ceph: stderr
2024-03-11T22:53:52.642+0000 7f7a4d8af700 1 --2- 172.21.15.153:0/1231044768 >> [v2:172.21.15.153:3300/0,v1:172.21.15.153:6789/0] conn(0x7f7a48101670 0x7f7a48101a80 secure :-1 s=READY pgs=41 cs=0 l=1 rev1=1 crypto rx=0x7f7a4000d0d0 tx=0x7f7a4000ba50 comp rx=0 tx=0).stop
2024-03-11T22:53:53.388 INFO:teuthology.orchestra.run.smithi153.stdout:/usr/bin/ceph: stderr
2024-03-11T22:53:52.642+0000 7f7a4d8af700 1 -- 172.21.15.153:0/1231044768 shutdown_connections
2024-03-11T22:53:53.388 INFO:teuthology.orchestra.run.smithi153.stdout:/usr/bin/ceph: stderr
2024-03-11T22:53:52.642+0000 7f7a4d8af700 1 --2- 172.21.15.153:0/1231044768 >> [v2:172.21.15.153:3300/0,v1:172.21.15.153:6789/0] conn(0x7f7a48101670 0x7f7a48101a80 unknown :-1 s=CLOSED pgs=41 cs=0 l=1 rev1=1 crypto rx=0 tx=0 comp rx=0 tx=0).stop
2024-03-11T22:53:53.388 INFO:teuthology.orchestra.run.smithi153.stdout:/usr/bin/ceph: stderr
2024-03-11T22:53:52.642+0000 7f7a4d8af700 1 -- 172.21.15.153:0/1231044768 >> 172.21.15.153:0/1231044768 conn(0x7f7a480fcdd0 msgr2=0x7f7a480ff200 unknown :-1 s=STATE_NONE l=0).mark_down
2024-03-11T22:53:53.388 INFO:teuthology.orchestra.run.smithi153.stdout:/usr/bin/ceph: stderr
2024-03-11T22:53:52.642+0000 7f7a4d8af700 1 -- 172.21.15.153:0/1231044768 shutdown_connections
2024-03-11T22:53:53.388 INFO:teuthology.orchestra.run.smithi153.stdout:/usr/bin/ceph: stderr
2024-03-11T22:53:52.642+0000 7f7a4d8af700 1 -- 172.21.15.153:0/1231044768 wait complete.
2024-03-11T22:53:53.388 INFO:teuthology.orchestra.run.smithi153.stdout:/usr/bin/ceph: stderr
2024-03-11T22:53:52.643+0000 7f7a4d8af700 1 Processor -- start
2024-03-11T22:53:53.388 INFO:teuthology.orchestra.run.smithi153.stdout:/usr/bin/ceph: stderr
2024-03-11T22:53:52.643+0000 7f7a4d8af700 1 -- start start
2024-03-11T22:53:53.388 INFO:teuthology.orchestra.run.smithi153.stdout:/usr/bin/ceph: stderr
2024-03-11T22:53:52.643+0000 7f7a4d8af700 1 --2- >> [v2:172.21.15.153:3300/0,v1:172.21.15.153:6789/0] conn(0x7f7a48101670 0x7f7a4810f370 unknown :-1 s=NONE pgs=0 cs=0 l=1 rev1=0 crypto rx=0 tx=0 comp rx=0 tx=0).connect
2024-03-11T22:53:53.388 INFO:teuthology.orchestra.run.smithi153.stdout:/usr/bin/ceph: stderr
2024-03-11T22:53:52.643+0000 7f7a4d8af700 1 -- --> [v2:172.21.15.153:3300/0,v1:172.21.15.153:6789/0] -- mon_getmap magic: 0 v1 -- 0x7f7a4810f8b0 con 0x7f7a48101670
2024-03-11T22:53:53.388 INFO:teuthology.orchestra.run.smithi153.stdout:/usr/bin/ceph: stderr
2024-03-11T22:53:52.643+0000 7f7a46ffd700 1 --2- >> [v2:172.21.15.153:3300/0,v1:172.21.15.153:6789/0] conn(0x7f7a48101670 0x7f7a4810f370 unknown :-1 s=BANNER_CONNECTING pgs=0 cs=0 l=1 rev1=0 crypto rx=0 tx=0 comp rx=0 tx=0)._handle_peer_banner_payload supported=3 required=0
2024-03-11T22:53:53.388 INFO:teuthology.orchestra.run.smithi153.stdout:/usr/bin/ceph: stderr
2024-03-11T22:53:52.643+0000 7f7a46ffd700 1 --2- >> [v2:172.21.15.153:3300/0,v1:172.21.15.153:6789/0] conn(0x7f7a48101670 0x7f7a4810f370 unknown :-1 s=HELLO_CONNECTING pgs=0 cs=0 l=1 rev1=1 crypto rx=0 tx=0 comp rx=0 tx=0).handle_hello peer v2:172.21.15.153:3300/0 says I am v2:172.21.15.153:41064/0 (socket says 172.21.15.153:41064)
2024-03-11T22:53:53.388 INFO:teuthology.orchestra.run.smithi153.stdout:/usr/bin/ceph: stderr
2024-03-11T22:53:52.643+0000 7f7a46ffd700 1 -- 172.21.15.153:0/2206578102 learned_addr learned my addr 172.21.15.153:0/2206578102 (peer_addr_for_me v2:172.21.15.153:0/0)
2024-03-11T22:53:53.388 INFO:teuthology.orchestra.run.smithi153.stdout:/usr/bin/ceph: stderr
2024-03-11T22:53:52.643+0000 7f7a46ffd700 1 -- 172.21.15.153:0/2206578102 --> [v2:172.21.15.153:3300/0,v1:172.21.15.153:6789/0] -- mon_subscribe({config=0+,monmap=0+}) v3 -- 0x7f7a4000bcf0 con 0x7f7a48101670
2024-03-11T22:53:53.389 INFO:teuthology.orchestra.run.smithi153.stdout:/usr/bin/ceph: stderr
2024-03-11T22:53:52.643+0000 7f7a46ffd700 1 --2- 172.21.15.153:0/2206578102 >> [v2:172.21.15.153:3300/0,v1:172.21.15.153:6789/0] conn(0x7f7a48101670 0x7f7a4810f370 secure :-1 s=READY pgs=42 cs=0 l=1 rev1=1 crypto rx=0x7f7a4000df20 tx=0x7f7a4000ba50 comp rx=0 tx=0).ready entity=mon.0 client_cookie=0 server_cookie=0 in_seq=0 out_seq=0
2024-03-11T22:53:53.389 INFO:teuthology.orchestra.run.smithi153.stdout:/usr/bin/ceph: stderr
2024-03-11T22:53:52.643+0000 7f7a2f7fe700 1 -- 172.21.15.153:0/2206578102 <== mon.0 v2:172.21.15.153:3300/0 1 ==== mon_map magic: 0 v1 ==== 229+0+0 (secure 0 0 0) 0x7f7a40009a50 con 0x7f7a48101670
2024-03-11T22:53:53.389 INFO:teuthology.orchestra.run.smithi153.stdout:/usr/bin/ceph: stderr
2024-03-11T22:53:52.643+0000 7f7a2f7fe700 1 -- 172.21.15.153:0/2206578102 <== mon.0 v2:172.21.15.153:3300/0 2 ==== config(27 keys) v1 ==== 1044+0+0 (secure 0 0 0) 0x7f7a4000b2e0 con 0x7f7a48101670
2024-03-11T22:53:53.389 INFO:teuthology.orchestra.run.smithi153.stdout:/usr/bin/ceph: stderr
2024-03-11T22:53:52.643+0000 7f7a4d8af700 1 -- 172.21.15.153:0/2206578102 --> [v2:172.21.15.153:3300/0,v1:172.21.15.153:6789/0] -- mon_subscribe({mgrmap=0+}) v3 -- 0x7f7a4810fab0 con 0x7f7a48101670
2024-03-11T22:53:53.389 INFO:teuthology.orchestra.run.smithi153.stdout:/usr/bin/ceph: stderr
2024-03-11T22:53:52.643+0000 7f7a2f7fe700 1 -- 172.21.15.153:0/2206578102 <== mon.0 v2:172.21.15.153:3300/0 3 ==== mon_map magic: 0 v1 ==== 229+0+0 (secure 0 0 0) 0x7f7a4001eae0 con 0x7f7a48101670
2024-03-11T22:53:53.389 INFO:teuthology.orchestra.run.smithi153.stdout:/usr/bin/ceph: stderr
2024-03-11T22:53:52.644+0000 7f7a4d8af700 1 -- 172.21.15.153:0/2206578102 --> [v2:172.21.15.153:3300/0,v1:172.21.15.153:6789/0] -- mon_subscribe({osdmap=0}) v3 -- 0x7f7a48110750 con 0x7f7a48101670
2024-03-11T22:53:53.389 INFO:teuthology.orchestra.run.smithi153.stdout:/usr/bin/ceph: stderr
2024-03-11T22:53:52.644+0000 7f7a2f7fe700 1 -- 172.21.15.153:0/2206578102 <== mon.0 v2:172.21.15.153:3300/0 4 ==== mgrmap(e 8) v1 ==== 43368+0+0 (secure 0 0 0) 0x7f7a400263b0 con 0x7f7a48101670
2024-03-11T22:53:53.389 INFO:teuthology.orchestra.run.smithi153.stdout:/usr/bin/ceph: stderr
2024-03-11T22:53:52.644+0000 7f7a4d8af700 1 -- 172.21.15.153:0/2206578102 --> [v2:172.21.15.153:3300/0,v1:172.21.15.153:6789/0] -- mon_command({"prefix": "get_command_descriptions"} v 0) v1 -- 0x7f7a4805f5c0 con 0x7f7a48101670
2024-03-11T22:53:53.389 INFO:teuthology.orchestra.run.smithi153.stdout:/usr/bin/ceph: stderr
2024-03-11T22:53:52.644+0000 7f7a2f7fe700 1 --2- 172.21.15.153:0/2206578102 >> [v2:172.21.15.153:6800/1518383615,v1:172.21.15.153:6801/1518383615] conn(0x7f7a30036790 0x7f7a30038c40 unknown :-1 s=NONE pgs=0 cs=0 l=1 rev1=0 crypto rx=0 tx=0 comp rx=0 tx=0).connect
2024-03-11T22:53:53.389 INFO:teuthology.orchestra.run.smithi153.stdout:/usr/bin/ceph: stderr
2024-03-11T22:53:52.644+0000 7f7a2f7fe700 1 -- 172.21.15.153:0/2206578102 <== mon.0 v2:172.21.15.153:3300/0 5 ==== osd_map(2..2 src has 1..2) v4 ==== 936+0+0 (secure 0 0 0) 0x7f7a4004c420 con 0x7f7a48101670
2024-03-11T22:53:53.389 INFO:teuthology.orchestra.run.smithi153.stdout:/usr/bin/ceph: stderr
2024-03-11T22:53:52.645+0000 7f7a467fc700 1 --2- 172.21.15.153:0/2206578102 >> [v2:172.21.15.153:6800/1518383615,v1:172.21.15.153:6801/1518383615] conn(0x7f7a30036790 0x7f7a30038c40 unknown :-1 s=BANNER_CONNECTING pgs=0 cs=0 l=1 rev1=0 crypto rx=0 tx=0 comp rx=0 tx=0)._handle_peer_banner_payload supported=3 required=0
2024-03-11T22:53:53.389 INFO:teuthology.orchestra.run.smithi153.stdout:/usr/bin/ceph: stderr
2024-03-11T22:53:52.645+0000 7f7a467fc700 1 --2- 172.21.15.153:0/2206578102 >> [v2:172.21.15.153:6800/1518383615,v1:172.21.15.153:6801/1518383615] conn(0x7f7a30036790 0x7f7a30038c40 secure :-1 s=READY pgs=10 cs=0 l=1 rev1=1 crypto rx=0x7f7a3c009990 tx=0x7f7a3c006e40 comp rx=0 tx=0).ready entity=mgr.14118 client_cookie=0 server_cookie=0 in_seq=0 out_seq=0
2024-03-11T22:53:53.389 INFO:teuthology.orchestra.run.smithi153.stdout:/usr/bin/ceph: stderr
2024-03-11T22:53:52.649+0000 7f7a2f7fe700 1 -- 172.21.15.153:0/2206578102 <== mon.0 v2:172.21.15.153:3300/0 6 ==== mon_command_ack([{"prefix": "get_command_descriptions"}]=0 v0) v1 ==== 72+0+175366 (secure 0 0 0) 0x7f7a40013930 con 0x7f7a48101670
2024-03-11T22:53:53.389 INFO:teuthology.orchestra.run.smithi153.stdout:/usr/bin/ceph: stderr
2024-03-11T22:53:52.837+0000 7f7a4d8af700 1 -- 172.21.15.153:0/2206578102 --> [v2:172.21.15.153:6800/1518383615,v1:172.21.15.153:6801/1518383615] -- mgr_command(tid 0: {"prefix": "cephadm get-pub-key", "target": ["mon-mgr", ""]}) v1 -- 0x7f7a48111310 con 0x7f7a30036790
2024-03-11T22:53:53.390 INFO:teuthology.orchestra.run.smithi153.stdout:/usr/bin/ceph: stderr
2024-03-11T22:53:52.838+0000 7f7a2f7fe700 1 -- 172.21.15.153:0/2206578102 <== mgr.14118 v2:172.21.15.153:6800/1518383615 1 ==== mgr_command_reply(tid 0: 0 ) v1 ==== 8+0+595 (secure 0 0 0) 0x7f7a48111310 con 0x7f7a30036790
2024-03-11T22:53:53.390 INFO:teuthology.orchestra.run.smithi153.stdout:/usr/bin/ceph: stderr
2024-03-11T22:53:52.839+0000 7f7a4d8af700 1 -- 172.21.15.153:0/2206578102 >> [v2:172.21.15.153:6800/1518383615,v1:172.21.15.153:6801/1518383615] conn(0x7f7a30036790 msgr2=0x7f7a30038c40 secure :-1 s=STATE_CONNECTION_ESTABLISHED l=1).mark_down
2024-03-11T22:53:53.390 INFO:teuthology.orchestra.run.smithi153.stdout:/usr/bin/ceph: stderr
2024-03-11T22:53:52.839+0000 7f7a4d8af700 1 --2- 172.21.15.153:0/2206578102 >> [v2:172.21.15.153:6800/1518383615,v1:172.21.15.153:6801/1518383615] conn(0x7f7a30036790 0x7f7a30038c40 secure :-1 s=READY pgs=10 cs=0 l=1 rev1=1 crypto rx=0x7f7a3c009990 tx=0x7f7a3c006e40 comp rx=0 tx=0).stop
2024-03-11T22:53:53.390 INFO:teuthology.orchestra.run.smithi153.stdout:/usr/bin/ceph: stderr
2024-03-11T22:53:52.840+0000 7f7a4d8af700 1 -- 172.21.15.153:0/2206578102 >> [v2:172.21.15.153:3300/0,v1:172.21.15.153:6789/0] conn(0x7f7a48101670 msgr2=0x7f7a4810f370 secure :-1 s=STATE_CONNECTION_ESTABLISHED l=1).mark_down
2024-03-11T22:53:53.390 INFO:teuthology.orchestra.run.smithi153.stdout:/usr/bin/ceph: stderr
2024-03-11T22:53:52.840+0000 7f7a4d8af700 1 --2- 172.21.15.153:0/2206578102 >> [v2:172.21.15.153:3300/0,v1:172.21.15.153:6789/0] conn(0x7f7a48101670 0x7f7a4810f370 secure :-1 s=READY pgs=42 cs=0 l=1 rev1=1 crypto rx=0x7f7a4000df20 tx=0x7f7a4000ba50 comp rx=0 tx=0).stop
2024-03-11T22:53:53.390 INFO:teuthology.orchestra.run.smithi153.stdout:/usr/bin/ceph: stderr
2024-03-11T22:53:52.840+0000 7f7a4d8af700 1 -- 172.21.15.153:0/2206578102 shutdown_connections
2024-03-11T22:53:53.390 INFO:teuthology.orchestra.run.smithi153.stdout:/usr/bin/ceph: stderr
2024-03-11T22:53:52.840+0000 7f7a4d8af700 1 --2- 172.21.15.153:0/2206578102 >> [v2:172.21.15.153:6800/1518383615,v1:172.21.15.153:6801/1518383615] conn(0x7f7a30036790 0x7f7a30038c40 unknown :-1 s=CLOSED pgs=10 cs=0 l=1 rev1=1 crypto rx=0 tx=0 comp rx=0 tx=0).stop
2024-03-11T22:53:53.390 INFO:teuthology.orchestra.run.smithi153.stdout:/usr/bin/ceph: stderr
2024-03-11T22:53:52.840+0000 7f7a4d8af700 1 --2- 172.21.15.153:0/2206578102 >> [v2:172.21.15.153:3300/0,v1:172.21.15.153:6789/0] conn(0x7f7a48101670 0x7f7a4810f370 unknown :-1 s=CLOSED pgs=42 cs=0 l=1 rev1=1 crypto rx=0 tx=0 comp rx=0 tx=0).stop
2024-03-11T22:53:53.390 INFO:teuthology.orchestra.run.smithi153.stdout:/usr/bin/ceph: stderr
2024-03-11T22:53:52.840+0000 7f7a4d8af700 1 -- 172.21.15.153:0/2206578102 >> 172.21.15.153:0/2206578102 conn(0x7f7a480fcdd0 msgr2=0x7f7a481063e0 unknown :-1 s=STATE_NONE l=0).mark_down
