2024-03-11T22:54:03.860 INFO:journalctl@ceph.mon.smithi153.smithi153.stdout:Mar 11 22:54:03 smithi153 ceph-mon[28962]: from='mgr.14118 172.21.15.153:0/870689843' entity='mgr.smithi153.nyocep'
2024-03-11T22:54:03.860 INFO:journalctl@ceph.mon.smithi153.smithi153.stdout:Mar 11 22:54:03 smithi153 ceph-mon[28962]: from='client.14148 -' entity='client.admin' cmd=[{"prefix": "orch apply", "service_type": "grafana", "target": ["mon-mgr", ""]}]: dispatch
2024-03-11T22:54:03.860 INFO:journalctl@ceph.mon.smithi153.smithi153.stdout:Mar 11 22:54:03 smithi153 ceph-mon[28962]: Saving service grafana spec with placement count:1
2024-03-11T22:54:03.860 INFO:journalctl@ceph.mon.smithi153.smithi153.stdout:Mar 11 22:54:03 smithi153 ceph-mon[28962]: from='mgr.14118 172.21.15.153:0/870689843' entity='mgr.smithi153.nyocep'
2024-03-11T22:54:03.860 INFO:journalctl@ceph.mon.smithi153.smithi153.stdout:Mar 11 22:54:03 smithi153 ceph-mon[28962]: from='mgr.14118 172.21.15.153:0/870689843' entity='mgr.smithi153.nyocep'
2024-03-11T22:54:05.398 INFO:teuthology.orchestra.run.smithi153.stdout:/usr/bin/ceph: stdout Scheduled node-exporter update...
2024-03-11T22:54:05.404 INFO:teuthology.orchestra.run.smithi153.stdout:/usr/bin/ceph: stderr
2024-03-11T22:54:04.123+0000 7fd2859fd700 1 Processor -- start
2024-03-11T22:54:05.404 INFO:teuthology.orchestra.run.smithi153.stdout:/usr/bin/ceph: stderr
2024-03-11T22:54:04.123+0000 7fd2859fd700 1 -- start start
2024-03-11T22:54:05.404 INFO:teuthology.orchestra.run.smithi153.stdout:/usr/bin/ceph: stderr
2024-03-11T22:54:04.123+0000 7fd2859fd700 1 --2- >> [v2:172.21.15.153:3300/0,v1:172.21.15.153:6789/0] conn(0x7fd28006e270 0x7fd28010cd40 unknown :-1 s=NONE pgs=0 cs=0 l=0 rev1=0 crypto rx=0 tx=0 comp rx=0 tx=0).connect
2024-03-11T22:54:05.404 INFO:teuthology.orchestra.run.smithi153.stdout:/usr/bin/ceph: stderr
2024-03-11T22:54:04.123+0000 7fd2859fd700 1 -- --> [v2:172.21.15.153:3300/0,v1:172.21.15.153:6789/0] -- mon_getmap magic: 0 v1 -- 0x7fd28006e680 con 0x7fd28006e270
2024-03-11T22:54:05.404 INFO:teuthology.orchestra.run.smithi153.stdout:/usr/bin/ceph: stderr
2024-03-11T22:54:04.123+0000 7fd27effd700 1 --2- >> [v2:172.21.15.153:3300/0,v1:172.21.15.153:6789/0] conn(0x7fd28006e270 0x7fd28010cd40 unknown :-1 s=BANNER_CONNECTING pgs=0 cs=0 l=0 rev1=0 crypto rx=0 tx=0 comp rx=0 tx=0)._handle_peer_banner_payload supported=3 required=0
2024-03-11T22:54:05.404 INFO:teuthology.orchestra.run.smithi153.stdout:/usr/bin/ceph: stderr
2024-03-11T22:54:04.123+0000 7fd27effd700 1 --2- >> [v2:172.21.15.153:3300/0,v1:172.21.15.153:6789/0] conn(0x7fd28006e270 0x7fd28010cd40 unknown :-1 s=HELLO_CONNECTING pgs=0 cs=0 l=0 rev1=1 crypto rx=0 tx=0 comp rx=0 tx=0).handle_hello peer v2:172.21.15.153:3300/0 says I am v2:172.21.15.153:40294/0 (socket says 172.21.15.153:40294)
2024-03-11T22:54:05.404 INFO:teuthology.orchestra.run.smithi153.stdout:/usr/bin/ceph: stderr
2024-03-11T22:54:04.123+0000 7fd27effd700 1 -- 172.21.15.153:0/3376721222 learned_addr learned my addr 172.21.15.153:0/3376721222 (peer_addr_for_me v2:172.21.15.153:0/0)
2024-03-11T22:54:05.404 INFO:teuthology.orchestra.run.smithi153.stdout:/usr/bin/ceph: stderr
2024-03-11T22:54:04.124+0000 7fd27effd700 1 -- 172.21.15.153:0/3376721222 --> [v2:172.21.15.153:3300/0,v1:172.21.15.153:6789/0] -- mon_subscribe({config=0+,monmap=0+}) v3 -- 0x7fd28010d280 con 0x7fd28006e270
2024-03-11T22:54:05.404 INFO:teuthology.orchestra.run.smithi153.stdout:/usr/bin/ceph: stderr
2024-03-11T22:54:04.124+0000 7fd27effd700 1 --2- 172.21.15.153:0/3376721222 >> [v2:172.21.15.153:3300/0,v1:172.21.15.153:6789/0] conn(0x7fd28006e270 0x7fd28010cd40 secure :-1 s=READY pgs=55 cs=0 l=1 rev1=1 crypto rx=0x7fd2700098e0 tx=0x7fd270009250 comp rx=0 tx=0).ready entity=mon.0 client_cookie=466ee8449ceb8025 server_cookie=0 in_seq=0 out_seq=0
2024-03-11T22:54:05.404 INFO:teuthology.orchestra.run.smithi153.stdout:/usr/bin/ceph: stderr
2024-03-11T22:54:04.124+0000 7fd27dffb700 1 -- 172.21.15.153:0/3376721222 <== mon.0 v2:172.21.15.153:3300/0 1 ==== mon_map magic: 0 v1 ==== 229+0+0 (secure 0 0 0) 0x7fd27000b860 con 0x7fd28006e270
2024-03-11T22:54:05.404 INFO:teuthology.orchestra.run.smithi153.stdout:/usr/bin/ceph: stderr
2024-03-11T22:54:04.124+0000 7fd27dffb700 1 -- 172.21.15.153:0/3376721222 <== mon.0 v2:172.21.15.153:3300/0 2 ==== config(27 keys) v1 ==== 1109+0+0 (secure 0 0 0) 0x7fd27000be90 con 0x7fd28006e270
2024-03-11T22:54:05.404 INFO:teuthology.orchestra.run.smithi153.stdout:/usr/bin/ceph: stderr
2024-03-11T22:54:04.124+0000 7fd27dffb700 1 -- 172.21.15.153:0/3376721222 <== mon.0 v2:172.21.15.153:3300/0 3 ==== mon_map magic: 0 v1 ==== 229+0+0 (secure 0 0 0) 0x7fd2700103c0 con 0x7fd28006e270
2024-03-11T22:54:05.405 INFO:teuthology.orchestra.run.smithi153.stdout:/usr/bin/ceph: stderr
2024-03-11T22:54:04.125+0000 7fd2859fd700 1 -- 172.21.15.153:0/3376721222 >> [v2:172.21.15.153:3300/0,v1:172.21.15.153:6789/0] conn(0x7fd28006e270 msgr2=0x7fd28010cd40 secure :-1 s=STATE_CONNECTION_ESTABLISHED l=1).mark_down
2024-03-11T22:54:05.405 INFO:teuthology.orchestra.run.smithi153.stdout:/usr/bin/ceph: stderr
2024-03-11T22:54:04.125+0000 7fd2859fd700 1 --2- 172.21.15.153:0/3376721222 >> [v2:172.21.15.153:3300/0,v1:172.21.15.153:6789/0] conn(0x7fd28006e270 0x7fd28010cd40 secure :-1 s=READY pgs=55 cs=0 l=1 rev1=1 crypto rx=0x7fd2700098e0 tx=0x7fd270009250 comp rx=0 tx=0).stop
2024-03-11T22:54:05.405 INFO:teuthology.orchestra.run.smithi153.stdout:/usr/bin/ceph: stderr
2024-03-11T22:54:04.125+0000 7fd2859fd700 1 -- 172.21.15.153:0/3376721222 shutdown_connections
2024-03-11T22:54:05.405 INFO:teuthology.orchestra.run.smithi153.stdout:/usr/bin/ceph: stderr
2024-03-11T22:54:04.125+0000 7fd2859fd700 1 --2- 172.21.15.153:0/3376721222 >> [v2:172.21.15.153:3300/0,v1:172.21.15.153:6789/0] conn(0x7fd28006e270 0x7fd28010cd40 unknown :-1 s=CLOSED pgs=55 cs=0 l=1 rev1=1 crypto rx=0 tx=0 comp rx=0 tx=0).stop
2024-03-11T22:54:05.405 INFO:teuthology.orchestra.run.smithi153.stdout:/usr/bin/ceph: stderr
2024-03-11T22:54:04.125+0000 7fd2859fd700 1 -- 172.21.15.153:0/3376721222 >> 172.21.15.153:0/3376721222 conn(0x7fd280069d90 msgr2=0x7fd28006c1c0 unknown :-1 s=STATE_NONE l=0).mark_down
2024-03-11T22:54:05.405 INFO:teuthology.orchestra.run.smithi153.stdout:/usr/bin/ceph: stderr
2024-03-11T22:54:04.125+0000 7fd2859fd700 1 -- 172.21.15.153:0/3376721222 shutdown_connections
2024-03-11T22:54:05.405 INFO:teuthology.orchestra.run.smithi153.stdout:/usr/bin/ceph: stderr
2024-03-11T22:54:04.126+0000 7fd2859fd700 1 -- 172.21.15.153:0/3376721222 wait complete.
2024-03-11T22:54:05.405 INFO:teuthology.orchestra.run.smithi153.stdout:/usr/bin/ceph: stderr
2024-03-11T22:54:04.126+0000 7fd2859fd700 1 Processor -- start
2024-03-11T22:54:05.405 INFO:teuthology.orchestra.run.smithi153.stdout:/usr/bin/ceph: stderr
2024-03-11T22:54:04.127+0000 7fd2859fd700 1 -- start start
2024-03-11T22:54:05.405 INFO:teuthology.orchestra.run.smithi153.stdout:/usr/bin/ceph: stderr
2024-03-11T22:54:04.127+0000 7fd2859fd700 1 --2- >> [v2:172.21.15.153:3300/0,v1:172.21.15.153:6789/0] conn(0x7fd28006f500 0x7fd28011cf60 unknown :-1 s=NONE pgs=0 cs=0 l=1 rev1=0 crypto rx=0 tx=0 comp rx=0 tx=0).connect
2024-03-11T22:54:05.405 INFO:teuthology.orchestra.run.smithi153.stdout:/usr/bin/ceph: stderr
2024-03-11T22:54:04.127+0000 7fd2859fd700 1 -- --> [v2:172.21.15.153:3300/0,v1:172.21.15.153:6789/0] -- mon_getmap magic: 0 v1 -- 0x7fd28011d4a0 con 0x7fd28006f500
2024-03-11T22:54:05.406 INFO:teuthology.orchestra.run.smithi153.stdout:/usr/bin/ceph: stderr
2024-03-11T22:54:04.127+0000 7fd27effd700 1 --2- >> [v2:172.21.15.153:3300/0,v1:172.21.15.153:6789/0] conn(0x7fd28006f500 0x7fd28011cf60 unknown :-1 s=BANNER_CONNECTING pgs=0 cs=0 l=1 rev1=0 crypto rx=0 tx=0 comp rx=0 tx=0)._handle_peer_banner_payload supported=3 required=0
2024-03-11T22:54:05.406 INFO:teuthology.orchestra.run.smithi153.stdout:/usr/bin/ceph: stderr
2024-03-11T22:54:04.127+0000 7fd27effd700 1 --2- >> [v2:172.21.15.153:3300/0,v1:172.21.15.153:6789/0] conn(0x7fd28006f500 0x7fd28011cf60 unknown :-1 s=HELLO_CONNECTING pgs=0 cs=0 l=1 rev1=1 crypto rx=0 tx=0 comp rx=0 tx=0).handle_hello peer v2:172.21.15.153:3300/0 says I am v2:172.21.15.153:40304/0 (socket says 172.21.15.153:40304)
2024-03-11T22:54:05.406 INFO:teuthology.orchestra.run.smithi153.stdout:/usr/bin/ceph: stderr
2024-03-11T22:54:04.127+0000 7fd27effd700 1 -- 172.21.15.153:0/832719464 learned_addr learned my addr 172.21.15.153:0/832719464 (peer_addr_for_me v2:172.21.15.153:0/0)
2024-03-11T22:54:05.406 INFO:teuthology.orchestra.run.smithi153.stdout:/usr/bin/ceph: stderr
2024-03-11T22:54:04.127+0000 7fd27effd700 1 -- 172.21.15.153:0/832719464 --> [v2:172.21.15.153:3300/0,v1:172.21.15.153:6789/0] -- mon_subscribe({config=0+,monmap=0+}) v3 -- 0x7fd2700094f0 con 0x7fd28006f500
2024-03-11T22:54:05.406 INFO:teuthology.orchestra.run.smithi153.stdout:/usr/bin/ceph: stderr
2024-03-11T22:54:04.127+0000 7fd27effd700 1 --2- 172.21.15.153:0/832719464 >> [v2:172.21.15.153:3300/0,v1:172.21.15.153:6789/0] conn(0x7fd28006f500 0x7fd28011cf60 secure :-1 s=READY pgs=56 cs=0 l=1 rev1=1 crypto rx=0x7fd27000b440 tx=0x7fd270009250 comp rx=0 tx=0).ready entity=mon.0 client_cookie=0 server_cookie=0 in_seq=0 out_seq=0
2024-03-11T22:54:05.406 INFO:teuthology.orchestra.run.smithi153.stdout:/usr/bin/ceph: stderr
2024-03-11T22:54:04.128+0000 7fd2677fe700 1 -- 172.21.15.153:0/832719464 <== mon.0 v2:172.21.15.153:3300/0 1 ==== mon_map magic: 0 v1 ==== 229+0+0 (secure 0 0 0) 0x7fd270011a00 con 0x7fd28006f500
2024-03-11T22:54:05.406 INFO:teuthology.orchestra.run.smithi153.stdout:/usr/bin/ceph: stderr
2024-03-11T22:54:04.128+0000 7fd2677fe700 1 -- 172.21.15.153:0/832719464 <== mon.0 v2:172.21.15.153:3300/0 2 ==== config(27 keys) v1 ==== 1109+0+0 (secure 0 0 0) 0x7fd27001f070 con 0x7fd28006f500
2024-03-11T22:54:05.406 INFO:teuthology.orchestra.run.smithi153.stdout:/usr/bin/ceph: stderr
2024-03-11T22:54:04.128+0000 7fd2677fe700 1 -- 172.21.15.153:0/832719464 <== mon.0 v2:172.21.15.153:3300/0 3 ==== mon_map magic: 0 v1 ==== 229+0+0 (secure 0 0 0) 0x7fd2700269d0 con 0x7fd28006f500
2024-03-11T22:54:05.406 INFO:teuthology.orchestra.run.smithi153.stdout:/usr/bin/ceph: stderr
2024-03-11T22:54:04.128+0000 7fd2859fd700 1 -- 172.21.15.153:0/832719464 --> [v2:172.21.15.153:3300/0,v1:172.21.15.153:6789/0] -- mon_subscribe({mgrmap=0+}) v3 -- 0x7fd28011d5e0 con 0x7fd28006f500
2024-03-11T22:54:05.406 INFO:teuthology.orchestra.run.smithi153.stdout:/usr/bin/ceph: stderr
2024-03-11T22:54:04.128+0000 7fd2859fd700 1 -- 172.21.15.153:0/832719464 --> [v2:172.21.15.153:3300/0,v1:172.21.15.153:6789/0] -- mon_subscribe({osdmap=0}) v3 -- 0x7fd28011da10 con 0x7fd28006f500
2024-03-11T22:54:05.406 INFO:teuthology.orchestra.run.smithi153.stdout:/usr/bin/ceph: stderr
2024-03-11T22:54:04.129+0000 7fd2677fe700 1 -- 172.21.15.153:0/832719464 <== mon.0 v2:172.21.15.153:3300/0 4 ==== mgrmap(e 8) v1 ==== 43368+0+0 (secure 0 0 0) 0x7fd270026b30 con 0x7fd28006f500
2024-03-11T22:54:05.406 INFO:teuthology.orchestra.run.smithi153.stdout:/usr/bin/ceph: stderr
2024-03-11T22:54:04.129+0000 7fd2677fe700 1 --2- 172.21.15.153:0/832719464 >> [v2:172.21.15.153:6800/1518383615,v1:172.21.15.153:6801/1518383615] conn(0x7fd268036790 0x7fd268038c40 unknown :-1 s=NONE pgs=0 cs=0 l=1 rev1=0 crypto rx=0 tx=0 comp rx=0 tx=0).connect
2024-03-11T22:54:05.406 INFO:teuthology.orchestra.run.smithi153.stdout:/usr/bin/ceph: stderr
2024-03-11T22:54:04.129+0000 7fd2677fe700 1 -- 172.21.15.153:0/832719464 <== mon.0 v2:172.21.15.153:3300/0 5 ==== osd_map(2..2 src has 1..2) v4 ==== 936+0+0 (secure 0 0 0) 0x7fd270021070 con 0x7fd28006f500
2024-03-11T22:54:05.407 INFO:teuthology.orchestra.run.smithi153.stdout:/usr/bin/ceph: stderr
2024-03-11T22:54:04.129+0000 7fd2859fd700 1 -- 172.21.15.153:0/832719464 --> [v2:172.21.15.153:3300/0,v1:172.21.15.153:6789/0] -- mon_command({"prefix": "get_command_descriptions"} v 0) v1 -- 0x7fd280112dd0 con 0x7fd28006f500
2024-03-11T22:54:05.407 INFO:teuthology.orchestra.run.smithi153.stdout:/usr/bin/ceph: stderr
2024-03-11T22:54:04.129+0000 7fd27e7fc700 1 --2- 172.21.15.153:0/832719464 >> [v2:172.21.15.153:6800/1518383615,v1:172.21.15.153:6801/1518383615] conn(0x7fd268036790 0x7fd268038c40 unknown :-1 s=BANNER_CONNECTING pgs=0 cs=0 l=1 rev1=0 crypto rx=0 tx=0 comp rx=0 tx=0)._handle_peer_banner_payload supported=3 required=0
2024-03-11T22:54:05.407 INFO:teuthology.orchestra.run.smithi153.stdout:/usr/bin/ceph: stderr
2024-03-11T22:54:04.129+0000 7fd27e7fc700 1 --2- 172.21.15.153:0/832719464 >> [v2:172.21.15.153:6800/1518383615,v1:172.21.15.153:6801/1518383615] conn(0x7fd268036790 0x7fd268038c40 secure :-1 s=READY pgs=17 cs=0 l=1 rev1=1 crypto rx=0x7fd274009990 tx=0x7fd274006e40 comp rx=0 tx=0).ready entity=mgr.14118 client_cookie=0 server_cookie=0 in_seq=0 out_seq=0
2024-03-11T22:54:05.407 INFO:teuthology.orchestra.run.smithi153.stdout:/usr/bin/ceph: stderr
2024-03-11T22:54:04.134+0000 7fd2677fe700 1 -- 172.21.15.153:0/832719464 <== mon.0 v2:172.21.15.153:3300/0 6 ==== mon_command_ack([{"prefix": "get_command_descriptions"}]=0 v0) v1 ==== 72+0+175366 (secure 0 0 0) 0x7fd27001b440 con 0x7fd28006f500
2024-03-11T22:54:05.407 INFO:teuthology.orchestra.run.smithi153.stdout:/usr/bin/ceph: stderr
2024-03-11T22:54:04.332+0000 7fd2859fd700 1 -- 172.21.15.153:0/832719464 --> [v2:172.21.15.153:6800/1518383615,v1:172.21.15.153:6801/1518383615] -- mgr_command(tid 0: {"prefix": "orch apply", "service_type": "node-exporter", "target": ["mon-mgr", ""]}) v1 -- 0x7fd28010dfb0 con 0x7fd268036790
2024-03-11T22:54:05.407 INFO:teuthology.orchestra.run.smithi153.stdout:/usr/bin/ceph: stderr
2024-03-11T22:54:04.336+0000 7fd2677fe700 1 -- 172.21.15.153:0/832719464 <== mgr.14118 v2:172.21.15.153:6800/1518383615 1 ==== mgr_command_reply(tid 0: 0 ) v1 ==== 8+0+34 (secure 0 0 0) 0x7fd28010dfb0 con 0x7fd268036790
2024-03-11T22:54:05.407 INFO:teuthology.orchestra.run.smithi153.stdout:/usr/bin/ceph: stderr
2024-03-11T22:54:04.338+0000 7fd2859fd700 1 -- 172.21.15.153:0/832719464 >> [v2:172.21.15.153:6800/1518383615,v1:172.21.15.153:6801/1518383615] conn(0x7fd268036790 msgr2=0x7fd268038c40 secure :-1 s=STATE_CONNECTION_ESTABLISHED l=1).mark_down
2024-03-11T22:54:05.407 INFO:teuthology.orchestra.run.smithi153.stdout:/usr/bin/ceph: stderr
2024-03-11T22:54:04.338+0000 7fd2859fd700 1 --2- 172.21.15.153:0/832719464 >> [v2:172.21.15.153:6800/1518383615,v1:172.21.15.153:6801/1518383615] conn(0x7fd268036790 0x7fd268038c40 secure :-1 s=READY pgs=17 cs=0 l=1 rev1=1 crypto rx=0x7fd274009990 tx=0x7fd274006e40 comp rx=0 tx=0).stop
2024-03-11T22:54:05.407 INFO:teuthology.orchestra.run.smithi153.stdout:/usr/bin/ceph: stderr
2024-03-11T22:54:04.338+0000 7fd2859fd700 1 -- 172.21.15.153:0/832719464 >> [v2:172.21.15.153:3300/0,v1:172.21.15.153:6789/0] conn(0x7fd28006f500 msgr2=0x7fd28011cf60 secure :-1 s=STATE_CONNECTION_ESTABLISHED l=1).mark_down
2024-03-11T22:54:05.407 INFO:teuthology.orchestra.run.smithi153.stdout:/usr/bin/ceph: stderr
2024-03-11T22:54:04.338+0000 7fd2859fd700 1 --2- 172.21.15.153:0/832719464 >> [v2:172.21.15.153:3300/0,v1:172.21.15.153:6789/0] conn(0x7fd28006f500 0x7fd28011cf60 secure :-1 s=READY pgs=56 cs=0 l=1 rev1=1 crypto rx=0x7fd27000b440 tx=0x7fd270009250 comp rx=0 tx=0).stop
2024-03-11T22:54:05.407 INFO:teuthology.orchestra.run.smithi153.stdout:/usr/bin/ceph: stderr
2024-03-11T22:54:04.338+0000 7fd2859fd700 1 -- 172.21.15.153:0/832719464 shutdown_connections
2024-03-11T22:54:05.407 INFO:teuthology.orchestra.run.smithi153.stdout:/usr/bin/ceph: stderr
2024-03-11T22:54:04.338+0000 7fd2859fd700 1 --2- 172.21.15.153:0/832719464 >> [v2:172.21.15.153:6800/1518383615,v1:172.21.15.153:6801/1518383615] conn(0x7fd268036790 0x7fd268038c40 unknown :-1 s=CLOSED pgs=17 cs=0 l=1 rev1=1 crypto rx=0 tx=0 comp rx=0 tx=0).stop
2024-03-11T22:54:05.407 INFO:teuthology.orchestra.run.smithi153.stdout:/usr/bin/ceph: stderr
2024-03-11T22:54:04.338+0000 7fd2859fd700 1 --2- 172.21.15.153:0/832719464 >> [v2:172.21.15.153:3300/0,v1:172.21.15.153:6789/0] conn(0x7fd28006f500 0x7fd28011cf60 unknown :-1 s=CLOSED pgs=56 cs=0 l=1 rev1=1 crypto rx=0 tx=0 comp rx=0 tx=0).stop
2024-03-11T22:54:05.407 INFO:teuthology.orchestra.run.smithi153.stdout:/usr/bin/ceph: stderr
2024-03-11T22:54:04.338+0000 7fd2859fd700 1 -- 172.21.15.153:0/832719464 >> 172.21.15.153:0/832719464 conn(0x7fd280069d90 msgr2=0x7fd28006b550 unknown :-1 s=STATE_NONE l=0).mark_down
2024-03-11T22:54:05.408 INFO:teuthology.orchestra.run.smithi153.stdout:/usr/bin/ceph: stderr
2024-03-11T22:54:04.338+0000 7fd2859fd700 1 -- 172.21.15.153:0/832719464 shutdown_connections
2024-03-11T22:54:05.408 INFO:teuthology.orchestra.run.smithi153.stdout:/usr/bin/ceph: stderr
2024-03-11T22:54:04.338+0000 7fd2859fd700 1 -- 172.21.15.153:0/832719464 wait complete.
2024-03-11T22:54:05.408 INFO:teuthology.orchestra.run.smithi153.stdout:Deploying alertmanager service with default placement...
2024-03-11T22:54:05.513 INFO:journalctl@ceph.mon.smithi153.smithi153.stdout:Mar 11 22:54:05 smithi153 ceph-mon[28962]: from='client.14150 -' entity='client.admin' cmd=[{"prefix": "orch apply", "service_type": "node-exporter", "target": ["mon-mgr", ""]}]: dispatch
2024-03-11T22:54:05.513 INFO:journalctl@ceph.mon.smithi153.smithi153.stdout:Mar 11 22:54:05 smithi153 ceph-mon[28962]: Saving service node-exporter spec with placement *
2024-03-11T22:54:05.513 INFO:journalctl@ceph.mon.smithi153.smithi153.stdout:Mar 11 22:54:05 smithi153 ceph-mon[28962]: from='mgr.14118 172.21.15.153:0/870689843' entity='mgr.smithi153.nyocep'
2024-03-11T22:54:06.720 INFO:teuthology.orchestra.run.smithi153.stdout:/usr/bin/ceph: stdout Scheduled alertmanager update...
2024-03-11T22:54:06.720 INFO:teuthology.orchestra.run.smithi153.stdout:/usr/bin/ceph: stderr
2024-03-11T22:54:05.800+0000 7f03b0593700 1 Processor -- start
2024-03-11T22:54:06.720 INFO:teuthology.orchestra.run.smithi153.stdout:/usr/bin/ceph: stderr
2024-03-11T22:54:05.800+0000 7f03b0593700 1 -- start start
2024-03-11T22:54:06.720 INFO:teuthology.orchestra.run.smithi153.stdout:/usr/bin/ceph: stderr
2024-03-11T22:54:05.800+0000 7f03b0593700 1 --2- >> [v2:172.21.15.153:3300/0,v1:172.21.15.153:6789/0] conn(0x7f03a8078ce0 0x7f03a80771f0 unknown :-1 s=NONE pgs=0 cs=0 l=0 rev1=0 crypto rx=0 tx=0 comp rx=0 tx=0).connect
2024-03-11T22:54:06.720 INFO:teuthology.orchestra.run.smithi153.stdout:/usr/bin/ceph: stderr
2024-03-11T22:54:05.800+0000 7f03b0593700 1 -- --> [v2:172.21.15.153:3300/0,v1:172.21.15.153:6789/0] -- mon_getmap magic: 0 v1 -- 0x7f03a80790f0 con 0x7f03a8078ce0
2024-03-11T22:54:06.721 INFO:teuthology.orchestra.run.smithi153.stdout:/usr/bin/ceph: stderr
2024-03-11T22:54:05.800+0000 7f03ae32f700 1 --2- >> [v2:172.21.15.153:3300/0,v1:172.21.15.153:6789/0] conn(0x7f03a8078ce0 0x7f03a80771f0 unknown :-1 s=BANNER_CONNECTING pgs=0 cs=0 l=0 rev1=0 crypto rx=0 tx=0 comp rx=0 tx=0)._handle_peer_banner_payload supported=3 required=0
2024-03-11T22:54:06.721 INFO:teuthology.orchestra.run.smithi153.stdout:/usr/bin/ceph: stderr
2024-03-11T22:54:05.800+0000 7f03ae32f700 1 --2- >> [v2:172.21.15.153:3300/0,v1:172.21.15.153:6789/0] conn(0x7f03a8078ce0 0x7f03a80771f0 unknown :-1 s=HELLO_CONNECTING pgs=0 cs=0 l=0 rev1=1 crypto rx=0 tx=0 comp rx=0 tx=0).handle_hello peer v2:172.21.15.153:3300/0 says I am v2:172.21.15.153:40312/0 (socket says 172.21.15.153:40312)
2024-03-11T22:54:06.721 INFO:teuthology.orchestra.run.smithi153.stdout:/usr/bin/ceph: stderr
2024-03-11T22:54:05.800+0000 7f03ae32f700 1 -- 172.21.15.153:0/429253993 learned_addr learned my addr 172.21.15.153:0/429253993 (peer_addr_for_me v2:172.21.15.153:0/0)
2024-03-11T22:54:06.721 INFO:teuthology.orchestra.run.smithi153.stdout:/usr/bin/ceph: stderr
2024-03-11T22:54:05.800+0000 7f03ae32f700 1 -- 172.21.15.153:0/429253993 --> [v2:172.21.15.153:3300/0,v1:172.21.15.153:6789/0] -- mon_subscribe({config=0+,monmap=0+}) v3 -- 0x7f03a8077730 con 0x7f03a8078ce0
2024-03-11T22:54:06.721 INFO:teuthology.orchestra.run.smithi153.stdout:/usr/bin/ceph: stderr
2024-03-11T22:54:05.801+0000 7f03ae32f700 1 --2- 172.21.15.153:0/429253993 >> [v2:172.21.15.153:3300/0,v1:172.21.15.153:6789/0] conn(0x7f03a8078ce0 0x7f03a80771f0 secure :-1 s=READY pgs=57 cs=0 l=1 rev1=1 crypto rx=0x7f03a40098e0 tx=0x7f03a4009250 comp rx=0 tx=0).ready entity=mon.0 client_cookie=fd5b4b61f3fac658 server_cookie=0 in_seq=0 out_seq=0
2024-03-11T22:54:06.721 INFO:teuthology.orchestra.run.smithi153.stdout:/usr/bin/ceph: stderr
2024-03-11T22:54:05.801+0000 7f03ad32d700 1 -- 172.21.15.153:0/429253993 <== mon.0 v2:172.21.15.153:3300/0 1 ==== mon_map magic: 0 v1 ==== 229+0+0 (secure 0 0 0) 0x7f03a400b860 con 0x7f03a8078ce0
2024-03-11T22:54:06.721 INFO:teuthology.orchestra.run.smithi153.stdout:/usr/bin/ceph: stderr
2024-03-11T22:54:05.801+0000 7f03ad32d700 1 -- 172.21.15.153:0/429253993 <== mon.0 v2:172.21.15.153:3300/0 2 ==== config(27 keys) v1 ==== 1109+0+0 (secure 0 0 0) 0x7f03a400be90 con 0x7f03a8078ce0
2024-03-11T22:54:06.721 INFO:teuthology.orchestra.run.smithi153.stdout:/usr/bin/ceph: stderr
2024-03-11T22:54:05.801+0000 7f03ad32d700 1 -- 172.21.15.153:0/429253993 <== mon.0 v2:172.21.15.153:3300/0 3 ==== mon_map magic: 0 v1 ==== 229+0+0 (secure 0 0 0) 0x7f03a40103c0 con 0x7f03a8078ce0
2024-03-11T22:54:06.721 INFO:teuthology.orchestra.run.smithi153.stdout:/usr/bin/ceph: stderr
2024-03-11T22:54:05.801+0000 7f03b0593700 1 -- 172.21.15.153:0/429253993 >> [v2:172.21.15.153:3300/0,v1:172.21.15.153:6789/0] conn(0x7f03a8078ce0 msgr2=0x7f03a80771f0 secure :-1 s=STATE_CONNECTION_ESTABLISHED l=1).mark_down
2024-03-11T22:54:06.721 INFO:teuthology.orchestra.run.smithi153.stdout:/usr/bin/ceph: stderr
2024-03-11T22:54:05.801+0000 7f03b0593700 1 --2- 172.21.15.153:0/429253993 >> [v2:172.21.15.153:3300/0,v1:172.21.15.153:6789/0] conn(0x7f03a8078ce0 0x7f03a80771f0 secure :-1 s=READY pgs=57 cs=0 l=1 rev1=1 crypto rx=0x7f03a40098e0 tx=0x7f03a4009250 comp rx=0 tx=0).stop
2024-03-11T22:54:06.721 INFO:teuthology.orchestra.run.smithi153.stdout:/usr/bin/ceph: stderr
2024-03-11T22:54:05.802+0000 7f03b0593700 1 -- 172.21.15.153:0/429253993 shutdown_connections
2024-03-11T22:54:06.721 INFO:teuthology.orchestra.run.smithi153.stdout:/usr/bin/ceph: stderr
2024-03-11T22:54:05.802+0000 7f03b0593700 1 --2- 172.21.15.153:0/429253993 >> [v2:172.21.15.153:3300/0,v1:172.21.15.153:6789/0] conn(0x7f03a8078ce0 0x7f03a80771f0 unknown :-1 s=CLOSED pgs=57 cs=0 l=1 rev1=1 crypto rx=0 tx=0 comp rx=0 tx=0).stop
2024-03-11T22:54:06.721 INFO:teuthology.orchestra.run.smithi153.stdout:/usr/bin/ceph: stderr
2024-03-11T22:54:05.802+0000 7f03b0593700 1 -- 172.21.15.153:0/429253993 >> 172.21.15.153:0/429253993 conn(0x7f03a80fded0 msgr2=0x7f03a8100300 unknown :-1 s=STATE_NONE l=0).mark_down
2024-03-11T22:54:06.721 INFO:teuthology.orchestra.run.smithi153.stdout:/usr/bin/ceph: stderr
2024-03-11T22:54:05.802+0000 7f03b0593700 1 -- 172.21.15.153:0/429253993 shutdown_connections
2024-03-11T22:54:06.722 INFO:teuthology.orchestra.run.smithi153.stdout:/usr/bin/ceph: stderr
2024-03-11T22:54:05.802+0000 7f03b0593700 1 -- 172.21.15.153:0/429253993 wait complete.
2024-03-11T22:54:06.722 INFO:teuthology.orchestra.run.smithi153.stdout:/usr/bin/ceph: stderr
2024-03-11T22:54:05.802+0000 7f03b0593700 1 Processor -- start
2024-03-11T22:54:06.722 INFO:teuthology.orchestra.run.smithi153.stdout:/usr/bin/ceph: stderr
2024-03-11T22:54:05.802+0000 7f03b0593700 1 -- start start
2024-03-11T22:54:06.722 INFO:teuthology.orchestra.run.smithi153.stdout:/usr/bin/ceph: stderr
2024-03-11T22:54:05.802+0000 7f03b0593700 1 --2- >> [v2:172.21.15.153:3300/0,v1:172.21.15.153:6789/0] conn(0x7f03a8078ce0 0x7f03a8113750 unknown :-1 s=NONE pgs=0 cs=0 l=1 rev1=0 crypto rx=0 tx=0 comp rx=0 tx=0).connect
2024-03-11T22:54:06.722 INFO:teuthology.orchestra.run.smithi153.stdout:/usr/bin/ceph: stderr
2024-03-11T22:54:05.802+0000 7f03b0593700 1 -- --> [v2:172.21.15.153:3300/0,v1:172.21.15.153:6789/0] -- mon_getmap magic: 0 v1 -- 0x7f03a8113c90 con 0x7f03a8078ce0
2024-03-11T22:54:06.722 INFO:teuthology.orchestra.run.smithi153.stdout:/usr/bin/ceph: stderr
2024-03-11T22:54:05.802+0000 7f03ae32f700 1 --2- >> [v2:172.21.15.153:3300/0,v1:172.21.15.153:6789/0] conn(0x7f03a8078ce0 0x7f03a8113750 unknown :-1 s=BANNER_CONNECTING pgs=0 cs=0 l=1 rev1=0 crypto rx=0 tx=0 comp rx=0 tx=0)._handle_peer_banner_payload supported=3 required=0
2024-03-11T22:54:06.722 INFO:teuthology.orchestra.run.smithi153.stdout:/usr/bin/ceph: stderr
2024-03-11T22:54:05.802+0000 7f03ae32f700 1 --2- >> [v2:172.21.15.153:3300/0,v1:172.21.15.153:6789/0] conn(0x7f03a8078ce0 0x7f03a8113750 unknown :-1 s=HELLO_CONNECTING pgs=0 cs=0 l=1 rev1=1 crypto rx=0 tx=0 comp rx=0 tx=0).handle_hello peer v2:172.21.15.153:3300/0 says I am v2:172.21.15.153:40326/0 (socket says 172.21.15.153:40326)
2024-03-11T22:54:06.722 INFO:teuthology.orchestra.run.smithi153.stdout:/usr/bin/ceph: stderr
2024-03-11T22:54:05.802+0000 7f03ae32f700 1 -- 172.21.15.153:0/1849843174 learned_addr learned my addr 172.21.15.153:0/1849843174 (peer_addr_for_me v2:172.21.15.153:0/0)
2024-03-11T22:54:06.722 INFO:teuthology.orchestra.run.smithi153.stdout:/usr/bin/ceph: stderr
2024-03-11T22:54:05.803+0000 7f03ae32f700 1 -- 172.21.15.153:0/1849843174 --> [v2:172.21.15.153:3300/0,v1:172.21.15.153:6789/0] -- mon_subscribe({config=0+,monmap=0+}) v3 -- 0x7f03a40094f0 con 0x7f03a8078ce0
2024-03-11T22:54:06.722 INFO:teuthology.orchestra.run.smithi153.stdout:/usr/bin/ceph: stderr
2024-03-11T22:54:05.803+0000 7f03ae32f700 1 --2- 172.21.15.153:0/1849843174 >> [v2:172.21.15.153:3300/0,v1:172.21.15.153:6789/0] conn(0x7f03a8078ce0 0x7f03a8113750 secure :-1 s=READY pgs=58 cs=0 l=1 rev1=1 crypto rx=0x7f03a4003080 tx=0x7f03a4009250 comp rx=0 tx=0).ready entity=mon.0 client_cookie=0 server_cookie=0 in_seq=0 out_seq=0
2024-03-11T22:54:06.722 INFO:teuthology.orchestra.run.smithi153.stdout:/usr/bin/ceph: stderr
2024-03-11T22:54:05.803+0000 7f039effd700 1 -- 172.21.15.153:0/1849843174 <== mon.0 v2:172.21.15.153:3300/0 1 ==== mon_map magic: 0 v1 ==== 229+0+0 (secure 0 0 0) 0x7f03a4011920 con 0x7f03a8078ce0
2024-03-11T22:54:06.722 INFO:teuthology.orchestra.run.smithi153.stdout:/usr/bin/ceph: stderr
2024-03-11T22:54:05.803+0000 7f039effd700 1 -- 172.21.15.153:0/1849843174 <== mon.0 v2:172.21.15.153:3300/0 2 ==== config(27 keys) v1 ==== 1109+0+0 (secure 0 0 0) 0x7f03a4010d60 con 0x7f03a8078ce0
2024-03-11T22:54:06.722 INFO:teuthology.orchestra.run.smithi153.stdout:/usr/bin/ceph: stderr
2024-03-11T22:54:05.803+0000 7f03b0593700 1 -- 172.21.15.153:0/1849843174 --> [v2:172.21.15.153:3300/0,v1:172.21.15.153:6789/0] -- mon_subscribe({mgrmap=0+}) v3 -- 0x7f03a8113e90 con 0x7f03a8078ce0
2024-03-11T22:54:06.722 INFO:teuthology.orchestra.run.smithi153.stdout:/usr/bin/ceph: stderr
2024-03-11T22:54:05.803+0000 7f039effd700 1 -- 172.21.15.153:0/1849843174 <== mon.0 v2:172.21.15.153:3300/0 3 ==== mon_map magic: 0 v1 ==== 229+0+0 (secure 0 0 0) 0x7f03a40243f0 con 0x7f03a8078ce0
2024-03-11T22:54:06.722 INFO:teuthology.orchestra.run.smithi153.stdout:/usr/bin/ceph: stderr
2024-03-11T22:54:05.803+0000 7f03b0593700 1 -- 172.21.15.153:0/1849843174 --> [v2:172.21.15.153:3300/0,v1:172.21.15.153:6789/0] -- mon_subscribe({osdmap=0}) v3 -- 0x7f03a8114b30 con 0x7f03a8078ce0
2024-03-11T22:54:06.723 INFO:teuthology.orchestra.run.smithi153.stdout:/usr/bin/ceph: stderr
2024-03-11T22:54:05.804+0000 7f039effd700 1 -- 172.21.15.153:0/1849843174 <== mon.0 v2:172.21.15.153:3300/0 4 ==== mgrmap(e 8) v1 ==== 43368+0+0 (secure 0 0 0) 0x7f03a402d3f0 con 0x7f03a8078ce0
2024-03-11T22:54:06.723 INFO:teuthology.orchestra.run.smithi153.stdout:/usr/bin/ceph: stderr
2024-03-11T22:54:05.804+0000 7f03b0593700 1 -- 172.21.15.153:0/1849843174 --> [v2:172.21.15.153:3300/0,v1:172.21.15.153:6789/0] -- mon_command({"prefix": "get_command_descriptions"} v 0) v1 -- 0x7f03a805f5c0 con 0x7f03a8078ce0
2024-03-11T22:54:06.723 INFO:teuthology.orchestra.run.smithi153.stdout:/usr/bin/ceph: stderr
2024-03-11T22:54:05.804+0000 7f039effd700 1 --2- 172.21.15.153:0/1849843174 >> [v2:172.21.15.153:6800/1518383615,v1:172.21.15.153:6801/1518383615] conn(0x7f03940367e0 0x7f0394038c90 unknown :-1 s=NONE pgs=0 cs=0 l=1 rev1=0 crypto rx=0 tx=0 comp rx=0 tx=0).connect
2024-03-11T22:54:06.723 INFO:teuthology.orchestra.run.smithi153.stdout:/usr/bin/ceph: stderr
2024-03-11T22:54:05.804+0000 7f039effd700 1 -- 172.21.15.153:0/1849843174 <== mon.0 v2:172.21.15.153:3300/0 5 ==== osd_map(2..2 src has 1..2) v4 ==== 936+0+0 (secure 0 0 0) 0x7f03a404a550 con 0x7f03a8078ce0
2024-03-11T22:54:06.723 INFO:teuthology.orchestra.run.smithi153.stdout:/usr/bin/ceph: stderr
2024-03-11T22:54:05.804+0000 7f03adb2e700 1 --2- 172.21.15.153:0/1849843174 >> [v2:172.21.15.153:6800/1518383615,v1:172.21.15.153:6801/1518383615] conn(0x7f03940367e0 0x7f0394038c90 unknown :-1 s=BANNER_CONNECTING pgs=0 cs=0 l=1 rev1=0 crypto rx=0 tx=0 comp rx=0 tx=0)._handle_peer_banner_payload supported=3 required=0
2024-03-11T22:54:06.723 INFO:teuthology.orchestra.run.smithi153.stdout:/usr/bin/ceph: stderr
2024-03-11T22:54:05.805+0000 7f03adb2e700 1 --2- 172.21.15.153:0/1849843174 >> [v2:172.21.15.153:6800/1518383615,v1:172.21.15.153:6801/1518383615] conn(0x7f03940367e0 0x7f0394038c90 secure :-1 s=READY pgs=18 cs=0 l=1 rev1=1 crypto rx=0x7f0398009990 tx=0x7f0398006e40 comp rx=0 tx=0).ready entity=mgr.14118 client_cookie=0 server_cookie=0 in_seq=0 out_seq=0
2024-03-11T22:54:06.723 INFO:teuthology.orchestra.run.smithi153.stdout:/usr/bin/ceph: stderr
2024-03-11T22:54:05.809+0000 7f039effd700 1 -- 172.21.15.153:0/1849843174 <== mon.0 v2:172.21.15.153:3300/0 6 ==== mon_command_ack([{"prefix": "get_command_descriptions"}]=0 v0) v1 ==== 72+0+175366 (secure 0 0 0) 0x7f03a402b8e0 con 0x7f03a8078ce0
2024-03-11T22:54:06.723 INFO:teuthology.orchestra.run.smithi153.stdout:/usr/bin/ceph: stderr
2024-03-11T22:54:06.009+0000 7f03b0593700 1 -- 172.21.15.153:0/1849843174 --> [v2:172.21.15.153:6800/1518383615,v1:172.21.15.153:6801/1518383615] -- mgr_command(tid 0: {"prefix": "orch apply", "service_type": "alertmanager", "target": ["mon-mgr", ""]}) v1 -- 0x7f03a81001b0 con 0x7f03940367e0
2024-03-11T22:54:06.723 INFO:teuthology.orchestra.run.smithi153.stdout:/usr/bin/ceph: stderr
2024-03-11T22:54:06.014+0000 7f039effd700 1 -- 172.21.15.153:0/1849843174 <== mgr.14118 v2:172.21.15.153:6800/1518383615 1 ==== mgr_command_reply(tid 0: 0 ) v1 ==== 8+0+33 (secure 0 0 0) 0x7f03a81001b0 con 0x7f03940367e0
2024-03-11T22:54:06.723 INFO:teuthology.orchestra.run.smithi153.stdout:/usr/bin/ceph: stderr
2024-03-11T22:54:06.016+0000 7f03b0593700 1 -- 172.21.15.153:0/1849843174 >> [v2:172.21.15.153:6800/1518383615,v1:172.21.15.153:6801/1518383615] conn(0x7f03940367e0 msgr2=0x7f0394038c90 secure :-1 s=STATE_CONNECTION_ESTABLISHED l=1).mark_down
2024-03-11T22:54:06.723 INFO:teuthology.orchestra.run.smithi153.stdout:/usr/bin/ceph: stderr
2024-03-11T22:54:06.016+0000 7f03b0593700 1 --2- 172.21.15.153:0/1849843174 >> [v2:172.21.15.153:6800/1518383615,v1:172.21.15.153:6801/1518383615] conn(0x7f03940367e0 0x7f0394038c90 secure :-1 s=READY pgs=18 cs=0 l=1 rev1=1 crypto rx=0x7f0398009990 tx=0x7f0398006e40 comp rx=0 tx=0).stop
2024-03-11T22:54:06.723 INFO:teuthology.orchestra.run.smithi153.stdout:/usr/bin/ceph: stderr
2024-03-11T22:54:06.016+0000 7f03b0593700 1 -- 172.21.15.153:0/1849843174 >> [v2:172.21.15.153:3300/0,v1:172.21.15.153:6789/0] conn(0x7f03a8078ce0 msgr2=0x7f03a8113750 secure :-1 s=STATE_CONNECTION_ESTABLISHED l=1).mark_down
2024-03-11T22:54:06.723 INFO:teuthology.orchestra.run.smithi153.stdout:/usr/bin/ceph: stderr
2024-03-11T22:54:06.016+0000 7f03b0593700 1 --2- 172.21.15.153:0/1849843174 >> [v2:172.21.15.153:3300/0,v1:172.21.15.153:6789/0] conn(0x7f03a8078ce0 0x7f03a8113750 secure :-1 s=READY pgs=58 cs=0 l=1 rev1=1 crypto rx=0x7f03a4003080 tx=0x7f03a4009250 comp rx=0 tx=0).stop
2024-03-11T22:54:06.723 INFO:teuthology.orchestra.run.smithi153.stdout:/usr/bin/ceph: stderr
2024-03-11T22:54:06.016+0000 7f03b0593700 1 -- 172.21.15.153:0/1849843174 shutdown_connections
2024-03-11T22:54:06.723 INFO:teuthology.orchestra.run.smithi153.stdout:/usr/bin/ceph: stderr
2024-03-11T22:54:06.016+0000 7f03b0593700 1 --2- 172.21.15.153:0/1849843174 >> [v2:172.21.15.153:6800/1518383615,v1:172.21.15.153:6801/1518383615] conn(0x7f03940367e0 0x7f0394038c90 unknown :-1 s=CLOSED pgs=18 cs=0 l=1 rev1=1 crypto rx=0 tx=0 comp rx=0 tx=0).stop
2024-03-11T22:54:06.723 INFO:teuthology.orchestra.run.smithi153.stdout:/usr/bin/ceph: stderr
2024-03-11T22:54:06.016+0000 7f03b0593700 1 --2- 172.21.15.153:0/1849843174 >> [v2:172.21.15.153:3300/0,v1:172.21.15.153:6789/0] conn(0x7f03a8078ce0 0x7f03a8113750 unknown :-1 s=CLOSED pgs=58 cs=0 l=1 rev1=1 crypto rx=0 tx=0 comp rx=0 tx=0).stop
2024-03-11T22:54:06.724 INFO:teuthology.orchestra.run.smithi153.stdout:/usr/bin/ceph: stderr
2024-03-11T22:54:06.016+0000 7f03b0593700 1 -- 172.21.15.153:0/1849843174 >> 172.21.15.153:0/1849843174 conn(0x7f03a80fded0 msgr2=0x7f03a80ff590 unknown :-1 s=STATE_NONE l=0).mark_down
2024-03-11T22:54:06.724 INFO:teuthology.orchestra.run.smithi153.stdout:/usr/bin/ceph: stderr
2024-03-11T22:54:06.016+0000 7f03b0593700 1 -- 172.21.15.153:0/1849843174 shutdown_connections
2024-03-11T22:54:06.724 INFO:teuthology.orchestra.run.smithi153.stdout:/usr/bin/ceph: stderr
2024-03-11T22:54:06.016+0000 7f03b0593700 1 -- 172.21.15.153:0/1849843174 wait complete.
2024-03-11T22:54:07.281 INFO:journalctl@ceph.mon.smithi153.smithi153.stdout:Mar 11 22:54:07 smithi153 ceph-mon[28962]: from='client.14152 -' entity='client.admin' cmd=[{"prefix": "orch apply", "service_type": "alertmanager", "target": ["mon-mgr", ""]}]: dispatch
2024-03-11T22:54:07.281 INFO:journalctl@ceph.mon.smithi153.smithi153.stdout:Mar 11 22:54:07 smithi153 ceph-mon[28962]: Saving service alertmanager spec with placement count:1
2024-03-11T22:54:07.281 INFO:journalctl@ceph.mon.smithi153.smithi153.stdout:Mar 11 22:54:07 smithi153 ceph-mon[28962]: from='mgr.14118 172.21.15.153:0/870689843' entity='mgr.smithi153.nyocep'
2024-03-11T22:54:07.893 INFO:teuthology.orchestra.run.smithi153.stdout:/usr/bin/ceph: stderr
2024-03-11T22:54:07.161+0000 7fd4d823f700 1 Processor -- start
2024-03-11T22:54:07.893 INFO:teuthology.orchestra.run.smithi153.stdout:/usr/bin/ceph: stderr
2024-03-11T22:54:07.161+0000 7fd4d823f700 1 -- start start
2024-03-11T22:54:07.893 INFO:teuthology.orchestra.run.smithi153.stdout:/usr/bin/ceph: stderr
2024-03-11T22:54:07.161+0000 7fd4d823f700 1 --2- >> [v2:172.21.15.153:3300/0,v1:172.21.15.153:6789/0] conn(0x7fd4d0071480 0x7fd4d0107780 unknown :-1 s=NONE pgs=0 cs=0 l=0 rev1=0 crypto rx=0 tx=0 comp rx=0 tx=0).connect
2024-03-11T22:54:07.893 INFO:teuthology.orchestra.run.smithi153.stdout:/usr/bin/ceph: stderr
2024-03-11T22:54:07.161+0000 7fd4d823f700 1 -- --> [v2:172.21.15.153:3300/0,v1:172.21.15.153:6789/0] -- mon_getmap magic: 0 v1 -- 0x7fd4d0103170 con 0x7fd4d0071480
2024-03-11T22:54:07.894 INFO:teuthology.orchestra.run.smithi153.stdout:/usr/bin/ceph: stderr
2024-03-11T22:54:07.162+0000 7fd4d5fdb700 1 --2- >> [v2:172.21.15.153:3300/0,v1:172.21.15.153:6789/0] conn(0x7fd4d0071480 0x7fd4d0107780 unknown :-1 s=BANNER_CONNECTING pgs=0 cs=0 l=0 rev1=0 crypto rx=0 tx=0 comp rx=0 tx=0)._handle_peer_banner_payload supported=3 required=0
2024-03-11T22:54:07.894 INFO:teuthology.orchestra.run.smithi153.stdout:/usr/bin/ceph: stderr
2024-03-11T22:54:07.162+0000 7fd4d5fdb700 1 --2- >> [v2:172.21.15.153:3300/0,v1:172.21.15.153:6789/0] conn(0x7fd4d0071480 0x7fd4d0107780 unknown :-1 s=HELLO_CONNECTING pgs=0 cs=0 l=0 rev1=1 crypto rx=0 tx=0 comp rx=0 tx=0).handle_hello peer v2:172.21.15.153:3300/0 says I am v2:172.21.15.153:40334/0 (socket says 172.21.15.153:40334)
2024-03-11T22:54:07.894 INFO:teuthology.orchestra.run.smithi153.stdout:/usr/bin/ceph: stderr
2024-03-11T22:54:07.162+0000 7fd4d5fdb700 1 -- 172.21.15.153:0/2188993543 learned_addr learned my addr 172.21.15.153:0/2188993543 (peer_addr_for_me v2:172.21.15.153:0/0)
2024-03-11T22:54:07.894 INFO:teuthology.orchestra.run.smithi153.stdout:/usr/bin/ceph: stderr
2024-03-11T22:54:07.162+0000 7fd4d5fdb700 1 -- 172.21.15.153:0/2188993543 --> [v2:172.21.15.153:3300/0,v1:172.21.15.153:6789/0] -- mon_subscribe({config=0+,monmap=0+}) v3 -- 0x7fd4d0107cc0 con 0x7fd4d0071480
2024-03-11T22:54:07.894 INFO:teuthology.orchestra.run.smithi153.stdout:/usr/bin/ceph: stderr
2024-03-11T22:54:07.162+0000 7fd4d5fdb700 1 --2- 172.21.15.153:0/2188993543 >> [v2:172.21.15.153:3300/0,v1:172.21.15.153:6789/0] conn(0x7fd4d0071480 0x7fd4d0107780 secure :-1 s=READY pgs=59 cs=0 l=1 rev1=1 crypto rx=0x7fd4cc0098e0 tx=0x7fd4cc009250 comp rx=0 tx=0).ready entity=mon.0 client_cookie=11890c3732de0089 server_cookie=0 in_seq=0 out_seq=0
2024-03-11T22:54:07.894 INFO:teuthology.orchestra.run.smithi153.stdout:/usr/bin/ceph: stderr
2024-03-11T22:54:07.162+0000 7fd4d4fd9700 1 -- 172.21.15.153:0/2188993543 <== mon.0 v2:172.21.15.153:3300/0 1 ==== mon_map magic: 0 v1 ==== 229+0+0 (secure 0 0 0) 0x7fd4cc00b860 con 0x7fd4d0071480
2024-03-11T22:54:07.894 INFO:teuthology.orchestra.run.smithi153.stdout:/usr/bin/ceph: stderr
2024-03-11T22:54:07.162+0000 7fd4d4fd9700 1 -- 172.21.15.153:0/2188993543 <== mon.0 v2:172.21.15.153:3300/0 2 ==== config(27 keys) v1 ==== 1109+0+0 (secure 0 0 0) 0x7fd4cc00be90 con 0x7fd4d0071480
2024-03-11T22:54:07.894 INFO:teuthology.orchestra.run.smithi153.stdout:/usr/bin/ceph: stderr
2024-03-11T22:54:07.162+0000 7fd4d4fd9700 1 -- 172.21.15.153:0/2188993543 <== mon.0 v2:172.21.15.153:3300/0 3 ==== mon_map magic: 0 v1 ==== 229+0+0 (secure 0 0 0) 0x7fd4cc0103c0 con 0x7fd4d0071480
2024-03-11T22:54:07.894 INFO:teuthology.orchestra.run.smithi153.stdout:/usr/bin/ceph: stderr
2024-03-11T22:54:07.163+0000 7fd4d823f700 1 -- 172.21.15.153:0/2188993543 >> [v2:172.21.15.153:3300/0,v1:172.21.15.153:6789/0] conn(0x7fd4d0071480 msgr2=0x7fd4d0107780 secure :-1 s=STATE_CONNECTION_ESTABLISHED l=1).mark_down
2024-03-11T22:54:07.894 INFO:teuthology.orchestra.run.smithi153.stdout:/usr/bin/ceph: stderr
2024-03-11T22:54:07.163+0000 7fd4d823f700 1 --2- 172.21.15.153:0/2188993543 >> [v2:172.21.15.153:3300/0,v1:172.21.15.153:6789/0] conn(0x7fd4d0071480 0x7fd4d0107780 secure :-1 s=READY pgs=59 cs=0 l=1 rev1=1 crypto rx=0x7fd4cc0098e0 tx=0x7fd4cc009250 comp rx=0 tx=0).stop
2024-03-11T22:54:07.894 INFO:teuthology.orchestra.run.smithi153.stdout:/usr/bin/ceph: stderr
2024-03-11T22:54:07.163+0000 7fd4d823f700 1 -- 172.21.15.153:0/2188993543 shutdown_connections
2024-03-11T22:54:07.894 INFO:teuthology.orchestra.run.smithi153.stdout:/usr/bin/ceph: stderr
2024-03-11T22:54:07.163+0000 7fd4d823f700 1 --2- 172.21.15.153:0/2188993543 >> [v2:172.21.15.153:3300/0,v1:172.21.15.153:6789/0] conn(0x7fd4d0071480 0x7fd4d0107780 unknown :-1 s=CLOSED pgs=59 cs=0 l=1 rev1=1 crypto rx=0 tx=0 comp rx=0 tx=0).stop
2024-03-11T22:54:07.894 INFO:teuthology.orchestra.run.smithi153.stdout:/usr/bin/ceph: stderr
2024-03-11T22:54:07.163+0000 7fd4d823f700 1 -- 172.21.15.153:0/2188993543 >> 172.21.15.153:0/2188993543 conn(0x7fd4d00fcdd0 msgr2=0x7fd4d00ff200 unknown :-1 s=STATE_NONE l=0).mark_down
2024-03-11T22:54:07.894 INFO:teuthology.orchestra.run.smithi153.stdout:/usr/bin/ceph: stderr
2024-03-11T22:54:07.163+0000 7fd4d823f700 1 -- 172.21.15.153:0/2188993543 shutdown_connections
2024-03-11T22:54:07.895 INFO:teuthology.orchestra.run.smithi153.stdout:/usr/bin/ceph: stderr
2024-03-11T22:54:07.163+0000 7fd4d823f700 1 -- 172.21.15.153:0/2188993543 wait complete.
2024-03-11T22:54:07.895 INFO:teuthology.orchestra.run.smithi153.stdout:/usr/bin/ceph: stderr
2024-03-11T22:54:07.163+0000 7fd4d823f700 1 Processor -- start
2024-03-11T22:54:07.895 INFO:teuthology.orchestra.run.smithi153.stdout:/usr/bin/ceph: stderr
2024-03-11T22:54:07.164+0000 7fd4d823f700 1 -- start start
2024-03-11T22:54:07.895 INFO:teuthology.orchestra.run.smithi153.stdout:/usr/bin/ceph: stderr
2024-03-11T22:54:07.164+0000 7fd4d823f700 1 --2- >> [v2:172.21.15.153:3300/0,v1:172.21.15.153:6789/0] conn(0x7fd4d0071480 0x7fd4d01137e0 unknown :-1 s=NONE pgs=0 cs=0 l=1 rev1=0 crypto rx=0 tx=0 comp rx=0 tx=0).connect
2024-03-11T22:54:07.895 INFO:teuthology.orchestra.run.smithi153.stdout:/usr/bin/ceph: stderr
2024-03-11T22:54:07.164+0000 7fd4d823f700 1 -- --> [v2:172.21.15.153:3300/0,v1:172.21.15.153:6789/0] -- mon_getmap magic: 0 v1 -- 0x7fd4d0113d20 con 0x7fd4d0071480
2024-03-11T22:54:07.895 INFO:teuthology.orchestra.run.smithi153.stdout:/usr/bin/ceph: stderr
2024-03-11T22:54:07.164+0000 7fd4d5fdb700 1 --2- >> [v2:172.21.15.153:3300/0,v1:172.21.15.153:6789/0] conn(0x7fd4d0071480 0x7fd4d01137e0 unknown :-1 s=BANNER_CONNECTING pgs=0 cs=0 l=1 rev1=0 crypto rx=0 tx=0 comp rx=0 tx=0)._handle_peer_banner_payload supported=3 required=0
2024-03-11T22:54:07.895 INFO:teuthology.orchestra.run.smithi153.stdout:/usr/bin/ceph: stderr
2024-03-11T22:54:07.164+0000 7fd4d5fdb700 1 --2- >> [v2:172.21.15.153:3300/0,v1:172.21.15.153:6789/0] conn(0x7fd4d0071480 0x7fd4d01137e0 unknown :-1 s=HELLO_CONNECTING pgs=0 cs=0 l=1 rev1=1 crypto rx=0 tx=0 comp rx=0 tx=0).handle_hello peer v2:172.21.15.153:3300/0 says I am v2:172.21.15.153:40350/0 (socket says 172.21.15.153:40350)
2024-03-11T22:54:07.895 INFO:teuthology.orchestra.run.smithi153.stdout:/usr/bin/ceph: stderr
2024-03-11T22:54:07.164+0000 7fd4d5fdb700 1 -- 172.21.15.153:0/160087079 learned_addr learned my addr 172.21.15.153:0/160087079 (peer_addr_for_me v2:172.21.15.153:0/0)
2024-03-11T22:54:07.895 INFO:teuthology.orchestra.run.smithi153.stdout:/usr/bin/ceph: stderr
2024-03-11T22:54:07.164+0000 7fd4d5fdb700 1 -- 172.21.15.153:0/160087079 --> [v2:172.21.15.153:3300/0,v1:172.21.15.153:6789/0] -- mon_subscribe({config=0+,monmap=0+}) v3 -- 0x7fd4cc0094f0 con 0x7fd4d0071480
2024-03-11T22:54:07.895 INFO:teuthology.orchestra.run.smithi153.stdout:/usr/bin/ceph: stderr
2024-03-11T22:54:07.164+0000 7fd4d5fdb700 1 --2- 172.21.15.153:0/160087079 >> [v2:172.21.15.153:3300/0,v1:172.21.15.153:6789/0] conn(0x7fd4d0071480 0x7fd4d01137e0 secure :-1 s=READY pgs=60 cs=0 l=1 rev1=1 crypto rx=0x7fd4cc0094c0 tx=0x7fd4cc009250 comp rx=0 tx=0).ready entity=mon.0 client_cookie=0 server_cookie=0 in_seq=0 out_seq=0
2024-03-11T22:54:07.895 INFO:teuthology.orchestra.run.smithi153.stdout:/usr/bin/ceph: stderr
2024-03-11T22:54:07.164+0000 7fd4c67fc700 1 -- 172.21.15.153:0/160087079 <== mon.0 v2:172.21.15.153:3300/0 1 ==== mon_map magic: 0 v1 ==== 229+0+0 (secure 0 0 0) 0x7fd4cc010890 con 0x7fd4d0071480
2024-03-11T22:54:07.895 INFO:teuthology.orchestra.run.smithi153.stdout:/usr/bin/ceph: stderr
2024-03-11T22:54:07.164+0000 7fd4d823f700 1 -- 172.21.15.153:0/160087079 --> [v2:172.21.15.153:3300/0,v1:172.21.15.153:6789/0] -- mon_subscribe({mgrmap=0+}) v3 -- 0x7fd4d0113f20 con 0x7fd4d0071480
2024-03-11T22:54:07.895 INFO:teuthology.orchestra.run.smithi153.stdout:/usr/bin/ceph: stderr
2024-03-11T22:54:07.164+0000 7fd4c67fc700 1 -- 172.21.15.153:0/160087079 <== mon.0 v2:172.21.15.153:3300/0 2 ==== config(27 keys) v1 ==== 1109+0+0 (secure 0 0 0) 0x7fd4cc010ec0 con 0x7fd4d0071480
2024-03-11T22:54:07.895 INFO:teuthology.orchestra.run.smithi153.stdout:/usr/bin/ceph: stderr
2024-03-11T22:54:07.164+0000 7fd4c67fc700 1 -- 172.21.15.153:0/160087079 <== mon.0 v2:172.21.15.153:3300/0 3 ==== mon_map magic: 0 v1 ==== 229+0+0 (secure 0 0 0) 0x7fd4cc0243f0 con 0x7fd4d0071480
2024-03-11T22:54:07.895 INFO:teuthology.orchestra.run.smithi153.stdout:/usr/bin/ceph: stderr
2024-03-11T22:54:07.164+0000 7fd4d823f700 1 -- 172.21.15.153:0/160087079 --> [v2:172.21.15.153:3300/0,v1:172.21.15.153:6789/0] -- mon_subscribe({osdmap=0}) v3 -- 0x7fd4d0114bc0 con 0x7fd4d0071480
2024-03-11T22:54:07.896 INFO:teuthology.orchestra.run.smithi153.stdout:/usr/bin/ceph: stderr
2024-03-11T22:54:07.165+0000 7fd4c67fc700 1 -- 172.21.15.153:0/160087079 <== mon.0 v2:172.21.15.153:3300/0 4 ==== mgrmap(e 8) v1 ==== 43368+0+0 (secure 0 0 0) 0x7fd4cc02d3f0 con 0x7fd4d0071480
2024-03-11T22:54:07.896 INFO:teuthology.orchestra.run.smithi153.stdout:/usr/bin/ceph: stderr
2024-03-11T22:54:07.165+0000 7fd4d823f700 1 -- 172.21.15.153:0/160087079 --> [v2:172.21.15.153:3300/0,v1:172.21.15.153:6789/0] -- mon_command({"prefix": "get_command_descriptions"} v 0) v1 -- 0x7fd4d005f5c0 con 0x7fd4d0071480
2024-03-11T22:54:07.896 INFO:teuthology.orchestra.run.smithi153.stdout:/usr/bin/ceph: stderr
2024-03-11T22:54:07.165+0000 7fd4c67fc700 1 --2- 172.21.15.153:0/160087079 >> [v2:172.21.15.153:6800/1518383615,v1:172.21.15.153:6801/1518383615] conn(0x7fd4bc036790 0x7fd4bc038c40 unknown :-1 s=NONE pgs=0 cs=0 l=1 rev1=0 crypto rx=0 tx=0 comp rx=0 tx=0).connect
2024-03-11T22:54:07.896 INFO:teuthology.orchestra.run.smithi153.stdout:/usr/bin/ceph: stderr
2024-03-11T22:54:07.165+0000 7fd4c67fc700 1 -- 172.21.15.153:0/160087079 <== mon.0 v2:172.21.15.153:3300/0 5 ==== osd_map(2..2 src has 1..2) v4 ==== 936+0+0 (secure 0 0 0) 0x7fd4cc04a410 con 0x7fd4d0071480
2024-03-11T22:54:07.896 INFO:teuthology.orchestra.run.smithi153.stdout:/usr/bin/ceph: stderr
2024-03-11T22:54:07.166+0000 7fd4d57da700 1 --2- 172.21.15.153:0/160087079 >> [v2:172.21.15.153:6800/1518383615,v1:172.21.15.153:6801/1518383615] conn(0x7fd4bc036790 0x7fd4bc038c40 unknown :-1 s=BANNER_CONNECTING pgs=0 cs=0 l=1 rev1=0 crypto rx=0 tx=0 comp rx=0 tx=0)._handle_peer_banner_payload supported=3 required=0
2024-03-11T22:54:07.896 INFO:teuthology.orchestra.run.smithi153.stdout:/usr/bin/ceph: stderr
2024-03-11T22:54:07.166+0000 7fd4d57da700 1 --2- 172.21.15.153:0/160087079 >> [v2:172.21.15.153:6800/1518383615,v1:172.21.15.153:6801/1518383615] conn(0x7fd4bc036790 0x7fd4bc038c40 secure :-1 s=READY pgs=19 cs=0 l=1 rev1=1 crypto rx=0x7fd4c0009990 tx=0x7fd4c0006e40 comp rx=0 tx=0).ready entity=mgr.14118 client_cookie=0 server_cookie=0 in_seq=0 out_seq=0
2024-03-11T22:54:07.896 INFO:teuthology.orchestra.run.smithi153.stdout:/usr/bin/ceph: stderr
2024-03-11T22:54:07.170+0000 7fd4c67fc700 1 -- 172.21.15.153:0/160087079 <== mon.0 v2:172.21.15.153:3300/0 6 ==== mon_command_ack([{"prefix": "get_command_descriptions"}]=0 v0) v1 ==== 72+0+175366 (secure 0 0 0) 0x7fd4cc018b00 con 0x7fd4d0071480
2024-03-11T22:54:07.896 INFO:teuthology.orchestra.run.smithi153.stdout:/usr/bin/ceph: stderr
2024-03-11T22:54:07.355+0000 7fd4d823f700 1 -- 172.21.15.153:0/160087079 --> [v2:172.21.15.153:3300/0,v1:172.21.15.153:6789/0] -- mon_command([{prefix=config set, name=mgr/cephadm/container_init}] v 0) v1 -- 0x7fd4d004bed0 con 0x7fd4d0071480
2024-03-11T22:54:07.896 INFO:teuthology.orchestra.run.smithi153.stdout:/usr/bin/ceph: stderr
2024-03-11T22:54:07.360+0000 7fd4c67fc700 1 -- 172.21.15.153:0/160087079 <== mon.0 v2:172.21.15.153:3300/0 7 ==== mon_command_ack([{prefix=config set, name=mgr/cephadm/container_init}]=0 v7)=0 v7) v1 ==== 142+0+0 (secure 0 0 0) 0x7fd4cc018b00 con 0x7fd4d0071480
2024-03-11T22:54:07.896 INFO:teuthology.orchestra.run.smithi153.stdout:/usr/bin/ceph: stderr
2024-03-11T22:54:07.362+0000 7fd4d823f700 1 -- 172.21.15.153:0/160087079 >> [v2:172.21.15.153:6800/1518383615,v1:172.21.15.153:6801/1518383615] conn(0x7fd4bc036790 msgr2=0x7fd4bc038c40 secure :-1 s=STATE_CONNECTION_ESTABLISHED l=1).mark_down
2024-03-11T22:54:07.896 INFO:teuthology.orchestra.run.smithi153.stdout:/usr/bin/ceph: stderr
2024-03-11T22:54:07.362+0000 7fd4d823f700 1 --2- 172.21.15.153:0/160087079 >> [v2:172.21.15.153:6800/1518383615,v1:172.21.15.153:6801/1518383615] conn(0x7fd4bc036790 0x7fd4bc038c40 secure :-1 s=READY pgs=19 cs=0 l=1 rev1=1 crypto rx=0x7fd4c0009990 tx=0x7fd4c0006e40 comp rx=0 tx=0).stop
2024-03-11T22:54:07.896 INFO:teuthology.orchestra.run.smithi153.stdout:/usr/bin/ceph: stderr
2024-03-11T22:54:07.362+0000 7fd4d823f700 1 -- 172.21.15.153:0/160087079 >> [v2:172.21.15.153:3300/0,v1:172.21.15.153:6789/0] conn(0x7fd4d0071480 msgr2=0x7fd4d01137e0 secure :-1 s=STATE_CONNECTION_ESTABLISHED l=1).mark_down
2024-03-11T22:54:07.896 INFO:teuthology.orchestra.run.smithi153.stdout:/usr/bin/ceph: stderr
2024-03-11T22:54:07.362+0000 7fd4d823f700 1 --2- 172.21.15.153:0/160087079 >> [v2:172.21.15.153:3300/0,v1:172.21.15.153:6789/0] conn(0x7fd4d0071480 0x7fd4d01137e0 secure :-1 s=READY pgs=60 cs=0 l=1 rev1=1 crypto rx=0x7fd4cc0094c0 tx=0x7fd4cc009250 comp rx=0 tx=0).stop
2024-03-11T22:54:07.896 INFO:teuthology.orchestra.run.smithi153.stdout:/usr/bin/ceph: stderr
2024-03-11T22:54:07.362+0000 7fd4d823f700 1 -- 172.21.15.153:0/160087079 shutdown_connections
2024-03-11T22:54:07.896 INFO:teuthology.orchestra.run.smithi153.stdout:/usr/bin/ceph: stderr
2024-03-11T22:54:07.362+0000 7fd4d823f700 1 --2- 172.21.15.153:0/160087079 >> [v2:172.21.15.153:6800/1518383615,v1:172.21.15.153:6801/1518383615] conn(0x7fd4bc036790 0x7fd4bc038c40 unknown :-1 s=CLOSED pgs=19 cs=0 l=1 rev1=1 crypto rx=0 tx=0 comp rx=0 tx=0).stop
2024-03-11T22:54:07.897 INFO:teuthology.orchestra.run.smithi153.stdout:/usr/bin/ceph: stderr
2024-03-11T22:54:07.362+0000 7fd4d823f700 1 --2- 172.21.15.153:0/160087079 >> [v2:172.21.15.153:3300/0,v1:172.21.15.153:6789/0] conn(0x7fd4d0071480 0x7fd4d01137e0 unknown :-1 s=CLOSED pgs=60 cs=0 l=1 rev1=1 crypto rx=0 tx=0 comp rx=0 tx=0).stop
2024-03-11T22:54:07.897 INFO:teuthology.orchestra.run.smithi153.stdout:/usr/bin/ceph: stderr
2024-03-11T22:54:07.362+0000 7fd4d823f700 1 -- 172.21.15.153:0/160087079 >> 172.21.15.153:0/160087079 conn(0x7fd4d00fcdd0 msgr2=0x7fd4d00fe4d0 unknown :-1 s=STATE_NONE l=0).mark_down
2024-03-11T22:54:07.897 INFO:teuthology.orchestra.run.smithi153.stdout:/usr/bin/ceph: stderr
2024-03-11T22:54:07.362+0000 7fd4d823f700 1 -- 172.21.15.153:0/160087079 shutdown_connections
2024-03-11T22:54:07.897 INFO:teuthology.orchestra.run.smithi153.stdout:/usr/bin/ceph: stderr
2024-03-11T22:54:07.362+0000 7fd4d823f700 1 -- 172.21.15.153:0/160087079 wait complete.
2024-03-11T22:54:08.214 INFO:journalctl@ceph.mon.smithi153.smithi153.stdout:Mar 11 22:54:08 smithi153 ceph-mon[28962]: pgmap v3: 0 pgs: ; 0 B data, 0 B used, 0 B / 0 B avail
2024-03-11T22:54:08.214 INFO:journalctl@ceph.mon.smithi153.smithi153.stdout:Mar 11 22:54:08 smithi153 ceph-mon[28962]: from='client.? 172.21.15.153:0/160087079' entity='client.admin'
2024-03-11T22:54:09.108 INFO:teuthology.orchestra.run.smithi153.stdout:/usr/bin/ceph: stderr
2024-03-11T22:54:08.307+0000 7fe6b6b06700 1 Processor -- start
