2024-03-11T22:54:22.229 INFO:teuthology.orchestra.run.smithi153.stdout:/usr/bin/ceph: stderr
2024-03-11T22:54:20.492+0000 7f1559211700 1 -- start start
2024-03-11T22:54:22.229 INFO:teuthology.orchestra.run.smithi153.stdout:/usr/bin/ceph: stderr
2024-03-11T22:54:20.492+0000 7f1559211700 1 --2- >> [v2:172.21.15.153:3300/0,v1:172.21.15.153:6789/0] conn(0x7f1554102c60 0x7f1554107a90 unknown :-1 s=NONE pgs=0 cs=0 l=1 rev1=0 crypto rx=0 tx=0 comp rx=0 tx=0).connect
2024-03-11T22:54:22.229 INFO:teuthology.orchestra.run.smithi153.stdout:/usr/bin/ceph: stderr
2024-03-11T22:54:20.492+0000 7f1559211700 1 -- --> [v2:172.21.15.153:3300/0,v1:172.21.15.153:6789/0] -- mon_getmap magic: 0 v1 -- 0x7f1554105f10 con 0x7f1554102c60
2024-03-11T22:54:22.229 INFO:teuthology.orchestra.run.smithi153.stdout:/usr/bin/ceph: stderr
2024-03-11T22:54:20.492+0000 7f1552d9d700 1 --2- >> [v2:172.21.15.153:3300/0,v1:172.21.15.153:6789/0] conn(0x7f1554102c60 0x7f1554107a90 unknown :-1 s=BANNER_CONNECTING pgs=0 cs=0 l=1 rev1=0 crypto rx=0 tx=0 comp rx=0 tx=0)._handle_peer_banner_payload supported=3 required=0
2024-03-11T22:54:22.229 INFO:teuthology.orchestra.run.smithi153.stdout:/usr/bin/ceph: stderr
2024-03-11T22:54:20.492+0000 7f1552d9d700 1 --2- >> [v2:172.21.15.153:3300/0,v1:172.21.15.153:6789/0] conn(0x7f1554102c60 0x7f1554107a90 unknown :-1 s=HELLO_CONNECTING pgs=0 cs=0 l=1 rev1=1 crypto rx=0 tx=0 comp rx=0 tx=0).handle_hello peer v2:172.21.15.153:3300/0 says I am v2:172.21.15.153:37230/0 (socket says 172.21.15.153:37230)
2024-03-11T22:54:22.229 INFO:teuthology.orchestra.run.smithi153.stdout:/usr/bin/ceph: stderr
2024-03-11T22:54:20.492+0000 7f1552d9d700 1 -- 172.21.15.153:0/4031687894 learned_addr learned my addr 172.21.15.153:0/4031687894 (peer_addr_for_me v2:172.21.15.153:0/0)
2024-03-11T22:54:22.229 INFO:teuthology.orchestra.run.smithi153.stdout:/usr/bin/ceph: stderr
2024-03-11T22:54:20.492+0000 7f1552d9d700 1 -- 172.21.15.153:0/4031687894 --> [v2:172.21.15.153:3300/0,v1:172.21.15.153:6789/0] -- mon_subscribe({config=0+,monmap=0+}) v3 -- 0x7f15440094f0 con 0x7f1554102c60
2024-03-11T22:54:22.229 INFO:teuthology.orchestra.run.smithi153.stdout:/usr/bin/ceph: stderr
2024-03-11T22:54:20.493+0000 7f1552d9d700 1 --2- 172.21.15.153:0/4031687894 >> [v2:172.21.15.153:3300/0,v1:172.21.15.153:6789/0] conn(0x7f1554102c60 0x7f1554107a90 secure :-1 s=READY pgs=81 cs=0 l=1 rev1=1 crypto rx=0x7f1544006b00 tx=0x7f1544009250 comp rx=0 tx=0).ready entity=mon.0 client_cookie=0 server_cookie=0 in_seq=0 out_seq=0
2024-03-11T22:54:22.229 INFO:teuthology.orchestra.run.smithi153.stdout:/usr/bin/ceph: stderr
2024-03-11T22:54:20.493+0000 7f153b7fe700 1 -- 172.21.15.153:0/4031687894 <== mon.0 v2:172.21.15.153:3300/0 1 ==== mon_map magic: 0 v1 ==== 229+0+0 (secure 0 0 0) 0x7f15440109a0 con 0x7f1554102c60
2024-03-11T22:54:22.229 INFO:teuthology.orchestra.run.smithi153.stdout:/usr/bin/ceph: stderr
2024-03-11T22:54:20.493+0000 7f1559211700 1 -- 172.21.15.153:0/4031687894 --> [v2:172.21.15.153:3300/0,v1:172.21.15.153:6789/0] -- mon_subscribe({mgrmap=0+}) v3 -- 0x7f1554106110 con 0x7f1554102c60
2024-03-11T22:54:22.229 INFO:teuthology.orchestra.run.smithi153.stdout:/usr/bin/ceph: stderr
2024-03-11T22:54:20.493+0000 7f153b7fe700 1 -- 172.21.15.153:0/4031687894 <== mon.0 v2:172.21.15.153:3300/0 2 ==== config(27 keys) v1 ==== 1109+0+0 (secure 0 0 0) 0x7f154401a430 con 0x7f1554102c60
2024-03-11T22:54:22.229 INFO:teuthology.orchestra.run.smithi153.stdout:/usr/bin/ceph: stderr
2024-03-11T22:54:20.493+0000 7f153b7fe700 1 -- 172.21.15.153:0/4031687894 <== mon.0 v2:172.21.15.153:3300/0 3 ==== mon_map magic: 0 v1 ==== 229+0+0 (secure 0 0 0) 0x7f15440245b0 con 0x7f1554102c60
2024-03-11T22:54:22.230 INFO:teuthology.orchestra.run.smithi153.stdout:/usr/bin/ceph: stderr
2024-03-11T22:54:20.493+0000 7f1559211700 1 -- 172.21.15.153:0/4031687894 --> [v2:172.21.15.153:3300/0,v1:172.21.15.153:6789/0] -- mon_subscribe({osdmap=0}) v3 -- 0x7f15541065a0 con 0x7f1554102c60
2024-03-11T22:54:22.230 INFO:teuthology.orchestra.run.smithi153.stdout:/usr/bin/ceph: stderr
2024-03-11T22:54:20.494+0000 7f153b7fe700 1 -- 172.21.15.153:0/4031687894 <== mon.0 v2:172.21.15.153:3300/0 4 ==== mgrmap(e 12) v1 ==== 43381+0+0 (secure 0 0 0) 0x7f1544024830 con 0x7f1554102c60
2024-03-11T22:54:22.230 INFO:teuthology.orchestra.run.smithi153.stdout:/usr/bin/ceph: stderr
2024-03-11T22:54:20.494+0000 7f1559211700 1 -- 172.21.15.153:0/4031687894 --> [v2:172.21.15.153:3300/0,v1:172.21.15.153:6789/0] -- mon_command({"prefix": "get_command_descriptions"} v 0) v1 -- 0x7f155410b770 con 0x7f1554102c60
2024-03-11T22:54:22.230 INFO:teuthology.orchestra.run.smithi153.stdout:/usr/bin/ceph: stderr
2024-03-11T22:54:20.494+0000 7f153b7fe700 1 --2- 172.21.15.153:0/4031687894 >> [v2:172.21.15.153:6800/4212724556,v1:172.21.15.153:6801/4212724556] conn(0x7f153c036830 0x7f153c038ce0 unknown :-1 s=NONE pgs=0 cs=0 l=1 rev1=0 crypto rx=0 tx=0 comp rx=0 tx=0).connect
2024-03-11T22:54:22.230 INFO:teuthology.orchestra.run.smithi153.stdout:/usr/bin/ceph: stderr
2024-03-11T22:54:20.494+0000 7f153b7fe700 1 -- 172.21.15.153:0/4031687894 <== mon.0 v2:172.21.15.153:3300/0 5 ==== osd_map(3..3 src has 1..3) v4 ==== 1151+0+0 (secure 0 0 0) 0x7f154404a9c0 con 0x7f1554102c60
2024-03-11T22:54:22.230 INFO:teuthology.orchestra.run.smithi153.stdout:/usr/bin/ceph: stderr
2024-03-11T22:54:20.495+0000 7f155259c700 1 --2- 172.21.15.153:0/4031687894 >> [v2:172.21.15.153:6800/4212724556,v1:172.21.15.153:6801/4212724556] conn(0x7f153c036830 0x7f153c038ce0 unknown :-1 s=BANNER_CONNECTING pgs=0 cs=0 l=1 rev1=0 crypto rx=0 tx=0 comp rx=0 tx=0)._handle_peer_banner_payload supported=3 required=0
2024-03-11T22:54:22.230 INFO:teuthology.orchestra.run.smithi153.stdout:/usr/bin/ceph: stderr
2024-03-11T22:54:20.495+0000 7f155259c700 1 --2- 172.21.15.153:0/4031687894 >> [v2:172.21.15.153:6800/4212724556,v1:172.21.15.153:6801/4212724556] conn(0x7f153c036830 0x7f153c038ce0 secure :-1 s=READY pgs=8 cs=0 l=1 rev1=1 crypto rx=0x7f1548009990 tx=0x7f1548006e40 comp rx=0 tx=0).ready entity=mgr.14160 client_cookie=0 server_cookie=0 in_seq=0 out_seq=0
2024-03-11T22:54:22.230 INFO:teuthology.orchestra.run.smithi153.stdout:/usr/bin/ceph: stderr
2024-03-11T22:54:20.500+0000 7f153b7fe700 1 -- 172.21.15.153:0/4031687894 <== mon.0 v2:172.21.15.153:3300/0 6 ==== mon_command_ack([{"prefix": "get_command_descriptions"}]=0 v0) v1 ==== 72+0+175366 (secure 0 0 0) 0x7f1544018530 con 0x7f1554102c60
2024-03-11T22:54:22.230 INFO:teuthology.orchestra.run.smithi153.stdout:/usr/bin/ceph: stderr
2024-03-11T22:54:20.709+0000 7f1559211700 1 -- 172.21.15.153:0/4031687894 --> [v2:172.21.15.153:6800/4212724556,v1:172.21.15.153:6801/4212724556] -- mgr_command(tid 0: {"prefix": "dashboard ac-user-create", "username": "admin", "rolename": "administrator", "force_password": true, "pwd_update_required": true, "target": ["mon-mgr", ""]}) v1 -- 0x7f155405f3e0 con 0x7f153c036830
2024-03-11T22:54:22.230 INFO:teuthology.orchestra.run.smithi153.stdout:/usr/bin/ceph: stderr
2024-03-11T22:54:20.933+0000 7f153b7fe700 1 -- 172.21.15.153:0/4031687894 <== mgr.14160 v2:172.21.15.153:6800/4212724556 1 ==== mgr_command_reply(tid 0: 0 ) v1 ==== 8+0+252 (secure 0 0 0) 0x7f155405f3e0 con 0x7f153c036830
2024-03-11T22:54:22.230 INFO:teuthology.orchestra.run.smithi153.stdout:/usr/bin/ceph: stderr
2024-03-11T22:54:20.935+0000 7f1559211700 1 -- 172.21.15.153:0/4031687894 >> [v2:172.21.15.153:6800/4212724556,v1:172.21.15.153:6801/4212724556] conn(0x7f153c036830 msgr2=0x7f153c038ce0 secure :-1 s=STATE_CONNECTION_ESTABLISHED l=1).mark_down
2024-03-11T22:54:22.230 INFO:teuthology.orchestra.run.smithi153.stdout:/usr/bin/ceph: stderr
2024-03-11T22:54:20.935+0000 7f1559211700 1 --2- 172.21.15.153:0/4031687894 >> [v2:172.21.15.153:6800/4212724556,v1:172.21.15.153:6801/4212724556] conn(0x7f153c036830 0x7f153c038ce0 secure :-1 s=READY pgs=8 cs=0 l=1 rev1=1 crypto rx=0x7f1548009990 tx=0x7f1548006e40 comp rx=0 tx=0).stop
2024-03-11T22:54:22.230 INFO:teuthology.orchestra.run.smithi153.stdout:/usr/bin/ceph: stderr
2024-03-11T22:54:20.936+0000 7f1559211700 1 -- 172.21.15.153:0/4031687894 >> [v2:172.21.15.153:3300/0,v1:172.21.15.153:6789/0] conn(0x7f1554102c60 msgr2=0x7f1554107a90 secure :-1 s=STATE_CONNECTION_ESTABLISHED l=1).mark_down
2024-03-11T22:54:22.230 INFO:teuthology.orchestra.run.smithi153.stdout:/usr/bin/ceph: stderr
2024-03-11T22:54:20.936+0000 7f1559211700 1 --2- 172.21.15.153:0/4031687894 >> [v2:172.21.15.153:3300/0,v1:172.21.15.153:6789/0] conn(0x7f1554102c60 0x7f1554107a90 secure :-1 s=READY pgs=81 cs=0 l=1 rev1=1 crypto rx=0x7f1544006b00 tx=0x7f1544009250 comp rx=0 tx=0).stop
2024-03-11T22:54:22.231 INFO:teuthology.orchestra.run.smithi153.stdout:/usr/bin/ceph: stderr
2024-03-11T22:54:20.936+0000 7f1559211700 1 -- 172.21.15.153:0/4031687894 shutdown_connections
2024-03-11T22:54:22.231 INFO:teuthology.orchestra.run.smithi153.stdout:/usr/bin/ceph: stderr
2024-03-11T22:54:20.936+0000 7f1559211700 1 --2- 172.21.15.153:0/4031687894 >> [v2:172.21.15.153:6800/4212724556,v1:172.21.15.153:6801/4212724556] conn(0x7f153c036830 0x7f153c038ce0 unknown :-1 s=CLOSED pgs=8 cs=0 l=1 rev1=1 crypto rx=0 tx=0 comp rx=0 tx=0).stop
2024-03-11T22:54:22.231 INFO:teuthology.orchestra.run.smithi153.stdout:/usr/bin/ceph: stderr
2024-03-11T22:54:20.936+0000 7f1559211700 1 --2- 172.21.15.153:0/4031687894 >> [v2:172.21.15.153:3300/0,v1:172.21.15.153:6789/0] conn(0x7f1554102c60 0x7f1554107a90 unknown :-1 s=CLOSED pgs=81 cs=0 l=1 rev1=1 crypto rx=0 tx=0 comp rx=0 tx=0).stop
2024-03-11T22:54:22.231 INFO:teuthology.orchestra.run.smithi153.stdout:/usr/bin/ceph: stderr
2024-03-11T22:54:20.936+0000 7f1559211700 1 -- 172.21.15.153:0/4031687894 >> 172.21.15.153:0/4031687894 conn(0x7f15540fc580 msgr2=0x7f15540fd1e0 unknown :-1 s=STATE_NONE l=0).mark_down
2024-03-11T22:54:22.231 INFO:teuthology.orchestra.run.smithi153.stdout:/usr/bin/ceph: stderr
2024-03-11T22:54:20.936+0000 7f1559211700 1 -- 172.21.15.153:0/4031687894 shutdown_connections
2024-03-11T22:54:22.231 INFO:teuthology.orchestra.run.smithi153.stdout:/usr/bin/ceph: stderr
2024-03-11T22:54:20.936+0000 7f1559211700 1 -- 172.21.15.153:0/4031687894 wait complete.
2024-03-11T22:54:22.231 INFO:teuthology.orchestra.run.smithi153.stdout:Fetching dashboard port number...
2024-03-11T22:54:23.184 INFO:journalctl@ceph.mon.smithi153.smithi153.stdout:Mar 11 22:54:22 smithi153 ceph-mon[28962]: from='client.? 172.21.15.153:0/812801861' entity='client.admin' cmd=[{"prefix": "config get", "who": "mgr", "key": "mgr/dashboard/ssl_server_port"}]: dispatch
2024-03-11T22:54:23.400 INFO:teuthology.orchestra.run.smithi153.stdout:/usr/bin/ceph: stdout 8443
2024-03-11T22:54:23.400 INFO:teuthology.orchestra.run.smithi153.stdout:/usr/bin/ceph: stderr
2024-03-11T22:54:22.657+0000 7f4d04c31700 1 Processor -- start
2024-03-11T22:54:23.400 INFO:teuthology.orchestra.run.smithi153.stdout:/usr/bin/ceph: stderr
2024-03-11T22:54:22.657+0000 7f4d04c31700 1 -- start start
2024-03-11T22:54:23.400 INFO:teuthology.orchestra.run.smithi153.stdout:/usr/bin/ceph: stderr
2024-03-11T22:54:22.658+0000 7f4d04c31700 1 --2- >> [v2:172.21.15.153:3300/0,v1:172.21.15.153:6789/0] conn(0x7f4d00078ce0 0x7f4d000771f0 unknown :-1 s=NONE pgs=0 cs=0 l=0 rev1=0 crypto rx=0 tx=0 comp rx=0 tx=0).connect
2024-03-11T22:54:23.400 INFO:teuthology.orchestra.run.smithi153.stdout:/usr/bin/ceph: stderr
2024-03-11T22:54:22.658+0000 7f4d04c31700 1 -- --> [v2:172.21.15.153:3300/0,v1:172.21.15.153:6789/0] -- mon_getmap magic: 0 v1 -- 0x7f4d000790f0 con 0x7f4d00078ce0
2024-03-11T22:54:23.400 INFO:teuthology.orchestra.run.smithi153.stdout:/usr/bin/ceph: stderr
2024-03-11T22:54:22.658+0000 7f4cfe59c700 1 --2- >> [v2:172.21.15.153:3300/0,v1:172.21.15.153:6789/0] conn(0x7f4d00078ce0 0x7f4d000771f0 unknown :-1 s=BANNER_CONNECTING pgs=0 cs=0 l=0 rev1=0 crypto rx=0 tx=0 comp rx=0 tx=0)._handle_peer_banner_payload supported=3 required=0
2024-03-11T22:54:23.400 INFO:teuthology.orchestra.run.smithi153.stdout:/usr/bin/ceph: stderr
2024-03-11T22:54:22.658+0000 7f4cfe59c700 1 --2- >> [v2:172.21.15.153:3300/0,v1:172.21.15.153:6789/0] conn(0x7f4d00078ce0 0x7f4d000771f0 unknown :-1 s=HELLO_CONNECTING pgs=0 cs=0 l=0 rev1=1 crypto rx=0 tx=0 comp rx=0 tx=0).handle_hello peer v2:172.21.15.153:3300/0 says I am v2:172.21.15.153:52612/0 (socket says 172.21.15.153:52612)
2024-03-11T22:54:23.400 INFO:teuthology.orchestra.run.smithi153.stdout:/usr/bin/ceph: stderr
2024-03-11T22:54:22.658+0000 7f4cfe59c700 1 -- 172.21.15.153:0/363605491 learned_addr learned my addr 172.21.15.153:0/363605491 (peer_addr_for_me v2:172.21.15.153:0/0)
2024-03-11T22:54:23.400 INFO:teuthology.orchestra.run.smithi153.stdout:/usr/bin/ceph: stderr
2024-03-11T22:54:22.658+0000 7f4cfe59c700 1 -- 172.21.15.153:0/363605491 --> [v2:172.21.15.153:3300/0,v1:172.21.15.153:6789/0] -- mon_subscribe({config=0+,monmap=0+}) v3 -- 0x7f4d00077730 con 0x7f4d00078ce0
2024-03-11T22:54:23.401 INFO:teuthology.orchestra.run.smithi153.stdout:/usr/bin/ceph: stderr
2024-03-11T22:54:22.658+0000 7f4cfe59c700 1 --2- 172.21.15.153:0/363605491 >> [v2:172.21.15.153:3300/0,v1:172.21.15.153:6789/0] conn(0x7f4d00078ce0 0x7f4d000771f0 secure :-1 s=READY pgs=82 cs=0 l=1 rev1=1 crypto rx=0x7f4ce80098e0 tx=0x7f4ce8009250 comp rx=0 tx=0).ready entity=mon.0 client_cookie=1fdf3d34f2da32aa server_cookie=0 in_seq=0 out_seq=0
2024-03-11T22:54:23.401 INFO:teuthology.orchestra.run.smithi153.stdout:/usr/bin/ceph: stderr
2024-03-11T22:54:22.659+0000 7f4cfd59a700 1 -- 172.21.15.153:0/363605491 <== mon.0 v2:172.21.15.153:3300/0 1 ==== mon_map magic: 0 v1 ==== 229+0+0 (secure 0 0 0) 0x7f4ce800b860 con 0x7f4d00078ce0
2024-03-11T22:54:23.401 INFO:teuthology.orchestra.run.smithi153.stdout:/usr/bin/ceph: stderr
2024-03-11T22:54:22.659+0000 7f4cfd59a700 1 -- 172.21.15.153:0/363605491 <== mon.0 v2:172.21.15.153:3300/0 2 ==== config(27 keys) v1 ==== 1109+0+0 (secure 0 0 0) 0x7f4ce800be90 con 0x7f4d00078ce0
2024-03-11T22:54:23.401 INFO:teuthology.orchestra.run.smithi153.stdout:/usr/bin/ceph: stderr
2024-03-11T22:54:22.659+0000 7f4cfd59a700 1 -- 172.21.15.153:0/363605491 <== mon.0 v2:172.21.15.153:3300/0 3 ==== mon_map magic: 0 v1 ==== 229+0+0 (secure 0 0 0) 0x7f4ce80103c0 con 0x7f4d00078ce0
2024-03-11T22:54:23.401 INFO:teuthology.orchestra.run.smithi153.stdout:/usr/bin/ceph: stderr
2024-03-11T22:54:22.659+0000 7f4d04c31700 1 -- 172.21.15.153:0/363605491 >> [v2:172.21.15.153:3300/0,v1:172.21.15.153:6789/0] conn(0x7f4d00078ce0 msgr2=0x7f4d000771f0 secure :-1 s=STATE_CONNECTION_ESTABLISHED l=1).mark_down
2024-03-11T22:54:23.401 INFO:teuthology.orchestra.run.smithi153.stdout:/usr/bin/ceph: stderr
2024-03-11T22:54:22.659+0000 7f4d04c31700 1 --2- 172.21.15.153:0/363605491 >> [v2:172.21.15.153:3300/0,v1:172.21.15.153:6789/0] conn(0x7f4d00078ce0 0x7f4d000771f0 secure :-1 s=READY pgs=82 cs=0 l=1 rev1=1 crypto rx=0x7f4ce80098e0 tx=0x7f4ce8009250 comp rx=0 tx=0).stop
2024-03-11T22:54:23.401 INFO:teuthology.orchestra.run.smithi153.stdout:/usr/bin/ceph: stderr
2024-03-11T22:54:22.659+0000 7f4d04c31700 1 -- 172.21.15.153:0/363605491 shutdown_connections
2024-03-11T22:54:23.401 INFO:teuthology.orchestra.run.smithi153.stdout:/usr/bin/ceph: stderr
2024-03-11T22:54:22.659+0000 7f4d04c31700 1 --2- 172.21.15.153:0/363605491 >> [v2:172.21.15.153:3300/0,v1:172.21.15.153:6789/0] conn(0x7f4d00078ce0 0x7f4d000771f0 unknown :-1 s=CLOSED pgs=82 cs=0 l=1 rev1=1 crypto rx=0 tx=0 comp rx=0 tx=0).stop
2024-03-11T22:54:23.401 INFO:teuthology.orchestra.run.smithi153.stdout:/usr/bin/ceph: stderr
2024-03-11T22:54:22.659+0000 7f4d04c31700 1 -- 172.21.15.153:0/363605491 >> 172.21.15.153:0/363605491 conn(0x7f4d000fded0 msgr2=0x7f4d00100300 unknown :-1 s=STATE_NONE l=0).mark_down
2024-03-11T22:54:23.401 INFO:teuthology.orchestra.run.smithi153.stdout:/usr/bin/ceph: stderr
2024-03-11T22:54:22.659+0000 7f4d04c31700 1 -- 172.21.15.153:0/363605491 shutdown_connections
2024-03-11T22:54:23.401 INFO:teuthology.orchestra.run.smithi153.stdout:/usr/bin/ceph: stderr
2024-03-11T22:54:22.659+0000 7f4d04c31700 1 -- 172.21.15.153:0/363605491 wait complete.
2024-03-11T22:54:23.401 INFO:teuthology.orchestra.run.smithi153.stdout:/usr/bin/ceph: stderr
2024-03-11T22:54:22.660+0000 7f4d04c31700 1 Processor -- start
2024-03-11T22:54:23.401 INFO:teuthology.orchestra.run.smithi153.stdout:/usr/bin/ceph: stderr
2024-03-11T22:54:22.660+0000 7f4d04c31700 1 -- start start
2024-03-11T22:54:23.401 INFO:teuthology.orchestra.run.smithi153.stdout:/usr/bin/ceph: stderr
2024-03-11T22:54:22.660+0000 7f4d04c31700 1 --2- >> [v2:172.21.15.153:3300/0,v1:172.21.15.153:6789/0] conn(0x7f4d00078ce0 0x7f4d00113820 unknown :-1 s=NONE pgs=0 cs=0 l=1 rev1=0 crypto rx=0 tx=0 comp rx=0 tx=0).connect
2024-03-11T22:54:23.402 INFO:teuthology.orchestra.run.smithi153.stdout:/usr/bin/ceph: stderr
2024-03-11T22:54:22.660+0000 7f4d04c31700 1 -- --> [v2:172.21.15.153:3300/0,v1:172.21.15.153:6789/0] -- mon_getmap magic: 0 v1 -- 0x7f4d00113d60 con 0x7f4d00078ce0
2024-03-11T22:54:23.402 INFO:teuthology.orchestra.run.smithi153.stdout:/usr/bin/ceph: stderr
2024-03-11T22:54:22.660+0000 7f4cfe59c700 1 --2- >> [v2:172.21.15.153:3300/0,v1:172.21.15.153:6789/0] conn(0x7f4d00078ce0 0x7f4d00113820 unknown :-1 s=BANNER_CONNECTING pgs=0 cs=0 l=1 rev1=0 crypto rx=0 tx=0 comp rx=0 tx=0)._handle_peer_banner_payload supported=3 required=0
2024-03-11T22:54:23.402 INFO:teuthology.orchestra.run.smithi153.stdout:/usr/bin/ceph: stderr
2024-03-11T22:54:22.660+0000 7f4cfe59c700 1 --2- >> [v2:172.21.15.153:3300/0,v1:172.21.15.153:6789/0] conn(0x7f4d00078ce0 0x7f4d00113820 unknown :-1 s=HELLO_CONNECTING pgs=0 cs=0 l=1 rev1=1 crypto rx=0 tx=0 comp rx=0 tx=0).handle_hello peer v2:172.21.15.153:3300/0 says I am v2:172.21.15.153:52618/0 (socket says 172.21.15.153:52618)
2024-03-11T22:54:23.402 INFO:teuthology.orchestra.run.smithi153.stdout:/usr/bin/ceph: stderr
2024-03-11T22:54:22.660+0000 7f4cfe59c700 1 -- 172.21.15.153:0/812801861 learned_addr learned my addr 172.21.15.153:0/812801861 (peer_addr_for_me v2:172.21.15.153:0/0)
2024-03-11T22:54:23.402 INFO:teuthology.orchestra.run.smithi153.stdout:/usr/bin/ceph: stderr
2024-03-11T22:54:22.660+0000 7f4cfe59c700 1 -- 172.21.15.153:0/812801861 --> [v2:172.21.15.153:3300/0,v1:172.21.15.153:6789/0] -- mon_subscribe({config=0+,monmap=0+}) v3 -- 0x7f4ce80094f0 con 0x7f4d00078ce0
2024-03-11T22:54:23.402 INFO:teuthology.orchestra.run.smithi153.stdout:/usr/bin/ceph: stderr
2024-03-11T22:54:22.660+0000 7f4cfe59c700 1 --2- 172.21.15.153:0/812801861 >> [v2:172.21.15.153:3300/0,v1:172.21.15.153:6789/0] conn(0x7f4d00078ce0 0x7f4d00113820 secure :-1 s=READY pgs=83 cs=0 l=1 rev1=1 crypto rx=0x7f4ce80094c0 tx=0x7f4ce8009250 comp rx=0 tx=0).ready entity=mon.0 client_cookie=0 server_cookie=0 in_seq=0 out_seq=0
2024-03-11T22:54:23.402 INFO:teuthology.orchestra.run.smithi153.stdout:/usr/bin/ceph: stderr
2024-03-11T22:54:22.661+0000 7f4cf6ffd700 1 -- 172.21.15.153:0/812801861 <== mon.0 v2:172.21.15.153:3300/0 1 ==== mon_map magic: 0 v1 ==== 229+0+0 (secure 0 0 0) 0x7f4ce8010890 con 0x7f4d00078ce0
2024-03-11T22:54:23.402 INFO:teuthology.orchestra.run.smithi153.stdout:/usr/bin/ceph: stderr
2024-03-11T22:54:22.661+0000 7f4d04c31700 1 -- 172.21.15.153:0/812801861 --> [v2:172.21.15.153:3300/0,v1:172.21.15.153:6789/0] -- mon_subscribe({mgrmap=0+}) v3 -- 0x7f4d00113f60 con 0x7f4d00078ce0
2024-03-11T22:54:23.402 INFO:teuthology.orchestra.run.smithi153.stdout:/usr/bin/ceph: stderr
2024-03-11T22:54:22.661+0000 7f4cf6ffd700 1 -- 172.21.15.153:0/812801861 <== mon.0 v2:172.21.15.153:3300/0 2 ==== config(27 keys) v1 ==== 1109+0+0 (secure 0 0 0) 0x7f4ce8010ec0 con 0x7f4d00078ce0
2024-03-11T22:54:23.402 INFO:teuthology.orchestra.run.smithi153.stdout:/usr/bin/ceph: stderr
2024-03-11T22:54:22.661+0000 7f4cf6ffd700 1 -- 172.21.15.153:0/812801861 <== mon.0 v2:172.21.15.153:3300/0 3 ==== mon_map magic: 0 v1 ==== 229+0+0 (secure 0 0 0) 0x7f4ce80243f0 con 0x7f4d00078ce0
2024-03-11T22:54:23.402 INFO:teuthology.orchestra.run.smithi153.stdout:/usr/bin/ceph: stderr
2024-03-11T22:54:22.661+0000 7f4d04c31700 1 -- 172.21.15.153:0/812801861 --> [v2:172.21.15.153:3300/0,v1:172.21.15.153:6789/0] -- mon_subscribe({osdmap=0}) v3 -- 0x7f4d00114c00 con 0x7f4d00078ce0
2024-03-11T22:54:23.402 INFO:teuthology.orchestra.run.smithi153.stdout:/usr/bin/ceph: stderr
2024-03-11T22:54:22.661+0000 7f4cf6ffd700 1 -- 172.21.15.153:0/812801861 <== mon.0 v2:172.21.15.153:3300/0 4 ==== mgrmap(e 12) v1 ==== 43381+0+0 (secure 0 0 0) 0x7f4ce802d3f0 con 0x7f4d00078ce0
2024-03-11T22:54:23.402 INFO:teuthology.orchestra.run.smithi153.stdout:/usr/bin/ceph: stderr
2024-03-11T22:54:22.661+0000 7f4d04c31700 1 -- 172.21.15.153:0/812801861 --> [v2:172.21.15.153:3300/0,v1:172.21.15.153:6789/0] -- mon_command({"prefix": "get_command_descriptions"} v 0) v1 -- 0x7f4d0005f5c0 con 0x7f4d00078ce0
2024-03-11T22:54:23.402 INFO:teuthology.orchestra.run.smithi153.stdout:/usr/bin/ceph: stderr
2024-03-11T22:54:22.662+0000 7f4cf6ffd700 1 --2- 172.21.15.153:0/812801861 >> [v2:172.21.15.153:6800/4212724556,v1:172.21.15.153:6801/4212724556] conn(0x7f4cec036830 0x7f4cec038ce0 unknown :-1 s=NONE pgs=0 cs=0 l=1 rev1=0 crypto rx=0 tx=0 comp rx=0 tx=0).connect
2024-03-11T22:54:23.402 INFO:teuthology.orchestra.run.smithi153.stdout:/usr/bin/ceph: stderr
2024-03-11T22:54:22.662+0000 7f4cf6ffd700 1 -- 172.21.15.153:0/812801861 <== mon.0 v2:172.21.15.153:3300/0 5 ==== osd_map(3..3 src has 1..3) v4 ==== 1151+0+0 (secure 0 0 0) 0x7f4ce804a4e0 con 0x7f4d00078ce0
2024-03-11T22:54:23.403 INFO:teuthology.orchestra.run.smithi153.stdout:/usr/bin/ceph: stderr
2024-03-11T22:54:22.662+0000 7f4cfdd9b700 1 --2- 172.21.15.153:0/812801861 >> [v2:172.21.15.153:6800/4212724556,v1:172.21.15.153:6801/4212724556] conn(0x7f4cec036830 0x7f4cec038ce0 unknown :-1 s=BANNER_CONNECTING pgs=0 cs=0 l=1 rev1=0 crypto rx=0 tx=0 comp rx=0 tx=0)._handle_peer_banner_payload supported=3 required=0
2024-03-11T22:54:23.403 INFO:teuthology.orchestra.run.smithi153.stdout:/usr/bin/ceph: stderr
2024-03-11T22:54:22.662+0000 7f4cfdd9b700 1 --2- 172.21.15.153:0/812801861 >> [v2:172.21.15.153:6800/4212724556,v1:172.21.15.153:6801/4212724556] conn(0x7f4cec036830 0x7f4cec038ce0 secure :-1 s=READY pgs=9 cs=0 l=1 rev1=1 crypto rx=0x7f4cf0009990 tx=0x7f4cf0006e40 comp rx=0 tx=0).ready entity=mgr.14160 client_cookie=0 server_cookie=0 in_seq=0 out_seq=0
2024-03-11T22:54:23.403 INFO:teuthology.orchestra.run.smithi153.stdout:/usr/bin/ceph: stderr
2024-03-11T22:54:22.666+0000 7f4cf6ffd700 1 -- 172.21.15.153:0/812801861 <== mon.0 v2:172.21.15.153:3300/0 6 ==== mon_command_ack([{"prefix": "get_command_descriptions"}]=0 v0) v1 ==== 72+0+175366 (secure 0 0 0) 0x7f4ce8018b00 con 0x7f4d00078ce0
2024-03-11T22:54:23.403 INFO:teuthology.orchestra.run.smithi153.stdout:/usr/bin/ceph: stderr
2024-03-11T22:54:22.848+0000 7f4d04c31700 1 -- 172.21.15.153:0/812801861 --> [v2:172.21.15.153:3300/0,v1:172.21.15.153:6789/0] -- mon_command({"prefix": "config get", "who": "mgr", "key": "mgr/dashboard/ssl_server_port"} v 0) v1 -- 0x7f4d0004bed0 con 0x7f4d00078ce0
2024-03-11T22:54:23.403 INFO:teuthology.orchestra.run.smithi153.stdout:/usr/bin/ceph: stderr
2024-03-11T22:54:22.848+0000 7f4cf6ffd700 1 -- 172.21.15.153:0/812801861 <== mon.0 v2:172.21.15.153:3300/0 7 ==== mon_command_ack([{"prefix": "config get", "who": "mgr", "key": "mgr/dashboard/ssl_server_port"}]=0 v8) v1 ==== 112+0+5 (secure 0 0 0) 0x7f4ce8018b00 con 0x7f4d00078ce0
2024-03-11T22:54:23.403 INFO:teuthology.orchestra.run.smithi153.stdout:/usr/bin/ceph: stderr
2024-03-11T22:54:22.850+0000 7f4d04c31700 1 -- 172.21.15.153:0/812801861 >> [v2:172.21.15.153:6800/4212724556,v1:172.21.15.153:6801/4212724556] conn(0x7f4cec036830 msgr2=0x7f4cec038ce0 secure :-1 s=STATE_CONNECTION_ESTABLISHED l=1).mark_down
2024-03-11T22:54:23.403 INFO:teuthology.orchestra.run.smithi153.stdout:/usr/bin/ceph: stderr
2024-03-11T22:54:22.850+0000 7f4d04c31700 1 --2- 172.21.15.153:0/812801861 >> [v2:172.21.15.153:6800/4212724556,v1:172.21.15.153:6801/4212724556] conn(0x7f4cec036830 0x7f4cec038ce0 secure :-1 s=READY pgs=9 cs=0 l=1 rev1=1 crypto rx=0x7f4cf0009990 tx=0x7f4cf0006e40 comp rx=0 tx=0).stop
2024-03-11T22:54:23.403 INFO:teuthology.orchestra.run.smithi153.stdout:/usr/bin/ceph: stderr
2024-03-11T22:54:22.850+0000 7f4d04c31700 1 -- 172.21.15.153:0/812801861 >> [v2:172.21.15.153:3300/0,v1:172.21.15.153:6789/0] conn(0x7f4d00078ce0 msgr2=0x7f4d00113820 secure :-1 s=STATE_CONNECTION_ESTABLISHED l=1).mark_down
2024-03-11T22:54:23.403 INFO:teuthology.orchestra.run.smithi153.stdout:/usr/bin/ceph: stderr
2024-03-11T22:54:22.850+0000 7f4d04c31700 1 --2- 172.21.15.153:0/812801861 >> [v2:172.21.15.153:3300/0,v1:172.21.15.153:6789/0] conn(0x7f4d00078ce0 0x7f4d00113820 secure :-1 s=READY pgs=83 cs=0 l=1 rev1=1 crypto rx=0x7f4ce80094c0 tx=0x7f4ce8009250 comp rx=0 tx=0).stop
2024-03-11T22:54:23.403 INFO:teuthology.orchestra.run.smithi153.stdout:/usr/bin/ceph: stderr
2024-03-11T22:54:22.850+0000 7f4d04c31700 1 -- 172.21.15.153:0/812801861 shutdown_connections
2024-03-11T22:54:23.403 INFO:teuthology.orchestra.run.smithi153.stdout:/usr/bin/ceph: stderr
2024-03-11T22:54:22.850+0000 7f4d04c31700 1 --2- 172.21.15.153:0/812801861 >> [v2:172.21.15.153:6800/4212724556,v1:172.21.15.153:6801/4212724556] conn(0x7f4cec036830 0x7f4cec038ce0 unknown :-1 s=CLOSED pgs=9 cs=0 l=1 rev1=1 crypto rx=0 tx=0 comp rx=0 tx=0).stop
2024-03-11T22:54:23.403 INFO:teuthology.orchestra.run.smithi153.stdout:/usr/bin/ceph: stderr
2024-03-11T22:54:22.850+0000 7f4d04c31700 1 --2- 172.21.15.153:0/812801861 >> [v2:172.21.15.153:3300/0,v1:172.21.15.153:6789/0] conn(0x7f4d00078ce0 0x7f4d00113820 unknown :-1 s=CLOSED pgs=83 cs=0 l=1 rev1=1 crypto rx=0 tx=0 comp rx=0 tx=0).stop
2024-03-11T22:54:23.403 INFO:teuthology.orchestra.run.smithi153.stdout:/usr/bin/ceph: stderr
2024-03-11T22:54:22.850+0000 7f4d04c31700 1 -- 172.21.15.153:0/812801861 >> 172.21.15.153:0/812801861 conn(0x7f4d000fded0 msgr2=0x7f4d000ff610 unknown :-1 s=STATE_NONE l=0).mark_down
2024-03-11T22:54:23.403 INFO:teuthology.orchestra.run.smithi153.stdout:/usr/bin/ceph: stderr
2024-03-11T22:54:22.851+0000 7f4d04c31700 1 -- 172.21.15.153:0/812801861 shutdown_connections
2024-03-11T22:54:23.403 INFO:teuthology.orchestra.run.smithi153.stdout:/usr/bin/ceph: stderr
2024-03-11T22:54:22.851+0000 7f4d04c31700 1 -- 172.21.15.153:0/812801861 wait complete.
2024-03-11T22:54:23.407 INFO:teuthology.orchestra.run.smithi153.stdout:Non-zero exit code 1 from systemctl is-enabled firewalld.service
2024-03-11T22:54:23.407 INFO:teuthology.orchestra.run.smithi153.stdout:systemctl: stdout disabled
2024-03-11T22:54:23.414 INFO:teuthology.orchestra.run.smithi153.stdout:Non-zero exit code 3 from systemctl is-active firewalld.service
2024-03-11T22:54:23.414 INFO:teuthology.orchestra.run.smithi153.stdout:systemctl: stdout inactive
2024-03-11T22:54:23.414 INFO:teuthology.orchestra.run.smithi153.stdout:firewalld.service is not enabled
2024-03-11T22:54:23.414 INFO:teuthology.orchestra.run.smithi153.stdout:Not possible to open ports <[8443]>. firewalld.service is not available
2024-03-11T22:54:23.416 INFO:teuthology.orchestra.run.smithi153.stdout:Ceph Dashboard is now available at:
2024-03-11T22:54:23.416 INFO:teuthology.orchestra.run.smithi153.stdout:
2024-03-11T22:54:23.416 INFO:teuthology.orchestra.run.smithi153.stdout: URL: https://smithi153.front.sepia.ceph.com:8443/
2024-03-11T22:54:23.416 INFO:teuthology.orchestra.run.smithi153.stdout: User: admin
2024-03-11T22:54:23.416 INFO:teuthology.orchestra.run.smithi153.stdout: Password: kgstnykevv
2024-03-11T22:54:23.416 INFO:teuthology.orchestra.run.smithi153.stdout:
2024-03-11T22:54:23.416 INFO:teuthology.orchestra.run.smithi153.stdout:Saving cluster configuration to /var/lib/ceph/fa913b96-dff9-11ee-95c8-87774f69a715/config directory
2024-03-11T22:54:23.417 INFO:teuthology.orchestra.run.smithi153.stdout:Enabling autotune for osd_memory_target
2024-03-11T22:54:24.598 INFO:teuthology.orchestra.run.smithi153.stdout:/usr/bin/ceph: stderr
2024-03-11T22:54:23.821+0000 7f1d549e1700 1 Processor -- start
2024-03-11T22:54:24.598 INFO:teuthology.orchestra.run.smithi153.stdout:/usr/bin/ceph: stderr
2024-03-11T22:54:23.821+0000 7f1d549e1700 1 -- start start
2024-03-11T22:54:24.598 INFO:teuthology.orchestra.run.smithi153.stdout:/usr/bin/ceph: stderr
2024-03-11T22:54:23.821+0000 7f1d549e1700 1 --2- >> [v2:172.21.15.153:3300/0,v1:172.21.15.153:6789/0] conn(0x7f1d50102770 0x7f1d50102b80 unknown :-1 s=NONE pgs=0 cs=0 l=0 rev1=0 crypto rx=0 tx=0 comp rx=0 tx=0).connect
2024-03-11T22:54:24.598 INFO:teuthology.orchestra.run.smithi153.stdout:/usr/bin/ceph: stderr
2024-03-11T22:54:23.821+0000 7f1d549e1700 1 -- --> [v2:172.21.15.153:3300/0,v1:172.21.15.153:6789/0] -- mon_getmap magic: 0 v1 -- 0x7f1d501030c0 con 0x7f1d50102770
2024-03-11T22:54:24.598 INFO:teuthology.orchestra.run.smithi153.stdout:/usr/bin/ceph: stderr
2024-03-11T22:54:23.821+0000 7f1d4e59c700 1 --2- >> [v2:172.21.15.153:3300/0,v1:172.21.15.153:6789/0] conn(0x7f1d50102770 0x7f1d50102b80 unknown :-1 s=BANNER_CONNECTING pgs=0 cs=0 l=0 rev1=0 crypto rx=0 tx=0 comp rx=0 tx=0)._handle_peer_banner_payload supported=3 required=0
2024-03-11T22:54:24.598 INFO:teuthology.orchestra.run.smithi153.stdout:/usr/bin/ceph: stderr
2024-03-11T22:54:23.821+0000 7f1d4e59c700 1 --2- >> [v2:172.21.15.153:3300/0,v1:172.21.15.153:6789/0] conn(0x7f1d50102770 0x7f1d50102b80 unknown :-1 s=HELLO_CONNECTING pgs=0 cs=0 l=0 rev1=1 crypto rx=0 tx=0 comp rx=0 tx=0).handle_hello peer v2:172.21.15.153:3300/0 says I am v2:172.21.15.153:52630/0 (socket says 172.21.15.153:52630)
2024-03-11T22:54:24.598 INFO:teuthology.orchestra.run.smithi153.stdout:/usr/bin/ceph: stderr
2024-03-11T22:54:23.821+0000 7f1d4e59c700 1 -- 172.21.15.153:0/4004583577 learned_addr learned my addr 172.21.15.153:0/4004583577 (peer_addr_for_me v2:172.21.15.153:0/0)
2024-03-11T22:54:24.598 INFO:teuthology.orchestra.run.smithi153.stdout:/usr/bin/ceph: stderr
2024-03-11T22:54:23.822+0000 7f1d4e59c700 1 -- 172.21.15.153:0/4004583577 --> [v2:172.21.15.153:3300/0,v1:172.21.15.153:6789/0] -- mon_subscribe({config=0+,monmap=0+}) v3 -- 0x7f1d50103200 con 0x7f1d50102770
2024-03-11T22:54:24.599 INFO:teuthology.orchestra.run.smithi153.stdout:/usr/bin/ceph: stderr
2024-03-11T22:54:23.822+0000 7f1d4e59c700 1 --2- 172.21.15.153:0/4004583577 >> [v2:172.21.15.153:3300/0,v1:172.21.15.153:6789/0] conn(0x7f1d50102770 0x7f1d50102b80 secure :-1 s=READY pgs=84 cs=0 l=1 rev1=1 crypto rx=0x7f1d400098e0 tx=0x7f1d40009250 comp rx=0 tx=0).ready entity=mon.0 client_cookie=8867b4ffff9ba976 server_cookie=0 in_seq=0 out_seq=0
2024-03-11T22:54:24.599 INFO:teuthology.orchestra.run.smithi153.stdout:/usr/bin/ceph: stderr
2024-03-11T22:54:23.822+0000 7f1d4dd9b700 1 -- 172.21.15.153:0/4004583577 <== mon.0 v2:172.21.15.153:3300/0 1 ==== mon_map magic: 0 v1 ==== 229+0+0 (secure 0 0 0) 0x7f1d4000b860 con 0x7f1d50102770
2024-03-11T22:54:24.599 INFO:teuthology.orchestra.run.smithi153.stdout:/usr/bin/ceph: stderr
2024-03-11T22:54:23.822+0000 7f1d4dd9b700 1 -- 172.21.15.153:0/4004583577 <== mon.0 v2:172.21.15.153:3300/0 2 ==== config(27 keys) v1 ==== 1109+0+0 (secure 0 0 0) 0x7f1d4000be90 con 0x7f1d50102770
2024-03-11T22:54:24.599 INFO:teuthology.orchestra.run.smithi153.stdout:/usr/bin/ceph: stderr
2024-03-11T22:54:23.822+0000 7f1d4dd9b700 1 -- 172.21.15.153:0/4004583577 <== mon.0 v2:172.21.15.153:3300/0 3 ==== mon_map magic: 0 v1 ==== 229+0+0 (secure 0 0 0) 0x7f1d400103c0 con 0x7f1d50102770
2024-03-11T22:54:24.599 INFO:teuthology.orchestra.run.smithi153.stdout:/usr/bin/ceph: stderr
2024-03-11T22:54:23.823+0000 7f1d549e1700 1 -- 172.21.15.153:0/4004583577 >> [v2:172.21.15.153:3300/0,v1:172.21.15.153:6789/0] conn(0x7f1d50102770 msgr2=0x7f1d50102b80 secure :-1 s=STATE_CONNECTION_ESTABLISHED l=1).mark_down
2024-03-11T22:54:24.599 INFO:teuthology.orchestra.run.smithi153.stdout:/usr/bin/ceph: stderr
2024-03-11T22:54:23.823+0000 7f1d549e1700 1 --2- 172.21.15.153:0/4004583577 >> [v2:172.21.15.153:3300/0,v1:172.21.15.153:6789/0] conn(0x7f1d50102770 0x7f1d50102b80 secure :-1 s=READY pgs=84 cs=0 l=1 rev1=1 crypto rx=0x7f1d400098e0 tx=0x7f1d40009250 comp rx=0 tx=0).stop
2024-03-11T22:54:24.599 INFO:teuthology.orchestra.run.smithi153.stdout:/usr/bin/ceph: stderr
2024-03-11T22:54:23.823+0000 7f1d549e1700 1 -- 172.21.15.153:0/4004583577 shutdown_connections
2024-03-11T22:54:24.599 INFO:teuthology.orchestra.run.smithi153.stdout:/usr/bin/ceph: stderr
2024-03-11T22:54:23.823+0000 7f1d549e1700 1 --2- 172.21.15.153:0/4004583577 >> [v2:172.21.15.153:3300/0,v1:172.21.15.153:6789/0] conn(0x7f1d50102770 0x7f1d50102b80 unknown :-1 s=CLOSED pgs=84 cs=0 l=1 rev1=1 crypto rx=0 tx=0 comp rx=0 tx=0).stop
2024-03-11T22:54:24.599 INFO:teuthology.orchestra.run.smithi153.stdout:/usr/bin/ceph: stderr
2024-03-11T22:54:23.823+0000 7f1d549e1700 1 -- 172.21.15.153:0/4004583577 >> 172.21.15.153:0/4004583577 conn(0x7f1d500fded0 msgr2=0x7f1d50100300 unknown :-1 s=STATE_NONE l=0).mark_down
2024-03-11T22:54:24.599 INFO:teuthology.orchestra.run.smithi153.stdout:/usr/bin/ceph: stderr
2024-03-11T22:54:23.823+0000 7f1d549e1700 1 -- 172.21.15.153:0/4004583577 shutdown_connections
2024-03-11T22:54:24.599 INFO:teuthology.orchestra.run.smithi153.stdout:/usr/bin/ceph: stderr
2024-03-11T22:54:23.823+0000 7f1d549e1700 1 -- 172.21.15.153:0/4004583577 wait complete.
2024-03-11T22:54:24.599 INFO:teuthology.orchestra.run.smithi153.stdout:/usr/bin/ceph: stderr
2024-03-11T22:54:23.823+0000 7f1d549e1700 1 Processor -- start
2024-03-11T22:54:24.599 INFO:teuthology.orchestra.run.smithi153.stdout:/usr/bin/ceph: stderr
2024-03-11T22:54:23.823+0000 7f1d549e1700 1 -- start start
2024-03-11T22:54:24.599 INFO:teuthology.orchestra.run.smithi153.stdout:/usr/bin/ceph: stderr
2024-03-11T22:54:23.824+0000 7f1d549e1700 1 --2- >> [v2:172.21.15.153:3300/0,v1:172.21.15.153:6789/0] conn(0x7f1d50102770 0x7f1d501115c0 unknown :-1 s=NONE pgs=0 cs=0 l=1 rev1=0 crypto rx=0 tx=0 comp rx=0 tx=0).connect
2024-03-11T22:54:24.600 INFO:teuthology.orchestra.run.smithi153.stdout:/usr/bin/ceph: stderr
2024-03-11T22:54:23.824+0000 7f1d549e1700 1 -- --> [v2:172.21.15.153:3300/0,v1:172.21.15.153:6789/0] -- mon_getmap magic: 0 v1 -- 0x7f1d50111b00 con 0x7f1d50102770
2024-03-11T22:54:24.600 INFO:teuthology.orchestra.run.smithi153.stdout:/usr/bin/ceph: stderr
2024-03-11T22:54:23.824+0000 7f1d4e59c700 1 --2- >> [v2:172.21.15.153:3300/0,v1:172.21.15.153:6789/0] conn(0x7f1d50102770 0x7f1d501115c0 unknown :-1 s=BANNER_CONNECTING pgs=0 cs=0 l=1 rev1=0 crypto rx=0 tx=0 comp rx=0 tx=0)._handle_peer_banner_payload supported=3 required=0
2024-03-11T22:54:24.600 INFO:teuthology.orchestra.run.smithi153.stdout:/usr/bin/ceph: stderr
2024-03-11T22:54:23.824+0000 7f1d4e59c700 1 --2- >> [v2:172.21.15.153:3300/0,v1:172.21.15.153:6789/0] conn(0x7f1d50102770 0x7f1d501115c0 unknown :-1 s=HELLO_CONNECTING pgs=0 cs=0 l=1 rev1=1 crypto rx=0 tx=0 comp rx=0 tx=0).handle_hello peer v2:172.21.15.153:3300/0 says I am v2:172.21.15.153:52632/0 (socket says 172.21.15.153:52632)
2024-03-11T22:54:24.600 INFO:teuthology.orchestra.run.smithi153.stdout:/usr/bin/ceph: stderr
2024-03-11T22:54:23.824+0000 7f1d4e59c700 1 -- 172.21.15.153:0/1480062238 learned_addr learned my addr 172.21.15.153:0/1480062238 (peer_addr_for_me v2:172.21.15.153:0/0)
2024-03-11T22:54:24.600 INFO:teuthology.orchestra.run.smithi153.stdout:/usr/bin/ceph: stderr
2024-03-11T22:54:23.824+0000 7f1d4e59c700 1 -- 172.21.15.153:0/1480062238 --> [v2:172.21.15.153:3300/0,v1:172.21.15.153:6789/0] -- mon_subscribe({config=0+,monmap=0+}) v3 -- 0x7f1d400094f0 con 0x7f1d50102770
2024-03-11T22:54:24.600 INFO:teuthology.orchestra.run.smithi153.stdout:/usr/bin/ceph: stderr
2024-03-11T22:54:23.824+0000 7f1d4e59c700 1 --2- 172.21.15.153:0/1480062238 >> [v2:172.21.15.153:3300/0,v1:172.21.15.153:6789/0] conn(0x7f1d50102770 0x7f1d501115c0 secure :-1 s=READY pgs=85 cs=0 l=1 rev1=1 crypto rx=0x7f1d40011680 tx=0x7f1d40009250 comp rx=0 tx=0).ready entity=mon.0 client_cookie=0 server_cookie=0 in_seq=0 out_seq=0
2024-03-11T22:54:24.600 INFO:teuthology.orchestra.run.smithi153.stdout:/usr/bin/ceph: stderr
2024-03-11T22:54:23.824+0000 7f1d477fe700 1 -- 172.21.15.153:0/1480062238 <== mon.0 v2:172.21.15.153:3300/0 1 ==== mon_map magic: 0 v1 ==== 229+0+0 (secure 0 0 0) 0x7f1d40010890 con 0x7f1d50102770
2024-03-11T22:54:24.600 INFO:teuthology.orchestra.run.smithi153.stdout:/usr/bin/ceph: stderr
2024-03-11T22:54:23.824+0000 7f1d549e1700 1 -- 172.21.15.153:0/1480062238 --> [v2:172.21.15.153:3300/0,v1:172.21.15.153:6789/0] -- mon_subscribe({mgrmap=0+}) v3 -- 0x7f1d50111d00 con 0x7f1d50102770
2024-03-11T22:54:24.600 INFO:teuthology.orchestra.run.smithi153.stdout:/usr/bin/ceph: stderr
2024-03-11T22:54:23.824+0000 7f1d477fe700 1 -- 172.21.15.153:0/1480062238 <== mon.0 v2:172.21.15.153:3300/0 2 ==== config(27 keys) v1 ==== 1109+0+0 (secure 0 0 0) 0x7f1d40010ec0 con 0x7f1d50102770
2024-03-11T22:54:24.600 INFO:teuthology.orchestra.run.smithi153.stdout:/usr/bin/ceph: stderr
2024-03-11T22:54:23.824+0000 7f1d477fe700 1 -- 172.21.15.153:0/1480062238 <== mon.0 v2:172.21.15.153:3300/0 3 ==== mon_map magic: 0 v1 ==== 229+0+0 (secure 0 0 0) 0x7f1d400243f0 con 0x7f1d50102770
2024-03-11T22:54:24.600 INFO:teuthology.orchestra.run.smithi153.stdout:/usr/bin/ceph: stderr
2024-03-11T22:54:23.824+0000 7f1d549e1700 1 -- 172.21.15.153:0/1480062238 --> [v2:172.21.15.153:3300/0,v1:172.21.15.153:6789/0] -- mon_subscribe({osdmap=0}) v3 -- 0x7f1d501129a0 con 0x7f1d50102770
2024-03-11T22:54:24.600 INFO:teuthology.orchestra.run.smithi153.stdout:/usr/bin/ceph: stderr
2024-03-11T22:54:23.825+0000 7f1d477fe700 1 -- 172.21.15.153:0/1480062238 <== mon.0 v2:172.21.15.153:3300/0 4 ==== mgrmap(e 12) v1 ==== 43381+0+0 (secure 0 0 0) 0x7f1d4002d3f0 con 0x7f1d50102770
2024-03-11T22:54:24.600 INFO:teuthology.orchestra.run.smithi153.stdout:/usr/bin/ceph: stderr
2024-03-11T22:54:23.825+0000 7f1d477fe700 1 --2- 172.21.15.153:0/1480062238 >> [v2:172.21.15.153:6800/4212724556,v1:172.21.15.153:6801/4212724556] conn(0x7f1d3c0367e0 0x7f1d3c038c90 unknown :-1 s=NONE pgs=0 cs=0 l=1 rev1=0 crypto rx=0 tx=0 comp rx=0 tx=0).connect
2024-03-11T22:54:24.600 INFO:teuthology.orchestra.run.smithi153.stdout:/usr/bin/ceph: stderr
2024-03-11T22:54:23.825+0000 7f1d477fe700 1 -- 172.21.15.153:0/1480062238 <== mon.0 v2:172.21.15.153:3300/0 5 ==== osd_map(3..3 src has 1..3) v4 ==== 1151+0+0 (secure 0 0 0) 0x7f1d4004a3b0 con 0x7f1d50102770
2024-03-11T22:54:24.601 INFO:teuthology.orchestra.run.smithi153.stdout:/usr/bin/ceph: stderr
2024-03-11T22:54:23.825+0000 7f1d549e1700 1 -- 172.21.15.153:0/1480062238 --> [v2:172.21.15.153:3300/0,v1:172.21.15.153:6789/0] -- mon_command({"prefix": "get_command_descriptions"} v 0) v1 -- 0x7f1d5005f5c0 con 0x7f1d50102770
2024-03-11T22:54:24.601 INFO:teuthology.orchestra.run.smithi153.stdout:/usr/bin/ceph: stderr
2024-03-11T22:54:23.825+0000 7f1d45d9b700 1 --2- 172.21.15.153:0/1480062238 >> [v2:172.21.15.153:6800/4212724556,v1:172.21.15.153:6801/4212724556] conn(0x7f1d3c0367e0 0x7f1d3c038c90 unknown :-1 s=BANNER_CONNECTING pgs=0 cs=0 l=1 rev1=0 crypto rx=0 tx=0 comp rx=0 tx=0)._handle_peer_banner_payload supported=3 required=0
2024-03-11T22:54:24.601 INFO:teuthology.orchestra.run.smithi153.stdout:/usr/bin/ceph: stderr
2024-03-11T22:54:23.826+0000 7f1d45d9b700 1 --2- 172.21.15.153:0/1480062238 >> [v2:172.21.15.153:6800/4212724556,v1:172.21.15.153:6801/4212724556] conn(0x7f1d3c0367e0 0x7f1d3c038c90 secure :-1 s=READY pgs=10 cs=0 l=1 rev1=1 crypto rx=0x7f1d38009990 tx=0x7f1d38006e40 comp rx=0 tx=0).ready entity=mgr.14160 client_cookie=0 server_cookie=0 in_seq=0 out_seq=0
2024-03-11T22:54:24.601 INFO:teuthology.orchestra.run.smithi153.stdout:/usr/bin/ceph: stderr
2024-03-11T22:54:23.830+0000 7f1d477fe700 1 -- 172.21.15.153:0/1480062238 <== mon.0 v2:172.21.15.153:3300/0 6 ==== mon_command_ack([{"prefix": "get_command_descriptions"}]=0 v0) v1 ==== 72+0+175366 (secure 0 0 0) 0x7f1d400193c0 con 0x7f1d50102770
2024-03-11T22:54:24.601 INFO:teuthology.orchestra.run.smithi153.stdout:/usr/bin/ceph: stderr
2024-03-11T22:54:23.935+0000 7f1d477fe700 1 -- 172.21.15.153:0/1480062238 <== mon.0 v2:172.21.15.153:3300/0 7 ==== mgrmap(e 13) v1 ==== 43425+0+0 (secure 0 0 0) 0x7f1d4002dd50 con 0x7f1d50102770
2024-03-11T22:54:24.601 INFO:teuthology.orchestra.run.smithi153.stdout:/usr/bin/ceph: stderr
2024-03-11T22:54:24.013+0000 7f1d549e1700 1 -- 172.21.15.153:0/1480062238 --> [v2:172.21.15.153:3300/0,v1:172.21.15.153:6789/0] -- mon_command([{prefix=config set, name=osd_memory_target_autotune}] v 0) v1 -- 0x7f1d5004bed0 con 0x7f1d50102770
2024-03-11T22:54:24.601 INFO:teuthology.orchestra.run.smithi153.stdout:/usr/bin/ceph: stderr
2024-03-11T22:54:24.013+0000 7f1d477fe700 1 -- 172.21.15.153:0/1480062238 <== mon.0 v2:172.21.15.153:3300/0 8 ==== mon_command_ack([{prefix=config set, name=osd_memory_target_autotune}]=0 v8)=0 v8) v1 ==== 127+0+0 (secure 0 0 0) 0x7f1d40006d70 con 0x7f1d50102770
2024-03-11T22:54:24.601 INFO:teuthology.orchestra.run.smithi153.stdout:/usr/bin/ceph: stderr
2024-03-11T22:54:24.015+0000 7f1d549e1700 1 -- 172.21.15.153:0/1480062238 >> [v2:172.21.15.153:6800/4212724556,v1:172.21.15.153:6801/4212724556] conn(0x7f1d3c0367e0 msgr2=0x7f1d3c038c90 secure :-1 s=STATE_CONNECTION_ESTABLISHED l=1).mark_down
2024-03-11T22:54:24.601 INFO:teuthology.orchestra.run.smithi153.stdout:/usr/bin/ceph: stderr
2024-03-11T22:54:24.015+0000 7f1d549e1700 1 --2- 172.21.15.153:0/1480062238 >> [v2:172.21.15.153:6800/4212724556,v1:172.21.15.153:6801/4212724556] conn(0x7f1d3c0367e0 0x7f1d3c038c90 secure :-1 s=READY pgs=10 cs=0 l=1 rev1=1 crypto rx=0x7f1d38009990 tx=0x7f1d38006e40 comp rx=0 tx=0).stop
2024-03-11T22:54:24.601 INFO:teuthology.orchestra.run.smithi153.stdout:/usr/bin/ceph: stderr
2024-03-11T22:54:24.015+0000 7f1d549e1700 1 -- 172.21.15.153:0/1480062238 >> [v2:172.21.15.153:3300/0,v1:172.21.15.153:6789/0] conn(0x7f1d50102770 msgr2=0x7f1d501115c0 secure :-1 s=STATE_CONNECTION_ESTABLISHED l=1).mark_down
2024-03-11T22:54:24.601 INFO:teuthology.orchestra.run.smithi153.stdout:/usr/bin/ceph: stderr
2024-03-11T22:54:24.015+0000 7f1d549e1700 1 --2- 172.21.15.153:0/1480062238 >> [v2:172.21.15.153:3300/0,v1:172.21.15.153:6789/0] conn(0x7f1d50102770 0x7f1d501115c0 secure :-1 s=READY pgs=85 cs=0 l=1 rev1=1 crypto rx=0x7f1d40011680 tx=0x7f1d40009250 comp rx=0 tx=0).stop
2024-03-11T22:54:24.601 INFO:teuthology.orchestra.run.smithi153.stdout:/usr/bin/ceph: stderr
2024-03-11T22:54:24.015+0000 7f1d549e1700 1 -- 172.21.15.153:0/1480062238 shutdown_connections
2024-03-11T22:54:24.601 INFO:teuthology.orchestra.run.smithi153.stdout:/usr/bin/ceph: stderr
2024-03-11T22:54:24.015+0000 7f1d549e1700 1 --2- 172.21.15.153:0/1480062238 >> [v2:172.21.15.153:6800/4212724556,v1:172.21.15.153:6801/4212724556] conn(0x7f1d3c0367e0 0x7f1d3c038c90 unknown :-1 s=CLOSED pgs=10 cs=0 l=1 rev1=1 crypto rx=0 tx=0 comp rx=0 tx=0).stop
2024-03-11T22:54:24.601 INFO:teuthology.orchestra.run.smithi153.stdout:/usr/bin/ceph: stderr
2024-03-11T22:54:24.015+0000 7f1d549e1700 1 --2- 172.21.15.153:0/1480062238 >> [v2:172.21.15.153:3300/0,v1:172.21.15.153:6789/0] conn(0x7f1d50102770 0x7f1d501115c0 unknown :-1 s=CLOSED pgs=85 cs=0 l=1 rev1=1 crypto rx=0 tx=0 comp rx=0 tx=0).stop
2024-03-11T22:54:24.602 INFO:teuthology.orchestra.run.smithi153.stdout:/usr/bin/ceph: stderr
2024-03-11T22:54:24.015+0000 7f1d549e1700 1 -- 172.21.15.153:0/1480062238 >> 172.21.15.153:0/1480062238 conn(0x7f1d500fded0 msgr2=0x7f1d500ff5b0 unknown :-1 s=STATE_NONE l=0).mark_down
2024-03-11T22:54:24.602 INFO:teuthology.orchestra.run.smithi153.stdout:/usr/bin/ceph: stderr
2024-03-11T22:54:24.015+0000 7f1d549e1700 1 -- 172.21.15.153:0/1480062238 shutdown_connections
2024-03-11T22:54:24.602 INFO:teuthology.orchestra.run.smithi153.stdout:/usr/bin/ceph: stderr
2024-03-11T22:54:24.015+0000 7f1d549e1700 1 -- 172.21.15.153:0/1480062238 wait complete.
2024-03-11T22:54:25.018 INFO:journalctl@ceph.mon.smithi153.smithi153.stdout:Mar 11 22:54:24 smithi153 ceph-mon[28962]: mgrmap e13: smithi153.nyocep(active, since 6s)
2024-03-11T22:54:25.821 INFO:teuthology.orchestra.run.smithi153.stdout:/usr/bin/ceph: stderr
2024-03-11T22:54:25.020+0000 7f4cc4cdf700 1 Processor -- start
2024-03-11T22:54:25.822 INFO:teuthology.orchestra.run.smithi153.stdout:/usr/bin/ceph: stderr
2024-03-11T22:54:25.020+0000 7f4cc4cdf700 1 -- start start
2024-03-11T22:54:25.822 INFO:teuthology.orchestra.run.smithi153.stdout:/usr/bin/ceph: stderr
2024-03-11T22:54:25.021+0000 7f4cc4cdf700 1 --2- >> [v2:172.21.15.153:3300/0,v1:172.21.15.153:6789/0] conn(0x7f4cc0102780 0x7f4cc0102b90 unknown :-1 s=NONE pgs=0 cs=0 l=0 rev1=0 crypto rx=0 tx=0 comp rx=0 tx=0).connect
2024-03-11T22:54:25.822 INFO:teuthology.orchestra.run.smithi153.stdout:/usr/bin/ceph: stderr
2024-03-11T22:54:25.021+0000 7f4cc4cdf700 1 -- --> [v2:172.21.15.153:3300/0,v1:172.21.15.153:6789/0] -- mon_getmap magic: 0 v1 -- 0x7f4cc01030d0 con 0x7f4cc0102780
2024-03-11T22:54:25.822 INFO:teuthology.orchestra.run.smithi153.stdout:/usr/bin/ceph: stderr
2024-03-11T22:54:25.021+0000 7f4cbe59c700 1 --2- >> [v2:172.21.15.153:3300/0,v1:172.21.15.153:6789/0] conn(0x7f4cc0102780 0x7f4cc0102b90 unknown :-1 s=BANNER_CONNECTING pgs=0 cs=0 l=0 rev1=0 crypto rx=0 tx=0 comp rx=0 tx=0)._handle_peer_banner_payload supported=3 required=0
2024-03-11T22:54:25.822 INFO:teuthology.orchestra.run.smithi153.stdout:/usr/bin/ceph: stderr
2024-03-11T22:54:25.021+0000 7f4cbe59c700 1 --2- >> [v2:172.21.15.153:3300/0,v1:172.21.15.153:6789/0] conn(0x7f4cc0102780 0x7f4cc0102b90 unknown :-1 s=HELLO_CONNECTING pgs=0 cs=0 l=0 rev1=1 crypto rx=0 tx=0 comp rx=0 tx=0).handle_hello peer v2:172.21.15.153:3300/0 says I am v2:172.21.15.153:52638/0 (socket says 172.21.15.153:52638)
2024-03-11T22:54:25.822 INFO:teuthology.orchestra.run.smithi153.stdout:/usr/bin/ceph: stderr
2024-03-11T22:54:25.021+0000 7f4cbe59c700 1 -- 172.21.15.153:0/1810005137 learned_addr learned my addr 172.21.15.153:0/1810005137 (peer_addr_for_me v2:172.21.15.153:0/0)
2024-03-11T22:54:25.822 INFO:teuthology.orchestra.run.smithi153.stdout:/usr/bin/ceph: stderr
2024-03-11T22:54:25.021+0000 7f4cbe59c700 1 -- 172.21.15.153:0/1810005137 --> [v2:172.21.15.153:3300/0,v1:172.21.15.153:6789/0] -- mon_subscribe({config=0+,monmap=0+}) v3 -- 0x7f4cc0103210 con 0x7f4cc0102780
2024-03-11T22:54:25.822 INFO:teuthology.orchestra.run.smithi153.stdout:/usr/bin/ceph: stderr
2024-03-11T22:54:25.021+0000 7f4cbe59c700 1 --2- 172.21.15.153:0/1810005137 >> [v2:172.21.15.153:3300/0,v1:172.21.15.153:6789/0] conn(0x7f4cc0102780 0x7f4cc0102b90 secure :-1 s=READY pgs=86 cs=0 l=1 rev1=1 crypto rx=0x7f4cb00098e0 tx=0x7f4cb0009250 comp rx=0 tx=0).ready entity=mon.0 client_cookie=8bc35828dc96d1c2 server_cookie=0 in_seq=0 out_seq=0
2024-03-11T22:54:25.822 INFO:teuthology.orchestra.run.smithi153.stdout:/usr/bin/ceph: stderr
2024-03-11T22:54:25.021+0000 7f4cbd59a700 1 -- 172.21.15.153:0/1810005137 <== mon.0 v2:172.21.15.153:3300/0 1 ==== mon_map magic: 0 v1 ==== 229+0+0 (secure 0 0 0) 0x7f4cb000b860 con 0x7f4cc0102780
2024-03-11T22:54:25.822 INFO:teuthology.orchestra.run.smithi153.stdout:/usr/bin/ceph: stderr
2024-03-11T22:54:25.021+0000 7f4cbd59a700 1 -- 172.21.15.153:0/1810005137 <== mon.0 v2:172.21.15.153:3300/0 2 ==== config(27 keys) v1 ==== 1109+0+0 (secure 0 0 0) 0x7f4cb000be90 con 0x7f4cc0102780
2024-03-11T22:54:25.822 INFO:teuthology.orchestra.run.smithi153.stdout:/usr/bin/ceph: stderr
2024-03-11T22:54:25.021+0000 7f4cbd59a700 1 -- 172.21.15.153:0/1810005137 <== mon.0 v2:172.21.15.153:3300/0 3 ==== mon_map magic: 0 v1 ==== 229+0+0 (secure 0 0 0) 0x7f4cb00103c0 con 0x7f4cc0102780
2024-03-11T22:54:25.823 INFO:teuthology.orchestra.run.smithi153.stdout:/usr/bin/ceph: stderr
2024-03-11T22:54:25.022+0000 7f4cc4cdf700 1 -- 172.21.15.153:0/1810005137 >> [v2:172.21.15.153:3300/0,v1:172.21.15.153:6789/0] conn(0x7f4cc0102780 msgr2=0x7f4cc0102b90 secure :-1 s=STATE_CONNECTION_ESTABLISHED l=1).mark_down
2024-03-11T22:54:25.823 INFO:teuthology.orchestra.run.smithi153.stdout:/usr/bin/ceph: stderr
2024-03-11T22:54:25.022+0000 7f4cc4cdf700 1 --2- 172.21.15.153:0/1810005137 >> [v2:172.21.15.153:3300/0,v1:172.21.15.153:6789/0] conn(0x7f4cc0102780 0x7f4cc0102b90 secure :-1 s=READY pgs=86 cs=0 l=1 rev1=1 crypto rx=0x7f4cb00098e0 tx=0x7f4cb0009250 comp rx=0 tx=0).stop
2024-03-11T22:54:25.823 INFO:teuthology.orchestra.run.smithi153.stdout:/usr/bin/ceph: stderr
2024-03-11T22:54:25.022+0000 7f4cc4cdf700 1 -- 172.21.15.153:0/1810005137 shutdown_connections
2024-03-11T22:54:25.823 INFO:teuthology.orchestra.run.smithi153.stdout:/usr/bin/ceph: stderr
2024-03-11T22:54:25.022+0000 7f4cc4cdf700 1 --2- 172.21.15.153:0/1810005137 >> [v2:172.21.15.153:3300/0,v1:172.21.15.153:6789/0] conn(0x7f4cc0102780 0x7f4cc0102b90 unknown :-1 s=CLOSED pgs=86 cs=0 l=1 rev1=1 crypto rx=0 tx=0 comp rx=0 tx=0).stop
2024-03-11T22:54:25.823 INFO:teuthology.orchestra.run.smithi153.stdout:/usr/bin/ceph: stderr
2024-03-11T22:54:25.022+0000 7f4cc4cdf700 1 -- 172.21.15.153:0/1810005137 >> 172.21.15.153:0/1810005137 conn(0x7f4cc00fdf00 msgr2=0x7f4cc0100310 unknown :-1 s=STATE_NONE l=0).mark_down
2024-03-11T22:54:25.823 INFO:teuthology.orchestra.run.smithi153.stdout:/usr/bin/ceph: stderr
2024-03-11T22:54:25.022+0000 7f4cc4cdf700 1 -- 172.21.15.153:0/1810005137 shutdown_connections
2024-03-11T22:54:25.823 INFO:teuthology.orchestra.run.smithi153.stdout:/usr/bin/ceph: stderr
2024-03-11T22:54:25.022+0000 7f4cc4cdf700 1 -- 172.21.15.153:0/1810005137 wait complete.
2024-03-11T22:54:25.823 INFO:teuthology.orchestra.run.smithi153.stdout:/usr/bin/ceph: stderr
2024-03-11T22:54:25.022+0000 7f4cc4cdf700 1 Processor -- start
2024-03-11T22:54:25.823 INFO:teuthology.orchestra.run.smithi153.stdout:/usr/bin/ceph: stderr
2024-03-11T22:54:25.023+0000 7f4cc4cdf700 1 -- start start
2024-03-11T22:54:25.823 INFO:teuthology.orchestra.run.smithi153.stdout:/usr/bin/ceph: stderr
2024-03-11T22:54:25.023+0000 7f4cc4cdf700 1 --2- >> [v2:172.21.15.153:3300/0,v1:172.21.15.153:6789/0] conn(0x7f4cc0102780 0x7f4cc0111590 unknown :-1 s=NONE pgs=0 cs=0 l=1 rev1=0 crypto rx=0 tx=0 comp rx=0 tx=0).connect
2024-03-11T22:54:25.823 INFO:teuthology.orchestra.run.smithi153.stdout:/usr/bin/ceph: stderr
