2024-03-11T22:53:41.174+0000 7f7d6ec49700 1 -- 172.21.15.153:0/2306953359 --> [v2:172.21.15.153:3300/0,v1:172.21.15.153:6789/0] -- mon_subscribe({osdmap=0}) v3 -- 0x7f7d681128e0 con 0x7f7d68102770
2024-03-11T22:53:42.061 INFO:teuthology.orchestra.run.smithi153.stdout:/usr/bin/ceph: stderr
2024-03-11T22:53:41.175+0000 7f7d657fa700 1 -- 172.21.15.153:0/2306953359 <== mon.0 v2:172.21.15.153:3300/0 4 ==== mgrmap(e 5) v1 ==== 43368+0+0 (secure 0 0 0) 0x7f7d5c024480 con 0x7f7d68102770
2024-03-11T22:53:42.061 INFO:teuthology.orchestra.run.smithi153.stdout:/usr/bin/ceph: stderr
2024-03-11T22:53:41.175+0000 7f7d6ec49700 1 -- 172.21.15.153:0/2306953359 --> [v2:172.21.15.153:3300/0,v1:172.21.15.153:6789/0] -- mon_command({"prefix": "get_command_descriptions"} v 0) v1 -- 0x7f7d6805f5c0 con 0x7f7d68102770
2024-03-11T22:53:42.061 INFO:teuthology.orchestra.run.smithi153.stdout:/usr/bin/ceph: stderr
2024-03-11T22:53:41.175+0000 7f7d657fa700 1 --2- 172.21.15.153:0/2306953359 >> [v2:172.21.15.153:6800/2578439373,v1:172.21.15.153:6801/2578439373] conn(0x7f7d58036790 0x7f7d58038c40 unknown :-1 s=NONE pgs=0 cs=0 l=1 rev1=0 crypto rx=0 tx=0 comp rx=0 tx=0).connect
2024-03-11T22:53:42.061 INFO:teuthology.orchestra.run.smithi153.stdout:/usr/bin/ceph: stderr
2024-03-11T22:53:41.175+0000 7f7d657fa700 1 -- 172.21.15.153:0/2306953359 <== mon.0 v2:172.21.15.153:3300/0 5 ==== osd_map(1..1 src has 1..1) v4 ==== 721+0+0 (secure 0 0 0) 0x7f7d5c04ace0 con 0x7f7d68102770
2024-03-11T22:53:42.061 INFO:teuthology.orchestra.run.smithi153.stdout:/usr/bin/ceph: stderr
2024-03-11T22:53:41.175+0000 7f7d67fff700 1 -- 172.21.15.153:0/2306953359 >> [v2:172.21.15.153:6800/2578439373,v1:172.21.15.153:6801/2578439373] conn(0x7f7d58036790 msgr2=0x7f7d58038c40 unknown :-1 s=STATE_CONNECTING_RE l=1).process reconnect failed to v2:172.21.15.153:6800/2578439373
2024-03-11T22:53:42.061 INFO:teuthology.orchestra.run.smithi153.stdout:/usr/bin/ceph: stderr
2024-03-11T22:53:41.175+0000 7f7d67fff700 1 --2- 172.21.15.153:0/2306953359 >> [v2:172.21.15.153:6800/2578439373,v1:172.21.15.153:6801/2578439373] conn(0x7f7d58036790 0x7f7d58038c40 unknown :-1 s=START_CONNECT pgs=0 cs=0 l=1 rev1=0 crypto rx=0 tx=0 comp rx=0 tx=0)._fault waiting 0.200000
2024-03-11T22:53:42.061 INFO:teuthology.orchestra.run.smithi153.stdout:/usr/bin/ceph: stderr
2024-03-11T22:53:41.180+0000 7f7d657fa700 1 -- 172.21.15.153:0/2306953359 <== mon.0 v2:172.21.15.153:3300/0 6 ==== mon_command_ack([{"prefix": "get_command_descriptions"}]=0 v0) v1 ==== 72+0+175366 (secure 0 0 0) 0x7f7d5c018350 con 0x7f7d68102770
2024-03-11T22:53:42.061 INFO:teuthology.orchestra.run.smithi153.stdout:/usr/bin/ceph: stderr
2024-03-11T22:53:41.376+0000 7f7d67fff700 1 -- 172.21.15.153:0/2306953359 >> [v2:172.21.15.153:6800/2578439373,v1:172.21.15.153:6801/2578439373] conn(0x7f7d58036790 msgr2=0x7f7d58038c40 unknown :-1 s=STATE_CONNECTING_RE l=1).process reconnect failed to v2:172.21.15.153:6800/2578439373
2024-03-11T22:53:42.061 INFO:teuthology.orchestra.run.smithi153.stdout:/usr/bin/ceph: stderr
2024-03-11T22:53:41.376+0000 7f7d67fff700 1 --2- 172.21.15.153:0/2306953359 >> [v2:172.21.15.153:6800/2578439373,v1:172.21.15.153:6801/2578439373] conn(0x7f7d58036790 0x7f7d58038c40 unknown :-1 s=START_CONNECT pgs=0 cs=0 l=1 rev1=0 crypto rx=0 tx=0 comp rx=0 tx=0)._fault waiting 0.400000
2024-03-11T22:53:42.061 INFO:teuthology.orchestra.run.smithi153.stdout:/usr/bin/ceph: stderr
2024-03-11T22:53:41.420+0000 7f7d6ec49700 1 -- 172.21.15.153:0/2306953359 --> [v2:172.21.15.153:3300/0,v1:172.21.15.153:6789/0] -- mon_command({"prefix": "mgr stat"} v 0) v1 -- 0x7f7d68112c20 con 0x7f7d68102770
2024-03-11T22:53:42.062 INFO:teuthology.orchestra.run.smithi153.stdout:/usr/bin/ceph: stderr
2024-03-11T22:53:41.421+0000 7f7d657fa700 1 -- 172.21.15.153:0/2306953359 <== mon.0 v2:172.21.15.153:3300/0 7 ==== mon_command_ack([{"prefix": "mgr stat"}]=0 v5) v1 ==== 56+0+103 (secure 0 0 0) 0x7f7d5c02cb80 con 0x7f7d68102770
2024-03-11T22:53:42.062 INFO:teuthology.orchestra.run.smithi153.stdout:/usr/bin/ceph: stderr
2024-03-11T22:53:41.424+0000 7f7d6ec49700 1 -- 172.21.15.153:0/2306953359 >> [v2:172.21.15.153:6800/2578439373,v1:172.21.15.153:6801/2578439373] conn(0x7f7d58036790 msgr2=0x7f7d58038c40 unknown :-1 s=STATE_CONNECTING l=1).mark_down
2024-03-11T22:53:42.062 INFO:teuthology.orchestra.run.smithi153.stdout:/usr/bin/ceph: stderr
2024-03-11T22:53:41.424+0000 7f7d6ec49700 1 --2- 172.21.15.153:0/2306953359 >> [v2:172.21.15.153:6800/2578439373,v1:172.21.15.153:6801/2578439373] conn(0x7f7d58036790 0x7f7d58038c40 unknown :-1 s=START_CONNECT pgs=0 cs=0 l=1 rev1=0 crypto rx=0 tx=0 comp rx=0 tx=0).stop
2024-03-11T22:53:42.062 INFO:teuthology.orchestra.run.smithi153.stdout:/usr/bin/ceph: stderr
2024-03-11T22:53:41.424+0000 7f7d6ec49700 1 -- 172.21.15.153:0/2306953359 >> [v2:172.21.15.153:3300/0,v1:172.21.15.153:6789/0] conn(0x7f7d68102770 msgr2=0x7f7d68111500 secure :-1 s=STATE_CONNECTION_ESTABLISHED l=1).mark_down
2024-03-11T22:53:42.062 INFO:teuthology.orchestra.run.smithi153.stdout:/usr/bin/ceph: stderr
2024-03-11T22:53:41.424+0000 7f7d6ec49700 1 --2- 172.21.15.153:0/2306953359 >> [v2:172.21.15.153:3300/0,v1:172.21.15.153:6789/0] conn(0x7f7d68102770 0x7f7d68111500 secure :-1 s=READY pgs=25 cs=0 l=1 rev1=1 crypto rx=0x7f7d5c00b440 tx=0x7f7d5c009250 comp rx=0 tx=0).stop
2024-03-11T22:53:42.062 INFO:teuthology.orchestra.run.smithi153.stdout:/usr/bin/ceph: stderr
2024-03-11T22:53:41.424+0000 7f7d6ec49700 1 -- 172.21.15.153:0/2306953359 shutdown_connections
2024-03-11T22:53:42.062 INFO:teuthology.orchestra.run.smithi153.stdout:/usr/bin/ceph: stderr
2024-03-11T22:53:41.424+0000 7f7d6ec49700 1 --2- 172.21.15.153:0/2306953359 >> [v2:172.21.15.153:6800/2578439373,v1:172.21.15.153:6801/2578439373] conn(0x7f7d58036790 0x7f7d58038c40 unknown :-1 s=CLOSED pgs=0 cs=0 l=1 rev1=0 crypto rx=0 tx=0 comp rx=0 tx=0).stop
2024-03-11T22:53:42.062 INFO:teuthology.orchestra.run.smithi153.stdout:/usr/bin/ceph: stderr
2024-03-11T22:53:41.424+0000 7f7d6ec49700 1 --2- 172.21.15.153:0/2306953359 >> [v2:172.21.15.153:3300/0,v1:172.21.15.153:6789/0] conn(0x7f7d68102770 0x7f7d68111500 unknown :-1 s=CLOSED pgs=25 cs=0 l=1 rev1=1 crypto rx=0 tx=0 comp rx=0 tx=0).stop
2024-03-11T22:53:42.062 INFO:teuthology.orchestra.run.smithi153.stdout:/usr/bin/ceph: stderr
2024-03-11T22:53:41.424+0000 7f7d6ec49700 1 -- 172.21.15.153:0/2306953359 >> 172.21.15.153:0/2306953359 conn(0x7f7d680fded0 msgr2=0x7f7d680fec70 unknown :-1 s=STATE_NONE l=0).mark_down
2024-03-11T22:53:42.062 INFO:teuthology.orchestra.run.smithi153.stdout:/usr/bin/ceph: stderr
2024-03-11T22:53:41.424+0000 7f7d6ec49700 1 -- 172.21.15.153:0/2306953359 shutdown_connections
2024-03-11T22:53:42.062 INFO:teuthology.orchestra.run.smithi153.stdout:/usr/bin/ceph: stderr
2024-03-11T22:53:41.424+0000 7f7d6ec49700 1 -- 172.21.15.153:0/2306953359 wait complete.
2024-03-11T22:53:42.062 INFO:teuthology.orchestra.run.smithi153.stdout:Waiting for the mgr to restart...
2024-03-11T22:53:42.062 INFO:teuthology.orchestra.run.smithi153.stdout:Waiting for mgr epoch 5...
2024-03-11T22:53:42.413 INFO:journalctl@ceph.mon.smithi153.smithi153.stdout:Mar 11 22:53:42 smithi153 ceph-mon[28962]: from='client.? 172.21.15.153:0/2306953359' entity='client.admin' cmd=[{"prefix": "mgr stat"}]: dispatch
2024-03-11T22:53:47.281 INFO:journalctl@ceph.mon.smithi153.smithi153.stdout:Mar 11 22:53:46 smithi153 ceph-mon[28962]: Active manager daemon smithi153.nyocep restarted
2024-03-11T22:53:47.281 INFO:journalctl@ceph.mon.smithi153.smithi153.stdout:Mar 11 22:53:46 smithi153 ceph-mon[28962]: Activating manager daemon smithi153.nyocep
2024-03-11T22:53:47.281 INFO:journalctl@ceph.mon.smithi153.smithi153.stdout:Mar 11 22:53:46 smithi153 ceph-mon[28962]: osdmap e2: 0 total, 0 up, 0 in
2024-03-11T22:53:47.281 INFO:journalctl@ceph.mon.smithi153.smithi153.stdout:Mar 11 22:53:46 smithi153 ceph-mon[28962]: mgrmap e6: smithi153.nyocep(active, starting, since 0.00329082s)
2024-03-11T22:53:47.281 INFO:journalctl@ceph.mon.smithi153.smithi153.stdout:Mar 11 22:53:46 smithi153 ceph-mon[28962]: from='mgr.14118 172.21.15.153:0/870689843' entity='mgr.smithi153.nyocep' cmd=[{"prefix": "mon metadata", "id": "smithi153"}]: dispatch
2024-03-11T22:53:47.281 INFO:journalctl@ceph.mon.smithi153.smithi153.stdout:Mar 11 22:53:46 smithi153 ceph-mon[28962]: from='mgr.14118 172.21.15.153:0/870689843' entity='mgr.smithi153.nyocep' cmd=[{"prefix": "mgr metadata", "who": "smithi153.nyocep", "id": "smithi153.nyocep"}]: dispatch
2024-03-11T22:53:47.281 INFO:journalctl@ceph.mon.smithi153.smithi153.stdout:Mar 11 22:53:46 smithi153 ceph-mon[28962]: from='mgr.14118 172.21.15.153:0/870689843' entity='mgr.smithi153.nyocep' cmd=[{"prefix": "mds metadata"}]: dispatch
2024-03-11T22:53:47.282 INFO:journalctl@ceph.mon.smithi153.smithi153.stdout:Mar 11 22:53:46 smithi153 ceph-mon[28962]: from='mgr.14118 172.21.15.153:0/870689843' entity='mgr.smithi153.nyocep' cmd=[{"prefix": "osd metadata"}]: dispatch
2024-03-11T22:53:47.282 INFO:journalctl@ceph.mon.smithi153.smithi153.stdout:Mar 11 22:53:46 smithi153 ceph-mon[28962]: from='mgr.14118 172.21.15.153:0/870689843' entity='mgr.smithi153.nyocep' cmd=[{"prefix": "mon metadata"}]: dispatch
2024-03-11T22:53:47.282 INFO:journalctl@ceph.mon.smithi153.smithi153.stdout:Mar 11 22:53:46 smithi153 ceph-mon[28962]: Manager daemon smithi153.nyocep is now available
2024-03-11T22:53:47.282 INFO:journalctl@ceph.mon.smithi153.smithi153.stdout:Mar 11 22:53:46 smithi153 ceph-mon[28962]: from='mgr.14118 172.21.15.153:0/870689843' entity='mgr.smithi153.nyocep'
2024-03-11T22:53:47.282 INFO:journalctl@ceph.mon.smithi153.smithi153.stdout:Mar 11 22:53:46 smithi153 ceph-mon[28962]: from='mgr.14118 172.21.15.153:0/870689843' entity='mgr.smithi153.nyocep'
2024-03-11T22:53:47.282 INFO:journalctl@ceph.mon.smithi153.smithi153.stdout:Mar 11 22:53:46 smithi153 ceph-mon[28962]: from='mgr.14118 172.21.15.153:0/870689843' entity='mgr.smithi153.nyocep' cmd=[{"prefix": "config dump", "format": "json"}]: dispatch
2024-03-11T22:53:47.282 INFO:journalctl@ceph.mon.smithi153.smithi153.stdout:Mar 11 22:53:46 smithi153 ceph-mon[28962]: from='mgr.14118 172.21.15.153:0/870689843' entity='mgr.smithi153.nyocep' cmd=[{"prefix": "config dump", "format": "json"}]: dispatch
2024-03-11T22:53:47.282 INFO:journalctl@ceph.mon.smithi153.smithi153.stdout:Mar 11 22:53:46 smithi153 ceph-mon[28962]: from='mgr.14118 172.21.15.153:0/870689843' entity='mgr.smithi153.nyocep' cmd=[{"prefix": "config dump", "format": "json"}]: dispatch
2024-03-11T22:53:48.143 INFO:journalctl@ceph.mon.smithi153.smithi153.stdout:Mar 11 22:53:47 smithi153 ceph-mon[28962]: Found migration_current of "None". Setting to last migration.
2024-03-11T22:53:48.143 INFO:journalctl@ceph.mon.smithi153.smithi153.stdout:Mar 11 22:53:47 smithi153 ceph-mon[28962]: from='mgr.14118 172.21.15.153:0/870689843' entity='mgr.smithi153.nyocep' cmd=[{"prefix":"config rm","who":"mgr","name":"mgr/rbd_support/smithi153.nyocep/mirror_snapshot_schedule"}]: dispatch
2024-03-11T22:53:48.143 INFO:journalctl@ceph.mon.smithi153.smithi153.stdout:Mar 11 22:53:47 smithi153 ceph-mon[28962]: from='mgr.14118 172.21.15.153:0/870689843' entity='mgr.smithi153.nyocep' cmd=[{"prefix":"config rm","who":"mgr","name":"mgr/rbd_support/smithi153.nyocep/trash_purge_schedule"}]: dispatch
2024-03-11T22:53:48.144 INFO:journalctl@ceph.mon.smithi153.smithi153.stdout:Mar 11 22:53:47 smithi153 ceph-mon[28962]: mgrmap e7: smithi153.nyocep(active, since 1.00516s)
2024-03-11T22:53:48.596 INFO:teuthology.orchestra.run.smithi153.stdout:/usr/bin/ceph: stdout {
2024-03-11T22:53:48.596 INFO:teuthology.orchestra.run.smithi153.stdout:/usr/bin/ceph: stdout "mgrmap_epoch": 7,
2024-03-11T22:53:48.596 INFO:teuthology.orchestra.run.smithi153.stdout:/usr/bin/ceph: stdout "initialized": true
2024-03-11T22:53:48.596 INFO:teuthology.orchestra.run.smithi153.stdout:/usr/bin/ceph: stdout }
2024-03-11T22:53:48.596 INFO:teuthology.orchestra.run.smithi153.stdout:/usr/bin/ceph: stderr
2024-03-11T22:53:43.359+0000 7f670c673700 1 Processor -- start
2024-03-11T22:53:48.596 INFO:teuthology.orchestra.run.smithi153.stdout:/usr/bin/ceph: stderr
2024-03-11T22:53:43.359+0000 7f670c673700 1 -- start start
2024-03-11T22:53:48.596 INFO:teuthology.orchestra.run.smithi153.stdout:/usr/bin/ceph: stderr
2024-03-11T22:53:43.360+0000 7f670c673700 1 --2- >> [v2:172.21.15.153:3300/0,v1:172.21.15.153:6789/0] conn(0x7f6704102770 0x7f6704102b80 unknown :-1 s=NONE pgs=0 cs=0 l=0 rev1=0 crypto rx=0 tx=0 comp rx=0 tx=0).connect
2024-03-11T22:53:48.596 INFO:teuthology.orchestra.run.smithi153.stdout:/usr/bin/ceph: stderr
2024-03-11T22:53:43.360+0000 7f670c673700 1 -- --> [v2:172.21.15.153:3300/0,v1:172.21.15.153:6789/0] -- mon_getmap magic: 0 v1 -- 0x7f67041030c0 con 0x7f6704102770
2024-03-11T22:53:48.596 INFO:teuthology.orchestra.run.smithi153.stdout:/usr/bin/ceph: stderr
2024-03-11T22:53:43.360+0000 7f670a40f700 1 --2- >> [v2:172.21.15.153:3300/0,v1:172.21.15.153:6789/0] conn(0x7f6704102770 0x7f6704102b80 unknown :-1 s=BANNER_CONNECTING pgs=0 cs=0 l=0 rev1=0 crypto rx=0 tx=0 comp rx=0 tx=0)._handle_peer_banner_payload supported=3 required=0
2024-03-11T22:53:48.596 INFO:teuthology.orchestra.run.smithi153.stdout:/usr/bin/ceph: stderr
2024-03-11T22:53:43.360+0000 7f670a40f700 1 --2- >> [v2:172.21.15.153:3300/0,v1:172.21.15.153:6789/0] conn(0x7f6704102770 0x7f6704102b80 unknown :-1 s=HELLO_CONNECTING pgs=0 cs=0 l=0 rev1=1 crypto rx=0 tx=0 comp rx=0 tx=0).handle_hello peer v2:172.21.15.153:3300/0 says I am v2:172.21.15.153:51478/0 (socket says 172.21.15.153:51478)
2024-03-11T22:53:48.596 INFO:teuthology.orchestra.run.smithi153.stdout:/usr/bin/ceph: stderr
2024-03-11T22:53:43.360+0000 7f670a40f700 1 -- 172.21.15.153:0/3184330555 learned_addr learned my addr 172.21.15.153:0/3184330555 (peer_addr_for_me v2:172.21.15.153:0/0)
2024-03-11T22:53:48.597 INFO:teuthology.orchestra.run.smithi153.stdout:/usr/bin/ceph: stderr
2024-03-11T22:53:43.360+0000 7f670a40f700 1 -- 172.21.15.153:0/3184330555 --> [v2:172.21.15.153:3300/0,v1:172.21.15.153:6789/0] -- mon_subscribe({config=0+,monmap=0+}) v3 -- 0x7f6704103200 con 0x7f6704102770
2024-03-11T22:53:48.597 INFO:teuthology.orchestra.run.smithi153.stdout:/usr/bin/ceph: stderr
2024-03-11T22:53:43.360+0000 7f670a40f700 1 --2- 172.21.15.153:0/3184330555 >> [v2:172.21.15.153:3300/0,v1:172.21.15.153:6789/0] conn(0x7f6704102770 0x7f6704102b80 secure :-1 s=READY pgs=26 cs=0 l=1 rev1=1 crypto rx=0x7f67000098e0 tx=0x7f6700009250 comp rx=0 tx=0).ready entity=mon.0 client_cookie=5a61f5a341050f12 server_cookie=0 in_seq=0 out_seq=0
2024-03-11T22:53:48.597 INFO:teuthology.orchestra.run.smithi153.stdout:/usr/bin/ceph: stderr
2024-03-11T22:53:43.361+0000 7f670940d700 1 -- 172.21.15.153:0/3184330555 <== mon.0 v2:172.21.15.153:3300/0 1 ==== mon_map magic: 0 v1 ==== 229+0+0 (secure 0 0 0) 0x7f670000b860 con 0x7f6704102770
2024-03-11T22:53:48.597 INFO:teuthology.orchestra.run.smithi153.stdout:/usr/bin/ceph: stderr
2024-03-11T22:53:43.361+0000 7f670940d700 1 -- 172.21.15.153:0/3184330555 <== mon.0 v2:172.21.15.153:3300/0 2 ==== config(27 keys) v1 ==== 1044+0+0 (secure 0 0 0) 0x7f670000be50 con 0x7f6704102770
2024-03-11T22:53:48.597 INFO:teuthology.orchestra.run.smithi153.stdout:/usr/bin/ceph: stderr
2024-03-11T22:53:43.361+0000 7f670940d700 1 -- 172.21.15.153:0/3184330555 <== mon.0 v2:172.21.15.153:3300/0 3 ==== mon_map magic: 0 v1 ==== 229+0+0 (secure 0 0 0) 0x7f6700010380 con 0x7f6704102770
2024-03-11T22:53:48.597 INFO:teuthology.orchestra.run.smithi153.stdout:/usr/bin/ceph: stderr
2024-03-11T22:53:43.361+0000 7f670c673700 1 -- 172.21.15.153:0/3184330555 >> [v2:172.21.15.153:3300/0,v1:172.21.15.153:6789/0] conn(0x7f6704102770 msgr2=0x7f6704102b80 secure :-1 s=STATE_CONNECTION_ESTABLISHED l=1).mark_down
2024-03-11T22:53:48.597 INFO:teuthology.orchestra.run.smithi153.stdout:/usr/bin/ceph: stderr
2024-03-11T22:53:43.361+0000 7f670c673700 1 --2- 172.21.15.153:0/3184330555 >> [v2:172.21.15.153:3300/0,v1:172.21.15.153:6789/0] conn(0x7f6704102770 0x7f6704102b80 secure :-1 s=READY pgs=26 cs=0 l=1 rev1=1 crypto rx=0x7f67000098e0 tx=0x7f6700009250 comp rx=0 tx=0).stop
2024-03-11T22:53:48.597 INFO:teuthology.orchestra.run.smithi153.stdout:/usr/bin/ceph: stderr
2024-03-11T22:53:43.362+0000 7f670c673700 1 -- 172.21.15.153:0/3184330555 shutdown_connections
2024-03-11T22:53:48.597 INFO:teuthology.orchestra.run.smithi153.stdout:/usr/bin/ceph: stderr
2024-03-11T22:53:43.362+0000 7f670c673700 1 --2- 172.21.15.153:0/3184330555 >> [v2:172.21.15.153:3300/0,v1:172.21.15.153:6789/0] conn(0x7f6704102770 0x7f6704102b80 unknown :-1 s=CLOSED pgs=26 cs=0 l=1 rev1=1 crypto rx=0 tx=0 comp rx=0 tx=0).stop
2024-03-11T22:53:48.597 INFO:teuthology.orchestra.run.smithi153.stdout:/usr/bin/ceph: stderr
2024-03-11T22:53:43.362+0000 7f670c673700 1 -- 172.21.15.153:0/3184330555 >> 172.21.15.153:0/3184330555 conn(0x7f67040fded0 msgr2=0x7f6704100300 unknown :-1 s=STATE_NONE l=0).mark_down
2024-03-11T22:53:48.597 INFO:teuthology.orchestra.run.smithi153.stdout:/usr/bin/ceph: stderr
2024-03-11T22:53:43.362+0000 7f670c673700 1 -- 172.21.15.153:0/3184330555 shutdown_connections
2024-03-11T22:53:48.597 INFO:teuthology.orchestra.run.smithi153.stdout:/usr/bin/ceph: stderr
2024-03-11T22:53:43.362+0000 7f670c673700 1 -- 172.21.15.153:0/3184330555 wait complete.
2024-03-11T22:53:48.597 INFO:teuthology.orchestra.run.smithi153.stdout:/usr/bin/ceph: stderr
2024-03-11T22:53:43.362+0000 7f670c673700 1 Processor -- start
2024-03-11T22:53:48.597 INFO:teuthology.orchestra.run.smithi153.stdout:/usr/bin/ceph: stderr
2024-03-11T22:53:43.362+0000 7f670c673700 1 -- start start
2024-03-11T22:53:48.597 INFO:teuthology.orchestra.run.smithi153.stdout:/usr/bin/ceph: stderr
2024-03-11T22:53:43.362+0000 7f670c673700 1 --2- >> [v2:172.21.15.153:3300/0,v1:172.21.15.153:6789/0] conn(0x7f6704102770 0x7f6704111500 unknown :-1 s=NONE pgs=0 cs=0 l=1 rev1=0 crypto rx=0 tx=0 comp rx=0 tx=0).connect
2024-03-11T22:53:48.598 INFO:teuthology.orchestra.run.smithi153.stdout:/usr/bin/ceph: stderr
2024-03-11T22:53:43.362+0000 7f670c673700 1 -- --> [v2:172.21.15.153:3300/0,v1:172.21.15.153:6789/0] -- mon_getmap magic: 0 v1 -- 0x7f6704111a40 con 0x7f6704102770
2024-03-11T22:53:48.598 INFO:teuthology.orchestra.run.smithi153.stdout:/usr/bin/ceph: stderr
2024-03-11T22:53:43.362+0000 7f670a40f700 1 --2- >> [v2:172.21.15.153:3300/0,v1:172.21.15.153:6789/0] conn(0x7f6704102770 0x7f6704111500 unknown :-1 s=BANNER_CONNECTING pgs=0 cs=0 l=1 rev1=0 crypto rx=0 tx=0 comp rx=0 tx=0)._handle_peer_banner_payload supported=3 required=0
2024-03-11T22:53:48.598 INFO:teuthology.orchestra.run.smithi153.stdout:/usr/bin/ceph: stderr
2024-03-11T22:53:43.362+0000 7f670a40f700 1 --2- >> [v2:172.21.15.153:3300/0,v1:172.21.15.153:6789/0] conn(0x7f6704102770 0x7f6704111500 unknown :-1 s=HELLO_CONNECTING pgs=0 cs=0 l=1 rev1=1 crypto rx=0 tx=0 comp rx=0 tx=0).handle_hello peer v2:172.21.15.153:3300/0 says I am v2:172.21.15.153:51492/0 (socket says 172.21.15.153:51492)
2024-03-11T22:53:48.598 INFO:teuthology.orchestra.run.smithi153.stdout:/usr/bin/ceph: stderr
2024-03-11T22:53:43.362+0000 7f670a40f700 1 -- 172.21.15.153:0/1448704145 learned_addr learned my addr 172.21.15.153:0/1448704145 (peer_addr_for_me v2:172.21.15.153:0/0)
2024-03-11T22:53:48.598 INFO:teuthology.orchestra.run.smithi153.stdout:/usr/bin/ceph: stderr
2024-03-11T22:53:43.363+0000 7f670a40f700 1 -- 172.21.15.153:0/1448704145 --> [v2:172.21.15.153:3300/0,v1:172.21.15.153:6789/0] -- mon_subscribe({config=0+,monmap=0+}) v3 -- 0x7f67000094f0 con 0x7f6704102770
2024-03-11T22:53:48.598 INFO:teuthology.orchestra.run.smithi153.stdout:/usr/bin/ceph: stderr
2024-03-11T22:53:43.363+0000 7f670a40f700 1 --2- 172.21.15.153:0/1448704145 >> [v2:172.21.15.153:3300/0,v1:172.21.15.153:6789/0] conn(0x7f6704102770 0x7f6704111500 secure :-1 s=READY pgs=27 cs=0 l=1 rev1=1 crypto rx=0x7f670000b440 tx=0x7f6700009250 comp rx=0 tx=0).ready entity=mon.0 client_cookie=0 server_cookie=0 in_seq=0 out_seq=0
2024-03-11T22:53:48.598 INFO:teuthology.orchestra.run.smithi153.stdout:/usr/bin/ceph: stderr
2024-03-11T22:53:43.363+0000 7f66faffd700 1 -- 172.21.15.153:0/1448704145 <== mon.0 v2:172.21.15.153:3300/0 1 ==== mon_map magic: 0 v1 ==== 229+0+0 (secure 0 0 0) 0x7f67000107c0 con 0x7f6704102770
2024-03-11T22:53:48.598 INFO:teuthology.orchestra.run.smithi153.stdout:/usr/bin/ceph: stderr
2024-03-11T22:53:43.363+0000 7f66faffd700 1 -- 172.21.15.153:0/1448704145 <== mon.0 v2:172.21.15.153:3300/0 2 ==== config(27 keys) v1 ==== 1044+0+0 (secure 0 0 0) 0x7f6700010db0 con 0x7f6704102770
2024-03-11T22:53:48.598 INFO:teuthology.orchestra.run.smithi153.stdout:/usr/bin/ceph: stderr
2024-03-11T22:53:43.363+0000 7f66faffd700 1 -- 172.21.15.153:0/1448704145 <== mon.0 v2:172.21.15.153:3300/0 3 ==== mon_map magic: 0 v1 ==== 229+0+0 (secure 0 0 0) 0x7f670001ada0 con 0x7f6704102770
2024-03-11T22:53:48.598 INFO:teuthology.orchestra.run.smithi153.stdout:/usr/bin/ceph: stderr
2024-03-11T22:53:43.363+0000 7f670c673700 1 -- 172.21.15.153:0/1448704145 --> [v2:172.21.15.153:3300/0,v1:172.21.15.153:6789/0] -- mon_subscribe({mgrmap=0+}) v3 -- 0x7f6704111c40 con 0x7f6704102770
2024-03-11T22:53:48.598 INFO:teuthology.orchestra.run.smithi153.stdout:/usr/bin/ceph: stderr
2024-03-11T22:53:43.363+0000 7f670c673700 1 -- 172.21.15.153:0/1448704145 --> [v2:172.21.15.153:3300/0,v1:172.21.15.153:6789/0] -- mon_subscribe({osdmap=0}) v3 -- 0x7f67041128e0 con 0x7f6704102770
2024-03-11T22:53:48.598 INFO:teuthology.orchestra.run.smithi153.stdout:/usr/bin/ceph: stderr
2024-03-11T22:53:43.364+0000 7f66faffd700 1 -- 172.21.15.153:0/1448704145 <== mon.0 v2:172.21.15.153:3300/0 4 ==== mgrmap(e 5) v1 ==== 43368+0+0 (secure 0 0 0) 0x7f670002e440 con 0x7f6704102770
2024-03-11T22:53:48.598 INFO:teuthology.orchestra.run.smithi153.stdout:/usr/bin/ceph: stderr
2024-03-11T22:53:43.364+0000 7f66faffd700 1 --2- 172.21.15.153:0/1448704145 >> [v2:172.21.15.153:6800/2578439373,v1:172.21.15.153:6801/2578439373] conn(0x7f66f00367e0 0x7f66f0038c90 unknown :-1 s=NONE pgs=0 cs=0 l=1 rev1=0 crypto rx=0 tx=0 comp rx=0 tx=0).connect
2024-03-11T22:53:48.598 INFO:teuthology.orchestra.run.smithi153.stdout:/usr/bin/ceph: stderr
2024-03-11T22:53:43.364+0000 7f66faffd700 1 -- 172.21.15.153:0/1448704145 --> [v2:172.21.15.153:6800/2578439373,v1:172.21.15.153:6801/2578439373] -- command(tid 0: {"prefix": "get_command_descriptions"}) v1 -- 0x7f66f00393a0 con 0x7f66f00367e0
2024-03-11T22:53:48.599 INFO:teuthology.orchestra.run.smithi153.stdout:/usr/bin/ceph: stderr
2024-03-11T22:53:43.364+0000 7f66faffd700 1 -- 172.21.15.153:0/1448704145 <== mon.0 v2:172.21.15.153:3300/0 5 ==== osd_map(1..1 src has 1..1) v4 ==== 721+0+0 (secure 0 0 0) 0x7f670004ae60 con 0x7f6704102770
2024-03-11T22:53:48.599 INFO:teuthology.orchestra.run.smithi153.stdout:/usr/bin/ceph: stderr
2024-03-11T22:53:43.364+0000 7f6709c0e700 1 -- 172.21.15.153:0/1448704145 >> [v2:172.21.15.153:6800/2578439373,v1:172.21.15.153:6801/2578439373] conn(0x7f66f00367e0 msgr2=0x7f66f0038c90 unknown :-1 s=STATE_CONNECTING_RE l=1).process reconnect failed to v2:172.21.15.153:6800/2578439373
2024-03-11T22:53:48.599 INFO:teuthology.orchestra.run.smithi153.stdout:/usr/bin/ceph: stderr
2024-03-11T22:53:43.364+0000 7f6709c0e700 1 --2- 172.21.15.153:0/1448704145 >> [v2:172.21.15.153:6800/2578439373,v1:172.21.15.153:6801/2578439373] conn(0x7f66f00367e0 0x7f66f0038c90 unknown :-1 s=START_CONNECT pgs=0 cs=0 l=1 rev1=0 crypto rx=0 tx=0 comp rx=0 tx=0)._fault waiting 0.200000
2024-03-11T22:53:48.599 INFO:teuthology.orchestra.run.smithi153.stdout:/usr/bin/ceph: stderr
2024-03-11T22:53:43.565+0000 7f6709c0e700 1 -- 172.21.15.153:0/1448704145 >> [v2:172.21.15.153:6800/2578439373,v1:172.21.15.153:6801/2578439373] conn(0x7f66f00367e0 msgr2=0x7f66f0038c90 unknown :-1 s=STATE_CONNECTING_RE l=1).process reconnect failed to v2:172.21.15.153:6800/2578439373
2024-03-11T22:53:48.599 INFO:teuthology.orchestra.run.smithi153.stdout:/usr/bin/ceph: stderr
2024-03-11T22:53:43.565+0000 7f6709c0e700 1 --2- 172.21.15.153:0/1448704145 >> [v2:172.21.15.153:6800/2578439373,v1:172.21.15.153:6801/2578439373] conn(0x7f66f00367e0 0x7f66f0038c90 unknown :-1 s=START_CONNECT pgs=0 cs=0 l=1 rev1=0 crypto rx=0 tx=0 comp rx=0 tx=0)._fault waiting 0.400000
2024-03-11T22:53:48.599 INFO:teuthology.orchestra.run.smithi153.stdout:/usr/bin/ceph: stderr
2024-03-11T22:53:43.966+0000 7f6709c0e700 1 -- 172.21.15.153:0/1448704145 >> [v2:172.21.15.153:6800/2578439373,v1:172.21.15.153:6801/2578439373] conn(0x7f66f00367e0 msgr2=0x7f66f0038c90 unknown :-1 s=STATE_CONNECTING_RE l=1).process reconnect failed to v2:172.21.15.153:6800/2578439373
2024-03-11T22:53:48.599 INFO:teuthology.orchestra.run.smithi153.stdout:/usr/bin/ceph: stderr
2024-03-11T22:53:43.966+0000 7f6709c0e700 1 --2- 172.21.15.153:0/1448704145 >> [v2:172.21.15.153:6800/2578439373,v1:172.21.15.153:6801/2578439373] conn(0x7f66f00367e0 0x7f66f0038c90 unknown :-1 s=START_CONNECT pgs=0 cs=0 l=1 rev1=0 crypto rx=0 tx=0 comp rx=0 tx=0)._fault waiting 0.800000
2024-03-11T22:53:48.599 INFO:teuthology.orchestra.run.smithi153.stdout:/usr/bin/ceph: stderr
2024-03-11T22:53:44.767+0000 7f6709c0e700 1 -- 172.21.15.153:0/1448704145 >> [v2:172.21.15.153:6800/2578439373,v1:172.21.15.153:6801/2578439373] conn(0x7f66f00367e0 msgr2=0x7f66f0038c90 unknown :-1 s=STATE_CONNECTING_RE l=1).process reconnect failed to v2:172.21.15.153:6800/2578439373
2024-03-11T22:53:48.599 INFO:teuthology.orchestra.run.smithi153.stdout:/usr/bin/ceph: stderr
2024-03-11T22:53:44.767+0000 7f6709c0e700 1 --2- 172.21.15.153:0/1448704145 >> [v2:172.21.15.153:6800/2578439373,v1:172.21.15.153:6801/2578439373] conn(0x7f66f00367e0 0x7f66f0038c90 unknown :-1 s=START_CONNECT pgs=0 cs=0 l=1 rev1=0 crypto rx=0 tx=0 comp rx=0 tx=0)._fault waiting 1.600000
2024-03-11T22:53:48.599 INFO:teuthology.orchestra.run.smithi153.stdout:/usr/bin/ceph: stderr
2024-03-11T22:53:46.368+0000 7f6709c0e700 1 -- 172.21.15.153:0/1448704145 >> [v2:172.21.15.153:6800/2578439373,v1:172.21.15.153:6801/2578439373] conn(0x7f66f00367e0 msgr2=0x7f66f0038c90 unknown :-1 s=STATE_CONNECTING_RE l=1).process reconnect failed to v2:172.21.15.153:6800/2578439373
2024-03-11T22:53:48.599 INFO:teuthology.orchestra.run.smithi153.stdout:/usr/bin/ceph: stderr
2024-03-11T22:53:46.368+0000 7f6709c0e700 1 --2- 172.21.15.153:0/1448704145 >> [v2:172.21.15.153:6800/2578439373,v1:172.21.15.153:6801/2578439373] conn(0x7f66f00367e0 0x7f66f0038c90 unknown :-1 s=START_CONNECT pgs=0 cs=0 l=1 rev1=0 crypto rx=0 tx=0 comp rx=0 tx=0)._fault waiting 3.200000
2024-03-11T22:53:48.599 INFO:teuthology.orchestra.run.smithi153.stdout:/usr/bin/ceph: stderr
2024-03-11T22:53:46.837+0000 7f66faffd700 1 -- 172.21.15.153:0/1448704145 <== mon.0 v2:172.21.15.153:3300/0 6 ==== mgrmap(e 6) v1 ==== 43135+0+0 (secure 0 0 0) 0x7f670002ecf0 con 0x7f6704102770
2024-03-11T22:53:48.599 INFO:teuthology.orchestra.run.smithi153.stdout:/usr/bin/ceph: stderr
2024-03-11T22:53:46.837+0000 7f66faffd700 1 -- 172.21.15.153:0/1448704145 >> [v2:172.21.15.153:6800/2578439373,v1:172.21.15.153:6801/2578439373] conn(0x7f66f00367e0 msgr2=0x7f66f0038c90 unknown :-1 s=STATE_CONNECTING l=1).mark_down
2024-03-11T22:53:48.599 INFO:teuthology.orchestra.run.smithi153.stdout:/usr/bin/ceph: stderr
2024-03-11T22:53:46.837+0000 7f66faffd700 1 --2- 172.21.15.153:0/1448704145 >> [v2:172.21.15.153:6800/2578439373,v1:172.21.15.153:6801/2578439373] conn(0x7f66f00367e0 0x7f66f0038c90 unknown :-1 s=START_CONNECT pgs=0 cs=0 l=1 rev1=0 crypto rx=0 tx=0 comp rx=0 tx=0).stop
2024-03-11T22:53:48.600 INFO:teuthology.orchestra.run.smithi153.stdout:/usr/bin/ceph: stderr
2024-03-11T22:53:47.837+0000 7f66faffd700 1 -- 172.21.15.153:0/1448704145 <== mon.0 v2:172.21.15.153:3300/0 7 ==== mgrmap(e 7) v1 ==== 43262+0+0 (secure 0 0 0) 0x7f670004c880 con 0x7f6704102770
2024-03-11T22:53:48.600 INFO:teuthology.orchestra.run.smithi153.stdout:/usr/bin/ceph: stderr
2024-03-11T22:53:47.838+0000 7f66faffd700 1 --2- 172.21.15.153:0/1448704145 >> [v2:172.21.15.153:6800/1518383615,v1:172.21.15.153:6801/1518383615] conn(0x7f66f0039fc0 0x7f66f003c3a0 unknown :-1 s=NONE pgs=0 cs=0 l=1 rev1=0 crypto rx=0 tx=0 comp rx=0 tx=0).connect
2024-03-11T22:53:48.600 INFO:teuthology.orchestra.run.smithi153.stdout:/usr/bin/ceph: stderr
2024-03-11T22:53:47.838+0000 7f66faffd700 1 -- 172.21.15.153:0/1448704145 --> [v2:172.21.15.153:6800/1518383615,v1:172.21.15.153:6801/1518383615] -- command(tid 0: {"prefix": "get_command_descriptions"}) v1 -- 0x7f66f00393a0 con 0x7f66f0039fc0
2024-03-11T22:53:48.600 INFO:teuthology.orchestra.run.smithi153.stdout:/usr/bin/ceph: stderr
2024-03-11T22:53:47.838+0000 7f6709c0e700 1 --2- 172.21.15.153:0/1448704145 >> [v2:172.21.15.153:6800/1518383615,v1:172.21.15.153:6801/1518383615] conn(0x7f66f0039fc0 0x7f66f003c3a0 unknown :-1 s=BANNER_CONNECTING pgs=0 cs=0 l=1 rev1=0 crypto rx=0 tx=0 comp rx=0 tx=0)._handle_peer_banner_payload supported=3 required=0
2024-03-11T22:53:48.600 INFO:teuthology.orchestra.run.smithi153.stdout:/usr/bin/ceph: stderr
2024-03-11T22:53:47.839+0000 7f6709c0e700 1 --2- 172.21.15.153:0/1448704145 >> [v2:172.21.15.153:6800/1518383615,v1:172.21.15.153:6801/1518383615] conn(0x7f66f0039fc0 0x7f66f003c3a0 secure :-1 s=READY pgs=2 cs=0 l=1 rev1=1 crypto rx=0x7f66f40039d0 tx=0x7f66f4009350 comp rx=0 tx=0).ready entity=mgr.14118 client_cookie=0 server_cookie=0 in_seq=0 out_seq=0
2024-03-11T22:53:48.600 INFO:teuthology.orchestra.run.smithi153.stdout:/usr/bin/ceph: stderr
2024-03-11T22:53:47.839+0000 7f66faffd700 1 -- 172.21.15.153:0/1448704145 <== mgr.14118 v2:172.21.15.153:6800/1518383615 1 ==== command_reply(tid 0: 0 ) v1 ==== 8+0+6549 (secure 0 0 0) 0x7f66f00393a0 con 0x7f66f0039fc0
2024-03-11T22:53:48.600 INFO:teuthology.orchestra.run.smithi153.stdout:/usr/bin/ceph: stderr
2024-03-11T22:53:47.845+0000 7f670c673700 1 -- 172.21.15.153:0/1448704145 --> [v2:172.21.15.153:6800/1518383615,v1:172.21.15.153:6801/1518383615] -- command(tid 1: {"prefix": "mgr_status"}) v1 -- 0x7f67041120d0 con 0x7f66f0039fc0
2024-03-11T22:53:48.600 INFO:teuthology.orchestra.run.smithi153.stdout:/usr/bin/ceph: stderr
2024-03-11T22:53:47.845+0000 7f66faffd700 1 -- 172.21.15.153:0/1448704145 <== mgr.14118 v2:172.21.15.153:6800/1518383615 2 ==== command_reply(tid 1: 0 ) v1 ==== 8+0+51 (secure 0 0 0) 0x7f67041120d0 con 0x7f66f0039fc0
2024-03-11T22:53:48.600 INFO:teuthology.orchestra.run.smithi153.stdout:/usr/bin/ceph: stderr
2024-03-11T22:53:47.846+0000 7f670c673700 1 -- 172.21.15.153:0/1448704145 >> [v2:172.21.15.153:6800/1518383615,v1:172.21.15.153:6801/1518383615] conn(0x7f66f0039fc0 msgr2=0x7f66f003c3a0 secure :-1 s=STATE_CONNECTION_ESTABLISHED l=1).mark_down
2024-03-11T22:53:48.600 INFO:teuthology.orchestra.run.smithi153.stdout:/usr/bin/ceph: stderr
2024-03-11T22:53:47.846+0000 7f670c673700 1 --2- 172.21.15.153:0/1448704145 >> [v2:172.21.15.153:6800/1518383615,v1:172.21.15.153:6801/1518383615] conn(0x7f66f0039fc0 0x7f66f003c3a0 secure :-1 s=READY pgs=2 cs=0 l=1 rev1=1 crypto rx=0x7f66f40039d0 tx=0x7f66f4009350 comp rx=0 tx=0).stop
2024-03-11T22:53:48.600 INFO:teuthology.orchestra.run.smithi153.stdout:/usr/bin/ceph: stderr
2024-03-11T22:53:47.846+0000 7f670c673700 1 -- 172.21.15.153:0/1448704145 >> [v2:172.21.15.153:3300/0,v1:172.21.15.153:6789/0] conn(0x7f6704102770 msgr2=0x7f6704111500 secure :-1 s=STATE_CONNECTION_ESTABLISHED l=1).mark_down
2024-03-11T22:53:48.600 INFO:teuthology.orchestra.run.smithi153.stdout:/usr/bin/ceph: stderr
2024-03-11T22:53:47.846+0000 7f670c673700 1 --2- 172.21.15.153:0/1448704145 >> [v2:172.21.15.153:3300/0,v1:172.21.15.153:6789/0] conn(0x7f6704102770 0x7f6704111500 secure :-1 s=READY pgs=27 cs=0 l=1 rev1=1 crypto rx=0x7f670000b440 tx=0x7f6700009250 comp rx=0 tx=0).stop
2024-03-11T22:53:48.600 INFO:teuthology.orchestra.run.smithi153.stdout:/usr/bin/ceph: stderr
2024-03-11T22:53:47.846+0000 7f670c673700 1 -- 172.21.15.153:0/1448704145 shutdown_connections
2024-03-11T22:53:48.600 INFO:teuthology.orchestra.run.smithi153.stdout:/usr/bin/ceph: stderr
2024-03-11T22:53:47.846+0000 7f670c673700 1 --2- 172.21.15.153:0/1448704145 >> [v2:172.21.15.153:6800/1518383615,v1:172.21.15.153:6801/1518383615] conn(0x7f66f0039fc0 0x7f66f003c3a0 unknown :-1 s=CLOSED pgs=2 cs=0 l=1 rev1=1 crypto rx=0 tx=0 comp rx=0 tx=0).stop
2024-03-11T22:53:48.600 INFO:teuthology.orchestra.run.smithi153.stdout:/usr/bin/ceph: stderr
2024-03-11T22:53:47.846+0000 7f670c673700 1 --2- 172.21.15.153:0/1448704145 >> [v2:172.21.15.153:3300/0,v1:172.21.15.153:6789/0] conn(0x7f6704102770 0x7f6704111500 unknown :-1 s=CLOSED pgs=27 cs=0 l=1 rev1=1 crypto rx=0 tx=0 comp rx=0 tx=0).stop
2024-03-11T22:53:48.601 INFO:teuthology.orchestra.run.smithi153.stdout:/usr/bin/ceph: stderr
2024-03-11T22:53:47.846+0000 7f670c673700 1 --2- 172.21.15.153:0/1448704145 >> [v2:172.21.15.153:6800/2578439373,v1:172.21.15.153:6801/2578439373] conn(0x7f66f00367e0 0x7f66f0038c90 unknown :-1 s=CLOSED pgs=0 cs=0 l=1 rev1=0 crypto rx=0 tx=0 comp rx=0 tx=0).stop
2024-03-11T22:53:48.601 INFO:teuthology.orchestra.run.smithi153.stdout:/usr/bin/ceph: stderr
2024-03-11T22:53:47.846+0000 7f670c673700 1 -- 172.21.15.153:0/1448704145 >> 172.21.15.153:0/1448704145 conn(0x7f67040fded0 msgr2=0x7f67040fec70 unknown :-1 s=STATE_NONE l=0).mark_down
2024-03-11T22:53:48.601 INFO:teuthology.orchestra.run.smithi153.stdout:/usr/bin/ceph: stderr
2024-03-11T22:53:47.846+0000 7f670c673700 1 -- 172.21.15.153:0/1448704145 shutdown_connections
2024-03-11T22:53:48.601 INFO:teuthology.orchestra.run.smithi153.stdout:/usr/bin/ceph: stderr
2024-03-11T22:53:47.846+0000 7f670c673700 1 -- 172.21.15.153:0/1448704145 wait complete.
2024-03-11T22:53:48.601 INFO:teuthology.orchestra.run.smithi153.stdout:mgr epoch 5 is available
2024-03-11T22:53:48.601 INFO:teuthology.orchestra.run.smithi153.stdout:Setting orchestrator backend to cephadm...
2024-03-11T22:53:49.183 INFO:journalctl@ceph.mon.smithi153.smithi153.stdout:Mar 11 22:53:48 smithi153 ceph-mon[28962]: from='client.14122 -' entity='client.admin' cmd=[{"prefix": "get_command_descriptions"}]: dispatch
2024-03-11T22:53:49.184 INFO:journalctl@ceph.mon.smithi153.smithi153.stdout:Mar 11 22:53:48 smithi153 ceph-mon[28962]: from='client.14122 -' entity='client.admin' cmd=[{"prefix": "mgr_status"}]: dispatch
2024-03-11T22:53:49.184 INFO:journalctl@ceph.mon.smithi153.smithi153.stdout:Mar 11 22:53:48 smithi153 ceph-mon[28962]: from='mgr.14118 172.21.15.153:0/870689843' entity='mgr.smithi153.nyocep'
2024-03-11T22:53:49.184 INFO:journalctl@ceph.mon.smithi153.smithi153.stdout:Mar 11 22:53:48 smithi153 ceph-mon[28962]: from='mgr.14118 172.21.15.153:0/870689843' entity='mgr.smithi153.nyocep' cmd=[{"prefix": "config dump", "format": "json"}]: dispatch
2024-03-11T22:53:49.734 INFO:teuthology.orchestra.run.smithi153.stdout:/usr/bin/ceph: stderr
2024-03-11T22:53:48.972+0000 7f18c048e700 1 Processor -- start
2024-03-11T22:53:49.734 INFO:teuthology.orchestra.run.smithi153.stdout:/usr/bin/ceph: stderr
2024-03-11T22:53:48.973+0000 7f18c048e700 1 -- start start
2024-03-11T22:53:49.735 INFO:teuthology.orchestra.run.smithi153.stdout:/usr/bin/ceph: stderr
2024-03-11T22:53:48.973+0000 7f18c048e700 1 --2- >> [v2:172.21.15.153:3300/0,v1:172.21.15.153:6789/0] conn(0x7f18b8102770 0x7f18b8102b80 unknown :-1 s=NONE pgs=0 cs=0 l=0 rev1=0 crypto rx=0 tx=0 comp rx=0 tx=0).connect
2024-03-11T22:53:49.735 INFO:teuthology.orchestra.run.smithi153.stdout:/usr/bin/ceph: stderr
2024-03-11T22:53:48.973+0000 7f18c048e700 1 -- --> [v2:172.21.15.153:3300/0,v1:172.21.15.153:6789/0] -- mon_getmap magic: 0 v1 -- 0x7f18b81030c0 con 0x7f18b8102770
2024-03-11T22:53:49.735 INFO:teuthology.orchestra.run.smithi153.stdout:/usr/bin/ceph: stderr
2024-03-11T22:53:48.973+0000 7f18be22a700 1 --2- >> [v2:172.21.15.153:3300/0,v1:172.21.15.153:6789/0] conn(0x7f18b8102770 0x7f18b8102b80 unknown :-1 s=BANNER_CONNECTING pgs=0 cs=0 l=0 rev1=0 crypto rx=0 tx=0 comp rx=0 tx=0)._handle_peer_banner_payload supported=3 required=0
2024-03-11T22:53:49.735 INFO:teuthology.orchestra.run.smithi153.stdout:/usr/bin/ceph: stderr
2024-03-11T22:53:48.973+0000 7f18be22a700 1 --2- >> [v2:172.21.15.153:3300/0,v1:172.21.15.153:6789/0] conn(0x7f18b8102770 0x7f18b8102b80 unknown :-1 s=HELLO_CONNECTING pgs=0 cs=0 l=0 rev1=1 crypto rx=0 tx=0 comp rx=0 tx=0).handle_hello peer v2:172.21.15.153:3300/0 says I am v2:172.21.15.153:51564/0 (socket says 172.21.15.153:51564)
2024-03-11T22:53:49.735 INFO:teuthology.orchestra.run.smithi153.stdout:/usr/bin/ceph: stderr
2024-03-11T22:53:48.973+0000 7f18be22a700 1 -- 172.21.15.153:0/160617965 learned_addr learned my addr 172.21.15.153:0/160617965 (peer_addr_for_me v2:172.21.15.153:0/0)
2024-03-11T22:53:49.735 INFO:teuthology.orchestra.run.smithi153.stdout:/usr/bin/ceph: stderr
2024-03-11T22:53:48.973+0000 7f18be22a700 1 -- 172.21.15.153:0/160617965 --> [v2:172.21.15.153:3300/0,v1:172.21.15.153:6789/0] -- mon_subscribe({config=0+,monmap=0+}) v3 -- 0x7f18b8103200 con 0x7f18b8102770
2024-03-11T22:53:49.735 INFO:teuthology.orchestra.run.smithi153.stdout:/usr/bin/ceph: stderr
2024-03-11T22:53:48.973+0000 7f18be22a700 1 --2- 172.21.15.153:0/160617965 >> [v2:172.21.15.153:3300/0,v1:172.21.15.153:6789/0] conn(0x7f18b8102770 0x7f18b8102b80 secure :-1 s=READY pgs=35 cs=0 l=1 rev1=1 crypto rx=0x7f18b40098e0 tx=0x7f18b4009250 comp rx=0 tx=0).ready entity=mon.0 client_cookie=63ff2d51fbf5be85 server_cookie=0 in_seq=0 out_seq=0
2024-03-11T22:53:49.735 INFO:teuthology.orchestra.run.smithi153.stdout:/usr/bin/ceph: stderr
2024-03-11T22:53:48.974+0000 7f18bd228700 1 -- 172.21.15.153:0/160617965 <== mon.0 v2:172.21.15.153:3300/0 1 ==== mon_map magic: 0 v1 ==== 229+0+0 (secure 0 0 0) 0x7f18b400b860 con 0x7f18b8102770
2024-03-11T22:53:49.735 INFO:teuthology.orchestra.run.smithi153.stdout:/usr/bin/ceph: stderr
2024-03-11T22:53:48.974+0000 7f18bd228700 1 -- 172.21.15.153:0/160617965 <== mon.0 v2:172.21.15.153:3300/0 2 ==== config(27 keys) v1 ==== 1044+0+0 (secure 0 0 0) 0x7f18b400be50 con 0x7f18b8102770
2024-03-11T22:53:49.735 INFO:teuthology.orchestra.run.smithi153.stdout:/usr/bin/ceph: stderr
2024-03-11T22:53:48.974+0000 7f18bd228700 1 -- 172.21.15.153:0/160617965 <== mon.0 v2:172.21.15.153:3300/0 3 ==== mon_map magic: 0 v1 ==== 229+0+0 (secure 0 0 0) 0x7f18b4010380 con 0x7f18b8102770
2024-03-11T22:53:49.735 INFO:teuthology.orchestra.run.smithi153.stdout:/usr/bin/ceph: stderr
2024-03-11T22:53:48.974+0000 7f18c048e700 1 -- 172.21.15.153:0/160617965 >> [v2:172.21.15.153:3300/0,v1:172.21.15.153:6789/0] conn(0x7f18b8102770 msgr2=0x7f18b8102b80 secure :-1 s=STATE_CONNECTION_ESTABLISHED l=1).mark_down
2024-03-11T22:53:49.735 INFO:teuthology.orchestra.run.smithi153.stdout:/usr/bin/ceph: stderr
2024-03-11T22:53:48.974+0000 7f18c048e700 1 --2- 172.21.15.153:0/160617965 >> [v2:172.21.15.153:3300/0,v1:172.21.15.153:6789/0] conn(0x7f18b8102770 0x7f18b8102b80 secure :-1 s=READY pgs=35 cs=0 l=1 rev1=1 crypto rx=0x7f18b40098e0 tx=0x7f18b4009250 comp rx=0 tx=0).stop
2024-03-11T22:53:49.735 INFO:teuthology.orchestra.run.smithi153.stdout:/usr/bin/ceph: stderr
2024-03-11T22:53:48.974+0000 7f18c048e700 1 -- 172.21.15.153:0/160617965 shutdown_connections
2024-03-11T22:53:49.736 INFO:teuthology.orchestra.run.smithi153.stdout:/usr/bin/ceph: stderr
2024-03-11T22:53:48.974+0000 7f18c048e700 1 --2- 172.21.15.153:0/160617965 >> [v2:172.21.15.153:3300/0,v1:172.21.15.153:6789/0] conn(0x7f18b8102770 0x7f18b8102b80 unknown :-1 s=CLOSED pgs=35 cs=0 l=1 rev1=1 crypto rx=0 tx=0 comp rx=0 tx=0).stop
2024-03-11T22:53:49.736 INFO:teuthology.orchestra.run.smithi153.stdout:/usr/bin/ceph: stderr
2024-03-11T22:53:48.974+0000 7f18c048e700 1 -- 172.21.15.153:0/160617965 >> 172.21.15.153:0/160617965 conn(0x7f18b80fded0 msgr2=0x7f18b8100300 unknown :-1 s=STATE_NONE l=0).mark_down
2024-03-11T22:53:49.736 INFO:teuthology.orchestra.run.smithi153.stdout:/usr/bin/ceph: stderr
2024-03-11T22:53:48.974+0000 7f18c048e700 1 -- 172.21.15.153:0/160617965 shutdown_connections
2024-03-11T22:53:49.736 INFO:teuthology.orchestra.run.smithi153.stdout:/usr/bin/ceph: stderr
2024-03-11T22:53:48.974+0000 7f18c048e700 1 -- 172.21.15.153:0/160617965 wait complete.
2024-03-11T22:53:49.736 INFO:teuthology.orchestra.run.smithi153.stdout:/usr/bin/ceph: stderr
2024-03-11T22:53:48.975+0000 7f18c048e700 1 Processor -- start
2024-03-11T22:53:49.736 INFO:teuthology.orchestra.run.smithi153.stdout:/usr/bin/ceph: stderr
2024-03-11T22:53:48.975+0000 7f18c048e700 1 -- start start
2024-03-11T22:53:49.736 INFO:teuthology.orchestra.run.smithi153.stdout:/usr/bin/ceph: stderr
2024-03-11T22:53:48.975+0000 7f18c048e700 1 --2- >> [v2:172.21.15.153:3300/0,v1:172.21.15.153:6789/0] conn(0x7f18b8102770 0x7f18b8111590 unknown :-1 s=NONE pgs=0 cs=0 l=1 rev1=0 crypto rx=0 tx=0 comp rx=0 tx=0).connect
2024-03-11T22:53:49.736 INFO:teuthology.orchestra.run.smithi153.stdout:/usr/bin/ceph: stderr
2024-03-11T22:53:48.975+0000 7f18c048e700 1 -- --> [v2:172.21.15.153:3300/0,v1:172.21.15.153:6789/0] -- mon_getmap magic: 0 v1 -- 0x7f18b8111ad0 con 0x7f18b8102770
2024-03-11T22:53:49.736 INFO:teuthology.orchestra.run.smithi153.stdout:/usr/bin/ceph: stderr
2024-03-11T22:53:48.975+0000 7f18be22a700 1 --2- >> [v2:172.21.15.153:3300/0,v1:172.21.15.153:6789/0] conn(0x7f18b8102770 0x7f18b8111590 unknown :-1 s=BANNER_CONNECTING pgs=0 cs=0 l=1 rev1=0 crypto rx=0 tx=0 comp rx=0 tx=0)._handle_peer_banner_payload supported=3 required=0
2024-03-11T22:53:49.736 INFO:teuthology.orchestra.run.smithi153.stdout:/usr/bin/ceph: stderr
2024-03-11T22:53:48.975+0000 7f18be22a700 1 --2- >> [v2:172.21.15.153:3300/0,v1:172.21.15.153:6789/0] conn(0x7f18b8102770 0x7f18b8111590 unknown :-1 s=HELLO_CONNECTING pgs=0 cs=0 l=1 rev1=1 crypto rx=0 tx=0 comp rx=0 tx=0).handle_hello peer v2:172.21.15.153:3300/0 says I am v2:172.21.15.153:51566/0 (socket says 172.21.15.153:51566)
2024-03-11T22:53:49.736 INFO:teuthology.orchestra.run.smithi153.stdout:/usr/bin/ceph: stderr
2024-03-11T22:53:48.975+0000 7f18be22a700 1 -- 172.21.15.153:0/3614053768 learned_addr learned my addr 172.21.15.153:0/3614053768 (peer_addr_for_me v2:172.21.15.153:0/0)
2024-03-11T22:53:49.736 INFO:teuthology.orchestra.run.smithi153.stdout:/usr/bin/ceph: stderr
2024-03-11T22:53:48.975+0000 7f18be22a700 1 -- 172.21.15.153:0/3614053768 --> [v2:172.21.15.153:3300/0,v1:172.21.15.153:6789/0] -- mon_subscribe({config=0+,monmap=0+}) v3 -- 0x7f18b40094f0 con 0x7f18b8102770
2024-03-11T22:53:49.736 INFO:teuthology.orchestra.run.smithi153.stdout:/usr/bin/ceph: stderr
2024-03-11T22:53:48.975+0000 7f18be22a700 1 --2- 172.21.15.153:0/3614053768 >> [v2:172.21.15.153:3300/0,v1:172.21.15.153:6789/0] conn(0x7f18b8102770 0x7f18b8111590 secure :-1 s=READY pgs=36 cs=0 l=1 rev1=1 crypto rx=0x7f18b400b440 tx=0x7f18b4009250 comp rx=0 tx=0).ready entity=mon.0 client_cookie=0 server_cookie=0 in_seq=0 out_seq=0
2024-03-11T22:53:49.736 INFO:teuthology.orchestra.run.smithi153.stdout:/usr/bin/ceph: stderr
2024-03-11T22:53:48.976+0000 7f18aeffd700 1 -- 172.21.15.153:0/3614053768 <== mon.0 v2:172.21.15.153:3300/0 1 ==== mon_map magic: 0 v1 ==== 229+0+0 (secure 0 0 0) 0x7f18b4010760 con 0x7f18b8102770
2024-03-11T22:53:49.736 INFO:teuthology.orchestra.run.smithi153.stdout:/usr/bin/ceph: stderr
2024-03-11T22:53:48.976+0000 7f18c048e700 1 -- 172.21.15.153:0/3614053768 --> [v2:172.21.15.153:3300/0,v1:172.21.15.153:6789/0] -- mon_subscribe({mgrmap=0+}) v3 -- 0x7f18b8111cd0 con 0x7f18b8102770
2024-03-11T22:53:49.737 INFO:teuthology.orchestra.run.smithi153.stdout:/usr/bin/ceph: stderr
2024-03-11T22:53:48.976+0000 7f18aeffd700 1 -- 172.21.15.153:0/3614053768 <== mon.0 v2:172.21.15.153:3300/0 2 ==== config(27 keys) v1 ==== 1044+0+0 (secure 0 0 0) 0x7f18b4010d50 con 0x7f18b8102770
2024-03-11T22:53:49.737 INFO:teuthology.orchestra.run.smithi153.stdout:/usr/bin/ceph: stderr
2024-03-11T22:53:48.976+0000 7f18aeffd700 1 -- 172.21.15.153:0/3614053768 <== mon.0 v2:172.21.15.153:3300/0 3 ==== mon_map magic: 0 v1 ==== 229+0+0 (secure 0 0 0) 0x7f18b401ae20 con 0x7f18b8102770
2024-03-11T22:53:49.737 INFO:teuthology.orchestra.run.smithi153.stdout:/usr/bin/ceph: stderr
2024-03-11T22:53:48.976+0000 7f18c048e700 1 -- 172.21.15.153:0/3614053768 --> [v2:172.21.15.153:3300/0,v1:172.21.15.153:6789/0] -- mon_subscribe({osdmap=0}) v3 -- 0x7f18b8112970 con 0x7f18b8102770
2024-03-11T22:53:49.737 INFO:teuthology.orchestra.run.smithi153.stdout:/usr/bin/ceph: stderr
2024-03-11T22:53:48.976+0000 7f18aeffd700 1 -- 172.21.15.153:0/3614053768 <== mon.0 v2:172.21.15.153:3300/0 4 ==== mgrmap(e 7) v1 ==== 43262+0+0 (secure 0 0 0) 0x7f18b402e440 con 0x7f18b8102770
2024-03-11T22:53:49.737 INFO:teuthology.orchestra.run.smithi153.stdout:/usr/bin/ceph: stderr
2024-03-11T22:53:48.977+0000 7f18aeffd700 1 --2- 172.21.15.153:0/3614053768 >> [v2:172.21.15.153:6800/1518383615,v1:172.21.15.153:6801/1518383615] conn(0x7f18a4036660 0x7f18a4038b10 unknown :-1 s=NONE pgs=0 cs=0 l=1 rev1=0 crypto rx=0 tx=0 comp rx=0 tx=0).connect
2024-03-11T22:53:49.737 INFO:teuthology.orchestra.run.smithi153.stdout:/usr/bin/ceph: stderr
2024-03-11T22:53:48.977+0000 7f18aeffd700 1 -- 172.21.15.153:0/3614053768 <== mon.0 v2:172.21.15.153:3300/0 5 ==== osd_map(2..2 src has 1..2) v4 ==== 936+0+0 (secure 0 0 0) 0x7f18b404a430 con 0x7f18b8102770
2024-03-11T22:53:49.737 INFO:teuthology.orchestra.run.smithi153.stdout:/usr/bin/ceph: stderr
2024-03-11T22:53:48.977+0000 7f18c048e700 1 -- 172.21.15.153:0/3614053768 --> [v2:172.21.15.153:3300/0,v1:172.21.15.153:6789/0] -- mon_command({"prefix": "get_command_descriptions"} v 0) v1 -- 0x7f18b805f5c0 con 0x7f18b8102770
2024-03-11T22:53:49.737 INFO:teuthology.orchestra.run.smithi153.stdout:/usr/bin/ceph: stderr
2024-03-11T22:53:48.977+0000 7f18bda29700 1 --2- 172.21.15.153:0/3614053768 >> [v2:172.21.15.153:6800/1518383615,v1:172.21.15.153:6801/1518383615] conn(0x7f18a4036660 0x7f18a4038b10 unknown :-1 s=BANNER_CONNECTING pgs=0 cs=0 l=1 rev1=0 crypto rx=0 tx=0 comp rx=0 tx=0)._handle_peer_banner_payload supported=3 required=0
2024-03-11T22:53:49.737 INFO:teuthology.orchestra.run.smithi153.stdout:/usr/bin/ceph: stderr
2024-03-11T22:53:48.977+0000 7f18bda29700 1 --2- 172.21.15.153:0/3614053768 >> [v2:172.21.15.153:6800/1518383615,v1:172.21.15.153:6801/1518383615] conn(0x7f18a4036660 0x7f18a4038b10 secure :-1 s=READY pgs=7 cs=0 l=1 rev1=1 crypto rx=0x7f18a8009990 tx=0x7f18a8006e40 comp rx=0 tx=0).ready entity=mgr.14118 client_cookie=0 server_cookie=0 in_seq=0 out_seq=0
2024-03-11T22:53:49.737 INFO:teuthology.orchestra.run.smithi153.stdout:/usr/bin/ceph: stderr
2024-03-11T22:53:48.982+0000 7f18aeffd700 1 -- 172.21.15.153:0/3614053768 <== mon.0 v2:172.21.15.153:3300/0 6 ==== mon_command_ack([{"prefix": "get_command_descriptions"}]=0 v0) v1 ==== 72+0+175366 (secure 0 0 0) 0x7f18b4018940 con 0x7f18b8102770
2024-03-11T22:53:49.737 INFO:teuthology.orchestra.run.smithi153.stdout:/usr/bin/ceph: stderr
2024-03-11T22:53:49.178+0000 7f18c048e700 1 -- 172.21.15.153:0/3614053768 --> [v2:172.21.15.153:6800/1518383615,v1:172.21.15.153:6801/1518383615] -- mgr_command(tid 0: {"prefix": "orch set backend", "module_name": "cephadm", "target": ["mon-mgr", ""]}) v1 -- 0x7f18b81001b0 con 0x7f18a4036660
2024-03-11T22:53:49.737 INFO:teuthology.orchestra.run.smithi153.stdout:/usr/bin/ceph: stderr
2024-03-11T22:53:49.184+0000 7f18aeffd700 1 -- 172.21.15.153:0/3614053768 <== mgr.14118 v2:172.21.15.153:6800/1518383615 1 ==== mgr_command_reply(tid 0: 0 ) v1 ==== 8+0+0 (secure 0 0 0) 0x7f18b81001b0 con 0x7f18a4036660
2024-03-11T22:53:49.737 INFO:teuthology.orchestra.run.smithi153.stdout:/usr/bin/ceph: stderr
2024-03-11T22:53:49.187+0000 7f18c048e700 1 -- 172.21.15.153:0/3614053768 >> [v2:172.21.15.153:6800/1518383615,v1:172.21.15.153:6801/1518383615] conn(0x7f18a4036660 msgr2=0x7f18a4038b10 secure :-1 s=STATE_CONNECTION_ESTABLISHED l=1).mark_down
2024-03-11T22:53:49.737 INFO:teuthology.orchestra.run.smithi153.stdout:/usr/bin/ceph: stderr
2024-03-11T22:53:49.187+0000 7f18c048e700 1 --2- 172.21.15.153:0/3614053768 >> [v2:172.21.15.153:6800/1518383615,v1:172.21.15.153:6801/1518383615] conn(0x7f18a4036660 0x7f18a4038b10 secure :-1 s=READY pgs=7 cs=0 l=1 rev1=1 crypto rx=0x7f18a8009990 tx=0x7f18a8006e40 comp rx=0 tx=0).stop
2024-03-11T22:53:49.737 INFO:teuthology.orchestra.run.smithi153.stdout:/usr/bin/ceph: stderr
2024-03-11T22:53:49.187+0000 7f18c048e700 1 -- 172.21.15.153:0/3614053768 >> [v2:172.21.15.153:3300/0,v1:172.21.15.153:6789/0] conn(0x7f18b8102770 msgr2=0x7f18b8111590 secure :-1 s=STATE_CONNECTION_ESTABLISHED l=1).mark_down
2024-03-11T22:53:49.738 INFO:teuthology.orchestra.run.smithi153.stdout:/usr/bin/ceph: stderr
2024-03-11T22:53:49.187+0000 7f18c048e700 1 --2- 172.21.15.153:0/3614053768 >> [v2:172.21.15.153:3300/0,v1:172.21.15.153:6789/0] conn(0x7f18b8102770 0x7f18b8111590 secure :-1 s=READY pgs=36 cs=0 l=1 rev1=1 crypto rx=0x7f18b400b440 tx=0x7f18b4009250 comp rx=0 tx=0).stop
2024-03-11T22:53:49.738 INFO:teuthology.orchestra.run.smithi153.stdout:/usr/bin/ceph: stderr
2024-03-11T22:53:49.187+0000 7f18c048e700 1 -- 172.21.15.153:0/3614053768 shutdown_connections
2024-03-11T22:53:49.738 INFO:teuthology.orchestra.run.smithi153.stdout:/usr/bin/ceph: stderr
2024-03-11T22:53:49.187+0000 7f18c048e700 1 --2- 172.21.15.153:0/3614053768 >> [v2:172.21.15.153:6800/1518383615,v1:172.21.15.153:6801/1518383615] conn(0x7f18a4036660 0x7f18a4038b10 unknown :-1 s=CLOSED pgs=7 cs=0 l=1 rev1=1 crypto rx=0 tx=0 comp rx=0 tx=0).stop
2024-03-11T22:53:49.738 INFO:teuthology.orchestra.run.smithi153.stdout:/usr/bin/ceph: stderr
2024-03-11T22:53:49.187+0000 7f18c048e700 1 --2- 172.21.15.153:0/3614053768 >> [v2:172.21.15.153:3300/0,v1:172.21.15.153:6789/0] conn(0x7f18b8102770 0x7f18b8111590 unknown :-1 s=CLOSED pgs=36 cs=0 l=1 rev1=1 crypto rx=0 tx=0 comp rx=0 tx=0).stop
2024-03-11T22:53:49.738 INFO:teuthology.orchestra.run.smithi153.stdout:/usr/bin/ceph: stderr
2024-03-11T22:53:49.187+0000 7f18c048e700 1 -- 172.21.15.153:0/3614053768 >> 172.21.15.153:0/3614053768 conn(0x7f18b80fded0 msgr2=0x7f18b80ff590 unknown :-1 s=STATE_NONE l=0).mark_down
2024-03-11T22:53:49.738 INFO:teuthology.orchestra.run.smithi153.stdout:/usr/bin/ceph: stderr
