2024-03-11T22:53:37.022 INFO:teuthology.orchestra.run.smithi153.stdout:/usr/bin/ceph: stderr
2024-03-11T22:53:30.657+0000 7feb9affd700 1 --2- 172.21.15.153:0/801797903 >> [v2:172.21.15.153:6800/2578439373,v1:172.21.15.153:6801/2578439373] conn(0x7feb90036740 0x7feb90038bf0 unknown :-1 s=NONE pgs=0 cs=0 l=1 rev1=0 crypto rx=0 tx=0 comp rx=0 tx=0).connect
2024-03-11T22:53:37.022 INFO:teuthology.orchestra.run.smithi153.stdout:/usr/bin/ceph: stderr
2024-03-11T22:53:30.657+0000 7feb9affd700 1 -- 172.21.15.153:0/801797903 <== mon.0 v2:172.21.15.153:3300/0 5 ==== osd_map(1..1 src has 1..1) v4 ==== 721+0+0 (secure 0 0 0) 0x7feba004adf0 con 0x7feba4076c60
2024-03-11T22:53:37.022 INFO:teuthology.orchestra.run.smithi153.stdout:/usr/bin/ceph: stderr
2024-03-11T22:53:30.658+0000 7feba995b700 1 --2- 172.21.15.153:0/801797903 >> [v2:172.21.15.153:6800/2578439373,v1:172.21.15.153:6801/2578439373] conn(0x7feb90036740 0x7feb90038bf0 unknown :-1 s=BANNER_CONNECTING pgs=0 cs=0 l=1 rev1=0 crypto rx=0 tx=0 comp rx=0 tx=0)._handle_peer_banner_payload supported=3 required=0
2024-03-11T22:53:37.022 INFO:teuthology.orchestra.run.smithi153.stdout:/usr/bin/ceph: stderr
2024-03-11T22:53:30.658+0000 7feba995b700 1 --2- 172.21.15.153:0/801797903 >> [v2:172.21.15.153:6800/2578439373,v1:172.21.15.153:6801/2578439373] conn(0x7feb90036740 0x7feb90038bf0 secure :-1 s=READY pgs=6 cs=0 l=1 rev1=1 crypto rx=0x7feb94009990 tx=0x7feb94006e40 comp rx=0 tx=0).ready entity=mgr.14100 client_cookie=0 server_cookie=0 in_seq=0 out_seq=0
2024-03-11T22:53:37.023 INFO:teuthology.orchestra.run.smithi153.stdout:/usr/bin/ceph: stderr
2024-03-11T22:53:30.662+0000 7feb9affd700 1 -- 172.21.15.153:0/801797903 <== mon.0 v2:172.21.15.153:3300/0 6 ==== mon_command_ack([{"prefix": "get_command_descriptions"}]=0 v0) v1 ==== 72+0+175366 (secure 0 0 0) 0x7feba002c980 con 0x7feba4076c60
2024-03-11T22:53:37.023 INFO:teuthology.orchestra.run.smithi153.stdout:/usr/bin/ceph: stderr
2024-03-11T22:53:30.927+0000 7febac3c0700 1 -- 172.21.15.153:0/801797903 --> [v2:172.21.15.153:3300/0,v1:172.21.15.153:6789/0] -- mon_command({"prefix": "status", "format": "json-pretty"} v 0) v1 -- 0x7feba404bed0 con 0x7feba4076c60
2024-03-11T22:53:37.023 INFO:teuthology.orchestra.run.smithi153.stdout:/usr/bin/ceph: stderr
2024-03-11T22:53:30.928+0000 7feb9affd700 1 -- 172.21.15.153:0/801797903 <== mon.0 v2:172.21.15.153:3300/0 7 ==== mon_command_ack([{"prefix": "status", "format": "json-pretty"}]=0 v0) v1 ==== 79+0+1248 (secure 0 0 0) 0x7feba002c390 con 0x7feba4076c60
2024-03-11T22:53:37.023 INFO:teuthology.orchestra.run.smithi153.stdout:/usr/bin/ceph: stderr
2024-03-11T22:53:30.931+0000 7febac3c0700 1 -- 172.21.15.153:0/801797903 >> [v2:172.21.15.153:6800/2578439373,v1:172.21.15.153:6801/2578439373] conn(0x7feb90036740 msgr2=0x7feb90038bf0 secure :-1 s=STATE_CONNECTION_ESTABLISHED l=1).mark_down
2024-03-11T22:53:37.023 INFO:teuthology.orchestra.run.smithi153.stdout:/usr/bin/ceph: stderr
2024-03-11T22:53:30.931+0000 7febac3c0700 1 --2- 172.21.15.153:0/801797903 >> [v2:172.21.15.153:6800/2578439373,v1:172.21.15.153:6801/2578439373] conn(0x7feb90036740 0x7feb90038bf0 secure :-1 s=READY pgs=6 cs=0 l=1 rev1=1 crypto rx=0x7feb94009990 tx=0x7feb94006e40 comp rx=0 tx=0).stop
2024-03-11T22:53:37.023 INFO:teuthology.orchestra.run.smithi153.stdout:/usr/bin/ceph: stderr
2024-03-11T22:53:30.931+0000 7febac3c0700 1 -- 172.21.15.153:0/801797903 >> [v2:172.21.15.153:3300/0,v1:172.21.15.153:6789/0] conn(0x7feba4076c60 msgr2=0x7feba4111820 secure :-1 s=STATE_CONNECTION_ESTABLISHED l=1).mark_down
2024-03-11T22:53:37.023 INFO:teuthology.orchestra.run.smithi153.stdout:/usr/bin/ceph: stderr
2024-03-11T22:53:30.931+0000 7febac3c0700 1 --2- 172.21.15.153:0/801797903 >> [v2:172.21.15.153:3300/0,v1:172.21.15.153:6789/0] conn(0x7feba4076c60 0x7feba4111820 secure :-1 s=READY pgs=17 cs=0 l=1 rev1=1 crypto rx=0x7feba000b440 tx=0x7feba0009250 comp rx=0 tx=0).stop
2024-03-11T22:53:37.023 INFO:teuthology.orchestra.run.smithi153.stdout:/usr/bin/ceph: stderr
2024-03-11T22:53:30.931+0000 7febac3c0700 1 -- 172.21.15.153:0/801797903 shutdown_connections
2024-03-11T22:53:37.023 INFO:teuthology.orchestra.run.smithi153.stdout:/usr/bin/ceph: stderr
2024-03-11T22:53:30.931+0000 7febac3c0700 1 --2- 172.21.15.153:0/801797903 >> [v2:172.21.15.153:6800/2578439373,v1:172.21.15.153:6801/2578439373] conn(0x7feb90036740 0x7feb90038bf0 unknown :-1 s=CLOSED pgs=6 cs=0 l=1 rev1=1 crypto rx=0 tx=0 comp rx=0 tx=0).stop
2024-03-11T22:53:37.023 INFO:teuthology.orchestra.run.smithi153.stdout:/usr/bin/ceph: stderr
2024-03-11T22:53:30.931+0000 7febac3c0700 1 --2- 172.21.15.153:0/801797903 >> [v2:172.21.15.153:3300/0,v1:172.21.15.153:6789/0] conn(0x7feba4076c60 0x7feba4111820 unknown :-1 s=CLOSED pgs=17 cs=0 l=1 rev1=1 crypto rx=0 tx=0 comp rx=0 tx=0).stop
2024-03-11T22:53:37.023 INFO:teuthology.orchestra.run.smithi153.stdout:/usr/bin/ceph: stderr
2024-03-11T22:53:30.931+0000 7febac3c0700 1 -- 172.21.15.153:0/801797903 >> 172.21.15.153:0/801797903 conn(0x7feba40fcdd0 msgr2=0x7feba40ff0b0 unknown :-1 s=STATE_NONE l=0).mark_down
2024-03-11T22:53:37.023 INFO:teuthology.orchestra.run.smithi153.stdout:/usr/bin/ceph: stderr
2024-03-11T22:53:30.931+0000 7febac3c0700 1 -- 172.21.15.153:0/801797903 shutdown_connections
2024-03-11T22:53:37.023 INFO:teuthology.orchestra.run.smithi153.stdout:/usr/bin/ceph: stderr
2024-03-11T22:53:30.931+0000 7febac3c0700 1 -- 172.21.15.153:0/801797903 wait complete.
2024-03-11T22:53:37.023 INFO:teuthology.orchestra.run.smithi153.stdout:mgr is available
2024-03-11T22:53:38.428 INFO:journalctl@ceph.mon.smithi153.smithi153.stdout:Mar 11 22:53:38 smithi153 ceph-mon[28962]: from='client.? 172.21.15.153:0/2093250712' entity='client.admin' cmd=[{"prefix": "config assimilate-conf"}]: dispatch
2024-03-11T22:53:38.681 INFO:teuthology.orchestra.run.smithi153.stdout:/usr/bin/ceph: stdout
2024-03-11T22:53:38.689 INFO:teuthology.orchestra.run.smithi153.stdout:/usr/bin/ceph: stdout [global]
2024-03-11T22:53:38.690 INFO:teuthology.orchestra.run.smithi153.stdout:/usr/bin/ceph: stdout fsid = fa913b96-dff9-11ee-95c8-87774f69a715
2024-03-11T22:53:38.690 INFO:teuthology.orchestra.run.smithi153.stdout:/usr/bin/ceph: stdout mon_osd_allow_pg_remap = true
2024-03-11T22:53:38.690 INFO:teuthology.orchestra.run.smithi153.stdout:/usr/bin/ceph: stdout mon_osd_allow_primary_affinity = true
2024-03-11T22:53:38.690 INFO:teuthology.orchestra.run.smithi153.stdout:/usr/bin/ceph: stdout mon_warn_on_no_sortbitwise = false
2024-03-11T22:53:38.690 INFO:teuthology.orchestra.run.smithi153.stdout:/usr/bin/ceph: stdout osd_crush_chooseleaf_type = 0
2024-03-11T22:53:38.690 INFO:teuthology.orchestra.run.smithi153.stdout:/usr/bin/ceph: stdout
2024-03-11T22:53:38.690 INFO:teuthology.orchestra.run.smithi153.stdout:/usr/bin/ceph: stdout [mgr]
2024-03-11T22:53:38.690 INFO:teuthology.orchestra.run.smithi153.stdout:/usr/bin/ceph: stdout mgr/telemetry/nag = false
2024-03-11T22:53:38.690 INFO:teuthology.orchestra.run.smithi153.stdout:/usr/bin/ceph: stdout
2024-03-11T22:53:38.690 INFO:teuthology.orchestra.run.smithi153.stdout:/usr/bin/ceph: stdout [osd]
2024-03-11T22:53:38.690 INFO:teuthology.orchestra.run.smithi153.stdout:/usr/bin/ceph: stdout mon_osd_backfillfull_ratio = 0.85
2024-03-11T22:53:38.690 INFO:teuthology.orchestra.run.smithi153.stdout:/usr/bin/ceph: stdout mon_osd_full_ratio = 0.9
2024-03-11T22:53:38.691 INFO:teuthology.orchestra.run.smithi153.stdout:/usr/bin/ceph: stdout mon_osd_nearfull_ratio = 0.8
2024-03-11T22:53:38.691 INFO:teuthology.orchestra.run.smithi153.stdout:/usr/bin/ceph: stdout osd_map_max_advance = 10
2024-03-11T22:53:38.691 INFO:teuthology.orchestra.run.smithi153.stdout:/usr/bin/ceph: stdout osd_sloppy_crc = true
2024-03-11T22:53:38.691 INFO:teuthology.orchestra.run.smithi153.stdout:/usr/bin/ceph: stderr
2024-03-11T22:53:37.868+0000 7f2bfbecf700 1 Processor -- start
2024-03-11T22:53:38.691 INFO:teuthology.orchestra.run.smithi153.stdout:/usr/bin/ceph: stderr
2024-03-11T22:53:37.868+0000 7f2bfbecf700 1 -- start start
2024-03-11T22:53:38.691 INFO:teuthology.orchestra.run.smithi153.stdout:/usr/bin/ceph: stderr
2024-03-11T22:53:37.868+0000 7f2bfbecf700 1 --2- >> [v2:172.21.15.153:3300/0,v1:172.21.15.153:6789/0] conn(0x7f2bf4076c40 0x7f2bf4105360 unknown :-1 s=NONE pgs=0 cs=0 l=0 rev1=0 crypto rx=0 tx=0 comp rx=0 tx=0).connect
2024-03-11T22:53:38.691 INFO:teuthology.orchestra.run.smithi153.stdout:/usr/bin/ceph: stderr
2024-03-11T22:53:37.868+0000 7f2bfbecf700 1 -- --> [v2:172.21.15.153:3300/0,v1:172.21.15.153:6789/0] -- mon_getmap magic: 0 v1 -- 0x7f2bf41058a0 con 0x7f2bf4076c40
2024-03-11T22:53:38.691 INFO:teuthology.orchestra.run.smithi153.stdout:/usr/bin/ceph: stderr
2024-03-11T22:53:37.868+0000 7f2bf9c6b700 1 --2- >> [v2:172.21.15.153:3300/0,v1:172.21.15.153:6789/0] conn(0x7f2bf4076c40 0x7f2bf4105360 unknown :-1 s=BANNER_CONNECTING pgs=0 cs=0 l=0 rev1=0 crypto rx=0 tx=0 comp rx=0 tx=0)._handle_peer_banner_payload supported=3 required=0
2024-03-11T22:53:38.691 INFO:teuthology.orchestra.run.smithi153.stdout:/usr/bin/ceph: stderr
2024-03-11T22:53:37.869+0000 7f2bf9c6b700 1 --2- >> [v2:172.21.15.153:3300/0,v1:172.21.15.153:6789/0] conn(0x7f2bf4076c40 0x7f2bf4105360 unknown :-1 s=HELLO_CONNECTING pgs=0 cs=0 l=0 rev1=1 crypto rx=0 tx=0 comp rx=0 tx=0).handle_hello peer v2:172.21.15.153:3300/0 says I am v2:172.21.15.153:54868/0 (socket says 172.21.15.153:54868)
2024-03-11T22:53:38.691 INFO:teuthology.orchestra.run.smithi153.stdout:/usr/bin/ceph: stderr
2024-03-11T22:53:37.869+0000 7f2bf9c6b700 1 -- 172.21.15.153:0/2008563673 learned_addr learned my addr 172.21.15.153:0/2008563673 (peer_addr_for_me v2:172.21.15.153:0/0)
2024-03-11T22:53:38.691 INFO:teuthology.orchestra.run.smithi153.stdout:/usr/bin/ceph: stderr
2024-03-11T22:53:37.869+0000 7f2bf9c6b700 1 -- 172.21.15.153:0/2008563673 --> [v2:172.21.15.153:3300/0,v1:172.21.15.153:6789/0] -- mon_subscribe({config=0+,monmap=0+}) v3 -- 0x7f2bf41059e0 con 0x7f2bf4076c40
2024-03-11T22:53:38.691 INFO:teuthology.orchestra.run.smithi153.stdout:/usr/bin/ceph: stderr
2024-03-11T22:53:37.869+0000 7f2bf9c6b700 1 --2- 172.21.15.153:0/2008563673 >> [v2:172.21.15.153:3300/0,v1:172.21.15.153:6789/0] conn(0x7f2bf4076c40 0x7f2bf4105360 secure :-1 s=READY pgs=18 cs=0 l=1 rev1=1 crypto rx=0x7f2bf00098e0 tx=0x7f2bf0009250 comp rx=0 tx=0).ready entity=mon.0 client_cookie=76cbdd57a933c58a server_cookie=0 in_seq=0 out_seq=0
2024-03-11T22:53:38.691 INFO:teuthology.orchestra.run.smithi153.stdout:/usr/bin/ceph: stderr
2024-03-11T22:53:37.869+0000 7f2bf8c69700 1 -- 172.21.15.153:0/2008563673 <== mon.0 v2:172.21.15.153:3300/0 1 ==== mon_map magic: 0 v1 ==== 229+0+0 (secure 0 0 0) 0x7f2bf000b860 con 0x7f2bf4076c40
2024-03-11T22:53:38.692 INFO:teuthology.orchestra.run.smithi153.stdout:/usr/bin/ceph: stderr
2024-03-11T22:53:37.869+0000 7f2bf8c69700 1 -- 172.21.15.153:0/2008563673 <== mon.0 v2:172.21.15.153:3300/0 2 ==== config(27 keys) v1 ==== 1044+0+0 (secure 0 0 0) 0x7f2bf000be50 con 0x7f2bf4076c40
2024-03-11T22:53:38.692 INFO:teuthology.orchestra.run.smithi153.stdout:/usr/bin/ceph: stderr
2024-03-11T22:53:37.869+0000 7f2bf8c69700 1 -- 172.21.15.153:0/2008563673 <== mon.0 v2:172.21.15.153:3300/0 3 ==== mon_map magic: 0 v1 ==== 229+0+0 (secure 0 0 0) 0x7f2bf0010380 con 0x7f2bf4076c40
2024-03-11T22:53:38.692 INFO:teuthology.orchestra.run.smithi153.stdout:/usr/bin/ceph: stderr
2024-03-11T22:53:37.870+0000 7f2bfbecf700 1 -- 172.21.15.153:0/2008563673 >> [v2:172.21.15.153:3300/0,v1:172.21.15.153:6789/0] conn(0x7f2bf4076c40 msgr2=0x7f2bf4105360 secure :-1 s=STATE_CONNECTION_ESTABLISHED l=1).mark_down
2024-03-11T22:53:38.692 INFO:teuthology.orchestra.run.smithi153.stdout:/usr/bin/ceph: stderr
2024-03-11T22:53:37.870+0000 7f2bfbecf700 1 --2- 172.21.15.153:0/2008563673 >> [v2:172.21.15.153:3300/0,v1:172.21.15.153:6789/0] conn(0x7f2bf4076c40 0x7f2bf4105360 secure :-1 s=READY pgs=18 cs=0 l=1 rev1=1 crypto rx=0x7f2bf00098e0 tx=0x7f2bf0009250 comp rx=0 tx=0).stop
2024-03-11T22:53:38.692 INFO:teuthology.orchestra.run.smithi153.stdout:/usr/bin/ceph: stderr
2024-03-11T22:53:37.870+0000 7f2bfbecf700 1 -- 172.21.15.153:0/2008563673 shutdown_connections
2024-03-11T22:53:38.692 INFO:teuthology.orchestra.run.smithi153.stdout:/usr/bin/ceph: stderr
2024-03-11T22:53:37.870+0000 7f2bfbecf700 1 --2- 172.21.15.153:0/2008563673 >> [v2:172.21.15.153:3300/0,v1:172.21.15.153:6789/0] conn(0x7f2bf4076c40 0x7f2bf4105360 unknown :-1 s=CLOSED pgs=18 cs=0 l=1 rev1=1 crypto rx=0 tx=0 comp rx=0 tx=0).stop
2024-03-11T22:53:38.692 INFO:teuthology.orchestra.run.smithi153.stdout:/usr/bin/ceph: stderr
2024-03-11T22:53:37.870+0000 7f2bfbecf700 1 -- 172.21.15.153:0/2008563673 >> 172.21.15.153:0/2008563673 conn(0x7f2bf40fcdd0 msgr2=0x7f2bf40ff200 unknown :-1 s=STATE_NONE l=0).mark_down
2024-03-11T22:53:38.692 INFO:teuthology.orchestra.run.smithi153.stdout:/usr/bin/ceph: stderr
2024-03-11T22:53:37.870+0000 7f2bfbecf700 1 -- 172.21.15.153:0/2008563673 shutdown_connections
2024-03-11T22:53:38.692 INFO:teuthology.orchestra.run.smithi153.stdout:/usr/bin/ceph: stderr
2024-03-11T22:53:37.870+0000 7f2bfbecf700 1 -- 172.21.15.153:0/2008563673 wait complete.
2024-03-11T22:53:38.692 INFO:teuthology.orchestra.run.smithi153.stdout:/usr/bin/ceph: stderr
2024-03-11T22:53:37.870+0000 7f2bfbecf700 1 Processor -- start
2024-03-11T22:53:38.692 INFO:teuthology.orchestra.run.smithi153.stdout:/usr/bin/ceph: stderr
2024-03-11T22:53:37.870+0000 7f2bfbecf700 1 -- start start
2024-03-11T22:53:38.692 INFO:teuthology.orchestra.run.smithi153.stdout:/usr/bin/ceph: stderr
2024-03-11T22:53:37.871+0000 7f2bfbecf700 1 --2- >> [v2:172.21.15.153:3300/0,v1:172.21.15.153:6789/0] conn(0x7f2bf4076c40 0x7f2bf4111820 unknown :-1 s=NONE pgs=0 cs=0 l=1 rev1=0 crypto rx=0 tx=0 comp rx=0 tx=0).connect
2024-03-11T22:53:38.692 INFO:teuthology.orchestra.run.smithi153.stdout:/usr/bin/ceph: stderr
2024-03-11T22:53:37.871+0000 7f2bfbecf700 1 -- --> [v2:172.21.15.153:3300/0,v1:172.21.15.153:6789/0] -- mon_getmap magic: 0 v1 -- 0x7f2bf4111d60 con 0x7f2bf4076c40
2024-03-11T22:53:38.692 INFO:teuthology.orchestra.run.smithi153.stdout:/usr/bin/ceph: stderr
2024-03-11T22:53:37.871+0000 7f2bf9c6b700 1 --2- >> [v2:172.21.15.153:3300/0,v1:172.21.15.153:6789/0] conn(0x7f2bf4076c40 0x7f2bf4111820 unknown :-1 s=BANNER_CONNECTING pgs=0 cs=0 l=1 rev1=0 crypto rx=0 tx=0 comp rx=0 tx=0)._handle_peer_banner_payload supported=3 required=0
2024-03-11T22:53:38.692 INFO:teuthology.orchestra.run.smithi153.stdout:/usr/bin/ceph: stderr
2024-03-11T22:53:37.871+0000 7f2bf9c6b700 1 --2- >> [v2:172.21.15.153:3300/0,v1:172.21.15.153:6789/0] conn(0x7f2bf4076c40 0x7f2bf4111820 unknown :-1 s=HELLO_CONNECTING pgs=0 cs=0 l=1 rev1=1 crypto rx=0 tx=0 comp rx=0 tx=0).handle_hello peer v2:172.21.15.153:3300/0 says I am v2:172.21.15.153:54880/0 (socket says 172.21.15.153:54880)
2024-03-11T22:53:38.693 INFO:teuthology.orchestra.run.smithi153.stdout:/usr/bin/ceph: stderr
2024-03-11T22:53:37.871+0000 7f2bf9c6b700 1 -- 172.21.15.153:0/2093250712 learned_addr learned my addr 172.21.15.153:0/2093250712 (peer_addr_for_me v2:172.21.15.153:0/0)
2024-03-11T22:53:38.693 INFO:teuthology.orchestra.run.smithi153.stdout:/usr/bin/ceph: stderr
2024-03-11T22:53:37.871+0000 7f2bf9c6b700 1 -- 172.21.15.153:0/2093250712 --> [v2:172.21.15.153:3300/0,v1:172.21.15.153:6789/0] -- mon_subscribe({config=0+,monmap=0+}) v3 -- 0x7f2bf00094f0 con 0x7f2bf4076c40
2024-03-11T22:53:38.693 INFO:teuthology.orchestra.run.smithi153.stdout:/usr/bin/ceph: stderr
2024-03-11T22:53:37.871+0000 7f2bf9c6b700 1 --2- 172.21.15.153:0/2093250712 >> [v2:172.21.15.153:3300/0,v1:172.21.15.153:6789/0] conn(0x7f2bf4076c40 0x7f2bf4111820 secure :-1 s=READY pgs=19 cs=0 l=1 rev1=1 crypto rx=0x7f2bf0006d40 tx=0x7f2bf0009250 comp rx=0 tx=0).ready entity=mon.0 client_cookie=0 server_cookie=0 in_seq=0 out_seq=0
2024-03-11T22:53:38.693 INFO:teuthology.orchestra.run.smithi153.stdout:/usr/bin/ceph: stderr
2024-03-11T22:53:37.871+0000 7f2bea7fc700 1 -- 172.21.15.153:0/2093250712 <== mon.0 v2:172.21.15.153:3300/0 1 ==== mon_map magic: 0 v1 ==== 229+0+0 (secure 0 0 0) 0x7f2bf0010760 con 0x7f2bf4076c40
2024-03-11T22:53:38.693 INFO:teuthology.orchestra.run.smithi153.stdout:/usr/bin/ceph: stderr
2024-03-11T22:53:37.871+0000 7f2bea7fc700 1 -- 172.21.15.153:0/2093250712 <== mon.0 v2:172.21.15.153:3300/0 2 ==== config(27 keys) v1 ==== 1044+0+0 (secure 0 0 0) 0x7f2bf0010d50 con 0x7f2bf4076c40
2024-03-11T22:53:38.693 INFO:teuthology.orchestra.run.smithi153.stdout:/usr/bin/ceph: stderr
2024-03-11T22:53:37.871+0000 7f2bea7fc700 1 -- 172.21.15.153:0/2093250712 <== mon.0 v2:172.21.15.153:3300/0 3 ==== mon_map magic: 0 v1 ==== 229+0+0 (secure 0 0 0) 0x7f2bf0024d20 con 0x7f2bf4076c40
2024-03-11T22:53:38.693 INFO:teuthology.orchestra.run.smithi153.stdout:/usr/bin/ceph: stderr
2024-03-11T22:53:37.871+0000 7f2bfbecf700 1 -- 172.21.15.153:0/2093250712 --> [v2:172.21.15.153:3300/0,v1:172.21.15.153:6789/0] -- mon_subscribe({mgrmap=0+}) v3 -- 0x7f2bf4111f60 con 0x7f2bf4076c40
2024-03-11T22:53:38.693 INFO:teuthology.orchestra.run.smithi153.stdout:/usr/bin/ceph: stderr
2024-03-11T22:53:37.871+0000 7f2bfbecf700 1 -- 172.21.15.153:0/2093250712 --> [v2:172.21.15.153:3300/0,v1:172.21.15.153:6789/0] -- mon_subscribe({osdmap=0}) v3 -- 0x7f2bf4112c00 con 0x7f2bf4076c40
2024-03-11T22:53:38.693 INFO:teuthology.orchestra.run.smithi153.stdout:/usr/bin/ceph: stderr
2024-03-11T22:53:37.872+0000 7f2bea7fc700 1 -- 172.21.15.153:0/2093250712 <== mon.0 v2:172.21.15.153:3300/0 4 ==== mgrmap(e 4) v1 ==== 43357+0+0 (secure 0 0 0) 0x7f2bf00108c0 con 0x7f2bf4076c40
2024-03-11T22:53:38.693 INFO:teuthology.orchestra.run.smithi153.stdout:/usr/bin/ceph: stderr
2024-03-11T22:53:37.872+0000 7f2bfbecf700 1 -- 172.21.15.153:0/2093250712 --> [v2:172.21.15.153:3300/0,v1:172.21.15.153:6789/0] -- mon_command({"prefix": "get_command_descriptions"} v 0) v1 -- 0x7f2bf405f5c0 con 0x7f2bf4076c40
2024-03-11T22:53:38.693 INFO:teuthology.orchestra.run.smithi153.stdout:/usr/bin/ceph: stderr
2024-03-11T22:53:37.872+0000 7f2bea7fc700 1 --2- 172.21.15.153:0/2093250712 >> [v2:172.21.15.153:6800/2578439373,v1:172.21.15.153:6801/2578439373] conn(0x7f2be0036790 0x7f2be0038c40 unknown :-1 s=NONE pgs=0 cs=0 l=1 rev1=0 crypto rx=0 tx=0 comp rx=0 tx=0).connect
2024-03-11T22:53:38.693 INFO:teuthology.orchestra.run.smithi153.stdout:/usr/bin/ceph: stderr
2024-03-11T22:53:37.872+0000 7f2bea7fc700 1 -- 172.21.15.153:0/2093250712 <== mon.0 v2:172.21.15.153:3300/0 5 ==== osd_map(1..1 src has 1..1) v4 ==== 721+0+0 (secure 0 0 0) 0x7f2bf004a710 con 0x7f2bf4076c40
2024-03-11T22:53:38.693 INFO:teuthology.orchestra.run.smithi153.stdout:/usr/bin/ceph: stderr
2024-03-11T22:53:37.873+0000 7f2bf946a700 1 --2- 172.21.15.153:0/2093250712 >> [v2:172.21.15.153:6800/2578439373,v1:172.21.15.153:6801/2578439373] conn(0x7f2be0036790 0x7f2be0038c40 unknown :-1 s=BANNER_CONNECTING pgs=0 cs=0 l=1 rev1=0 crypto rx=0 tx=0 comp rx=0 tx=0)._handle_peer_banner_payload supported=3 required=0
2024-03-11T22:53:38.694 INFO:teuthology.orchestra.run.smithi153.stdout:/usr/bin/ceph: stderr
2024-03-11T22:53:37.873+0000 7f2bf946a700 1 --2- 172.21.15.153:0/2093250712 >> [v2:172.21.15.153:6800/2578439373,v1:172.21.15.153:6801/2578439373] conn(0x7f2be0036790 0x7f2be0038c40 secure :-1 s=READY pgs=7 cs=0 l=1 rev1=1 crypto rx=0x7f2be4009990 tx=0x7f2be4006e40 comp rx=0 tx=0).ready entity=mgr.14100 client_cookie=0 server_cookie=0 in_seq=0 out_seq=0
2024-03-11T22:53:38.694 INFO:teuthology.orchestra.run.smithi153.stdout:/usr/bin/ceph: stderr
2024-03-11T22:53:37.877+0000 7f2bea7fc700 1 -- 172.21.15.153:0/2093250712 <== mon.0 v2:172.21.15.153:3300/0 6 ==== mon_command_ack([{"prefix": "get_command_descriptions"}]=0 v0) v1 ==== 72+0+175366 (secure 0 0 0) 0x7f2bf002c990 con 0x7f2bf4076c40
2024-03-11T22:53:38.694 INFO:teuthology.orchestra.run.smithi153.stdout:/usr/bin/ceph: stderr
2024-03-11T22:53:38.059+0000 7f2bfbecf700 1 -- 172.21.15.153:0/2093250712 --> [v2:172.21.15.153:3300/0,v1:172.21.15.153:6789/0] -- mon_command({"prefix": "config assimilate-conf"} v 0) v1 -- 0x7f2bf404bed0 con 0x7f2bf4076c40
2024-03-11T22:53:38.694 INFO:teuthology.orchestra.run.smithi153.stdout:/usr/bin/ceph: stderr
2024-03-11T22:53:38.060+0000 7f2bea7fc700 1 -- 172.21.15.153:0/2093250712 <== mon.0 v2:172.21.15.153:3300/0 7 ==== mon_command_ack([{"prefix": "config assimilate-conf"}]=0 v3) v1 ==== 70+0+373 (secure 0 0 0) 0x7f2bf000ee60 con 0x7f2bf4076c40
2024-03-11T22:53:38.694 INFO:teuthology.orchestra.run.smithi153.stdout:/usr/bin/ceph: stderr
2024-03-11T22:53:38.062+0000 7f2bfbecf700 1 -- 172.21.15.153:0/2093250712 >> [v2:172.21.15.153:6800/2578439373,v1:172.21.15.153:6801/2578439373] conn(0x7f2be0036790 msgr2=0x7f2be0038c40 secure :-1 s=STATE_CONNECTION_ESTABLISHED l=1).mark_down
2024-03-11T22:53:38.694 INFO:teuthology.orchestra.run.smithi153.stdout:/usr/bin/ceph: stderr
2024-03-11T22:53:38.062+0000 7f2bfbecf700 1 --2- 172.21.15.153:0/2093250712 >> [v2:172.21.15.153:6800/2578439373,v1:172.21.15.153:6801/2578439373] conn(0x7f2be0036790 0x7f2be0038c40 secure :-1 s=READY pgs=7 cs=0 l=1 rev1=1 crypto rx=0x7f2be4009990 tx=0x7f2be4006e40 comp rx=0 tx=0).stop
2024-03-11T22:53:38.694 INFO:teuthology.orchestra.run.smithi153.stdout:/usr/bin/ceph: stderr
2024-03-11T22:53:38.062+0000 7f2bfbecf700 1 -- 172.21.15.153:0/2093250712 >> [v2:172.21.15.153:3300/0,v1:172.21.15.153:6789/0] conn(0x7f2bf4076c40 msgr2=0x7f2bf4111820 secure :-1 s=STATE_CONNECTION_ESTABLISHED l=1).mark_down
2024-03-11T22:53:38.694 INFO:teuthology.orchestra.run.smithi153.stdout:/usr/bin/ceph: stderr
2024-03-11T22:53:38.062+0000 7f2bfbecf700 1 --2- 172.21.15.153:0/2093250712 >> [v2:172.21.15.153:3300/0,v1:172.21.15.153:6789/0] conn(0x7f2bf4076c40 0x7f2bf4111820 secure :-1 s=READY pgs=19 cs=0 l=1 rev1=1 crypto rx=0x7f2bf0006d40 tx=0x7f2bf0009250 comp rx=0 tx=0).stop
2024-03-11T22:53:38.694 INFO:teuthology.orchestra.run.smithi153.stdout:/usr/bin/ceph: stderr
2024-03-11T22:53:38.062+0000 7f2bfbecf700 1 -- 172.21.15.153:0/2093250712 shutdown_connections
2024-03-11T22:53:38.694 INFO:teuthology.orchestra.run.smithi153.stdout:/usr/bin/ceph: stderr
2024-03-11T22:53:38.062+0000 7f2bfbecf700 1 --2- 172.21.15.153:0/2093250712 >> [v2:172.21.15.153:6800/2578439373,v1:172.21.15.153:6801/2578439373] conn(0x7f2be0036790 0x7f2be0038c40 unknown :-1 s=CLOSED pgs=7 cs=0 l=1 rev1=1 crypto rx=0 tx=0 comp rx=0 tx=0).stop
2024-03-11T22:53:38.694 INFO:teuthology.orchestra.run.smithi153.stdout:/usr/bin/ceph: stderr
2024-03-11T22:53:38.062+0000 7f2bfbecf700 1 --2- 172.21.15.153:0/2093250712 >> [v2:172.21.15.153:3300/0,v1:172.21.15.153:6789/0] conn(0x7f2bf4076c40 0x7f2bf4111820 unknown :-1 s=CLOSED pgs=19 cs=0 l=1 rev1=1 crypto rx=0 tx=0 comp rx=0 tx=0).stop
2024-03-11T22:53:38.694 INFO:teuthology.orchestra.run.smithi153.stdout:/usr/bin/ceph: stderr
2024-03-11T22:53:38.062+0000 7f2bfbecf700 1 -- 172.21.15.153:0/2093250712 >> 172.21.15.153:0/2093250712 conn(0x7f2bf40fcdd0 msgr2=0x7f2bf40ff0b0 unknown :-1 s=STATE_NONE l=0).mark_down
2024-03-11T22:53:38.694 INFO:teuthology.orchestra.run.smithi153.stdout:/usr/bin/ceph: stderr
2024-03-11T22:53:38.062+0000 7f2bfbecf700 1 -- 172.21.15.153:0/2093250712 shutdown_connections
2024-03-11T22:53:38.694 INFO:teuthology.orchestra.run.smithi153.stdout:/usr/bin/ceph: stderr
2024-03-11T22:53:38.062+0000 7f2bfbecf700 1 -- 172.21.15.153:0/2093250712 wait complete.
2024-03-11T22:53:38.695 INFO:teuthology.orchestra.run.smithi153.stdout:Enabling cephadm module...
2024-03-11T22:53:40.531 INFO:journalctl@ceph.mon.smithi153.smithi153.stdout:Mar 11 22:53:40 smithi153 ceph-mon[28962]: from='client.? 172.21.15.153:0/3404712345' entity='client.admin' cmd=[{"prefix": "mgr module enable", "module": "cephadm"}]: dispatch
2024-03-11T22:53:40.776 INFO:teuthology.orchestra.run.smithi153.stdout:/usr/bin/ceph: stderr
2024-03-11T22:53:39.134+0000 7fda62428700 1 Processor -- start
2024-03-11T22:53:40.777 INFO:teuthology.orchestra.run.smithi153.stdout:/usr/bin/ceph: stderr
2024-03-11T22:53:39.134+0000 7fda62428700 1 -- start start
2024-03-11T22:53:40.777 INFO:teuthology.orchestra.run.smithi153.stdout:/usr/bin/ceph: stderr
2024-03-11T22:53:39.134+0000 7fda62428700 1 --2- >> [v2:172.21.15.153:3300/0,v1:172.21.15.153:6789/0] conn(0x7fda5c101670 0x7fda5c101a80 unknown :-1 s=NONE pgs=0 cs=0 l=0 rev1=0 crypto rx=0 tx=0 comp rx=0 tx=0).connect
2024-03-11T22:53:40.777 INFO:teuthology.orchestra.run.smithi153.stdout:/usr/bin/ceph: stderr
2024-03-11T22:53:39.135+0000 7fda62428700 1 -- --> [v2:172.21.15.153:3300/0,v1:172.21.15.153:6789/0] -- mon_getmap magic: 0 v1 -- 0x7fda5c101fc0 con 0x7fda5c101670
2024-03-11T22:53:40.777 INFO:teuthology.orchestra.run.smithi153.stdout:/usr/bin/ceph: stderr
2024-03-11T22:53:39.135+0000 7fda5bfff700 1 --2- >> [v2:172.21.15.153:3300/0,v1:172.21.15.153:6789/0] conn(0x7fda5c101670 0x7fda5c101a80 unknown :-1 s=BANNER_CONNECTING pgs=0 cs=0 l=0 rev1=0 crypto rx=0 tx=0 comp rx=0 tx=0)._handle_peer_banner_payload supported=3 required=0
2024-03-11T22:53:40.777 INFO:teuthology.orchestra.run.smithi153.stdout:/usr/bin/ceph: stderr
2024-03-11T22:53:39.135+0000 7fda5bfff700 1 --2- >> [v2:172.21.15.153:3300/0,v1:172.21.15.153:6789/0] conn(0x7fda5c101670 0x7fda5c101a80 unknown :-1 s=HELLO_CONNECTING pgs=0 cs=0 l=0 rev1=1 crypto rx=0 tx=0 comp rx=0 tx=0).handle_hello peer v2:172.21.15.153:3300/0 says I am v2:172.21.15.153:54882/0 (socket says 172.21.15.153:54882)
2024-03-11T22:53:40.777 INFO:teuthology.orchestra.run.smithi153.stdout:/usr/bin/ceph: stderr
2024-03-11T22:53:39.135+0000 7fda5bfff700 1 -- 172.21.15.153:0/2482337060 learned_addr learned my addr 172.21.15.153:0/2482337060 (peer_addr_for_me v2:172.21.15.153:0/0)
2024-03-11T22:53:40.777 INFO:teuthology.orchestra.run.smithi153.stdout:/usr/bin/ceph: stderr
2024-03-11T22:53:39.135+0000 7fda5bfff700 1 -- 172.21.15.153:0/2482337060 --> [v2:172.21.15.153:3300/0,v1:172.21.15.153:6789/0] -- mon_subscribe({config=0+,monmap=0+}) v3 -- 0x7fda5c102100 con 0x7fda5c101670
2024-03-11T22:53:40.777 INFO:teuthology.orchestra.run.smithi153.stdout:/usr/bin/ceph: stderr
2024-03-11T22:53:39.135+0000 7fda5bfff700 1 --2- 172.21.15.153:0/2482337060 >> [v2:172.21.15.153:3300/0,v1:172.21.15.153:6789/0] conn(0x7fda5c101670 0x7fda5c101a80 secure :-1 s=READY pgs=20 cs=0 l=1 rev1=1 crypto rx=0x7fda4c00bb80 tx=0x7fda4c00b4f0 comp rx=0 tx=0).ready entity=mon.0 client_cookie=7c184e2c4f0925e6 server_cookie=0 in_seq=0 out_seq=0
2024-03-11T22:53:40.777 INFO:teuthology.orchestra.run.smithi153.stdout:/usr/bin/ceph: stderr
2024-03-11T22:53:39.135+0000 7fda5affd700 1 -- 172.21.15.153:0/2482337060 <== mon.0 v2:172.21.15.153:3300/0 1 ==== mon_map magic: 0 v1 ==== 229+0+0 (secure 0 0 0) 0x7fda4c00dd00 con 0x7fda5c101670
2024-03-11T22:53:40.777 INFO:teuthology.orchestra.run.smithi153.stdout:/usr/bin/ceph: stderr
2024-03-11T22:53:39.135+0000 7fda5affd700 1 -- 172.21.15.153:0/2482337060 <== mon.0 v2:172.21.15.153:3300/0 2 ==== config(27 keys) v1 ==== 1044+0+0 (secure 0 0 0) 0x7fda4c00de60 con 0x7fda5c101670
2024-03-11T22:53:40.777 INFO:teuthology.orchestra.run.smithi153.stdout:/usr/bin/ceph: stderr
2024-03-11T22:53:39.135+0000 7fda5affd700 1 -- 172.21.15.153:0/2482337060 <== mon.0 v2:172.21.15.153:3300/0 3 ==== mon_map magic: 0 v1 ==== 229+0+0 (secure 0 0 0) 0x7fda4c0188a0 con 0x7fda5c101670
2024-03-11T22:53:40.777 INFO:teuthology.orchestra.run.smithi153.stdout:/usr/bin/ceph: stderr
2024-03-11T22:53:39.136+0000 7fda62428700 1 -- 172.21.15.153:0/2482337060 >> [v2:172.21.15.153:3300/0,v1:172.21.15.153:6789/0] conn(0x7fda5c101670 msgr2=0x7fda5c101a80 secure :-1 s=STATE_CONNECTION_ESTABLISHED l=1).mark_down
2024-03-11T22:53:40.777 INFO:teuthology.orchestra.run.smithi153.stdout:/usr/bin/ceph: stderr
2024-03-11T22:53:39.136+0000 7fda62428700 1 --2- 172.21.15.153:0/2482337060 >> [v2:172.21.15.153:3300/0,v1:172.21.15.153:6789/0] conn(0x7fda5c101670 0x7fda5c101a80 secure :-1 s=READY pgs=20 cs=0 l=1 rev1=1 crypto rx=0x7fda4c00bb80 tx=0x7fda4c00b4f0 comp rx=0 tx=0).stop
2024-03-11T22:53:40.777 INFO:teuthology.orchestra.run.smithi153.stdout:/usr/bin/ceph: stderr
2024-03-11T22:53:39.136+0000 7fda62428700 1 -- 172.21.15.153:0/2482337060 shutdown_connections
2024-03-11T22:53:40.778 INFO:teuthology.orchestra.run.smithi153.stdout:/usr/bin/ceph: stderr
2024-03-11T22:53:39.136+0000 7fda62428700 1 --2- 172.21.15.153:0/2482337060 >> [v2:172.21.15.153:3300/0,v1:172.21.15.153:6789/0] conn(0x7fda5c101670 0x7fda5c101a80 unknown :-1 s=CLOSED pgs=20 cs=0 l=1 rev1=1 crypto rx=0 tx=0 comp rx=0 tx=0).stop
2024-03-11T22:53:40.778 INFO:teuthology.orchestra.run.smithi153.stdout:/usr/bin/ceph: stderr
2024-03-11T22:53:39.136+0000 7fda62428700 1 -- 172.21.15.153:0/2482337060 >> 172.21.15.153:0/2482337060 conn(0x7fda5c0fcdd0 msgr2=0x7fda5c0ff200 unknown :-1 s=STATE_NONE l=0).mark_down
2024-03-11T22:53:40.778 INFO:teuthology.orchestra.run.smithi153.stdout:/usr/bin/ceph: stderr
2024-03-11T22:53:39.136+0000 7fda62428700 1 -- 172.21.15.153:0/2482337060 shutdown_connections
2024-03-11T22:53:40.778 INFO:teuthology.orchestra.run.smithi153.stdout:/usr/bin/ceph: stderr
2024-03-11T22:53:39.136+0000 7fda62428700 1 -- 172.21.15.153:0/2482337060 wait complete.
2024-03-11T22:53:40.778 INFO:teuthology.orchestra.run.smithi153.stdout:/usr/bin/ceph: stderr
2024-03-11T22:53:39.136+0000 7fda62428700 1 Processor -- start
2024-03-11T22:53:40.778 INFO:teuthology.orchestra.run.smithi153.stdout:/usr/bin/ceph: stderr
2024-03-11T22:53:39.137+0000 7fda62428700 1 -- start start
2024-03-11T22:53:40.778 INFO:teuthology.orchestra.run.smithi153.stdout:/usr/bin/ceph: stderr
2024-03-11T22:53:39.137+0000 7fda62428700 1 --2- >> [v2:172.21.15.153:3300/0,v1:172.21.15.153:6789/0] conn(0x7fda5c101670 0x7fda5c1136e0 unknown :-1 s=NONE pgs=0 cs=0 l=1 rev1=0 crypto rx=0 tx=0 comp rx=0 tx=0).connect
2024-03-11T22:53:40.778 INFO:teuthology.orchestra.run.smithi153.stdout:/usr/bin/ceph: stderr
2024-03-11T22:53:39.137+0000 7fda62428700 1 -- --> [v2:172.21.15.153:3300/0,v1:172.21.15.153:6789/0] -- mon_getmap magic: 0 v1 -- 0x7fda5c113c20 con 0x7fda5c101670
2024-03-11T22:53:40.778 INFO:teuthology.orchestra.run.smithi153.stdout:/usr/bin/ceph: stderr
2024-03-11T22:53:39.137+0000 7fda5bfff700 1 --2- >> [v2:172.21.15.153:3300/0,v1:172.21.15.153:6789/0] conn(0x7fda5c101670 0x7fda5c1136e0 unknown :-1 s=BANNER_CONNECTING pgs=0 cs=0 l=1 rev1=0 crypto rx=0 tx=0 comp rx=0 tx=0)._handle_peer_banner_payload supported=3 required=0
2024-03-11T22:53:40.778 INFO:teuthology.orchestra.run.smithi153.stdout:/usr/bin/ceph: stderr
2024-03-11T22:53:39.137+0000 7fda5bfff700 1 --2- >> [v2:172.21.15.153:3300/0,v1:172.21.15.153:6789/0] conn(0x7fda5c101670 0x7fda5c1136e0 unknown :-1 s=HELLO_CONNECTING pgs=0 cs=0 l=1 rev1=1 crypto rx=0 tx=0 comp rx=0 tx=0).handle_hello peer v2:172.21.15.153:3300/0 says I am v2:172.21.15.153:54890/0 (socket says 172.21.15.153:54890)
2024-03-11T22:53:40.778 INFO:teuthology.orchestra.run.smithi153.stdout:/usr/bin/ceph: stderr
2024-03-11T22:53:39.137+0000 7fda5bfff700 1 -- 172.21.15.153:0/3404712345 learned_addr learned my addr 172.21.15.153:0/3404712345 (peer_addr_for_me v2:172.21.15.153:0/0)
2024-03-11T22:53:40.778 INFO:teuthology.orchestra.run.smithi153.stdout:/usr/bin/ceph: stderr
2024-03-11T22:53:39.137+0000 7fda5bfff700 1 -- 172.21.15.153:0/3404712345 --> [v2:172.21.15.153:3300/0,v1:172.21.15.153:6789/0] -- mon_subscribe({config=0+,monmap=0+}) v3 -- 0x7fda4c00b790 con 0x7fda5c101670
2024-03-11T22:53:40.778 INFO:teuthology.orchestra.run.smithi153.stdout:/usr/bin/ceph: stderr
2024-03-11T22:53:39.137+0000 7fda5bfff700 1 --2- 172.21.15.153:0/3404712345 >> [v2:172.21.15.153:3300/0,v1:172.21.15.153:6789/0] conn(0x7fda5c101670 0x7fda5c1136e0 secure :-1 s=READY pgs=21 cs=0 l=1 rev1=1 crypto rx=0x7fda4c006b00 tx=0x7fda4c00b4f0 comp rx=0 tx=0).ready entity=mon.0 client_cookie=0 server_cookie=0 in_seq=0 out_seq=0
2024-03-11T22:53:40.778 INFO:teuthology.orchestra.run.smithi153.stdout:/usr/bin/ceph: stderr
2024-03-11T22:53:39.137+0000 7fda58ff9700 1 -- 172.21.15.153:0/3404712345 <== mon.0 v2:172.21.15.153:3300/0 1 ==== mon_map magic: 0 v1 ==== 229+0+0 (secure 0 0 0) 0x7fda4c018e60 con 0x7fda5c101670
2024-03-11T22:53:40.779 INFO:teuthology.orchestra.run.smithi153.stdout:/usr/bin/ceph: stderr
2024-03-11T22:53:39.137+0000 7fda58ff9700 1 -- 172.21.15.153:0/3404712345 <== mon.0 v2:172.21.15.153:3300/0 2 ==== config(27 keys) v1 ==== 1044+0+0 (secure 0 0 0) 0x7fda4c010c00 con 0x7fda5c101670
2024-03-11T22:53:40.779 INFO:teuthology.orchestra.run.smithi153.stdout:/usr/bin/ceph: stderr
2024-03-11T22:53:39.137+0000 7fda58ff9700 1 -- 172.21.15.153:0/3404712345 <== mon.0 v2:172.21.15.153:3300/0 3 ==== mon_map magic: 0 v1 ==== 229+0+0 (secure 0 0 0) 0x7fda4c0215e0 con 0x7fda5c101670
2024-03-11T22:53:40.779 INFO:teuthology.orchestra.run.smithi153.stdout:/usr/bin/ceph: stderr
2024-03-11T22:53:39.137+0000 7fda62428700 1 -- 172.21.15.153:0/3404712345 --> [v2:172.21.15.153:3300/0,v1:172.21.15.153:6789/0] -- mon_subscribe({mgrmap=0+}) v3 -- 0x7fda5c113e20 con 0x7fda5c101670
2024-03-11T22:53:40.779 INFO:teuthology.orchestra.run.smithi153.stdout:/usr/bin/ceph: stderr
2024-03-11T22:53:39.138+0000 7fda62428700 1 -- 172.21.15.153:0/3404712345 --> [v2:172.21.15.153:3300/0,v1:172.21.15.153:6789/0] -- mon_subscribe({osdmap=0}) v3 -- 0x7fda5c114ac0 con 0x7fda5c101670
2024-03-11T22:53:40.779 INFO:teuthology.orchestra.run.smithi153.stdout:/usr/bin/ceph: stderr
2024-03-11T22:53:39.138+0000 7fda58ff9700 1 -- 172.21.15.153:0/3404712345 <== mon.0 v2:172.21.15.153:3300/0 4 ==== mgrmap(e 4) v1 ==== 43357+0+0 (secure 0 0 0) 0x7fda4c0223f0 con 0x7fda5c101670
2024-03-11T22:53:40.779 INFO:teuthology.orchestra.run.smithi153.stdout:/usr/bin/ceph: stderr
2024-03-11T22:53:39.139+0000 7fda62428700 1 -- 172.21.15.153:0/3404712345 --> [v2:172.21.15.153:3300/0,v1:172.21.15.153:6789/0] -- mon_command({"prefix": "get_command_descriptions"} v 0) v1 -- 0x7fda5c05f5c0 con 0x7fda5c101670
2024-03-11T22:53:40.779 INFO:teuthology.orchestra.run.smithi153.stdout:/usr/bin/ceph: stderr
2024-03-11T22:53:39.139+0000 7fda58ff9700 1 --2- 172.21.15.153:0/3404712345 >> [v2:172.21.15.153:6800/2578439373,v1:172.21.15.153:6801/2578439373] conn(0x7fda44036790 0x7fda44038c40 unknown :-1 s=NONE pgs=0 cs=0 l=1 rev1=0 crypto rx=0 tx=0 comp rx=0 tx=0).connect
2024-03-11T22:53:40.779 INFO:teuthology.orchestra.run.smithi153.stdout:/usr/bin/ceph: stderr
2024-03-11T22:53:39.139+0000 7fda58ff9700 1 -- 172.21.15.153:0/3404712345 <== mon.0 v2:172.21.15.153:3300/0 5 ==== osd_map(1..1 src has 1..1) v4 ==== 721+0+0 (secure 0 0 0) 0x7fda4c014070 con 0x7fda5c101670
2024-03-11T22:53:40.779 INFO:teuthology.orchestra.run.smithi153.stdout:/usr/bin/ceph: stderr
2024-03-11T22:53:39.139+0000 7fda5b7fe700 1 --2- 172.21.15.153:0/3404712345 >> [v2:172.21.15.153:6800/2578439373,v1:172.21.15.153:6801/2578439373] conn(0x7fda44036790 0x7fda44038c40 unknown :-1 s=BANNER_CONNECTING pgs=0 cs=0 l=1 rev1=0 crypto rx=0 tx=0 comp rx=0 tx=0)._handle_peer_banner_payload supported=3 required=0
2024-03-11T22:53:40.779 INFO:teuthology.orchestra.run.smithi153.stdout:/usr/bin/ceph: stderr
2024-03-11T22:53:39.139+0000 7fda5b7fe700 1 --2- 172.21.15.153:0/3404712345 >> [v2:172.21.15.153:6800/2578439373,v1:172.21.15.153:6801/2578439373] conn(0x7fda44036790 0x7fda44038c40 secure :-1 s=READY pgs=8 cs=0 l=1 rev1=1 crypto rx=0x7fda50009990 tx=0x7fda50006e40 comp rx=0 tx=0).ready entity=mgr.14100 client_cookie=0 server_cookie=0 in_seq=0 out_seq=0
2024-03-11T22:53:40.779 INFO:teuthology.orchestra.run.smithi153.stdout:/usr/bin/ceph: stderr
2024-03-11T22:53:39.143+0000 7fda58ff9700 1 -- 172.21.15.153:0/3404712345 <== mon.0 v2:172.21.15.153:3300/0 6 ==== mon_command_ack([{"prefix": "get_command_descriptions"}]=0 v0) v1 ==== 72+0+175366 (secure 0 0 0) 0x7fda4c0226a0 con 0x7fda5c101670
2024-03-11T22:53:40.779 INFO:teuthology.orchestra.run.smithi153.stdout:/usr/bin/ceph: stderr
2024-03-11T22:53:39.378+0000 7fda62428700 1 -- 172.21.15.153:0/3404712345 --> [v2:172.21.15.153:3300/0,v1:172.21.15.153:6789/0] -- mon_command({"prefix": "mgr module enable", "module": "cephadm"} v 0) v1 -- 0x7fda5c04bed0 con 0x7fda5c101670
2024-03-11T22:53:40.779 INFO:teuthology.orchestra.run.smithi153.stdout:/usr/bin/ceph: stderr
2024-03-11T22:53:40.229+0000 7fda58ff9700 1 -- 172.21.15.153:0/3404712345 <== mon.0 v2:172.21.15.153:3300/0 7 ==== mgrmap(e 5) v1 ==== 43368+0+0 (secure 0 0 0) 0x7fda4c021740 con 0x7fda5c101670
2024-03-11T22:53:40.779 INFO:teuthology.orchestra.run.smithi153.stdout:/usr/bin/ceph: stderr
2024-03-11T22:53:40.231+0000 7fda58ff9700 1 -- 172.21.15.153:0/3404712345 <== mon.0 v2:172.21.15.153:3300/0 8 ==== mon_command_ack([{"prefix": "mgr module enable", "module": "cephadm"}]=0 v5) v1 ==== 86+0+0 (secure 0 0 0) 0x7fda4c02a9a0 con 0x7fda5c101670
2024-03-11T22:53:40.780 INFO:teuthology.orchestra.run.smithi153.stdout:/usr/bin/ceph: stderr
2024-03-11T22:53:40.234+0000 7fda62428700 1 -- 172.21.15.153:0/3404712345 >> [v2:172.21.15.153:6800/2578439373,v1:172.21.15.153:6801/2578439373] conn(0x7fda44036790 msgr2=0x7fda44038c40 secure :-1 s=STATE_CONNECTION_ESTABLISHED l=1).mark_down
2024-03-11T22:53:40.780 INFO:teuthology.orchestra.run.smithi153.stdout:/usr/bin/ceph: stderr
2024-03-11T22:53:40.234+0000 7fda62428700 1 --2- 172.21.15.153:0/3404712345 >> [v2:172.21.15.153:6800/2578439373,v1:172.21.15.153:6801/2578439373] conn(0x7fda44036790 0x7fda44038c40 secure :-1 s=READY pgs=8 cs=0 l=1 rev1=1 crypto rx=0x7fda50009990 tx=0x7fda50006e40 comp rx=0 tx=0).stop
2024-03-11T22:53:40.780 INFO:teuthology.orchestra.run.smithi153.stdout:/usr/bin/ceph: stderr
2024-03-11T22:53:40.234+0000 7fda62428700 1 -- 172.21.15.153:0/3404712345 >> [v2:172.21.15.153:3300/0,v1:172.21.15.153:6789/0] conn(0x7fda5c101670 msgr2=0x7fda5c1136e0 secure :-1 s=STATE_CONNECTION_ESTABLISHED l=1).mark_down
2024-03-11T22:53:40.780 INFO:teuthology.orchestra.run.smithi153.stdout:/usr/bin/ceph: stderr
2024-03-11T22:53:40.234+0000 7fda62428700 1 --2- 172.21.15.153:0/3404712345 >> [v2:172.21.15.153:3300/0,v1:172.21.15.153:6789/0] conn(0x7fda5c101670 0x7fda5c1136e0 secure :-1 s=READY pgs=21 cs=0 l=1 rev1=1 crypto rx=0x7fda4c006b00 tx=0x7fda4c00b4f0 comp rx=0 tx=0).stop
2024-03-11T22:53:40.780 INFO:teuthology.orchestra.run.smithi153.stdout:/usr/bin/ceph: stderr
2024-03-11T22:53:40.234+0000 7fda62428700 1 -- 172.21.15.153:0/3404712345 shutdown_connections
2024-03-11T22:53:40.780 INFO:teuthology.orchestra.run.smithi153.stdout:/usr/bin/ceph: stderr
2024-03-11T22:53:40.234+0000 7fda62428700 1 --2- 172.21.15.153:0/3404712345 >> [v2:172.21.15.153:6800/2578439373,v1:172.21.15.153:6801/2578439373] conn(0x7fda44036790 0x7fda44038c40 unknown :-1 s=CLOSED pgs=8 cs=0 l=1 rev1=1 crypto rx=0 tx=0 comp rx=0 tx=0).stop
2024-03-11T22:53:40.780 INFO:teuthology.orchestra.run.smithi153.stdout:/usr/bin/ceph: stderr
2024-03-11T22:53:40.234+0000 7fda62428700 1 --2- 172.21.15.153:0/3404712345 >> [v2:172.21.15.153:3300/0,v1:172.21.15.153:6789/0] conn(0x7fda5c101670 0x7fda5c1136e0 unknown :-1 s=CLOSED pgs=21 cs=0 l=1 rev1=1 crypto rx=0 tx=0 comp rx=0 tx=0).stop
2024-03-11T22:53:40.780 INFO:teuthology.orchestra.run.smithi153.stdout:/usr/bin/ceph: stderr
2024-03-11T22:53:40.234+0000 7fda62428700 1 -- 172.21.15.153:0/3404712345 >> 172.21.15.153:0/3404712345 conn(0x7fda5c0fcdd0 msgr2=0x7fda5c0ff1d0 unknown :-1 s=STATE_NONE l=0).mark_down
2024-03-11T22:53:40.780 INFO:teuthology.orchestra.run.smithi153.stdout:/usr/bin/ceph: stderr
2024-03-11T22:53:40.235+0000 7fda62428700 1 -- 172.21.15.153:0/3404712345 shutdown_connections
2024-03-11T22:53:40.780 INFO:teuthology.orchestra.run.smithi153.stdout:/usr/bin/ceph: stderr
2024-03-11T22:53:40.235+0000 7fda62428700 1 -- 172.21.15.153:0/3404712345 wait complete.
2024-03-11T22:53:41.425 INFO:journalctl@ceph.mon.smithi153.smithi153.stdout:Mar 11 22:53:41 smithi153 ceph-mon[28962]: from='client.? 172.21.15.153:0/3404712345' entity='client.admin' cmd='[{"prefix": "mgr module enable", "module": "cephadm"}]': finished
2024-03-11T22:53:41.426 INFO:journalctl@ceph.mon.smithi153.smithi153.stdout:Mar 11 22:53:41 smithi153 ceph-mon[28962]: mgrmap e5: smithi153.nyocep(active, since 12s)
2024-03-11T22:53:42.058 INFO:teuthology.orchestra.run.smithi153.stdout:/usr/bin/ceph: stdout {
2024-03-11T22:53:42.058 INFO:teuthology.orchestra.run.smithi153.stdout:/usr/bin/ceph: stdout "epoch": 5,
2024-03-11T22:53:42.058 INFO:teuthology.orchestra.run.smithi153.stdout:/usr/bin/ceph: stdout "available": true,
2024-03-11T22:53:42.058 INFO:teuthology.orchestra.run.smithi153.stdout:/usr/bin/ceph: stdout "active_name": "smithi153.nyocep",
2024-03-11T22:53:42.058 INFO:teuthology.orchestra.run.smithi153.stdout:/usr/bin/ceph: stdout "num_standby": 0
2024-03-11T22:53:42.058 INFO:teuthology.orchestra.run.smithi153.stdout:/usr/bin/ceph: stdout }
2024-03-11T22:53:42.058 INFO:teuthology.orchestra.run.smithi153.stdout:/usr/bin/ceph: stderr
2024-03-11T22:53:41.171+0000 7f7d6ec49700 1 Processor -- start
2024-03-11T22:53:42.059 INFO:teuthology.orchestra.run.smithi153.stdout:/usr/bin/ceph: stderr
2024-03-11T22:53:41.171+0000 7f7d6ec49700 1 -- start start
2024-03-11T22:53:42.059 INFO:teuthology.orchestra.run.smithi153.stdout:/usr/bin/ceph: stderr
2024-03-11T22:53:41.171+0000 7f7d6ec49700 1 --2- >> [v2:172.21.15.153:3300/0,v1:172.21.15.153:6789/0] conn(0x7f7d68102770 0x7f7d68102b80 unknown :-1 s=NONE pgs=0 cs=0 l=0 rev1=0 crypto rx=0 tx=0 comp rx=0 tx=0).connect
2024-03-11T22:53:42.059 INFO:teuthology.orchestra.run.smithi153.stdout:/usr/bin/ceph: stderr
2024-03-11T22:53:41.171+0000 7f7d6ec49700 1 -- --> [v2:172.21.15.153:3300/0,v1:172.21.15.153:6789/0] -- mon_getmap magic: 0 v1 -- 0x7f7d681030c0 con 0x7f7d68102770
2024-03-11T22:53:42.059 INFO:teuthology.orchestra.run.smithi153.stdout:/usr/bin/ceph: stderr
2024-03-11T22:53:41.171+0000 7f7d6c9e5700 1 --2- >> [v2:172.21.15.153:3300/0,v1:172.21.15.153:6789/0] conn(0x7f7d68102770 0x7f7d68102b80 unknown :-1 s=BANNER_CONNECTING pgs=0 cs=0 l=0 rev1=0 crypto rx=0 tx=0 comp rx=0 tx=0)._handle_peer_banner_payload supported=3 required=0
2024-03-11T22:53:42.059 INFO:teuthology.orchestra.run.smithi153.stdout:/usr/bin/ceph: stderr
2024-03-11T22:53:41.171+0000 7f7d6c9e5700 1 --2- >> [v2:172.21.15.153:3300/0,v1:172.21.15.153:6789/0] conn(0x7f7d68102770 0x7f7d68102b80 unknown :-1 s=HELLO_CONNECTING pgs=0 cs=0 l=0 rev1=1 crypto rx=0 tx=0 comp rx=0 tx=0).handle_hello peer v2:172.21.15.153:3300/0 says I am v2:172.21.15.153:54924/0 (socket says 172.21.15.153:54924)
2024-03-11T22:53:42.059 INFO:teuthology.orchestra.run.smithi153.stdout:/usr/bin/ceph: stderr
2024-03-11T22:53:41.171+0000 7f7d6c9e5700 1 -- 172.21.15.153:0/3745060032 learned_addr learned my addr 172.21.15.153:0/3745060032 (peer_addr_for_me v2:172.21.15.153:0/0)
2024-03-11T22:53:42.059 INFO:teuthology.orchestra.run.smithi153.stdout:/usr/bin/ceph: stderr
2024-03-11T22:53:41.171+0000 7f7d6c9e5700 1 -- 172.21.15.153:0/3745060032 --> [v2:172.21.15.153:3300/0,v1:172.21.15.153:6789/0] -- mon_subscribe({config=0+,monmap=0+}) v3 -- 0x7f7d68103200 con 0x7f7d68102770
2024-03-11T22:53:42.059 INFO:teuthology.orchestra.run.smithi153.stdout:/usr/bin/ceph: stderr
2024-03-11T22:53:41.171+0000 7f7d6c9e5700 1 --2- 172.21.15.153:0/3745060032 >> [v2:172.21.15.153:3300/0,v1:172.21.15.153:6789/0] conn(0x7f7d68102770 0x7f7d68102b80 secure :-1 s=READY pgs=24 cs=0 l=1 rev1=1 crypto rx=0x7f7d5c0098e0 tx=0x7f7d5c009250 comp rx=0 tx=0).ready entity=mon.0 client_cookie=c70175114556e688 server_cookie=0 in_seq=0 out_seq=0
2024-03-11T22:53:42.059 INFO:teuthology.orchestra.run.smithi153.stdout:/usr/bin/ceph: stderr
2024-03-11T22:53:41.172+0000 7f7d677fe700 1 -- 172.21.15.153:0/3745060032 <== mon.0 v2:172.21.15.153:3300/0 1 ==== mon_map magic: 0 v1 ==== 229+0+0 (secure 0 0 0) 0x7f7d5c00b860 con 0x7f7d68102770
2024-03-11T22:53:42.059 INFO:teuthology.orchestra.run.smithi153.stdout:/usr/bin/ceph: stderr
2024-03-11T22:53:41.172+0000 7f7d677fe700 1 -- 172.21.15.153:0/3745060032 <== mon.0 v2:172.21.15.153:3300/0 2 ==== config(27 keys) v1 ==== 1044+0+0 (secure 0 0 0) 0x7f7d5c00be50 con 0x7f7d68102770
2024-03-11T22:53:42.059 INFO:teuthology.orchestra.run.smithi153.stdout:/usr/bin/ceph: stderr
2024-03-11T22:53:41.172+0000 7f7d677fe700 1 -- 172.21.15.153:0/3745060032 <== mon.0 v2:172.21.15.153:3300/0 3 ==== mon_map magic: 0 v1 ==== 229+0+0 (secure 0 0 0) 0x7f7d5c010380 con 0x7f7d68102770
2024-03-11T22:53:42.059 INFO:teuthology.orchestra.run.smithi153.stdout:/usr/bin/ceph: stderr
2024-03-11T22:53:41.172+0000 7f7d6ec49700 1 -- 172.21.15.153:0/3745060032 >> [v2:172.21.15.153:3300/0,v1:172.21.15.153:6789/0] conn(0x7f7d68102770 msgr2=0x7f7d68102b80 secure :-1 s=STATE_CONNECTION_ESTABLISHED l=1).mark_down
2024-03-11T22:53:42.059 INFO:teuthology.orchestra.run.smithi153.stdout:/usr/bin/ceph: stderr
2024-03-11T22:53:41.172+0000 7f7d6ec49700 1 --2- 172.21.15.153:0/3745060032 >> [v2:172.21.15.153:3300/0,v1:172.21.15.153:6789/0] conn(0x7f7d68102770 0x7f7d68102b80 secure :-1 s=READY pgs=24 cs=0 l=1 rev1=1 crypto rx=0x7f7d5c0098e0 tx=0x7f7d5c009250 comp rx=0 tx=0).stop
2024-03-11T22:53:42.060 INFO:teuthology.orchestra.run.smithi153.stdout:/usr/bin/ceph: stderr
2024-03-11T22:53:41.172+0000 7f7d6ec49700 1 -- 172.21.15.153:0/3745060032 shutdown_connections
2024-03-11T22:53:42.060 INFO:teuthology.orchestra.run.smithi153.stdout:/usr/bin/ceph: stderr
2024-03-11T22:53:41.172+0000 7f7d6ec49700 1 --2- 172.21.15.153:0/3745060032 >> [v2:172.21.15.153:3300/0,v1:172.21.15.153:6789/0] conn(0x7f7d68102770 0x7f7d68102b80 unknown :-1 s=CLOSED pgs=24 cs=0 l=1 rev1=1 crypto rx=0 tx=0 comp rx=0 tx=0).stop
2024-03-11T22:53:42.060 INFO:teuthology.orchestra.run.smithi153.stdout:/usr/bin/ceph: stderr
2024-03-11T22:53:41.172+0000 7f7d6ec49700 1 -- 172.21.15.153:0/3745060032 >> 172.21.15.153:0/3745060032 conn(0x7f7d680fded0 msgr2=0x7f7d68100300 unknown :-1 s=STATE_NONE l=0).mark_down
2024-03-11T22:53:42.060 INFO:teuthology.orchestra.run.smithi153.stdout:/usr/bin/ceph: stderr
2024-03-11T22:53:41.173+0000 7f7d6ec49700 1 -- 172.21.15.153:0/3745060032 shutdown_connections
2024-03-11T22:53:42.060 INFO:teuthology.orchestra.run.smithi153.stdout:/usr/bin/ceph: stderr
2024-03-11T22:53:41.173+0000 7f7d6ec49700 1 -- 172.21.15.153:0/3745060032 wait complete.
2024-03-11T22:53:42.060 INFO:teuthology.orchestra.run.smithi153.stdout:/usr/bin/ceph: stderr
2024-03-11T22:53:41.173+0000 7f7d6ec49700 1 Processor -- start
2024-03-11T22:53:42.060 INFO:teuthology.orchestra.run.smithi153.stdout:/usr/bin/ceph: stderr
2024-03-11T22:53:41.173+0000 7f7d6ec49700 1 -- start start
2024-03-11T22:53:42.060 INFO:teuthology.orchestra.run.smithi153.stdout:/usr/bin/ceph: stderr
2024-03-11T22:53:41.173+0000 7f7d6ec49700 1 --2- >> [v2:172.21.15.153:3300/0,v1:172.21.15.153:6789/0] conn(0x7f7d68102770 0x7f7d68111500 unknown :-1 s=NONE pgs=0 cs=0 l=1 rev1=0 crypto rx=0 tx=0 comp rx=0 tx=0).connect
2024-03-11T22:53:42.060 INFO:teuthology.orchestra.run.smithi153.stdout:/usr/bin/ceph: stderr
2024-03-11T22:53:41.173+0000 7f7d6ec49700 1 -- --> [v2:172.21.15.153:3300/0,v1:172.21.15.153:6789/0] -- mon_getmap magic: 0 v1 -- 0x7f7d68111a40 con 0x7f7d68102770
2024-03-11T22:53:42.060 INFO:teuthology.orchestra.run.smithi153.stdout:/usr/bin/ceph: stderr
2024-03-11T22:53:41.173+0000 7f7d6c9e5700 1 --2- >> [v2:172.21.15.153:3300/0,v1:172.21.15.153:6789/0] conn(0x7f7d68102770 0x7f7d68111500 unknown :-1 s=BANNER_CONNECTING pgs=0 cs=0 l=1 rev1=0 crypto rx=0 tx=0 comp rx=0 tx=0)._handle_peer_banner_payload supported=3 required=0
2024-03-11T22:53:42.060 INFO:teuthology.orchestra.run.smithi153.stdout:/usr/bin/ceph: stderr
2024-03-11T22:53:41.173+0000 7f7d6c9e5700 1 --2- >> [v2:172.21.15.153:3300/0,v1:172.21.15.153:6789/0] conn(0x7f7d68102770 0x7f7d68111500 unknown :-1 s=HELLO_CONNECTING pgs=0 cs=0 l=1 rev1=1 crypto rx=0 tx=0 comp rx=0 tx=0).handle_hello peer v2:172.21.15.153:3300/0 says I am v2:172.21.15.153:54932/0 (socket says 172.21.15.153:54932)
2024-03-11T22:53:42.060 INFO:teuthology.orchestra.run.smithi153.stdout:/usr/bin/ceph: stderr
2024-03-11T22:53:41.173+0000 7f7d6c9e5700 1 -- 172.21.15.153:0/2306953359 learned_addr learned my addr 172.21.15.153:0/2306953359 (peer_addr_for_me v2:172.21.15.153:0/0)
2024-03-11T22:53:42.060 INFO:teuthology.orchestra.run.smithi153.stdout:/usr/bin/ceph: stderr
2024-03-11T22:53:41.174+0000 7f7d6c9e5700 1 -- 172.21.15.153:0/2306953359 --> [v2:172.21.15.153:3300/0,v1:172.21.15.153:6789/0] -- mon_subscribe({config=0+,monmap=0+}) v3 -- 0x7f7d5c0094f0 con 0x7f7d68102770
2024-03-11T22:53:42.060 INFO:teuthology.orchestra.run.smithi153.stdout:/usr/bin/ceph: stderr
2024-03-11T22:53:41.174+0000 7f7d6c9e5700 1 --2- 172.21.15.153:0/2306953359 >> [v2:172.21.15.153:3300/0,v1:172.21.15.153:6789/0] conn(0x7f7d68102770 0x7f7d68111500 secure :-1 s=READY pgs=25 cs=0 l=1 rev1=1 crypto rx=0x7f7d5c00b440 tx=0x7f7d5c009250 comp rx=0 tx=0).ready entity=mon.0 client_cookie=0 server_cookie=0 in_seq=0 out_seq=0
2024-03-11T22:53:42.060 INFO:teuthology.orchestra.run.smithi153.stdout:/usr/bin/ceph: stderr
2024-03-11T22:53:41.174+0000 7f7d657fa700 1 -- 172.21.15.153:0/2306953359 <== mon.0 v2:172.21.15.153:3300/0 1 ==== mon_map magic: 0 v1 ==== 229+0+0 (secure 0 0 0) 0x7f7d5c0107c0 con 0x7f7d68102770
2024-03-11T22:53:42.061 INFO:teuthology.orchestra.run.smithi153.stdout:/usr/bin/ceph: stderr
2024-03-11T22:53:41.174+0000 7f7d657fa700 1 -- 172.21.15.153:0/2306953359 <== mon.0 v2:172.21.15.153:3300/0 2 ==== config(27 keys) v1 ==== 1044+0+0 (secure 0 0 0) 0x7f7d5c010db0 con 0x7f7d68102770
2024-03-11T22:53:42.061 INFO:teuthology.orchestra.run.smithi153.stdout:/usr/bin/ceph: stderr
2024-03-11T22:53:41.174+0000 7f7d6ec49700 1 -- 172.21.15.153:0/2306953359 --> [v2:172.21.15.153:3300/0,v1:172.21.15.153:6789/0] -- mon_subscribe({mgrmap=0+}) v3 -- 0x7f7d68111c40 con 0x7f7d68102770
2024-03-11T22:53:42.061 INFO:teuthology.orchestra.run.smithi153.stdout:/usr/bin/ceph: stderr
2024-03-11T22:53:41.174+0000 7f7d657fa700 1 -- 172.21.15.153:0/2306953359 <== mon.0 v2:172.21.15.153:3300/0 3 ==== mon_map magic: 0 v1 ==== 229+0+0 (secure 0 0 0) 0x7f7d5c01ada0 con 0x7f7d68102770
2024-03-11T22:53:42.061 INFO:teuthology.orchestra.run.smithi153.stdout:/usr/bin/ceph: stderr
