2024-03-12T01:26:27.881 INFO:teuthology.orchestra.run.smithi060.stderr:/usr/bin/ceph: "epoch": 1,
2024-03-12T01:26:27.881 INFO:teuthology.orchestra.run.smithi060.stderr:/usr/bin/ceph: "modified": "2024-03-12T01:26:15.284515+0000",
2024-03-12T01:26:27.881 INFO:teuthology.orchestra.run.smithi060.stderr:/usr/bin/ceph: "services": {}
2024-03-12T01:26:27.881 INFO:teuthology.orchestra.run.smithi060.stderr:/usr/bin/ceph: },
2024-03-12T01:26:27.881 INFO:teuthology.orchestra.run.smithi060.stderr:/usr/bin/ceph: "progress_events": {}
2024-03-12T01:26:27.881 INFO:teuthology.orchestra.run.smithi060.stderr:/usr/bin/ceph: }
2024-03-12T01:26:27.881 INFO:teuthology.orchestra.run.smithi060.stderr:/usr/bin/ceph:
2024-03-12T01:26:27.890+0000 7f100c4d1700 1 -- 172.21.15.60:0/2484327255 >> [v2:172.21.15.60:3300/0,v1:172.21.15.60:6789/0] conn(0x7f1004071be0 msgr2=0x7f100410be20 secure :-1 s=STATE_CONNECTION_ESTABLISHED l=1).mark_down
2024-03-12T01:26:27.881 INFO:teuthology.orchestra.run.smithi060.stderr:/usr/bin/ceph:
2024-03-12T01:26:27.890+0000 7f100c4d1700 1 --2- 172.21.15.60:0/2484327255 >> [v2:172.21.15.60:3300/0,v1:172.21.15.60:6789/0] conn(0x7f1004071be0 0x7f100410be20 secure :-1 s=READY pgs=8 cs=0 l=1 rev1=1 rx=0x7f1000000c00 tx=0x7f10000090f0).stop
2024-03-12T01:26:27.881 INFO:teuthology.orchestra.run.smithi060.stderr:/usr/bin/ceph:
2024-03-12T01:26:27.890+0000 7f100c4d1700 1 -- 172.21.15.60:0/2484327255 shutdown_connections
2024-03-12T01:26:27.881 INFO:teuthology.orchestra.run.smithi060.stderr:/usr/bin/ceph:
2024-03-12T01:26:27.890+0000 7f100c4d1700 1 --2- 172.21.15.60:0/2484327255 >> [v2:172.21.15.60:3300/0,v1:172.21.15.60:6789/0] conn(0x7f1004071be0 0x7f100410be20 unknown :-1 s=CLOSED pgs=8 cs=0 l=1 rev1=1 rx=0 tx=0).stop
2024-03-12T01:26:27.881 INFO:teuthology.orchestra.run.smithi060.stderr:/usr/bin/ceph:
2024-03-12T01:26:27.890+0000 7f100c4d1700 1 -- 172.21.15.60:0/2484327255 >> 172.21.15.60:0/2484327255 conn(0x7f10040f76f0 msgr2=0x7f10040f91b0 unknown :-1 s=STATE_NONE l=0).mark_down
2024-03-12T01:26:27.882 INFO:teuthology.orchestra.run.smithi060.stderr:/usr/bin/ceph:
2024-03-12T01:26:27.890+0000 7f100c4d1700 1 -- 172.21.15.60:0/2484327255 shutdown_connections
2024-03-12T01:26:27.882 INFO:teuthology.orchestra.run.smithi060.stderr:/usr/bin/ceph:
2024-03-12T01:26:27.890+0000 7f100c4d1700 1 -- 172.21.15.60:0/2484327255 wait complete.
2024-03-12T01:26:28.153 INFO:journalctl@ceph.mon.smithi060.smithi060.stdout:Mar 12 01:26:27 smithi060 ceph-6a39a11c-e00f-11ee-95c8-87774f69a715-mon-smithi060[39658]: audit
2024-03-12T01:26:27.890138+0000 mon.smithi060 (mon.0) 8 : audit [DBG] from='client.? 172.21.15.60:0/2484327255' entity='client.admin' cmd=[{"prefix": "status", "format": "json-pretty"}]: dispatch
2024-03-12T01:26:28.481 INFO:teuthology.orchestra.run.smithi060.stderr:mgr not available, waiting (2/15)...
2024-03-12T01:26:29.343 INFO:journalctl@ceph.mon.smithi060.smithi060.stdout:Mar 12 01:26:28 smithi060 ceph-6a39a11c-e00f-11ee-95c8-87774f69a715-mon-smithi060[39658]: cluster
2024-03-12T01:26:28.173368+0000 mon.smithi060 (mon.0) 9 : cluster [INF] Activating manager daemon smithi060.wsvjgw
2024-03-12T01:26:29.343 INFO:journalctl@ceph.mon.smithi060.smithi060.stdout:Mar 12 01:26:28 smithi060 ceph-6a39a11c-e00f-11ee-95c8-87774f69a715-mon-smithi060[39658]: cluster
2024-03-12T01:26:28.176222+0000 mon.smithi060 (mon.0) 10 : cluster [DBG] mgrmap e2: smithi060.wsvjgw(active, starting, since 0.00293399s)
2024-03-12T01:26:29.343 INFO:journalctl@ceph.mon.smithi060.smithi060.stdout:Mar 12 01:26:28 smithi060 ceph-6a39a11c-e00f-11ee-95c8-87774f69a715-mon-smithi060[39658]: audit
2024-03-12T01:26:28.177167+0000 mon.smithi060 (mon.0) 11 : audit [DBG] from='mgr.14100 172.21.15.60:0/812511396' entity='mgr.smithi060.wsvjgw' cmd=[{"prefix": "mds metadata"}]: dispatch
2024-03-12T01:26:29.343 INFO:journalctl@ceph.mon.smithi060.smithi060.stdout:Mar 12 01:26:28 smithi060 ceph-6a39a11c-e00f-11ee-95c8-87774f69a715-mon-smithi060[39658]: audit
2024-03-12T01:26:28.177370+0000 mon.smithi060 (mon.0) 12 : audit [DBG] from='mgr.14100 172.21.15.60:0/812511396' entity='mgr.smithi060.wsvjgw' cmd=[{"prefix": "osd metadata"}]: dispatch
2024-03-12T01:26:29.343 INFO:journalctl@ceph.mon.smithi060.smithi060.stdout:Mar 12 01:26:28 smithi060 ceph-6a39a11c-e00f-11ee-95c8-87774f69a715-mon-smithi060[39658]: audit
2024-03-12T01:26:28.177548+0000 mon.smithi060 (mon.0) 13 : audit [DBG] from='mgr.14100 172.21.15.60:0/812511396' entity='mgr.smithi060.wsvjgw' cmd=[{"prefix": "mon metadata"}]: dispatch
2024-03-12T01:26:29.344 INFO:journalctl@ceph.mon.smithi060.smithi060.stdout:Mar 12 01:26:28 smithi060 ceph-6a39a11c-e00f-11ee-95c8-87774f69a715-mon-smithi060[39658]: audit
2024-03-12T01:26:28.177734+0000 mon.smithi060 (mon.0) 14 : audit [DBG] from='mgr.14100 172.21.15.60:0/812511396' entity='mgr.smithi060.wsvjgw' cmd=[{"prefix": "mon metadata", "id": "smithi060"}]: dispatch
2024-03-12T01:26:29.344 INFO:journalctl@ceph.mon.smithi060.smithi060.stdout:Mar 12 01:26:28 smithi060 ceph-6a39a11c-e00f-11ee-95c8-87774f69a715-mon-smithi060[39658]: audit
2024-03-12T01:26:28.177912+0000 mon.smithi060 (mon.0) 15 : audit [DBG] from='mgr.14100 172.21.15.60:0/812511396' entity='mgr.smithi060.wsvjgw' cmd=[{"prefix": "mgr metadata", "who": "smithi060.wsvjgw", "id": "smithi060.wsvjgw"}]: dispatch
2024-03-12T01:26:29.344 INFO:journalctl@ceph.mon.smithi060.smithi060.stdout:Mar 12 01:26:28 smithi060 ceph-6a39a11c-e00f-11ee-95c8-87774f69a715-mon-smithi060[39658]: cluster
2024-03-12T01:26:28.191239+0000 mon.smithi060 (mon.0) 16 : cluster [INF] Manager daemon smithi060.wsvjgw is now available
2024-03-12T01:26:29.344 INFO:journalctl@ceph.mon.smithi060.smithi060.stdout:Mar 12 01:26:28 smithi060 ceph-6a39a11c-e00f-11ee-95c8-87774f69a715-mon-smithi060[39658]: audit
2024-03-12T01:26:28.201077+0000 mon.smithi060 (mon.0) 17 : audit [INF] from='mgr.14100 172.21.15.60:0/812511396' entity='mgr.smithi060.wsvjgw'
2024-03-12T01:26:29.344 INFO:journalctl@ceph.mon.smithi060.smithi060.stdout:Mar 12 01:26:28 smithi060 ceph-6a39a11c-e00f-11ee-95c8-87774f69a715-mon-smithi060[39658]: audit
2024-03-12T01:26:28.206734+0000 mon.smithi060 (mon.0) 18 : audit [INF] from='mgr.14100 172.21.15.60:0/812511396' entity='mgr.smithi060.wsvjgw' cmd=[{"prefix":"config rm","who":"mgr","name":"mgr/rbd_support/smithi060.wsvjgw/mirror_snapshot_schedule"}]: dispatch
2024-03-12T01:26:29.344 INFO:journalctl@ceph.mon.smithi060.smithi060.stdout:Mar 12 01:26:28 smithi060 ceph-6a39a11c-e00f-11ee-95c8-87774f69a715-mon-smithi060[39658]: audit
2024-03-12T01:26:28.209400+0000 mon.smithi060 (mon.0) 19 : audit [INF] from='mgr.14100 172.21.15.60:0/812511396' entity='mgr.smithi060.wsvjgw' cmd=[{"prefix":"config rm","who":"mgr","name":"mgr/rbd_support/smithi060.wsvjgw/trash_purge_schedule"}]: dispatch
2024-03-12T01:26:29.344 INFO:journalctl@ceph.mon.smithi060.smithi060.stdout:Mar 12 01:26:28 smithi060 ceph-6a39a11c-e00f-11ee-95c8-87774f69a715-mon-smithi060[39658]: audit
2024-03-12T01:26:28.212265+0000 mon.smithi060 (mon.0) 20 : audit [INF] from='mgr.14100 172.21.15.60:0/812511396' entity='mgr.smithi060.wsvjgw'
2024-03-12T01:26:29.344 INFO:journalctl@ceph.mon.smithi060.smithi060.stdout:Mar 12 01:26:28 smithi060 ceph-6a39a11c-e00f-11ee-95c8-87774f69a715-mon-smithi060[39658]: audit
2024-03-12T01:26:28.214241+0000 mon.smithi060 (mon.0) 21 : audit [INF] from='mgr.14100 172.21.15.60:0/812511396' entity='mgr.smithi060.wsvjgw'
2024-03-12T01:26:30.593 INFO:journalctl@ceph.mon.smithi060.smithi060.stdout:Mar 12 01:26:30 smithi060 ceph-6a39a11c-e00f-11ee-95c8-87774f69a715-mon-smithi060[39658]: cluster
2024-03-12T01:26:29.179586+0000 mon.smithi060 (mon.0) 22 : cluster [DBG] mgrmap e3: smithi060.wsvjgw(active, since 1.00629s)
2024-03-12T01:26:30.995 INFO:teuthology.orchestra.run.smithi060.stderr:/usr/bin/ceph:
2024-03-12T01:26:31.011+0000 7fbcd73c1700 1 Processor -- start
2024-03-12T01:26:30.995 INFO:teuthology.orchestra.run.smithi060.stderr:/usr/bin/ceph:
2024-03-12T01:26:31.012+0000 7fbcd73c1700 1 -- start start
2024-03-12T01:26:30.995 INFO:teuthology.orchestra.run.smithi060.stderr:/usr/bin/ceph:
2024-03-12T01:26:31.012+0000 7fbcd73c1700 1 --2- >> [v2:172.21.15.60:3300/0,v1:172.21.15.60:6789/0] conn(0x7fbcd0071c60 0x7fbcd00ffc70 unknown :-1 s=NONE pgs=0 cs=0 l=0 rev1=0 rx=0 tx=0).connect
2024-03-12T01:26:30.995 INFO:teuthology.orchestra.run.smithi060.stderr:/usr/bin/ceph:
2024-03-12T01:26:31.012+0000 7fbcd73c1700 1 -- --> [v2:172.21.15.60:3300/0,v1:172.21.15.60:6789/0] -- mon_getmap magic: 0 v1 -- 0x7fbcd0100160 con 0x7fbcd0071c60
2024-03-12T01:26:30.995 INFO:teuthology.orchestra.run.smithi060.stderr:/usr/bin/ceph:
2024-03-12T01:26:31.012+0000 7fbcd515d700 1 --2- >> [v2:172.21.15.60:3300/0,v1:172.21.15.60:6789/0] conn(0x7fbcd0071c60 0x7fbcd00ffc70 unknown :-1 s=BANNER_CONNECTING pgs=0 cs=0 l=0 rev1=0 rx=0 tx=0)._handle_peer_banner_payload supported=1 required=0
2024-03-12T01:26:30.995 INFO:teuthology.orchestra.run.smithi060.stderr:/usr/bin/ceph:
2024-03-12T01:26:31.012+0000 7fbcd515d700 1 --2- >> [v2:172.21.15.60:3300/0,v1:172.21.15.60:6789/0] conn(0x7fbcd0071c60 0x7fbcd00ffc70 unknown :-1 s=HELLO_CONNECTING pgs=0 cs=0 l=0 rev1=1 rx=0 tx=0).handle_hello peer v2:172.21.15.60:3300/0 says I am v2:172.21.15.60:35290/0 (socket says 172.21.15.60:35290)
2024-03-12T01:26:30.995 INFO:teuthology.orchestra.run.smithi060.stderr:/usr/bin/ceph:
2024-03-12T01:26:31.012+0000 7fbcd515d700 1 -- 172.21.15.60:0/2455640845 learned_addr learned my addr 172.21.15.60:0/2455640845 (peer_addr_for_me v2:172.21.15.60:0/0)
2024-03-12T01:26:30.995 INFO:teuthology.orchestra.run.smithi060.stderr:/usr/bin/ceph:
2024-03-12T01:26:31.012+0000 7fbcd515d700 1 -- 172.21.15.60:0/2455640845 --> [v2:172.21.15.60:3300/0,v1:172.21.15.60:6789/0] -- mon_subscribe({config=0+,monmap=0+}) v3 -- 0x7fbcd01002a0 con 0x7fbcd0071c60
2024-03-12T01:26:30.995 INFO:teuthology.orchestra.run.smithi060.stderr:/usr/bin/ceph:
2024-03-12T01:26:31.013+0000 7fbcd515d700 1 --2- 172.21.15.60:0/2455640845 >> [v2:172.21.15.60:3300/0,v1:172.21.15.60:6789/0] conn(0x7fbcd0071c60 0x7fbcd00ffc70 secure :-1 s=READY pgs=14 cs=0 l=1 rev1=1 rx=0x7fbccc009730 tx=0x7fbccc0090f0).ready entity=mon.0 client_cookie=218488f58265dd25 server_cookie=0 in_seq=0 out_seq=0
2024-03-12T01:26:30.996 INFO:teuthology.orchestra.run.smithi060.stderr:/usr/bin/ceph:
2024-03-12T01:26:31.013+0000 7fbcc3fff700 1 -- 172.21.15.60:0/2455640845 <== mon.0 v2:172.21.15.60:3300/0 1 ==== mon_map magic: 0 v1 ==== 229+0+0 (secure 0 0 0) 0x7fbccc00b6e0 con 0x7fbcd0071c60
2024-03-12T01:26:30.996 INFO:teuthology.orchestra.run.smithi060.stderr:/usr/bin/ceph:
2024-03-12T01:26:31.013+0000 7fbcc3fff700 1 -- 172.21.15.60:0/2455640845 <== mon.0 v2:172.21.15.60:3300/0 2 ==== config(25 keys) v1 ==== 982+0+0 (secure 0 0 0) 0x7fbccc00bc90 con 0x7fbcd0071c60
2024-03-12T01:26:30.996 INFO:teuthology.orchestra.run.smithi060.stderr:/usr/bin/ceph:
2024-03-12T01:26:31.013+0000 7fbcc3fff700 1 -- 172.21.15.60:0/2455640845 <== mon.0 v2:172.21.15.60:3300/0 3 ==== mon_map magic: 0 v1 ==== 229+0+0 (secure 0 0 0) 0x7fbccc011c70 con 0x7fbcd0071c60
2024-03-12T01:26:30.998 INFO:teuthology.orchestra.run.smithi060.stderr:/usr/bin/ceph:
2024-03-12T01:26:31.014+0000 7fbcd73c1700 1 -- 172.21.15.60:0/2455640845 >> [v2:172.21.15.60:3300/0,v1:172.21.15.60:6789/0] conn(0x7fbcd0071c60 msgr2=0x7fbcd00ffc70 secure :-1 s=STATE_CONNECTION_ESTABLISHED l=1).mark_down
2024-03-12T01:26:30.998 INFO:teuthology.orchestra.run.smithi060.stderr:/usr/bin/ceph:
2024-03-12T01:26:31.014+0000 7fbcd73c1700 1 --2- 172.21.15.60:0/2455640845 >> [v2:172.21.15.60:3300/0,v1:172.21.15.60:6789/0] conn(0x7fbcd0071c60 0x7fbcd00ffc70 secure :-1 s=READY pgs=14 cs=0 l=1 rev1=1 rx=0x7fbccc009730 tx=0x7fbccc0090f0).stop
2024-03-12T01:26:30.998 INFO:teuthology.orchestra.run.smithi060.stderr:/usr/bin/ceph:
2024-03-12T01:26:31.014+0000 7fbcd73c1700 1 -- 172.21.15.60:0/2455640845 shutdown_connections
2024-03-12T01:26:30.998 INFO:teuthology.orchestra.run.smithi060.stderr:/usr/bin/ceph:
2024-03-12T01:26:31.014+0000 7fbcd73c1700 1 --2- 172.21.15.60:0/2455640845 >> [v2:172.21.15.60:3300/0,v1:172.21.15.60:6789/0] conn(0x7fbcd0071c60 0x7fbcd00ffc70 unknown :-1 s=CLOSED pgs=14 cs=0 l=1 rev1=1 rx=0 tx=0).stop
2024-03-12T01:26:30.998 INFO:teuthology.orchestra.run.smithi060.stderr:/usr/bin/ceph:
2024-03-12T01:26:31.014+0000 7fbcd73c1700 1 -- 172.21.15.60:0/2455640845 >> 172.21.15.60:0/2455640845 conn(0x7fbcd00f7750 msgr2=0x7fbcd00f9b70 unknown :-1 s=STATE_NONE l=0).mark_down
2024-03-12T01:26:30.998 INFO:teuthology.orchestra.run.smithi060.stderr:/usr/bin/ceph:
2024-03-12T01:26:31.014+0000 7fbcd73c1700 1 -- 172.21.15.60:0/2455640845 shutdown_connections
2024-03-12T01:26:30.998 INFO:teuthology.orchestra.run.smithi060.stderr:/usr/bin/ceph:
2024-03-12T01:26:31.014+0000 7fbcd73c1700 1 -- 172.21.15.60:0/2455640845 wait complete.
2024-03-12T01:26:30.998 INFO:teuthology.orchestra.run.smithi060.stderr:/usr/bin/ceph:
2024-03-12T01:26:31.015+0000 7fbcd73c1700 1 Processor -- start
2024-03-12T01:26:30.999 INFO:teuthology.orchestra.run.smithi060.stderr:/usr/bin/ceph:
2024-03-12T01:26:31.015+0000 7fbcd73c1700 1 -- start start
2024-03-12T01:26:30.999 INFO:teuthology.orchestra.run.smithi060.stderr:/usr/bin/ceph:
2024-03-12T01:26:31.015+0000 7fbcd73c1700 1 --2- >> [v2:172.21.15.60:3300/0,v1:172.21.15.60:6789/0] conn(0x7fbcd0071c60 0x7fbcd010bda0 unknown :-1 s=NONE pgs=0 cs=0 l=1 rev1=0 rx=0 tx=0).connect
2024-03-12T01:26:30.999 INFO:teuthology.orchestra.run.smithi060.stderr:/usr/bin/ceph:
2024-03-12T01:26:31.015+0000 7fbcd73c1700 1 -- --> [v2:172.21.15.60:3300/0,v1:172.21.15.60:6789/0] -- mon_getmap magic: 0 v1 -- 0x7fbcd010c290 con 0x7fbcd0071c60
2024-03-12T01:26:30.999 INFO:teuthology.orchestra.run.smithi060.stderr:/usr/bin/ceph:
2024-03-12T01:26:31.015+0000 7fbcd515d700 1 --2- >> [v2:172.21.15.60:3300/0,v1:172.21.15.60:6789/0] conn(0x7fbcd0071c60 0x7fbcd010bda0 unknown :-1 s=BANNER_CONNECTING pgs=0 cs=0 l=1 rev1=0 rx=0 tx=0)._handle_peer_banner_payload supported=1 required=0
2024-03-12T01:26:30.999 INFO:teuthology.orchestra.run.smithi060.stderr:/usr/bin/ceph:
2024-03-12T01:26:31.015+0000 7fbcd515d700 1 --2- >> [v2:172.21.15.60:3300/0,v1:172.21.15.60:6789/0] conn(0x7fbcd0071c60 0x7fbcd010bda0 unknown :-1 s=HELLO_CONNECTING pgs=0 cs=0 l=1 rev1=1 rx=0 tx=0).handle_hello peer v2:172.21.15.60:3300/0 says I am v2:172.21.15.60:35296/0 (socket says 172.21.15.60:35296)
2024-03-12T01:26:30.999 INFO:teuthology.orchestra.run.smithi060.stderr:/usr/bin/ceph:
2024-03-12T01:26:31.015+0000 7fbcd515d700 1 -- 172.21.15.60:0/1175594440 learned_addr learned my addr 172.21.15.60:0/1175594440 (peer_addr_for_me v2:172.21.15.60:0/0)
2024-03-12T01:26:30.999 INFO:teuthology.orchestra.run.smithi060.stderr:/usr/bin/ceph:
2024-03-12T01:26:31.015+0000 7fbcd515d700 1 -- 172.21.15.60:0/1175594440 --> [v2:172.21.15.60:3300/0,v1:172.21.15.60:6789/0] -- mon_subscribe({config=0+,monmap=0+}) v3 -- 0x7fbccc009370 con 0x7fbcd0071c60
2024-03-12T01:26:30.999 INFO:teuthology.orchestra.run.smithi060.stderr:/usr/bin/ceph:
2024-03-12T01:26:31.015+0000 7fbcd515d700 1 --2- 172.21.15.60:0/1175594440 >> [v2:172.21.15.60:3300/0,v1:172.21.15.60:6789/0] conn(0x7fbcd0071c60 0x7fbcd010bda0 secure :-1 s=READY pgs=15 cs=0 l=1 rev1=1 rx=0x7fbccc009330 tx=0x7fbccc0090f0).ready entity=mon.0 client_cookie=0 server_cookie=0 in_seq=0 out_seq=0
2024-03-12T01:26:30.999 INFO:teuthology.orchestra.run.smithi060.stderr:/usr/bin/ceph:
2024-03-12T01:26:31.016+0000 7fbcc27fc700 1 -- 172.21.15.60:0/1175594440 <== mon.0 v2:172.21.15.60:3300/0 1 ==== mon_map magic: 0 v1 ==== 229+0+0 (secure 0 0 0) 0x7fbccc01a610 con 0x7fbcd0071c60
2024-03-12T01:26:30.999 INFO:teuthology.orchestra.run.smithi060.stderr:/usr/bin/ceph:
2024-03-12T01:26:31.016+0000 7fbcc27fc700 1 -- 172.21.15.60:0/1175594440 <== mon.0 v2:172.21.15.60:3300/0 2 ==== config(25 keys) v1 ==== 982+0+0 (secure 0 0 0) 0x7fbccc01abc0 con 0x7fbcd0071c60
2024-03-12T01:26:30.999 INFO:teuthology.orchestra.run.smithi060.stderr:/usr/bin/ceph:
2024-03-12T01:26:31.016+0000 7fbcc27fc700 1 -- 172.21.15.60:0/1175594440 <== mon.0 v2:172.21.15.60:3300/0 3 ==== mon_map magic: 0 v1 ==== 229+0+0 (secure 0 0 0) 0x7fbccc022ac0 con 0x7fbcd0071c60
2024-03-12T01:26:30.999 INFO:teuthology.orchestra.run.smithi060.stderr:/usr/bin/ceph:
2024-03-12T01:26:31.016+0000 7fbcd73c1700 1 -- 172.21.15.60:0/1175594440 --> [v2:172.21.15.60:3300/0,v1:172.21.15.60:6789/0] -- mon_subscribe({mgrmap=0+}) v3 -- 0x7fbcd010c490 con 0x7fbcd0071c60
2024-03-12T01:26:30.999 INFO:teuthology.orchestra.run.smithi060.stderr:/usr/bin/ceph:
2024-03-12T01:26:31.016+0000 7fbcd73c1700 1 -- 172.21.15.60:0/1175594440 --> [v2:172.21.15.60:3300/0,v1:172.21.15.60:6789/0] -- mon_subscribe({osdmap=0}) v3 -- 0x7fbcd010c8a0 con 0x7fbcd0071c60
2024-03-12T01:26:31.000 INFO:teuthology.orchestra.run.smithi060.stderr:/usr/bin/ceph:
2024-03-12T01:26:31.016+0000 7fbcc27fc700 1 -- 172.21.15.60:0/1175594440 <== mon.0 v2:172.21.15.60:3300/0 4 ==== mgrmap(e 3) v1 ==== 38515+0+0 (secure 0 0 0) 0x7fbccc022cf0 con 0x7fbcd0071c60
2024-03-12T01:26:31.000 INFO:teuthology.orchestra.run.smithi060.stderr:/usr/bin/ceph:
2024-03-12T01:26:31.017+0000 7fbcc27fc700 1 --2- 172.21.15.60:0/1175594440 >> [v2:172.21.15.60:6800/3708243149,v1:172.21.15.60:6801/3708243149] conn(0x7fbcbc0324c0 0x7fbcbc034980 unknown :-1 s=NONE pgs=0 cs=0 l=1 rev1=0 rx=0 tx=0).connect
2024-03-12T01:26:31.000 INFO:teuthology.orchestra.run.smithi060.stderr:/usr/bin/ceph:
2024-03-12T01:26:31.017+0000 7fbcc27fc700 1 -- 172.21.15.60:0/1175594440 <== mon.0 v2:172.21.15.60:3300/0 5 ==== osd_map(1..1 src has 1..1) v4 ==== 721+0+0 (secure 0 0 0) 0x7fbccc0448b0 con 0x7fbcd0071c60
2024-03-12T01:26:31.000 INFO:teuthology.orchestra.run.smithi060.stderr:/usr/bin/ceph:
2024-03-12T01:26:31.017+0000 7fbcd73c1700 1 -- 172.21.15.60:0/1175594440 --> [v2:172.21.15.60:3300/0,v1:172.21.15.60:6789/0] -- mon_command({"prefix": "get_command_descriptions"} v 0) v1 -- 0x7fbcd0046ce0 con 0x7fbcd0071c60
2024-03-12T01:26:31.001 INFO:teuthology.orchestra.run.smithi060.stderr:/usr/bin/ceph:
2024-03-12T01:26:31.017+0000 7fbcd495c700 1 --2- 172.21.15.60:0/1175594440 >> [v2:172.21.15.60:6800/3708243149,v1:172.21.15.60:6801/3708243149] conn(0x7fbcbc0324c0 0x7fbcbc034980 unknown :-1 s=BANNER_CONNECTING pgs=0 cs=0 l=1 rev1=0 rx=0 tx=0)._handle_peer_banner_payload supported=1 required=0
2024-03-12T01:26:31.001 INFO:teuthology.orchestra.run.smithi060.stderr:/usr/bin/ceph:
2024-03-12T01:26:31.017+0000 7fbcd495c700 1 --2- 172.21.15.60:0/1175594440 >> [v2:172.21.15.60:6800/3708243149,v1:172.21.15.60:6801/3708243149] conn(0x7fbcbc0324c0 0x7fbcbc034980 secure :-1 s=READY pgs=5 cs=0 l=1 rev1=1 rx=0x7fbcc4009780 tx=0x7fbcc4006cc0).ready entity=mgr.14100 client_cookie=0 server_cookie=0 in_seq=0 out_seq=0
2024-03-12T01:26:31.003 INFO:teuthology.orchestra.run.smithi060.stderr:/usr/bin/ceph:
2024-03-12T01:26:31.022+0000 7fbcc27fc700 1 -- 172.21.15.60:0/1175594440 <== mon.0 v2:172.21.15.60:3300/0 6 ==== mon_command_ack([{"prefix": "get_command_descriptions"}]=0 v0) v1 ==== 72+0+163658 (secure 0 0 0) 0x7fbccc018320 con 0x7fbcd0071c60
2024-03-12T01:26:31.159 INFO:teuthology.orchestra.run.smithi060.stderr:/usr/bin/ceph:
2024-03-12T01:26:31.177+0000 7fbcc27fc700 1 -- 172.21.15.60:0/1175594440 <== mon.0 v2:172.21.15.60:3300/0 7 ==== mgrmap(e 4) v1 ==== 38621+0+0 (secure 0 0 0) 0x7fbccc0193e0 con 0x7fbcd0071c60
2024-03-12T01:26:31.247 INFO:teuthology.orchestra.run.smithi060.stderr:/usr/bin/ceph:
2024-03-12T01:26:31.258+0000 7fbcd73c1700 1 -- 172.21.15.60:0/1175594440 --> [v2:172.21.15.60:3300/0,v1:172.21.15.60:6789/0] -- mon_command({"prefix": "status", "format": "json-pretty"} v 0) v1 -- 0x7fbcd0105ba0 con 0x7fbcd0071c60
2024-03-12T01:26:31.247 INFO:teuthology.orchestra.run.smithi060.stderr:/usr/bin/ceph:
2024-03-12T01:26:31.258+0000 7fbcc27fc700 1 -- 172.21.15.60:0/1175594440 <== mon.0 v2:172.21.15.60:3300/0 8 ==== mon_command_ack([{"prefix": "status", "format": "json-pretty"}]=0 v0) v1 ==== 79+0+1249 (secure 0 0 0) 0x7fbccc018cc0 con 0x7fbcd0071c60
2024-03-12T01:26:31.247 INFO:teuthology.orchestra.run.smithi060.stderr:/usr/bin/ceph:
2024-03-12T01:26:31.247 INFO:teuthology.orchestra.run.smithi060.stderr:/usr/bin/ceph: {
2024-03-12T01:26:31.247 INFO:teuthology.orchestra.run.smithi060.stderr:/usr/bin/ceph: "fsid": "6a39a11c-e00f-11ee-95c8-87774f69a715",
2024-03-12T01:26:31.247 INFO:teuthology.orchestra.run.smithi060.stderr:/usr/bin/ceph: "health": {
2024-03-12T01:26:31.247 INFO:teuthology.orchestra.run.smithi060.stderr:/usr/bin/ceph: "status": "HEALTH_OK",
2024-03-12T01:26:31.247 INFO:teuthology.orchestra.run.smithi060.stderr:/usr/bin/ceph: "checks": {},
2024-03-12T01:26:31.247 INFO:teuthology.orchestra.run.smithi060.stderr:/usr/bin/ceph: "mutes": []
2024-03-12T01:26:31.247 INFO:teuthology.orchestra.run.smithi060.stderr:/usr/bin/ceph: },
2024-03-12T01:26:31.248 INFO:teuthology.orchestra.run.smithi060.stderr:/usr/bin/ceph: "election_epoch": 5,
2024-03-12T01:26:31.248 INFO:teuthology.orchestra.run.smithi060.stderr:/usr/bin/ceph: "quorum": [
2024-03-12T01:26:31.248 INFO:teuthology.orchestra.run.smithi060.stderr:/usr/bin/ceph: 0
2024-03-12T01:26:31.248 INFO:teuthology.orchestra.run.smithi060.stderr:/usr/bin/ceph: ],
2024-03-12T01:26:31.248 INFO:teuthology.orchestra.run.smithi060.stderr:/usr/bin/ceph: "quorum_names": [
2024-03-12T01:26:31.248 INFO:teuthology.orchestra.run.smithi060.stderr:/usr/bin/ceph: "smithi060"
2024-03-12T01:26:31.248 INFO:teuthology.orchestra.run.smithi060.stderr:/usr/bin/ceph: ],
2024-03-12T01:26:31.248 INFO:teuthology.orchestra.run.smithi060.stderr:/usr/bin/ceph: "quorum_age": 10,
2024-03-12T01:26:31.248 INFO:teuthology.orchestra.run.smithi060.stderr:/usr/bin/ceph: "monmap": {
2024-03-12T01:26:31.248 INFO:teuthology.orchestra.run.smithi060.stderr:/usr/bin/ceph: "epoch": 1,
2024-03-12T01:26:31.248 INFO:teuthology.orchestra.run.smithi060.stderr:/usr/bin/ceph: "min_mon_release_name": "pacific",
2024-03-12T01:26:31.248 INFO:teuthology.orchestra.run.smithi060.stderr:/usr/bin/ceph: "num_mons": 1
2024-03-12T01:26:31.248 INFO:teuthology.orchestra.run.smithi060.stderr:/usr/bin/ceph: },
2024-03-12T01:26:31.248 INFO:teuthology.orchestra.run.smithi060.stderr:/usr/bin/ceph: "osdmap": {
2024-03-12T01:26:31.248 INFO:teuthology.orchestra.run.smithi060.stderr:/usr/bin/ceph: "epoch": 1,
2024-03-12T01:26:31.248 INFO:teuthology.orchestra.run.smithi060.stderr:/usr/bin/ceph: "num_osds": 0,
2024-03-12T01:26:31.249 INFO:teuthology.orchestra.run.smithi060.stderr:/usr/bin/ceph: "num_up_osds": 0,
2024-03-12T01:26:31.249 INFO:teuthology.orchestra.run.smithi060.stderr:/usr/bin/ceph: "osd_up_since": 0,
2024-03-12T01:26:31.249 INFO:teuthology.orchestra.run.smithi060.stderr:/usr/bin/ceph: "num_in_osds": 0,
2024-03-12T01:26:31.249 INFO:teuthology.orchestra.run.smithi060.stderr:/usr/bin/ceph: "osd_in_since": 0,
2024-03-12T01:26:31.249 INFO:teuthology.orchestra.run.smithi060.stderr:/usr/bin/ceph: "num_remapped_pgs": 0
2024-03-12T01:26:31.249 INFO:teuthology.orchestra.run.smithi060.stderr:/usr/bin/ceph: },
2024-03-12T01:26:31.249 INFO:teuthology.orchestra.run.smithi060.stderr:/usr/bin/ceph: "pgmap": {
2024-03-12T01:26:31.249 INFO:teuthology.orchestra.run.smithi060.stderr:/usr/bin/ceph: "pgs_by_state": [],
2024-03-12T01:26:31.249 INFO:teuthology.orchestra.run.smithi060.stderr:/usr/bin/ceph: "num_pgs": 0,
2024-03-12T01:26:31.249 INFO:teuthology.orchestra.run.smithi060.stderr:/usr/bin/ceph: "num_pools": 0,
2024-03-12T01:26:31.249 INFO:teuthology.orchestra.run.smithi060.stderr:/usr/bin/ceph: "num_objects": 0,
2024-03-12T01:26:31.249 INFO:teuthology.orchestra.run.smithi060.stderr:/usr/bin/ceph: "data_bytes": 0,
2024-03-12T01:26:31.249 INFO:teuthology.orchestra.run.smithi060.stderr:/usr/bin/ceph: "bytes_used": 0,
2024-03-12T01:26:31.249 INFO:teuthology.orchestra.run.smithi060.stderr:/usr/bin/ceph: "bytes_avail": 0,
2024-03-12T01:26:31.249 INFO:teuthology.orchestra.run.smithi060.stderr:/usr/bin/ceph: "bytes_total": 0
2024-03-12T01:26:31.250 INFO:teuthology.orchestra.run.smithi060.stderr:/usr/bin/ceph: },
2024-03-12T01:26:31.250 INFO:teuthology.orchestra.run.smithi060.stderr:/usr/bin/ceph: "fsmap": {
2024-03-12T01:26:31.250 INFO:teuthology.orchestra.run.smithi060.stderr:/usr/bin/ceph: "epoch": 1,
2024-03-12T01:26:31.250 INFO:teuthology.orchestra.run.smithi060.stderr:/usr/bin/ceph: "by_rank": [],
2024-03-12T01:26:31.250 INFO:teuthology.orchestra.run.smithi060.stderr:/usr/bin/ceph: "up:standby": 0
2024-03-12T01:26:31.250 INFO:teuthology.orchestra.run.smithi060.stderr:/usr/bin/ceph: },
2024-03-12T01:26:31.250 INFO:teuthology.orchestra.run.smithi060.stderr:/usr/bin/ceph: "mgrmap": {
2024-03-12T01:26:31.250 INFO:teuthology.orchestra.run.smithi060.stderr:/usr/bin/ceph: "available": true,
2024-03-12T01:26:31.250 INFO:teuthology.orchestra.run.smithi060.stderr:/usr/bin/ceph: "num_standbys": 0,
2024-03-12T01:26:31.250 INFO:teuthology.orchestra.run.smithi060.stderr:/usr/bin/ceph: "modules": [
2024-03-12T01:26:31.250 INFO:teuthology.orchestra.run.smithi060.stderr:/usr/bin/ceph: "iostat",
2024-03-12T01:26:31.250 INFO:teuthology.orchestra.run.smithi060.stderr:/usr/bin/ceph: "nfs",
2024-03-12T01:26:31.250 INFO:teuthology.orchestra.run.smithi060.stderr:/usr/bin/ceph: "restful"
2024-03-12T01:26:31.251 INFO:teuthology.orchestra.run.smithi060.stderr:/usr/bin/ceph: ],
2024-03-12T01:26:31.251 INFO:teuthology.orchestra.run.smithi060.stderr:/usr/bin/ceph: "services": {}
2024-03-12T01:26:31.251 INFO:teuthology.orchestra.run.smithi060.stderr:/usr/bin/ceph: },
2024-03-12T01:26:31.251 INFO:teuthology.orchestra.run.smithi060.stderr:/usr/bin/ceph: "servicemap": {
2024-03-12T01:26:31.251 INFO:teuthology.orchestra.run.smithi060.stderr:/usr/bin/ceph: "epoch": 1,
2024-03-12T01:26:31.251 INFO:teuthology.orchestra.run.smithi060.stderr:/usr/bin/ceph: "modified": "2024-03-12T01:26:15.284515+0000",
2024-03-12T01:26:31.251 INFO:teuthology.orchestra.run.smithi060.stderr:/usr/bin/ceph: "services": {}
2024-03-12T01:26:31.251 INFO:teuthology.orchestra.run.smithi060.stderr:/usr/bin/ceph: },
2024-03-12T01:26:31.251 INFO:teuthology.orchestra.run.smithi060.stderr:/usr/bin/ceph: "progress_events": {}
2024-03-12T01:26:31.251 INFO:teuthology.orchestra.run.smithi060.stderr:/usr/bin/ceph: }
2024-03-12T01:26:31.251 INFO:teuthology.orchestra.run.smithi060.stderr:/usr/bin/ceph:
2024-03-12T01:26:31.260+0000 7fbcd73c1700 1 -- 172.21.15.60:0/1175594440 >> [v2:172.21.15.60:6800/3708243149,v1:172.21.15.60:6801/3708243149] conn(0x7fbcbc0324c0 msgr2=0x7fbcbc034980 secure :-1 s=STATE_CONNECTION_ESTABLISHED l=1).mark_down
2024-03-12T01:26:31.251 INFO:teuthology.orchestra.run.smithi060.stderr:/usr/bin/ceph:
2024-03-12T01:26:31.260+0000 7fbcd73c1700 1 --2- 172.21.15.60:0/1175594440 >> [v2:172.21.15.60:6800/3708243149,v1:172.21.15.60:6801/3708243149] conn(0x7fbcbc0324c0 0x7fbcbc034980 secure :-1 s=READY pgs=5 cs=0 l=1 rev1=1 rx=0x7fbcc4009780 tx=0x7fbcc4006cc0).stop
2024-03-12T01:26:31.251 INFO:teuthology.orchestra.run.smithi060.stderr:/usr/bin/ceph:
2024-03-12T01:26:31.261+0000 7fbcd73c1700 1 -- 172.21.15.60:0/1175594440 >> [v2:172.21.15.60:3300/0,v1:172.21.15.60:6789/0] conn(0x7fbcd0071c60 msgr2=0x7fbcd010bda0 secure :-1 s=STATE_CONNECTION_ESTABLISHED l=1).mark_down
2024-03-12T01:26:31.251 INFO:teuthology.orchestra.run.smithi060.stderr:/usr/bin/ceph:
2024-03-12T01:26:31.261+0000 7fbcd73c1700 1 --2- 172.21.15.60:0/1175594440 >> [v2:172.21.15.60:3300/0,v1:172.21.15.60:6789/0] conn(0x7fbcd0071c60 0x7fbcd010bda0 secure :-1 s=READY pgs=15 cs=0 l=1 rev1=1 rx=0x7fbccc009330 tx=0x7fbccc0090f0).stop
2024-03-12T01:26:31.251 INFO:teuthology.orchestra.run.smithi060.stderr:/usr/bin/ceph:
2024-03-12T01:26:31.261+0000 7fbcd73c1700 1 -- 172.21.15.60:0/1175594440 shutdown_connections
2024-03-12T01:26:31.251 INFO:teuthology.orchestra.run.smithi060.stderr:/usr/bin/ceph:
2024-03-12T01:26:31.261+0000 7fbcd73c1700 1 --2- 172.21.15.60:0/1175594440 >> [v2:172.21.15.60:6800/3708243149,v1:172.21.15.60:6801/3708243149] conn(0x7fbcbc0324c0 0x7fbcbc034980 unknown :-1 s=CLOSED pgs=5 cs=0 l=1 rev1=1 rx=0 tx=0).stop
2024-03-12T01:26:31.252 INFO:teuthology.orchestra.run.smithi060.stderr:/usr/bin/ceph:
2024-03-12T01:26:31.261+0000 7fbcd73c1700 1 --2- 172.21.15.60:0/1175594440 >> [v2:172.21.15.60:3300/0,v1:172.21.15.60:6789/0] conn(0x7fbcd0071c60 0x7fbcd010bda0 unknown :-1 s=CLOSED pgs=15 cs=0 l=1 rev1=1 rx=0 tx=0).stop
2024-03-12T01:26:31.252 INFO:teuthology.orchestra.run.smithi060.stderr:/usr/bin/ceph:
2024-03-12T01:26:31.261+0000 7fbcd73c1700 1 -- 172.21.15.60:0/1175594440 >> 172.21.15.60:0/1175594440 conn(0x7fbcd00f7750 msgr2=0x7fbcd00f9120 unknown :-1 s=STATE_NONE l=0).mark_down
2024-03-12T01:26:31.252 INFO:teuthology.orchestra.run.smithi060.stderr:/usr/bin/ceph:
2024-03-12T01:26:31.261+0000 7fbcd73c1700 1 -- 172.21.15.60:0/1175594440 shutdown_connections
2024-03-12T01:26:31.252 INFO:teuthology.orchestra.run.smithi060.stderr:/usr/bin/ceph:
2024-03-12T01:26:31.261+0000 7fbcd73c1700 1 -- 172.21.15.60:0/1175594440 wait complete.
2024-03-12T01:26:31.786 INFO:teuthology.orchestra.run.smithi060.stderr:mgr is available
2024-03-12T01:26:32.287 INFO:teuthology.orchestra.run.smithi060.stderr:/usr/bin/ceph:
2024-03-12T01:26:32.305+0000 7fc160dcc700 1 Processor -- start
2024-03-12T01:26:32.287 INFO:teuthology.orchestra.run.smithi060.stderr:/usr/bin/ceph:
2024-03-12T01:26:32.305+0000 7fc160dcc700 1 -- start start
2024-03-12T01:26:32.290 INFO:teuthology.orchestra.run.smithi060.stderr:/usr/bin/ceph:
2024-03-12T01:26:32.305+0000 7fc160dcc700 1 --2- >> [v2:172.21.15.60:3300/0,v1:172.21.15.60:6789/0] conn(0x7fc15c0fbed0 0x7fc15c0fc2f0 unknown :-1 s=NONE pgs=0 cs=0 l=0 rev1=0 rx=0 tx=0).connect
2024-03-12T01:26:32.291 INFO:teuthology.orchestra.run.smithi060.stderr:/usr/bin/ceph:
2024-03-12T01:26:32.305+0000 7fc160dcc700 1 -- --> [v2:172.21.15.60:3300/0,v1:172.21.15.60:6789/0] -- mon_getmap magic: 0 v1 -- 0x7fc15c0fc7e0 con 0x7fc15c0fbed0
2024-03-12T01:26:32.291 INFO:teuthology.orchestra.run.smithi060.stderr:/usr/bin/ceph:
2024-03-12T01:26:32.305+0000 7fc15a59c700 1 --2- >> [v2:172.21.15.60:3300/0,v1:172.21.15.60:6789/0] conn(0x7fc15c0fbed0 0x7fc15c0fc2f0 unknown :-1 s=BANNER_CONNECTING pgs=0 cs=0 l=0 rev1=0 rx=0 tx=0)._handle_peer_banner_payload supported=1 required=0
2024-03-12T01:26:32.291 INFO:teuthology.orchestra.run.smithi060.stderr:/usr/bin/ceph:
2024-03-12T01:26:32.305+0000 7fc15a59c700 1 --2- >> [v2:172.21.15.60:3300/0,v1:172.21.15.60:6789/0] conn(0x7fc15c0fbed0 0x7fc15c0fc2f0 unknown :-1 s=HELLO_CONNECTING pgs=0 cs=0 l=0 rev1=1 rx=0 tx=0).handle_hello peer v2:172.21.15.60:3300/0 says I am v2:172.21.15.60:35308/0 (socket says 172.21.15.60:35308)
2024-03-12T01:26:32.291 INFO:teuthology.orchestra.run.smithi060.stderr:/usr/bin/ceph:
2024-03-12T01:26:32.305+0000 7fc15a59c700 1 -- 172.21.15.60:0/2268909671 learned_addr learned my addr 172.21.15.60:0/2268909671 (peer_addr_for_me v2:172.21.15.60:0/0)
2024-03-12T01:26:32.291 INFO:teuthology.orchestra.run.smithi060.stderr:/usr/bin/ceph:
2024-03-12T01:26:32.306+0000 7fc15a59c700 1 -- 172.21.15.60:0/2268909671 --> [v2:172.21.15.60:3300/0,v1:172.21.15.60:6789/0] -- mon_subscribe({config=0+,monmap=0+}) v3 -- 0x7fc15c0fc920 con 0x7fc15c0fbed0
2024-03-12T01:26:32.291 INFO:teuthology.orchestra.run.smithi060.stderr:/usr/bin/ceph:
2024-03-12T01:26:32.306+0000 7fc15a59c700 1 --2- 172.21.15.60:0/2268909671 >> [v2:172.21.15.60:3300/0,v1:172.21.15.60:6789/0] conn(0x7fc15c0fbed0 0x7fc15c0fc2f0 secure :-1 s=READY pgs=16 cs=0 l=1 rev1=1 rx=0x7fc14c009730 tx=0x7fc14c0090f0).ready entity=mon.0 client_cookie=688bf14454eb3d23 server_cookie=0 in_seq=0 out_seq=0
2024-03-12T01:26:32.291 INFO:teuthology.orchestra.run.smithi060.stderr:/usr/bin/ceph:
2024-03-12T01:26:32.306+0000 7fc15959a700 1 -- 172.21.15.60:0/2268909671 <== mon.0 v2:172.21.15.60:3300/0 1 ==== mon_map magic: 0 v1 ==== 229+0+0 (secure 0 0 0) 0x7fc14c00b6e0 con 0x7fc15c0fbed0
2024-03-12T01:26:32.291 INFO:teuthology.orchestra.run.smithi060.stderr:/usr/bin/ceph:
2024-03-12T01:26:32.306+0000 7fc15959a700 1 -- 172.21.15.60:0/2268909671 <== mon.0 v2:172.21.15.60:3300/0 2 ==== config(25 keys) v1 ==== 982+0+0 (secure 0 0 0) 0x7fc14c00bc90 con 0x7fc15c0fbed0
2024-03-12T01:26:32.291 INFO:teuthology.orchestra.run.smithi060.stderr:/usr/bin/ceph:
2024-03-12T01:26:32.306+0000 7fc15959a700 1 -- 172.21.15.60:0/2268909671 <== mon.0 v2:172.21.15.60:3300/0 3 ==== mon_map magic: 0 v1 ==== 229+0+0 (secure 0 0 0) 0x7fc14c011c70 con 0x7fc15c0fbed0
2024-03-12T01:26:32.291 INFO:teuthology.orchestra.run.smithi060.stderr:/usr/bin/ceph:
2024-03-12T01:26:32.307+0000 7fc160dcc700 1 -- 172.21.15.60:0/2268909671 >> [v2:172.21.15.60:3300/0,v1:172.21.15.60:6789/0] conn(0x7fc15c0fbed0 msgr2=0x7fc15c0fc2f0 secure :-1 s=STATE_CONNECTION_ESTABLISHED l=1).mark_down
2024-03-12T01:26:32.291 INFO:teuthology.orchestra.run.smithi060.stderr:/usr/bin/ceph:
2024-03-12T01:26:32.307+0000 7fc160dcc700 1 --2- 172.21.15.60:0/2268909671 >> [v2:172.21.15.60:3300/0,v1:172.21.15.60:6789/0] conn(0x7fc15c0fbed0 0x7fc15c0fc2f0 secure :-1 s=READY pgs=16 cs=0 l=1 rev1=1 rx=0x7fc14c009730 tx=0x7fc14c0090f0).stop
2024-03-12T01:26:32.291 INFO:teuthology.orchestra.run.smithi060.stderr:/usr/bin/ceph:
2024-03-12T01:26:32.307+0000 7fc160dcc700 1 -- 172.21.15.60:0/2268909671 shutdown_connections
2024-03-12T01:26:32.291 INFO:teuthology.orchestra.run.smithi060.stderr:/usr/bin/ceph:
2024-03-12T01:26:32.307+0000 7fc160dcc700 1 --2- 172.21.15.60:0/2268909671 >> [v2:172.21.15.60:3300/0,v1:172.21.15.60:6789/0] conn(0x7fc15c0fbed0 0x7fc15c0fc2f0 unknown :-1 s=CLOSED pgs=16 cs=0 l=1 rev1=1 rx=0 tx=0).stop
2024-03-12T01:26:32.291 INFO:teuthology.orchestra.run.smithi060.stderr:/usr/bin/ceph:
2024-03-12T01:26:32.307+0000 7fc160dcc700 1 -- 172.21.15.60:0/2268909671 >> 172.21.15.60:0/2268909671 conn(0x7fc15c0f76f0 msgr2=0x7fc15c0f9b10 unknown :-1 s=STATE_NONE l=0).mark_down
2024-03-12T01:26:32.292 INFO:teuthology.orchestra.run.smithi060.stderr:/usr/bin/ceph:
2024-03-12T01:26:32.307+0000 7fc160dcc700 1 -- 172.21.15.60:0/2268909671 shutdown_connections
2024-03-12T01:26:32.292 INFO:teuthology.orchestra.run.smithi060.stderr:/usr/bin/ceph:
2024-03-12T01:26:32.307+0000 7fc160dcc700 1 -- 172.21.15.60:0/2268909671 wait complete.
2024-03-12T01:26:32.292 INFO:teuthology.orchestra.run.smithi060.stderr:/usr/bin/ceph:
2024-03-12T01:26:32.307+0000 7fc160dcc700 1 Processor -- start
2024-03-12T01:26:32.292 INFO:teuthology.orchestra.run.smithi060.stderr:/usr/bin/ceph:
2024-03-12T01:26:32.307+0000 7fc160dcc700 1 -- start start
2024-03-12T01:26:32.292 INFO:teuthology.orchestra.run.smithi060.stderr:/usr/bin/ceph:
2024-03-12T01:26:32.308+0000 7fc160dcc700 1 --2- >> [v2:172.21.15.60:3300/0,v1:172.21.15.60:6789/0] conn(0x7fc15c0fbed0 0x7fc15c102160 unknown :-1 s=NONE pgs=0 cs=0 l=1 rev1=0 rx=0 tx=0).connect
2024-03-12T01:26:32.292 INFO:teuthology.orchestra.run.smithi060.stderr:/usr/bin/ceph:
2024-03-12T01:26:32.308+0000 7fc160dcc700 1 -- --> [v2:172.21.15.60:3300/0,v1:172.21.15.60:6789/0] -- mon_getmap magic: 0 v1 -- 0x7fc15c1005e0 con 0x7fc15c0fbed0
2024-03-12T01:26:32.292 INFO:teuthology.orchestra.run.smithi060.stderr:/usr/bin/ceph:
2024-03-12T01:26:32.308+0000 7fc15a59c700 1 --2- >> [v2:172.21.15.60:3300/0,v1:172.21.15.60:6789/0] conn(0x7fc15c0fbed0 0x7fc15c102160 unknown :-1 s=BANNER_CONNECTING pgs=0 cs=0 l=1 rev1=0 rx=0 tx=0)._handle_peer_banner_payload supported=1 required=0
2024-03-12T01:26:32.292 INFO:teuthology.orchestra.run.smithi060.stderr:/usr/bin/ceph:
2024-03-12T01:26:32.308+0000 7fc15a59c700 1 --2- >> [v2:172.21.15.60:3300/0,v1:172.21.15.60:6789/0] conn(0x7fc15c0fbed0 0x7fc15c102160 unknown :-1 s=HELLO_CONNECTING pgs=0 cs=0 l=1 rev1=1 rx=0 tx=0).handle_hello peer v2:172.21.15.60:3300/0 says I am v2:172.21.15.60:35324/0 (socket says 172.21.15.60:35324)
2024-03-12T01:26:32.292 INFO:teuthology.orchestra.run.smithi060.stderr:/usr/bin/ceph:
2024-03-12T01:26:32.308+0000 7fc15a59c700 1 -- 172.21.15.60:0/61743140 learned_addr learned my addr 172.21.15.60:0/61743140 (peer_addr_for_me v2:172.21.15.60:0/0)
2024-03-12T01:26:32.292 INFO:teuthology.orchestra.run.smithi060.stderr:/usr/bin/ceph:
2024-03-12T01:26:32.308+0000 7fc15a59c700 1 -- 172.21.15.60:0/61743140 --> [v2:172.21.15.60:3300/0,v1:172.21.15.60:6789/0] -- mon_subscribe({config=0+,monmap=0+}) v3 -- 0x7fc14c009370 con 0x7fc15c0fbed0
2024-03-12T01:26:32.292 INFO:teuthology.orchestra.run.smithi060.stderr:/usr/bin/ceph:
2024-03-12T01:26:32.308+0000 7fc15a59c700 1 --2- 172.21.15.60:0/61743140 >> [v2:172.21.15.60:3300/0,v1:172.21.15.60:6789/0] conn(0x7fc15c0fbed0 0x7fc15c102160 secure :-1 s=READY pgs=17 cs=0 l=1 rev1=1 rx=0x7fc14c0115c0 tx=0x7fc14c0090f0).ready entity=mon.0 client_cookie=0 server_cookie=0 in_seq=0 out_seq=0
2024-03-12T01:26:32.292 INFO:teuthology.orchestra.run.smithi060.stderr:/usr/bin/ceph:
2024-03-12T01:26:32.308+0000 7fc14b7fe700 1 -- 172.21.15.60:0/61743140 <== mon.0 v2:172.21.15.60:3300/0 1 ==== mon_map magic: 0 v1 ==== 229+0+0 (secure 0 0 0) 0x7fc14c01a610 con 0x7fc15c0fbed0
2024-03-12T01:26:32.292 INFO:teuthology.orchestra.run.smithi060.stderr:/usr/bin/ceph:
2024-03-12T01:26:32.308+0000 7fc14b7fe700 1 -- 172.21.15.60:0/61743140 <== mon.0 v2:172.21.15.60:3300/0 2 ==== config(25 keys) v1 ==== 982+0+0 (secure 0 0 0) 0x7fc14c01abc0 con 0x7fc15c0fbed0
2024-03-12T01:26:32.293 INFO:teuthology.orchestra.run.smithi060.stderr:/usr/bin/ceph:
2024-03-12T01:26:32.308+0000 7fc160dcc700 1 -- 172.21.15.60:0/61743140 --> [v2:172.21.15.60:3300/0,v1:172.21.15.60:6789/0] -- mon_subscribe({mgrmap=0+}) v3 -- 0x7fc15c100780 con 0x7fc15c0fbed0
2024-03-12T01:26:32.293 INFO:teuthology.orchestra.run.smithi060.stderr:/usr/bin/ceph:
2024-03-12T01:26:32.308+0000 7fc14b7fe700 1 -- 172.21.15.60:0/61743140 <== mon.0 v2:172.21.15.60:3300/0 3 ==== mon_map magic: 0 v1 ==== 229+0+0 (secure 0 0 0) 0x7fc14c022a40 con 0x7fc15c0fbed0
2024-03-12T01:26:32.293 INFO:teuthology.orchestra.run.smithi060.stderr:/usr/bin/ceph:
2024-03-12T01:26:32.308+0000 7fc160dcc700 1 -- 172.21.15.60:0/61743140 --> [v2:172.21.15.60:3300/0,v1:172.21.15.60:6789/0] -- mon_subscribe({osdmap=0}) v3 -- 0x7fc15c100b90 con 0x7fc15c0fbed0
2024-03-12T01:26:32.293 INFO:teuthology.orchestra.run.smithi060.stderr:/usr/bin/ceph:
2024-03-12T01:26:32.309+0000 7fc14b7fe700 1 -- 172.21.15.60:0/61743140 <== mon.0 v2:172.21.15.60:3300/0 4 ==== mgrmap(e 4) v1 ==== 38621+0+0 (secure 0 0 0) 0x7fc14c022d00 con 0x7fc15c0fbed0
2024-03-12T01:26:32.294 INFO:teuthology.orchestra.run.smithi060.stderr:/usr/bin/ceph:
2024-03-12T01:26:32.309+0000 7fc14b7fe700 1 --2- 172.21.15.60:0/61743140 >> [v2:172.21.15.60:6800/3708243149,v1:172.21.15.60:6801/3708243149] conn(0x7fc144032590 0x7fc144034a50 unknown :-1 s=NONE pgs=0 cs=0 l=1 rev1=0 rx=0 tx=0).connect
2024-03-12T01:26:32.294 INFO:teuthology.orchestra.run.smithi060.stderr:/usr/bin/ceph:
2024-03-12T01:26:32.309+0000 7fc14b7fe700 1 -- 172.21.15.60:0/61743140 <== mon.0 v2:172.21.15.60:3300/0 5 ==== osd_map(1..1 src has 1..1) v4 ==== 721+0+0 (secure 0 0 0) 0x7fc14c0447b0 con 0x7fc15c0fbed0
2024-03-12T01:26:32.294 INFO:teuthology.orchestra.run.smithi060.stderr:/usr/bin/ceph:
2024-03-12T01:26:32.310+0000 7fc159d9b700 1 --2- 172.21.15.60:0/61743140 >> [v2:172.21.15.60:6800/3708243149,v1:172.21.15.60:6801/3708243149] conn(0x7fc144032590 0x7fc144034a50 unknown :-1 s=BANNER_CONNECTING pgs=0 cs=0 l=1 rev1=0 rx=0 tx=0)._handle_peer_banner_payload supported=1 required=0
2024-03-12T01:26:32.294 INFO:teuthology.orchestra.run.smithi060.stderr:/usr/bin/ceph:
2024-03-12T01:26:32.310+0000 7fc160dcc700 1 -- 172.21.15.60:0/61743140 --> [v2:172.21.15.60:3300/0,v1:172.21.15.60:6789/0] -- mon_command({"prefix": "get_command_descriptions"} v 0) v1 -- 0x7fc15c05a310 con 0x7fc15c0fbed0
2024-03-12T01:26:32.294 INFO:teuthology.orchestra.run.smithi060.stderr:/usr/bin/ceph:
2024-03-12T01:26:32.310+0000 7fc159d9b700 1 --2- 172.21.15.60:0/61743140 >> [v2:172.21.15.60:6800/3708243149,v1:172.21.15.60:6801/3708243149] conn(0x7fc144032590 0x7fc144034a50 secure :-1 s=READY pgs=6 cs=0 l=1 rev1=1 rx=0x7fc150009780 tx=0x7fc150006cc0).ready entity=mgr.14100 client_cookie=0 server_cookie=0 in_seq=0 out_seq=0
2024-03-12T01:26:32.296 INFO:teuthology.orchestra.run.smithi060.stderr:/usr/bin/ceph:
2024-03-12T01:26:32.314+0000 7fc14b7fe700 1 -- 172.21.15.60:0/61743140 <== mon.0 v2:172.21.15.60:3300/0 6 ==== mon_command_ack([{"prefix": "get_command_descriptions"}]=0 v0) v1 ==== 72+0+163658 (secure 0 0 0) 0x7fc14c01e070 con 0x7fc15c0fbed0
2024-03-12T01:26:32.343 INFO:journalctl@ceph.mon.smithi060.smithi060.stdout:Mar 12 01:26:32 smithi060 ceph-6a39a11c-e00f-11ee-95c8-87774f69a715-mon-smithi060[39658]: cluster
2024-03-12T01:26:31.179218+0000 mon.smithi060 (mon.0) 23 : cluster [DBG] mgrmap e4: smithi060.wsvjgw(active, since 3s)
2024-03-12T01:26:32.343 INFO:journalctl@ceph.mon.smithi060.smithi060.stdout:Mar 12 01:26:32 smithi060 ceph-6a39a11c-e00f-11ee-95c8-87774f69a715-mon-smithi060[39658]: audit
2024-03-12T01:26:31.259281+0000 mon.smithi060 (mon.0) 24 : audit [DBG] from='client.? 172.21.15.60:0/1175594440' entity='client.admin' cmd=[{"prefix": "status", "format": "json-pretty"}]: dispatch
2024-03-12T01:26:32.468 INFO:teuthology.orchestra.run.smithi060.stderr:/usr/bin/ceph:
2024-03-12T01:26:32.486+0000 7fc160dcc700 1 -- 172.21.15.60:0/61743140 --> [v2:172.21.15.60:3300/0,v1:172.21.15.60:6789/0] -- mon_command({"prefix": "config assimilate-conf"} v 0) v1 -- 0x7fc15c046ce0 con 0x7fc15c0fbed0
2024-03-12T01:26:32.470 INFO:teuthology.orchestra.run.smithi060.stderr:/usr/bin/ceph:
2024-03-12T01:26:32.486+0000 7fc14b7fe700 1 -- 172.21.15.60:0/61743140 <== mon.0 v2:172.21.15.60:3300/0 7 ==== mon_command_ack([{"prefix": "config assimilate-conf"}]=0 v3) v1 ==== 70+0+398 (secure 0 0 0) 0x7fc14c018970 con 0x7fc15c0fbed0
2024-03-12T01:26:32.470 INFO:teuthology.orchestra.run.smithi060.stderr:/usr/bin/ceph:
2024-03-12T01:26:32.471 INFO:teuthology.orchestra.run.smithi060.stderr:/usr/bin/ceph: [global]
2024-03-12T01:26:32.471 INFO:teuthology.orchestra.run.smithi060.stderr:/usr/bin/ceph: fsid = 6a39a11c-e00f-11ee-95c8-87774f69a715
2024-03-12T01:26:32.471 INFO:teuthology.orchestra.run.smithi060.stderr:/usr/bin/ceph: log_to_journald = false
2024-03-12T01:26:32.471 INFO:teuthology.orchestra.run.smithi060.stderr:/usr/bin/ceph: mon_osd_allow_pg_remap = true
2024-03-12T01:26:32.471 INFO:teuthology.orchestra.run.smithi060.stderr:/usr/bin/ceph: mon_osd_allow_primary_affinity = true
2024-03-12T01:26:32.471 INFO:teuthology.orchestra.run.smithi060.stderr:/usr/bin/ceph: mon_warn_on_no_sortbitwise = false
2024-03-12T01:26:32.471 INFO:teuthology.orchestra.run.smithi060.stderr:/usr/bin/ceph: osd_crush_chooseleaf_type = 0
2024-03-12T01:26:32.471 INFO:teuthology.orchestra.run.smithi060.stderr:/usr/bin/ceph:
2024-03-12T01:26:32.471 INFO:teuthology.orchestra.run.smithi060.stderr:/usr/bin/ceph: [mgr]
2024-03-12T01:26:32.471 INFO:teuthology.orchestra.run.smithi060.stderr:/usr/bin/ceph: mgr/telemetry/nag = false
2024-03-12T01:26:32.471 INFO:teuthology.orchestra.run.smithi060.stderr:/usr/bin/ceph:
2024-03-12T01:26:32.471 INFO:teuthology.orchestra.run.smithi060.stderr:/usr/bin/ceph: [osd]
2024-03-12T01:26:32.471 INFO:teuthology.orchestra.run.smithi060.stderr:/usr/bin/ceph: mon_osd_backfillfull_ratio = 0.85
2024-03-12T01:26:32.471 INFO:teuthology.orchestra.run.smithi060.stderr:/usr/bin/ceph: mon_osd_full_ratio = 0.9
2024-03-12T01:26:32.471 INFO:teuthology.orchestra.run.smithi060.stderr:/usr/bin/ceph: mon_osd_nearfull_ratio = 0.8
2024-03-12T01:26:32.472 INFO:teuthology.orchestra.run.smithi060.stderr:/usr/bin/ceph: osd_map_max_advance = 10
2024-03-12T01:26:32.472 INFO:teuthology.orchestra.run.smithi060.stderr:/usr/bin/ceph: osd_sloppy_crc = true
2024-03-12T01:26:32.473 INFO:teuthology.orchestra.run.smithi060.stderr:/usr/bin/ceph:
2024-03-12T01:26:32.489+0000 7fc160dcc700 1 -- 172.21.15.60:0/61743140 >> [v2:172.21.15.60:6800/3708243149,v1:172.21.15.60:6801/3708243149] conn(0x7fc144032590 msgr2=0x7fc144034a50 secure :-1 s=STATE_CONNECTION_ESTABLISHED l=1).mark_down
2024-03-12T01:26:32.473 INFO:teuthology.orchestra.run.smithi060.stderr:/usr/bin/ceph:
2024-03-12T01:26:32.489+0000 7fc160dcc700 1 --2- 172.21.15.60:0/61743140 >> [v2:172.21.15.60:6800/3708243149,v1:172.21.15.60:6801/3708243149] conn(0x7fc144032590 0x7fc144034a50 secure :-1 s=READY pgs=6 cs=0 l=1 rev1=1 rx=0x7fc150009780 tx=0x7fc150006cc0).stop
2024-03-12T01:26:32.473 INFO:teuthology.orchestra.run.smithi060.stderr:/usr/bin/ceph:
2024-03-12T01:26:32.489+0000 7fc160dcc700 1 -- 172.21.15.60:0/61743140 >> [v2:172.21.15.60:3300/0,v1:172.21.15.60:6789/0] conn(0x7fc15c0fbed0 msgr2=0x7fc15c102160 secure :-1 s=STATE_CONNECTION_ESTABLISHED l=1).mark_down
2024-03-12T01:26:32.473 INFO:teuthology.orchestra.run.smithi060.stderr:/usr/bin/ceph:
2024-03-12T01:26:32.489+0000 7fc160dcc700 1 --2- 172.21.15.60:0/61743140 >> [v2:172.21.15.60:3300/0,v1:172.21.15.60:6789/0] conn(0x7fc15c0fbed0 0x7fc15c102160 secure :-1 s=READY pgs=17 cs=0 l=1 rev1=1 rx=0x7fc14c0115c0 tx=0x7fc14c0090f0).stop
2024-03-12T01:26:32.473 INFO:teuthology.orchestra.run.smithi060.stderr:/usr/bin/ceph:
2024-03-12T01:26:32.489+0000 7fc160dcc700 1 -- 172.21.15.60:0/61743140 shutdown_connections
2024-03-12T01:26:32.473 INFO:teuthology.orchestra.run.smithi060.stderr:/usr/bin/ceph:
2024-03-12T01:26:32.489+0000 7fc160dcc700 1 --2- 172.21.15.60:0/61743140 >> [v2:172.21.15.60:6800/3708243149,v1:172.21.15.60:6801/3708243149] conn(0x7fc144032590 0x7fc144034a50 unknown :-1 s=CLOSED pgs=6 cs=0 l=1 rev1=1 rx=0 tx=0).stop
2024-03-12T01:26:32.473 INFO:teuthology.orchestra.run.smithi060.stderr:/usr/bin/ceph:
2024-03-12T01:26:32.489+0000 7fc160dcc700 1 --2- 172.21.15.60:0/61743140 >> [v2:172.21.15.60:3300/0,v1:172.21.15.60:6789/0] conn(0x7fc15c0fbed0 0x7fc15c102160 unknown :-1 s=CLOSED pgs=17 cs=0 l=1 rev1=1 rx=0 tx=0).stop
2024-03-12T01:26:32.473 INFO:teuthology.orchestra.run.smithi060.stderr:/usr/bin/ceph:
2024-03-12T01:26:32.489+0000 7fc160dcc700 1 -- 172.21.15.60:0/61743140 >> 172.21.15.60:0/61743140 conn(0x7fc15c0f76f0 msgr2=0x7fc15c071890 unknown :-1 s=STATE_NONE l=0).mark_down
2024-03-12T01:26:32.473 INFO:teuthology.orchestra.run.smithi060.stderr:/usr/bin/ceph:
2024-03-12T01:26:32.489+0000 7fc160dcc700 1 -- 172.21.15.60:0/61743140 shutdown_connections
2024-03-12T01:26:32.473 INFO:teuthology.orchestra.run.smithi060.stderr:/usr/bin/ceph:
2024-03-12T01:26:32.489+0000 7fc160dcc700 1 -- 172.21.15.60:0/61743140 wait complete.
2024-03-12T01:26:33.593 INFO:journalctl@ceph.mon.smithi060.smithi060.stdout:Mar 12 01:26:33 smithi060 ceph-6a39a11c-e00f-11ee-95c8-87774f69a715-mon-smithi060[39658]: audit
2024-03-12T01:26:32.487106+0000 mon.smithi060 (mon.0) 25 : audit [INF] from='client.? 172.21.15.60:0/61743140' entity='client.admin' cmd=[{"prefix": "config assimilate-conf"}]: dispatch
2024-03-12T01:26:34.700 INFO:teuthology.orchestra.run.smithi060.stderr:Enabling cephadm module...
2024-03-12T01:26:38.317 INFO:teuthology.orchestra.run.smithi060.stderr:/usr/bin/ceph:
2024-03-12T01:26:37.653+0000 7fb466c62700 1 Processor -- start
2024-03-12T01:26:38.317 INFO:teuthology.orchestra.run.smithi060.stderr:/usr/bin/ceph:
2024-03-12T01:26:37.653+0000 7fb466c62700 1 -- start start
2024-03-12T01:26:38.317 INFO:teuthology.orchestra.run.smithi060.stderr:/usr/bin/ceph:
2024-03-12T01:26:37.653+0000 7fb466c62700 1 --2- >> [v2:172.21.15.60:3300/0,v1:172.21.15.60:6789/0] conn(0x7fb4600fcfc0 0x7fb4600fd3e0 unknown :-1 s=NONE pgs=0 cs=0 l=0 rev1=0 rx=0 tx=0).connect
2024-03-12T01:26:38.317 INFO:teuthology.orchestra.run.smithi060.stderr:/usr/bin/ceph:
2024-03-12T01:26:37.653+0000 7fb466c62700 1 -- --> [v2:172.21.15.60:3300/0,v1:172.21.15.60:6789/0] -- mon_getmap magic: 0 v1 -- 0x7fb4600fd8d0 con 0x7fb4600fcfc0
2024-03-12T01:26:38.317 INFO:teuthology.orchestra.run.smithi060.stderr:/usr/bin/ceph:
2024-03-12T01:26:37.653+0000 7fb4649fe700 1 --2- >> [v2:172.21.15.60:3300/0,v1:172.21.15.60:6789/0] conn(0x7fb4600fcfc0 0x7fb4600fd3e0 unknown :-1 s=BANNER_CONNECTING pgs=0 cs=0 l=0 rev1=0 rx=0 tx=0)._handle_peer_banner_payload supported=1 required=0
2024-03-12T01:26:38.317 INFO:teuthology.orchestra.run.smithi060.stderr:/usr/bin/ceph:
2024-03-12T01:26:37.653+0000 7fb4649fe700 1 --2- >> [v2:172.21.15.60:3300/0,v1:172.21.15.60:6789/0] conn(0x7fb4600fcfc0 0x7fb4600fd3e0 unknown :-1 s=HELLO_CONNECTING pgs=0 cs=0 l=0 rev1=1 rx=0 tx=0).handle_hello peer v2:172.21.15.60:3300/0 says I am v2:172.21.15.60:58440/0 (socket says 172.21.15.60:58440)
2024-03-12T01:26:38.317 INFO:teuthology.orchestra.run.smithi060.stderr:/usr/bin/ceph:
2024-03-12T01:26:37.653+0000 7fb4649fe700 1 -- 172.21.15.60:0/344480238 learned_addr learned my addr 172.21.15.60:0/344480238 (peer_addr_for_me v2:172.21.15.60:0/0)
2024-03-12T01:26:38.317 INFO:teuthology.orchestra.run.smithi060.stderr:/usr/bin/ceph:
2024-03-12T01:26:37.653+0000 7fb4649fe700 1 -- 172.21.15.60:0/344480238 --> [v2:172.21.15.60:3300/0,v1:172.21.15.60:6789/0] -- mon_subscribe({config=0+,monmap=0+}) v3 -- 0x7fb4600fda10 con 0x7fb4600fcfc0
2024-03-12T01:26:38.317 INFO:teuthology.orchestra.run.smithi060.stderr:/usr/bin/ceph:
2024-03-12T01:26:37.653+0000 7fb4649fe700 1 --2- 172.21.15.60:0/344480238 >> [v2:172.21.15.60:3300/0,v1:172.21.15.60:6789/0] conn(0x7fb4600fcfc0 0x7fb4600fd3e0 secure :-1 s=READY pgs=18 cs=0 l=1 rev1=1 rx=0x7fb450009730 tx=0x7fb4500090f0).ready entity=mon.0 client_cookie=e4556c85373d29cb server_cookie=0 in_seq=0 out_seq=0
2024-03-12T01:26:38.317 INFO:teuthology.orchestra.run.smithi060.stderr:/usr/bin/ceph:
2024-03-12T01:26:37.654+0000 7fb45f7fe700 1 -- 172.21.15.60:0/344480238 <== mon.0 v2:172.21.15.60:3300/0 1 ==== mon_map magic: 0 v1 ==== 229+0+0 (secure 0 0 0) 0x7fb45000b6e0 con 0x7fb4600fcfc0
2024-03-12T01:26:38.317 INFO:teuthology.orchestra.run.smithi060.stderr:/usr/bin/ceph:
2024-03-12T01:26:37.654+0000 7fb45f7fe700 1 -- 172.21.15.60:0/344480238 <== mon.0 v2:172.21.15.60:3300/0 2 ==== config(25 keys) v1 ==== 982+0+0 (secure 0 0 0) 0x7fb45000bc90 con 0x7fb4600fcfc0
2024-03-12T01:26:38.317 INFO:teuthology.orchestra.run.smithi060.stderr:/usr/bin/ceph:
