2024-03-12T01:27:04.506+0000 7f994070b700 1 --2- >> [v2:172.21.15.60:3300/0,v1:172.21.15.60:6789/0] conn(0x7f9938071b80 0x7f99380ffd10 unknown :-1 s=NONE pgs=0 cs=0 l=0 rev1=0 rx=0 tx=0).connect
2024-03-12T01:27:04.491 INFO:teuthology.orchestra.run.smithi060.stderr:/usr/bin/ceph:
2024-03-12T01:27:04.506+0000 7f994070b700 1 -- --> [v2:172.21.15.60:3300/0,v1:172.21.15.60:6789/0] -- mon_getmap magic: 0 v1 -- 0x7f9938071fa0 con 0x7f9938071b80
2024-03-12T01:27:04.491 INFO:teuthology.orchestra.run.smithi060.stderr:/usr/bin/ceph:
2024-03-12T01:27:04.506+0000 7f993e4a7700 1 --2- >> [v2:172.21.15.60:3300/0,v1:172.21.15.60:6789/0] conn(0x7f9938071b80 0x7f99380ffd10 unknown :-1 s=BANNER_CONNECTING pgs=0 cs=0 l=0 rev1=0 rx=0 tx=0)._handle_peer_banner_payload supported=1 required=0
2024-03-12T01:27:04.491 INFO:teuthology.orchestra.run.smithi060.stderr:/usr/bin/ceph:
2024-03-12T01:27:04.506+0000 7f993e4a7700 1 --2- >> [v2:172.21.15.60:3300/0,v1:172.21.15.60:6789/0] conn(0x7f9938071b80 0x7f99380ffd10 unknown :-1 s=HELLO_CONNECTING pgs=0 cs=0 l=0 rev1=1 rx=0 tx=0).handle_hello peer v2:172.21.15.60:3300/0 says I am v2:172.21.15.60:56058/0 (socket says 172.21.15.60:56058)
2024-03-12T01:27:04.491 INFO:teuthology.orchestra.run.smithi060.stderr:/usr/bin/ceph:
2024-03-12T01:27:04.506+0000 7f993e4a7700 1 -- 172.21.15.60:0/1851947245 learned_addr learned my addr 172.21.15.60:0/1851947245 (peer_addr_for_me v2:172.21.15.60:0/0)
2024-03-12T01:27:04.491 INFO:teuthology.orchestra.run.smithi060.stderr:/usr/bin/ceph:
2024-03-12T01:27:04.506+0000 7f993e4a7700 1 -- 172.21.15.60:0/1851947245 --> [v2:172.21.15.60:3300/0,v1:172.21.15.60:6789/0] -- mon_subscribe({config=0+,monmap=0+}) v3 -- 0x7f9938100200 con 0x7f9938071b80
2024-03-12T01:27:04.491 INFO:teuthology.orchestra.run.smithi060.stderr:/usr/bin/ceph:
2024-03-12T01:27:04.507+0000 7f993e4a7700 1 --2- 172.21.15.60:0/1851947245 >> [v2:172.21.15.60:3300/0,v1:172.21.15.60:6789/0] conn(0x7f9938071b80 0x7f99380ffd10 secure :-1 s=READY pgs=55 cs=0 l=1 rev1=1 rx=0x7f9934009730 tx=0x7f99340090f0).ready entity=mon.0 client_cookie=f54c7c2f8bac01fb server_cookie=0 in_seq=0 out_seq=0
2024-03-12T01:27:04.491 INFO:teuthology.orchestra.run.smithi060.stderr:/usr/bin/ceph:
2024-03-12T01:27:04.507+0000 7f993d4a5700 1 -- 172.21.15.60:0/1851947245 <== mon.0 v2:172.21.15.60:3300/0 1 ==== mon_map magic: 0 v1 ==== 229+0+0 (secure 0 0 0) 0x7f993400b6e0 con 0x7f9938071b80
2024-03-12T01:27:04.491 INFO:teuthology.orchestra.run.smithi060.stderr:/usr/bin/ceph:
2024-03-12T01:27:04.507+0000 7f993d4a5700 1 -- 172.21.15.60:0/1851947245 <== mon.0 v2:172.21.15.60:3300/0 2 ==== config(25 keys) v1 ==== 1046+0+0 (secure 0 0 0) 0x7f993400bcd0 con 0x7f9938071b80
2024-03-12T01:27:04.491 INFO:teuthology.orchestra.run.smithi060.stderr:/usr/bin/ceph:
2024-03-12T01:27:04.507+0000 7f993d4a5700 1 -- 172.21.15.60:0/1851947245 <== mon.0 v2:172.21.15.60:3300/0 3 ==== mon_map magic: 0 v1 ==== 229+0+0 (secure 0 0 0) 0x7f9934011cb0 con 0x7f9938071b80
2024-03-12T01:27:04.492 INFO:teuthology.orchestra.run.smithi060.stderr:/usr/bin/ceph:
2024-03-12T01:27:04.507+0000 7f994070b700 1 -- 172.21.15.60:0/1851947245 >> [v2:172.21.15.60:3300/0,v1:172.21.15.60:6789/0] conn(0x7f9938071b80 msgr2=0x7f99380ffd10 secure :-1 s=STATE_CONNECTION_ESTABLISHED l=1).mark_down
2024-03-12T01:27:04.492 INFO:teuthology.orchestra.run.smithi060.stderr:/usr/bin/ceph:
2024-03-12T01:27:04.507+0000 7f994070b700 1 --2- 172.21.15.60:0/1851947245 >> [v2:172.21.15.60:3300/0,v1:172.21.15.60:6789/0] conn(0x7f9938071b80 0x7f99380ffd10 secure :-1 s=READY pgs=55 cs=0 l=1 rev1=1 rx=0x7f9934009730 tx=0x7f99340090f0).stop
2024-03-12T01:27:04.492 INFO:teuthology.orchestra.run.smithi060.stderr:/usr/bin/ceph:
2024-03-12T01:27:04.507+0000 7f994070b700 1 -- 172.21.15.60:0/1851947245 shutdown_connections
2024-03-12T01:27:04.492 INFO:teuthology.orchestra.run.smithi060.stderr:/usr/bin/ceph:
2024-03-12T01:27:04.507+0000 7f994070b700 1 --2- 172.21.15.60:0/1851947245 >> [v2:172.21.15.60:3300/0,v1:172.21.15.60:6789/0] conn(0x7f9938071b80 0x7f99380ffd10 unknown :-1 s=CLOSED pgs=55 cs=0 l=1 rev1=1 rx=0 tx=0).stop
2024-03-12T01:27:04.492 INFO:teuthology.orchestra.run.smithi060.stderr:/usr/bin/ceph:
2024-03-12T01:27:04.507+0000 7f994070b700 1 -- 172.21.15.60:0/1851947245 >> 172.21.15.60:0/1851947245 conn(0x7f99380f76f0 msgr2=0x7f99380f9b10 unknown :-1 s=STATE_NONE l=0).mark_down
2024-03-12T01:27:04.492 INFO:teuthology.orchestra.run.smithi060.stderr:/usr/bin/ceph:
2024-03-12T01:27:04.508+0000 7f994070b700 1 -- 172.21.15.60:0/1851947245 shutdown_connections
2024-03-12T01:27:04.492 INFO:teuthology.orchestra.run.smithi060.stderr:/usr/bin/ceph:
2024-03-12T01:27:04.508+0000 7f994070b700 1 -- 172.21.15.60:0/1851947245 wait complete.
2024-03-12T01:27:04.492 INFO:teuthology.orchestra.run.smithi060.stderr:/usr/bin/ceph:
2024-03-12T01:27:04.508+0000 7f994070b700 1 Processor -- start
2024-03-12T01:27:04.492 INFO:teuthology.orchestra.run.smithi060.stderr:/usr/bin/ceph:
2024-03-12T01:27:04.508+0000 7f994070b700 1 -- start start
2024-03-12T01:27:04.494 INFO:teuthology.orchestra.run.smithi060.stderr:/usr/bin/ceph:
2024-03-12T01:27:04.508+0000 7f994070b700 1 --2- >> [v2:172.21.15.60:3300/0,v1:172.21.15.60:6789/0] conn(0x7f9938071b80 0x7f99380fd790 unknown :-1 s=NONE pgs=0 cs=0 l=1 rev1=0 rx=0 tx=0).connect
2024-03-12T01:27:04.494 INFO:teuthology.orchestra.run.smithi060.stderr:/usr/bin/ceph:
2024-03-12T01:27:04.508+0000 7f994070b700 1 -- --> [v2:172.21.15.60:3300/0,v1:172.21.15.60:6789/0] -- mon_getmap magic: 0 v1 -- 0x7f99380fbc10 con 0x7f9938071b80
2024-03-12T01:27:04.494 INFO:teuthology.orchestra.run.smithi060.stderr:/usr/bin/ceph:
2024-03-12T01:27:04.509+0000 7f993e4a7700 1 --2- >> [v2:172.21.15.60:3300/0,v1:172.21.15.60:6789/0] conn(0x7f9938071b80 0x7f99380fd790 unknown :-1 s=BANNER_CONNECTING pgs=0 cs=0 l=1 rev1=0 rx=0 tx=0)._handle_peer_banner_payload supported=1 required=0
2024-03-12T01:27:04.494 INFO:teuthology.orchestra.run.smithi060.stderr:/usr/bin/ceph:
2024-03-12T01:27:04.509+0000 7f993e4a7700 1 --2- >> [v2:172.21.15.60:3300/0,v1:172.21.15.60:6789/0] conn(0x7f9938071b80 0x7f99380fd790 unknown :-1 s=HELLO_CONNECTING pgs=0 cs=0 l=1 rev1=1 rx=0 tx=0).handle_hello peer v2:172.21.15.60:3300/0 says I am v2:172.21.15.60:56060/0 (socket says 172.21.15.60:56060)
2024-03-12T01:27:04.494 INFO:teuthology.orchestra.run.smithi060.stderr:/usr/bin/ceph:
2024-03-12T01:27:04.509+0000 7f993e4a7700 1 -- 172.21.15.60:0/481155199 learned_addr learned my addr 172.21.15.60:0/481155199 (peer_addr_for_me v2:172.21.15.60:0/0)
2024-03-12T01:27:04.494 INFO:teuthology.orchestra.run.smithi060.stderr:/usr/bin/ceph:
2024-03-12T01:27:04.509+0000 7f993e4a7700 1 -- 172.21.15.60:0/481155199 --> [v2:172.21.15.60:3300/0,v1:172.21.15.60:6789/0] -- mon_subscribe({config=0+,monmap=0+}) v3 -- 0x7f9934009370 con 0x7f9938071b80
2024-03-12T01:27:04.494 INFO:teuthology.orchestra.run.smithi060.stderr:/usr/bin/ceph:
2024-03-12T01:27:04.509+0000 7f993e4a7700 1 --2- 172.21.15.60:0/481155199 >> [v2:172.21.15.60:3300/0,v1:172.21.15.60:6789/0] conn(0x7f9938071b80 0x7f99380fd790 secure :-1 s=READY pgs=56 cs=0 l=1 rev1=1 rx=0x7f99340118b0 tx=0x7f99340090f0).ready entity=mon.0 client_cookie=0 server_cookie=0 in_seq=0 out_seq=0
2024-03-12T01:27:04.494 INFO:teuthology.orchestra.run.smithi060.stderr:/usr/bin/ceph:
2024-03-12T01:27:04.509+0000 7f992f7fe700 1 -- 172.21.15.60:0/481155199 <== mon.0 v2:172.21.15.60:3300/0 1 ==== mon_map magic: 0 v1 ==== 229+0+0 (secure 0 0 0) 0x7f993400be40 con 0x7f9938071b80
2024-03-12T01:27:04.494 INFO:teuthology.orchestra.run.smithi060.stderr:/usr/bin/ceph:
2024-03-12T01:27:04.509+0000 7f992f7fe700 1 -- 172.21.15.60:0/481155199 <== mon.0 v2:172.21.15.60:3300/0 2 ==== config(25 keys) v1 ==== 1046+0+0 (secure 0 0 0) 0x7f993401aad0 con 0x7f9938071b80
2024-03-12T01:27:04.494 INFO:teuthology.orchestra.run.smithi060.stderr:/usr/bin/ceph:
2024-03-12T01:27:04.509+0000 7f994070b700 1 -- 172.21.15.60:0/481155199 --> [v2:172.21.15.60:3300/0,v1:172.21.15.60:6789/0] -- mon_subscribe({mgrmap=0+}) v3 -- 0x7f99380fbdb0 con 0x7f9938071b80
2024-03-12T01:27:04.494 INFO:teuthology.orchestra.run.smithi060.stderr:/usr/bin/ceph:
2024-03-12T01:27:04.509+0000 7f992f7fe700 1 -- 172.21.15.60:0/481155199 <== mon.0 v2:172.21.15.60:3300/0 3 ==== mon_map magic: 0 v1 ==== 229+0+0 (secure 0 0 0) 0x7f9934023a80 con 0x7f9938071b80
2024-03-12T01:27:04.494 INFO:teuthology.orchestra.run.smithi060.stderr:/usr/bin/ceph:
2024-03-12T01:27:04.509+0000 7f994070b700 1 -- 172.21.15.60:0/481155199 --> [v2:172.21.15.60:3300/0,v1:172.21.15.60:6789/0] -- mon_subscribe({osdmap=0}) v3 -- 0x7f99380fc1c0 con 0x7f9938071b80
2024-03-12T01:27:04.494 INFO:teuthology.orchestra.run.smithi060.stderr:/usr/bin/ceph:
2024-03-12T01:27:04.510+0000 7f992f7fe700 1 -- 172.21.15.60:0/481155199 <== mon.0 v2:172.21.15.60:3300/0 4 ==== mgrmap(e 8) v1 ==== 38632+0+0 (secure 0 0 0) 0x7f993401ac40 con 0x7f9938071b80
2024-03-12T01:27:04.495 INFO:teuthology.orchestra.run.smithi060.stderr:/usr/bin/ceph:
2024-03-12T01:27:04.510+0000 7f994070b700 1 -- 172.21.15.60:0/481155199 --> [v2:172.21.15.60:3300/0,v1:172.21.15.60:6789/0] -- mon_command({"prefix": "get_command_descriptions"} v 0) v1 -- 0x7f9938046ce0 con 0x7f9938071b80
2024-03-12T01:27:04.495 INFO:teuthology.orchestra.run.smithi060.stderr:/usr/bin/ceph:
2024-03-12T01:27:04.510+0000 7f992f7fe700 1 --2- 172.21.15.60:0/481155199 >> [v2:172.21.15.60:6800/3753935803,v1:172.21.15.60:6801/3753935803] conn(0x7f9924032660 0x7f9924034b20 unknown :-1 s=NONE pgs=0 cs=0 l=1 rev1=0 rx=0 tx=0).connect
2024-03-12T01:27:04.495 INFO:teuthology.orchestra.run.smithi060.stderr:/usr/bin/ceph:
2024-03-12T01:27:04.510+0000 7f992f7fe700 1 -- 172.21.15.60:0/481155199 <== mon.0 v2:172.21.15.60:3300/0 5 ==== osd_map(2..2 src has 1..2) v4 ==== 893+0+0 (secure 0 0 0) 0x7f9934044720 con 0x7f9938071b80
2024-03-12T01:27:04.495 INFO:teuthology.orchestra.run.smithi060.stderr:/usr/bin/ceph:
2024-03-12T01:27:04.510+0000 7f993dca6700 1 --2- 172.21.15.60:0/481155199 >> [v2:172.21.15.60:6800/3753935803,v1:172.21.15.60:6801/3753935803] conn(0x7f9924032660 0x7f9924034b20 unknown :-1 s=BANNER_CONNECTING pgs=0 cs=0 l=1 rev1=0 rx=0 tx=0)._handle_peer_banner_payload supported=1 required=0
2024-03-12T01:27:04.495 INFO:teuthology.orchestra.run.smithi060.stderr:/usr/bin/ceph:
2024-03-12T01:27:04.511+0000 7f993dca6700 1 --2- 172.21.15.60:0/481155199 >> [v2:172.21.15.60:6800/3753935803,v1:172.21.15.60:6801/3753935803] conn(0x7f9924032660 0x7f9924034b20 secure :-1 s=READY pgs=18 cs=0 l=1 rev1=1 rx=0x7f9928009780 tx=0x7f9928006cc0).ready entity=mgr.14116 client_cookie=0 server_cookie=0 in_seq=0 out_seq=0
2024-03-12T01:27:04.497 INFO:teuthology.orchestra.run.smithi060.stderr:/usr/bin/ceph:
2024-03-12T01:27:04.515+0000 7f992f7fe700 1 -- 172.21.15.60:0/481155199 <== mon.0 v2:172.21.15.60:3300/0 6 ==== mon_command_ack([{"prefix": "get_command_descriptions"}]=0 v0) v1 ==== 72+0+163658 (secure 0 0 0) 0x7f9934019980 con 0x7f9938071b80
2024-03-12T01:27:04.593 INFO:journalctl@ceph.mon.smithi060.smithi060.stdout:Mar 12 01:27:04 smithi060 ceph-6a39a11c-e00f-11ee-95c8-87774f69a715-mon-smithi060[39658]: audit
2024-03-12T01:27:03.354606+0000 mgr.smithi060.wsvjgw (mgr.14116) 23 : audit [DBG] from='client.14148 -' entity='client.admin' cmd=[{"prefix": "orch apply", "service_type": "alertmanager", "target": ["mon-mgr", ""]}]: dispatch
2024-03-12T01:27:04.593 INFO:journalctl@ceph.mon.smithi060.smithi060.stdout:Mar 12 01:27:04 smithi060 ceph-6a39a11c-e00f-11ee-95c8-87774f69a715-mon-smithi060[39658]: cephadm
2024-03-12T01:27:03.355416+0000 mgr.smithi060.wsvjgw (mgr.14116) 24 : cephadm [INF] Saving service alertmanager spec with placement count:1
2024-03-12T01:27:04.593 INFO:journalctl@ceph.mon.smithi060.smithi060.stdout:Mar 12 01:27:04 smithi060 ceph-6a39a11c-e00f-11ee-95c8-87774f69a715-mon-smithi060[39658]: audit
2024-03-12T01:27:03.357699+0000 mon.smithi060 (mon.0) 64 : audit [INF] from='mgr.14116 172.21.15.60:0/3867568832' entity='mgr.smithi060.wsvjgw'
2024-03-12T01:27:04.593 INFO:journalctl@ceph.mon.smithi060.smithi060.stdout:Mar 12 01:27:04 smithi060 ceph-6a39a11c-e00f-11ee-95c8-87774f69a715-mon-smithi060[39658]: cluster
2024-03-12T01:27:03.497904+0000 mgr.smithi060.wsvjgw (mgr.14116) 25 : cluster [DBG] pgmap v3: 0 pgs: ; 0 B data, 0 B used, 0 B / 0 B avail
2024-03-12T01:27:04.668 INFO:teuthology.orchestra.run.smithi060.stderr:/usr/bin/ceph:
2024-03-12T01:27:04.686+0000 7f994070b700 1 -- 172.21.15.60:0/481155199 --> [v2:172.21.15.60:3300/0,v1:172.21.15.60:6789/0] -- mon_command([{prefix=config set, name=mgr/cephadm/container_init}] v 0) v1 -- 0x7f9938100f80 con 0x7f9938071b80
2024-03-12T01:27:04.671 INFO:teuthology.orchestra.run.smithi060.stderr:/usr/bin/ceph:
2024-03-12T01:27:04.688+0000 7f992f7fe700 1 -- 172.21.15.60:0/481155199 <== mon.0 v2:172.21.15.60:3300/0 7 ==== mon_command_ack([{prefix=config set, name=mgr/cephadm/container_init}]=0 v7)=0 v7) v1 ==== 142+0+0 (secure 0 0 0) 0x7f993401e020 con 0x7f9938071b80
2024-03-12T01:27:04.674 INFO:teuthology.orchestra.run.smithi060.stderr:/usr/bin/ceph:
2024-03-12T01:27:04.690+0000 7f994070b700 1 -- 172.21.15.60:0/481155199 >> [v2:172.21.15.60:6800/3753935803,v1:172.21.15.60:6801/3753935803] conn(0x7f9924032660 msgr2=0x7f9924034b20 secure :-1 s=STATE_CONNECTION_ESTABLISHED l=1).mark_down
2024-03-12T01:27:04.674 INFO:teuthology.orchestra.run.smithi060.stderr:/usr/bin/ceph:
2024-03-12T01:27:04.690+0000 7f994070b700 1 --2- 172.21.15.60:0/481155199 >> [v2:172.21.15.60:6800/3753935803,v1:172.21.15.60:6801/3753935803] conn(0x7f9924032660 0x7f9924034b20 secure :-1 s=READY pgs=18 cs=0 l=1 rev1=1 rx=0x7f9928009780 tx=0x7f9928006cc0).stop
2024-03-12T01:27:04.674 INFO:teuthology.orchestra.run.smithi060.stderr:/usr/bin/ceph:
2024-03-12T01:27:04.690+0000 7f994070b700 1 -- 172.21.15.60:0/481155199 >> [v2:172.21.15.60:3300/0,v1:172.21.15.60:6789/0] conn(0x7f9938071b80 msgr2=0x7f99380fd790 secure :-1 s=STATE_CONNECTION_ESTABLISHED l=1).mark_down
2024-03-12T01:27:04.674 INFO:teuthology.orchestra.run.smithi060.stderr:/usr/bin/ceph:
2024-03-12T01:27:04.690+0000 7f994070b700 1 --2- 172.21.15.60:0/481155199 >> [v2:172.21.15.60:3300/0,v1:172.21.15.60:6789/0] conn(0x7f9938071b80 0x7f99380fd790 secure :-1 s=READY pgs=56 cs=0 l=1 rev1=1 rx=0x7f99340118b0 tx=0x7f99340090f0).stop
2024-03-12T01:27:04.674 INFO:teuthology.orchestra.run.smithi060.stderr:/usr/bin/ceph:
2024-03-12T01:27:04.690+0000 7f994070b700 1 -- 172.21.15.60:0/481155199 shutdown_connections
2024-03-12T01:27:04.674 INFO:teuthology.orchestra.run.smithi060.stderr:/usr/bin/ceph:
2024-03-12T01:27:04.690+0000 7f994070b700 1 --2- 172.21.15.60:0/481155199 >> [v2:172.21.15.60:6800/3753935803,v1:172.21.15.60:6801/3753935803] conn(0x7f9924032660 0x7f9924034b20 unknown :-1 s=CLOSED pgs=18 cs=0 l=1 rev1=1 rx=0 tx=0).stop
2024-03-12T01:27:04.674 INFO:teuthology.orchestra.run.smithi060.stderr:/usr/bin/ceph:
2024-03-12T01:27:04.690+0000 7f994070b700 1 --2- 172.21.15.60:0/481155199 >> [v2:172.21.15.60:3300/0,v1:172.21.15.60:6789/0] conn(0x7f9938071b80 0x7f99380fd790 unknown :-1 s=CLOSED pgs=56 cs=0 l=1 rev1=1 rx=0 tx=0).stop
2024-03-12T01:27:04.675 INFO:teuthology.orchestra.run.smithi060.stderr:/usr/bin/ceph:
2024-03-12T01:27:04.690+0000 7f994070b700 1 -- 172.21.15.60:0/481155199 >> 172.21.15.60:0/481155199 conn(0x7f99380f76f0 msgr2=0x7f99380f91f0 unknown :-1 s=STATE_NONE l=0).mark_down
2024-03-12T01:27:04.675 INFO:teuthology.orchestra.run.smithi060.stderr:/usr/bin/ceph:
2024-03-12T01:27:04.691+0000 7f994070b700 1 -- 172.21.15.60:0/481155199 shutdown_connections
2024-03-12T01:27:04.675 INFO:teuthology.orchestra.run.smithi060.stderr:/usr/bin/ceph:
2024-03-12T01:27:04.691+0000 7f994070b700 1 -- 172.21.15.60:0/481155199 wait complete.
2024-03-12T01:27:05.950 INFO:teuthology.orchestra.run.smithi060.stderr:/usr/bin/ceph:
2024-03-12T01:27:05.964+0000 7f1c612cb700 1 Processor -- start
2024-03-12T01:27:05.950 INFO:teuthology.orchestra.run.smithi060.stderr:/usr/bin/ceph:
2024-03-12T01:27:05.964+0000 7f1c612cb700 1 -- start start
2024-03-12T01:27:05.950 INFO:teuthology.orchestra.run.smithi060.stderr:/usr/bin/ceph:
2024-03-12T01:27:05.964+0000 7f1c612cb700 1 --2- >> [v2:172.21.15.60:3300/0,v1:172.21.15.60:6789/0] conn(0x7f1c5c0fe5a0 0x7f1c5c0fe9c0 unknown :-1 s=NONE pgs=0 cs=0 l=0 rev1=0 rx=0 tx=0).connect
2024-03-12T01:27:05.950 INFO:teuthology.orchestra.run.smithi060.stderr:/usr/bin/ceph:
2024-03-12T01:27:05.964+0000 7f1c612cb700 1 -- --> [v2:172.21.15.60:3300/0,v1:172.21.15.60:6789/0] -- mon_getmap magic: 0 v1 -- 0x7f1c5c0feeb0 con 0x7f1c5c0fe5a0
2024-03-12T01:27:05.950 INFO:teuthology.orchestra.run.smithi060.stderr:/usr/bin/ceph:
2024-03-12T01:27:05.964+0000 7f1c5affd700 1 --2- >> [v2:172.21.15.60:3300/0,v1:172.21.15.60:6789/0] conn(0x7f1c5c0fe5a0 0x7f1c5c0fe9c0 unknown :-1 s=BANNER_CONNECTING pgs=0 cs=0 l=0 rev1=0 rx=0 tx=0)._handle_peer_banner_payload supported=1 required=0
2024-03-12T01:27:05.950 INFO:teuthology.orchestra.run.smithi060.stderr:/usr/bin/ceph:
2024-03-12T01:27:05.965+0000 7f1c5affd700 1 --2- >> [v2:172.21.15.60:3300/0,v1:172.21.15.60:6789/0] conn(0x7f1c5c0fe5a0 0x7f1c5c0fe9c0 unknown :-1 s=HELLO_CONNECTING pgs=0 cs=0 l=0 rev1=1 rx=0 tx=0).handle_hello peer v2:172.21.15.60:3300/0 says I am v2:172.21.15.60:56068/0 (socket says 172.21.15.60:56068)
2024-03-12T01:27:05.950 INFO:teuthology.orchestra.run.smithi060.stderr:/usr/bin/ceph:
2024-03-12T01:27:05.965+0000 7f1c5affd700 1 -- 172.21.15.60:0/2672462070 learned_addr learned my addr 172.21.15.60:0/2672462070 (peer_addr_for_me v2:172.21.15.60:0/0)
2024-03-12T01:27:05.950 INFO:teuthology.orchestra.run.smithi060.stderr:/usr/bin/ceph:
2024-03-12T01:27:05.965+0000 7f1c5affd700 1 -- 172.21.15.60:0/2672462070 --> [v2:172.21.15.60:3300/0,v1:172.21.15.60:6789/0] -- mon_subscribe({config=0+,monmap=0+}) v3 -- 0x7f1c5c0feff0 con 0x7f1c5c0fe5a0
2024-03-12T01:27:05.951 INFO:teuthology.orchestra.run.smithi060.stderr:/usr/bin/ceph:
2024-03-12T01:27:05.965+0000 7f1c5affd700 1 --2- 172.21.15.60:0/2672462070 >> [v2:172.21.15.60:3300/0,v1:172.21.15.60:6789/0] conn(0x7f1c5c0fe5a0 0x7f1c5c0fe9c0 secure :-1 s=READY pgs=57 cs=0 l=1 rev1=1 rx=0x7f1c44009730 tx=0x7f1c440090f0).ready entity=mon.0 client_cookie=a0d9085f8e07fc49 server_cookie=0 in_seq=0 out_seq=0
2024-03-12T01:27:05.951 INFO:teuthology.orchestra.run.smithi060.stderr:/usr/bin/ceph:
2024-03-12T01:27:05.965+0000 7f1c59ffb700 1 -- 172.21.15.60:0/2672462070 <== mon.0 v2:172.21.15.60:3300/0 1 ==== mon_map magic: 0 v1 ==== 229+0+0 (secure 0 0 0) 0x7f1c4400b6e0 con 0x7f1c5c0fe5a0
2024-03-12T01:27:05.951 INFO:teuthology.orchestra.run.smithi060.stderr:/usr/bin/ceph:
2024-03-12T01:27:05.965+0000 7f1c59ffb700 1 -- 172.21.15.60:0/2672462070 <== mon.0 v2:172.21.15.60:3300/0 2 ==== config(25 keys) v1 ==== 1046+0+0 (secure 0 0 0) 0x7f1c4400bcd0 con 0x7f1c5c0fe5a0
2024-03-12T01:27:05.951 INFO:teuthology.orchestra.run.smithi060.stderr:/usr/bin/ceph:
2024-03-12T01:27:05.965+0000 7f1c59ffb700 1 -- 172.21.15.60:0/2672462070 <== mon.0 v2:172.21.15.60:3300/0 3 ==== mon_map magic: 0 v1 ==== 229+0+0 (secure 0 0 0) 0x7f1c44011cb0 con 0x7f1c5c0fe5a0
2024-03-12T01:27:05.951 INFO:teuthology.orchestra.run.smithi060.stderr:/usr/bin/ceph:
2024-03-12T01:27:05.966+0000 7f1c612cb700 1 -- 172.21.15.60:0/2672462070 >> [v2:172.21.15.60:3300/0,v1:172.21.15.60:6789/0] conn(0x7f1c5c0fe5a0 msgr2=0x7f1c5c0fe9c0 secure :-1 s=STATE_CONNECTION_ESTABLISHED l=1).mark_down
2024-03-12T01:27:05.951 INFO:teuthology.orchestra.run.smithi060.stderr:/usr/bin/ceph:
2024-03-12T01:27:05.966+0000 7f1c612cb700 1 --2- 172.21.15.60:0/2672462070 >> [v2:172.21.15.60:3300/0,v1:172.21.15.60:6789/0] conn(0x7f1c5c0fe5a0 0x7f1c5c0fe9c0 secure :-1 s=READY pgs=57 cs=0 l=1 rev1=1 rx=0x7f1c44009730 tx=0x7f1c440090f0).stop
2024-03-12T01:27:05.951 INFO:teuthology.orchestra.run.smithi060.stderr:/usr/bin/ceph:
2024-03-12T01:27:05.966+0000 7f1c612cb700 1 -- 172.21.15.60:0/2672462070 shutdown_connections
2024-03-12T01:27:05.951 INFO:teuthology.orchestra.run.smithi060.stderr:/usr/bin/ceph:
2024-03-12T01:27:05.966+0000 7f1c612cb700 1 --2- 172.21.15.60:0/2672462070 >> [v2:172.21.15.60:3300/0,v1:172.21.15.60:6789/0] conn(0x7f1c5c0fe5a0 0x7f1c5c0fe9c0 unknown :-1 s=CLOSED pgs=57 cs=0 l=1 rev1=1 rx=0 tx=0).stop
2024-03-12T01:27:05.951 INFO:teuthology.orchestra.run.smithi060.stderr:/usr/bin/ceph:
2024-03-12T01:27:05.966+0000 7f1c612cb700 1 -- 172.21.15.60:0/2672462070 >> 172.21.15.60:0/2672462070 conn(0x7f1c5c0f6e20 msgr2=0x7f1c5c0f9240 unknown :-1 s=STATE_NONE l=0).mark_down
2024-03-12T01:27:05.951 INFO:teuthology.orchestra.run.smithi060.stderr:/usr/bin/ceph:
2024-03-12T01:27:05.966+0000 7f1c612cb700 1 -- 172.21.15.60:0/2672462070 shutdown_connections
2024-03-12T01:27:05.951 INFO:teuthology.orchestra.run.smithi060.stderr:/usr/bin/ceph:
2024-03-12T01:27:05.966+0000 7f1c612cb700 1 -- 172.21.15.60:0/2672462070 wait complete.
2024-03-12T01:27:05.951 INFO:teuthology.orchestra.run.smithi060.stderr:/usr/bin/ceph:
2024-03-12T01:27:05.966+0000 7f1c612cb700 1 Processor -- start
2024-03-12T01:27:05.951 INFO:teuthology.orchestra.run.smithi060.stderr:/usr/bin/ceph:
2024-03-12T01:27:05.967+0000 7f1c612cb700 1 -- start start
2024-03-12T01:27:05.951 INFO:teuthology.orchestra.run.smithi060.stderr:/usr/bin/ceph:
2024-03-12T01:27:05.967+0000 7f1c612cb700 1 --2- >> [v2:172.21.15.60:3300/0,v1:172.21.15.60:6789/0] conn(0x7f1c5c0fe5a0 0x7f1c5c10be00 unknown :-1 s=NONE pgs=0 cs=0 l=1 rev1=0 rx=0 tx=0).connect
2024-03-12T01:27:05.951 INFO:teuthology.orchestra.run.smithi060.stderr:/usr/bin/ceph:
2024-03-12T01:27:05.967+0000 7f1c612cb700 1 -- --> [v2:172.21.15.60:3300/0,v1:172.21.15.60:6789/0] -- mon_getmap magic: 0 v1 -- 0x7f1c5c10c2f0 con 0x7f1c5c0fe5a0
2024-03-12T01:27:05.952 INFO:teuthology.orchestra.run.smithi060.stderr:/usr/bin/ceph:
2024-03-12T01:27:05.967+0000 7f1c5affd700 1 --2- >> [v2:172.21.15.60:3300/0,v1:172.21.15.60:6789/0] conn(0x7f1c5c0fe5a0 0x7f1c5c10be00 unknown :-1 s=BANNER_CONNECTING pgs=0 cs=0 l=1 rev1=0 rx=0 tx=0)._handle_peer_banner_payload supported=1 required=0
2024-03-12T01:27:05.952 INFO:teuthology.orchestra.run.smithi060.stderr:/usr/bin/ceph:
2024-03-12T01:27:05.967+0000 7f1c5affd700 1 --2- >> [v2:172.21.15.60:3300/0,v1:172.21.15.60:6789/0] conn(0x7f1c5c0fe5a0 0x7f1c5c10be00 unknown :-1 s=HELLO_CONNECTING pgs=0 cs=0 l=1 rev1=1 rx=0 tx=0).handle_hello peer v2:172.21.15.60:3300/0 says I am v2:172.21.15.60:56074/0 (socket says 172.21.15.60:56074)
2024-03-12T01:27:05.952 INFO:teuthology.orchestra.run.smithi060.stderr:/usr/bin/ceph:
2024-03-12T01:27:05.967+0000 7f1c5affd700 1 -- 172.21.15.60:0/407032930 learned_addr learned my addr 172.21.15.60:0/407032930 (peer_addr_for_me v2:172.21.15.60:0/0)
2024-03-12T01:27:05.952 INFO:teuthology.orchestra.run.smithi060.stderr:/usr/bin/ceph:
2024-03-12T01:27:05.967+0000 7f1c5affd700 1 -- 172.21.15.60:0/407032930 --> [v2:172.21.15.60:3300/0,v1:172.21.15.60:6789/0] -- mon_subscribe({config=0+,monmap=0+}) v3 -- 0x7f1c44009370 con 0x7f1c5c0fe5a0
2024-03-12T01:27:05.952 INFO:teuthology.orchestra.run.smithi060.stderr:/usr/bin/ceph:
2024-03-12T01:27:05.967+0000 7f1c5affd700 1 --2- 172.21.15.60:0/407032930 >> [v2:172.21.15.60:3300/0,v1:172.21.15.60:6789/0] conn(0x7f1c5c0fe5a0 0x7f1c5c10be00 secure :-1 s=READY pgs=58 cs=0 l=1 rev1=1 rx=0x7f1c44006ba0 tx=0x7f1c440090f0).ready entity=mon.0 client_cookie=0 server_cookie=0 in_seq=0 out_seq=0
2024-03-12T01:27:05.953 INFO:teuthology.orchestra.run.smithi060.stderr:/usr/bin/ceph:
2024-03-12T01:27:05.968+0000 7f1c53fff700 1 -- 172.21.15.60:0/407032930 <== mon.0 v2:172.21.15.60:3300/0 1 ==== mon_map magic: 0 v1 ==== 229+0+0 (secure 0 0 0) 0x7f1c4401a640 con 0x7f1c5c0fe5a0
2024-03-12T01:27:05.953 INFO:teuthology.orchestra.run.smithi060.stderr:/usr/bin/ceph:
2024-03-12T01:27:05.968+0000 7f1c612cb700 1 -- 172.21.15.60:0/407032930 --> [v2:172.21.15.60:3300/0,v1:172.21.15.60:6789/0] -- mon_subscribe({mgrmap=0+}) v3 -- 0x7f1c5c10c4f0 con 0x7f1c5c0fe5a0
2024-03-12T01:27:05.953 INFO:teuthology.orchestra.run.smithi060.stderr:/usr/bin/ceph:
2024-03-12T01:27:05.968+0000 7f1c53fff700 1 -- 172.21.15.60:0/407032930 <== mon.0 v2:172.21.15.60:3300/0 2 ==== config(25 keys) v1 ==== 1046+0+0 (secure 0 0 0) 0x7f1c4401ac30 con 0x7f1c5c0fe5a0
2024-03-12T01:27:05.953 INFO:teuthology.orchestra.run.smithi060.stderr:/usr/bin/ceph:
2024-03-12T01:27:05.968+0000 7f1c53fff700 1 -- 172.21.15.60:0/407032930 <== mon.0 v2:172.21.15.60:3300/0 3 ==== mon_map magic: 0 v1 ==== 229+0+0 (secure 0 0 0) 0x7f1c44022b60 con 0x7f1c5c0fe5a0
2024-03-12T01:27:05.953 INFO:teuthology.orchestra.run.smithi060.stderr:/usr/bin/ceph:
2024-03-12T01:27:05.968+0000 7f1c612cb700 1 -- 172.21.15.60:0/407032930 --> [v2:172.21.15.60:3300/0,v1:172.21.15.60:6789/0] -- mon_subscribe({osdmap=0}) v3 -- 0x7f1c5c10c900 con 0x7f1c5c0fe5a0
2024-03-12T01:27:05.954 INFO:teuthology.orchestra.run.smithi060.stderr:/usr/bin/ceph:
2024-03-12T01:27:05.968+0000 7f1c53fff700 1 -- 172.21.15.60:0/407032930 <== mon.0 v2:172.21.15.60:3300/0 4 ==== mgrmap(e 8) v1 ==== 38632+0+0 (secure 0 0 0) 0x7f1c44019390 con 0x7f1c5c0fe5a0
2024-03-12T01:27:05.954 INFO:teuthology.orchestra.run.smithi060.stderr:/usr/bin/ceph:
2024-03-12T01:27:05.969+0000 7f1c53fff700 1 --2- 172.21.15.60:0/407032930 >> [v2:172.21.15.60:6800/3753935803,v1:172.21.15.60:6801/3753935803] conn(0x7f1c48032610 0x7f1c48034ad0 unknown :-1 s=NONE pgs=0 cs=0 l=1 rev1=0 rx=0 tx=0).connect
2024-03-12T01:27:05.954 INFO:teuthology.orchestra.run.smithi060.stderr:/usr/bin/ceph:
2024-03-12T01:27:05.969+0000 7f1c53fff700 1 -- 172.21.15.60:0/407032930 <== mon.0 v2:172.21.15.60:3300/0 5 ==== osd_map(2..2 src has 1..2) v4 ==== 893+0+0 (secure 0 0 0) 0x7f1c44044c30 con 0x7f1c5c0fe5a0
2024-03-12T01:27:05.954 INFO:teuthology.orchestra.run.smithi060.stderr:/usr/bin/ceph:
2024-03-12T01:27:05.969+0000 7f1c5a7fc700 1 --2- 172.21.15.60:0/407032930 >> [v2:172.21.15.60:6800/3753935803,v1:172.21.15.60:6801/3753935803] conn(0x7f1c48032610 0x7f1c48034ad0 unknown :-1 s=BANNER_CONNECTING pgs=0 cs=0 l=1 rev1=0 rx=0 tx=0)._handle_peer_banner_payload supported=1 required=0
2024-03-12T01:27:05.954 INFO:teuthology.orchestra.run.smithi060.stderr:/usr/bin/ceph:
2024-03-12T01:27:05.969+0000 7f1c612cb700 1 -- 172.21.15.60:0/407032930 --> [v2:172.21.15.60:3300/0,v1:172.21.15.60:6789/0] -- mon_command({"prefix": "get_command_descriptions"} v 0) v1 -- 0x7f1c5c046ce0 con 0x7f1c5c0fe5a0
2024-03-12T01:27:05.954 INFO:teuthology.orchestra.run.smithi060.stderr:/usr/bin/ceph:
2024-03-12T01:27:05.969+0000 7f1c5a7fc700 1 --2- 172.21.15.60:0/407032930 >> [v2:172.21.15.60:6800/3753935803,v1:172.21.15.60:6801/3753935803] conn(0x7f1c48032610 0x7f1c48034ad0 secure :-1 s=READY pgs=19 cs=0 l=1 rev1=1 rx=0x7f1c4c009780 tx=0x7f1c4c006cc0).ready entity=mgr.14116 client_cookie=0 server_cookie=0 in_seq=0 out_seq=0
2024-03-12T01:27:05.956 INFO:teuthology.orchestra.run.smithi060.stderr:/usr/bin/ceph:
2024-03-12T01:27:05.974+0000 7f1c53fff700 1 -- 172.21.15.60:0/407032930 <== mon.0 v2:172.21.15.60:3300/0 6 ==== mon_command_ack([{"prefix": "get_command_descriptions"}]=0 v0) v1 ==== 72+0+163658 (secure 0 0 0) 0x7f1c4401e070 con 0x7f1c5c0fe5a0
2024-03-12T01:27:06.093 INFO:journalctl@ceph.mon.smithi060.smithi060.stdout:Mar 12 01:27:05 smithi060 ceph-6a39a11c-e00f-11ee-95c8-87774f69a715-mon-smithi060[39658]: audit
2024-03-12T01:27:04.690590+0000 mon.smithi060 (mon.0) 65 : audit [INF] from='client.? 172.21.15.60:0/481155199' entity='client.admin'
2024-03-12T01:27:06.125 INFO:teuthology.orchestra.run.smithi060.stderr:/usr/bin/ceph:
2024-03-12T01:27:06.143+0000 7f1c612cb700 1 -- 172.21.15.60:0/407032930 --> [v2:172.21.15.60:3300/0,v1:172.21.15.60:6789/0] -- mon_command([{prefix=config set, name=mgr/dashboard/ssl_server_port}] v 0) v1 -- 0x7f1c5c0fb9b0 con 0x7f1c5c0fe5a0
2024-03-12T01:27:06.128 INFO:teuthology.orchestra.run.smithi060.stderr:/usr/bin/ceph:
2024-03-12T01:27:06.146+0000 7f1c53fff700 1 -- 172.21.15.60:0/407032930 <== mon.0 v2:172.21.15.60:3300/0 7 ==== mon_command_ack([{prefix=config set, name=mgr/dashboard/ssl_server_port}]=0 v8)=0 v8) v1 ==== 130+0+0 (secure 0 0 0) 0x7f1c44019690 con 0x7f1c5c0fe5a0
2024-03-12T01:27:06.131 INFO:teuthology.orchestra.run.smithi060.stderr:/usr/bin/ceph:
2024-03-12T01:27:06.147+0000 7f1c612cb700 1 -- 172.21.15.60:0/407032930 >> [v2:172.21.15.60:6800/3753935803,v1:172.21.15.60:6801/3753935803] conn(0x7f1c48032610 msgr2=0x7f1c48034ad0 secure :-1 s=STATE_CONNECTION_ESTABLISHED l=1).mark_down
2024-03-12T01:27:06.131 INFO:teuthology.orchestra.run.smithi060.stderr:/usr/bin/ceph:
2024-03-12T01:27:06.147+0000 7f1c612cb700 1 --2- 172.21.15.60:0/407032930 >> [v2:172.21.15.60:6800/3753935803,v1:172.21.15.60:6801/3753935803] conn(0x7f1c48032610 0x7f1c48034ad0 secure :-1 s=READY pgs=19 cs=0 l=1 rev1=1 rx=0x7f1c4c009780 tx=0x7f1c4c006cc0).stop
2024-03-12T01:27:06.131 INFO:teuthology.orchestra.run.smithi060.stderr:/usr/bin/ceph:
2024-03-12T01:27:06.147+0000 7f1c612cb700 1 -- 172.21.15.60:0/407032930 >> [v2:172.21.15.60:3300/0,v1:172.21.15.60:6789/0] conn(0x7f1c5c0fe5a0 msgr2=0x7f1c5c10be00 secure :-1 s=STATE_CONNECTION_ESTABLISHED l=1).mark_down
2024-03-12T01:27:06.131 INFO:teuthology.orchestra.run.smithi060.stderr:/usr/bin/ceph:
2024-03-12T01:27:06.147+0000 7f1c612cb700 1 --2- 172.21.15.60:0/407032930 >> [v2:172.21.15.60:3300/0,v1:172.21.15.60:6789/0] conn(0x7f1c5c0fe5a0 0x7f1c5c10be00 secure :-1 s=READY pgs=58 cs=0 l=1 rev1=1 rx=0x7f1c44006ba0 tx=0x7f1c440090f0).stop
2024-03-12T01:27:06.131 INFO:teuthology.orchestra.run.smithi060.stderr:/usr/bin/ceph:
2024-03-12T01:27:06.148+0000 7f1c612cb700 1 -- 172.21.15.60:0/407032930 shutdown_connections
2024-03-12T01:27:06.131 INFO:teuthology.orchestra.run.smithi060.stderr:/usr/bin/ceph:
2024-03-12T01:27:06.148+0000 7f1c612cb700 1 --2- 172.21.15.60:0/407032930 >> [v2:172.21.15.60:6800/3753935803,v1:172.21.15.60:6801/3753935803] conn(0x7f1c48032610 0x7f1c48034ad0 unknown :-1 s=CLOSED pgs=19 cs=0 l=1 rev1=1 rx=0 tx=0).stop
2024-03-12T01:27:06.131 INFO:teuthology.orchestra.run.smithi060.stderr:/usr/bin/ceph:
2024-03-12T01:27:06.148+0000 7f1c612cb700 1 --2- 172.21.15.60:0/407032930 >> [v2:172.21.15.60:3300/0,v1:172.21.15.60:6789/0] conn(0x7f1c5c0fe5a0 0x7f1c5c10be00 unknown :-1 s=CLOSED pgs=58 cs=0 l=1 rev1=1 rx=0 tx=0).stop
2024-03-12T01:27:06.132 INFO:teuthology.orchestra.run.smithi060.stderr:/usr/bin/ceph:
2024-03-12T01:27:06.148+0000 7f1c612cb700 1 -- 172.21.15.60:0/407032930 >> 172.21.15.60:0/407032930 conn(0x7f1c5c0f6e20 msgr2=0x7f1c5c0f87a0 unknown :-1 s=STATE_NONE l=0).mark_down
2024-03-12T01:27:06.132 INFO:teuthology.orchestra.run.smithi060.stderr:/usr/bin/ceph:
2024-03-12T01:27:06.148+0000 7f1c612cb700 1 -- 172.21.15.60:0/407032930 shutdown_connections
2024-03-12T01:27:06.132 INFO:teuthology.orchestra.run.smithi060.stderr:/usr/bin/ceph:
2024-03-12T01:27:06.148+0000 7f1c612cb700 1 -- 172.21.15.60:0/407032930 wait complete.
2024-03-12T01:27:06.738 INFO:teuthology.orchestra.run.smithi060.stderr:Enabling the dashboard module...
2024-03-12T01:27:06.843 INFO:journalctl@ceph.mon.smithi060.smithi060.stdout:Mar 12 01:27:06 smithi060 ceph-6a39a11c-e00f-11ee-95c8-87774f69a715-mon-smithi060[39658]: cluster
2024-03-12T01:27:05.498139+0000 mgr.smithi060.wsvjgw (mgr.14116) 26 : cluster [DBG] pgmap v4: 0 pgs: ; 0 B data, 0 B used, 0 B / 0 B avail
2024-03-12T01:27:06.843 INFO:journalctl@ceph.mon.smithi060.smithi060.stdout:Mar 12 01:27:06 smithi060 ceph-6a39a11c-e00f-11ee-95c8-87774f69a715-mon-smithi060[39658]: audit
2024-03-12T01:27:06.147746+0000 mon.smithi060 (mon.0) 66 : audit [INF] from='client.? 172.21.15.60:0/407032930' entity='client.admin'
2024-03-12T01:27:07.250 INFO:teuthology.orchestra.run.smithi060.stderr:/usr/bin/ceph:
2024-03-12T01:27:07.259+0000 7f9691c8f700 1 Processor -- start
2024-03-12T01:27:07.250 INFO:teuthology.orchestra.run.smithi060.stderr:/usr/bin/ceph:
2024-03-12T01:27:07.260+0000 7f9691c8f700 1 -- start start
2024-03-12T01:27:07.250 INFO:teuthology.orchestra.run.smithi060.stderr:/usr/bin/ceph:
2024-03-12T01:27:07.260+0000 7f9691c8f700 1 --2- >> [v2:172.21.15.60:3300/0,v1:172.21.15.60:6789/0] conn(0x7f968c071c00 0x7f968c0ffc90 unknown :-1 s=NONE pgs=0 cs=0 l=0 rev1=0 rx=0 tx=0).connect
2024-03-12T01:27:07.250 INFO:teuthology.orchestra.run.smithi060.stderr:/usr/bin/ceph:
2024-03-12T01:27:07.260+0000 7f9691c8f700 1 -- --> [v2:172.21.15.60:3300/0,v1:172.21.15.60:6789/0] -- mon_getmap magic: 0 v1 -- 0x7f968c100180 con 0x7f968c071c00
2024-03-12T01:27:07.250 INFO:teuthology.orchestra.run.smithi060.stderr:/usr/bin/ceph:
2024-03-12T01:27:07.260+0000 7f968b7fe700 1 --2- >> [v2:172.21.15.60:3300/0,v1:172.21.15.60:6789/0] conn(0x7f968c071c00 0x7f968c0ffc90 unknown :-1 s=BANNER_CONNECTING pgs=0 cs=0 l=0 rev1=0 rx=0 tx=0)._handle_peer_banner_payload supported=1 required=0
2024-03-12T01:27:07.250 INFO:teuthology.orchestra.run.smithi060.stderr:/usr/bin/ceph:
2024-03-12T01:27:07.260+0000 7f968b7fe700 1 --2- >> [v2:172.21.15.60:3300/0,v1:172.21.15.60:6789/0] conn(0x7f968c071c00 0x7f968c0ffc90 unknown :-1 s=HELLO_CONNECTING pgs=0 cs=0 l=0 rev1=1 rx=0 tx=0).handle_hello peer v2:172.21.15.60:3300/0 says I am v2:172.21.15.60:39476/0 (socket says 172.21.15.60:39476)
2024-03-12T01:27:07.250 INFO:teuthology.orchestra.run.smithi060.stderr:/usr/bin/ceph:
2024-03-12T01:27:07.260+0000 7f968b7fe700 1 -- 172.21.15.60:0/3083546209 learned_addr learned my addr 172.21.15.60:0/3083546209 (peer_addr_for_me v2:172.21.15.60:0/0)
2024-03-12T01:27:07.251 INFO:teuthology.orchestra.run.smithi060.stderr:/usr/bin/ceph:
2024-03-12T01:27:07.260+0000 7f968b7fe700 1 -- 172.21.15.60:0/3083546209 --> [v2:172.21.15.60:3300/0,v1:172.21.15.60:6789/0] -- mon_subscribe({config=0+,monmap=0+}) v3 -- 0x7f968c1002c0 con 0x7f968c071c00
2024-03-12T01:27:07.251 INFO:teuthology.orchestra.run.smithi060.stderr:/usr/bin/ceph:
2024-03-12T01:27:07.260+0000 7f968b7fe700 1 --2- 172.21.15.60:0/3083546209 >> [v2:172.21.15.60:3300/0,v1:172.21.15.60:6789/0] conn(0x7f968c071c00 0x7f968c0ffc90 secure :-1 s=READY pgs=59 cs=0 l=1 rev1=1 rx=0x7f967c009730 tx=0x7f967c0090f0).ready entity=mon.0 client_cookie=b9ac49fc55ac6422 server_cookie=0 in_seq=0 out_seq=0
2024-03-12T01:27:07.251 INFO:teuthology.orchestra.run.smithi060.stderr:/usr/bin/ceph:
2024-03-12T01:27:07.260+0000 7f968a7fc700 1 -- 172.21.15.60:0/3083546209 <== mon.0 v2:172.21.15.60:3300/0 1 ==== mon_map magic: 0 v1 ==== 229+0+0 (secure 0 0 0) 0x7f967c00b6e0 con 0x7f968c071c00
2024-03-12T01:27:07.251 INFO:teuthology.orchestra.run.smithi060.stderr:/usr/bin/ceph:
2024-03-12T01:27:07.260+0000 7f968a7fc700 1 -- 172.21.15.60:0/3083546209 <== mon.0 v2:172.21.15.60:3300/0 2 ==== config(25 keys) v1 ==== 1046+0+0 (secure 0 0 0) 0x7f967c00bcd0 con 0x7f968c071c00
2024-03-12T01:27:07.251 INFO:teuthology.orchestra.run.smithi060.stderr:/usr/bin/ceph:
2024-03-12T01:27:07.260+0000 7f968a7fc700 1 -- 172.21.15.60:0/3083546209 <== mon.0 v2:172.21.15.60:3300/0 3 ==== mon_map magic: 0 v1 ==== 229+0+0 (secure 0 0 0) 0x7f967c011cb0 con 0x7f968c071c00
2024-03-12T01:27:07.251 INFO:teuthology.orchestra.run.smithi060.stderr:/usr/bin/ceph:
2024-03-12T01:27:07.261+0000 7f9691c8f700 1 -- 172.21.15.60:0/3083546209 >> [v2:172.21.15.60:3300/0,v1:172.21.15.60:6789/0] conn(0x7f968c071c00 msgr2=0x7f968c0ffc90 secure :-1 s=STATE_CONNECTION_ESTABLISHED l=1).mark_down
2024-03-12T01:27:07.251 INFO:teuthology.orchestra.run.smithi060.stderr:/usr/bin/ceph:
2024-03-12T01:27:07.261+0000 7f9691c8f700 1 --2- 172.21.15.60:0/3083546209 >> [v2:172.21.15.60:3300/0,v1:172.21.15.60:6789/0] conn(0x7f968c071c00 0x7f968c0ffc90 secure :-1 s=READY pgs=59 cs=0 l=1 rev1=1 rx=0x7f967c009730 tx=0x7f967c0090f0).stop
2024-03-12T01:27:07.251 INFO:teuthology.orchestra.run.smithi060.stderr:/usr/bin/ceph:
2024-03-12T01:27:07.261+0000 7f9691c8f700 1 -- 172.21.15.60:0/3083546209 shutdown_connections
2024-03-12T01:27:07.251 INFO:teuthology.orchestra.run.smithi060.stderr:/usr/bin/ceph:
2024-03-12T01:27:07.261+0000 7f9691c8f700 1 --2- 172.21.15.60:0/3083546209 >> [v2:172.21.15.60:3300/0,v1:172.21.15.60:6789/0] conn(0x7f968c071c00 0x7f968c0ffc90 unknown :-1 s=CLOSED pgs=59 cs=0 l=1 rev1=1 rx=0 tx=0).stop
2024-03-12T01:27:07.251 INFO:teuthology.orchestra.run.smithi060.stderr:/usr/bin/ceph:
2024-03-12T01:27:07.261+0000 7f9691c8f700 1 -- 172.21.15.60:0/3083546209 >> 172.21.15.60:0/3083546209 conn(0x7f968c0f76f0 msgr2=0x7f968c0f9b10 unknown :-1 s=STATE_NONE l=0).mark_down
2024-03-12T01:27:07.251 INFO:teuthology.orchestra.run.smithi060.stderr:/usr/bin/ceph:
2024-03-12T01:27:07.261+0000 7f9691c8f700 1 -- 172.21.15.60:0/3083546209 shutdown_connections
2024-03-12T01:27:07.251 INFO:teuthology.orchestra.run.smithi060.stderr:/usr/bin/ceph:
2024-03-12T01:27:07.261+0000 7f9691c8f700 1 -- 172.21.15.60:0/3083546209 wait complete.
2024-03-12T01:27:07.251 INFO:teuthology.orchestra.run.smithi060.stderr:/usr/bin/ceph:
2024-03-12T01:27:07.262+0000 7f9691c8f700 1 Processor -- start
2024-03-12T01:27:07.251 INFO:teuthology.orchestra.run.smithi060.stderr:/usr/bin/ceph:
2024-03-12T01:27:07.262+0000 7f9691c8f700 1 -- start start
2024-03-12T01:27:07.251 INFO:teuthology.orchestra.run.smithi060.stderr:/usr/bin/ceph:
2024-03-12T01:27:07.262+0000 7f9691c8f700 1 --2- >> [v2:172.21.15.60:3300/0,v1:172.21.15.60:6789/0] conn(0x7f968c071c00 0x7f968c10bed0 unknown :-1 s=NONE pgs=0 cs=0 l=1 rev1=0 rx=0 tx=0).connect
2024-03-12T01:27:07.252 INFO:teuthology.orchestra.run.smithi060.stderr:/usr/bin/ceph:
2024-03-12T01:27:07.262+0000 7f9691c8f700 1 -- --> [v2:172.21.15.60:3300/0,v1:172.21.15.60:6789/0] -- mon_getmap magic: 0 v1 -- 0x7f968c10c3c0 con 0x7f968c071c00
2024-03-12T01:27:07.252 INFO:teuthology.orchestra.run.smithi060.stderr:/usr/bin/ceph:
2024-03-12T01:27:07.262+0000 7f968b7fe700 1 --2- >> [v2:172.21.15.60:3300/0,v1:172.21.15.60:6789/0] conn(0x7f968c071c00 0x7f968c10bed0 unknown :-1 s=BANNER_CONNECTING pgs=0 cs=0 l=1 rev1=0 rx=0 tx=0)._handle_peer_banner_payload supported=1 required=0
2024-03-12T01:27:07.252 INFO:teuthology.orchestra.run.smithi060.stderr:/usr/bin/ceph:
2024-03-12T01:27:07.262+0000 7f968b7fe700 1 --2- >> [v2:172.21.15.60:3300/0,v1:172.21.15.60:6789/0] conn(0x7f968c071c00 0x7f968c10bed0 unknown :-1 s=HELLO_CONNECTING pgs=0 cs=0 l=1 rev1=1 rx=0 tx=0).handle_hello peer v2:172.21.15.60:3300/0 says I am v2:172.21.15.60:39480/0 (socket says 172.21.15.60:39480)
2024-03-12T01:27:07.252 INFO:teuthology.orchestra.run.smithi060.stderr:/usr/bin/ceph:
2024-03-12T01:27:07.262+0000 7f968b7fe700 1 -- 172.21.15.60:0/593498740 learned_addr learned my addr 172.21.15.60:0/593498740 (peer_addr_for_me v2:172.21.15.60:0/0)
2024-03-12T01:27:07.252 INFO:teuthology.orchestra.run.smithi060.stderr:/usr/bin/ceph:
2024-03-12T01:27:07.262+0000 7f968b7fe700 1 -- 172.21.15.60:0/593498740 --> [v2:172.21.15.60:3300/0,v1:172.21.15.60:6789/0] -- mon_subscribe({config=0+,monmap=0+}) v3 -- 0x7f967c009370 con 0x7f968c071c00
2024-03-12T01:27:07.252 INFO:teuthology.orchestra.run.smithi060.stderr:/usr/bin/ceph:
2024-03-12T01:27:07.262+0000 7f968b7fe700 1 --2- 172.21.15.60:0/593498740 >> [v2:172.21.15.60:3300/0,v1:172.21.15.60:6789/0] conn(0x7f968c071c00 0x7f968c10bed0 secure :-1 s=READY pgs=60 cs=0 l=1 rev1=1 rx=0x7f967c0118b0 tx=0x7f967c0090f0).ready entity=mon.0 client_cookie=0 server_cookie=0 in_seq=0 out_seq=0
2024-03-12T01:27:07.252 INFO:teuthology.orchestra.run.smithi060.stderr:/usr/bin/ceph:
2024-03-12T01:27:07.263+0000 7f9688ff9700 1 -- 172.21.15.60:0/593498740 <== mon.0 v2:172.21.15.60:3300/0 1 ==== mon_map magic: 0 v1 ==== 229+0+0 (secure 0 0 0) 0x7f967c00be40 con 0x7f968c071c00
2024-03-12T01:27:07.252 INFO:teuthology.orchestra.run.smithi060.stderr:/usr/bin/ceph:
2024-03-12T01:27:07.263+0000 7f9691c8f700 1 -- 172.21.15.60:0/593498740 --> [v2:172.21.15.60:3300/0,v1:172.21.15.60:6789/0] -- mon_subscribe({mgrmap=0+}) v3 -- 0x7f968c10c5c0 con 0x7f968c071c00
2024-03-12T01:27:07.252 INFO:teuthology.orchestra.run.smithi060.stderr:/usr/bin/ceph:
2024-03-12T01:27:07.263+0000 7f9688ff9700 1 -- 172.21.15.60:0/593498740 <== mon.0 v2:172.21.15.60:3300/0 2 ==== config(25 keys) v1 ==== 1046+0+0 (secure 0 0 0) 0x7f967c01aad0 con 0x7f968c071c00
2024-03-12T01:27:07.252 INFO:teuthology.orchestra.run.smithi060.stderr:/usr/bin/ceph:
2024-03-12T01:27:07.263+0000 7f9688ff9700 1 -- 172.21.15.60:0/593498740 <== mon.0 v2:172.21.15.60:3300/0 3 ==== mon_map magic: 0 v1 ==== 229+0+0 (secure 0 0 0) 0x7f967c0239e0 con 0x7f968c071c00
2024-03-12T01:27:07.252 INFO:teuthology.orchestra.run.smithi060.stderr:/usr/bin/ceph:
2024-03-12T01:27:07.263+0000 7f9691c8f700 1 -- 172.21.15.60:0/593498740 --> [v2:172.21.15.60:3300/0,v1:172.21.15.60:6789/0] -- mon_subscribe({osdmap=0}) v3 -- 0x7f968c10c9d0 con 0x7f968c071c00
2024-03-12T01:27:07.252 INFO:teuthology.orchestra.run.smithi060.stderr:/usr/bin/ceph:
2024-03-12T01:27:07.264+0000 7f9688ff9700 1 -- 172.21.15.60:0/593498740 <== mon.0 v2:172.21.15.60:3300/0 4 ==== mgrmap(e 8) v1 ==== 38632+0+0 (secure 0 0 0) 0x7f967c023ca0 con 0x7f968c071c00
2024-03-12T01:27:07.252 INFO:teuthology.orchestra.run.smithi060.stderr:/usr/bin/ceph:
2024-03-12T01:27:07.264+0000 7f9691c8f700 1 -- 172.21.15.60:0/593498740 --> [v2:172.21.15.60:3300/0,v1:172.21.15.60:6789/0] -- mon_command({"prefix": "get_command_descriptions"} v 0) v1 -- 0x7f968c046ce0 con 0x7f968c071c00
2024-03-12T01:27:07.252 INFO:teuthology.orchestra.run.smithi060.stderr:/usr/bin/ceph:
2024-03-12T01:27:07.264+0000 7f9688ff9700 1 --2- 172.21.15.60:0/593498740 >> [v2:172.21.15.60:6800/3753935803,v1:172.21.15.60:6801/3753935803] conn(0x7f96780325e0 0x7f9678034aa0 unknown :-1 s=NONE pgs=0 cs=0 l=1 rev1=0 rx=0 tx=0).connect
2024-03-12T01:27:07.253 INFO:teuthology.orchestra.run.smithi060.stderr:/usr/bin/ceph:
2024-03-12T01:27:07.264+0000 7f9688ff9700 1 -- 172.21.15.60:0/593498740 <== mon.0 v2:172.21.15.60:3300/0 5 ==== osd_map(2..2 src has 1..2) v4 ==== 893+0+0 (secure 0 0 0) 0x7f967c044bb0 con 0x7f968c071c00
2024-03-12T01:27:07.253 INFO:teuthology.orchestra.run.smithi060.stderr:/usr/bin/ceph:
2024-03-12T01:27:07.264+0000 7f968affd700 1 --2- 172.21.15.60:0/593498740 >> [v2:172.21.15.60:6800/3753935803,v1:172.21.15.60:6801/3753935803] conn(0x7f96780325e0 0x7f9678034aa0 unknown :-1 s=BANNER_CONNECTING pgs=0 cs=0 l=1 rev1=0 rx=0 tx=0)._handle_peer_banner_payload supported=1 required=0
2024-03-12T01:27:07.253 INFO:teuthology.orchestra.run.smithi060.stderr:/usr/bin/ceph:
2024-03-12T01:27:07.264+0000 7f968affd700 1 --2- 172.21.15.60:0/593498740 >> [v2:172.21.15.60:6800/3753935803,v1:172.21.15.60:6801/3753935803] conn(0x7f96780325e0 0x7f9678034aa0 secure :-1 s=READY pgs=20 cs=0 l=1 rev1=1 rx=0x7f9674009780 tx=0x7f9674006cc0).ready entity=mgr.14116 client_cookie=0 server_cookie=0 in_seq=0 out_seq=0
2024-03-12T01:27:07.253 INFO:teuthology.orchestra.run.smithi060.stderr:/usr/bin/ceph:
2024-03-12T01:27:07.268+0000 7f9688ff9700 1 -- 172.21.15.60:0/593498740 <== mon.0 v2:172.21.15.60:3300/0 6 ==== mon_command_ack([{"prefix": "get_command_descriptions"}]=0 v0) v1 ==== 72+0+163658 (secure 0 0 0) 0x7f967c02c3f0 con 0x7f968c071c00
2024-03-12T01:27:07.470 INFO:teuthology.orchestra.run.smithi060.stderr:/usr/bin/ceph:
2024-03-12T01:27:07.487+0000 7f9691c8f700 1 -- 172.21.15.60:0/593498740 --> [v2:172.21.15.60:3300/0,v1:172.21.15.60:6789/0] -- mon_command({"prefix": "mgr module enable", "module": "dashboard"} v 0) v1 -- 0x7f968c100f80 con 0x7f968c071c00
2024-03-12T01:27:07.676 INFO:teuthology.orchestra.run.smithi060.stderr:/usr/bin/ceph:
2024-03-12T01:27:07.694+0000 7f9688ff9700 1 -- 172.21.15.60:0/593498740 <== mon.0 v2:172.21.15.60:3300/0 7 ==== mgrmap(e 9) v1 ==== 38645+0+0 (secure 0 0 0) 0x7f967c02c5e0 con 0x7f968c071c00
2024-03-12T01:27:07.678 INFO:teuthology.orchestra.run.smithi060.stderr:/usr/bin/ceph:
2024-03-12T01:27:07.695+0000 7f9688ff9700 1 -- 172.21.15.60:0/593498740 <== mon.0 v2:172.21.15.60:3300/0 8 ==== mon_command_ack([{"prefix": "mgr module enable", "module": "dashboard"}]=0 v9) v1 ==== 88+0+0 (secure 0 0 0) 0x7f967c006030 con 0x7f968c071c00
2024-03-12T01:27:07.681 INFO:teuthology.orchestra.run.smithi060.stderr:/usr/bin/ceph:
2024-03-12T01:27:07.697+0000 7f9691c8f700 1 -- 172.21.15.60:0/593498740 >> [v2:172.21.15.60:6800/3753935803,v1:172.21.15.60:6801/3753935803] conn(0x7f96780325e0 msgr2=0x7f9678034aa0 secure :-1 s=STATE_CONNECTION_ESTABLISHED l=1).mark_down
2024-03-12T01:27:07.681 INFO:teuthology.orchestra.run.smithi060.stderr:/usr/bin/ceph:
2024-03-12T01:27:07.697+0000 7f9691c8f700 1 --2- 172.21.15.60:0/593498740 >> [v2:172.21.15.60:6800/3753935803,v1:172.21.15.60:6801/3753935803] conn(0x7f96780325e0 0x7f9678034aa0 secure :-1 s=READY pgs=20 cs=0 l=1 rev1=1 rx=0x7f9674009780 tx=0x7f9674006cc0).stop
2024-03-12T01:27:07.681 INFO:teuthology.orchestra.run.smithi060.stderr:/usr/bin/ceph:
2024-03-12T01:27:07.697+0000 7f9691c8f700 1 -- 172.21.15.60:0/593498740 >> [v2:172.21.15.60:3300/0,v1:172.21.15.60:6789/0] conn(0x7f968c071c00 msgr2=0x7f968c10bed0 secure :-1 s=STATE_CONNECTION_ESTABLISHED l=1).mark_down
2024-03-12T01:27:07.681 INFO:teuthology.orchestra.run.smithi060.stderr:/usr/bin/ceph:
2024-03-12T01:27:07.697+0000 7f9691c8f700 1 --2- 172.21.15.60:0/593498740 >> [v2:172.21.15.60:3300/0,v1:172.21.15.60:6789/0] conn(0x7f968c071c00 0x7f968c10bed0 secure :-1 s=READY pgs=60 cs=0 l=1 rev1=1 rx=0x7f967c0118b0 tx=0x7f967c0090f0).stop
2024-03-12T01:27:07.681 INFO:teuthology.orchestra.run.smithi060.stderr:/usr/bin/ceph:
2024-03-12T01:27:07.697+0000 7f9691c8f700 1 -- 172.21.15.60:0/593498740 shutdown_connections
2024-03-12T01:27:07.681 INFO:teuthology.orchestra.run.smithi060.stderr:/usr/bin/ceph:
2024-03-12T01:27:07.697+0000 7f9691c8f700 1 --2- 172.21.15.60:0/593498740 >> [v2:172.21.15.60:6800/3753935803,v1:172.21.15.60:6801/3753935803] conn(0x7f96780325e0 0x7f9678034aa0 unknown :-1 s=CLOSED pgs=20 cs=0 l=1 rev1=1 rx=0 tx=0).stop
2024-03-12T01:27:07.681 INFO:teuthology.orchestra.run.smithi060.stderr:/usr/bin/ceph:
2024-03-12T01:27:07.697+0000 7f9691c8f700 1 --2- 172.21.15.60:0/593498740 >> [v2:172.21.15.60:3300/0,v1:172.21.15.60:6789/0] conn(0x7f968c071c00 0x7f968c10bed0 unknown :-1 s=CLOSED pgs=60 cs=0 l=1 rev1=1 rx=0 tx=0).stop
2024-03-12T01:27:07.681 INFO:teuthology.orchestra.run.smithi060.stderr:/usr/bin/ceph:
2024-03-12T01:27:07.697+0000 7f9691c8f700 1 -- 172.21.15.60:0/593498740 >> 172.21.15.60:0/593498740 conn(0x7f968c0f76f0 msgr2=0x7f968c0f9140 unknown :-1 s=STATE_NONE l=0).mark_down
2024-03-12T01:27:07.681 INFO:teuthology.orchestra.run.smithi060.stderr:/usr/bin/ceph:
2024-03-12T01:27:07.698+0000 7f9691c8f700 1 -- 172.21.15.60:0/593498740 shutdown_connections
2024-03-12T01:27:07.681 INFO:teuthology.orchestra.run.smithi060.stderr:/usr/bin/ceph:
2024-03-12T01:27:07.698+0000 7f9691c8f700 1 -- 172.21.15.60:0/593498740 wait complete.
2024-03-12T01:27:08.091 INFO:journalctl@ceph.mon.smithi060.smithi060.stdout:Mar 12 01:27:07 smithi060 ceph-6a39a11c-e00f-11ee-95c8-87774f69a715-mon-smithi060[39658]: audit
2024-03-12T01:27:07.489758+0000 mon.smithi060 (mon.0) 67 : audit [INF] from='client.? 172.21.15.60:0/593498740' entity='client.admin' cmd=[{"prefix": "mgr module enable", "module": "dashboard"}]: dispatch
2024-03-12T01:27:08.684 INFO:journalctl@ceph.mon.smithi060.smithi060.stdout:Mar 12 01:27:08 smithi060 ceph-6a39a11c-e00f-11ee-95c8-87774f69a715-mon-smithi060[39658]: audit
2024-03-12T01:27:07.697333+0000 mon.smithi060 (mon.0) 68 : audit [INF] from='client.? 172.21.15.60:0/593498740' entity='client.admin' cmd='[{"prefix": "mgr module enable", "module": "dashboard"}]': finished
2024-03-12T01:27:08.684 INFO:journalctl@ceph.mon.smithi060.smithi060.stdout:Mar 12 01:27:08 smithi060 ceph-6a39a11c-e00f-11ee-95c8-87774f69a715-mon-smithi060[39658]: cluster
2024-03-12T01:27:07.697374+0000 mon.smithi060 (mon.0) 69 : cluster [DBG] mgrmap e9: smithi060.wsvjgw(active, since 24s)
2024-03-12T01:27:09.027 INFO:teuthology.orchestra.run.smithi060.stderr:/usr/bin/ceph:
2024-03-12T01:27:09.016+0000 7f45060ad700 1 Processor -- start
2024-03-12T01:27:09.027 INFO:teuthology.orchestra.run.smithi060.stderr:/usr/bin/ceph:
2024-03-12T01:27:09.016+0000 7f45060ad700 1 -- start start
2024-03-12T01:27:09.027 INFO:teuthology.orchestra.run.smithi060.stderr:/usr/bin/ceph:
2024-03-12T01:27:09.016+0000 7f45060ad700 1 --2- >> [v2:172.21.15.60:3300/0,v1:172.21.15.60:6789/0] conn(0x7f4500071bc0 0x7f45001020d0 unknown :-1 s=NONE pgs=0 cs=0 l=0 rev1=0 rx=0 tx=0).connect
2024-03-12T01:27:09.028 INFO:teuthology.orchestra.run.smithi060.stderr:/usr/bin/ceph:
2024-03-12T01:27:09.016+0000 7f45060ad700 1 -- --> [v2:172.21.15.60:3300/0,v1:172.21.15.60:6789/0] -- mon_getmap magic: 0 v1 -- 0x7f45000fdac0 con 0x7f4500071bc0
2024-03-12T01:27:09.028 INFO:teuthology.orchestra.run.smithi060.stderr:/usr/bin/ceph:
2024-03-12T01:27:09.016+0000 7f44ff7fe700 1 --2- >> [v2:172.21.15.60:3300/0,v1:172.21.15.60:6789/0] conn(0x7f4500071bc0 0x7f45001020d0 unknown :-1 s=BANNER_CONNECTING pgs=0 cs=0 l=0 rev1=0 rx=0 tx=0)._handle_peer_banner_payload supported=1 required=0
2024-03-12T01:27:09.028 INFO:teuthology.orchestra.run.smithi060.stderr:/usr/bin/ceph:
2024-03-12T01:27:09.016+0000 7f44ff7fe700 1 --2- >> [v2:172.21.15.60:3300/0,v1:172.21.15.60:6789/0] conn(0x7f4500071bc0 0x7f45001020d0 unknown :-1 s=HELLO_CONNECTING pgs=0 cs=0 l=0 rev1=1 rx=0 tx=0).handle_hello peer v2:172.21.15.60:3300/0 says I am v2:172.21.15.60:39508/0 (socket says 172.21.15.60:39508)
2024-03-12T01:27:09.028 INFO:teuthology.orchestra.run.smithi060.stderr:/usr/bin/ceph:
2024-03-12T01:27:09.016+0000 7f44ff7fe700 1 -- 172.21.15.60:0/681384753 learned_addr learned my addr 172.21.15.60:0/681384753 (peer_addr_for_me v2:172.21.15.60:0/0)
2024-03-12T01:27:09.028 INFO:teuthology.orchestra.run.smithi060.stderr:/usr/bin/ceph:
2024-03-12T01:27:09.017+0000 7f44ff7fe700 1 -- 172.21.15.60:0/681384753 --> [v2:172.21.15.60:3300/0,v1:172.21.15.60:6789/0] -- mon_subscribe({config=0+,monmap=0+}) v3 -- 0x7f45001025c0 con 0x7f4500071bc0
2024-03-12T01:27:09.028 INFO:teuthology.orchestra.run.smithi060.stderr:/usr/bin/ceph:
2024-03-12T01:27:09.017+0000 7f44ff7fe700 1 --2- 172.21.15.60:0/681384753 >> [v2:172.21.15.60:3300/0,v1:172.21.15.60:6789/0] conn(0x7f4500071bc0 0x7f45001020d0 secure :-1 s=READY pgs=63 cs=0 l=1 rev1=1 rx=0x7f44f0009730 tx=0x7f44f00090f0).ready entity=mon.0 client_cookie=adb6ab36b06d20a1 server_cookie=0 in_seq=0 out_seq=0
