2024-03-12T01:27:09.028 INFO:teuthology.orchestra.run.smithi060.stderr:/usr/bin/ceph:
2024-03-12T01:27:09.017+0000 7f44fe7fc700 1 -- 172.21.15.60:0/681384753 <== mon.0 v2:172.21.15.60:3300/0 1 ==== mon_map magic: 0 v1 ==== 229+0+0 (secure 0 0 0) 0x7f44f000b6e0 con 0x7f4500071bc0
2024-03-12T01:27:09.028 INFO:teuthology.orchestra.run.smithi060.stderr:/usr/bin/ceph:
2024-03-12T01:27:09.017+0000 7f44fe7fc700 1 -- 172.21.15.60:0/681384753 <== mon.0 v2:172.21.15.60:3300/0 2 ==== config(25 keys) v1 ==== 1046+0+0 (secure 0 0 0) 0x7f44f000bcd0 con 0x7f4500071bc0
2024-03-12T01:27:09.028 INFO:teuthology.orchestra.run.smithi060.stderr:/usr/bin/ceph:
2024-03-12T01:27:09.017+0000 7f44fe7fc700 1 -- 172.21.15.60:0/681384753 <== mon.0 v2:172.21.15.60:3300/0 3 ==== mon_map magic: 0 v1 ==== 229+0+0 (secure 0 0 0) 0x7f44f0011cb0 con 0x7f4500071bc0
2024-03-12T01:27:09.028 INFO:teuthology.orchestra.run.smithi060.stderr:/usr/bin/ceph:
2024-03-12T01:27:09.017+0000 7f45060ad700 1 -- 172.21.15.60:0/681384753 >> [v2:172.21.15.60:3300/0,v1:172.21.15.60:6789/0] conn(0x7f4500071bc0 msgr2=0x7f45001020d0 secure :-1 s=STATE_CONNECTION_ESTABLISHED l=1).mark_down
2024-03-12T01:27:09.028 INFO:teuthology.orchestra.run.smithi060.stderr:/usr/bin/ceph:
2024-03-12T01:27:09.017+0000 7f45060ad700 1 --2- 172.21.15.60:0/681384753 >> [v2:172.21.15.60:3300/0,v1:172.21.15.60:6789/0] conn(0x7f4500071bc0 0x7f45001020d0 secure :-1 s=READY pgs=63 cs=0 l=1 rev1=1 rx=0x7f44f0009730 tx=0x7f44f00090f0).stop
2024-03-12T01:27:09.028 INFO:teuthology.orchestra.run.smithi060.stderr:/usr/bin/ceph:
2024-03-12T01:27:09.018+0000 7f45060ad700 1 -- 172.21.15.60:0/681384753 shutdown_connections
2024-03-12T01:27:09.028 INFO:teuthology.orchestra.run.smithi060.stderr:/usr/bin/ceph:
2024-03-12T01:27:09.018+0000 7f45060ad700 1 --2- 172.21.15.60:0/681384753 >> [v2:172.21.15.60:3300/0,v1:172.21.15.60:6789/0] conn(0x7f4500071bc0 0x7f45001020d0 unknown :-1 s=CLOSED pgs=63 cs=0 l=1 rev1=1 rx=0 tx=0).stop
2024-03-12T01:27:09.029 INFO:teuthology.orchestra.run.smithi060.stderr:/usr/bin/ceph:
2024-03-12T01:27:09.018+0000 7f45060ad700 1 -- 172.21.15.60:0/681384753 >> 172.21.15.60:0/681384753 conn(0x7f45000f76f0 msgr2=0x7f45000f9b10 unknown :-1 s=STATE_NONE l=0).mark_down
2024-03-12T01:27:09.029 INFO:teuthology.orchestra.run.smithi060.stderr:/usr/bin/ceph:
2024-03-12T01:27:09.018+0000 7f45060ad700 1 -- 172.21.15.60:0/681384753 shutdown_connections
2024-03-12T01:27:09.029 INFO:teuthology.orchestra.run.smithi060.stderr:/usr/bin/ceph:
2024-03-12T01:27:09.018+0000 7f45060ad700 1 -- 172.21.15.60:0/681384753 wait complete.
2024-03-12T01:27:09.029 INFO:teuthology.orchestra.run.smithi060.stderr:/usr/bin/ceph:
2024-03-12T01:27:09.018+0000 7f45060ad700 1 Processor -- start
2024-03-12T01:27:09.029 INFO:teuthology.orchestra.run.smithi060.stderr:/usr/bin/ceph:
2024-03-12T01:27:09.019+0000 7f45060ad700 1 -- start start
2024-03-12T01:27:09.029 INFO:teuthology.orchestra.run.smithi060.stderr:/usr/bin/ceph:
2024-03-12T01:27:09.019+0000 7f45060ad700 1 --2- >> [v2:172.21.15.60:3300/0,v1:172.21.15.60:6789/0] conn(0x7f4500071bc0 0x7f450010e020 unknown :-1 s=NONE pgs=0 cs=0 l=1 rev1=0 rx=0 tx=0).connect
2024-03-12T01:27:09.029 INFO:teuthology.orchestra.run.smithi060.stderr:/usr/bin/ceph:
2024-03-12T01:27:09.019+0000 7f45060ad700 1 -- --> [v2:172.21.15.60:3300/0,v1:172.21.15.60:6789/0] -- mon_getmap magic: 0 v1 -- 0x7f450010e510 con 0x7f4500071bc0
2024-03-12T01:27:09.029 INFO:teuthology.orchestra.run.smithi060.stderr:/usr/bin/ceph:
2024-03-12T01:27:09.019+0000 7f44ff7fe700 1 --2- >> [v2:172.21.15.60:3300/0,v1:172.21.15.60:6789/0] conn(0x7f4500071bc0 0x7f450010e020 unknown :-1 s=BANNER_CONNECTING pgs=0 cs=0 l=1 rev1=0 rx=0 tx=0)._handle_peer_banner_payload supported=1 required=0
2024-03-12T01:27:09.029 INFO:teuthology.orchestra.run.smithi060.stderr:/usr/bin/ceph:
2024-03-12T01:27:09.019+0000 7f44ff7fe700 1 --2- >> [v2:172.21.15.60:3300/0,v1:172.21.15.60:6789/0] conn(0x7f4500071bc0 0x7f450010e020 unknown :-1 s=HELLO_CONNECTING pgs=0 cs=0 l=1 rev1=1 rx=0 tx=0).handle_hello peer v2:172.21.15.60:3300/0 says I am v2:172.21.15.60:39524/0 (socket says 172.21.15.60:39524)
2024-03-12T01:27:09.029 INFO:teuthology.orchestra.run.smithi060.stderr:/usr/bin/ceph:
2024-03-12T01:27:09.019+0000 7f44ff7fe700 1 -- 172.21.15.60:0/2305845135 learned_addr learned my addr 172.21.15.60:0/2305845135 (peer_addr_for_me v2:172.21.15.60:0/0)
2024-03-12T01:27:09.029 INFO:teuthology.orchestra.run.smithi060.stderr:/usr/bin/ceph:
2024-03-12T01:27:09.019+0000 7f44ff7fe700 1 -- 172.21.15.60:0/2305845135 --> [v2:172.21.15.60:3300/0,v1:172.21.15.60:6789/0] -- mon_subscribe({config=0+,monmap=0+}) v3 -- 0x7f44f0009370 con 0x7f4500071bc0
2024-03-12T01:27:09.029 INFO:teuthology.orchestra.run.smithi060.stderr:/usr/bin/ceph:
2024-03-12T01:27:09.019+0000 7f44ff7fe700 1 --2- 172.21.15.60:0/2305845135 >> [v2:172.21.15.60:3300/0,v1:172.21.15.60:6789/0] conn(0x7f4500071bc0 0x7f450010e020 secure :-1 s=READY pgs=64 cs=0 l=1 rev1=1 rx=0x7f44f00118b0 tx=0x7f44f00090f0).ready entity=mon.0 client_cookie=0 server_cookie=0 in_seq=0 out_seq=0
2024-03-12T01:27:09.029 INFO:teuthology.orchestra.run.smithi060.stderr:/usr/bin/ceph:
2024-03-12T01:27:09.020+0000 7f44fcff9700 1 -- 172.21.15.60:0/2305845135 <== mon.0 v2:172.21.15.60:3300/0 1 ==== mon_map magic: 0 v1 ==== 229+0+0 (secure 0 0 0) 0x7f44f000be40 con 0x7f4500071bc0
2024-03-12T01:27:09.029 INFO:teuthology.orchestra.run.smithi060.stderr:/usr/bin/ceph:
2024-03-12T01:27:09.020+0000 7f44fcff9700 1 -- 172.21.15.60:0/2305845135 <== mon.0 v2:172.21.15.60:3300/0 2 ==== config(25 keys) v1 ==== 1046+0+0 (secure 0 0 0) 0x7f44f001aad0 con 0x7f4500071bc0
2024-03-12T01:27:09.029 INFO:teuthology.orchestra.run.smithi060.stderr:/usr/bin/ceph:
2024-03-12T01:27:09.020+0000 7f45060ad700 1 -- 172.21.15.60:0/2305845135 --> [v2:172.21.15.60:3300/0,v1:172.21.15.60:6789/0] -- mon_subscribe({mgrmap=0+}) v3 -- 0x7f450010e710 con 0x7f4500071bc0
2024-03-12T01:27:09.030 INFO:teuthology.orchestra.run.smithi060.stderr:/usr/bin/ceph:
2024-03-12T01:27:09.020+0000 7f44fcff9700 1 -- 172.21.15.60:0/2305845135 <== mon.0 v2:172.21.15.60:3300/0 3 ==== mon_map magic: 0 v1 ==== 229+0+0 (secure 0 0 0) 0x7f44f0023a80 con 0x7f4500071bc0
2024-03-12T01:27:09.030 INFO:teuthology.orchestra.run.smithi060.stderr:/usr/bin/ceph:
2024-03-12T01:27:09.020+0000 7f45060ad700 1 -- 172.21.15.60:0/2305845135 --> [v2:172.21.15.60:3300/0,v1:172.21.15.60:6789/0] -- mon_subscribe({osdmap=0}) v3 -- 0x7f450010eb20 con 0x7f4500071bc0
2024-03-12T01:27:09.030 INFO:teuthology.orchestra.run.smithi060.stderr:/usr/bin/ceph:
2024-03-12T01:27:09.020+0000 7f44fcff9700 1 -- 172.21.15.60:0/2305845135 <== mon.0 v2:172.21.15.60:3300/0 4 ==== mgrmap(e 9) v1 ==== 38645+0+0 (secure 0 0 0) 0x7f44f0023c70 con 0x7f4500071bc0
2024-03-12T01:27:09.030 INFO:teuthology.orchestra.run.smithi060.stderr:/usr/bin/ceph:
2024-03-12T01:27:09.021+0000 7f44fcff9700 1 --2- 172.21.15.60:0/2305845135 >> [v2:172.21.15.60:6800/3753935803,v1:172.21.15.60:6801/3753935803] conn(0x7f44e80326b0 0x7f44e8034b70 unknown :-1 s=NONE pgs=0 cs=0 l=1 rev1=0 rx=0 tx=0).connect
2024-03-12T01:27:09.030 INFO:teuthology.orchestra.run.smithi060.stderr:/usr/bin/ceph:
2024-03-12T01:27:09.021+0000 7f44fcff9700 1 -- 172.21.15.60:0/2305845135 <== mon.0 v2:172.21.15.60:3300/0 5 ==== osd_map(2..2 src has 1..2) v4 ==== 893+0+0 (secure 0 0 0) 0x7f44f00447f0 con 0x7f4500071bc0
2024-03-12T01:27:09.030 INFO:teuthology.orchestra.run.smithi060.stderr:/usr/bin/ceph:
2024-03-12T01:27:09.021+0000 7f45060ad700 1 -- 172.21.15.60:0/2305845135 --> [v2:172.21.15.60:3300/0,v1:172.21.15.60:6789/0] -- mon_command({"prefix": "get_command_descriptions"} v 0) v1 -- 0x7f4500046ce0 con 0x7f4500071bc0
2024-03-12T01:27:09.030 INFO:teuthology.orchestra.run.smithi060.stderr:/usr/bin/ceph:
2024-03-12T01:27:09.021+0000 7f44feffd700 1 -- 172.21.15.60:0/2305845135 >> [v2:172.21.15.60:6800/3753935803,v1:172.21.15.60:6801/3753935803] conn(0x7f44e80326b0 msgr2=0x7f44e8034b70 unknown :-1 s=STATE_CONNECTING_RE l=1).process reconnect failed to v2:172.21.15.60:6800/3753935803
2024-03-12T01:27:09.030 INFO:teuthology.orchestra.run.smithi060.stderr:/usr/bin/ceph:
2024-03-12T01:27:09.021+0000 7f44feffd700 1 --2- 172.21.15.60:0/2305845135 >> [v2:172.21.15.60:6800/3753935803,v1:172.21.15.60:6801/3753935803] conn(0x7f44e80326b0 0x7f44e8034b70 unknown :-1 s=START_CONNECT pgs=0 cs=0 l=1 rev1=0 rx=0 tx=0)._fault waiting 0.200000
2024-03-12T01:27:09.030 INFO:teuthology.orchestra.run.smithi060.stderr:/usr/bin/ceph:
2024-03-12T01:27:09.025+0000 7f44fcff9700 1 -- 172.21.15.60:0/2305845135 <== mon.0 v2:172.21.15.60:3300/0 6 ==== mon_command_ack([{"prefix": "get_command_descriptions"}]=0 v0) v1 ==== 72+0+163658 (secure 0 0 0) 0x7f44f001e070 con 0x7f4500071bc0
2024-03-12T01:27:09.205 INFO:teuthology.orchestra.run.smithi060.stderr:/usr/bin/ceph:
2024-03-12T01:27:09.222+0000 7f44feffd700 1 -- 172.21.15.60:0/2305845135 >> [v2:172.21.15.60:6800/3753935803,v1:172.21.15.60:6801/3753935803] conn(0x7f44e80326b0 msgr2=0x7f44e8034b70 unknown :-1 s=STATE_CONNECTING_RE l=1).process reconnect failed to v2:172.21.15.60:6800/3753935803
2024-03-12T01:27:09.205 INFO:teuthology.orchestra.run.smithi060.stderr:/usr/bin/ceph:
2024-03-12T01:27:09.222+0000 7f44feffd700 1 --2- 172.21.15.60:0/2305845135 >> [v2:172.21.15.60:6800/3753935803,v1:172.21.15.60:6801/3753935803] conn(0x7f44e80326b0 0x7f44e8034b70 unknown :-1 s=START_CONNECT pgs=0 cs=0 l=1 rev1=0 rx=0 tx=0)._fault waiting 0.400000
2024-03-12T01:27:09.270 INFO:teuthology.orchestra.run.smithi060.stderr:/usr/bin/ceph:
2024-03-12T01:27:09.287+0000 7f45060ad700 1 -- 172.21.15.60:0/2305845135 --> [v2:172.21.15.60:3300/0,v1:172.21.15.60:6789/0] -- mon_command({"prefix": "mgr stat"} v 0) v1 -- 0x7f450010fbd0 con 0x7f4500071bc0
2024-03-12T01:27:09.270 INFO:teuthology.orchestra.run.smithi060.stderr:/usr/bin/ceph:
2024-03-12T01:27:09.287+0000 7f44fcff9700 1 -- 172.21.15.60:0/2305845135 <== mon.0 v2:172.21.15.60:3300/0 7 ==== mon_command_ack([{"prefix": "mgr stat"}]=0 v9) v1 ==== 56+0+103 (secure 0 0 0) 0x7f44f002bd20 con 0x7f4500071bc0
2024-03-12T01:27:09.270 INFO:teuthology.orchestra.run.smithi060.stderr:/usr/bin/ceph: {
2024-03-12T01:27:09.271 INFO:teuthology.orchestra.run.smithi060.stderr:/usr/bin/ceph: "epoch": 9,
2024-03-12T01:27:09.271 INFO:teuthology.orchestra.run.smithi060.stderr:/usr/bin/ceph: "available": true,
2024-03-12T01:27:09.271 INFO:teuthology.orchestra.run.smithi060.stderr:/usr/bin/ceph: "active_name": "smithi060.wsvjgw",
2024-03-12T01:27:09.271 INFO:teuthology.orchestra.run.smithi060.stderr:/usr/bin/ceph: "num_standby": 0
2024-03-12T01:27:09.271 INFO:teuthology.orchestra.run.smithi060.stderr:/usr/bin/ceph: }
2024-03-12T01:27:09.272 INFO:teuthology.orchestra.run.smithi060.stderr:/usr/bin/ceph:
2024-03-12T01:27:09.289+0000 7f45060ad700 1 -- 172.21.15.60:0/2305845135 >> [v2:172.21.15.60:6800/3753935803,v1:172.21.15.60:6801/3753935803] conn(0x7f44e80326b0 msgr2=0x7f44e8034b70 unknown :-1 s=STATE_CONNECTING l=1).mark_down
2024-03-12T01:27:09.272 INFO:teuthology.orchestra.run.smithi060.stderr:/usr/bin/ceph:
2024-03-12T01:27:09.289+0000 7f45060ad700 1 --2- 172.21.15.60:0/2305845135 >> [v2:172.21.15.60:6800/3753935803,v1:172.21.15.60:6801/3753935803] conn(0x7f44e80326b0 0x7f44e8034b70 unknown :-1 s=START_CONNECT pgs=0 cs=0 l=1 rev1=0 rx=0 tx=0).stop
2024-03-12T01:27:09.272 INFO:teuthology.orchestra.run.smithi060.stderr:/usr/bin/ceph:
2024-03-12T01:27:09.289+0000 7f45060ad700 1 -- 172.21.15.60:0/2305845135 >> [v2:172.21.15.60:3300/0,v1:172.21.15.60:6789/0] conn(0x7f4500071bc0 msgr2=0x7f450010e020 secure :-1 s=STATE_CONNECTION_ESTABLISHED l=1).mark_down
2024-03-12T01:27:09.273 INFO:teuthology.orchestra.run.smithi060.stderr:/usr/bin/ceph:
2024-03-12T01:27:09.289+0000 7f45060ad700 1 --2- 172.21.15.60:0/2305845135 >> [v2:172.21.15.60:3300/0,v1:172.21.15.60:6789/0] conn(0x7f4500071bc0 0x7f450010e020 secure :-1 s=READY pgs=64 cs=0 l=1 rev1=1 rx=0x7f44f00118b0 tx=0x7f44f00090f0).stop
2024-03-12T01:27:09.273 INFO:teuthology.orchestra.run.smithi060.stderr:/usr/bin/ceph:
2024-03-12T01:27:09.289+0000 7f45060ad700 1 -- 172.21.15.60:0/2305845135 shutdown_connections
2024-03-12T01:27:09.273 INFO:teuthology.orchestra.run.smithi060.stderr:/usr/bin/ceph:
2024-03-12T01:27:09.289+0000 7f45060ad700 1 --2- 172.21.15.60:0/2305845135 >> [v2:172.21.15.60:6800/3753935803,v1:172.21.15.60:6801/3753935803] conn(0x7f44e80326b0 0x7f44e8034b70 unknown :-1 s=CLOSED pgs=0 cs=0 l=1 rev1=0 rx=0 tx=0).stop
2024-03-12T01:27:09.273 INFO:teuthology.orchestra.run.smithi060.stderr:/usr/bin/ceph:
2024-03-12T01:27:09.289+0000 7f45060ad700 1 --2- 172.21.15.60:0/2305845135 >> [v2:172.21.15.60:3300/0,v1:172.21.15.60:6789/0] conn(0x7f4500071bc0 0x7f450010e020 unknown :-1 s=CLOSED pgs=64 cs=0 l=1 rev1=1 rx=0 tx=0).stop
2024-03-12T01:27:09.273 INFO:teuthology.orchestra.run.smithi060.stderr:/usr/bin/ceph:
2024-03-12T01:27:09.289+0000 7f45060ad700 1 -- 172.21.15.60:0/2305845135 >> 172.21.15.60:0/2305845135 conn(0x7f45000f76f0 msgr2=0x7f45000f91b0 unknown :-1 s=STATE_NONE l=0).mark_down
2024-03-12T01:27:09.273 INFO:teuthology.orchestra.run.smithi060.stderr:/usr/bin/ceph:
2024-03-12T01:27:09.289+0000 7f45060ad700 1 -- 172.21.15.60:0/2305845135 shutdown_connections
2024-03-12T01:27:09.273 INFO:teuthology.orchestra.run.smithi060.stderr:/usr/bin/ceph:
2024-03-12T01:27:09.289+0000 7f45060ad700 1 -- 172.21.15.60:0/2305845135 wait complete.
2024-03-12T01:27:09.936 INFO:teuthology.orchestra.run.smithi060.stderr:Waiting for the mgr to restart...
2024-03-12T01:27:09.936 INFO:teuthology.orchestra.run.smithi060.stderr:Waiting for mgr epoch 9...
2024-03-12T01:27:09.938 INFO:journalctl@ceph.mon.smithi060.smithi060.stdout:Mar 12 01:27:09 smithi060 ceph-6a39a11c-e00f-11ee-95c8-87774f69a715-mon-smithi060[39658]: audit
2024-03-12T01:27:09.289164+0000 mon.smithi060 (mon.0) 70 : audit [DBG] from='client.? 172.21.15.60:0/2305845135' entity='client.admin' cmd=[{"prefix": "mgr stat"}]: dispatch
2024-03-12T01:27:10.635 INFO:teuthology.orchestra.run.smithi060.stderr:/usr/bin/ceph:
2024-03-12T01:27:10.649+0000 7faa1183d700 1 Processor -- start
2024-03-12T01:27:10.635 INFO:teuthology.orchestra.run.smithi060.stderr:/usr/bin/ceph:
2024-03-12T01:27:10.649+0000 7faa1183d700 1 -- start start
2024-03-12T01:27:10.635 INFO:teuthology.orchestra.run.smithi060.stderr:/usr/bin/ceph:
2024-03-12T01:27:10.649+0000 7faa1183d700 1 --2- >> [v2:172.21.15.60:3300/0,v1:172.21.15.60:6789/0] conn(0x7faa0c071c60 0x7faa0c0ffc30 unknown :-1 s=NONE pgs=0 cs=0 l=0 rev1=0 rx=0 tx=0).connect
2024-03-12T01:27:10.635 INFO:teuthology.orchestra.run.smithi060.stderr:/usr/bin/ceph:
2024-03-12T01:27:10.649+0000 7faa1183d700 1 -- --> [v2:172.21.15.60:3300/0,v1:172.21.15.60:6789/0] -- mon_getmap magic: 0 v1 -- 0x7faa0c100120 con 0x7faa0c071c60
2024-03-12T01:27:10.635 INFO:teuthology.orchestra.run.smithi060.stderr:/usr/bin/ceph:
2024-03-12T01:27:10.650+0000 7faa0affd700 1 --2- >> [v2:172.21.15.60:3300/0,v1:172.21.15.60:6789/0] conn(0x7faa0c071c60 0x7faa0c0ffc30 unknown :-1 s=BANNER_CONNECTING pgs=0 cs=0 l=0 rev1=0 rx=0 tx=0)._handle_peer_banner_payload supported=1 required=0
2024-03-12T01:27:10.635 INFO:teuthology.orchestra.run.smithi060.stderr:/usr/bin/ceph:
2024-03-12T01:27:10.650+0000 7faa0affd700 1 --2- >> [v2:172.21.15.60:3300/0,v1:172.21.15.60:6789/0] conn(0x7faa0c071c60 0x7faa0c0ffc30 unknown :-1 s=HELLO_CONNECTING pgs=0 cs=0 l=0 rev1=1 rx=0 tx=0).handle_hello peer v2:172.21.15.60:3300/0 says I am v2:172.21.15.60:39526/0 (socket says 172.21.15.60:39526)
2024-03-12T01:27:10.635 INFO:teuthology.orchestra.run.smithi060.stderr:/usr/bin/ceph:
2024-03-12T01:27:10.650+0000 7faa0affd700 1 -- 172.21.15.60:0/198982922 learned_addr learned my addr 172.21.15.60:0/198982922 (peer_addr_for_me v2:172.21.15.60:0/0)
2024-03-12T01:27:10.635 INFO:teuthology.orchestra.run.smithi060.stderr:/usr/bin/ceph:
2024-03-12T01:27:10.650+0000 7faa0affd700 1 -- 172.21.15.60:0/198982922 --> [v2:172.21.15.60:3300/0,v1:172.21.15.60:6789/0] -- mon_subscribe({config=0+,monmap=0+}) v3 -- 0x7faa0c100260 con 0x7faa0c071c60
2024-03-12T01:27:10.635 INFO:teuthology.orchestra.run.smithi060.stderr:/usr/bin/ceph:
2024-03-12T01:27:10.650+0000 7faa0affd700 1 --2- 172.21.15.60:0/198982922 >> [v2:172.21.15.60:3300/0,v1:172.21.15.60:6789/0] conn(0x7faa0c071c60 0x7faa0c0ffc30 secure :-1 s=READY pgs=65 cs=0 l=1 rev1=1 rx=0x7fa9fc009730 tx=0x7fa9fc0090f0).ready entity=mon.0 client_cookie=fd23d12180626dfa server_cookie=0 in_seq=0 out_seq=0
2024-03-12T01:27:10.636 INFO:teuthology.orchestra.run.smithi060.stderr:/usr/bin/ceph:
2024-03-12T01:27:10.650+0000 7faa09ffb700 1 -- 172.21.15.60:0/198982922 <== mon.0 v2:172.21.15.60:3300/0 1 ==== mon_map magic: 0 v1 ==== 229+0+0 (secure 0 0 0) 0x7fa9fc00b6e0 con 0x7faa0c071c60
2024-03-12T01:27:10.636 INFO:teuthology.orchestra.run.smithi060.stderr:/usr/bin/ceph:
2024-03-12T01:27:10.650+0000 7faa09ffb700 1 -- 172.21.15.60:0/198982922 <== mon.0 v2:172.21.15.60:3300/0 2 ==== config(25 keys) v1 ==== 1046+0+0 (secure 0 0 0) 0x7fa9fc00bcd0 con 0x7faa0c071c60
2024-03-12T01:27:10.636 INFO:teuthology.orchestra.run.smithi060.stderr:/usr/bin/ceph:
2024-03-12T01:27:10.650+0000 7faa09ffb700 1 -- 172.21.15.60:0/198982922 <== mon.0 v2:172.21.15.60:3300/0 3 ==== mon_map magic: 0 v1 ==== 229+0+0 (secure 0 0 0) 0x7fa9fc011cb0 con 0x7faa0c071c60
2024-03-12T01:27:10.636 INFO:teuthology.orchestra.run.smithi060.stderr:/usr/bin/ceph:
2024-03-12T01:27:10.651+0000 7faa1183d700 1 -- 172.21.15.60:0/198982922 >> [v2:172.21.15.60:3300/0,v1:172.21.15.60:6789/0] conn(0x7faa0c071c60 msgr2=0x7faa0c0ffc30 secure :-1 s=STATE_CONNECTION_ESTABLISHED l=1).mark_down
2024-03-12T01:27:10.636 INFO:teuthology.orchestra.run.smithi060.stderr:/usr/bin/ceph:
2024-03-12T01:27:10.651+0000 7faa1183d700 1 --2- 172.21.15.60:0/198982922 >> [v2:172.21.15.60:3300/0,v1:172.21.15.60:6789/0] conn(0x7faa0c071c60 0x7faa0c0ffc30 secure :-1 s=READY pgs=65 cs=0 l=1 rev1=1 rx=0x7fa9fc009730 tx=0x7fa9fc0090f0).stop
2024-03-12T01:27:10.636 INFO:teuthology.orchestra.run.smithi060.stderr:/usr/bin/ceph:
2024-03-12T01:27:10.651+0000 7faa1183d700 1 -- 172.21.15.60:0/198982922 shutdown_connections
2024-03-12T01:27:10.636 INFO:teuthology.orchestra.run.smithi060.stderr:/usr/bin/ceph:
2024-03-12T01:27:10.651+0000 7faa1183d700 1 --2- 172.21.15.60:0/198982922 >> [v2:172.21.15.60:3300/0,v1:172.21.15.60:6789/0] conn(0x7faa0c071c60 0x7faa0c0ffc30 unknown :-1 s=CLOSED pgs=65 cs=0 l=1 rev1=1 rx=0 tx=0).stop
2024-03-12T01:27:10.636 INFO:teuthology.orchestra.run.smithi060.stderr:/usr/bin/ceph:
2024-03-12T01:27:10.651+0000 7faa1183d700 1 -- 172.21.15.60:0/198982922 >> 172.21.15.60:0/198982922 conn(0x7faa0c0f76f0 msgr2=0x7faa0c0f9b10 unknown :-1 s=STATE_NONE l=0).mark_down
2024-03-12T01:27:10.636 INFO:teuthology.orchestra.run.smithi060.stderr:/usr/bin/ceph:
2024-03-12T01:27:10.651+0000 7faa1183d700 1 -- 172.21.15.60:0/198982922 shutdown_connections
2024-03-12T01:27:10.636 INFO:teuthology.orchestra.run.smithi060.stderr:/usr/bin/ceph:
2024-03-12T01:27:10.651+0000 7faa1183d700 1 -- 172.21.15.60:0/198982922 wait complete.
2024-03-12T01:27:10.636 INFO:teuthology.orchestra.run.smithi060.stderr:/usr/bin/ceph:
2024-03-12T01:27:10.652+0000 7faa1183d700 1 Processor -- start
2024-03-12T01:27:10.636 INFO:teuthology.orchestra.run.smithi060.stderr:/usr/bin/ceph:
2024-03-12T01:27:10.652+0000 7faa1183d700 1 -- start start
2024-03-12T01:27:10.637 INFO:teuthology.orchestra.run.smithi060.stderr:/usr/bin/ceph:
2024-03-12T01:27:10.652+0000 7faa1183d700 1 --2- >> [v2:172.21.15.60:3300/0,v1:172.21.15.60:6789/0] conn(0x7faa0c071c60 0x7faa0c10bea0 unknown :-1 s=NONE pgs=0 cs=0 l=1 rev1=0 rx=0 tx=0).connect
2024-03-12T01:27:10.637 INFO:teuthology.orchestra.run.smithi060.stderr:/usr/bin/ceph:
2024-03-12T01:27:10.652+0000 7faa1183d700 1 -- --> [v2:172.21.15.60:3300/0,v1:172.21.15.60:6789/0] -- mon_getmap magic: 0 v1 -- 0x7faa0c10c390 con 0x7faa0c071c60
2024-03-12T01:27:10.637 INFO:teuthology.orchestra.run.smithi060.stderr:/usr/bin/ceph:
2024-03-12T01:27:10.652+0000 7faa0affd700 1 --2- >> [v2:172.21.15.60:3300/0,v1:172.21.15.60:6789/0] conn(0x7faa0c071c60 0x7faa0c10bea0 unknown :-1 s=BANNER_CONNECTING pgs=0 cs=0 l=1 rev1=0 rx=0 tx=0)._handle_peer_banner_payload supported=1 required=0
2024-03-12T01:27:10.638 INFO:teuthology.orchestra.run.smithi060.stderr:/usr/bin/ceph:
2024-03-12T01:27:10.652+0000 7faa0affd700 1 --2- >> [v2:172.21.15.60:3300/0,v1:172.21.15.60:6789/0] conn(0x7faa0c071c60 0x7faa0c10bea0 unknown :-1 s=HELLO_CONNECTING pgs=0 cs=0 l=1 rev1=1 rx=0 tx=0).handle_hello peer v2:172.21.15.60:3300/0 says I am v2:172.21.15.60:39528/0 (socket says 172.21.15.60:39528)
2024-03-12T01:27:10.638 INFO:teuthology.orchestra.run.smithi060.stderr:/usr/bin/ceph:
2024-03-12T01:27:10.652+0000 7faa0affd700 1 -- 172.21.15.60:0/2434202457 learned_addr learned my addr 172.21.15.60:0/2434202457 (peer_addr_for_me v2:172.21.15.60:0/0)
2024-03-12T01:27:10.638 INFO:teuthology.orchestra.run.smithi060.stderr:/usr/bin/ceph:
2024-03-12T01:27:10.653+0000 7faa0affd700 1 -- 172.21.15.60:0/2434202457 --> [v2:172.21.15.60:3300/0,v1:172.21.15.60:6789/0] -- mon_subscribe({config=0+,monmap=0+}) v3 -- 0x7fa9fc009370 con 0x7faa0c071c60
2024-03-12T01:27:10.638 INFO:teuthology.orchestra.run.smithi060.stderr:/usr/bin/ceph:
2024-03-12T01:27:10.653+0000 7faa0affd700 1 --2- 172.21.15.60:0/2434202457 >> [v2:172.21.15.60:3300/0,v1:172.21.15.60:6789/0] conn(0x7faa0c071c60 0x7faa0c10bea0 secure :-1 s=READY pgs=66 cs=0 l=1 rev1=1 rx=0x7fa9fc0118b0 tx=0x7fa9fc0090f0).ready entity=mon.0 client_cookie=0 server_cookie=0 in_seq=0 out_seq=0
2024-03-12T01:27:10.638 INFO:teuthology.orchestra.run.smithi060.stderr:/usr/bin/ceph:
2024-03-12T01:27:10.653+0000 7fa9f3fff700 1 -- 172.21.15.60:0/2434202457 <== mon.0 v2:172.21.15.60:3300/0 1 ==== mon_map magic: 0 v1 ==== 229+0+0 (secure 0 0 0) 0x7fa9fc00be40 con 0x7faa0c071c60
2024-03-12T01:27:10.638 INFO:teuthology.orchestra.run.smithi060.stderr:/usr/bin/ceph:
2024-03-12T01:27:10.653+0000 7faa1183d700 1 -- 172.21.15.60:0/2434202457 --> [v2:172.21.15.60:3300/0,v1:172.21.15.60:6789/0] -- mon_subscribe({mgrmap=0+}) v3 -- 0x7faa0c10c590 con 0x7faa0c071c60
2024-03-12T01:27:10.638 INFO:teuthology.orchestra.run.smithi060.stderr:/usr/bin/ceph:
2024-03-12T01:27:10.653+0000 7fa9f3fff700 1 -- 172.21.15.60:0/2434202457 <== mon.0 v2:172.21.15.60:3300/0 2 ==== config(25 keys) v1 ==== 1046+0+0 (secure 0 0 0) 0x7fa9fc01aad0 con 0x7faa0c071c60
2024-03-12T01:27:10.638 INFO:teuthology.orchestra.run.smithi060.stderr:/usr/bin/ceph:
2024-03-12T01:27:10.653+0000 7fa9f3fff700 1 -- 172.21.15.60:0/2434202457 <== mon.0 v2:172.21.15.60:3300/0 3 ==== mon_map magic: 0 v1 ==== 229+0+0 (secure 0 0 0) 0x7fa9fc023a80 con 0x7faa0c071c60
2024-03-12T01:27:10.638 INFO:teuthology.orchestra.run.smithi060.stderr:/usr/bin/ceph:
2024-03-12T01:27:10.653+0000 7faa1183d700 1 -- 172.21.15.60:0/2434202457 --> [v2:172.21.15.60:3300/0,v1:172.21.15.60:6789/0] -- mon_subscribe({osdmap=0}) v3 -- 0x7faa0c10c9a0 con 0x7faa0c071c60
2024-03-12T01:27:10.638 INFO:teuthology.orchestra.run.smithi060.stderr:/usr/bin/ceph:
2024-03-12T01:27:10.654+0000 7fa9f3fff700 1 -- 172.21.15.60:0/2434202457 <== mon.0 v2:172.21.15.60:3300/0 4 ==== mgrmap(e 9) v1 ==== 38645+0+0 (secure 0 0 0) 0x7fa9fc023cc0 con 0x7faa0c071c60
2024-03-12T01:27:10.638 INFO:teuthology.orchestra.run.smithi060.stderr:/usr/bin/ceph:
2024-03-12T01:27:10.654+0000 7fa9f3fff700 1 --2- 172.21.15.60:0/2434202457 >> [v2:172.21.15.60:6800/3753935803,v1:172.21.15.60:6801/3753935803] conn(0x7fa9f4032660 0x7fa9f4034b20 unknown :-1 s=NONE pgs=0 cs=0 l=1 rev1=0 rx=0 tx=0).connect
2024-03-12T01:27:10.638 INFO:teuthology.orchestra.run.smithi060.stderr:/usr/bin/ceph:
2024-03-12T01:27:10.654+0000 7fa9f3fff700 1 -- 172.21.15.60:0/2434202457 --> [v2:172.21.15.60:6800/3753935803,v1:172.21.15.60:6801/3753935803] -- command(tid 0: {"prefix": "get_command_descriptions"}) v1 -- 0x7fa9f40351e0 con 0x7fa9f4032660
2024-03-12T01:27:10.638 INFO:teuthology.orchestra.run.smithi060.stderr:/usr/bin/ceph:
2024-03-12T01:27:10.654+0000 7fa9f3fff700 1 -- 172.21.15.60:0/2434202457 <== mon.0 v2:172.21.15.60:3300/0 5 ==== osd_map(2..2 src has 1..2) v4 ==== 893+0+0 (secure 0 0 0) 0x7fa9fc0448b0 con 0x7faa0c071c60
2024-03-12T01:27:10.638 INFO:teuthology.orchestra.run.smithi060.stderr:/usr/bin/ceph:
2024-03-12T01:27:10.654+0000 7faa0a7fc700 1 -- 172.21.15.60:0/2434202457 >> [v2:172.21.15.60:6800/3753935803,v1:172.21.15.60:6801/3753935803] conn(0x7fa9f4032660 msgr2=0x7fa9f4034b20 unknown :-1 s=STATE_CONNECTING_RE l=1).process reconnect failed to v2:172.21.15.60:6800/3753935803
2024-03-12T01:27:10.639 INFO:teuthology.orchestra.run.smithi060.stderr:/usr/bin/ceph:
2024-03-12T01:27:10.654+0000 7faa0a7fc700 1 --2- 172.21.15.60:0/2434202457 >> [v2:172.21.15.60:6800/3753935803,v1:172.21.15.60:6801/3753935803] conn(0x7fa9f4032660 0x7fa9f4034b20 unknown :-1 s=START_CONNECT pgs=0 cs=0 l=1 rev1=0 rx=0 tx=0)._fault waiting 0.200000
2024-03-12T01:27:10.838 INFO:teuthology.orchestra.run.smithi060.stderr:/usr/bin/ceph:
2024-03-12T01:27:10.855+0000 7faa0a7fc700 1 -- 172.21.15.60:0/2434202457 >> [v2:172.21.15.60:6800/3753935803,v1:172.21.15.60:6801/3753935803] conn(0x7fa9f4032660 msgr2=0x7fa9f4034b20 unknown :-1 s=STATE_CONNECTING_RE l=1).process reconnect failed to v2:172.21.15.60:6800/3753935803
2024-03-12T01:27:10.838 INFO:teuthology.orchestra.run.smithi060.stderr:/usr/bin/ceph:
2024-03-12T01:27:10.855+0000 7faa0a7fc700 1 --2- 172.21.15.60:0/2434202457 >> [v2:172.21.15.60:6800/3753935803,v1:172.21.15.60:6801/3753935803] conn(0x7fa9f4032660 0x7fa9f4034b20 unknown :-1 s=START_CONNECT pgs=0 cs=0 l=1 rev1=0 rx=0 tx=0)._fault waiting 0.400000
2024-03-12T01:27:11.239 INFO:teuthology.orchestra.run.smithi060.stderr:/usr/bin/ceph:
2024-03-12T01:27:11.256+0000 7faa0a7fc700 1 -- 172.21.15.60:0/2434202457 >> [v2:172.21.15.60:6800/3753935803,v1:172.21.15.60:6801/3753935803] conn(0x7fa9f4032660 msgr2=0x7fa9f4034b20 unknown :-1 s=STATE_CONNECTING_RE l=1).process reconnect failed to v2:172.21.15.60:6800/3753935803
2024-03-12T01:27:11.239 INFO:teuthology.orchestra.run.smithi060.stderr:/usr/bin/ceph:
2024-03-12T01:27:11.256+0000 7faa0a7fc700 1 --2- 172.21.15.60:0/2434202457 >> [v2:172.21.15.60:6800/3753935803,v1:172.21.15.60:6801/3753935803] conn(0x7fa9f4032660 0x7fa9f4034b20 unknown :-1 s=START_CONNECT pgs=0 cs=0 l=1 rev1=0 rx=0 tx=0)._fault waiting 0.800000
2024-03-12T01:27:12.040 INFO:teuthology.orchestra.run.smithi060.stderr:/usr/bin/ceph:
2024-03-12T01:27:12.058+0000 7faa0a7fc700 1 -- 172.21.15.60:0/2434202457 >> [v2:172.21.15.60:6800/3753935803,v1:172.21.15.60:6801/3753935803] conn(0x7fa9f4032660 msgr2=0x7fa9f4034b20 unknown :-1 s=STATE_CONNECTING_RE l=1).process reconnect failed to v2:172.21.15.60:6800/3753935803
2024-03-12T01:27:12.040 INFO:teuthology.orchestra.run.smithi060.stderr:/usr/bin/ceph:
2024-03-12T01:27:12.058+0000 7faa0a7fc700 1 --2- 172.21.15.60:0/2434202457 >> [v2:172.21.15.60:6800/3753935803,v1:172.21.15.60:6801/3753935803] conn(0x7fa9f4032660 0x7fa9f4034b20 unknown :-1 s=START_CONNECT pgs=0 cs=0 l=1 rev1=0 rx=0 tx=0)._fault waiting 1.600000
2024-03-12T01:27:13.247 INFO:teuthology.orchestra.run.smithi060.stderr:/usr/bin/ceph:
2024-03-12T01:27:13.265+0000 7fa9f3fff700 1 -- 172.21.15.60:0/2434202457 <== mon.0 v2:172.21.15.60:3300/0 6 ==== mgrmap(e 10) v1 ==== 38469+0+0 (secure 0 0 0) 0x7fa9fc02c3f0 con 0x7faa0c071c60
2024-03-12T01:27:13.247 INFO:teuthology.orchestra.run.smithi060.stderr:/usr/bin/ceph:
2024-03-12T01:27:13.265+0000 7fa9f3fff700 1 -- 172.21.15.60:0/2434202457 >> [v2:172.21.15.60:6800/3753935803,v1:172.21.15.60:6801/3753935803] conn(0x7fa9f4032660 msgr2=0x7fa9f4034b20 unknown :-1 s=STATE_CONNECTING l=1).mark_down
2024-03-12T01:27:13.247 INFO:teuthology.orchestra.run.smithi060.stderr:/usr/bin/ceph:
2024-03-12T01:27:13.265+0000 7fa9f3fff700 1 --2- 172.21.15.60:0/2434202457 >> [v2:172.21.15.60:6800/3753935803,v1:172.21.15.60:6801/3753935803] conn(0x7fa9f4032660 0x7fa9f4034b20 unknown :-1 s=START_CONNECT pgs=0 cs=0 l=1 rev1=0 rx=0 tx=0).stop
2024-03-12T01:27:13.593 INFO:journalctl@ceph.mon.smithi060.smithi060.stdout:Mar 12 01:27:13 smithi060 ceph-6a39a11c-e00f-11ee-95c8-87774f69a715-mon-smithi060[39658]: cluster
2024-03-12T01:27:13.263684+0000 mon.smithi060 (mon.0) 71 : cluster [INF] Active manager daemon smithi060.wsvjgw restarted
2024-03-12T01:27:13.593 INFO:journalctl@ceph.mon.smithi060.smithi060.stdout:Mar 12 01:27:13 smithi060 ceph-6a39a11c-e00f-11ee-95c8-87774f69a715-mon-smithi060[39658]: cluster
2024-03-12T01:27:13.263903+0000 mon.smithi060 (mon.0) 72 : cluster [INF] Activating manager daemon smithi060.wsvjgw
2024-03-12T01:27:13.593 INFO:journalctl@ceph.mon.smithi060.smithi060.stdout:Mar 12 01:27:13 smithi060 ceph-6a39a11c-e00f-11ee-95c8-87774f69a715-mon-smithi060[39658]: cluster
2024-03-12T01:27:13.266904+0000 mon.smithi060 (mon.0) 73 : cluster [DBG] osdmap e3: 0 total, 0 up, 0 in
2024-03-12T01:27:13.593 INFO:journalctl@ceph.mon.smithi060.smithi060.stdout:Mar 12 01:27:13 smithi060 ceph-6a39a11c-e00f-11ee-95c8-87774f69a715-mon-smithi060[39658]: cluster
2024-03-12T01:27:13.267021+0000 mon.smithi060 (mon.0) 74 : cluster [DBG] mgrmap e10: smithi060.wsvjgw(active, starting, since 0.00321002s)
2024-03-12T01:27:13.593 INFO:journalctl@ceph.mon.smithi060.smithi060.stdout:Mar 12 01:27:13 smithi060 ceph-6a39a11c-e00f-11ee-95c8-87774f69a715-mon-smithi060[39658]: audit
2024-03-12T01:27:13.268041+0000 mon.smithi060 (mon.0) 75 : audit [DBG] from='mgr.14156 172.21.15.60:0/3877081606' entity='mgr.smithi060.wsvjgw' cmd=[{"prefix": "mon metadata", "id": "smithi060"}]: dispatch
2024-03-12T01:27:13.593 INFO:journalctl@ceph.mon.smithi060.smithi060.stdout:Mar 12 01:27:13 smithi060 ceph-6a39a11c-e00f-11ee-95c8-87774f69a715-mon-smithi060[39658]: audit
2024-03-12T01:27:13.268642+0000 mon.smithi060 (mon.0) 76 : audit [DBG] from='mgr.14156 172.21.15.60:0/3877081606' entity='mgr.smithi060.wsvjgw' cmd=[{"prefix": "mgr metadata", "who": "smithi060.wsvjgw", "id": "smithi060.wsvjgw"}]: dispatch
2024-03-12T01:27:13.593 INFO:journalctl@ceph.mon.smithi060.smithi060.stdout:Mar 12 01:27:13 smithi060 ceph-6a39a11c-e00f-11ee-95c8-87774f69a715-mon-smithi060[39658]: audit
2024-03-12T01:27:13.269527+0000 mon.smithi060 (mon.0) 77 : audit [DBG] from='mgr.14156 172.21.15.60:0/3877081606' entity='mgr.smithi060.wsvjgw' cmd=[{"prefix": "mds metadata"}]: dispatch
2024-03-12T01:27:13.593 INFO:journalctl@ceph.mon.smithi060.smithi060.stdout:Mar 12 01:27:13 smithi060 ceph-6a39a11c-e00f-11ee-95c8-87774f69a715-mon-smithi060[39658]: audit
2024-03-12T01:27:13.269757+0000 mon.smithi060 (mon.0) 78 : audit [DBG] from='mgr.14156 172.21.15.60:0/3877081606' entity='mgr.smithi060.wsvjgw' cmd=[{"prefix": "osd metadata"}]: dispatch
2024-03-12T01:27:13.594 INFO:journalctl@ceph.mon.smithi060.smithi060.stdout:Mar 12 01:27:13 smithi060 ceph-6a39a11c-e00f-11ee-95c8-87774f69a715-mon-smithi060[39658]: audit
2024-03-12T01:27:13.270002+0000 mon.smithi060 (mon.0) 79 : audit [DBG] from='mgr.14156 172.21.15.60:0/3877081606' entity='mgr.smithi060.wsvjgw' cmd=[{"prefix": "mon metadata"}]: dispatch
2024-03-12T01:27:13.594 INFO:journalctl@ceph.mon.smithi060.smithi060.stdout:Mar 12 01:27:13 smithi060 ceph-6a39a11c-e00f-11ee-95c8-87774f69a715-mon-smithi060[39658]: cluster
2024-03-12T01:27:13.283419+0000 mon.smithi060 (mon.0) 80 : cluster [INF] Manager daemon smithi060.wsvjgw is now available
2024-03-12T01:27:14.250 INFO:teuthology.orchestra.run.smithi060.stderr:/usr/bin/ceph:
2024-03-12T01:27:14.266+0000 7fa9f3fff700 1 -- 172.21.15.60:0/2434202457 <== mon.0 v2:172.21.15.60:3300/0 7 ==== mgrmap(e 11) v1 ==== 38539+0+0 (secure 0 0 0) 0x7fa9fc02b350 con 0x7faa0c071c60
2024-03-12T01:27:14.250 INFO:teuthology.orchestra.run.smithi060.stderr:/usr/bin/ceph:
2024-03-12T01:27:14.266+0000 7fa9f3fff700 1 --2- 172.21.15.60:0/2434202457 >> [v2:172.21.15.60:6800/2903821717,v1:172.21.15.60:6801/2903821717] conn(0x7fa9f4035fe0 0x7fa9f40383d0 unknown :-1 s=NONE pgs=0 cs=0 l=1 rev1=0 rx=0 tx=0).connect
2024-03-12T01:27:14.250 INFO:teuthology.orchestra.run.smithi060.stderr:/usr/bin/ceph:
2024-03-12T01:27:14.266+0000 7fa9f3fff700 1 -- 172.21.15.60:0/2434202457 --> [v2:172.21.15.60:6800/2903821717,v1:172.21.15.60:6801/2903821717] -- command(tid 0: {"prefix": "get_command_descriptions"}) v1 -- 0x7fa9f40351e0 con 0x7fa9f4035fe0
2024-03-12T01:27:14.250 INFO:teuthology.orchestra.run.smithi060.stderr:/usr/bin/ceph:
2024-03-12T01:27:14.266+0000 7faa0a7fc700 1 --2- 172.21.15.60:0/2434202457 >> [v2:172.21.15.60:6800/2903821717,v1:172.21.15.60:6801/2903821717] conn(0x7fa9f4035fe0 0x7fa9f40383d0 unknown :-1 s=BANNER_CONNECTING pgs=0 cs=0 l=1 rev1=0 rx=0 tx=0)._handle_peer_banner_payload supported=1 required=0
2024-03-12T01:27:14.250 INFO:teuthology.orchestra.run.smithi060.stderr:/usr/bin/ceph:
2024-03-12T01:27:14.267+0000 7faa0a7fc700 1 --2- 172.21.15.60:0/2434202457 >> [v2:172.21.15.60:6800/2903821717,v1:172.21.15.60:6801/2903821717] conn(0x7fa9f4035fe0 0x7fa9f40383d0 secure :-1 s=READY pgs=4 cs=0 l=1 rev1=1 rx=0x7faa00003850 tx=0x7faa00006e60).ready entity=mgr.14156 client_cookie=0 server_cookie=0 in_seq=0 out_seq=0
2024-03-12T01:27:14.250 INFO:teuthology.orchestra.run.smithi060.stderr:/usr/bin/ceph:
2024-03-12T01:27:14.268+0000 7fa9f3fff700 1 -- 172.21.15.60:0/2434202457 <== mgr.14156 v2:172.21.15.60:6800/2903821717 1 ==== command_reply(tid 0: 0 ) v1 ==== 8+0+6438 (secure 0 0 0) 0x7fa9f40351e0 con 0x7fa9f4035fe0
2024-03-12T01:27:14.255 INFO:teuthology.orchestra.run.smithi060.stderr:/usr/bin/ceph:
2024-03-12T01:27:14.274+0000 7faa1183d700 1 -- 172.21.15.60:0/2434202457 --> [v2:172.21.15.60:6800/2903821717,v1:172.21.15.60:6801/2903821717] -- command(tid 1: {"prefix": "mgr_status"}) v1 -- 0x7faa0c05a310 con 0x7fa9f4035fe0
2024-03-12T01:27:14.255 INFO:teuthology.orchestra.run.smithi060.stderr:/usr/bin/ceph:
2024-03-12T01:27:14.274+0000 7fa9f3fff700 1 -- 172.21.15.60:0/2434202457 <== mgr.14156 v2:172.21.15.60:6800/2903821717 2 ==== command_reply(tid 1: 0 ) v1 ==== 8+0+52 (secure 0 0 0) 0x7faa0c05a310 con 0x7fa9f4035fe0
2024-03-12T01:27:14.256 INFO:teuthology.orchestra.run.smithi060.stderr:/usr/bin/ceph: {
2024-03-12T01:27:14.257 INFO:teuthology.orchestra.run.smithi060.stderr:/usr/bin/ceph: "mgrmap_epoch": 11,
2024-03-12T01:27:14.257 INFO:teuthology.orchestra.run.smithi060.stderr:/usr/bin/ceph: "initialized": true
2024-03-12T01:27:14.257 INFO:teuthology.orchestra.run.smithi060.stderr:/usr/bin/ceph: }
2024-03-12T01:27:14.257 INFO:teuthology.orchestra.run.smithi060.stderr:/usr/bin/ceph:
2024-03-12T01:27:14.274+0000 7faa1183d700 1 -- 172.21.15.60:0/2434202457 >> [v2:172.21.15.60:6800/2903821717,v1:172.21.15.60:6801/2903821717] conn(0x7fa9f4035fe0 msgr2=0x7fa9f40383d0 secure :-1 s=STATE_CONNECTION_ESTABLISHED l=1).mark_down
2024-03-12T01:27:14.257 INFO:teuthology.orchestra.run.smithi060.stderr:/usr/bin/ceph:
2024-03-12T01:27:14.274+0000 7faa1183d700 1 --2- 172.21.15.60:0/2434202457 >> [v2:172.21.15.60:6800/2903821717,v1:172.21.15.60:6801/2903821717] conn(0x7fa9f4035fe0 0x7fa9f40383d0 secure :-1 s=READY pgs=4 cs=0 l=1 rev1=1 rx=0x7faa00003850 tx=0x7faa00006e60).stop
2024-03-12T01:27:14.257 INFO:teuthology.orchestra.run.smithi060.stderr:/usr/bin/ceph:
2024-03-12T01:27:14.274+0000 7faa1183d700 1 -- 172.21.15.60:0/2434202457 >> [v2:172.21.15.60:3300/0,v1:172.21.15.60:6789/0] conn(0x7faa0c071c60 msgr2=0x7faa0c10bea0 secure :-1 s=STATE_CONNECTION_ESTABLISHED l=1).mark_down
2024-03-12T01:27:14.257 INFO:teuthology.orchestra.run.smithi060.stderr:/usr/bin/ceph:
2024-03-12T01:27:14.274+0000 7faa1183d700 1 --2- 172.21.15.60:0/2434202457 >> [v2:172.21.15.60:3300/0,v1:172.21.15.60:6789/0] conn(0x7faa0c071c60 0x7faa0c10bea0 secure :-1 s=READY pgs=66 cs=0 l=1 rev1=1 rx=0x7fa9fc0118b0 tx=0x7fa9fc0090f0).stop
2024-03-12T01:27:14.257 INFO:teuthology.orchestra.run.smithi060.stderr:/usr/bin/ceph:
2024-03-12T01:27:14.274+0000 7faa1183d700 1 -- 172.21.15.60:0/2434202457 shutdown_connections
2024-03-12T01:27:14.258 INFO:teuthology.orchestra.run.smithi060.stderr:/usr/bin/ceph:
2024-03-12T01:27:14.274+0000 7faa1183d700 1 --2- 172.21.15.60:0/2434202457 >> [v2:172.21.15.60:6800/2903821717,v1:172.21.15.60:6801/2903821717] conn(0x7fa9f4035fe0 0x7fa9f40383d0 unknown :-1 s=CLOSED pgs=4 cs=0 l=1 rev1=1 rx=0 tx=0).stop
2024-03-12T01:27:14.258 INFO:teuthology.orchestra.run.smithi060.stderr:/usr/bin/ceph:
2024-03-12T01:27:14.274+0000 7faa1183d700 1 --2- 172.21.15.60:0/2434202457 >> [v2:172.21.15.60:3300/0,v1:172.21.15.60:6789/0] conn(0x7faa0c071c60 0x7faa0c10bea0 unknown :-1 s=CLOSED pgs=66 cs=0 l=1 rev1=1 rx=0 tx=0).stop
2024-03-12T01:27:14.258 INFO:teuthology.orchestra.run.smithi060.stderr:/usr/bin/ceph:
2024-03-12T01:27:14.274+0000 7faa1183d700 1 --2- 172.21.15.60:0/2434202457 >> [v2:172.21.15.60:6800/3753935803,v1:172.21.15.60:6801/3753935803] conn(0x7fa9f4032660 0x7fa9f4034b20 unknown :-1 s=CLOSED pgs=0 cs=0 l=1 rev1=0 rx=0 tx=0).stop
2024-03-12T01:27:14.258 INFO:teuthology.orchestra.run.smithi060.stderr:/usr/bin/ceph:
2024-03-12T01:27:14.274+0000 7faa1183d700 1 -- 172.21.15.60:0/2434202457 >> 172.21.15.60:0/2434202457 conn(0x7faa0c0f76f0 msgr2=0x7faa0c0f9140 unknown :-1 s=STATE_NONE l=0).mark_down
2024-03-12T01:27:14.258 INFO:teuthology.orchestra.run.smithi060.stderr:/usr/bin/ceph:
2024-03-12T01:27:14.274+0000 7faa1183d700 1 -- 172.21.15.60:0/2434202457 shutdown_connections
2024-03-12T01:27:14.258 INFO:teuthology.orchestra.run.smithi060.stderr:/usr/bin/ceph:
2024-03-12T01:27:14.275+0000 7faa1183d700 1 -- 172.21.15.60:0/2434202457 wait complete.
2024-03-12T01:27:14.593 INFO:journalctl@ceph.mon.smithi060.smithi060.stdout:Mar 12 01:27:14 smithi060 ceph-6a39a11c-e00f-11ee-95c8-87774f69a715-mon-smithi060[39658]: audit
2024-03-12T01:27:13.381702+0000 mon.smithi060 (mon.0) 81 : audit [DBG] from='mgr.14156 172.21.15.60:0/3877081606' entity='mgr.smithi060.wsvjgw' cmd=[{"prefix": "config dump", "format": "json"}]: dispatch
2024-03-12T01:27:14.593 INFO:journalctl@ceph.mon.smithi060.smithi060.stdout:Mar 12 01:27:14 smithi060 ceph-6a39a11c-e00f-11ee-95c8-87774f69a715-mon-smithi060[39658]: audit
2024-03-12T01:27:13.384403+0000 mon.smithi060 (mon.0) 82 : audit [DBG] from='mgr.14156 172.21.15.60:0/3877081606' entity='mgr.smithi060.wsvjgw' cmd=[{"prefix": "config dump", "format": "json"}]: dispatch
2024-03-12T01:27:14.593 INFO:journalctl@ceph.mon.smithi060.smithi060.stdout:Mar 12 01:27:14 smithi060 ceph-6a39a11c-e00f-11ee-95c8-87774f69a715-mon-smithi060[39658]: audit
2024-03-12T01:27:13.407847+0000 mon.smithi060 (mon.0) 83 : audit [INF] from='mgr.14156 172.21.15.60:0/3877081606' entity='mgr.smithi060.wsvjgw' cmd=[{"prefix":"config rm","who":"mgr","name":"mgr/rbd_support/smithi060.wsvjgw/mirror_snapshot_schedule"}]: dispatch
2024-03-12T01:27:14.593 INFO:journalctl@ceph.mon.smithi060.smithi060.stdout:Mar 12 01:27:14 smithi060 ceph-6a39a11c-e00f-11ee-95c8-87774f69a715-mon-smithi060[39658]: audit
2024-03-12T01:27:13.411670+0000 mon.smithi060 (mon.0) 84 : audit [INF] from='mgr.14156 172.21.15.60:0/3877081606' entity='mgr.smithi060.wsvjgw' cmd=[{"prefix":"config rm","who":"mgr","name":"mgr/rbd_support/smithi060.wsvjgw/trash_purge_schedule"}]: dispatch
2024-03-12T01:27:14.593 INFO:journalctl@ceph.mon.smithi060.smithi060.stdout:Mar 12 01:27:14 smithi060 ceph-6a39a11c-e00f-11ee-95c8-87774f69a715-mon-smithi060[39658]: cluster
2024-03-12T01:27:14.268931+0000 mon.smithi060 (mon.0) 85 : cluster [DBG] mgrmap e11: smithi060.wsvjgw(active, since 1.00512s)
2024-03-12T01:27:15.205 INFO:teuthology.orchestra.run.smithi060.stderr:mgr epoch 9 is available
2024-03-12T01:27:15.206 INFO:teuthology.orchestra.run.smithi060.stderr:Generating a dashboard self-signed certificate...
2024-03-12T01:27:15.481 INFO:journalctl@ceph.mon.smithi060.smithi060.stdout:Mar 12 01:27:15 smithi060 ceph-6a39a11c-e00f-11ee-95c8-87774f69a715-mon-smithi060[39658]: audit
2024-03-12T01:27:14.268556+0000 mgr.smithi060.wsvjgw (mgr.14156) 1 : audit [DBG] from='client.14160 -' entity='client.admin' cmd=[{"prefix": "get_command_descriptions"}]: dispatch
2024-03-12T01:27:15.481 INFO:journalctl@ceph.mon.smithi060.smithi060.stdout:Mar 12 01:27:15 smithi060 ceph-6a39a11c-e00f-11ee-95c8-87774f69a715-mon-smithi060[39658]: audit
2024-03-12T01:27:14.275069+0000 mgr.smithi060.wsvjgw (mgr.14156) 2 : audit [DBG] from='client.14160 -' entity='client.admin' cmd=[{"prefix": "mgr_status"}]: dispatch
2024-03-12T01:27:15.481 INFO:journalctl@ceph.mon.smithi060.smithi060.stdout:Mar 12 01:27:15 smithi060 ceph-6a39a11c-e00f-11ee-95c8-87774f69a715-mon-smithi060[39658]: audit
2024-03-12T01:27:14.822112+0000 mon.smithi060 (mon.0) 86 : audit [INF] from='mgr.14156 172.21.15.60:0/3877081606' entity='mgr.smithi060.wsvjgw'
2024-03-12T01:27:15.775 INFO:teuthology.orchestra.run.smithi060.stderr:/usr/bin/ceph:
2024-03-12T01:27:15.792+0000 7f4238e5d700 1 Processor -- start
2024-03-12T01:27:15.775 INFO:teuthology.orchestra.run.smithi060.stderr:/usr/bin/ceph:
2024-03-12T01:27:15.792+0000 7f4238e5d700 1 -- start start
2024-03-12T01:27:15.775 INFO:teuthology.orchestra.run.smithi060.stderr:/usr/bin/ceph:
2024-03-12T01:27:15.792+0000 7f4238e5d700 1 --2- >> [v2:172.21.15.60:3300/0,v1:172.21.15.60:6789/0] conn(0x7f42340fe5e0 0x7f42340fea00 unknown :-1 s=NONE pgs=0 cs=0 l=0 rev1=0 rx=0 tx=0).connect
2024-03-12T01:27:15.775 INFO:teuthology.orchestra.run.smithi060.stderr:/usr/bin/ceph:
2024-03-12T01:27:15.792+0000 7f4238e5d700 1 -- --> [v2:172.21.15.60:3300/0,v1:172.21.15.60:6789/0] -- mon_getmap magic: 0 v1 -- 0x7f42340feef0 con 0x7f42340fe5e0
2024-03-12T01:27:15.776 INFO:teuthology.orchestra.run.smithi060.stderr:/usr/bin/ceph:
2024-03-12T01:27:15.792+0000 7f423259c700 1 --2- >> [v2:172.21.15.60:3300/0,v1:172.21.15.60:6789/0] conn(0x7f42340fe5e0 0x7f42340fea00 unknown :-1 s=BANNER_CONNECTING pgs=0 cs=0 l=0 rev1=0 rx=0 tx=0)._handle_peer_banner_payload supported=1 required=0
2024-03-12T01:27:15.776 INFO:teuthology.orchestra.run.smithi060.stderr:/usr/bin/ceph:
2024-03-12T01:27:15.792+0000 7f423259c700 1 --2- >> [v2:172.21.15.60:3300/0,v1:172.21.15.60:6789/0] conn(0x7f42340fe5e0 0x7f42340fea00 unknown :-1 s=HELLO_CONNECTING pgs=0 cs=0 l=0 rev1=1 rx=0 tx=0).handle_hello peer v2:172.21.15.60:3300/0 says I am v2:172.21.15.60:39586/0 (socket says 172.21.15.60:39586)
2024-03-12T01:27:15.776 INFO:teuthology.orchestra.run.smithi060.stderr:/usr/bin/ceph:
2024-03-12T01:27:15.792+0000 7f423259c700 1 -- 172.21.15.60:0/381568761 learned_addr learned my addr 172.21.15.60:0/381568761 (peer_addr_for_me v2:172.21.15.60:0/0)
2024-03-12T01:27:15.776 INFO:teuthology.orchestra.run.smithi060.stderr:/usr/bin/ceph:
2024-03-12T01:27:15.793+0000 7f423259c700 1 -- 172.21.15.60:0/381568761 --> [v2:172.21.15.60:3300/0,v1:172.21.15.60:6789/0] -- mon_subscribe({config=0+,monmap=0+}) v3 -- 0x7f42340ff030 con 0x7f42340fe5e0
2024-03-12T01:27:15.776 INFO:teuthology.orchestra.run.smithi060.stderr:/usr/bin/ceph:
2024-03-12T01:27:15.793+0000 7f423259c700 1 --2- 172.21.15.60:0/381568761 >> [v2:172.21.15.60:3300/0,v1:172.21.15.60:6789/0] conn(0x7f42340fe5e0 0x7f42340fea00 secure :-1 s=READY pgs=72 cs=0 l=1 rev1=1 rx=0x7f4224009730 tx=0x7f42240090f0).ready entity=mon.0 client_cookie=d555f711284a893b server_cookie=0 in_seq=0 out_seq=0
2024-03-12T01:27:15.776 INFO:teuthology.orchestra.run.smithi060.stderr:/usr/bin/ceph:
2024-03-12T01:27:15.793+0000 7f423159a700 1 -- 172.21.15.60:0/381568761 <== mon.0 v2:172.21.15.60:3300/0 1 ==== mon_map magic: 0 v1 ==== 229+0+0 (secure 0 0 0) 0x7f422400b6e0 con 0x7f42340fe5e0
2024-03-12T01:27:15.776 INFO:teuthology.orchestra.run.smithi060.stderr:/usr/bin/ceph:
2024-03-12T01:27:15.793+0000 7f423159a700 1 -- 172.21.15.60:0/381568761 <== mon.0 v2:172.21.15.60:3300/0 2 ==== config(25 keys) v1 ==== 1046+0+0 (secure 0 0 0) 0x7f422400bcd0 con 0x7f42340fe5e0
2024-03-12T01:27:15.776 INFO:teuthology.orchestra.run.smithi060.stderr:/usr/bin/ceph:
2024-03-12T01:27:15.793+0000 7f423159a700 1 -- 172.21.15.60:0/381568761 <== mon.0 v2:172.21.15.60:3300/0 3 ==== mon_map magic: 0 v1 ==== 229+0+0 (secure 0 0 0) 0x7f4224011cb0 con 0x7f42340fe5e0
2024-03-12T01:27:15.777 INFO:teuthology.orchestra.run.smithi060.stderr:/usr/bin/ceph:
2024-03-12T01:27:15.794+0000 7f4238e5d700 1 -- 172.21.15.60:0/381568761 >> [v2:172.21.15.60:3300/0,v1:172.21.15.60:6789/0] conn(0x7f42340fe5e0 msgr2=0x7f42340fea00 secure :-1 s=STATE_CONNECTION_ESTABLISHED l=1).mark_down
2024-03-12T01:27:15.779 INFO:teuthology.orchestra.run.smithi060.stderr:/usr/bin/ceph:
2024-03-12T01:27:15.794+0000 7f4238e5d700 1 --2- 172.21.15.60:0/381568761 >> [v2:172.21.15.60:3300/0,v1:172.21.15.60:6789/0] conn(0x7f42340fe5e0 0x7f42340fea00 secure :-1 s=READY pgs=72 cs=0 l=1 rev1=1 rx=0x7f4224009730 tx=0x7f42240090f0).stop
2024-03-12T01:27:15.779 INFO:teuthology.orchestra.run.smithi060.stderr:/usr/bin/ceph:
2024-03-12T01:27:15.794+0000 7f4238e5d700 1 -- 172.21.15.60:0/381568761 shutdown_connections
2024-03-12T01:27:15.779 INFO:teuthology.orchestra.run.smithi060.stderr:/usr/bin/ceph:
2024-03-12T01:27:15.794+0000 7f4238e5d700 1 --2- 172.21.15.60:0/381568761 >> [v2:172.21.15.60:3300/0,v1:172.21.15.60:6789/0] conn(0x7f42340fe5e0 0x7f42340fea00 unknown :-1 s=CLOSED pgs=72 cs=0 l=1 rev1=1 rx=0 tx=0).stop
2024-03-12T01:27:15.779 INFO:teuthology.orchestra.run.smithi060.stderr:/usr/bin/ceph:
2024-03-12T01:27:15.794+0000 7f4238e5d700 1 -- 172.21.15.60:0/381568761 >> 172.21.15.60:0/381568761 conn(0x7f42340f6ec0 msgr2=0x7f42340f92e0 unknown :-1 s=STATE_NONE l=0).mark_down
2024-03-12T01:27:15.779 INFO:teuthology.orchestra.run.smithi060.stderr:/usr/bin/ceph:
2024-03-12T01:27:15.794+0000 7f4238e5d700 1 -- 172.21.15.60:0/381568761 shutdown_connections
2024-03-12T01:27:15.779 INFO:teuthology.orchestra.run.smithi060.stderr:/usr/bin/ceph:
2024-03-12T01:27:15.794+0000 7f4238e5d700 1 -- 172.21.15.60:0/381568761 wait complete.
2024-03-12T01:27:15.779 INFO:teuthology.orchestra.run.smithi060.stderr:/usr/bin/ceph:
2024-03-12T01:27:15.795+0000 7f4238e5d700 1 Processor -- start
2024-03-12T01:27:15.779 INFO:teuthology.orchestra.run.smithi060.stderr:/usr/bin/ceph:
2024-03-12T01:27:15.795+0000 7f4238e5d700 1 -- start start
2024-03-12T01:27:15.779 INFO:teuthology.orchestra.run.smithi060.stderr:/usr/bin/ceph:
2024-03-12T01:27:15.795+0000 7f4238e5d700 1 --2- >> [v2:172.21.15.60:3300/0,v1:172.21.15.60:6789/0] conn(0x7f42340fe5e0 0x7f423410bdb0 unknown :-1 s=NONE pgs=0 cs=0 l=1 rev1=0 rx=0 tx=0).connect
2024-03-12T01:27:15.780 INFO:teuthology.orchestra.run.smithi060.stderr:/usr/bin/ceph:
2024-03-12T01:27:15.795+0000 7f4238e5d700 1 -- --> [v2:172.21.15.60:3300/0,v1:172.21.15.60:6789/0] -- mon_getmap magic: 0 v1 -- 0x7f423410c2a0 con 0x7f42340fe5e0
2024-03-12T01:27:15.780 INFO:teuthology.orchestra.run.smithi060.stderr:/usr/bin/ceph:
2024-03-12T01:27:15.795+0000 7f423259c700 1 --2- >> [v2:172.21.15.60:3300/0,v1:172.21.15.60:6789/0] conn(0x7f42340fe5e0 0x7f423410bdb0 unknown :-1 s=BANNER_CONNECTING pgs=0 cs=0 l=1 rev1=0 rx=0 tx=0)._handle_peer_banner_payload supported=1 required=0
2024-03-12T01:27:15.780 INFO:teuthology.orchestra.run.smithi060.stderr:/usr/bin/ceph:
2024-03-12T01:27:15.795+0000 7f423259c700 1 --2- >> [v2:172.21.15.60:3300/0,v1:172.21.15.60:6789/0] conn(0x7f42340fe5e0 0x7f423410bdb0 unknown :-1 s=HELLO_CONNECTING pgs=0 cs=0 l=1 rev1=1 rx=0 tx=0).handle_hello peer v2:172.21.15.60:3300/0 says I am v2:172.21.15.60:39594/0 (socket says 172.21.15.60:39594)
2024-03-12T01:27:15.780 INFO:teuthology.orchestra.run.smithi060.stderr:/usr/bin/ceph:
2024-03-12T01:27:15.795+0000 7f423259c700 1 -- 172.21.15.60:0/131710962 learned_addr learned my addr 172.21.15.60:0/131710962 (peer_addr_for_me v2:172.21.15.60:0/0)
2024-03-12T01:27:15.780 INFO:teuthology.orchestra.run.smithi060.stderr:/usr/bin/ceph:
2024-03-12T01:27:15.795+0000 7f423259c700 1 -- 172.21.15.60:0/131710962 --> [v2:172.21.15.60:3300/0,v1:172.21.15.60:6789/0] -- mon_subscribe({config=0+,monmap=0+}) v3 -- 0x7f4224009370 con 0x7f42340fe5e0
2024-03-12T01:27:15.780 INFO:teuthology.orchestra.run.smithi060.stderr:/usr/bin/ceph:
2024-03-12T01:27:15.795+0000 7f423259c700 1 --2- 172.21.15.60:0/131710962 >> [v2:172.21.15.60:3300/0,v1:172.21.15.60:6789/0] conn(0x7f42340fe5e0 0x7f423410bdb0 secure :-1 s=READY pgs=73 cs=0 l=1 rev1=1 rx=0x7f4224006b00 tx=0x7f42240090f0).ready entity=mon.0 client_cookie=0 server_cookie=0 in_seq=0 out_seq=0
2024-03-12T01:27:15.780 INFO:teuthology.orchestra.run.smithi060.stderr:/usr/bin/ceph:
2024-03-12T01:27:15.796+0000 7f42237fe700 1 -- 172.21.15.60:0/131710962 <== mon.0 v2:172.21.15.60:3300/0 1 ==== mon_map magic: 0 v1 ==== 229+0+0 (secure 0 0 0) 0x7f422401a640 con 0x7f42340fe5e0
2024-03-12T01:27:15.780 INFO:teuthology.orchestra.run.smithi060.stderr:/usr/bin/ceph:
2024-03-12T01:27:15.796+0000 7f42237fe700 1 -- 172.21.15.60:0/131710962 <== mon.0 v2:172.21.15.60:3300/0 2 ==== config(25 keys) v1 ==== 1046+0+0 (secure 0 0 0) 0x7f422401ac30 con 0x7f42340fe5e0
2024-03-12T01:27:15.780 INFO:teuthology.orchestra.run.smithi060.stderr:/usr/bin/ceph:
2024-03-12T01:27:15.796+0000 7f4238e5d700 1 -- 172.21.15.60:0/131710962 --> [v2:172.21.15.60:3300/0,v1:172.21.15.60:6789/0] -- mon_subscribe({mgrmap=0+}) v3 -- 0x7f423410c4a0 con 0x7f42340fe5e0
2024-03-12T01:27:15.780 INFO:teuthology.orchestra.run.smithi060.stderr:/usr/bin/ceph:
2024-03-12T01:27:15.796+0000 7f42237fe700 1 -- 172.21.15.60:0/131710962 <== mon.0 v2:172.21.15.60:3300/0 3 ==== mon_map magic: 0 v1 ==== 229+0+0 (secure 0 0 0) 0x7f4224023cb0 con 0x7f42340fe5e0
2024-03-12T01:27:15.780 INFO:teuthology.orchestra.run.smithi060.stderr:/usr/bin/ceph:
2024-03-12T01:27:15.796+0000 7f4238e5d700 1 -- 172.21.15.60:0/131710962 --> [v2:172.21.15.60:3300/0,v1:172.21.15.60:6789/0] -- mon_subscribe({osdmap=0}) v3 -- 0x7f423410c8b0 con 0x7f42340fe5e0
2024-03-12T01:27:15.780 INFO:teuthology.orchestra.run.smithi060.stderr:/usr/bin/ceph:
2024-03-12T01:27:15.797+0000 7f4238e5d700 1 -- 172.21.15.60:0/131710962 --> [v2:172.21.15.60:3300/0,v1:172.21.15.60:6789/0] -- mon_command({"prefix": "get_command_descriptions"} v 0) v1 -- 0x7f4234046ce0 con 0x7f42340fe5e0
2024-03-12T01:27:15.780 INFO:teuthology.orchestra.run.smithi060.stderr:/usr/bin/ceph:
