2024-03-22T06:51:04.868+0000 7fef97f3a700 1 -- 172.21.15.19:0/711303975 --> [v2:172.21.15.19:3300/0,v1:172.21.15.19:6789/0] -- mon_subscribe({mgrmap=0+}) v3 -- 0x7fef90111d70 con 0x7fef90102730
2024-03-22T06:51:05.748 INFO:teuthology.orchestra.run.smithi019.stdout:/usr/bin/ceph: stderr
2024-03-22T06:51:04.868+0000 7fef8e7fc700 1 -- 172.21.15.19:0/711303975 <== mon.0 v2:172.21.15.19:3300/0 3 ==== mon_map magic: 0 v1 ==== 229+0+0 (secure 0 0 0) 0x7fef8001c8c0 con 0x7fef90102730
2024-03-22T06:51:05.748 INFO:teuthology.orchestra.run.smithi019.stdout:/usr/bin/ceph: stderr
2024-03-22T06:51:04.868+0000 7fef97f3a700 1 -- 172.21.15.19:0/711303975 --> [v2:172.21.15.19:3300/0,v1:172.21.15.19:6789/0] -- mon_subscribe({osdmap=0}) v3 -- 0x7fef901128e0 con 0x7fef90102730
2024-03-22T06:51:05.748 INFO:teuthology.orchestra.run.smithi019.stdout:/usr/bin/ceph: stderr
2024-03-22T06:51:04.869+0000 7fef8e7fc700 1 -- 172.21.15.19:0/711303975 <== mon.0 v2:172.21.15.19:3300/0 4 ==== mgrmap(e 3) v1 ==== 43251+0+0 (secure 0 0 0) 0x7fef80019070 con 0x7fef90102730
2024-03-22T06:51:05.748 INFO:teuthology.orchestra.run.smithi019.stdout:/usr/bin/ceph: stderr
2024-03-22T06:51:04.869+0000 7fef8e7fc700 1 --2- 172.21.15.19:0/711303975 >> [v2:172.21.15.19:6800/993461190,v1:172.21.15.19:6801/993461190] conn(0x7fef78036660 0x7fef78038b10 unknown :-1 s=NONE pgs=0 cs=0 l=1 rev1=0 crypto rx=0 tx=0 comp rx=0 tx=0).connect
2024-03-22T06:51:05.748 INFO:teuthology.orchestra.run.smithi019.stdout:/usr/bin/ceph: stderr
2024-03-22T06:51:04.869+0000 7fef8e7fc700 1 -- 172.21.15.19:0/711303975 <== mon.0 v2:172.21.15.19:3300/0 5 ==== osd_map(1..1 src has 1..1) v4 ==== 721+0+0 (secure 0 0 0) 0x7fef8004a650 con 0x7fef90102730
2024-03-22T06:51:05.748 INFO:teuthology.orchestra.run.smithi019.stdout:/usr/bin/ceph: stderr
2024-03-22T06:51:04.869+0000 7fef954d5700 1 --2- 172.21.15.19:0/711303975 >> [v2:172.21.15.19:6800/993461190,v1:172.21.15.19:6801/993461190] conn(0x7fef78036660 0x7fef78038b10 unknown :-1 s=BANNER_CONNECTING pgs=0 cs=0 l=1 rev1=0 crypto rx=0 tx=0 comp rx=0 tx=0)._handle_peer_banner_payload supported=3 required=0
2024-03-22T06:51:05.748 INFO:teuthology.orchestra.run.smithi019.stdout:/usr/bin/ceph: stderr
2024-03-22T06:51:04.869+0000 7fef97f3a700 1 -- 172.21.15.19:0/711303975 --> [v2:172.21.15.19:3300/0,v1:172.21.15.19:6789/0] -- mon_command({"prefix": "get_command_descriptions"} v 0) v1 -- 0x7fef9005f5f0 con 0x7fef90102730
2024-03-22T06:51:05.748 INFO:teuthology.orchestra.run.smithi019.stdout:/usr/bin/ceph: stderr
2024-03-22T06:51:04.869+0000 7fef954d5700 1 --2- 172.21.15.19:0/711303975 >> [v2:172.21.15.19:6800/993461190,v1:172.21.15.19:6801/993461190] conn(0x7fef78036660 0x7fef78038b10 secure :-1 s=READY pgs=6 cs=0 l=1 rev1=1 crypto rx=0x7fef84009990 tx=0x7fef84006e40 comp rx=0 tx=0).ready entity=mgr.14100 client_cookie=0 server_cookie=0 in_seq=0 out_seq=0
2024-03-22T06:51:05.749 INFO:teuthology.orchestra.run.smithi019.stdout:/usr/bin/ceph: stderr
2024-03-22T06:51:04.874+0000 7fef8e7fc700 1 -- 172.21.15.19:0/711303975 <== mon.0 v2:172.21.15.19:3300/0 6 ==== mon_command_ack([{"prefix": "get_command_descriptions"}]=0 v0) v1 ==== 72+0+176504 (secure 0 0 0) 0x7fef80017080 con 0x7fef90102730
2024-03-22T06:51:05.749 INFO:teuthology.orchestra.run.smithi019.stdout:/usr/bin/ceph: stderr
2024-03-22T06:51:05.148+0000 7fef97f3a700 1 -- 172.21.15.19:0/711303975 --> [v2:172.21.15.19:3300/0,v1:172.21.15.19:6789/0] -- mon_command({"prefix": "status", "format": "json-pretty"} v 0) v1 -- 0x7fef90112bc0 con 0x7fef90102730
2024-03-22T06:51:05.749 INFO:teuthology.orchestra.run.smithi019.stdout:/usr/bin/ceph: stderr
2024-03-22T06:51:05.149+0000 7fef8e7fc700 1 -- 172.21.15.19:0/711303975 <== mon.0 v2:172.21.15.19:3300/0 7 ==== mon_command_ack([{"prefix": "status", "format": "json-pretty"}]=0 v0) v1 ==== 79+0+1248 (secure 0 0 0) 0x7fef80020030 con 0x7fef90102730
2024-03-22T06:51:05.749 INFO:teuthology.orchestra.run.smithi019.stdout:/usr/bin/ceph: stderr
2024-03-22T06:51:05.151+0000 7fef97f3a700 1 -- 172.21.15.19:0/711303975 >> [v2:172.21.15.19:6800/993461190,v1:172.21.15.19:6801/993461190] conn(0x7fef78036660 msgr2=0x7fef78038b10 secure :-1 s=STATE_CONNECTION_ESTABLISHED l=1).mark_down
2024-03-22T06:51:05.749 INFO:teuthology.orchestra.run.smithi019.stdout:/usr/bin/ceph: stderr
2024-03-22T06:51:05.151+0000 7fef97f3a700 1 --2- 172.21.15.19:0/711303975 >> [v2:172.21.15.19:6800/993461190,v1:172.21.15.19:6801/993461190] conn(0x7fef78036660 0x7fef78038b10 secure :-1 s=READY pgs=6 cs=0 l=1 rev1=1 crypto rx=0x7fef84009990 tx=0x7fef84006e40 comp rx=0 tx=0).stop
2024-03-22T06:51:05.749 INFO:teuthology.orchestra.run.smithi019.stdout:/usr/bin/ceph: stderr
2024-03-22T06:51:05.151+0000 7fef97f3a700 1 -- 172.21.15.19:0/711303975 >> [v2:172.21.15.19:3300/0,v1:172.21.15.19:6789/0] conn(0x7fef90102730 msgr2=0x7fef90111630 secure :-1 s=STATE_CONNECTION_ESTABLISHED l=1).mark_down
2024-03-22T06:51:05.749 INFO:teuthology.orchestra.run.smithi019.stdout:/usr/bin/ceph: stderr
2024-03-22T06:51:05.151+0000 7fef97f3a700 1 --2- 172.21.15.19:0/711303975 >> [v2:172.21.15.19:3300/0,v1:172.21.15.19:6789/0] conn(0x7fef90102730 0x7fef90111630 secure :-1 s=READY pgs=17 cs=0 l=1 rev1=1 crypto rx=0x7fef80009fd0 tx=0x7fef80009840 comp rx=0 tx=0).stop
2024-03-22T06:51:05.749 INFO:teuthology.orchestra.run.smithi019.stdout:/usr/bin/ceph: stderr
2024-03-22T06:51:05.151+0000 7fef97f3a700 1 -- 172.21.15.19:0/711303975 shutdown_connections
2024-03-22T06:51:05.749 INFO:teuthology.orchestra.run.smithi019.stdout:/usr/bin/ceph: stderr
2024-03-22T06:51:05.151+0000 7fef97f3a700 1 --2- 172.21.15.19:0/711303975 >> [v2:172.21.15.19:6800/993461190,v1:172.21.15.19:6801/993461190] conn(0x7fef78036660 0x7fef78038b10 unknown :-1 s=CLOSED pgs=6 cs=0 l=1 rev1=1 crypto rx=0 tx=0 comp rx=0 tx=0).stop
2024-03-22T06:51:05.749 INFO:teuthology.orchestra.run.smithi019.stdout:/usr/bin/ceph: stderr
2024-03-22T06:51:05.151+0000 7fef97f3a700 1 --2- 172.21.15.19:0/711303975 >> [v2:172.21.15.19:3300/0,v1:172.21.15.19:6789/0] conn(0x7fef90102730 0x7fef90111630 unknown :-1 s=CLOSED pgs=17 cs=0 l=1 rev1=1 crypto rx=0 tx=0 comp rx=0 tx=0).stop
2024-03-22T06:51:05.749 INFO:teuthology.orchestra.run.smithi019.stdout:/usr/bin/ceph: stderr
2024-03-22T06:51:05.151+0000 7fef97f3a700 1 -- 172.21.15.19:0/711303975 >> 172.21.15.19:0/711303975 conn(0x7fef900fdf10 msgr2=0x7fef900feb10 unknown :-1 s=STATE_NONE l=0).mark_down
2024-03-22T06:51:05.749 INFO:teuthology.orchestra.run.smithi019.stdout:/usr/bin/ceph: stderr
2024-03-22T06:51:05.151+0000 7fef97f3a700 1 -- 172.21.15.19:0/711303975 shutdown_connections
2024-03-22T06:51:05.749 INFO:teuthology.orchestra.run.smithi019.stdout:/usr/bin/ceph: stderr
2024-03-22T06:51:05.151+0000 7fef97f3a700 1 -- 172.21.15.19:0/711303975 wait complete.
2024-03-22T06:51:05.750 INFO:teuthology.orchestra.run.smithi019.stdout:mgr is available
2024-03-22T06:51:06.640 INFO:journalctl@ceph.mon.smithi019.smithi019.stdout:Mar 22 06:51:06 smithi019 ceph-mon[29264]: from='client.? 172.21.15.19:0/1127885959' entity='client.admin' cmd=[{"prefix": "config assimilate-conf"}]: dispatch
2024-03-22T06:51:06.927 INFO:teuthology.orchestra.run.smithi019.stdout:/usr/bin/ceph: stdout
2024-03-22T06:51:06.927 INFO:teuthology.orchestra.run.smithi019.stdout:/usr/bin/ceph: stdout [global]
2024-03-22T06:51:06.927 INFO:teuthology.orchestra.run.smithi019.stdout:/usr/bin/ceph: stdout fsid = 667eddec-e818-11ee-95cd-87774f69a715
2024-03-22T06:51:06.927 INFO:teuthology.orchestra.run.smithi019.stdout:/usr/bin/ceph: stdout mon_osd_allow_pg_remap = true
2024-03-22T06:51:06.927 INFO:teuthology.orchestra.run.smithi019.stdout:/usr/bin/ceph: stdout mon_osd_allow_primary_affinity = true
2024-03-22T06:51:06.927 INFO:teuthology.orchestra.run.smithi019.stdout:/usr/bin/ceph: stdout mon_warn_on_no_sortbitwise = false
2024-03-22T06:51:06.928 INFO:teuthology.orchestra.run.smithi019.stdout:/usr/bin/ceph: stdout osd_crush_chooseleaf_type = 0
2024-03-22T06:51:06.928 INFO:teuthology.orchestra.run.smithi019.stdout:/usr/bin/ceph: stdout
2024-03-22T06:51:06.928 INFO:teuthology.orchestra.run.smithi019.stdout:/usr/bin/ceph: stdout [mgr]
2024-03-22T06:51:06.928 INFO:teuthology.orchestra.run.smithi019.stdout:/usr/bin/ceph: stdout mgr/telemetry/nag = false
2024-03-22T06:51:06.928 INFO:teuthology.orchestra.run.smithi019.stdout:/usr/bin/ceph: stdout
2024-03-22T06:51:06.928 INFO:teuthology.orchestra.run.smithi019.stdout:/usr/bin/ceph: stdout [osd]
2024-03-22T06:51:06.928 INFO:teuthology.orchestra.run.smithi019.stdout:/usr/bin/ceph: stdout mon_osd_backfillfull_ratio = 0.85
2024-03-22T06:51:06.928 INFO:teuthology.orchestra.run.smithi019.stdout:/usr/bin/ceph: stdout mon_osd_full_ratio = 0.9
2024-03-22T06:51:06.928 INFO:teuthology.orchestra.run.smithi019.stdout:/usr/bin/ceph: stdout mon_osd_nearfull_ratio = 0.8
2024-03-22T06:51:06.928 INFO:teuthology.orchestra.run.smithi019.stdout:/usr/bin/ceph: stdout osd_map_max_advance = 10
2024-03-22T06:51:06.928 INFO:teuthology.orchestra.run.smithi019.stdout:/usr/bin/ceph: stdout osd_sloppy_crc = true
2024-03-22T06:51:06.928 INFO:teuthology.orchestra.run.smithi019.stdout:/usr/bin/ceph: stderr
2024-03-22T06:51:06.151+0000 7fc0658e8700 1 Processor -- start
2024-03-22T06:51:06.928 INFO:teuthology.orchestra.run.smithi019.stdout:/usr/bin/ceph: stderr
2024-03-22T06:51:06.151+0000 7fc0658e8700 1 -- start start
2024-03-22T06:51:06.928 INFO:teuthology.orchestra.run.smithi019.stdout:/usr/bin/ceph: stderr
2024-03-22T06:51:06.151+0000 7fc0658e8700 1 --2- >> [v2:172.21.15.19:3300/0,v1:172.21.15.19:6789/0] conn(0x7fc060102730 0x7fc060102b40 unknown :-1 s=NONE pgs=0 cs=0 l=0 rev1=0 crypto rx=0 tx=0 comp rx=0 tx=0).connect
2024-03-22T06:51:06.929 INFO:teuthology.orchestra.run.smithi019.stdout:/usr/bin/ceph: stderr
2024-03-22T06:51:06.151+0000 7fc0658e8700 1 -- --> [v2:172.21.15.19:3300/0,v1:172.21.15.19:6789/0] -- mon_getmap magic: 0 v1 -- 0x7fc060103080 con 0x7fc060102730
2024-03-22T06:51:06.929 INFO:teuthology.orchestra.run.smithi019.stdout:/usr/bin/ceph: stderr
2024-03-22T06:51:06.151+0000 7fc05effd700 1 --2- >> [v2:172.21.15.19:3300/0,v1:172.21.15.19:6789/0] conn(0x7fc060102730 0x7fc060102b40 unknown :-1 s=BANNER_CONNECTING pgs=0 cs=0 l=0 rev1=0 crypto rx=0 tx=0 comp rx=0 tx=0)._handle_peer_banner_payload supported=3 required=0
2024-03-22T06:51:06.929 INFO:teuthology.orchestra.run.smithi019.stdout:/usr/bin/ceph: stderr
2024-03-22T06:51:06.151+0000 7fc05effd700 1 --2- >> [v2:172.21.15.19:3300/0,v1:172.21.15.19:6789/0] conn(0x7fc060102730 0x7fc060102b40 unknown :-1 s=HELLO_CONNECTING pgs=0 cs=0 l=0 rev1=1 crypto rx=0 tx=0 comp rx=0 tx=0).handle_hello peer v2:172.21.15.19:3300/0 says I am v2:172.21.15.19:39188/0 (socket says 172.21.15.19:39188)
2024-03-22T06:51:06.929 INFO:teuthology.orchestra.run.smithi019.stdout:/usr/bin/ceph: stderr
2024-03-22T06:51:06.151+0000 7fc05effd700 1 -- 172.21.15.19:0/812511435 learned_addr learned my addr 172.21.15.19:0/812511435 (peer_addr_for_me v2:172.21.15.19:0/0)
2024-03-22T06:51:06.929 INFO:teuthology.orchestra.run.smithi019.stdout:/usr/bin/ceph: stderr
2024-03-22T06:51:06.152+0000 7fc05effd700 1 -- 172.21.15.19:0/812511435 --> [v2:172.21.15.19:3300/0,v1:172.21.15.19:6789/0] -- mon_subscribe({config=0+,monmap=0+}) v3 -- 0x7fc0601031c0 con 0x7fc060102730
2024-03-22T06:51:06.929 INFO:teuthology.orchestra.run.smithi019.stdout:/usr/bin/ceph: stderr
2024-03-22T06:51:06.152+0000 7fc05effd700 1 --2- 172.21.15.19:0/812511435 >> [v2:172.21.15.19:3300/0,v1:172.21.15.19:6789/0] conn(0x7fc060102730 0x7fc060102b40 secure :-1 s=READY pgs=18 cs=0 l=1 rev1=1 crypto rx=0x7fc0500098e0 tx=0x7fc050009250 comp rx=0 tx=0).ready entity=mon.0 client_cookie=960129fdf4d8d85 server_cookie=0 in_seq=0 out_seq=0
2024-03-22T06:51:06.929 INFO:teuthology.orchestra.run.smithi019.stdout:/usr/bin/ceph: stderr
2024-03-22T06:51:06.152+0000 7fc05dffb700 1 -- 172.21.15.19:0/812511435 <== mon.0 v2:172.21.15.19:3300/0 1 ==== mon_map magic: 0 v1 ==== 229+0+0 (secure 0 0 0) 0x7fc05000b860 con 0x7fc060102730
2024-03-22T06:51:06.929 INFO:teuthology.orchestra.run.smithi019.stdout:/usr/bin/ceph: stderr
2024-03-22T06:51:06.152+0000 7fc05dffb700 1 -- 172.21.15.19:0/812511435 <== mon.0 v2:172.21.15.19:3300/0 2 ==== config(27 keys) v1 ==== 1044+0+0 (secure 0 0 0) 0x7fc05000be50 con 0x7fc060102730
2024-03-22T06:51:06.929 INFO:teuthology.orchestra.run.smithi019.stdout:/usr/bin/ceph: stderr
2024-03-22T06:51:06.152+0000 7fc05dffb700 1 -- 172.21.15.19:0/812511435 <== mon.0 v2:172.21.15.19:3300/0 3 ==== mon_map magic: 0 v1 ==== 229+0+0 (secure 0 0 0) 0x7fc050010380 con 0x7fc060102730
2024-03-22T06:51:06.929 INFO:teuthology.orchestra.run.smithi019.stdout:/usr/bin/ceph: stderr
2024-03-22T06:51:06.152+0000 7fc0658e8700 1 -- 172.21.15.19:0/812511435 >> [v2:172.21.15.19:3300/0,v1:172.21.15.19:6789/0] conn(0x7fc060102730 msgr2=0x7fc060102b40 secure :-1 s=STATE_CONNECTION_ESTABLISHED l=1).mark_down
2024-03-22T06:51:06.929 INFO:teuthology.orchestra.run.smithi019.stdout:/usr/bin/ceph: stderr
2024-03-22T06:51:06.152+0000 7fc0658e8700 1 --2- 172.21.15.19:0/812511435 >> [v2:172.21.15.19:3300/0,v1:172.21.15.19:6789/0] conn(0x7fc060102730 0x7fc060102b40 secure :-1 s=READY pgs=18 cs=0 l=1 rev1=1 crypto rx=0x7fc0500098e0 tx=0x7fc050009250 comp rx=0 tx=0).stop
2024-03-22T06:51:06.929 INFO:teuthology.orchestra.run.smithi019.stdout:/usr/bin/ceph: stderr
2024-03-22T06:51:06.153+0000 7fc0658e8700 1 -- 172.21.15.19:0/812511435 shutdown_connections
2024-03-22T06:51:06.929 INFO:teuthology.orchestra.run.smithi019.stdout:/usr/bin/ceph: stderr
2024-03-22T06:51:06.153+0000 7fc0658e8700 1 --2- 172.21.15.19:0/812511435 >> [v2:172.21.15.19:3300/0,v1:172.21.15.19:6789/0] conn(0x7fc060102730 0x7fc060102b40 unknown :-1 s=CLOSED pgs=18 cs=0 l=1 rev1=1 crypto rx=0 tx=0 comp rx=0 tx=0).stop
2024-03-22T06:51:06.929 INFO:teuthology.orchestra.run.smithi019.stdout:/usr/bin/ceph: stderr
2024-03-22T06:51:06.153+0000 7fc0658e8700 1 -- 172.21.15.19:0/812511435 >> 172.21.15.19:0/812511435 conn(0x7fc0600fdf10 msgr2=0x7fc060100320 unknown :-1 s=STATE_NONE l=0).mark_down
2024-03-22T06:51:06.930 INFO:teuthology.orchestra.run.smithi019.stdout:/usr/bin/ceph: stderr
2024-03-22T06:51:06.153+0000 7fc0658e8700 1 -- 172.21.15.19:0/812511435 shutdown_connections
2024-03-22T06:51:06.930 INFO:teuthology.orchestra.run.smithi019.stdout:/usr/bin/ceph: stderr
2024-03-22T06:51:06.153+0000 7fc0658e8700 1 -- 172.21.15.19:0/812511435 wait complete.
2024-03-22T06:51:06.930 INFO:teuthology.orchestra.run.smithi019.stdout:/usr/bin/ceph: stderr
2024-03-22T06:51:06.153+0000 7fc0658e8700 1 Processor -- start
2024-03-22T06:51:06.930 INFO:teuthology.orchestra.run.smithi019.stdout:/usr/bin/ceph: stderr
2024-03-22T06:51:06.153+0000 7fc0658e8700 1 -- start start
2024-03-22T06:51:06.930 INFO:teuthology.orchestra.run.smithi019.stdout:/usr/bin/ceph: stderr
2024-03-22T06:51:06.153+0000 7fc0658e8700 1 --2- >> [v2:172.21.15.19:3300/0,v1:172.21.15.19:6789/0] conn(0x7fc060102730 0x7fc0601115f0 unknown :-1 s=NONE pgs=0 cs=0 l=1 rev1=0 crypto rx=0 tx=0 comp rx=0 tx=0).connect
2024-03-22T06:51:06.930 INFO:teuthology.orchestra.run.smithi019.stdout:/usr/bin/ceph: stderr
2024-03-22T06:51:06.153+0000 7fc0658e8700 1 -- --> [v2:172.21.15.19:3300/0,v1:172.21.15.19:6789/0] -- mon_getmap magic: 0 v1 -- 0x7fc060111b30 con 0x7fc060102730
2024-03-22T06:51:06.930 INFO:teuthology.orchestra.run.smithi019.stdout:/usr/bin/ceph: stderr
2024-03-22T06:51:06.154+0000 7fc05effd700 1 --2- >> [v2:172.21.15.19:3300/0,v1:172.21.15.19:6789/0] conn(0x7fc060102730 0x7fc0601115f0 unknown :-1 s=BANNER_CONNECTING pgs=0 cs=0 l=1 rev1=0 crypto rx=0 tx=0 comp rx=0 tx=0)._handle_peer_banner_payload supported=3 required=0
2024-03-22T06:51:06.930 INFO:teuthology.orchestra.run.smithi019.stdout:/usr/bin/ceph: stderr
2024-03-22T06:51:06.154+0000 7fc05effd700 1 --2- >> [v2:172.21.15.19:3300/0,v1:172.21.15.19:6789/0] conn(0x7fc060102730 0x7fc0601115f0 unknown :-1 s=HELLO_CONNECTING pgs=0 cs=0 l=1 rev1=1 crypto rx=0 tx=0 comp rx=0 tx=0).handle_hello peer v2:172.21.15.19:3300/0 says I am v2:172.21.15.19:39190/0 (socket says 172.21.15.19:39190)
2024-03-22T06:51:06.930 INFO:teuthology.orchestra.run.smithi019.stdout:/usr/bin/ceph: stderr
2024-03-22T06:51:06.154+0000 7fc05effd700 1 -- 172.21.15.19:0/1127885959 learned_addr learned my addr 172.21.15.19:0/1127885959 (peer_addr_for_me v2:172.21.15.19:0/0)
2024-03-22T06:51:06.930 INFO:teuthology.orchestra.run.smithi019.stdout:/usr/bin/ceph: stderr
2024-03-22T06:51:06.154+0000 7fc05effd700 1 -- 172.21.15.19:0/1127885959 --> [v2:172.21.15.19:3300/0,v1:172.21.15.19:6789/0] -- mon_subscribe({config=0+,monmap=0+}) v3 -- 0x7fc0500094f0 con 0x7fc060102730
2024-03-22T06:51:06.930 INFO:teuthology.orchestra.run.smithi019.stdout:/usr/bin/ceph: stderr
2024-03-22T06:51:06.154+0000 7fc05effd700 1 --2- 172.21.15.19:0/1127885959 >> [v2:172.21.15.19:3300/0,v1:172.21.15.19:6789/0] conn(0x7fc060102730 0x7fc0601115f0 secure :-1 s=READY pgs=19 cs=0 l=1 rev1=1 crypto rx=0x7fc050006fd0 tx=0x7fc050009250 comp rx=0 tx=0).ready entity=mon.0 client_cookie=0 server_cookie=0 in_seq=0 out_seq=0
2024-03-22T06:51:06.930 INFO:teuthology.orchestra.run.smithi019.stdout:/usr/bin/ceph: stderr
2024-03-22T06:51:06.154+0000 7fc0477fe700 1 -- 172.21.15.19:0/1127885959 <== mon.0 v2:172.21.15.19:3300/0 1 ==== mon_map magic: 0 v1 ==== 229+0+0 (secure 0 0 0) 0x7fc0500107c0 con 0x7fc060102730
2024-03-22T06:51:06.930 INFO:teuthology.orchestra.run.smithi019.stdout:/usr/bin/ceph: stderr
2024-03-22T06:51:06.154+0000 7fc0477fe700 1 -- 172.21.15.19:0/1127885959 <== mon.0 v2:172.21.15.19:3300/0 2 ==== config(27 keys) v1 ==== 1044+0+0 (secure 0 0 0) 0x7fc050010db0 con 0x7fc060102730
2024-03-22T06:51:06.931 INFO:teuthology.orchestra.run.smithi019.stdout:/usr/bin/ceph: stderr
2024-03-22T06:51:06.154+0000 7fc0658e8700 1 -- 172.21.15.19:0/1127885959 --> [v2:172.21.15.19:3300/0,v1:172.21.15.19:6789/0] -- mon_subscribe({mgrmap=0+}) v3 -- 0x7fc060111d30 con 0x7fc060102730
2024-03-22T06:51:06.931 INFO:teuthology.orchestra.run.smithi019.stdout:/usr/bin/ceph: stderr
2024-03-22T06:51:06.154+0000 7fc0477fe700 1 -- 172.21.15.19:0/1127885959 <== mon.0 v2:172.21.15.19:3300/0 3 ==== mon_map magic: 0 v1 ==== 229+0+0 (secure 0 0 0) 0x7fc05001ada0 con 0x7fc060102730
2024-03-22T06:51:06.931 INFO:teuthology.orchestra.run.smithi019.stdout:/usr/bin/ceph: stderr
2024-03-22T06:51:06.154+0000 7fc0658e8700 1 -- 172.21.15.19:0/1127885959 --> [v2:172.21.15.19:3300/0,v1:172.21.15.19:6789/0] -- mon_subscribe({osdmap=0}) v3 -- 0x7fc0601128a0 con 0x7fc060102730
2024-03-22T06:51:06.931 INFO:teuthology.orchestra.run.smithi019.stdout:/usr/bin/ceph: stderr
2024-03-22T06:51:06.155+0000 7fc0477fe700 1 -- 172.21.15.19:0/1127885959 <== mon.0 v2:172.21.15.19:3300/0 4 ==== mgrmap(e 3) v1 ==== 43251+0+0 (secure 0 0 0) 0x7fc050019410 con 0x7fc060102730
2024-03-22T06:51:06.931 INFO:teuthology.orchestra.run.smithi019.stdout:/usr/bin/ceph: stderr
2024-03-22T06:51:06.155+0000 7fc0477fe700 1 --2- 172.21.15.19:0/1127885959 >> [v2:172.21.15.19:6800/993461190,v1:172.21.15.19:6801/993461190] conn(0x7fc048036660 0x7fc048038b10 unknown :-1 s=NONE pgs=0 cs=0 l=1 rev1=0 crypto rx=0 tx=0 comp rx=0 tx=0).connect
2024-03-22T06:51:06.931 INFO:teuthology.orchestra.run.smithi019.stdout:/usr/bin/ceph: stderr
2024-03-22T06:51:06.155+0000 7fc0658e8700 1 -- 172.21.15.19:0/1127885959 --> [v2:172.21.15.19:3300/0,v1:172.21.15.19:6789/0] -- mon_command({"prefix": "get_command_descriptions"} v 0) v1 -- 0x7fc0601121c0 con 0x7fc060102730
2024-03-22T06:51:06.931 INFO:teuthology.orchestra.run.smithi019.stdout:/usr/bin/ceph: stderr
2024-03-22T06:51:06.155+0000 7fc0477fe700 1 -- 172.21.15.19:0/1127885959 <== mon.0 v2:172.21.15.19:3300/0 5 ==== osd_map(1..1 src has 1..1) v4 ==== 721+0+0 (secure 0 0 0) 0x7fc050049a60 con 0x7fc060102730
2024-03-22T06:51:06.931 INFO:teuthology.orchestra.run.smithi019.stdout:/usr/bin/ceph: stderr
2024-03-22T06:51:06.155+0000 7fc05e7fc700 1 --2- 172.21.15.19:0/1127885959 >> [v2:172.21.15.19:6800/993461190,v1:172.21.15.19:6801/993461190] conn(0x7fc048036660 0x7fc048038b10 unknown :-1 s=BANNER_CONNECTING pgs=0 cs=0 l=1 rev1=0 crypto rx=0 tx=0 comp rx=0 tx=0)._handle_peer_banner_payload supported=3 required=0
2024-03-22T06:51:06.931 INFO:teuthology.orchestra.run.smithi019.stdout:/usr/bin/ceph: stderr
2024-03-22T06:51:06.156+0000 7fc05e7fc700 1 --2- 172.21.15.19:0/1127885959 >> [v2:172.21.15.19:6800/993461190,v1:172.21.15.19:6801/993461190] conn(0x7fc048036660 0x7fc048038b10 secure :-1 s=READY pgs=7 cs=0 l=1 rev1=1 crypto rx=0x7fc054009990 tx=0x7fc054006e40 comp rx=0 tx=0).ready entity=mgr.14100 client_cookie=0 server_cookie=0 in_seq=0 out_seq=0
2024-03-22T06:51:06.931 INFO:teuthology.orchestra.run.smithi019.stdout:/usr/bin/ceph: stderr
2024-03-22T06:51:06.160+0000 7fc0477fe700 1 -- 172.21.15.19:0/1127885959 <== mon.0 v2:172.21.15.19:3300/0 6 ==== mon_command_ack([{"prefix": "get_command_descriptions"}]=0 v0) v1 ==== 72+0+176504 (secure 0 0 0) 0x7fc050022310 con 0x7fc060102730
2024-03-22T06:51:06.931 INFO:teuthology.orchestra.run.smithi019.stdout:/usr/bin/ceph: stderr
2024-03-22T06:51:06.353+0000 7fc0658e8700 1 -- 172.21.15.19:0/1127885959 --> [v2:172.21.15.19:3300/0,v1:172.21.15.19:6789/0] -- mon_command({"prefix": "config assimilate-conf"} v 0) v1 -- 0x7fc0601047e0 con 0x7fc060102730
2024-03-22T06:51:06.931 INFO:teuthology.orchestra.run.smithi019.stdout:/usr/bin/ceph: stderr
2024-03-22T06:51:06.354+0000 7fc0477fe700 1 -- 172.21.15.19:0/1127885959 <== mon.0 v2:172.21.15.19:3300/0 7 ==== mon_command_ack([{"prefix": "config assimilate-conf"}]=0 v3) v1 ==== 70+0+373 (secure 0 0 0) 0x7fc050020020 con 0x7fc060102730
2024-03-22T06:51:06.931 INFO:teuthology.orchestra.run.smithi019.stdout:/usr/bin/ceph: stderr
2024-03-22T06:51:06.356+0000 7fc0658e8700 1 -- 172.21.15.19:0/1127885959 >> [v2:172.21.15.19:6800/993461190,v1:172.21.15.19:6801/993461190] conn(0x7fc048036660 msgr2=0x7fc048038b10 secure :-1 s=STATE_CONNECTION_ESTABLISHED l=1).mark_down
2024-03-22T06:51:06.932 INFO:teuthology.orchestra.run.smithi019.stdout:/usr/bin/ceph: stderr
2024-03-22T06:51:06.356+0000 7fc0658e8700 1 --2- 172.21.15.19:0/1127885959 >> [v2:172.21.15.19:6800/993461190,v1:172.21.15.19:6801/993461190] conn(0x7fc048036660 0x7fc048038b10 secure :-1 s=READY pgs=7 cs=0 l=1 rev1=1 crypto rx=0x7fc054009990 tx=0x7fc054006e40 comp rx=0 tx=0).stop
2024-03-22T06:51:06.932 INFO:teuthology.orchestra.run.smithi019.stdout:/usr/bin/ceph: stderr
2024-03-22T06:51:06.356+0000 7fc0658e8700 1 -- 172.21.15.19:0/1127885959 >> [v2:172.21.15.19:3300/0,v1:172.21.15.19:6789/0] conn(0x7fc060102730 msgr2=0x7fc0601115f0 secure :-1 s=STATE_CONNECTION_ESTABLISHED l=1).mark_down
2024-03-22T06:51:06.932 INFO:teuthology.orchestra.run.smithi019.stdout:/usr/bin/ceph: stderr
2024-03-22T06:51:06.356+0000 7fc0658e8700 1 --2- 172.21.15.19:0/1127885959 >> [v2:172.21.15.19:3300/0,v1:172.21.15.19:6789/0] conn(0x7fc060102730 0x7fc0601115f0 secure :-1 s=READY pgs=19 cs=0 l=1 rev1=1 crypto rx=0x7fc050006fd0 tx=0x7fc050009250 comp rx=0 tx=0).stop
2024-03-22T06:51:06.932 INFO:teuthology.orchestra.run.smithi019.stdout:/usr/bin/ceph: stderr
2024-03-22T06:51:06.356+0000 7fc0658e8700 1 -- 172.21.15.19:0/1127885959 shutdown_connections
2024-03-22T06:51:06.932 INFO:teuthology.orchestra.run.smithi019.stdout:/usr/bin/ceph: stderr
2024-03-22T06:51:06.356+0000 7fc0658e8700 1 --2- 172.21.15.19:0/1127885959 >> [v2:172.21.15.19:6800/993461190,v1:172.21.15.19:6801/993461190] conn(0x7fc048036660 0x7fc048038b10 unknown :-1 s=CLOSED pgs=7 cs=0 l=1 rev1=1 crypto rx=0 tx=0 comp rx=0 tx=0).stop
2024-03-22T06:51:06.932 INFO:teuthology.orchestra.run.smithi019.stdout:/usr/bin/ceph: stderr
2024-03-22T06:51:06.356+0000 7fc0658e8700 1 --2- 172.21.15.19:0/1127885959 >> [v2:172.21.15.19:3300/0,v1:172.21.15.19:6789/0] conn(0x7fc060102730 0x7fc0601115f0 unknown :-1 s=CLOSED pgs=19 cs=0 l=1 rev1=1 crypto rx=0 tx=0 comp rx=0 tx=0).stop
2024-03-22T06:51:06.932 INFO:teuthology.orchestra.run.smithi019.stdout:/usr/bin/ceph: stderr
2024-03-22T06:51:06.356+0000 7fc0658e8700 1 -- 172.21.15.19:0/1127885959 >> 172.21.15.19:0/1127885959 conn(0x7fc0600fdf10 msgr2=0x7fc0600feb00 unknown :-1 s=STATE_NONE l=0).mark_down
2024-03-22T06:51:06.932 INFO:teuthology.orchestra.run.smithi019.stdout:/usr/bin/ceph: stderr
2024-03-22T06:51:06.356+0000 7fc0658e8700 1 -- 172.21.15.19:0/1127885959 shutdown_connections
2024-03-22T06:51:06.932 INFO:teuthology.orchestra.run.smithi019.stdout:/usr/bin/ceph: stderr
2024-03-22T06:51:06.356+0000 7fc0658e8700 1 -- 172.21.15.19:0/1127885959 wait complete.
2024-03-22T06:51:06.932 INFO:teuthology.orchestra.run.smithi019.stdout:Enabling cephadm module...
2024-03-22T06:51:07.893 INFO:journalctl@ceph.mon.smithi019.smithi019.stdout:Mar 22 06:51:07 smithi019 ceph-mon[29264]: mgrmap e4: smithi019.sdcgif(active, since 3s)
2024-03-22T06:51:08.794 INFO:journalctl@ceph.mon.smithi019.smithi019.stdout:Mar 22 06:51:08 smithi019 ceph-mon[29264]: from='client.? 172.21.15.19:0/920356471' entity='client.admin' cmd=[{"prefix": "mgr module enable", "module": "cephadm"}]: dispatch
2024-03-22T06:51:09.123 INFO:teuthology.orchestra.run.smithi019.stdout:/usr/bin/ceph: stderr
2024-03-22T06:51:07.332+0000 7fd8b256a700 1 Processor -- start
2024-03-22T06:51:09.123 INFO:teuthology.orchestra.run.smithi019.stdout:/usr/bin/ceph: stderr
2024-03-22T06:51:07.332+0000 7fd8b256a700 1 -- start start
2024-03-22T06:51:09.123 INFO:teuthology.orchestra.run.smithi019.stdout:/usr/bin/ceph: stderr
2024-03-22T06:51:07.332+0000 7fd8b256a700 1 --2- >> [v2:172.21.15.19:3300/0,v1:172.21.15.19:6789/0] conn(0x7fd8ac076b20 0x7fd8ac1053d0 unknown :-1 s=NONE pgs=0 cs=0 l=0 rev1=0 crypto rx=0 tx=0 comp rx=0 tx=0).connect
2024-03-22T06:51:09.124 INFO:teuthology.orchestra.run.smithi019.stdout:/usr/bin/ceph: stderr
2024-03-22T06:51:07.332+0000 7fd8b256a700 1 -- --> [v2:172.21.15.19:3300/0,v1:172.21.15.19:6789/0] -- mon_getmap magic: 0 v1 -- 0x7fd8ac105910 con 0x7fd8ac076b20
2024-03-22T06:51:09.124 INFO:teuthology.orchestra.run.smithi019.stdout:/usr/bin/ceph: stderr
2024-03-22T06:51:07.333+0000 7fd8abfff700 1 --2- >> [v2:172.21.15.19:3300/0,v1:172.21.15.19:6789/0] conn(0x7fd8ac076b20 0x7fd8ac1053d0 unknown :-1 s=BANNER_CONNECTING pgs=0 cs=0 l=0 rev1=0 crypto rx=0 tx=0 comp rx=0 tx=0)._handle_peer_banner_payload supported=3 required=0
2024-03-22T06:51:09.124 INFO:teuthology.orchestra.run.smithi019.stdout:/usr/bin/ceph: stderr
2024-03-22T06:51:07.333+0000 7fd8abfff700 1 --2- >> [v2:172.21.15.19:3300/0,v1:172.21.15.19:6789/0] conn(0x7fd8ac076b20 0x7fd8ac1053d0 unknown :-1 s=HELLO_CONNECTING pgs=0 cs=0 l=0 rev1=1 crypto rx=0 tx=0 comp rx=0 tx=0).handle_hello peer v2:172.21.15.19:3300/0 says I am v2:172.21.15.19:38986/0 (socket says 172.21.15.19:38986)
2024-03-22T06:51:09.124 INFO:teuthology.orchestra.run.smithi019.stdout:/usr/bin/ceph: stderr
2024-03-22T06:51:07.333+0000 7fd8abfff700 1 -- 172.21.15.19:0/1887547603 learned_addr learned my addr 172.21.15.19:0/1887547603 (peer_addr_for_me v2:172.21.15.19:0/0)
2024-03-22T06:51:09.124 INFO:teuthology.orchestra.run.smithi019.stdout:/usr/bin/ceph: stderr
2024-03-22T06:51:07.333+0000 7fd8abfff700 1 -- 172.21.15.19:0/1887547603 --> [v2:172.21.15.19:3300/0,v1:172.21.15.19:6789/0] -- mon_subscribe({config=0+,monmap=0+}) v3 -- 0x7fd8ac105a50 con 0x7fd8ac076b20
2024-03-22T06:51:09.124 INFO:teuthology.orchestra.run.smithi019.stdout:/usr/bin/ceph: stderr
2024-03-22T06:51:07.333+0000 7fd8abfff700 1 --2- 172.21.15.19:0/1887547603 >> [v2:172.21.15.19:3300/0,v1:172.21.15.19:6789/0] conn(0x7fd8ac076b20 0x7fd8ac1053d0 secure :-1 s=READY pgs=20 cs=0 l=1 rev1=1 crypto rx=0x7fd89c0098e0 tx=0x7fd89c009250 comp rx=0 tx=0).ready entity=mon.0 client_cookie=f34abbdd91c302c server_cookie=0 in_seq=0 out_seq=0
2024-03-22T06:51:09.125 INFO:teuthology.orchestra.run.smithi019.stdout:/usr/bin/ceph: stderr
2024-03-22T06:51:07.333+0000 7fd8aaffd700 1 -- 172.21.15.19:0/1887547603 <== mon.0 v2:172.21.15.19:3300/0 1 ==== mon_map magic: 0 v1 ==== 229+0+0 (secure 0 0 0) 0x7fd89c00b860 con 0x7fd8ac076b20
2024-03-22T06:51:09.125 INFO:teuthology.orchestra.run.smithi019.stdout:/usr/bin/ceph: stderr
2024-03-22T06:51:07.333+0000 7fd8aaffd700 1 -- 172.21.15.19:0/1887547603 <== mon.0 v2:172.21.15.19:3300/0 2 ==== config(27 keys) v1 ==== 1044+0+0 (secure 0 0 0) 0x7fd89c00be50 con 0x7fd8ac076b20
2024-03-22T06:51:09.125 INFO:teuthology.orchestra.run.smithi019.stdout:/usr/bin/ceph: stderr
2024-03-22T06:51:07.333+0000 7fd8aaffd700 1 -- 172.21.15.19:0/1887547603 <== mon.0 v2:172.21.15.19:3300/0 3 ==== mon_map magic: 0 v1 ==== 229+0+0 (secure 0 0 0) 0x7fd89c010380 con 0x7fd8ac076b20
2024-03-22T06:51:09.125 INFO:teuthology.orchestra.run.smithi019.stdout:/usr/bin/ceph: stderr
2024-03-22T06:51:07.334+0000 7fd8b256a700 1 -- 172.21.15.19:0/1887547603 >> [v2:172.21.15.19:3300/0,v1:172.21.15.19:6789/0] conn(0x7fd8ac076b20 msgr2=0x7fd8ac1053d0 secure :-1 s=STATE_CONNECTION_ESTABLISHED l=1).mark_down
2024-03-22T06:51:09.125 INFO:teuthology.orchestra.run.smithi019.stdout:/usr/bin/ceph: stderr
2024-03-22T06:51:07.334+0000 7fd8b256a700 1 --2- 172.21.15.19:0/1887547603 >> [v2:172.21.15.19:3300/0,v1:172.21.15.19:6789/0] conn(0x7fd8ac076b20 0x7fd8ac1053d0 secure :-1 s=READY pgs=20 cs=0 l=1 rev1=1 crypto rx=0x7fd89c0098e0 tx=0x7fd89c009250 comp rx=0 tx=0).stop
2024-03-22T06:51:09.125 INFO:teuthology.orchestra.run.smithi019.stdout:/usr/bin/ceph: stderr
2024-03-22T06:51:07.334+0000 7fd8b256a700 1 -- 172.21.15.19:0/1887547603 shutdown_connections
2024-03-22T06:51:09.125 INFO:teuthology.orchestra.run.smithi019.stdout:/usr/bin/ceph: stderr
2024-03-22T06:51:07.334+0000 7fd8b256a700 1 --2- 172.21.15.19:0/1887547603 >> [v2:172.21.15.19:3300/0,v1:172.21.15.19:6789/0] conn(0x7fd8ac076b20 0x7fd8ac1053d0 unknown :-1 s=CLOSED pgs=20 cs=0 l=1 rev1=1 crypto rx=0 tx=0 comp rx=0 tx=0).stop
2024-03-22T06:51:09.125 INFO:teuthology.orchestra.run.smithi019.stdout:/usr/bin/ceph: stderr
2024-03-22T06:51:07.334+0000 7fd8b256a700 1 -- 172.21.15.19:0/1887547603 >> 172.21.15.19:0/1887547603 conn(0x7fd8ac0fcdc0 msgr2=0x7fd8ac0ff1d0 unknown :-1 s=STATE_NONE l=0).mark_down
2024-03-22T06:51:09.125 INFO:teuthology.orchestra.run.smithi019.stdout:/usr/bin/ceph: stderr
2024-03-22T06:51:07.334+0000 7fd8b256a700 1 -- 172.21.15.19:0/1887547603 shutdown_connections
2024-03-22T06:51:09.125 INFO:teuthology.orchestra.run.smithi019.stdout:/usr/bin/ceph: stderr
2024-03-22T06:51:07.334+0000 7fd8b256a700 1 -- 172.21.15.19:0/1887547603 wait complete.
2024-03-22T06:51:09.126 INFO:teuthology.orchestra.run.smithi019.stdout:/usr/bin/ceph: stderr
2024-03-22T06:51:07.334+0000 7fd8b256a700 1 Processor -- start
2024-03-22T06:51:09.126 INFO:teuthology.orchestra.run.smithi019.stdout:/usr/bin/ceph: stderr
2024-03-22T06:51:07.335+0000 7fd8b256a700 1 -- start start
2024-03-22T06:51:09.126 INFO:teuthology.orchestra.run.smithi019.stdout:/usr/bin/ceph: stderr
2024-03-22T06:51:07.335+0000 7fd8b256a700 1 --2- >> [v2:172.21.15.19:3300/0,v1:172.21.15.19:6789/0] conn(0x7fd8ac076b20 0x7fd8ac111560 unknown :-1 s=NONE pgs=0 cs=0 l=1 rev1=0 crypto rx=0 tx=0 comp rx=0 tx=0).connect
2024-03-22T06:51:09.126 INFO:teuthology.orchestra.run.smithi019.stdout:/usr/bin/ceph: stderr
2024-03-22T06:51:07.335+0000 7fd8b256a700 1 -- --> [v2:172.21.15.19:3300/0,v1:172.21.15.19:6789/0] -- mon_getmap magic: 0 v1 -- 0x7fd8ac111aa0 con 0x7fd8ac076b20
2024-03-22T06:51:09.126 INFO:teuthology.orchestra.run.smithi019.stdout:/usr/bin/ceph: stderr
2024-03-22T06:51:07.335+0000 7fd8abfff700 1 --2- >> [v2:172.21.15.19:3300/0,v1:172.21.15.19:6789/0] conn(0x7fd8ac076b20 0x7fd8ac111560 unknown :-1 s=BANNER_CONNECTING pgs=0 cs=0 l=1 rev1=0 crypto rx=0 tx=0 comp rx=0 tx=0)._handle_peer_banner_payload supported=3 required=0
2024-03-22T06:51:09.126 INFO:teuthology.orchestra.run.smithi019.stdout:/usr/bin/ceph: stderr
2024-03-22T06:51:07.335+0000 7fd8abfff700 1 --2- >> [v2:172.21.15.19:3300/0,v1:172.21.15.19:6789/0] conn(0x7fd8ac076b20 0x7fd8ac111560 unknown :-1 s=HELLO_CONNECTING pgs=0 cs=0 l=1 rev1=1 crypto rx=0 tx=0 comp rx=0 tx=0).handle_hello peer v2:172.21.15.19:3300/0 says I am v2:172.21.15.19:38988/0 (socket says 172.21.15.19:38988)
2024-03-22T06:51:09.126 INFO:teuthology.orchestra.run.smithi019.stdout:/usr/bin/ceph: stderr
2024-03-22T06:51:07.335+0000 7fd8abfff700 1 -- 172.21.15.19:0/920356471 learned_addr learned my addr 172.21.15.19:0/920356471 (peer_addr_for_me v2:172.21.15.19:0/0)
2024-03-22T06:51:09.126 INFO:teuthology.orchestra.run.smithi019.stdout:/usr/bin/ceph: stderr
2024-03-22T06:51:07.335+0000 7fd8abfff700 1 -- 172.21.15.19:0/920356471 --> [v2:172.21.15.19:3300/0,v1:172.21.15.19:6789/0] -- mon_subscribe({config=0+,monmap=0+}) v3 -- 0x7fd89c0094f0 con 0x7fd8ac076b20
2024-03-22T06:51:09.126 INFO:teuthology.orchestra.run.smithi019.stdout:/usr/bin/ceph: stderr
2024-03-22T06:51:07.335+0000 7fd8abfff700 1 --2- 172.21.15.19:0/920356471 >> [v2:172.21.15.19:3300/0,v1:172.21.15.19:6789/0] conn(0x7fd8ac076b20 0x7fd8ac111560 secure :-1 s=READY pgs=21 cs=0 l=1 rev1=1 crypto rx=0x7fd89c006b00 tx=0x7fd89c009250 comp rx=0 tx=0).ready entity=mon.0 client_cookie=0 server_cookie=0 in_seq=0 out_seq=0
2024-03-22T06:51:09.126 INFO:teuthology.orchestra.run.smithi019.stdout:/usr/bin/ceph: stderr
2024-03-22T06:51:07.335+0000 7fd8a8ff9700 1 -- 172.21.15.19:0/920356471 <== mon.0 v2:172.21.15.19:3300/0 1 ==== mon_map magic: 0 v1 ==== 229+0+0 (secure 0 0 0) 0x7fd89c0107c0 con 0x7fd8ac076b20
2024-03-22T06:51:09.126 INFO:teuthology.orchestra.run.smithi019.stdout:/usr/bin/ceph: stderr
2024-03-22T06:51:07.335+0000 7fd8a8ff9700 1 -- 172.21.15.19:0/920356471 <== mon.0 v2:172.21.15.19:3300/0 2 ==== config(27 keys) v1 ==== 1044+0+0 (secure 0 0 0) 0x7fd89c010db0 con 0x7fd8ac076b20
2024-03-22T06:51:09.126 INFO:teuthology.orchestra.run.smithi019.stdout:/usr/bin/ceph: stderr
2024-03-22T06:51:07.336+0000 7fd8b256a700 1 -- 172.21.15.19:0/920356471 --> [v2:172.21.15.19:3300/0,v1:172.21.15.19:6789/0] -- mon_subscribe({mgrmap=0+}) v3 -- 0x7fd8ac111ca0 con 0x7fd8ac076b20
2024-03-22T06:51:09.126 INFO:teuthology.orchestra.run.smithi019.stdout:/usr/bin/ceph: stderr
2024-03-22T06:51:07.336+0000 7fd8a8ff9700 1 -- 172.21.15.19:0/920356471 <== mon.0 v2:172.21.15.19:3300/0 3 ==== mon_map magic: 0 v1 ==== 229+0+0 (secure 0 0 0) 0x7fd89c01acf0 con 0x7fd8ac076b20
2024-03-22T06:51:09.127 INFO:teuthology.orchestra.run.smithi019.stdout:/usr/bin/ceph: stderr
2024-03-22T06:51:07.336+0000 7fd8b256a700 1 -- 172.21.15.19:0/920356471 --> [v2:172.21.15.19:3300/0,v1:172.21.15.19:6789/0] -- mon_subscribe({osdmap=0}) v3 -- 0x7fd8ac112810 con 0x7fd8ac076b20
2024-03-22T06:51:09.127 INFO:teuthology.orchestra.run.smithi019.stdout:/usr/bin/ceph: stderr
2024-03-22T06:51:07.336+0000 7fd8a8ff9700 1 -- 172.21.15.19:0/920356471 <== mon.0 v2:172.21.15.19:3300/0 4 ==== mgrmap(e 4) v1 ==== 43357+0+0 (secure 0 0 0) 0x7fd89c0193c0 con 0x7fd8ac076b20
2024-03-22T06:51:09.127 INFO:teuthology.orchestra.run.smithi019.stdout:/usr/bin/ceph: stderr
2024-03-22T06:51:07.336+0000 7fd8b256a700 1 -- 172.21.15.19:0/920356471 --> [v2:172.21.15.19:3300/0,v1:172.21.15.19:6789/0] -- mon_command({"prefix": "get_command_descriptions"} v 0) v1 -- 0x7fd8ac05f5f0 con 0x7fd8ac076b20
2024-03-22T06:51:09.127 INFO:teuthology.orchestra.run.smithi019.stdout:/usr/bin/ceph: stderr
2024-03-22T06:51:07.337+0000 7fd8a8ff9700 1 --2- 172.21.15.19:0/920356471 >> [v2:172.21.15.19:6800/993461190,v1:172.21.15.19:6801/993461190] conn(0x7fd894036790 0x7fd894038c40 unknown :-1 s=NONE pgs=0 cs=0 l=1 rev1=0 crypto rx=0 tx=0 comp rx=0 tx=0).connect
2024-03-22T06:51:09.127 INFO:teuthology.orchestra.run.smithi019.stdout:/usr/bin/ceph: stderr
2024-03-22T06:51:07.337+0000 7fd8a8ff9700 1 -- 172.21.15.19:0/920356471 <== mon.0 v2:172.21.15.19:3300/0 5 ==== osd_map(1..1 src has 1..1) v4 ==== 721+0+0 (secure 0 0 0) 0x7fd89c04a5f0 con 0x7fd8ac076b20
2024-03-22T06:51:09.127 INFO:teuthology.orchestra.run.smithi019.stdout:/usr/bin/ceph: stderr
2024-03-22T06:51:07.337+0000 7fd8ab7fe700 1 --2- 172.21.15.19:0/920356471 >> [v2:172.21.15.19:6800/993461190,v1:172.21.15.19:6801/993461190] conn(0x7fd894036790 0x7fd894038c40 unknown :-1 s=BANNER_CONNECTING pgs=0 cs=0 l=1 rev1=0 crypto rx=0 tx=0 comp rx=0 tx=0)._handle_peer_banner_payload supported=3 required=0
2024-03-22T06:51:09.127 INFO:teuthology.orchestra.run.smithi019.stdout:/usr/bin/ceph: stderr
2024-03-22T06:51:07.337+0000 7fd8ab7fe700 1 --2- 172.21.15.19:0/920356471 >> [v2:172.21.15.19:6800/993461190,v1:172.21.15.19:6801/993461190] conn(0x7fd894036790 0x7fd894038c40 secure :-1 s=READY pgs=8 cs=0 l=1 rev1=1 crypto rx=0x7fd8a0009990 tx=0x7fd8a0006e40 comp rx=0 tx=0).ready entity=mgr.14100 client_cookie=0 server_cookie=0 in_seq=0 out_seq=0
2024-03-22T06:51:09.127 INFO:teuthology.orchestra.run.smithi019.stdout:/usr/bin/ceph: stderr
2024-03-22T06:51:07.342+0000 7fd8a8ff9700 1 -- 172.21.15.19:0/920356471 <== mon.0 v2:172.21.15.19:3300/0 6 ==== mon_command_ack([{"prefix": "get_command_descriptions"}]=0 v0) v1 ==== 72+0+176504 (secure 0 0 0) 0x7fd89c019670 con 0x7fd8ac076b20
2024-03-22T06:51:09.127 INFO:teuthology.orchestra.run.smithi019.stdout:/usr/bin/ceph: stderr
2024-03-22T06:51:07.591+0000 7fd8b256a700 1 -- 172.21.15.19:0/920356471 --> [v2:172.21.15.19:3300/0,v1:172.21.15.19:6789/0] -- mon_command({"prefix": "mgr module enable", "module": "cephadm"} v 0) v1 -- 0x7fd8ac04bed0 con 0x7fd8ac076b20
2024-03-22T06:51:09.127 INFO:teuthology.orchestra.run.smithi019.stdout:/usr/bin/ceph: stderr
2024-03-22T06:51:08.548+0000 7fd8a8ff9700 1 -- 172.21.15.19:0/920356471 <== mon.0 v2:172.21.15.19:3300/0 7 ==== mgrmap(e 5) v1 ==== 43368+0+0 (secure 0 0 0) 0x7fd89c02c3a0 con 0x7fd8ac076b20
2024-03-22T06:51:09.127 INFO:teuthology.orchestra.run.smithi019.stdout:/usr/bin/ceph: stderr
2024-03-22T06:51:08.550+0000 7fd8a8ff9700 1 -- 172.21.15.19:0/920356471 <== mon.0 v2:172.21.15.19:3300/0 8 ==== mon_command_ack([{"prefix": "mgr module enable", "module": "cephadm"}]=0 v5) v1 ==== 86+0+0 (secure 0 0 0) 0x7fd89c022340 con 0x7fd8ac076b20
2024-03-22T06:51:09.127 INFO:teuthology.orchestra.run.smithi019.stdout:/usr/bin/ceph: stderr
2024-03-22T06:51:08.552+0000 7fd8b256a700 1 -- 172.21.15.19:0/920356471 >> [v2:172.21.15.19:6800/993461190,v1:172.21.15.19:6801/993461190] conn(0x7fd894036790 msgr2=0x7fd894038c40 secure :-1 s=STATE_CONNECTION_ESTABLISHED l=1).mark_down
2024-03-22T06:51:09.127 INFO:teuthology.orchestra.run.smithi019.stdout:/usr/bin/ceph: stderr
2024-03-22T06:51:08.552+0000 7fd8b256a700 1 --2- 172.21.15.19:0/920356471 >> [v2:172.21.15.19:6800/993461190,v1:172.21.15.19:6801/993461190] conn(0x7fd894036790 0x7fd894038c40 secure :-1 s=READY pgs=8 cs=0 l=1 rev1=1 crypto rx=0x7fd8a0009990 tx=0x7fd8a0006e40 comp rx=0 tx=0).stop
2024-03-22T06:51:09.128 INFO:teuthology.orchestra.run.smithi019.stdout:/usr/bin/ceph: stderr
2024-03-22T06:51:08.552+0000 7fd8b256a700 1 -- 172.21.15.19:0/920356471 >> [v2:172.21.15.19:3300/0,v1:172.21.15.19:6789/0] conn(0x7fd8ac076b20 msgr2=0x7fd8ac111560 secure :-1 s=STATE_CONNECTION_ESTABLISHED l=1).mark_down
2024-03-22T06:51:09.128 INFO:teuthology.orchestra.run.smithi019.stdout:/usr/bin/ceph: stderr
2024-03-22T06:51:08.552+0000 7fd8b256a700 1 --2- 172.21.15.19:0/920356471 >> [v2:172.21.15.19:3300/0,v1:172.21.15.19:6789/0] conn(0x7fd8ac076b20 0x7fd8ac111560 secure :-1 s=READY pgs=21 cs=0 l=1 rev1=1 crypto rx=0x7fd89c006b00 tx=0x7fd89c009250 comp rx=0 tx=0).stop
2024-03-22T06:51:09.128 INFO:teuthology.orchestra.run.smithi019.stdout:/usr/bin/ceph: stderr
2024-03-22T06:51:08.552+0000 7fd8b256a700 1 -- 172.21.15.19:0/920356471 shutdown_connections
2024-03-22T06:51:09.128 INFO:teuthology.orchestra.run.smithi019.stdout:/usr/bin/ceph: stderr
2024-03-22T06:51:08.552+0000 7fd8b256a700 1 --2- 172.21.15.19:0/920356471 >> [v2:172.21.15.19:6800/993461190,v1:172.21.15.19:6801/993461190] conn(0x7fd894036790 0x7fd894038c40 unknown :-1 s=CLOSED pgs=8 cs=0 l=1 rev1=1 crypto rx=0 tx=0 comp rx=0 tx=0).stop
2024-03-22T06:51:09.128 INFO:teuthology.orchestra.run.smithi019.stdout:/usr/bin/ceph: stderr
2024-03-22T06:51:08.552+0000 7fd8b256a700 1 --2- 172.21.15.19:0/920356471 >> [v2:172.21.15.19:3300/0,v1:172.21.15.19:6789/0] conn(0x7fd8ac076b20 0x7fd8ac111560 unknown :-1 s=CLOSED pgs=21 cs=0 l=1 rev1=1 crypto rx=0 tx=0 comp rx=0 tx=0).stop
2024-03-22T06:51:09.128 INFO:teuthology.orchestra.run.smithi019.stdout:/usr/bin/ceph: stderr
2024-03-22T06:51:08.552+0000 7fd8b256a700 1 -- 172.21.15.19:0/920356471 >> 172.21.15.19:0/920356471 conn(0x7fd8ac0fcdc0 msgr2=0x7fd8ac0fd950 unknown :-1 s=STATE_NONE l=0).mark_down
2024-03-22T06:51:09.128 INFO:teuthology.orchestra.run.smithi019.stdout:/usr/bin/ceph: stderr
2024-03-22T06:51:08.553+0000 7fd8b256a700 1 -- 172.21.15.19:0/920356471 shutdown_connections
2024-03-22T06:51:09.128 INFO:teuthology.orchestra.run.smithi019.stdout:/usr/bin/ceph: stderr
2024-03-22T06:51:08.553+0000 7fd8b256a700 1 -- 172.21.15.19:0/920356471 wait complete.
2024-03-22T06:51:09.643 INFO:journalctl@ceph.mon.smithi019.smithi019.stdout:Mar 22 06:51:09 smithi019 ceph-mon[29264]: from='client.? 172.21.15.19:0/920356471' entity='client.admin' cmd='[{"prefix": "mgr module enable", "module": "cephadm"}]': finished
2024-03-22T06:51:09.643 INFO:journalctl@ceph.mon.smithi019.smithi019.stdout:Mar 22 06:51:09 smithi019 ceph-mon[29264]: mgrmap e5: smithi019.sdcgif(active, since 5s)
2024-03-22T06:51:10.439 INFO:teuthology.orchestra.run.smithi019.stdout:/usr/bin/ceph: stdout {
2024-03-22T06:51:10.439 INFO:teuthology.orchestra.run.smithi019.stdout:/usr/bin/ceph: stdout "epoch": 5,
2024-03-22T06:51:10.439 INFO:teuthology.orchestra.run.smithi019.stdout:/usr/bin/ceph: stdout "available": true,
2024-03-22T06:51:10.439 INFO:teuthology.orchestra.run.smithi019.stdout:/usr/bin/ceph: stdout "active_name": "smithi019.sdcgif",
2024-03-22T06:51:10.439 INFO:teuthology.orchestra.run.smithi019.stdout:/usr/bin/ceph: stdout "num_standby": 0
2024-03-22T06:51:10.439 INFO:teuthology.orchestra.run.smithi019.stdout:/usr/bin/ceph: stdout }
2024-03-22T06:51:10.439 INFO:teuthology.orchestra.run.smithi019.stdout:/usr/bin/ceph: stderr
2024-03-22T06:51:09.547+0000 7f7c0f108700 1 Processor -- start
2024-03-22T06:51:10.439 INFO:teuthology.orchestra.run.smithi019.stdout:/usr/bin/ceph: stderr
2024-03-22T06:51:09.547+0000 7f7c0f108700 1 -- start start
2024-03-22T06:51:10.440 INFO:teuthology.orchestra.run.smithi019.stdout:/usr/bin/ceph: stderr
2024-03-22T06:51:09.547+0000 7f7c0f108700 1 --2- >> [v2:172.21.15.19:3300/0,v1:172.21.15.19:6789/0] conn(0x7f7c08100ac0 0x7f7c08100ed0 unknown :-1 s=NONE pgs=0 cs=0 l=0 rev1=0 crypto rx=0 tx=0 comp rx=0 tx=0).connect
2024-03-22T06:51:10.440 INFO:teuthology.orchestra.run.smithi019.stdout:/usr/bin/ceph: stderr
2024-03-22T06:51:09.547+0000 7f7c0f108700 1 -- --> [v2:172.21.15.19:3300/0,v1:172.21.15.19:6789/0] -- mon_getmap magic: 0 v1 -- 0x7f7c08101410 con 0x7f7c08100ac0
2024-03-22T06:51:10.440 INFO:teuthology.orchestra.run.smithi019.stdout:/usr/bin/ceph: stderr
2024-03-22T06:51:09.548+0000 7f7c0cea4700 1 --2- >> [v2:172.21.15.19:3300/0,v1:172.21.15.19:6789/0] conn(0x7f7c08100ac0 0x7f7c08100ed0 unknown :-1 s=BANNER_CONNECTING pgs=0 cs=0 l=0 rev1=0 crypto rx=0 tx=0 comp rx=0 tx=0)._handle_peer_banner_payload supported=3 required=0
2024-03-22T06:51:10.440 INFO:teuthology.orchestra.run.smithi019.stdout:/usr/bin/ceph: stderr
2024-03-22T06:51:09.548+0000 7f7c0cea4700 1 --2- >> [v2:172.21.15.19:3300/0,v1:172.21.15.19:6789/0] conn(0x7f7c08100ac0 0x7f7c08100ed0 unknown :-1 s=HELLO_CONNECTING pgs=0 cs=0 l=0 rev1=1 crypto rx=0 tx=0 comp rx=0 tx=0).handle_hello peer v2:172.21.15.19:3300/0 says I am v2:172.21.15.19:39008/0 (socket says 172.21.15.19:39008)
2024-03-22T06:51:10.440 INFO:teuthology.orchestra.run.smithi019.stdout:/usr/bin/ceph: stderr
2024-03-22T06:51:09.548+0000 7f7c0cea4700 1 -- 172.21.15.19:0/3073984906 learned_addr learned my addr 172.21.15.19:0/3073984906 (peer_addr_for_me v2:172.21.15.19:0/0)
2024-03-22T06:51:10.440 INFO:teuthology.orchestra.run.smithi019.stdout:/usr/bin/ceph: stderr
2024-03-22T06:51:09.548+0000 7f7c0cea4700 1 -- 172.21.15.19:0/3073984906 --> [v2:172.21.15.19:3300/0,v1:172.21.15.19:6789/0] -- mon_subscribe({config=0+,monmap=0+}) v3 -- 0x7f7c08101550 con 0x7f7c08100ac0
2024-03-22T06:51:10.440 INFO:teuthology.orchestra.run.smithi019.stdout:/usr/bin/ceph: stderr
2024-03-22T06:51:09.548+0000 7f7c0cea4700 1 --2- 172.21.15.19:0/3073984906 >> [v2:172.21.15.19:3300/0,v1:172.21.15.19:6789/0] conn(0x7f7c08100ac0 0x7f7c08100ed0 secure :-1 s=READY pgs=24 cs=0 l=1 rev1=1 crypto rx=0x7f7bfc0098e0 tx=0x7f7bfc009250 comp rx=0 tx=0).ready entity=mon.0 client_cookie=721b7480088eea4a server_cookie=0 in_seq=0 out_seq=0
2024-03-22T06:51:10.440 INFO:teuthology.orchestra.run.smithi019.stdout:/usr/bin/ceph: stderr
2024-03-22T06:51:09.549+0000 7f7c077fe700 1 -- 172.21.15.19:0/3073984906 <== mon.0 v2:172.21.15.19:3300/0 1 ==== mon_map magic: 0 v1 ==== 229+0+0 (secure 0 0 0) 0x7f7bfc00b860 con 0x7f7c08100ac0
2024-03-22T06:51:10.440 INFO:teuthology.orchestra.run.smithi019.stdout:/usr/bin/ceph: stderr
2024-03-22T06:51:09.549+0000 7f7c077fe700 1 -- 172.21.15.19:0/3073984906 <== mon.0 v2:172.21.15.19:3300/0 2 ==== config(27 keys) v1 ==== 1044+0+0 (secure 0 0 0) 0x7f7bfc00be50 con 0x7f7c08100ac0
2024-03-22T06:51:10.440 INFO:teuthology.orchestra.run.smithi019.stdout:/usr/bin/ceph: stderr
2024-03-22T06:51:09.549+0000 7f7c077fe700 1 -- 172.21.15.19:0/3073984906 <== mon.0 v2:172.21.15.19:3300/0 3 ==== mon_map magic: 0 v1 ==== 229+0+0 (secure 0 0 0) 0x7f7bfc010380 con 0x7f7c08100ac0
2024-03-22T06:51:10.440 INFO:teuthology.orchestra.run.smithi019.stdout:/usr/bin/ceph: stderr
2024-03-22T06:51:09.550+0000 7f7c0f108700 1 -- 172.21.15.19:0/3073984906 >> [v2:172.21.15.19:3300/0,v1:172.21.15.19:6789/0] conn(0x7f7c08100ac0 msgr2=0x7f7c08100ed0 secure :-1 s=STATE_CONNECTION_ESTABLISHED l=1).mark_down
2024-03-22T06:51:10.440 INFO:teuthology.orchestra.run.smithi019.stdout:/usr/bin/ceph: stderr
2024-03-22T06:51:09.550+0000 7f7c0f108700 1 --2- 172.21.15.19:0/3073984906 >> [v2:172.21.15.19:3300/0,v1:172.21.15.19:6789/0] conn(0x7f7c08100ac0 0x7f7c08100ed0 secure :-1 s=READY pgs=24 cs=0 l=1 rev1=1 crypto rx=0x7f7bfc0098e0 tx=0x7f7bfc009250 comp rx=0 tx=0).stop
2024-03-22T06:51:10.440 INFO:teuthology.orchestra.run.smithi019.stdout:/usr/bin/ceph: stderr
2024-03-22T06:51:09.550+0000 7f7c0f108700 1 -- 172.21.15.19:0/3073984906 shutdown_connections
2024-03-22T06:51:10.440 INFO:teuthology.orchestra.run.smithi019.stdout:/usr/bin/ceph: stderr
2024-03-22T06:51:09.550+0000 7f7c0f108700 1 --2- 172.21.15.19:0/3073984906 >> [v2:172.21.15.19:3300/0,v1:172.21.15.19:6789/0] conn(0x7f7c08100ac0 0x7f7c08100ed0 unknown :-1 s=CLOSED pgs=24 cs=0 l=1 rev1=1 crypto rx=0 tx=0 comp rx=0 tx=0).stop
2024-03-22T06:51:10.441 INFO:teuthology.orchestra.run.smithi019.stdout:/usr/bin/ceph: stderr
2024-03-22T06:51:09.550+0000 7f7c0f108700 1 -- 172.21.15.19:0/3073984906 >> 172.21.15.19:0/3073984906 conn(0x7f7c080fc500 msgr2=0x7f7c080fe910 unknown :-1 s=STATE_NONE l=0).mark_down
2024-03-22T06:51:10.441 INFO:teuthology.orchestra.run.smithi019.stdout:/usr/bin/ceph: stderr
2024-03-22T06:51:09.550+0000 7f7c0f108700 1 -- 172.21.15.19:0/3073984906 shutdown_connections
2024-03-22T06:51:10.441 INFO:teuthology.orchestra.run.smithi019.stdout:/usr/bin/ceph: stderr
2024-03-22T06:51:09.550+0000 7f7c0f108700 1 -- 172.21.15.19:0/3073984906 wait complete.
2024-03-22T06:51:10.441 INFO:teuthology.orchestra.run.smithi019.stdout:/usr/bin/ceph: stderr
2024-03-22T06:51:09.551+0000 7f7c0f108700 1 Processor -- start
2024-03-22T06:51:10.441 INFO:teuthology.orchestra.run.smithi019.stdout:/usr/bin/ceph: stderr
2024-03-22T06:51:09.551+0000 7f7c0f108700 1 -- start start
2024-03-22T06:51:10.441 INFO:teuthology.orchestra.run.smithi019.stdout:/usr/bin/ceph: stderr
2024-03-22T06:51:09.551+0000 7f7c0f108700 1 --2- >> [v2:172.21.15.19:3300/0,v1:172.21.15.19:6789/0] conn(0x7f7c08100ac0 0x7f7c08113970 unknown :-1 s=NONE pgs=0 cs=0 l=1 rev1=0 crypto rx=0 tx=0 comp rx=0 tx=0).connect
2024-03-22T06:51:10.441 INFO:teuthology.orchestra.run.smithi019.stdout:/usr/bin/ceph: stderr
2024-03-22T06:51:09.551+0000 7f7c0f108700 1 -- --> [v2:172.21.15.19:3300/0,v1:172.21.15.19:6789/0] -- mon_getmap magic: 0 v1 -- 0x7f7c08113eb0 con 0x7f7c08100ac0
2024-03-22T06:51:10.441 INFO:teuthology.orchestra.run.smithi019.stdout:/usr/bin/ceph: stderr
2024-03-22T06:51:09.551+0000 7f7c0cea4700 1 --2- >> [v2:172.21.15.19:3300/0,v1:172.21.15.19:6789/0] conn(0x7f7c08100ac0 0x7f7c08113970 unknown :-1 s=BANNER_CONNECTING pgs=0 cs=0 l=1 rev1=0 crypto rx=0 tx=0 comp rx=0 tx=0)._handle_peer_banner_payload supported=3 required=0
2024-03-22T06:51:10.441 INFO:teuthology.orchestra.run.smithi019.stdout:/usr/bin/ceph: stderr
2024-03-22T06:51:09.551+0000 7f7c0cea4700 1 --2- >> [v2:172.21.15.19:3300/0,v1:172.21.15.19:6789/0] conn(0x7f7c08100ac0 0x7f7c08113970 unknown :-1 s=HELLO_CONNECTING pgs=0 cs=0 l=1 rev1=1 crypto rx=0 tx=0 comp rx=0 tx=0).handle_hello peer v2:172.21.15.19:3300/0 says I am v2:172.21.15.19:39020/0 (socket says 172.21.15.19:39020)
2024-03-22T06:51:10.442 INFO:teuthology.orchestra.run.smithi019.stdout:/usr/bin/ceph: stderr
2024-03-22T06:51:09.551+0000 7f7c0cea4700 1 -- 172.21.15.19:0/3474682179 learned_addr learned my addr 172.21.15.19:0/3474682179 (peer_addr_for_me v2:172.21.15.19:0/0)
2024-03-22T06:51:10.442 INFO:teuthology.orchestra.run.smithi019.stdout:/usr/bin/ceph: stderr
2024-03-22T06:51:09.551+0000 7f7c0cea4700 1 -- 172.21.15.19:0/3474682179 --> [v2:172.21.15.19:3300/0,v1:172.21.15.19:6789/0] -- mon_subscribe({config=0+,monmap=0+}) v3 -- 0x7f7bfc0094f0 con 0x7f7c08100ac0
2024-03-22T06:51:10.442 INFO:teuthology.orchestra.run.smithi019.stdout:/usr/bin/ceph: stderr
2024-03-22T06:51:09.551+0000 7f7c0cea4700 1 --2- 172.21.15.19:0/3474682179 >> [v2:172.21.15.19:3300/0,v1:172.21.15.19:6789/0] conn(0x7f7c08100ac0 0x7f7c08113970 secure :-1 s=READY pgs=25 cs=0 l=1 rev1=1 crypto rx=0x7f7bfc00b440 tx=0x7f7bfc009250 comp rx=0 tx=0).ready entity=mon.0 client_cookie=0 server_cookie=0 in_seq=0 out_seq=0
2024-03-22T06:51:10.442 INFO:teuthology.orchestra.run.smithi019.stdout:/usr/bin/ceph: stderr
