2024-03-22T06:51:50.501+0000 7f087d9cf700 1 --2- >> [v2:172.21.15.19:3300/0,v1:172.21.15.19:6789/0] conn(0x7f0878102720 0x7f0878078bd0 unknown :-1 s=HELLO_CONNECTING pgs=0 cs=0 l=1 rev1=1 crypto rx=0 tx=0 comp rx=0 tx=0).handle_hello peer v2:172.21.15.19:3300/0 says I am v2:172.21.15.19:35316/0 (socket says 172.21.15.19:35316)
2024-03-22T06:51:52.105 INFO:teuthology.orchestra.run.smithi019.stdout:/usr/bin/ceph: stderr
2024-03-22T06:51:50.501+0000 7f087d9cf700 1 -- 172.21.15.19:0/4057081463 learned_addr learned my addr 172.21.15.19:0/4057081463 (peer_addr_for_me v2:172.21.15.19:0/0)
2024-03-22T06:51:52.105 INFO:teuthology.orchestra.run.smithi019.stdout:/usr/bin/ceph: stderr
2024-03-22T06:51:50.501+0000 7f087d9cf700 1 -- 172.21.15.19:0/4057081463 --> [v2:172.21.15.19:3300/0,v1:172.21.15.19:6789/0] -- mon_subscribe({config=0+,monmap=0+}) v3 -- 0x7f08740094f0 con 0x7f0878102720
2024-03-22T06:51:52.105 INFO:teuthology.orchestra.run.smithi019.stdout:/usr/bin/ceph: stderr
2024-03-22T06:51:50.501+0000 7f087d9cf700 1 --2- 172.21.15.19:0/4057081463 >> [v2:172.21.15.19:3300/0,v1:172.21.15.19:6789/0] conn(0x7f0878102720 0x7f0878078bd0 secure :-1 s=READY pgs=81 cs=0 l=1 rev1=1 crypto rx=0x7f0874011680 tx=0x7f0874009250 comp rx=0 tx=0).ready entity=mon.0 client_cookie=0 server_cookie=0 in_seq=0 out_seq=0
2024-03-22T06:51:52.105 INFO:teuthology.orchestra.run.smithi019.stdout:/usr/bin/ceph: stderr
2024-03-22T06:51:50.501+0000 7f086e7fc700 1 -- 172.21.15.19:0/4057081463 <== mon.0 v2:172.21.15.19:3300/0 1 ==== mon_map magic: 0 v1 ==== 229+0+0 (secure 0 0 0) 0x7f0874010890 con 0x7f0878102720
2024-03-22T06:51:52.105 INFO:teuthology.orchestra.run.smithi019.stdout:/usr/bin/ceph: stderr
2024-03-22T06:51:50.501+0000 7f086e7fc700 1 -- 172.21.15.19:0/4057081463 <== mon.0 v2:172.21.15.19:3300/0 2 ==== config(27 keys) v1 ==== 1109+0+0 (secure 0 0 0) 0x7f0874010ec0 con 0x7f0878102720
2024-03-22T06:51:52.105 INFO:teuthology.orchestra.run.smithi019.stdout:/usr/bin/ceph: stderr
2024-03-22T06:51:50.501+0000 7f087fc33700 1 -- 172.21.15.19:0/4057081463 --> [v2:172.21.15.19:3300/0,v1:172.21.15.19:6789/0] -- mon_subscribe({mgrmap=0+}) v3 -- 0x7f0878077180 con 0x7f0878102720
2024-03-22T06:51:52.105 INFO:teuthology.orchestra.run.smithi019.stdout:/usr/bin/ceph: stderr
2024-03-22T06:51:50.501+0000 7f086e7fc700 1 -- 172.21.15.19:0/4057081463 <== mon.0 v2:172.21.15.19:3300/0 3 ==== mon_map magic: 0 v1 ==== 229+0+0 (secure 0 0 0) 0x7f08740243f0 con 0x7f0878102720
2024-03-22T06:51:52.105 INFO:teuthology.orchestra.run.smithi019.stdout:/usr/bin/ceph: stderr
2024-03-22T06:51:50.501+0000 7f087fc33700 1 -- 172.21.15.19:0/4057081463 --> [v2:172.21.15.19:3300/0,v1:172.21.15.19:6789/0] -- mon_subscribe({osdmap=0}) v3 -- 0x7f0878077670 con 0x7f0878102720
2024-03-22T06:51:52.105 INFO:teuthology.orchestra.run.smithi019.stdout:/usr/bin/ceph: stderr
2024-03-22T06:51:50.502+0000 7f086e7fc700 1 -- 172.21.15.19:0/4057081463 <== mon.0 v2:172.21.15.19:3300/0 4 ==== mgrmap(e 12) v1 ==== 43381+0+0 (secure 0 0 0) 0x7f08740109f0 con 0x7f0878102720
2024-03-22T06:51:52.106 INFO:teuthology.orchestra.run.smithi019.stdout:/usr/bin/ceph: stderr
2024-03-22T06:51:50.502+0000 7f086e7fc700 1 --2- 172.21.15.19:0/4057081463 >> [v2:172.21.15.19:6800/3212051265,v1:172.21.15.19:6801/3212051265] conn(0x7f0864036830 0x7f0864038ce0 unknown :-1 s=NONE pgs=0 cs=0 l=1 rev1=0 crypto rx=0 tx=0 comp rx=0 tx=0).connect
2024-03-22T06:51:52.106 INFO:teuthology.orchestra.run.smithi019.stdout:/usr/bin/ceph: stderr
2024-03-22T06:51:50.502+0000 7f087fc33700 1 -- 172.21.15.19:0/4057081463 --> [v2:172.21.15.19:3300/0,v1:172.21.15.19:6789/0] -- mon_command({"prefix": "get_command_descriptions"} v 0) v1 -- 0x7f087804bed0 con 0x7f0878102720
2024-03-22T06:51:52.106 INFO:teuthology.orchestra.run.smithi019.stdout:/usr/bin/ceph: stderr
2024-03-22T06:51:50.502+0000 7f086e7fc700 1 -- 172.21.15.19:0/4057081463 <== mon.0 v2:172.21.15.19:3300/0 5 ==== osd_map(3..3 src has 1..3) v4 ==== 1151+0+0 (secure 0 0 0) 0x7f087404a3c0 con 0x7f0878102720
2024-03-22T06:51:52.106 INFO:teuthology.orchestra.run.smithi019.stdout:/usr/bin/ceph: stderr
2024-03-22T06:51:50.502+0000 7f087d1ce700 1 --2- 172.21.15.19:0/4057081463 >> [v2:172.21.15.19:6800/3212051265,v1:172.21.15.19:6801/3212051265] conn(0x7f0864036830 0x7f0864038ce0 unknown :-1 s=BANNER_CONNECTING pgs=0 cs=0 l=1 rev1=0 crypto rx=0 tx=0 comp rx=0 tx=0)._handle_peer_banner_payload supported=3 required=0
2024-03-22T06:51:52.106 INFO:teuthology.orchestra.run.smithi019.stdout:/usr/bin/ceph: stderr
2024-03-22T06:51:50.503+0000 7f087d1ce700 1 --2- 172.21.15.19:0/4057081463 >> [v2:172.21.15.19:6800/3212051265,v1:172.21.15.19:6801/3212051265] conn(0x7f0864036830 0x7f0864038ce0 secure :-1 s=READY pgs=8 cs=0 l=1 rev1=1 crypto rx=0x7f0868009990 tx=0x7f0868006e40 comp rx=0 tx=0).ready entity=mgr.14160 client_cookie=0 server_cookie=0 in_seq=0 out_seq=0
2024-03-22T06:51:52.106 INFO:teuthology.orchestra.run.smithi019.stdout:/usr/bin/ceph: stderr
2024-03-22T06:51:50.507+0000 7f086e7fc700 1 -- 172.21.15.19:0/4057081463 <== mon.0 v2:172.21.15.19:3300/0 6 ==== mon_command_ack([{"prefix": "get_command_descriptions"}]=0 v0) v1 ==== 72+0+176504 (secure 0 0 0) 0x7f087402b940 con 0x7f0878102720
2024-03-22T06:51:52.106 INFO:teuthology.orchestra.run.smithi019.stdout:/usr/bin/ceph: stderr
2024-03-22T06:51:50.720+0000 7f087fc33700 1 -- 172.21.15.19:0/4057081463 --> [v2:172.21.15.19:6800/3212051265,v1:172.21.15.19:6801/3212051265] -- mgr_command(tid 0: {"prefix": "dashboard ac-user-create", "username": "admin", "rolename": "administrator", "force_password": true, "pwd_update_required": true, "target": ["mon-mgr", ""]}) v1 -- 0x7f087805f410 con 0x7f0864036830
2024-03-22T06:51:52.106 INFO:teuthology.orchestra.run.smithi019.stdout:/usr/bin/ceph: stderr
2024-03-22T06:51:50.967+0000 7f086e7fc700 1 -- 172.21.15.19:0/4057081463 <== mgr.14160 v2:172.21.15.19:6800/3212051265 1 ==== mgr_command_reply(tid 0: 0 ) v1 ==== 8+0+252 (secure 0 0 0) 0x7f087805f410 con 0x7f0864036830
2024-03-22T06:51:52.106 INFO:teuthology.orchestra.run.smithi019.stdout:/usr/bin/ceph: stderr
2024-03-22T06:51:50.970+0000 7f087fc33700 1 -- 172.21.15.19:0/4057081463 >> [v2:172.21.15.19:6800/3212051265,v1:172.21.15.19:6801/3212051265] conn(0x7f0864036830 msgr2=0x7f0864038ce0 secure :-1 s=STATE_CONNECTION_ESTABLISHED l=1).mark_down
2024-03-22T06:51:52.106 INFO:teuthology.orchestra.run.smithi019.stdout:/usr/bin/ceph: stderr
2024-03-22T06:51:50.970+0000 7f087fc33700 1 --2- 172.21.15.19:0/4057081463 >> [v2:172.21.15.19:6800/3212051265,v1:172.21.15.19:6801/3212051265] conn(0x7f0864036830 0x7f0864038ce0 secure :-1 s=READY pgs=8 cs=0 l=1 rev1=1 crypto rx=0x7f0868009990 tx=0x7f0868006e40 comp rx=0 tx=0).stop
2024-03-22T06:51:52.106 INFO:teuthology.orchestra.run.smithi019.stdout:/usr/bin/ceph: stderr
2024-03-22T06:51:50.970+0000 7f087fc33700 1 -- 172.21.15.19:0/4057081463 >> [v2:172.21.15.19:3300/0,v1:172.21.15.19:6789/0] conn(0x7f0878102720 msgr2=0x7f0878078bd0 secure :-1 s=STATE_CONNECTION_ESTABLISHED l=1).mark_down
2024-03-22T06:51:52.106 INFO:teuthology.orchestra.run.smithi019.stdout:/usr/bin/ceph: stderr
2024-03-22T06:51:50.970+0000 7f087fc33700 1 --2- 172.21.15.19:0/4057081463 >> [v2:172.21.15.19:3300/0,v1:172.21.15.19:6789/0] conn(0x7f0878102720 0x7f0878078bd0 secure :-1 s=READY pgs=81 cs=0 l=1 rev1=1 crypto rx=0x7f0874011680 tx=0x7f0874009250 comp rx=0 tx=0).stop
2024-03-22T06:51:52.106 INFO:teuthology.orchestra.run.smithi019.stdout:/usr/bin/ceph: stderr
2024-03-22T06:51:50.970+0000 7f087fc33700 1 -- 172.21.15.19:0/4057081463 shutdown_connections
2024-03-22T06:51:52.107 INFO:teuthology.orchestra.run.smithi019.stdout:/usr/bin/ceph: stderr
2024-03-22T06:51:50.970+0000 7f087fc33700 1 --2- 172.21.15.19:0/4057081463 >> [v2:172.21.15.19:6800/3212051265,v1:172.21.15.19:6801/3212051265] conn(0x7f0864036830 0x7f0864038ce0 unknown :-1 s=CLOSED pgs=8 cs=0 l=1 rev1=1 crypto rx=0 tx=0 comp rx=0 tx=0).stop
2024-03-22T06:51:52.107 INFO:teuthology.orchestra.run.smithi019.stdout:/usr/bin/ceph: stderr
2024-03-22T06:51:50.970+0000 7f087fc33700 1 --2- 172.21.15.19:0/4057081463 >> [v2:172.21.15.19:3300/0,v1:172.21.15.19:6789/0] conn(0x7f0878102720 0x7f0878078bd0 unknown :-1 s=CLOSED pgs=81 cs=0 l=1 rev1=1 crypto rx=0 tx=0 comp rx=0 tx=0).stop
2024-03-22T06:51:52.107 INFO:teuthology.orchestra.run.smithi019.stdout:/usr/bin/ceph: stderr
2024-03-22T06:51:50.970+0000 7f087fc33700 1 -- 172.21.15.19:0/4057081463 >> 172.21.15.19:0/4057081463 conn(0x7f08780fdee0 msgr2=0x7f08780fea00 unknown :-1 s=STATE_NONE l=0).mark_down
2024-03-22T06:51:52.107 INFO:teuthology.orchestra.run.smithi019.stdout:/usr/bin/ceph: stderr
2024-03-22T06:51:50.970+0000 7f087fc33700 1 -- 172.21.15.19:0/4057081463 shutdown_connections
2024-03-22T06:51:52.107 INFO:teuthology.orchestra.run.smithi019.stdout:/usr/bin/ceph: stderr
2024-03-22T06:51:50.970+0000 7f087fc33700 1 -- 172.21.15.19:0/4057081463 wait complete.
2024-03-22T06:51:52.107 INFO:teuthology.orchestra.run.smithi019.stdout:Fetching dashboard port number...
2024-03-22T06:51:53.696 INFO:teuthology.orchestra.run.smithi019.stdout:/usr/bin/ceph: stdout 8443
2024-03-22T06:51:53.697 INFO:teuthology.orchestra.run.smithi019.stdout:/usr/bin/ceph: stderr
2024-03-22T06:51:52.960+0000 7f3e09f99700 1 Processor -- start
2024-03-22T06:51:53.697 INFO:teuthology.orchestra.run.smithi019.stdout:/usr/bin/ceph: stderr
2024-03-22T06:51:52.961+0000 7f3e09f99700 1 -- start start
2024-03-22T06:51:53.697 INFO:teuthology.orchestra.run.smithi019.stdout:/usr/bin/ceph: stderr
2024-03-22T06:51:52.961+0000 7f3e09f99700 1 --2- >> [v2:172.21.15.19:3300/0,v1:172.21.15.19:6789/0] conn(0x7f3e04102740 0x7f3e04102b50 unknown :-1 s=NONE pgs=0 cs=0 l=0 rev1=0 crypto rx=0 tx=0 comp rx=0 tx=0).connect
2024-03-22T06:51:53.697 INFO:teuthology.orchestra.run.smithi019.stdout:/usr/bin/ceph: stderr
2024-03-22T06:51:52.961+0000 7f3e09f99700 1 -- --> [v2:172.21.15.19:3300/0,v1:172.21.15.19:6789/0] -- mon_getmap magic: 0 v1 -- 0x7f3e04103090 con 0x7f3e04102740
2024-03-22T06:51:53.697 INFO:teuthology.orchestra.run.smithi019.stdout:/usr/bin/ceph: stderr
2024-03-22T06:51:52.961+0000 7f3e037fe700 1 --2- >> [v2:172.21.15.19:3300/0,v1:172.21.15.19:6789/0] conn(0x7f3e04102740 0x7f3e04102b50 unknown :-1 s=BANNER_CONNECTING pgs=0 cs=0 l=0 rev1=0 crypto rx=0 tx=0 comp rx=0 tx=0)._handle_peer_banner_payload supported=3 required=0
2024-03-22T06:51:53.697 INFO:teuthology.orchestra.run.smithi019.stdout:/usr/bin/ceph: stderr
2024-03-22T06:51:52.961+0000 7f3e037fe700 1 --2- >> [v2:172.21.15.19:3300/0,v1:172.21.15.19:6789/0] conn(0x7f3e04102740 0x7f3e04102b50 unknown :-1 s=HELLO_CONNECTING pgs=0 cs=0 l=0 rev1=1 crypto rx=0 tx=0 comp rx=0 tx=0).handle_hello peer v2:172.21.15.19:3300/0 says I am v2:172.21.15.19:35332/0 (socket says 172.21.15.19:35332)
2024-03-22T06:51:53.698 INFO:teuthology.orchestra.run.smithi019.stdout:/usr/bin/ceph: stderr
2024-03-22T06:51:52.961+0000 7f3e037fe700 1 -- 172.21.15.19:0/809627073 learned_addr learned my addr 172.21.15.19:0/809627073 (peer_addr_for_me v2:172.21.15.19:0/0)
2024-03-22T06:51:53.698 INFO:teuthology.orchestra.run.smithi019.stdout:/usr/bin/ceph: stderr
2024-03-22T06:51:52.961+0000 7f3e037fe700 1 -- 172.21.15.19:0/809627073 --> [v2:172.21.15.19:3300/0,v1:172.21.15.19:6789/0] -- mon_subscribe({config=0+,monmap=0+}) v3 -- 0x7f3e041031d0 con 0x7f3e04102740
2024-03-22T06:51:53.698 INFO:teuthology.orchestra.run.smithi019.stdout:/usr/bin/ceph: stderr
2024-03-22T06:51:52.961+0000 7f3e037fe700 1 --2- 172.21.15.19:0/809627073 >> [v2:172.21.15.19:3300/0,v1:172.21.15.19:6789/0] conn(0x7f3e04102740 0x7f3e04102b50 secure :-1 s=READY pgs=82 cs=0 l=1 rev1=1 crypto rx=0x7f3df40098e0 tx=0x7f3df4009250 comp rx=0 tx=0).ready entity=mon.0 client_cookie=dc76cb890481633b server_cookie=0 in_seq=0 out_seq=0
2024-03-22T06:51:53.698 INFO:teuthology.orchestra.run.smithi019.stdout:/usr/bin/ceph: stderr
2024-03-22T06:51:52.961+0000 7f3e027fc700 1 -- 172.21.15.19:0/809627073 <== mon.0 v2:172.21.15.19:3300/0 1 ==== mon_map magic: 0 v1 ==== 229+0+0 (secure 0 0 0) 0x7f3df400b860 con 0x7f3e04102740
2024-03-22T06:51:53.698 INFO:teuthology.orchestra.run.smithi019.stdout:/usr/bin/ceph: stderr
2024-03-22T06:51:52.961+0000 7f3e027fc700 1 -- 172.21.15.19:0/809627073 <== mon.0 v2:172.21.15.19:3300/0 2 ==== config(27 keys) v1 ==== 1109+0+0 (secure 0 0 0) 0x7f3df400be90 con 0x7f3e04102740
2024-03-22T06:51:53.698 INFO:teuthology.orchestra.run.smithi019.stdout:/usr/bin/ceph: stderr
2024-03-22T06:51:52.962+0000 7f3e027fc700 1 -- 172.21.15.19:0/809627073 <== mon.0 v2:172.21.15.19:3300/0 3 ==== mon_map magic: 0 v1 ==== 229+0+0 (secure 0 0 0) 0x7f3df40103c0 con 0x7f3e04102740
2024-03-22T06:51:53.698 INFO:teuthology.orchestra.run.smithi019.stdout:/usr/bin/ceph: stderr
2024-03-22T06:51:52.962+0000 7f3e09f99700 1 -- 172.21.15.19:0/809627073 >> [v2:172.21.15.19:3300/0,v1:172.21.15.19:6789/0] conn(0x7f3e04102740 msgr2=0x7f3e04102b50 secure :-1 s=STATE_CONNECTION_ESTABLISHED l=1).mark_down
2024-03-22T06:51:53.698 INFO:teuthology.orchestra.run.smithi019.stdout:/usr/bin/ceph: stderr
2024-03-22T06:51:52.962+0000 7f3e09f99700 1 --2- 172.21.15.19:0/809627073 >> [v2:172.21.15.19:3300/0,v1:172.21.15.19:6789/0] conn(0x7f3e04102740 0x7f3e04102b50 secure :-1 s=READY pgs=82 cs=0 l=1 rev1=1 crypto rx=0x7f3df40098e0 tx=0x7f3df4009250 comp rx=0 tx=0).stop
2024-03-22T06:51:53.698 INFO:teuthology.orchestra.run.smithi019.stdout:/usr/bin/ceph: stderr
2024-03-22T06:51:52.962+0000 7f3e09f99700 1 -- 172.21.15.19:0/809627073 shutdown_connections
2024-03-22T06:51:53.698 INFO:teuthology.orchestra.run.smithi019.stdout:/usr/bin/ceph: stderr
2024-03-22T06:51:52.962+0000 7f3e09f99700 1 --2- 172.21.15.19:0/809627073 >> [v2:172.21.15.19:3300/0,v1:172.21.15.19:6789/0] conn(0x7f3e04102740 0x7f3e04102b50 unknown :-1 s=CLOSED pgs=82 cs=0 l=1 rev1=1 crypto rx=0 tx=0 comp rx=0 tx=0).stop
2024-03-22T06:51:53.698 INFO:teuthology.orchestra.run.smithi019.stdout:/usr/bin/ceph: stderr
2024-03-22T06:51:52.962+0000 7f3e09f99700 1 -- 172.21.15.19:0/809627073 >> 172.21.15.19:0/809627073 conn(0x7f3e040fdea0 msgr2=0x7f3e041002d0 unknown :-1 s=STATE_NONE l=0).mark_down
2024-03-22T06:51:53.698 INFO:teuthology.orchestra.run.smithi019.stdout:/usr/bin/ceph: stderr
2024-03-22T06:51:52.962+0000 7f3e09f99700 1 -- 172.21.15.19:0/809627073 shutdown_connections
2024-03-22T06:51:53.699 INFO:teuthology.orchestra.run.smithi019.stdout:/usr/bin/ceph: stderr
2024-03-22T06:51:52.962+0000 7f3e09f99700 1 -- 172.21.15.19:0/809627073 wait complete.
2024-03-22T06:51:53.699 INFO:teuthology.orchestra.run.smithi019.stdout:/usr/bin/ceph: stderr
2024-03-22T06:51:52.963+0000 7f3e09f99700 1 Processor -- start
2024-03-22T06:51:53.699 INFO:teuthology.orchestra.run.smithi019.stdout:/usr/bin/ceph: stderr
2024-03-22T06:51:52.963+0000 7f3e09f99700 1 -- start start
2024-03-22T06:51:53.699 INFO:teuthology.orchestra.run.smithi019.stdout:/usr/bin/ceph: stderr
2024-03-22T06:51:52.963+0000 7f3e09f99700 1 --2- >> [v2:172.21.15.19:3300/0,v1:172.21.15.19:6789/0] conn(0x7f3e04102740 0x7f3e04078bd0 unknown :-1 s=NONE pgs=0 cs=0 l=1 rev1=0 crypto rx=0 tx=0 comp rx=0 tx=0).connect
2024-03-22T06:51:53.699 INFO:teuthology.orchestra.run.smithi019.stdout:/usr/bin/ceph: stderr
2024-03-22T06:51:52.963+0000 7f3e09f99700 1 -- --> [v2:172.21.15.19:3300/0,v1:172.21.15.19:6789/0] -- mon_getmap magic: 0 v1 -- 0x7f3e04079110 con 0x7f3e04102740
2024-03-22T06:51:53.699 INFO:teuthology.orchestra.run.smithi019.stdout:/usr/bin/ceph: stderr
2024-03-22T06:51:52.963+0000 7f3e037fe700 1 --2- >> [v2:172.21.15.19:3300/0,v1:172.21.15.19:6789/0] conn(0x7f3e04102740 0x7f3e04078bd0 unknown :-1 s=BANNER_CONNECTING pgs=0 cs=0 l=1 rev1=0 crypto rx=0 tx=0 comp rx=0 tx=0)._handle_peer_banner_payload supported=3 required=0
2024-03-22T06:51:53.699 INFO:teuthology.orchestra.run.smithi019.stdout:/usr/bin/ceph: stderr
2024-03-22T06:51:52.963+0000 7f3e037fe700 1 --2- >> [v2:172.21.15.19:3300/0,v1:172.21.15.19:6789/0] conn(0x7f3e04102740 0x7f3e04078bd0 unknown :-1 s=HELLO_CONNECTING pgs=0 cs=0 l=1 rev1=1 crypto rx=0 tx=0 comp rx=0 tx=0).handle_hello peer v2:172.21.15.19:3300/0 says I am v2:172.21.15.19:35334/0 (socket says 172.21.15.19:35334)
2024-03-22T06:51:53.699 INFO:teuthology.orchestra.run.smithi019.stdout:/usr/bin/ceph: stderr
2024-03-22T06:51:52.963+0000 7f3e037fe700 1 -- 172.21.15.19:0/1661104759 learned_addr learned my addr 172.21.15.19:0/1661104759 (peer_addr_for_me v2:172.21.15.19:0/0)
2024-03-22T06:51:53.699 INFO:teuthology.orchestra.run.smithi019.stdout:/usr/bin/ceph: stderr
2024-03-22T06:51:52.963+0000 7f3e037fe700 1 -- 172.21.15.19:0/1661104759 --> [v2:172.21.15.19:3300/0,v1:172.21.15.19:6789/0] -- mon_subscribe({config=0+,monmap=0+}) v3 -- 0x7f3df40094f0 con 0x7f3e04102740
2024-03-22T06:51:53.699 INFO:teuthology.orchestra.run.smithi019.stdout:/usr/bin/ceph: stderr
2024-03-22T06:51:52.964+0000 7f3e037fe700 1 --2- 172.21.15.19:0/1661104759 >> [v2:172.21.15.19:3300/0,v1:172.21.15.19:6789/0] conn(0x7f3e04102740 0x7f3e04078bd0 secure :-1 s=READY pgs=83 cs=0 l=1 rev1=1 crypto rx=0x7f3df4011c10 tx=0x7f3df4009250 comp rx=0 tx=0).ready entity=mon.0 client_cookie=0 server_cookie=0 in_seq=0 out_seq=0
2024-03-22T06:51:53.699 INFO:teuthology.orchestra.run.smithi019.stdout:/usr/bin/ceph: stderr
2024-03-22T06:51:52.964+0000 7f3debfff700 1 -- 172.21.15.19:0/1661104759 <== mon.0 v2:172.21.15.19:3300/0 1 ==== mon_map magic: 0 v1 ==== 229+0+0 (secure 0 0 0) 0x7f3df4010890 con 0x7f3e04102740
2024-03-22T06:51:53.699 INFO:teuthology.orchestra.run.smithi019.stdout:/usr/bin/ceph: stderr
2024-03-22T06:51:52.964+0000 7f3debfff700 1 -- 172.21.15.19:0/1661104759 <== mon.0 v2:172.21.15.19:3300/0 2 ==== config(27 keys) v1 ==== 1109+0+0 (secure 0 0 0) 0x7f3df4010ec0 con 0x7f3e04102740
2024-03-22T06:51:53.699 INFO:teuthology.orchestra.run.smithi019.stdout:/usr/bin/ceph: stderr
2024-03-22T06:51:52.964+0000 7f3debfff700 1 -- 172.21.15.19:0/1661104759 <== mon.0 v2:172.21.15.19:3300/0 3 ==== mon_map magic: 0 v1 ==== 229+0+0 (secure 0 0 0) 0x7f3df40243f0 con 0x7f3e04102740
2024-03-22T06:51:53.700 INFO:teuthology.orchestra.run.smithi019.stdout:/usr/bin/ceph: stderr
2024-03-22T06:51:52.964+0000 7f3e09f99700 1 -- 172.21.15.19:0/1661104759 --> [v2:172.21.15.19:3300/0,v1:172.21.15.19:6789/0] -- mon_subscribe({mgrmap=0+}) v3 -- 0x7f3e04077180 con 0x7f3e04102740
2024-03-22T06:51:53.700 INFO:teuthology.orchestra.run.smithi019.stdout:/usr/bin/ceph: stderr
2024-03-22T06:51:52.964+0000 7f3e09f99700 1 -- 172.21.15.19:0/1661104759 --> [v2:172.21.15.19:3300/0,v1:172.21.15.19:6789/0] -- mon_subscribe({osdmap=0}) v3 -- 0x7f3e04077670 con 0x7f3e04102740
2024-03-22T06:51:53.700 INFO:teuthology.orchestra.run.smithi019.stdout:/usr/bin/ceph: stderr
2024-03-22T06:51:52.965+0000 7f3debfff700 1 -- 172.21.15.19:0/1661104759 <== mon.0 v2:172.21.15.19:3300/0 4 ==== mgrmap(e 12) v1 ==== 43381+0+0 (secure 0 0 0) 0x7f3df402d3f0 con 0x7f3e04102740
2024-03-22T06:51:53.700 INFO:teuthology.orchestra.run.smithi019.stdout:/usr/bin/ceph: stderr
2024-03-22T06:51:52.965+0000 7f3e09f99700 1 -- 172.21.15.19:0/1661104759 --> [v2:172.21.15.19:3300/0,v1:172.21.15.19:6789/0] -- mon_command({"prefix": "get_command_descriptions"} v 0) v1 -- 0x7f3e0404bed0 con 0x7f3e04102740
2024-03-22T06:51:53.700 INFO:teuthology.orchestra.run.smithi019.stdout:/usr/bin/ceph: stderr
2024-03-22T06:51:52.965+0000 7f3debfff700 1 --2- 172.21.15.19:0/1661104759 >> [v2:172.21.15.19:6800/3212051265,v1:172.21.15.19:6801/3212051265] conn(0x7f3dec036830 0x7f3dec038ce0 unknown :-1 s=NONE pgs=0 cs=0 l=1 rev1=0 crypto rx=0 tx=0 comp rx=0 tx=0).connect
2024-03-22T06:51:53.700 INFO:teuthology.orchestra.run.smithi019.stdout:/usr/bin/ceph: stderr
2024-03-22T06:51:52.965+0000 7f3debfff700 1 -- 172.21.15.19:0/1661104759 <== mon.0 v2:172.21.15.19:3300/0 5 ==== osd_map(3..3 src has 1..3) v4 ==== 1151+0+0 (secure 0 0 0) 0x7f3df404a490 con 0x7f3e04102740
2024-03-22T06:51:53.700 INFO:teuthology.orchestra.run.smithi019.stdout:/usr/bin/ceph: stderr
2024-03-22T06:51:52.965+0000 7f3e02ffd700 1 --2- 172.21.15.19:0/1661104759 >> [v2:172.21.15.19:6800/3212051265,v1:172.21.15.19:6801/3212051265] conn(0x7f3dec036830 0x7f3dec038ce0 unknown :-1 s=BANNER_CONNECTING pgs=0 cs=0 l=1 rev1=0 crypto rx=0 tx=0 comp rx=0 tx=0)._handle_peer_banner_payload supported=3 required=0
2024-03-22T06:51:53.700 INFO:teuthology.orchestra.run.smithi019.stdout:/usr/bin/ceph: stderr
2024-03-22T06:51:52.965+0000 7f3e02ffd700 1 --2- 172.21.15.19:0/1661104759 >> [v2:172.21.15.19:6800/3212051265,v1:172.21.15.19:6801/3212051265] conn(0x7f3dec036830 0x7f3dec038ce0 secure :-1 s=READY pgs=9 cs=0 l=1 rev1=1 crypto rx=0x7f3df8009990 tx=0x7f3df8006e40 comp rx=0 tx=0).ready entity=mgr.14160 client_cookie=0 server_cookie=0 in_seq=0 out_seq=0
2024-03-22T06:51:53.700 INFO:teuthology.orchestra.run.smithi019.stdout:/usr/bin/ceph: stderr
2024-03-22T06:51:52.970+0000 7f3debfff700 1 -- 172.21.15.19:0/1661104759 <== mon.0 v2:172.21.15.19:3300/0 6 ==== mon_command_ack([{"prefix": "get_command_descriptions"}]=0 v0) v1 ==== 72+0+176504 (secure 0 0 0) 0x7f3df4018c40 con 0x7f3e04102740
2024-03-22T06:51:53.700 INFO:teuthology.orchestra.run.smithi019.stdout:/usr/bin/ceph: stderr
2024-03-22T06:51:53.057+0000 7f3debfff700 1 -- 172.21.15.19:0/1661104759 <== mon.0 v2:172.21.15.19:3300/0 7 ==== mgrmap(e 13) v1 ==== 43424+0+0 (secure 0 0 0) 0x7f3df4023ce0 con 0x7f3e04102740
2024-03-22T06:51:53.700 INFO:teuthology.orchestra.run.smithi019.stdout:/usr/bin/ceph: stderr
2024-03-22T06:51:53.169+0000 7f3e09f99700 1 -- 172.21.15.19:0/1661104759 --> [v2:172.21.15.19:3300/0,v1:172.21.15.19:6789/0] -- mon_command({"prefix": "config get", "who": "mgr", "key": "mgr/dashboard/ssl_server_port"} v 0) v1 -- 0x7f3e04077af0 con 0x7f3e04102740
2024-03-22T06:51:53.700 INFO:teuthology.orchestra.run.smithi019.stdout:/usr/bin/ceph: stderr
2024-03-22T06:51:53.169+0000 7f3debfff700 1 -- 172.21.15.19:0/1661104759 <== mon.0 v2:172.21.15.19:3300/0 8 ==== mon_command_ack([{"prefix": "config get", "who": "mgr", "key": "mgr/dashboard/ssl_server_port"}]=0 v8) v1 ==== 112+0+5 (secure 0 0 0) 0x7f3df4018c40 con 0x7f3e04102740
2024-03-22T06:51:53.700 INFO:teuthology.orchestra.run.smithi019.stdout:/usr/bin/ceph: stderr
2024-03-22T06:51:53.171+0000 7f3e09f99700 1 -- 172.21.15.19:0/1661104759 >> [v2:172.21.15.19:6800/3212051265,v1:172.21.15.19:6801/3212051265] conn(0x7f3dec036830 msgr2=0x7f3dec038ce0 secure :-1 s=STATE_CONNECTION_ESTABLISHED l=1).mark_down
2024-03-22T06:51:53.701 INFO:teuthology.orchestra.run.smithi019.stdout:/usr/bin/ceph: stderr
2024-03-22T06:51:53.171+0000 7f3e09f99700 1 --2- 172.21.15.19:0/1661104759 >> [v2:172.21.15.19:6800/3212051265,v1:172.21.15.19:6801/3212051265] conn(0x7f3dec036830 0x7f3dec038ce0 secure :-1 s=READY pgs=9 cs=0 l=1 rev1=1 crypto rx=0x7f3df8009990 tx=0x7f3df8006e40 comp rx=0 tx=0).stop
2024-03-22T06:51:53.701 INFO:teuthology.orchestra.run.smithi019.stdout:/usr/bin/ceph: stderr
2024-03-22T06:51:53.171+0000 7f3e09f99700 1 -- 172.21.15.19:0/1661104759 >> [v2:172.21.15.19:3300/0,v1:172.21.15.19:6789/0] conn(0x7f3e04102740 msgr2=0x7f3e04078bd0 secure :-1 s=STATE_CONNECTION_ESTABLISHED l=1).mark_down
2024-03-22T06:51:53.701 INFO:teuthology.orchestra.run.smithi019.stdout:/usr/bin/ceph: stderr
2024-03-22T06:51:53.171+0000 7f3e09f99700 1 --2- 172.21.15.19:0/1661104759 >> [v2:172.21.15.19:3300/0,v1:172.21.15.19:6789/0] conn(0x7f3e04102740 0x7f3e04078bd0 secure :-1 s=READY pgs=83 cs=0 l=1 rev1=1 crypto rx=0x7f3df4011c10 tx=0x7f3df4009250 comp rx=0 tx=0).stop
2024-03-22T06:51:53.701 INFO:teuthology.orchestra.run.smithi019.stdout:/usr/bin/ceph: stderr
2024-03-22T06:51:53.172+0000 7f3e09f99700 1 -- 172.21.15.19:0/1661104759 shutdown_connections
2024-03-22T06:51:53.701 INFO:teuthology.orchestra.run.smithi019.stdout:/usr/bin/ceph: stderr
2024-03-22T06:51:53.172+0000 7f3e09f99700 1 --2- 172.21.15.19:0/1661104759 >> [v2:172.21.15.19:6800/3212051265,v1:172.21.15.19:6801/3212051265] conn(0x7f3dec036830 0x7f3dec038ce0 unknown :-1 s=CLOSED pgs=9 cs=0 l=1 rev1=1 crypto rx=0 tx=0 comp rx=0 tx=0).stop
2024-03-22T06:51:53.701 INFO:teuthology.orchestra.run.smithi019.stdout:/usr/bin/ceph: stderr
2024-03-22T06:51:53.172+0000 7f3e09f99700 1 --2- 172.21.15.19:0/1661104759 >> [v2:172.21.15.19:3300/0,v1:172.21.15.19:6789/0] conn(0x7f3e04102740 0x7f3e04078bd0 unknown :-1 s=CLOSED pgs=83 cs=0 l=1 rev1=1 crypto rx=0 tx=0 comp rx=0 tx=0).stop
2024-03-22T06:51:53.701 INFO:teuthology.orchestra.run.smithi019.stdout:/usr/bin/ceph: stderr
2024-03-22T06:51:53.172+0000 7f3e09f99700 1 -- 172.21.15.19:0/1661104759 >> 172.21.15.19:0/1661104759 conn(0x7f3e040fdea0 msgr2=0x7f3e040fea30 unknown :-1 s=STATE_NONE l=0).mark_down
2024-03-22T06:51:53.701 INFO:teuthology.orchestra.run.smithi019.stdout:/usr/bin/ceph: stderr
2024-03-22T06:51:53.172+0000 7f3e09f99700 1 -- 172.21.15.19:0/1661104759 shutdown_connections
2024-03-22T06:51:53.701 INFO:teuthology.orchestra.run.smithi019.stdout:/usr/bin/ceph: stderr
2024-03-22T06:51:53.172+0000 7f3e09f99700 1 -- 172.21.15.19:0/1661104759 wait complete.
2024-03-22T06:51:53.704 INFO:teuthology.orchestra.run.smithi019.stdout:Non-zero exit code 1 from systemctl is-enabled firewalld.service
2024-03-22T06:51:53.704 INFO:teuthology.orchestra.run.smithi019.stdout:systemctl: stdout disabled
2024-03-22T06:51:53.712 INFO:teuthology.orchestra.run.smithi019.stdout:Non-zero exit code 3 from systemctl is-active firewalld.service
2024-03-22T06:51:53.712 INFO:teuthology.orchestra.run.smithi019.stdout:systemctl: stdout inactive
2024-03-22T06:51:53.712 INFO:teuthology.orchestra.run.smithi019.stdout:firewalld.service is not enabled
2024-03-22T06:51:53.712 INFO:teuthology.orchestra.run.smithi019.stdout:Not possible to open ports <[8443]>. firewalld.service is not available
2024-03-22T06:51:53.714 INFO:teuthology.orchestra.run.smithi019.stdout:Ceph Dashboard is now available at:
2024-03-22T06:51:53.714 INFO:teuthology.orchestra.run.smithi019.stdout:
2024-03-22T06:51:53.714 INFO:teuthology.orchestra.run.smithi019.stdout: URL: https://smithi019.front.sepia.ceph.com:8443/
2024-03-22T06:51:53.714 INFO:teuthology.orchestra.run.smithi019.stdout: User: admin
2024-03-22T06:51:53.714 INFO:teuthology.orchestra.run.smithi019.stdout: Password: g8mq91k8l1
2024-03-22T06:51:53.714 INFO:teuthology.orchestra.run.smithi019.stdout:
2024-03-22T06:51:53.715 INFO:teuthology.orchestra.run.smithi019.stdout:Saving cluster configuration to /var/lib/ceph/667eddec-e818-11ee-95cd-87774f69a715/config directory
2024-03-22T06:51:53.715 INFO:teuthology.orchestra.run.smithi019.stdout:Enabling autotune for osd_memory_target
2024-03-22T06:51:54.140 INFO:journalctl@ceph.mon.smithi019.smithi019.stdout:Mar 22 06:51:54 smithi019 ceph-mon[29264]: mgrmap e13: smithi019.sdcgif(active, since 6s)
2024-03-22T06:51:54.140 INFO:journalctl@ceph.mon.smithi019.smithi019.stdout:Mar 22 06:51:54 smithi019 ceph-mon[29264]: from='client.? 172.21.15.19:0/1661104759' entity='client.admin' cmd=[{"prefix": "config get", "who": "mgr", "key": "mgr/dashboard/ssl_server_port"}]: dispatch
2024-03-22T06:51:54.960 INFO:teuthology.orchestra.run.smithi019.stdout:/usr/bin/ceph: stderr
2024-03-22T06:51:54.169+0000 7fccbfaff700 1 Processor -- start
2024-03-22T06:51:54.960 INFO:teuthology.orchestra.run.smithi019.stdout:/usr/bin/ceph: stderr
2024-03-22T06:51:54.169+0000 7fccbfaff700 1 -- start start
2024-03-22T06:51:54.960 INFO:teuthology.orchestra.run.smithi019.stdout:/usr/bin/ceph: stderr
2024-03-22T06:51:54.169+0000 7fccbfaff700 1 --2- >> [v2:172.21.15.19:3300/0,v1:172.21.15.19:6789/0] conn(0x7fccb8102bb0 0x7fccb8102fc0 unknown :-1 s=NONE pgs=0 cs=0 l=0 rev1=0 crypto rx=0 tx=0 comp rx=0 tx=0).connect
2024-03-22T06:51:54.960 INFO:teuthology.orchestra.run.smithi019.stdout:/usr/bin/ceph: stderr
2024-03-22T06:51:54.169+0000 7fccbfaff700 1 -- --> [v2:172.21.15.19:3300/0,v1:172.21.15.19:6789/0] -- mon_getmap magic: 0 v1 -- 0x7fccb8103500 con 0x7fccb8102bb0
2024-03-22T06:51:54.960 INFO:teuthology.orchestra.run.smithi019.stdout:/usr/bin/ceph: stderr
2024-03-22T06:51:54.169+0000 7fccbd89b700 1 --2- >> [v2:172.21.15.19:3300/0,v1:172.21.15.19:6789/0] conn(0x7fccb8102bb0 0x7fccb8102fc0 unknown :-1 s=BANNER_CONNECTING pgs=0 cs=0 l=0 rev1=0 crypto rx=0 tx=0 comp rx=0 tx=0)._handle_peer_banner_payload supported=3 required=0
2024-03-22T06:51:54.960 INFO:teuthology.orchestra.run.smithi019.stdout:/usr/bin/ceph: stderr
2024-03-22T06:51:54.169+0000 7fccbd89b700 1 --2- >> [v2:172.21.15.19:3300/0,v1:172.21.15.19:6789/0] conn(0x7fccb8102bb0 0x7fccb8102fc0 unknown :-1 s=HELLO_CONNECTING pgs=0 cs=0 l=0 rev1=1 crypto rx=0 tx=0 comp rx=0 tx=0).handle_hello peer v2:172.21.15.19:3300/0 says I am v2:172.21.15.19:35336/0 (socket says 172.21.15.19:35336)
2024-03-22T06:51:54.960 INFO:teuthology.orchestra.run.smithi019.stdout:/usr/bin/ceph: stderr
2024-03-22T06:51:54.169+0000 7fccbd89b700 1 -- 172.21.15.19:0/2774667175 learned_addr learned my addr 172.21.15.19:0/2774667175 (peer_addr_for_me v2:172.21.15.19:0/0)
2024-03-22T06:51:54.960 INFO:teuthology.orchestra.run.smithi019.stdout:/usr/bin/ceph: stderr
2024-03-22T06:51:54.170+0000 7fccbd89b700 1 -- 172.21.15.19:0/2774667175 --> [v2:172.21.15.19:3300/0,v1:172.21.15.19:6789/0] -- mon_subscribe({config=0+,monmap=0+}) v3 -- 0x7fccb8103640 con 0x7fccb8102bb0
2024-03-22T06:51:54.961 INFO:teuthology.orchestra.run.smithi019.stdout:/usr/bin/ceph: stderr
2024-03-22T06:51:54.170+0000 7fccbd89b700 1 --2- 172.21.15.19:0/2774667175 >> [v2:172.21.15.19:3300/0,v1:172.21.15.19:6789/0] conn(0x7fccb8102bb0 0x7fccb8102fc0 secure :-1 s=READY pgs=84 cs=0 l=1 rev1=1 crypto rx=0x7fccb40098e0 tx=0x7fccb4009250 comp rx=0 tx=0).ready entity=mon.0 client_cookie=6687480c5cfaa8e1 server_cookie=0 in_seq=0 out_seq=0
2024-03-22T06:51:54.961 INFO:teuthology.orchestra.run.smithi019.stdout:/usr/bin/ceph: stderr
2024-03-22T06:51:54.170+0000 7fccbc899700 1 -- 172.21.15.19:0/2774667175 <== mon.0 v2:172.21.15.19:3300/0 1 ==== mon_map magic: 0 v1 ==== 229+0+0 (secure 0 0 0) 0x7fccb400b860 con 0x7fccb8102bb0
2024-03-22T06:51:54.961 INFO:teuthology.orchestra.run.smithi019.stdout:/usr/bin/ceph: stderr
2024-03-22T06:51:54.170+0000 7fccbc899700 1 -- 172.21.15.19:0/2774667175 <== mon.0 v2:172.21.15.19:3300/0 2 ==== config(27 keys) v1 ==== 1109+0+0 (secure 0 0 0) 0x7fccb400be90 con 0x7fccb8102bb0
2024-03-22T06:51:54.961 INFO:teuthology.orchestra.run.smithi019.stdout:/usr/bin/ceph: stderr
2024-03-22T06:51:54.170+0000 7fccbc899700 1 -- 172.21.15.19:0/2774667175 <== mon.0 v2:172.21.15.19:3300/0 3 ==== mon_map magic: 0 v1 ==== 229+0+0 (secure 0 0 0) 0x7fccb40103c0 con 0x7fccb8102bb0
2024-03-22T06:51:54.961 INFO:teuthology.orchestra.run.smithi019.stdout:/usr/bin/ceph: stderr
2024-03-22T06:51:54.170+0000 7fccbfaff700 1 -- 172.21.15.19:0/2774667175 >> [v2:172.21.15.19:3300/0,v1:172.21.15.19:6789/0] conn(0x7fccb8102bb0 msgr2=0x7fccb8102fc0 secure :-1 s=STATE_CONNECTION_ESTABLISHED l=1).mark_down
2024-03-22T06:51:54.961 INFO:teuthology.orchestra.run.smithi019.stdout:/usr/bin/ceph: stderr
2024-03-22T06:51:54.170+0000 7fccbfaff700 1 --2- 172.21.15.19:0/2774667175 >> [v2:172.21.15.19:3300/0,v1:172.21.15.19:6789/0] conn(0x7fccb8102bb0 0x7fccb8102fc0 secure :-1 s=READY pgs=84 cs=0 l=1 rev1=1 crypto rx=0x7fccb40098e0 tx=0x7fccb4009250 comp rx=0 tx=0).stop
2024-03-22T06:51:54.961 INFO:teuthology.orchestra.run.smithi019.stdout:/usr/bin/ceph: stderr
2024-03-22T06:51:54.171+0000 7fccbfaff700 1 -- 172.21.15.19:0/2774667175 shutdown_connections
2024-03-22T06:51:54.961 INFO:teuthology.orchestra.run.smithi019.stdout:/usr/bin/ceph: stderr
2024-03-22T06:51:54.171+0000 7fccbfaff700 1 --2- 172.21.15.19:0/2774667175 >> [v2:172.21.15.19:3300/0,v1:172.21.15.19:6789/0] conn(0x7fccb8102bb0 0x7fccb8102fc0 unknown :-1 s=CLOSED pgs=84 cs=0 l=1 rev1=1 crypto rx=0 tx=0 comp rx=0 tx=0).stop
2024-03-22T06:51:54.961 INFO:teuthology.orchestra.run.smithi019.stdout:/usr/bin/ceph: stderr
2024-03-22T06:51:54.171+0000 7fccbfaff700 1 -- 172.21.15.19:0/2774667175 >> 172.21.15.19:0/2774667175 conn(0x7fccb80fc4d0 msgr2=0x7fccb80fe8e0 unknown :-1 s=STATE_NONE l=0).mark_down
2024-03-22T06:51:54.961 INFO:teuthology.orchestra.run.smithi019.stdout:/usr/bin/ceph: stderr
2024-03-22T06:51:54.171+0000 7fccbfaff700 1 -- 172.21.15.19:0/2774667175 shutdown_connections
2024-03-22T06:51:54.961 INFO:teuthology.orchestra.run.smithi019.stdout:/usr/bin/ceph: stderr
2024-03-22T06:51:54.171+0000 7fccbfaff700 1 -- 172.21.15.19:0/2774667175 wait complete.
2024-03-22T06:51:54.961 INFO:teuthology.orchestra.run.smithi019.stdout:/usr/bin/ceph: stderr
2024-03-22T06:51:54.171+0000 7fccbfaff700 1 Processor -- start
2024-03-22T06:51:54.961 INFO:teuthology.orchestra.run.smithi019.stdout:/usr/bin/ceph: stderr
2024-03-22T06:51:54.171+0000 7fccbfaff700 1 -- start start
2024-03-22T06:51:54.962 INFO:teuthology.orchestra.run.smithi019.stdout:/usr/bin/ceph: stderr
2024-03-22T06:51:54.171+0000 7fccbfaff700 1 --2- >> [v2:172.21.15.19:3300/0,v1:172.21.15.19:6789/0] conn(0x7fccb8102bb0 0x7fccb81115f0 unknown :-1 s=NONE pgs=0 cs=0 l=1 rev1=0 crypto rx=0 tx=0 comp rx=0 tx=0).connect
2024-03-22T06:51:54.962 INFO:teuthology.orchestra.run.smithi019.stdout:/usr/bin/ceph: stderr
2024-03-22T06:51:54.171+0000 7fccbfaff700 1 -- --> [v2:172.21.15.19:3300/0,v1:172.21.15.19:6789/0] -- mon_getmap magic: 0 v1 -- 0x7fccb8111b30 con 0x7fccb8102bb0
2024-03-22T06:51:54.962 INFO:teuthology.orchestra.run.smithi019.stdout:/usr/bin/ceph: stderr
2024-03-22T06:51:54.172+0000 7fccbd89b700 1 --2- >> [v2:172.21.15.19:3300/0,v1:172.21.15.19:6789/0] conn(0x7fccb8102bb0 0x7fccb81115f0 unknown :-1 s=BANNER_CONNECTING pgs=0 cs=0 l=1 rev1=0 crypto rx=0 tx=0 comp rx=0 tx=0)._handle_peer_banner_payload supported=3 required=0
2024-03-22T06:51:54.962 INFO:teuthology.orchestra.run.smithi019.stdout:/usr/bin/ceph: stderr
2024-03-22T06:51:54.172+0000 7fccbd89b700 1 --2- >> [v2:172.21.15.19:3300/0,v1:172.21.15.19:6789/0] conn(0x7fccb8102bb0 0x7fccb81115f0 unknown :-1 s=HELLO_CONNECTING pgs=0 cs=0 l=1 rev1=1 crypto rx=0 tx=0 comp rx=0 tx=0).handle_hello peer v2:172.21.15.19:3300/0 says I am v2:172.21.15.19:35340/0 (socket says 172.21.15.19:35340)
2024-03-22T06:51:54.962 INFO:teuthology.orchestra.run.smithi019.stdout:/usr/bin/ceph: stderr
2024-03-22T06:51:54.172+0000 7fccbd89b700 1 -- 172.21.15.19:0/3656173097 learned_addr learned my addr 172.21.15.19:0/3656173097 (peer_addr_for_me v2:172.21.15.19:0/0)
2024-03-22T06:51:54.962 INFO:teuthology.orchestra.run.smithi019.stdout:/usr/bin/ceph: stderr
2024-03-22T06:51:54.172+0000 7fccbd89b700 1 -- 172.21.15.19:0/3656173097 --> [v2:172.21.15.19:3300/0,v1:172.21.15.19:6789/0] -- mon_subscribe({config=0+,monmap=0+}) v3 -- 0x7fccb40094f0 con 0x7fccb8102bb0
2024-03-22T06:51:54.962 INFO:teuthology.orchestra.run.smithi019.stdout:/usr/bin/ceph: stderr
2024-03-22T06:51:54.172+0000 7fccbd89b700 1 --2- 172.21.15.19:0/3656173097 >> [v2:172.21.15.19:3300/0,v1:172.21.15.19:6789/0] conn(0x7fccb8102bb0 0x7fccb81115f0 secure :-1 s=READY pgs=85 cs=0 l=1 rev1=1 crypto rx=0x7fccb4011680 tx=0x7fccb4009250 comp rx=0 tx=0).ready entity=mon.0 client_cookie=0 server_cookie=0 in_seq=0 out_seq=0
2024-03-22T06:51:54.962 INFO:teuthology.orchestra.run.smithi019.stdout:/usr/bin/ceph: stderr
2024-03-22T06:51:54.172+0000 7fccae7fc700 1 -- 172.21.15.19:0/3656173097 <== mon.0 v2:172.21.15.19:3300/0 1 ==== mon_map magic: 0 v1 ==== 229+0+0 (secure 0 0 0) 0x7fccb4010890 con 0x7fccb8102bb0
2024-03-22T06:51:54.962 INFO:teuthology.orchestra.run.smithi019.stdout:/usr/bin/ceph: stderr
2024-03-22T06:51:54.172+0000 7fccae7fc700 1 -- 172.21.15.19:0/3656173097 <== mon.0 v2:172.21.15.19:3300/0 2 ==== config(27 keys) v1 ==== 1109+0+0 (secure 0 0 0) 0x7fccb4010ec0 con 0x7fccb8102bb0
2024-03-22T06:51:54.962 INFO:teuthology.orchestra.run.smithi019.stdout:/usr/bin/ceph: stderr
2024-03-22T06:51:54.172+0000 7fccbfaff700 1 -- 172.21.15.19:0/3656173097 --> [v2:172.21.15.19:3300/0,v1:172.21.15.19:6789/0] -- mon_subscribe({mgrmap=0+}) v3 -- 0x7fccb8111d30 con 0x7fccb8102bb0
2024-03-22T06:51:54.962 INFO:teuthology.orchestra.run.smithi019.stdout:/usr/bin/ceph: stderr
2024-03-22T06:51:54.172+0000 7fccae7fc700 1 -- 172.21.15.19:0/3656173097 <== mon.0 v2:172.21.15.19:3300/0 3 ==== mon_map magic: 0 v1 ==== 229+0+0 (secure 0 0 0) 0x7fccb40243f0 con 0x7fccb8102bb0
2024-03-22T06:51:54.962 INFO:teuthology.orchestra.run.smithi019.stdout:/usr/bin/ceph: stderr
2024-03-22T06:51:54.172+0000 7fccbfaff700 1 -- 172.21.15.19:0/3656173097 --> [v2:172.21.15.19:3300/0,v1:172.21.15.19:6789/0] -- mon_subscribe({osdmap=0}) v3 -- 0x7fccb81128a0 con 0x7fccb8102bb0
2024-03-22T06:51:54.962 INFO:teuthology.orchestra.run.smithi019.stdout:/usr/bin/ceph: stderr
2024-03-22T06:51:54.173+0000 7fccae7fc700 1 -- 172.21.15.19:0/3656173097 <== mon.0 v2:172.21.15.19:3300/0 4 ==== mgrmap(e 13) v1 ==== 43424+0+0 (secure 0 0 0) 0x7fccb402d3f0 con 0x7fccb8102bb0
2024-03-22T06:51:54.963 INFO:teuthology.orchestra.run.smithi019.stdout:/usr/bin/ceph: stderr
2024-03-22T06:51:54.173+0000 7fccbfaff700 1 -- 172.21.15.19:0/3656173097 --> [v2:172.21.15.19:3300/0,v1:172.21.15.19:6789/0] -- mon_command({"prefix": "get_command_descriptions"} v 0) v1 -- 0x7fccb805f5f0 con 0x7fccb8102bb0
2024-03-22T06:51:54.963 INFO:teuthology.orchestra.run.smithi019.stdout:/usr/bin/ceph: stderr
2024-03-22T06:51:54.173+0000 7fccae7fc700 1 --2- 172.21.15.19:0/3656173097 >> [v2:172.21.15.19:6800/3212051265,v1:172.21.15.19:6801/3212051265] conn(0x7fcca40368d0 0x7fcca4038d80 unknown :-1 s=NONE pgs=0 cs=0 l=1 rev1=0 crypto rx=0 tx=0 comp rx=0 tx=0).connect
2024-03-22T06:51:54.963 INFO:teuthology.orchestra.run.smithi019.stdout:/usr/bin/ceph: stderr
2024-03-22T06:51:54.173+0000 7fccae7fc700 1 -- 172.21.15.19:0/3656173097 <== mon.0 v2:172.21.15.19:3300/0 5 ==== osd_map(3..3 src has 1..3) v4 ==== 1151+0+0 (secure 0 0 0) 0x7fccb404a560 con 0x7fccb8102bb0
2024-03-22T06:51:54.963 INFO:teuthology.orchestra.run.smithi019.stdout:/usr/bin/ceph: stderr
2024-03-22T06:51:54.173+0000 7fccbd09a700 1 --2- 172.21.15.19:0/3656173097 >> [v2:172.21.15.19:6800/3212051265,v1:172.21.15.19:6801/3212051265] conn(0x7fcca40368d0 0x7fcca4038d80 unknown :-1 s=BANNER_CONNECTING pgs=0 cs=0 l=1 rev1=0 crypto rx=0 tx=0 comp rx=0 tx=0)._handle_peer_banner_payload supported=3 required=0
2024-03-22T06:51:54.963 INFO:teuthology.orchestra.run.smithi019.stdout:/usr/bin/ceph: stderr
2024-03-22T06:51:54.174+0000 7fccbd09a700 1 --2- 172.21.15.19:0/3656173097 >> [v2:172.21.15.19:6800/3212051265,v1:172.21.15.19:6801/3212051265] conn(0x7fcca40368d0 0x7fcca4038d80 secure :-1 s=READY pgs=10 cs=0 l=1 rev1=1 crypto rx=0x7fcca8009990 tx=0x7fcca8006e40 comp rx=0 tx=0).ready entity=mgr.14160 client_cookie=0 server_cookie=0 in_seq=0 out_seq=0
2024-03-22T06:51:54.963 INFO:teuthology.orchestra.run.smithi019.stdout:/usr/bin/ceph: stderr
2024-03-22T06:51:54.178+0000 7fccae7fc700 1 -- 172.21.15.19:0/3656173097 <== mon.0 v2:172.21.15.19:3300/0 6 ==== mon_command_ack([{"prefix": "get_command_descriptions"}]=0 v0) v1 ==== 72+0+176504 (secure 0 0 0) 0x7fccb402b8e0 con 0x7fccb8102bb0
2024-03-22T06:51:54.963 INFO:teuthology.orchestra.run.smithi019.stdout:/usr/bin/ceph: stderr
2024-03-22T06:51:54.371+0000 7fccbfaff700 1 -- 172.21.15.19:0/3656173097 --> [v2:172.21.15.19:3300/0,v1:172.21.15.19:6789/0] -- mon_command([{prefix=config set, name=osd_memory_target_autotune}] v 0) v1 -- 0x7fccb804bed0 con 0x7fccb8102bb0
2024-03-22T06:51:54.963 INFO:teuthology.orchestra.run.smithi019.stdout:/usr/bin/ceph: stderr
2024-03-22T06:51:54.372+0000 7fccae7fc700 1 -- 172.21.15.19:0/3656173097 <== mon.0 v2:172.21.15.19:3300/0 7 ==== mon_command_ack([{prefix=config set, name=osd_memory_target_autotune}]=0 v8)=0 v8) v1 ==== 127+0+0 (secure 0 0 0) 0x7fccb402b2f0 con 0x7fccb8102bb0
2024-03-22T06:51:54.963 INFO:teuthology.orchestra.run.smithi019.stdout:/usr/bin/ceph: stderr
2024-03-22T06:51:54.374+0000 7fccbfaff700 1 -- 172.21.15.19:0/3656173097 >> [v2:172.21.15.19:6800/3212051265,v1:172.21.15.19:6801/3212051265] conn(0x7fcca40368d0 msgr2=0x7fcca4038d80 secure :-1 s=STATE_CONNECTION_ESTABLISHED l=1).mark_down
2024-03-22T06:51:54.963 INFO:teuthology.orchestra.run.smithi019.stdout:/usr/bin/ceph: stderr
2024-03-22T06:51:54.374+0000 7fccbfaff700 1 --2- 172.21.15.19:0/3656173097 >> [v2:172.21.15.19:6800/3212051265,v1:172.21.15.19:6801/3212051265] conn(0x7fcca40368d0 0x7fcca4038d80 secure :-1 s=READY pgs=10 cs=0 l=1 rev1=1 crypto rx=0x7fcca8009990 tx=0x7fcca8006e40 comp rx=0 tx=0).stop
2024-03-22T06:51:54.963 INFO:teuthology.orchestra.run.smithi019.stdout:/usr/bin/ceph: stderr
2024-03-22T06:51:54.374+0000 7fccbfaff700 1 -- 172.21.15.19:0/3656173097 >> [v2:172.21.15.19:3300/0,v1:172.21.15.19:6789/0] conn(0x7fccb8102bb0 msgr2=0x7fccb81115f0 secure :-1 s=STATE_CONNECTION_ESTABLISHED l=1).mark_down
2024-03-22T06:51:54.963 INFO:teuthology.orchestra.run.smithi019.stdout:/usr/bin/ceph: stderr
2024-03-22T06:51:54.374+0000 7fccbfaff700 1 --2- 172.21.15.19:0/3656173097 >> [v2:172.21.15.19:3300/0,v1:172.21.15.19:6789/0] conn(0x7fccb8102bb0 0x7fccb81115f0 secure :-1 s=READY pgs=85 cs=0 l=1 rev1=1 crypto rx=0x7fccb4011680 tx=0x7fccb4009250 comp rx=0 tx=0).stop
2024-03-22T06:51:54.964 INFO:teuthology.orchestra.run.smithi019.stdout:/usr/bin/ceph: stderr
2024-03-22T06:51:54.374+0000 7fccbfaff700 1 -- 172.21.15.19:0/3656173097 shutdown_connections
2024-03-22T06:51:54.964 INFO:teuthology.orchestra.run.smithi019.stdout:/usr/bin/ceph: stderr
2024-03-22T06:51:54.374+0000 7fccbfaff700 1 --2- 172.21.15.19:0/3656173097 >> [v2:172.21.15.19:6800/3212051265,v1:172.21.15.19:6801/3212051265] conn(0x7fcca40368d0 0x7fcca4038d80 unknown :-1 s=CLOSED pgs=10 cs=0 l=1 rev1=1 crypto rx=0 tx=0 comp rx=0 tx=0).stop
2024-03-22T06:51:54.964 INFO:teuthology.orchestra.run.smithi019.stdout:/usr/bin/ceph: stderr
2024-03-22T06:51:54.374+0000 7fccbfaff700 1 --2- 172.21.15.19:0/3656173097 >> [v2:172.21.15.19:3300/0,v1:172.21.15.19:6789/0] conn(0x7fccb8102bb0 0x7fccb81115f0 unknown :-1 s=CLOSED pgs=85 cs=0 l=1 rev1=1 crypto rx=0 tx=0 comp rx=0 tx=0).stop
2024-03-22T06:51:54.964 INFO:teuthology.orchestra.run.smithi019.stdout:/usr/bin/ceph: stderr
2024-03-22T06:51:54.374+0000 7fccbfaff700 1 -- 172.21.15.19:0/3656173097 >> 172.21.15.19:0/3656173097 conn(0x7fccb80fc4d0 msgr2=0x7fccb80fd3c0 unknown :-1 s=STATE_NONE l=0).mark_down
2024-03-22T06:51:54.964 INFO:teuthology.orchestra.run.smithi019.stdout:/usr/bin/ceph: stderr
2024-03-22T06:51:54.374+0000 7fccbfaff700 1 -- 172.21.15.19:0/3656173097 shutdown_connections
2024-03-22T06:51:54.964 INFO:teuthology.orchestra.run.smithi019.stdout:/usr/bin/ceph: stderr
2024-03-22T06:51:54.374+0000 7fccbfaff700 1 -- 172.21.15.19:0/3656173097 wait complete.
2024-03-22T06:51:56.292 INFO:teuthology.orchestra.run.smithi019.stdout:/usr/bin/ceph: stderr
2024-03-22T06:51:55.390+0000 7f4ffa5ae700 1 Processor -- start
2024-03-22T06:51:56.292 INFO:teuthology.orchestra.run.smithi019.stdout:/usr/bin/ceph: stderr
2024-03-22T06:51:55.390+0000 7f4ffa5ae700 1 -- start start
2024-03-22T06:51:56.292 INFO:teuthology.orchestra.run.smithi019.stdout:/usr/bin/ceph: stderr
2024-03-22T06:51:55.390+0000 7f4ffa5ae700 1 --2- >> [v2:172.21.15.19:3300/0,v1:172.21.15.19:6789/0] conn(0x7f4ff4102770 0x7f4ff4102b80 unknown :-1 s=NONE pgs=0 cs=0 l=0 rev1=0 crypto rx=0 tx=0 comp rx=0 tx=0).connect
2024-03-22T06:51:56.292 INFO:teuthology.orchestra.run.smithi019.stdout:/usr/bin/ceph: stderr
2024-03-22T06:51:55.390+0000 7f4ffa5ae700 1 -- --> [v2:172.21.15.19:3300/0,v1:172.21.15.19:6789/0] -- mon_getmap magic: 0 v1 -- 0x7f4ff41030c0 con 0x7f4ff4102770
2024-03-22T06:51:56.292 INFO:teuthology.orchestra.run.smithi019.stdout:/usr/bin/ceph: stderr
2024-03-22T06:51:55.390+0000 7f4ff3fff700 1 --2- >> [v2:172.21.15.19:3300/0,v1:172.21.15.19:6789/0] conn(0x7f4ff4102770 0x7f4ff4102b80 unknown :-1 s=BANNER_CONNECTING pgs=0 cs=0 l=0 rev1=0 crypto rx=0 tx=0 comp rx=0 tx=0)._handle_peer_banner_payload supported=3 required=0
2024-03-22T06:51:56.293 INFO:teuthology.orchestra.run.smithi019.stdout:/usr/bin/ceph: stderr
2024-03-22T06:51:55.390+0000 7f4ff3fff700 1 --2- >> [v2:172.21.15.19:3300/0,v1:172.21.15.19:6789/0] conn(0x7f4ff4102770 0x7f4ff4102b80 unknown :-1 s=HELLO_CONNECTING pgs=0 cs=0 l=0 rev1=1 crypto rx=0 tx=0 comp rx=0 tx=0).handle_hello peer v2:172.21.15.19:3300/0 says I am v2:172.21.15.19:35350/0 (socket says 172.21.15.19:35350)
2024-03-22T06:51:56.293 INFO:teuthology.orchestra.run.smithi019.stdout:/usr/bin/ceph: stderr
2024-03-22T06:51:55.390+0000 7f4ff3fff700 1 -- 172.21.15.19:0/1055826206 learned_addr learned my addr 172.21.15.19:0/1055826206 (peer_addr_for_me v2:172.21.15.19:0/0)
2024-03-22T06:51:56.293 INFO:teuthology.orchestra.run.smithi019.stdout:/usr/bin/ceph: stderr
2024-03-22T06:51:55.390+0000 7f4ff3fff700 1 -- 172.21.15.19:0/1055826206 --> [v2:172.21.15.19:3300/0,v1:172.21.15.19:6789/0] -- mon_subscribe({config=0+,monmap=0+}) v3 -- 0x7f4ff4103200 con 0x7f4ff4102770
2024-03-22T06:51:56.293 INFO:teuthology.orchestra.run.smithi019.stdout:/usr/bin/ceph: stderr
2024-03-22T06:51:55.391+0000 7f4ff3fff700 1 --2- 172.21.15.19:0/1055826206 >> [v2:172.21.15.19:3300/0,v1:172.21.15.19:6789/0] conn(0x7f4ff4102770 0x7f4ff4102b80 secure :-1 s=READY pgs=86 cs=0 l=1 rev1=1 crypto rx=0x7f4fe40098e0 tx=0x7f4fe4009250 comp rx=0 tx=0).ready entity=mon.0 client_cookie=115fc081052ffbc3 server_cookie=0 in_seq=0 out_seq=0
2024-03-22T06:51:56.293 INFO:teuthology.orchestra.run.smithi019.stdout:/usr/bin/ceph: stderr
2024-03-22T06:51:55.391+0000 7f4ff2ffd700 1 -- 172.21.15.19:0/1055826206 <== mon.0 v2:172.21.15.19:3300/0 1 ==== mon_map magic: 0 v1 ==== 229+0+0 (secure 0 0 0) 0x7f4fe400b860 con 0x7f4ff4102770
2024-03-22T06:51:56.293 INFO:teuthology.orchestra.run.smithi019.stdout:/usr/bin/ceph: stderr
2024-03-22T06:51:55.391+0000 7f4ff2ffd700 1 -- 172.21.15.19:0/1055826206 <== mon.0 v2:172.21.15.19:3300/0 2 ==== config(27 keys) v1 ==== 1109+0+0 (secure 0 0 0) 0x7f4fe400be90 con 0x7f4ff4102770
2024-03-22T06:51:56.293 INFO:teuthology.orchestra.run.smithi019.stdout:/usr/bin/ceph: stderr
2024-03-22T06:51:55.391+0000 7f4ff2ffd700 1 -- 172.21.15.19:0/1055826206 <== mon.0 v2:172.21.15.19:3300/0 3 ==== mon_map magic: 0 v1 ==== 229+0+0 (secure 0 0 0) 0x7f4fe40103c0 con 0x7f4ff4102770
2024-03-22T06:51:56.293 INFO:teuthology.orchestra.run.smithi019.stdout:/usr/bin/ceph: stderr
2024-03-22T06:51:55.391+0000 7f4ffa5ae700 1 -- 172.21.15.19:0/1055826206 >> [v2:172.21.15.19:3300/0,v1:172.21.15.19:6789/0] conn(0x7f4ff4102770 msgr2=0x7f4ff4102b80 secure :-1 s=STATE_CONNECTION_ESTABLISHED l=1).mark_down
2024-03-22T06:51:56.293 INFO:teuthology.orchestra.run.smithi019.stdout:/usr/bin/ceph: stderr
2024-03-22T06:51:55.391+0000 7f4ffa5ae700 1 --2- 172.21.15.19:0/1055826206 >> [v2:172.21.15.19:3300/0,v1:172.21.15.19:6789/0] conn(0x7f4ff4102770 0x7f4ff4102b80 secure :-1 s=READY pgs=86 cs=0 l=1 rev1=1 crypto rx=0x7f4fe40098e0 tx=0x7f4fe4009250 comp rx=0 tx=0).stop
2024-03-22T06:51:56.293 INFO:teuthology.orchestra.run.smithi019.stdout:/usr/bin/ceph: stderr
2024-03-22T06:51:55.391+0000 7f4ffa5ae700 1 -- 172.21.15.19:0/1055826206 shutdown_connections
2024-03-22T06:51:56.293 INFO:teuthology.orchestra.run.smithi019.stdout:/usr/bin/ceph: stderr
2024-03-22T06:51:55.391+0000 7f4ffa5ae700 1 --2- 172.21.15.19:0/1055826206 >> [v2:172.21.15.19:3300/0,v1:172.21.15.19:6789/0] conn(0x7f4ff4102770 0x7f4ff4102b80 unknown :-1 s=CLOSED pgs=86 cs=0 l=1 rev1=1 crypto rx=0 tx=0 comp rx=0 tx=0).stop
2024-03-22T06:51:56.293 INFO:teuthology.orchestra.run.smithi019.stdout:/usr/bin/ceph: stderr
2024-03-22T06:51:55.391+0000 7f4ffa5ae700 1 -- 172.21.15.19:0/1055826206 >> 172.21.15.19:0/1055826206 conn(0x7f4ff40fde90 msgr2=0x7f4ff4100300 unknown :-1 s=STATE_NONE l=0).mark_down
2024-03-22T06:51:56.293 INFO:teuthology.orchestra.run.smithi019.stdout:/usr/bin/ceph: stderr
2024-03-22T06:51:55.391+0000 7f4ffa5ae700 1 -- 172.21.15.19:0/1055826206 shutdown_connections
2024-03-22T06:51:56.294 INFO:teuthology.orchestra.run.smithi019.stdout:/usr/bin/ceph: stderr
2024-03-22T06:51:55.391+0000 7f4ffa5ae700 1 -- 172.21.15.19:0/1055826206 wait complete.
2024-03-22T06:51:56.294 INFO:teuthology.orchestra.run.smithi019.stdout:/usr/bin/ceph: stderr
2024-03-22T06:51:55.392+0000 7f4ffa5ae700 1 Processor -- start
2024-03-22T06:51:56.294 INFO:teuthology.orchestra.run.smithi019.stdout:/usr/bin/ceph: stderr
2024-03-22T06:51:55.392+0000 7f4ffa5ae700 1 -- start start
2024-03-22T06:51:56.294 INFO:teuthology.orchestra.run.smithi019.stdout:/usr/bin/ceph: stderr
2024-03-22T06:51:55.392+0000 7f4ffa5ae700 1 --2- >> [v2:172.21.15.19:3300/0,v1:172.21.15.19:6789/0] conn(0x7f4ff4102770 0x7f4ff41115d0 unknown :-1 s=NONE pgs=0 cs=0 l=1 rev1=0 crypto rx=0 tx=0 comp rx=0 tx=0).connect
2024-03-22T06:51:56.294 INFO:teuthology.orchestra.run.smithi019.stdout:/usr/bin/ceph: stderr
2024-03-22T06:51:55.392+0000 7f4ffa5ae700 1 -- --> [v2:172.21.15.19:3300/0,v1:172.21.15.19:6789/0] -- mon_getmap magic: 0 v1 -- 0x7f4ff4111b10 con 0x7f4ff4102770
2024-03-22T06:51:56.294 INFO:teuthology.orchestra.run.smithi019.stdout:/usr/bin/ceph: stderr
2024-03-22T06:51:55.392+0000 7f4ff3fff700 1 --2- >> [v2:172.21.15.19:3300/0,v1:172.21.15.19:6789/0] conn(0x7f4ff4102770 0x7f4ff41115d0 unknown :-1 s=BANNER_CONNECTING pgs=0 cs=0 l=1 rev1=0 crypto rx=0 tx=0 comp rx=0 tx=0)._handle_peer_banner_payload supported=3 required=0
2024-03-22T06:51:56.294 INFO:teuthology.orchestra.run.smithi019.stdout:/usr/bin/ceph: stderr
2024-03-22T06:51:55.392+0000 7f4ff3fff700 1 --2- >> [v2:172.21.15.19:3300/0,v1:172.21.15.19:6789/0] conn(0x7f4ff4102770 0x7f4ff41115d0 unknown :-1 s=HELLO_CONNECTING pgs=0 cs=0 l=1 rev1=1 crypto rx=0 tx=0 comp rx=0 tx=0).handle_hello peer v2:172.21.15.19:3300/0 says I am v2:172.21.15.19:35364/0 (socket says 172.21.15.19:35364)
2024-03-22T06:51:56.294 INFO:teuthology.orchestra.run.smithi019.stdout:/usr/bin/ceph: stderr
2024-03-22T06:51:55.392+0000 7f4ff3fff700 1 -- 172.21.15.19:0/2121960835 learned_addr learned my addr 172.21.15.19:0/2121960835 (peer_addr_for_me v2:172.21.15.19:0/0)
2024-03-22T06:51:56.294 INFO:teuthology.orchestra.run.smithi019.stdout:/usr/bin/ceph: stderr
2024-03-22T06:51:55.393+0000 7f4ff3fff700 1 -- 172.21.15.19:0/2121960835 --> [v2:172.21.15.19:3300/0,v1:172.21.15.19:6789/0] -- mon_subscribe({config=0+,monmap=0+}) v3 -- 0x7f4fe40094f0 con 0x7f4ff4102770
