2024-03-22T06:54:50.828+0000 7f78a9196700 1 -- 172.21.15.90:0/4015808595 >> [v2:172.21.15.90:6800/4010402758,v1:172.21.15.90:6801/4010402758] conn(0x7f7890036790 msgr2=0x7f7890038c40 secure :-1 s=STATE_CONNECTION_ESTABLISHED l=1).mark_down
2024-03-22T06:54:51.401 INFO:teuthology.orchestra.run.smithi090.stdout:/usr/bin/ceph: stderr
2024-03-22T06:54:50.828+0000 7f78a9196700 1 --2- 172.21.15.90:0/4015808595 >> [v2:172.21.15.90:6800/4010402758,v1:172.21.15.90:6801/4010402758] conn(0x7f7890036790 0x7f7890038c40 secure :-1 s=READY pgs=18 cs=0 l=1 rev1=1 crypto rx=0x7f788c009990 tx=0x7f788c006e40 comp rx=0 tx=0).stop
2024-03-22T06:54:51.401 INFO:teuthology.orchestra.run.smithi090.stdout:/usr/bin/ceph: stderr
2024-03-22T06:54:50.828+0000 7f78a9196700 1 -- 172.21.15.90:0/4015808595 >> [v2:172.21.15.90:3300/0,v1:172.21.15.90:6789/0] conn(0x7f78a41015d0 msgr2=0x7f78a410f3a0 secure :-1 s=STATE_CONNECTION_ESTABLISHED l=1).mark_down
2024-03-22T06:54:51.401 INFO:teuthology.orchestra.run.smithi090.stdout:/usr/bin/ceph: stderr
2024-03-22T06:54:50.828+0000 7f78a9196700 1 --2- 172.21.15.90:0/4015808595 >> [v2:172.21.15.90:3300/0,v1:172.21.15.90:6789/0] conn(0x7f78a41015d0 0x7f78a410f3a0 secure :-1 s=READY pgs=60 cs=0 l=1 rev1=1 crypto rx=0x7f78940106a0 tx=0x7f789400b4f0 comp rx=0 tx=0).stop
2024-03-22T06:54:51.401 INFO:teuthology.orchestra.run.smithi090.stdout:/usr/bin/ceph: stderr
2024-03-22T06:54:50.828+0000 7f78a9196700 1 -- 172.21.15.90:0/4015808595 shutdown_connections
2024-03-22T06:54:51.401 INFO:teuthology.orchestra.run.smithi090.stdout:/usr/bin/ceph: stderr
2024-03-22T06:54:50.828+0000 7f78a9196700 1 --2- 172.21.15.90:0/4015808595 >> [v2:172.21.15.90:6800/4010402758,v1:172.21.15.90:6801/4010402758] conn(0x7f7890036790 0x7f7890038c40 unknown :-1 s=CLOSED pgs=18 cs=0 l=1 rev1=1 crypto rx=0 tx=0 comp rx=0 tx=0).stop
2024-03-22T06:54:51.401 INFO:teuthology.orchestra.run.smithi090.stdout:/usr/bin/ceph: stderr
2024-03-22T06:54:50.828+0000 7f78a9196700 1 --2- 172.21.15.90:0/4015808595 >> [v2:172.21.15.90:3300/0,v1:172.21.15.90:6789/0] conn(0x7f78a41015d0 0x7f78a410f3a0 unknown :-1 s=CLOSED pgs=60 cs=0 l=1 rev1=1 crypto rx=0 tx=0 comp rx=0 tx=0).stop
2024-03-22T06:54:51.401 INFO:teuthology.orchestra.run.smithi090.stdout:/usr/bin/ceph: stderr
2024-03-22T06:54:50.828+0000 7f78a9196700 1 -- 172.21.15.90:0/4015808595 >> 172.21.15.90:0/4015808595 conn(0x7f78a40fcd50 msgr2=0x7f78a4105b70 unknown :-1 s=STATE_NONE l=0).mark_down
2024-03-22T06:54:51.401 INFO:teuthology.orchestra.run.smithi090.stdout:/usr/bin/ceph: stderr
2024-03-22T06:54:50.828+0000 7f78a9196700 1 -- 172.21.15.90:0/4015808595 shutdown_connections
2024-03-22T06:54:51.401 INFO:teuthology.orchestra.run.smithi090.stdout:/usr/bin/ceph: stderr
2024-03-22T06:54:50.828+0000 7f78a9196700 1 -- 172.21.15.90:0/4015808595 wait complete.
2024-03-22T06:54:52.266 INFO:journalctl@ceph.mon.smithi090.smithi090.stdout:Mar 22 06:54:51 smithi090 ceph-mon[29293]: pgmap v3: 0 pgs: ; 0 B data, 0 B used, 0 B / 0 B avail
2024-03-22T06:54:52.266 INFO:journalctl@ceph.mon.smithi090.smithi090.stdout:Mar 22 06:54:51 smithi090 ceph-mon[29293]: from='client.14154 -' entity='client.admin' cmd=[{"prefix": "orch apply", "service_type": "alertmanager", "target": ["mon-mgr", ""]}]: dispatch
2024-03-22T06:54:52.266 INFO:journalctl@ceph.mon.smithi090.smithi090.stdout:Mar 22 06:54:51 smithi090 ceph-mon[29293]: Saving service alertmanager spec with placement count:1
2024-03-22T06:54:52.266 INFO:journalctl@ceph.mon.smithi090.smithi090.stdout:Mar 22 06:54:51 smithi090 ceph-mon[29293]: from='mgr.14120 172.21.15.90:0/4158368724' entity='mgr.smithi090.cxakiw'
2024-03-22T06:54:52.660 INFO:teuthology.orchestra.run.smithi090.stdout:/usr/bin/ceph: stderr
2024-03-22T06:54:51.823+0000 7f8f31460700 1 Processor -- start
2024-03-22T06:54:52.660 INFO:teuthology.orchestra.run.smithi090.stdout:/usr/bin/ceph: stderr
2024-03-22T06:54:51.823+0000 7f8f31460700 1 -- start start
2024-03-22T06:54:52.660 INFO:teuthology.orchestra.run.smithi090.stdout:/usr/bin/ceph: stderr
2024-03-22T06:54:51.823+0000 7f8f31460700 1 --2- >> [v2:172.21.15.90:3300/0,v1:172.21.15.90:6789/0] conn(0x7f8f2c076b30 0x7f8f2c105430 unknown :-1 s=NONE pgs=0 cs=0 l=0 rev1=0 crypto rx=0 tx=0 comp rx=0 tx=0).connect
2024-03-22T06:54:52.660 INFO:teuthology.orchestra.run.smithi090.stdout:/usr/bin/ceph: stderr
2024-03-22T06:54:51.823+0000 7f8f31460700 1 -- --> [v2:172.21.15.90:3300/0,v1:172.21.15.90:6789/0] -- mon_getmap magic: 0 v1 -- 0x7f8f2c105970 con 0x7f8f2c076b30
2024-03-22T06:54:52.660 INFO:teuthology.orchestra.run.smithi090.stdout:/usr/bin/ceph: stderr
2024-03-22T06:54:51.823+0000 7f8f2affd700 1 --2- >> [v2:172.21.15.90:3300/0,v1:172.21.15.90:6789/0] conn(0x7f8f2c076b30 0x7f8f2c105430 unknown :-1 s=BANNER_CONNECTING pgs=0 cs=0 l=0 rev1=0 crypto rx=0 tx=0 comp rx=0 tx=0)._handle_peer_banner_payload supported=3 required=0
2024-03-22T06:54:52.660 INFO:teuthology.orchestra.run.smithi090.stdout:/usr/bin/ceph: stderr
2024-03-22T06:54:51.823+0000 7f8f2affd700 1 --2- >> [v2:172.21.15.90:3300/0,v1:172.21.15.90:6789/0] conn(0x7f8f2c076b30 0x7f8f2c105430 unknown :-1 s=HELLO_CONNECTING pgs=0 cs=0 l=0 rev1=1 crypto rx=0 tx=0 comp rx=0 tx=0).handle_hello peer v2:172.21.15.90:3300/0 says I am v2:172.21.15.90:37036/0 (socket says 172.21.15.90:37036)
2024-03-22T06:54:52.660 INFO:teuthology.orchestra.run.smithi090.stdout:/usr/bin/ceph: stderr
2024-03-22T06:54:51.823+0000 7f8f2affd700 1 -- 172.21.15.90:0/635192926 learned_addr learned my addr 172.21.15.90:0/635192926 (peer_addr_for_me v2:172.21.15.90:0/0)
2024-03-22T06:54:52.660 INFO:teuthology.orchestra.run.smithi090.stdout:/usr/bin/ceph: stderr
2024-03-22T06:54:51.823+0000 7f8f2affd700 1 -- 172.21.15.90:0/635192926 --> [v2:172.21.15.90:3300/0,v1:172.21.15.90:6789/0] -- mon_subscribe({config=0+,monmap=0+}) v3 -- 0x7f8f2c105ab0 con 0x7f8f2c076b30
2024-03-22T06:54:52.660 INFO:teuthology.orchestra.run.smithi090.stdout:/usr/bin/ceph: stderr
2024-03-22T06:54:51.824+0000 7f8f2affd700 1 --2- 172.21.15.90:0/635192926 >> [v2:172.21.15.90:3300/0,v1:172.21.15.90:6789/0] conn(0x7f8f2c076b30 0x7f8f2c105430 secure :-1 s=READY pgs=61 cs=0 l=1 rev1=1 crypto rx=0x7f8f1c0098e0 tx=0x7f8f1c009250 comp rx=0 tx=0).ready entity=mon.0 client_cookie=14467e386ef7bc48 server_cookie=0 in_seq=0 out_seq=0
2024-03-22T06:54:52.660 INFO:teuthology.orchestra.run.smithi090.stdout:/usr/bin/ceph: stderr
2024-03-22T06:54:51.824+0000 7f8f29ffb700 1 -- 172.21.15.90:0/635192926 <== mon.0 v2:172.21.15.90:3300/0 1 ==== mon_map magic: 0 v1 ==== 229+0+0 (secure 0 0 0) 0x7f8f1c00b860 con 0x7f8f2c076b30
2024-03-22T06:54:52.660 INFO:teuthology.orchestra.run.smithi090.stdout:/usr/bin/ceph: stderr
2024-03-22T06:54:51.824+0000 7f8f29ffb700 1 -- 172.21.15.90:0/635192926 <== mon.0 v2:172.21.15.90:3300/0 2 ==== config(27 keys) v1 ==== 1109+0+0 (secure 0 0 0) 0x7f8f1c00be90 con 0x7f8f2c076b30
2024-03-22T06:54:52.661 INFO:teuthology.orchestra.run.smithi090.stdout:/usr/bin/ceph: stderr
2024-03-22T06:54:51.824+0000 7f8f29ffb700 1 -- 172.21.15.90:0/635192926 <== mon.0 v2:172.21.15.90:3300/0 3 ==== mon_map magic: 0 v1 ==== 229+0+0 (secure 0 0 0) 0x7f8f1c0103c0 con 0x7f8f2c076b30
2024-03-22T06:54:52.661 INFO:teuthology.orchestra.run.smithi090.stdout:/usr/bin/ceph: stderr
2024-03-22T06:54:51.825+0000 7f8f31460700 1 -- 172.21.15.90:0/635192926 >> [v2:172.21.15.90:3300/0,v1:172.21.15.90:6789/0] conn(0x7f8f2c076b30 msgr2=0x7f8f2c105430 secure :-1 s=STATE_CONNECTION_ESTABLISHED l=1).mark_down
2024-03-22T06:54:52.661 INFO:teuthology.orchestra.run.smithi090.stdout:/usr/bin/ceph: stderr
2024-03-22T06:54:51.825+0000 7f8f31460700 1 --2- 172.21.15.90:0/635192926 >> [v2:172.21.15.90:3300/0,v1:172.21.15.90:6789/0] conn(0x7f8f2c076b30 0x7f8f2c105430 secure :-1 s=READY pgs=61 cs=0 l=1 rev1=1 crypto rx=0x7f8f1c0098e0 tx=0x7f8f1c009250 comp rx=0 tx=0).stop
2024-03-22T06:54:52.661 INFO:teuthology.orchestra.run.smithi090.stdout:/usr/bin/ceph: stderr
2024-03-22T06:54:51.825+0000 7f8f31460700 1 -- 172.21.15.90:0/635192926 shutdown_connections
2024-03-22T06:54:52.661 INFO:teuthology.orchestra.run.smithi090.stdout:/usr/bin/ceph: stderr
2024-03-22T06:54:51.825+0000 7f8f31460700 1 --2- 172.21.15.90:0/635192926 >> [v2:172.21.15.90:3300/0,v1:172.21.15.90:6789/0] conn(0x7f8f2c076b30 0x7f8f2c105430 unknown :-1 s=CLOSED pgs=61 cs=0 l=1 rev1=1 crypto rx=0 tx=0 comp rx=0 tx=0).stop
2024-03-22T06:54:52.661 INFO:teuthology.orchestra.run.smithi090.stdout:/usr/bin/ceph: stderr
2024-03-22T06:54:51.825+0000 7f8f31460700 1 -- 172.21.15.90:0/635192926 >> 172.21.15.90:0/635192926 conn(0x7f8f2c0fce40 msgr2=0x7f8f2c0ff270 unknown :-1 s=STATE_NONE l=0).mark_down
2024-03-22T06:54:52.661 INFO:teuthology.orchestra.run.smithi090.stdout:/usr/bin/ceph: stderr
2024-03-22T06:54:51.825+0000 7f8f31460700 1 -- 172.21.15.90:0/635192926 shutdown_connections
2024-03-22T06:54:52.661 INFO:teuthology.orchestra.run.smithi090.stdout:/usr/bin/ceph: stderr
2024-03-22T06:54:51.825+0000 7f8f31460700 1 -- 172.21.15.90:0/635192926 wait complete.
2024-03-22T06:54:52.661 INFO:teuthology.orchestra.run.smithi090.stdout:/usr/bin/ceph: stderr
2024-03-22T06:54:51.826+0000 7f8f31460700 1 Processor -- start
2024-03-22T06:54:52.661 INFO:teuthology.orchestra.run.smithi090.stdout:/usr/bin/ceph: stderr
2024-03-22T06:54:51.826+0000 7f8f31460700 1 -- start start
2024-03-22T06:54:52.661 INFO:teuthology.orchestra.run.smithi090.stdout:/usr/bin/ceph: stderr
2024-03-22T06:54:51.826+0000 7f8f31460700 1 --2- >> [v2:172.21.15.90:3300/0,v1:172.21.15.90:6789/0] conn(0x7f8f2c076b30 0x7f8f2c111600 unknown :-1 s=NONE pgs=0 cs=0 l=1 rev1=0 crypto rx=0 tx=0 comp rx=0 tx=0).connect
2024-03-22T06:54:52.661 INFO:teuthology.orchestra.run.smithi090.stdout:/usr/bin/ceph: stderr
2024-03-22T06:54:51.826+0000 7f8f31460700 1 -- --> [v2:172.21.15.90:3300/0,v1:172.21.15.90:6789/0] -- mon_getmap magic: 0 v1 -- 0x7f8f2c111b40 con 0x7f8f2c076b30
2024-03-22T06:54:52.661 INFO:teuthology.orchestra.run.smithi090.stdout:/usr/bin/ceph: stderr
2024-03-22T06:54:51.826+0000 7f8f2affd700 1 --2- >> [v2:172.21.15.90:3300/0,v1:172.21.15.90:6789/0] conn(0x7f8f2c076b30 0x7f8f2c111600 unknown :-1 s=BANNER_CONNECTING pgs=0 cs=0 l=1 rev1=0 crypto rx=0 tx=0 comp rx=0 tx=0)._handle_peer_banner_payload supported=3 required=0
2024-03-22T06:54:52.661 INFO:teuthology.orchestra.run.smithi090.stdout:/usr/bin/ceph: stderr
2024-03-22T06:54:51.826+0000 7f8f2affd700 1 --2- >> [v2:172.21.15.90:3300/0,v1:172.21.15.90:6789/0] conn(0x7f8f2c076b30 0x7f8f2c111600 unknown :-1 s=HELLO_CONNECTING pgs=0 cs=0 l=1 rev1=1 crypto rx=0 tx=0 comp rx=0 tx=0).handle_hello peer v2:172.21.15.90:3300/0 says I am v2:172.21.15.90:37044/0 (socket says 172.21.15.90:37044)
2024-03-22T06:54:52.662 INFO:teuthology.orchestra.run.smithi090.stdout:/usr/bin/ceph: stderr
2024-03-22T06:54:51.826+0000 7f8f2affd700 1 -- 172.21.15.90:0/4284284119 learned_addr learned my addr 172.21.15.90:0/4284284119 (peer_addr_for_me v2:172.21.15.90:0/0)
2024-03-22T06:54:52.662 INFO:teuthology.orchestra.run.smithi090.stdout:/usr/bin/ceph: stderr
2024-03-22T06:54:51.826+0000 7f8f2affd700 1 -- 172.21.15.90:0/4284284119 --> [v2:172.21.15.90:3300/0,v1:172.21.15.90:6789/0] -- mon_subscribe({config=0+,monmap=0+}) v3 -- 0x7f8f1c0094f0 con 0x7f8f2c076b30
2024-03-22T06:54:52.662 INFO:teuthology.orchestra.run.smithi090.stdout:/usr/bin/ceph: stderr
2024-03-22T06:54:51.826+0000 7f8f2affd700 1 --2- 172.21.15.90:0/4284284119 >> [v2:172.21.15.90:3300/0,v1:172.21.15.90:6789/0] conn(0x7f8f2c076b30 0x7f8f2c111600 secure :-1 s=READY pgs=62 cs=0 l=1 rev1=1 crypto rx=0x7f8f1c0105b0 tx=0x7f8f1c009250 comp rx=0 tx=0).ready entity=mon.0 client_cookie=0 server_cookie=0 in_seq=0 out_seq=0
2024-03-22T06:54:52.662 INFO:teuthology.orchestra.run.smithi090.stdout:/usr/bin/ceph: stderr
2024-03-22T06:54:51.827+0000 7f8f137fe700 1 -- 172.21.15.90:0/4284284119 <== mon.0 v2:172.21.15.90:3300/0 1 ==== mon_map magic: 0 v1 ==== 229+0+0 (secure 0 0 0) 0x7f8f1c010840 con 0x7f8f2c076b30
2024-03-22T06:54:52.662 INFO:teuthology.orchestra.run.smithi090.stdout:/usr/bin/ceph: stderr
2024-03-22T06:54:51.827+0000 7f8f137fe700 1 -- 172.21.15.90:0/4284284119 <== mon.0 v2:172.21.15.90:3300/0 2 ==== config(27 keys) v1 ==== 1109+0+0 (secure 0 0 0) 0x7f8f1c010e70 con 0x7f8f2c076b30
2024-03-22T06:54:52.662 INFO:teuthology.orchestra.run.smithi090.stdout:/usr/bin/ceph: stderr
2024-03-22T06:54:51.827+0000 7f8f31460700 1 -- 172.21.15.90:0/4284284119 --> [v2:172.21.15.90:3300/0,v1:172.21.15.90:6789/0] -- mon_subscribe({mgrmap=0+}) v3 -- 0x7f8f2c111d40 con 0x7f8f2c076b30
2024-03-22T06:54:52.662 INFO:teuthology.orchestra.run.smithi090.stdout:/usr/bin/ceph: stderr
2024-03-22T06:54:51.827+0000 7f8f137fe700 1 -- 172.21.15.90:0/4284284119 <== mon.0 v2:172.21.15.90:3300/0 3 ==== mon_map magic: 0 v1 ==== 229+0+0 (secure 0 0 0) 0x7f8f1c01ae30 con 0x7f8f2c076b30
2024-03-22T06:54:52.662 INFO:teuthology.orchestra.run.smithi090.stdout:/usr/bin/ceph: stderr
2024-03-22T06:54:51.827+0000 7f8f31460700 1 -- 172.21.15.90:0/4284284119 --> [v2:172.21.15.90:3300/0,v1:172.21.15.90:6789/0] -- mon_subscribe({osdmap=0}) v3 -- 0x7f8f2c1128b0 con 0x7f8f2c076b30
2024-03-22T06:54:52.662 INFO:teuthology.orchestra.run.smithi090.stdout:/usr/bin/ceph: stderr
2024-03-22T06:54:51.827+0000 7f8f137fe700 1 -- 172.21.15.90:0/4284284119 <== mon.0 v2:172.21.15.90:3300/0 4 ==== mgrmap(e 8) v1 ==== 43368+0+0 (secure 0 0 0) 0x7f8f1c02d3f0 con 0x7f8f2c076b30
2024-03-22T06:54:52.662 INFO:teuthology.orchestra.run.smithi090.stdout:/usr/bin/ceph: stderr
2024-03-22T06:54:51.828+0000 7f8f137fe700 1 --2- 172.21.15.90:0/4284284119 >> [v2:172.21.15.90:6800/4010402758,v1:172.21.15.90:6801/4010402758] conn(0x7f8f14036790 0x7f8f14038c40 unknown :-1 s=NONE pgs=0 cs=0 l=1 rev1=0 crypto rx=0 tx=0 comp rx=0 tx=0).connect
2024-03-22T06:54:52.662 INFO:teuthology.orchestra.run.smithi090.stdout:/usr/bin/ceph: stderr
2024-03-22T06:54:51.828+0000 7f8f137fe700 1 -- 172.21.15.90:0/4284284119 <== mon.0 v2:172.21.15.90:3300/0 5 ==== osd_map(2..2 src has 1..2) v4 ==== 936+0+0 (secure 0 0 0) 0x7f8f1c04a2f0 con 0x7f8f2c076b30
2024-03-22T06:54:52.663 INFO:teuthology.orchestra.run.smithi090.stdout:/usr/bin/ceph: stderr
2024-03-22T06:54:51.828+0000 7f8f31460700 1 -- 172.21.15.90:0/4284284119 --> [v2:172.21.15.90:3300/0,v1:172.21.15.90:6789/0] -- mon_command({"prefix": "get_command_descriptions"} v 0) v1 -- 0x7f8f2c05f5f0 con 0x7f8f2c076b30
2024-03-22T06:54:52.663 INFO:teuthology.orchestra.run.smithi090.stdout:/usr/bin/ceph: stderr
2024-03-22T06:54:51.828+0000 7f8f2a7fc700 1 --2- 172.21.15.90:0/4284284119 >> [v2:172.21.15.90:6800/4010402758,v1:172.21.15.90:6801/4010402758] conn(0x7f8f14036790 0x7f8f14038c40 unknown :-1 s=BANNER_CONNECTING pgs=0 cs=0 l=1 rev1=0 crypto rx=0 tx=0 comp rx=0 tx=0)._handle_peer_banner_payload supported=3 required=0
2024-03-22T06:54:52.663 INFO:teuthology.orchestra.run.smithi090.stdout:/usr/bin/ceph: stderr
2024-03-22T06:54:51.828+0000 7f8f2a7fc700 1 --2- 172.21.15.90:0/4284284119 >> [v2:172.21.15.90:6800/4010402758,v1:172.21.15.90:6801/4010402758] conn(0x7f8f14036790 0x7f8f14038c40 secure :-1 s=READY pgs=19 cs=0 l=1 rev1=1 crypto rx=0x7f8f20009990 tx=0x7f8f20006e40 comp rx=0 tx=0).ready entity=mgr.14120 client_cookie=0 server_cookie=0 in_seq=0 out_seq=0
2024-03-22T06:54:52.663 INFO:teuthology.orchestra.run.smithi090.stdout:/usr/bin/ceph: stderr
2024-03-22T06:54:51.832+0000 7f8f137fe700 1 -- 172.21.15.90:0/4284284119 <== mon.0 v2:172.21.15.90:3300/0 6 ==== mon_command_ack([{"prefix": "get_command_descriptions"}]=0 v0) v1 ==== 72+0+176504 (secure 0 0 0) 0x7f8f1c02b8e0 con 0x7f8f2c076b30
2024-03-22T06:54:52.663 INFO:teuthology.orchestra.run.smithi090.stdout:/usr/bin/ceph: stderr
2024-03-22T06:54:52.017+0000 7f8f31460700 1 -- 172.21.15.90:0/4284284119 --> [v2:172.21.15.90:3300/0,v1:172.21.15.90:6789/0] -- mon_command([{prefix=config set, name=mgr/cephadm/container_init}] v 0) v1 -- 0x7f8f2c04bed0 con 0x7f8f2c076b30
2024-03-22T06:54:52.663 INFO:teuthology.orchestra.run.smithi090.stdout:/usr/bin/ceph: stderr
2024-03-22T06:54:52.023+0000 7f8f137fe700 1 -- 172.21.15.90:0/4284284119 <== mon.0 v2:172.21.15.90:3300/0 7 ==== mon_command_ack([{prefix=config set, name=mgr/cephadm/container_init}]=0 v7)=0 v7) v1 ==== 142+0+0 (secure 0 0 0) 0x7f8f1c02b2f0 con 0x7f8f2c076b30
2024-03-22T06:54:52.663 INFO:teuthology.orchestra.run.smithi090.stdout:/usr/bin/ceph: stderr
2024-03-22T06:54:52.025+0000 7f8f31460700 1 -- 172.21.15.90:0/4284284119 >> [v2:172.21.15.90:6800/4010402758,v1:172.21.15.90:6801/4010402758] conn(0x7f8f14036790 msgr2=0x7f8f14038c40 secure :-1 s=STATE_CONNECTION_ESTABLISHED l=1).mark_down
2024-03-22T06:54:52.663 INFO:teuthology.orchestra.run.smithi090.stdout:/usr/bin/ceph: stderr
2024-03-22T06:54:52.025+0000 7f8f31460700 1 --2- 172.21.15.90:0/4284284119 >> [v2:172.21.15.90:6800/4010402758,v1:172.21.15.90:6801/4010402758] conn(0x7f8f14036790 0x7f8f14038c40 secure :-1 s=READY pgs=19 cs=0 l=1 rev1=1 crypto rx=0x7f8f20009990 tx=0x7f8f20006e40 comp rx=0 tx=0).stop
2024-03-22T06:54:52.663 INFO:teuthology.orchestra.run.smithi090.stdout:/usr/bin/ceph: stderr
2024-03-22T06:54:52.025+0000 7f8f31460700 1 -- 172.21.15.90:0/4284284119 >> [v2:172.21.15.90:3300/0,v1:172.21.15.90:6789/0] conn(0x7f8f2c076b30 msgr2=0x7f8f2c111600 secure :-1 s=STATE_CONNECTION_ESTABLISHED l=1).mark_down
2024-03-22T06:54:52.663 INFO:teuthology.orchestra.run.smithi090.stdout:/usr/bin/ceph: stderr
2024-03-22T06:54:52.025+0000 7f8f31460700 1 --2- 172.21.15.90:0/4284284119 >> [v2:172.21.15.90:3300/0,v1:172.21.15.90:6789/0] conn(0x7f8f2c076b30 0x7f8f2c111600 secure :-1 s=READY pgs=62 cs=0 l=1 rev1=1 crypto rx=0x7f8f1c0105b0 tx=0x7f8f1c009250 comp rx=0 tx=0).stop
2024-03-22T06:54:52.663 INFO:teuthology.orchestra.run.smithi090.stdout:/usr/bin/ceph: stderr
2024-03-22T06:54:52.025+0000 7f8f31460700 1 -- 172.21.15.90:0/4284284119 shutdown_connections
2024-03-22T06:54:52.663 INFO:teuthology.orchestra.run.smithi090.stdout:/usr/bin/ceph: stderr
2024-03-22T06:54:52.025+0000 7f8f31460700 1 --2- 172.21.15.90:0/4284284119 >> [v2:172.21.15.90:6800/4010402758,v1:172.21.15.90:6801/4010402758] conn(0x7f8f14036790 0x7f8f14038c40 unknown :-1 s=CLOSED pgs=19 cs=0 l=1 rev1=1 crypto rx=0 tx=0 comp rx=0 tx=0).stop
2024-03-22T06:54:52.663 INFO:teuthology.orchestra.run.smithi090.stdout:/usr/bin/ceph: stderr
2024-03-22T06:54:52.026+0000 7f8f31460700 1 --2- 172.21.15.90:0/4284284119 >> [v2:172.21.15.90:3300/0,v1:172.21.15.90:6789/0] conn(0x7f8f2c076b30 0x7f8f2c111600 unknown :-1 s=CLOSED pgs=62 cs=0 l=1 rev1=1 crypto rx=0 tx=0 comp rx=0 tx=0).stop
2024-03-22T06:54:52.664 INFO:teuthology.orchestra.run.smithi090.stdout:/usr/bin/ceph: stderr
2024-03-22T06:54:52.026+0000 7f8f31460700 1 -- 172.21.15.90:0/4284284119 >> 172.21.15.90:0/4284284119 conn(0x7f8f2c0fce40 msgr2=0x7f8f2c0fda30 unknown :-1 s=STATE_NONE l=0).mark_down
2024-03-22T06:54:52.664 INFO:teuthology.orchestra.run.smithi090.stdout:/usr/bin/ceph: stderr
2024-03-22T06:54:52.026+0000 7f8f31460700 1 -- 172.21.15.90:0/4284284119 shutdown_connections
2024-03-22T06:54:52.664 INFO:teuthology.orchestra.run.smithi090.stdout:/usr/bin/ceph: stderr
2024-03-22T06:54:52.026+0000 7f8f31460700 1 -- 172.21.15.90:0/4284284119 wait complete.
2024-03-22T06:54:53.069 INFO:journalctl@ceph.mon.smithi090.smithi090.stdout:Mar 22 06:54:53 smithi090 ceph-mon[29293]: from='client.? 172.21.15.90:0/4284284119' entity='client.admin'
2024-03-22T06:54:53.892 INFO:teuthology.orchestra.run.smithi090.stdout:/usr/bin/ceph: stderr
2024-03-22T06:54:53.087+0000 7f9e48431700 1 Processor -- start
2024-03-22T06:54:53.892 INFO:teuthology.orchestra.run.smithi090.stdout:/usr/bin/ceph: stderr
2024-03-22T06:54:53.087+0000 7f9e48431700 1 -- start start
2024-03-22T06:54:53.892 INFO:teuthology.orchestra.run.smithi090.stdout:/usr/bin/ceph: stderr
2024-03-22T06:54:53.088+0000 7f9e48431700 1 --2- >> [v2:172.21.15.90:3300/0,v1:172.21.15.90:6789/0] conn(0x7f9e40103cf0 0x7f9e40104100 unknown :-1 s=NONE pgs=0 cs=0 l=0 rev1=0 crypto rx=0 tx=0 comp rx=0 tx=0).connect
2024-03-22T06:54:53.892 INFO:teuthology.orchestra.run.smithi090.stdout:/usr/bin/ceph: stderr
2024-03-22T06:54:53.088+0000 7f9e48431700 1 -- --> [v2:172.21.15.90:3300/0,v1:172.21.15.90:6789/0] -- mon_getmap magic: 0 v1 -- 0x7f9e40104640 con 0x7f9e40103cf0
2024-03-22T06:54:53.892 INFO:teuthology.orchestra.run.smithi090.stdout:/usr/bin/ceph: stderr
2024-03-22T06:54:53.088+0000 7f9e461cd700 1 --2- >> [v2:172.21.15.90:3300/0,v1:172.21.15.90:6789/0] conn(0x7f9e40103cf0 0x7f9e40104100 unknown :-1 s=BANNER_CONNECTING pgs=0 cs=0 l=0 rev1=0 crypto rx=0 tx=0 comp rx=0 tx=0)._handle_peer_banner_payload supported=3 required=0
2024-03-22T06:54:53.892 INFO:teuthology.orchestra.run.smithi090.stdout:/usr/bin/ceph: stderr
2024-03-22T06:54:53.088+0000 7f9e461cd700 1 --2- >> [v2:172.21.15.90:3300/0,v1:172.21.15.90:6789/0] conn(0x7f9e40103cf0 0x7f9e40104100 unknown :-1 s=HELLO_CONNECTING pgs=0 cs=0 l=0 rev1=1 crypto rx=0 tx=0 comp rx=0 tx=0).handle_hello peer v2:172.21.15.90:3300/0 says I am v2:172.21.15.90:37058/0 (socket says 172.21.15.90:37058)
2024-03-22T06:54:53.892 INFO:teuthology.orchestra.run.smithi090.stdout:/usr/bin/ceph: stderr
2024-03-22T06:54:53.088+0000 7f9e461cd700 1 -- 172.21.15.90:0/884182238 learned_addr learned my addr 172.21.15.90:0/884182238 (peer_addr_for_me v2:172.21.15.90:0/0)
2024-03-22T06:54:53.892 INFO:teuthology.orchestra.run.smithi090.stdout:/usr/bin/ceph: stderr
2024-03-22T06:54:53.088+0000 7f9e461cd700 1 -- 172.21.15.90:0/884182238 --> [v2:172.21.15.90:3300/0,v1:172.21.15.90:6789/0] -- mon_subscribe({config=0+,monmap=0+}) v3 -- 0x7f9e40104780 con 0x7f9e40103cf0
2024-03-22T06:54:53.892 INFO:teuthology.orchestra.run.smithi090.stdout:/usr/bin/ceph: stderr
2024-03-22T06:54:53.088+0000 7f9e461cd700 1 --2- 172.21.15.90:0/884182238 >> [v2:172.21.15.90:3300/0,v1:172.21.15.90:6789/0] conn(0x7f9e40103cf0 0x7f9e40104100 secure :-1 s=READY pgs=63 cs=0 l=1 rev1=1 crypto rx=0x7f9e3c0098e0 tx=0x7f9e3c009250 comp rx=0 tx=0).ready entity=mon.0 client_cookie=b1c02999b6d85663 server_cookie=0 in_seq=0 out_seq=0
2024-03-22T06:54:53.892 INFO:teuthology.orchestra.run.smithi090.stdout:/usr/bin/ceph: stderr
2024-03-22T06:54:53.088+0000 7f9e451cb700 1 -- 172.21.15.90:0/884182238 <== mon.0 v2:172.21.15.90:3300/0 1 ==== mon_map magic: 0 v1 ==== 229+0+0 (secure 0 0 0) 0x7f9e3c00b860 con 0x7f9e40103cf0
2024-03-22T06:54:53.892 INFO:teuthology.orchestra.run.smithi090.stdout:/usr/bin/ceph: stderr
2024-03-22T06:54:53.088+0000 7f9e451cb700 1 -- 172.21.15.90:0/884182238 <== mon.0 v2:172.21.15.90:3300/0 2 ==== config(27 keys) v1 ==== 1109+0+0 (secure 0 0 0) 0x7f9e3c00be90 con 0x7f9e40103cf0
2024-03-22T06:54:53.892 INFO:teuthology.orchestra.run.smithi090.stdout:/usr/bin/ceph: stderr
2024-03-22T06:54:53.088+0000 7f9e451cb700 1 -- 172.21.15.90:0/884182238 <== mon.0 v2:172.21.15.90:3300/0 3 ==== mon_map magic: 0 v1 ==== 229+0+0 (secure 0 0 0) 0x7f9e3c0103c0 con 0x7f9e40103cf0
2024-03-22T06:54:53.893 INFO:teuthology.orchestra.run.smithi090.stdout:/usr/bin/ceph: stderr
2024-03-22T06:54:53.089+0000 7f9e48431700 1 -- 172.21.15.90:0/884182238 >> [v2:172.21.15.90:3300/0,v1:172.21.15.90:6789/0] conn(0x7f9e40103cf0 msgr2=0x7f9e40104100 secure :-1 s=STATE_CONNECTION_ESTABLISHED l=1).mark_down
2024-03-22T06:54:53.893 INFO:teuthology.orchestra.run.smithi090.stdout:/usr/bin/ceph: stderr
2024-03-22T06:54:53.089+0000 7f9e48431700 1 --2- 172.21.15.90:0/884182238 >> [v2:172.21.15.90:3300/0,v1:172.21.15.90:6789/0] conn(0x7f9e40103cf0 0x7f9e40104100 secure :-1 s=READY pgs=63 cs=0 l=1 rev1=1 crypto rx=0x7f9e3c0098e0 tx=0x7f9e3c009250 comp rx=0 tx=0).stop
2024-03-22T06:54:53.893 INFO:teuthology.orchestra.run.smithi090.stdout:/usr/bin/ceph: stderr
2024-03-22T06:54:53.089+0000 7f9e48431700 1 -- 172.21.15.90:0/884182238 shutdown_connections
2024-03-22T06:54:53.893 INFO:teuthology.orchestra.run.smithi090.stdout:/usr/bin/ceph: stderr
2024-03-22T06:54:53.089+0000 7f9e48431700 1 --2- 172.21.15.90:0/884182238 >> [v2:172.21.15.90:3300/0,v1:172.21.15.90:6789/0] conn(0x7f9e40103cf0 0x7f9e40104100 unknown :-1 s=CLOSED pgs=63 cs=0 l=1 rev1=1 crypto rx=0 tx=0 comp rx=0 tx=0).stop
2024-03-22T06:54:53.893 INFO:teuthology.orchestra.run.smithi090.stdout:/usr/bin/ceph: stderr
2024-03-22T06:54:53.089+0000 7f9e48431700 1 -- 172.21.15.90:0/884182238 >> 172.21.15.90:0/884182238 conn(0x7f9e400fc4d0 msgr2=0x7f9e400fe8e0 unknown :-1 s=STATE_NONE l=0).mark_down
2024-03-22T06:54:53.893 INFO:teuthology.orchestra.run.smithi090.stdout:/usr/bin/ceph: stderr
2024-03-22T06:54:53.089+0000 7f9e48431700 1 -- 172.21.15.90:0/884182238 shutdown_connections
2024-03-22T06:54:53.893 INFO:teuthology.orchestra.run.smithi090.stdout:/usr/bin/ceph: stderr
2024-03-22T06:54:53.089+0000 7f9e48431700 1 -- 172.21.15.90:0/884182238 wait complete.
2024-03-22T06:54:53.893 INFO:teuthology.orchestra.run.smithi090.stdout:/usr/bin/ceph: stderr
2024-03-22T06:54:53.089+0000 7f9e48431700 1 Processor -- start
2024-03-22T06:54:53.893 INFO:teuthology.orchestra.run.smithi090.stdout:/usr/bin/ceph: stderr
2024-03-22T06:54:53.090+0000 7f9e48431700 1 -- start start
2024-03-22T06:54:53.893 INFO:teuthology.orchestra.run.smithi090.stdout:/usr/bin/ceph: stderr
2024-03-22T06:54:53.090+0000 7f9e48431700 1 --2- >> [v2:172.21.15.90:3300/0,v1:172.21.15.90:6789/0] conn(0x7f9e40103cf0 0x7f9e40111580 unknown :-1 s=NONE pgs=0 cs=0 l=1 rev1=0 crypto rx=0 tx=0 comp rx=0 tx=0).connect
2024-03-22T06:54:53.893 INFO:teuthology.orchestra.run.smithi090.stdout:/usr/bin/ceph: stderr
2024-03-22T06:54:53.090+0000 7f9e48431700 1 -- --> [v2:172.21.15.90:3300/0,v1:172.21.15.90:6789/0] -- mon_getmap magic: 0 v1 -- 0x7f9e40111ac0 con 0x7f9e40103cf0
2024-03-22T06:54:53.893 INFO:teuthology.orchestra.run.smithi090.stdout:/usr/bin/ceph: stderr
2024-03-22T06:54:53.090+0000 7f9e461cd700 1 --2- >> [v2:172.21.15.90:3300/0,v1:172.21.15.90:6789/0] conn(0x7f9e40103cf0 0x7f9e40111580 unknown :-1 s=BANNER_CONNECTING pgs=0 cs=0 l=1 rev1=0 crypto rx=0 tx=0 comp rx=0 tx=0)._handle_peer_banner_payload supported=3 required=0
2024-03-22T06:54:53.893 INFO:teuthology.orchestra.run.smithi090.stdout:/usr/bin/ceph: stderr
2024-03-22T06:54:53.090+0000 7f9e461cd700 1 --2- >> [v2:172.21.15.90:3300/0,v1:172.21.15.90:6789/0] conn(0x7f9e40103cf0 0x7f9e40111580 unknown :-1 s=HELLO_CONNECTING pgs=0 cs=0 l=1 rev1=1 crypto rx=0 tx=0 comp rx=0 tx=0).handle_hello peer v2:172.21.15.90:3300/0 says I am v2:172.21.15.90:37068/0 (socket says 172.21.15.90:37068)
2024-03-22T06:54:53.893 INFO:teuthology.orchestra.run.smithi090.stdout:/usr/bin/ceph: stderr
2024-03-22T06:54:53.090+0000 7f9e461cd700 1 -- 172.21.15.90:0/2668537561 learned_addr learned my addr 172.21.15.90:0/2668537561 (peer_addr_for_me v2:172.21.15.90:0/0)
2024-03-22T06:54:53.894 INFO:teuthology.orchestra.run.smithi090.stdout:/usr/bin/ceph: stderr
2024-03-22T06:54:53.090+0000 7f9e461cd700 1 -- 172.21.15.90:0/2668537561 --> [v2:172.21.15.90:3300/0,v1:172.21.15.90:6789/0] -- mon_subscribe({config=0+,monmap=0+}) v3 -- 0x7f9e3c0094f0 con 0x7f9e40103cf0
2024-03-22T06:54:53.894 INFO:teuthology.orchestra.run.smithi090.stdout:/usr/bin/ceph: stderr
2024-03-22T06:54:53.090+0000 7f9e461cd700 1 --2- 172.21.15.90:0/2668537561 >> [v2:172.21.15.90:3300/0,v1:172.21.15.90:6789/0] conn(0x7f9e40103cf0 0x7f9e40111580 secure :-1 s=READY pgs=64 cs=0 l=1 rev1=1 crypto rx=0x7f9e3c0090b0 tx=0x7f9e3c009250 comp rx=0 tx=0).ready entity=mon.0 client_cookie=0 server_cookie=0 in_seq=0 out_seq=0
2024-03-22T06:54:53.894 INFO:teuthology.orchestra.run.smithi090.stdout:/usr/bin/ceph: stderr
2024-03-22T06:54:53.090+0000 7f9e36ffd700 1 -- 172.21.15.90:0/2668537561 <== mon.0 v2:172.21.15.90:3300/0 1 ==== mon_map magic: 0 v1 ==== 229+0+0 (secure 0 0 0) 0x7f9e3c01c760 con 0x7f9e40103cf0
2024-03-22T06:54:53.894 INFO:teuthology.orchestra.run.smithi090.stdout:/usr/bin/ceph: stderr
2024-03-22T06:54:53.090+0000 7f9e36ffd700 1 -- 172.21.15.90:0/2668537561 <== mon.0 v2:172.21.15.90:3300/0 2 ==== config(27 keys) v1 ==== 1109+0+0 (secure 0 0 0) 0x7f9e3c01cd90 con 0x7f9e40103cf0
2024-03-22T06:54:53.894 INFO:teuthology.orchestra.run.smithi090.stdout:/usr/bin/ceph: stderr
2024-03-22T06:54:53.090+0000 7f9e48431700 1 -- 172.21.15.90:0/2668537561 --> [v2:172.21.15.90:3300/0,v1:172.21.15.90:6789/0] -- mon_subscribe({mgrmap=0+}) v3 -- 0x7f9e40111cc0 con 0x7f9e40103cf0
2024-03-22T06:54:53.894 INFO:teuthology.orchestra.run.smithi090.stdout:/usr/bin/ceph: stderr
2024-03-22T06:54:53.090+0000 7f9e36ffd700 1 -- 172.21.15.90:0/2668537561 <== mon.0 v2:172.21.15.90:3300/0 3 ==== mon_map magic: 0 v1 ==== 229+0+0 (secure 0 0 0) 0x7f9e3c026410 con 0x7f9e40103cf0
2024-03-22T06:54:53.894 INFO:teuthology.orchestra.run.smithi090.stdout:/usr/bin/ceph: stderr
2024-03-22T06:54:53.090+0000 7f9e48431700 1 -- 172.21.15.90:0/2668537561 --> [v2:172.21.15.90:3300/0,v1:172.21.15.90:6789/0] -- mon_subscribe({osdmap=0}) v3 -- 0x7f9e401120f0 con 0x7f9e40103cf0
2024-03-22T06:54:53.894 INFO:teuthology.orchestra.run.smithi090.stdout:/usr/bin/ceph: stderr
2024-03-22T06:54:53.091+0000 7f9e36ffd700 1 -- 172.21.15.90:0/2668537561 <== mon.0 v2:172.21.15.90:3300/0 4 ==== mgrmap(e 8) v1 ==== 43368+0+0 (secure 0 0 0) 0x7f9e3c024070 con 0x7f9e40103cf0
2024-03-22T06:54:53.894 INFO:teuthology.orchestra.run.smithi090.stdout:/usr/bin/ceph: stderr
2024-03-22T06:54:53.091+0000 7f9e48431700 1 -- 172.21.15.90:0/2668537561 --> [v2:172.21.15.90:3300/0,v1:172.21.15.90:6789/0] -- mon_command({"prefix": "get_command_descriptions"} v 0) v1 -- 0x7f9e4004bed0 con 0x7f9e40103cf0
2024-03-22T06:54:53.894 INFO:teuthology.orchestra.run.smithi090.stdout:/usr/bin/ceph: stderr
2024-03-22T06:54:53.091+0000 7f9e36ffd700 1 --2- 172.21.15.90:0/2668537561 >> [v2:172.21.15.90:6800/4010402758,v1:172.21.15.90:6801/4010402758] conn(0x7f9e2c036790 0x7f9e2c038c40 unknown :-1 s=NONE pgs=0 cs=0 l=1 rev1=0 crypto rx=0 tx=0 comp rx=0 tx=0).connect
2024-03-22T06:54:53.894 INFO:teuthology.orchestra.run.smithi090.stdout:/usr/bin/ceph: stderr
2024-03-22T06:54:53.091+0000 7f9e36ffd700 1 -- 172.21.15.90:0/2668537561 <== mon.0 v2:172.21.15.90:3300/0 5 ==== osd_map(2..2 src has 1..2) v4 ==== 936+0+0 (secure 0 0 0) 0x7f9e3c04e010 con 0x7f9e40103cf0
2024-03-22T06:54:53.894 INFO:teuthology.orchestra.run.smithi090.stdout:/usr/bin/ceph: stderr
2024-03-22T06:54:53.092+0000 7f9e459cc700 1 --2- 172.21.15.90:0/2668537561 >> [v2:172.21.15.90:6800/4010402758,v1:172.21.15.90:6801/4010402758] conn(0x7f9e2c036790 0x7f9e2c038c40 unknown :-1 s=BANNER_CONNECTING pgs=0 cs=0 l=1 rev1=0 crypto rx=0 tx=0 comp rx=0 tx=0)._handle_peer_banner_payload supported=3 required=0
2024-03-22T06:54:53.894 INFO:teuthology.orchestra.run.smithi090.stdout:/usr/bin/ceph: stderr
2024-03-22T06:54:53.092+0000 7f9e459cc700 1 --2- 172.21.15.90:0/2668537561 >> [v2:172.21.15.90:6800/4010402758,v1:172.21.15.90:6801/4010402758] conn(0x7f9e2c036790 0x7f9e2c038c40 secure :-1 s=READY pgs=20 cs=0 l=1 rev1=1 crypto rx=0x7f9e30009990 tx=0x7f9e30006e40 comp rx=0 tx=0).ready entity=mgr.14120 client_cookie=0 server_cookie=0 in_seq=0 out_seq=0
2024-03-22T06:54:53.895 INFO:teuthology.orchestra.run.smithi090.stdout:/usr/bin/ceph: stderr
2024-03-22T06:54:53.096+0000 7f9e36ffd700 1 -- 172.21.15.90:0/2668537561 <== mon.0 v2:172.21.15.90:3300/0 6 ==== mon_command_ack([{"prefix": "get_command_descriptions"}]=0 v0) v1 ==== 72+0+176504 (secure 0 0 0) 0x7f9e3c080190 con 0x7f9e40103cf0
2024-03-22T06:54:53.895 INFO:teuthology.orchestra.run.smithi090.stdout:/usr/bin/ceph: stderr
2024-03-22T06:54:53.280+0000 7f9e48431700 1 -- 172.21.15.90:0/2668537561 --> [v2:172.21.15.90:3300/0,v1:172.21.15.90:6789/0] -- mon_command([{prefix=config set, name=mgr/dashboard/ssl_server_port}] v 0) v1 -- 0x7f9e40112ad0 con 0x7f9e40103cf0
2024-03-22T06:54:53.895 INFO:teuthology.orchestra.run.smithi090.stdout:/usr/bin/ceph: stderr
2024-03-22T06:54:53.286+0000 7f9e36ffd700 1 -- 172.21.15.90:0/2668537561 <== mon.0 v2:172.21.15.90:3300/0 7 ==== mon_command_ack([{prefix=config set, name=mgr/dashboard/ssl_server_port}]=0 v8)=0 v8) v1 ==== 130+0+0 (secure 0 0 0) 0x7f9e3c023870 con 0x7f9e40103cf0
2024-03-22T06:54:53.895 INFO:teuthology.orchestra.run.smithi090.stdout:/usr/bin/ceph: stderr
2024-03-22T06:54:53.288+0000 7f9e48431700 1 -- 172.21.15.90:0/2668537561 >> [v2:172.21.15.90:6800/4010402758,v1:172.21.15.90:6801/4010402758] conn(0x7f9e2c036790 msgr2=0x7f9e2c038c40 secure :-1 s=STATE_CONNECTION_ESTABLISHED l=1).mark_down
2024-03-22T06:54:53.895 INFO:teuthology.orchestra.run.smithi090.stdout:/usr/bin/ceph: stderr
2024-03-22T06:54:53.288+0000 7f9e48431700 1 --2- 172.21.15.90:0/2668537561 >> [v2:172.21.15.90:6800/4010402758,v1:172.21.15.90:6801/4010402758] conn(0x7f9e2c036790 0x7f9e2c038c40 secure :-1 s=READY pgs=20 cs=0 l=1 rev1=1 crypto rx=0x7f9e30009990 tx=0x7f9e30006e40 comp rx=0 tx=0).stop
2024-03-22T06:54:53.895 INFO:teuthology.orchestra.run.smithi090.stdout:/usr/bin/ceph: stderr
2024-03-22T06:54:53.288+0000 7f9e48431700 1 -- 172.21.15.90:0/2668537561 >> [v2:172.21.15.90:3300/0,v1:172.21.15.90:6789/0] conn(0x7f9e40103cf0 msgr2=0x7f9e40111580 secure :-1 s=STATE_CONNECTION_ESTABLISHED l=1).mark_down
2024-03-22T06:54:53.895 INFO:teuthology.orchestra.run.smithi090.stdout:/usr/bin/ceph: stderr
2024-03-22T06:54:53.288+0000 7f9e48431700 1 --2- 172.21.15.90:0/2668537561 >> [v2:172.21.15.90:3300/0,v1:172.21.15.90:6789/0] conn(0x7f9e40103cf0 0x7f9e40111580 secure :-1 s=READY pgs=64 cs=0 l=1 rev1=1 crypto rx=0x7f9e3c0090b0 tx=0x7f9e3c009250 comp rx=0 tx=0).stop
2024-03-22T06:54:53.895 INFO:teuthology.orchestra.run.smithi090.stdout:/usr/bin/ceph: stderr
2024-03-22T06:54:53.288+0000 7f9e48431700 1 -- 172.21.15.90:0/2668537561 shutdown_connections
2024-03-22T06:54:53.895 INFO:teuthology.orchestra.run.smithi090.stdout:/usr/bin/ceph: stderr
2024-03-22T06:54:53.288+0000 7f9e48431700 1 --2- 172.21.15.90:0/2668537561 >> [v2:172.21.15.90:6800/4010402758,v1:172.21.15.90:6801/4010402758] conn(0x7f9e2c036790 0x7f9e2c038c40 unknown :-1 s=CLOSED pgs=20 cs=0 l=1 rev1=1 crypto rx=0 tx=0 comp rx=0 tx=0).stop
2024-03-22T06:54:53.895 INFO:teuthology.orchestra.run.smithi090.stdout:/usr/bin/ceph: stderr
2024-03-22T06:54:53.288+0000 7f9e48431700 1 --2- 172.21.15.90:0/2668537561 >> [v2:172.21.15.90:3300/0,v1:172.21.15.90:6789/0] conn(0x7f9e40103cf0 0x7f9e40111580 unknown :-1 s=CLOSED pgs=64 cs=0 l=1 rev1=1 crypto rx=0 tx=0 comp rx=0 tx=0).stop
2024-03-22T06:54:53.895 INFO:teuthology.orchestra.run.smithi090.stdout:/usr/bin/ceph: stderr
2024-03-22T06:54:53.288+0000 7f9e48431700 1 -- 172.21.15.90:0/2668537561 >> 172.21.15.90:0/2668537561 conn(0x7f9e400fc4d0 msgr2=0x7f9e400fd070 unknown :-1 s=STATE_NONE l=0).mark_down
2024-03-22T06:54:53.895 INFO:teuthology.orchestra.run.smithi090.stdout:/usr/bin/ceph: stderr
2024-03-22T06:54:53.288+0000 7f9e48431700 1 -- 172.21.15.90:0/2668537561 shutdown_connections
2024-03-22T06:54:53.895 INFO:teuthology.orchestra.run.smithi090.stdout:/usr/bin/ceph: stderr
2024-03-22T06:54:53.288+0000 7f9e48431700 1 -- 172.21.15.90:0/2668537561 wait complete.
2024-03-22T06:54:53.895 INFO:teuthology.orchestra.run.smithi090.stdout:Enabling the dashboard module...
2024-03-22T06:54:54.265 INFO:journalctl@ceph.mon.smithi090.smithi090.stdout:Mar 22 06:54:54 smithi090 ceph-mon[29293]: pgmap v4: 0 pgs: ; 0 B data, 0 B used, 0 B / 0 B avail
2024-03-22T06:54:54.266 INFO:journalctl@ceph.mon.smithi090.smithi090.stdout:Mar 22 06:54:54 smithi090 ceph-mon[29293]: from='client.? 172.21.15.90:0/2668537561' entity='client.admin'
2024-03-22T06:54:55.388 INFO:journalctl@ceph.mon.smithi090.smithi090.stdout:Mar 22 06:54:55 smithi090 ceph-mon[29293]: from='client.? 172.21.15.90:0/3984000290' entity='client.admin' cmd=[{"prefix": "mgr module enable", "module": "dashboard"}]: dispatch
2024-03-22T06:54:55.695 INFO:teuthology.orchestra.run.smithi090.stdout:/usr/bin/ceph: stderr
2024-03-22T06:54:54.302+0000 7f02f6cce700 1 Processor -- start
2024-03-22T06:54:55.701 INFO:teuthology.orchestra.run.smithi090.stdout:/usr/bin/ceph: stderr
2024-03-22T06:54:54.302+0000 7f02f6cce700 1 -- start start
2024-03-22T06:54:55.702 INFO:teuthology.orchestra.run.smithi090.stdout:/usr/bin/ceph: stderr
2024-03-22T06:54:54.302+0000 7f02f6cce700 1 --2- >> [v2:172.21.15.90:3300/0,v1:172.21.15.90:6789/0] conn(0x7f02f0102740 0x7f02f0102b50 unknown :-1 s=NONE pgs=0 cs=0 l=0 rev1=0 crypto rx=0 tx=0 comp rx=0 tx=0).connect
2024-03-22T06:54:55.702 INFO:teuthology.orchestra.run.smithi090.stdout:/usr/bin/ceph: stderr
2024-03-22T06:54:54.302+0000 7f02f6cce700 1 -- --> [v2:172.21.15.90:3300/0,v1:172.21.15.90:6789/0] -- mon_getmap magic: 0 v1 -- 0x7f02f0103090 con 0x7f02f0102740
2024-03-22T06:54:55.702 INFO:teuthology.orchestra.run.smithi090.stdout:/usr/bin/ceph: stderr
2024-03-22T06:54:54.302+0000 7f02f4a6a700 1 --2- >> [v2:172.21.15.90:3300/0,v1:172.21.15.90:6789/0] conn(0x7f02f0102740 0x7f02f0102b50 unknown :-1 s=BANNER_CONNECTING pgs=0 cs=0 l=0 rev1=0 crypto rx=0 tx=0 comp rx=0 tx=0)._handle_peer_banner_payload supported=3 required=0
2024-03-22T06:54:55.702 INFO:teuthology.orchestra.run.smithi090.stdout:/usr/bin/ceph: stderr
2024-03-22T06:54:54.302+0000 7f02f4a6a700 1 --2- >> [v2:172.21.15.90:3300/0,v1:172.21.15.90:6789/0] conn(0x7f02f0102740 0x7f02f0102b50 unknown :-1 s=HELLO_CONNECTING pgs=0 cs=0 l=0 rev1=1 crypto rx=0 tx=0 comp rx=0 tx=0).handle_hello peer v2:172.21.15.90:3300/0 says I am v2:172.21.15.90:46206/0 (socket says 172.21.15.90:46206)
2024-03-22T06:54:55.702 INFO:teuthology.orchestra.run.smithi090.stdout:/usr/bin/ceph: stderr
2024-03-22T06:54:54.302+0000 7f02f4a6a700 1 -- 172.21.15.90:0/1317043593 learned_addr learned my addr 172.21.15.90:0/1317043593 (peer_addr_for_me v2:172.21.15.90:0/0)
2024-03-22T06:54:55.702 INFO:teuthology.orchestra.run.smithi090.stdout:/usr/bin/ceph: stderr
2024-03-22T06:54:54.302+0000 7f02f4a6a700 1 -- 172.21.15.90:0/1317043593 --> [v2:172.21.15.90:3300/0,v1:172.21.15.90:6789/0] -- mon_subscribe({config=0+,monmap=0+}) v3 -- 0x7f02f01031d0 con 0x7f02f0102740
2024-03-22T06:54:55.702 INFO:teuthology.orchestra.run.smithi090.stdout:/usr/bin/ceph: stderr
2024-03-22T06:54:54.303+0000 7f02f4a6a700 1 --2- 172.21.15.90:0/1317043593 >> [v2:172.21.15.90:3300/0,v1:172.21.15.90:6789/0] conn(0x7f02f0102740 0x7f02f0102b50 secure :-1 s=READY pgs=65 cs=0 l=1 rev1=1 crypto rx=0x7f02e8009e50 tx=0x7f02e8009840 comp rx=0 tx=0).ready entity=mon.0 client_cookie=fe77177eff769edd server_cookie=0 in_seq=0 out_seq=0
2024-03-22T06:54:55.702 INFO:teuthology.orchestra.run.smithi090.stdout:/usr/bin/ceph: stderr
2024-03-22T06:54:54.303+0000 7f02ef7fe700 1 -- 172.21.15.90:0/1317043593 <== mon.0 v2:172.21.15.90:3300/0 1 ==== mon_map magic: 0 v1 ==== 229+0+0 (secure 0 0 0) 0x7f02e80092e0 con 0x7f02f0102740
2024-03-22T06:54:55.702 INFO:teuthology.orchestra.run.smithi090.stdout:/usr/bin/ceph: stderr
2024-03-22T06:54:54.303+0000 7f02ef7fe700 1 -- 172.21.15.90:0/1317043593 <== mon.0 v2:172.21.15.90:3300/0 2 ==== config(27 keys) v1 ==== 1109+0+0 (secure 0 0 0) 0x7f02e8012430 con 0x7f02f0102740
2024-03-22T06:54:55.702 INFO:teuthology.orchestra.run.smithi090.stdout:/usr/bin/ceph: stderr
2024-03-22T06:54:54.303+0000 7f02ef7fe700 1 -- 172.21.15.90:0/1317043593 <== mon.0 v2:172.21.15.90:3300/0 3 ==== mon_map magic: 0 v1 ==== 229+0+0 (secure 0 0 0) 0x7f02e80075a0 con 0x7f02f0102740
2024-03-22T06:54:55.703 INFO:teuthology.orchestra.run.smithi090.stdout:/usr/bin/ceph: stderr
2024-03-22T06:54:54.303+0000 7f02f6cce700 1 -- 172.21.15.90:0/1317043593 >> [v2:172.21.15.90:3300/0,v1:172.21.15.90:6789/0] conn(0x7f02f0102740 msgr2=0x7f02f0102b50 secure :-1 s=STATE_CONNECTION_ESTABLISHED l=1).mark_down
2024-03-22T06:54:55.703 INFO:teuthology.orchestra.run.smithi090.stdout:/usr/bin/ceph: stderr
2024-03-22T06:54:54.303+0000 7f02f6cce700 1 --2- 172.21.15.90:0/1317043593 >> [v2:172.21.15.90:3300/0,v1:172.21.15.90:6789/0] conn(0x7f02f0102740 0x7f02f0102b50 secure :-1 s=READY pgs=65 cs=0 l=1 rev1=1 crypto rx=0x7f02e8009e50 tx=0x7f02e8009840 comp rx=0 tx=0).stop
2024-03-22T06:54:55.703 INFO:teuthology.orchestra.run.smithi090.stdout:/usr/bin/ceph: stderr
2024-03-22T06:54:54.303+0000 7f02f6cce700 1 -- 172.21.15.90:0/1317043593 shutdown_connections
2024-03-22T06:54:55.703 INFO:teuthology.orchestra.run.smithi090.stdout:/usr/bin/ceph: stderr
2024-03-22T06:54:54.303+0000 7f02f6cce700 1 --2- 172.21.15.90:0/1317043593 >> [v2:172.21.15.90:3300/0,v1:172.21.15.90:6789/0] conn(0x7f02f0102740 0x7f02f0102b50 unknown :-1 s=CLOSED pgs=65 cs=0 l=1 rev1=1 crypto rx=0 tx=0 comp rx=0 tx=0).stop
2024-03-22T06:54:55.703 INFO:teuthology.orchestra.run.smithi090.stdout:/usr/bin/ceph: stderr
2024-03-22T06:54:54.303+0000 7f02f6cce700 1 -- 172.21.15.90:0/1317043593 >> 172.21.15.90:0/1317043593 conn(0x7f02f00fdea0 msgr2=0x7f02f01002d0 unknown :-1 s=STATE_NONE l=0).mark_down
2024-03-22T06:54:55.703 INFO:teuthology.orchestra.run.smithi090.stdout:/usr/bin/ceph: stderr
2024-03-22T06:54:54.303+0000 7f02f6cce700 1 -- 172.21.15.90:0/1317043593 shutdown_connections
2024-03-22T06:54:55.703 INFO:teuthology.orchestra.run.smithi090.stdout:/usr/bin/ceph: stderr
2024-03-22T06:54:54.303+0000 7f02f6cce700 1 -- 172.21.15.90:0/1317043593 wait complete.
2024-03-22T06:54:55.703 INFO:teuthology.orchestra.run.smithi090.stdout:/usr/bin/ceph: stderr
2024-03-22T06:54:54.304+0000 7f02f6cce700 1 Processor -- start
2024-03-22T06:54:55.703 INFO:teuthology.orchestra.run.smithi090.stdout:/usr/bin/ceph: stderr
2024-03-22T06:54:54.304+0000 7f02f6cce700 1 -- start start
2024-03-22T06:54:55.703 INFO:teuthology.orchestra.run.smithi090.stdout:/usr/bin/ceph: stderr
2024-03-22T06:54:54.304+0000 7f02f6cce700 1 --2- >> [v2:172.21.15.90:3300/0,v1:172.21.15.90:6789/0] conn(0x7f02f0102740 0x7f02f0078bd0 unknown :-1 s=NONE pgs=0 cs=0 l=1 rev1=0 crypto rx=0 tx=0 comp rx=0 tx=0).connect
2024-03-22T06:54:55.703 INFO:teuthology.orchestra.run.smithi090.stdout:/usr/bin/ceph: stderr
2024-03-22T06:54:54.304+0000 7f02f6cce700 1 -- --> [v2:172.21.15.90:3300/0,v1:172.21.15.90:6789/0] -- mon_getmap magic: 0 v1 -- 0x7f02f0079110 con 0x7f02f0102740
2024-03-22T06:54:55.703 INFO:teuthology.orchestra.run.smithi090.stdout:/usr/bin/ceph: stderr
2024-03-22T06:54:54.304+0000 7f02f4a6a700 1 --2- >> [v2:172.21.15.90:3300/0,v1:172.21.15.90:6789/0] conn(0x7f02f0102740 0x7f02f0078bd0 unknown :-1 s=BANNER_CONNECTING pgs=0 cs=0 l=1 rev1=0 crypto rx=0 tx=0 comp rx=0 tx=0)._handle_peer_banner_payload supported=3 required=0
2024-03-22T06:54:55.703 INFO:teuthology.orchestra.run.smithi090.stdout:/usr/bin/ceph: stderr
2024-03-22T06:54:54.304+0000 7f02f4a6a700 1 --2- >> [v2:172.21.15.90:3300/0,v1:172.21.15.90:6789/0] conn(0x7f02f0102740 0x7f02f0078bd0 unknown :-1 s=HELLO_CONNECTING pgs=0 cs=0 l=1 rev1=1 crypto rx=0 tx=0 comp rx=0 tx=0).handle_hello peer v2:172.21.15.90:3300/0 says I am v2:172.21.15.90:46218/0 (socket says 172.21.15.90:46218)
2024-03-22T06:54:55.704 INFO:teuthology.orchestra.run.smithi090.stdout:/usr/bin/ceph: stderr
2024-03-22T06:54:54.304+0000 7f02f4a6a700 1 -- 172.21.15.90:0/3984000290 learned_addr learned my addr 172.21.15.90:0/3984000290 (peer_addr_for_me v2:172.21.15.90:0/0)
2024-03-22T06:54:55.704 INFO:teuthology.orchestra.run.smithi090.stdout:/usr/bin/ceph: stderr
2024-03-22T06:54:54.305+0000 7f02f4a6a700 1 -- 172.21.15.90:0/3984000290 --> [v2:172.21.15.90:3300/0,v1:172.21.15.90:6789/0] -- mon_subscribe({config=0+,monmap=0+}) v3 -- 0x7f02e8009ae0 con 0x7f02f0102740
2024-03-22T06:54:55.704 INFO:teuthology.orchestra.run.smithi090.stdout:/usr/bin/ceph: stderr
2024-03-22T06:54:54.305+0000 7f02f4a6a700 1 --2- 172.21.15.90:0/3984000290 >> [v2:172.21.15.90:3300/0,v1:172.21.15.90:6789/0] conn(0x7f02f0102740 0x7f02f0078bd0 secure :-1 s=READY pgs=66 cs=0 l=1 rev1=1 crypto rx=0x7f02e8012de0 tx=0x7f02e8009840 comp rx=0 tx=0).ready entity=mon.0 client_cookie=0 server_cookie=0 in_seq=0 out_seq=0
2024-03-22T06:54:55.704 INFO:teuthology.orchestra.run.smithi090.stdout:/usr/bin/ceph: stderr
2024-03-22T06:54:54.305+0000 7f02ed7fa700 1 -- 172.21.15.90:0/3984000290 <== mon.0 v2:172.21.15.90:3300/0 1 ==== mon_map magic: 0 v1 ==== 229+0+0 (secure 0 0 0) 0x7f02e80092e0 con 0x7f02f0102740
2024-03-22T06:54:55.704 INFO:teuthology.orchestra.run.smithi090.stdout:/usr/bin/ceph: stderr
2024-03-22T06:54:54.305+0000 7f02ed7fa700 1 -- 172.21.15.90:0/3984000290 <== mon.0 v2:172.21.15.90:3300/0 2 ==== config(27 keys) v1 ==== 1109+0+0 (secure 0 0 0) 0x7f02e8007ce0 con 0x7f02f0102740
2024-03-22T06:54:55.704 INFO:teuthology.orchestra.run.smithi090.stdout:/usr/bin/ceph: stderr
2024-03-22T06:54:54.305+0000 7f02f6cce700 1 -- 172.21.15.90:0/3984000290 --> [v2:172.21.15.90:3300/0,v1:172.21.15.90:6789/0] -- mon_subscribe({mgrmap=0+}) v3 -- 0x7f02f0077180 con 0x7f02f0102740
2024-03-22T06:54:55.704 INFO:teuthology.orchestra.run.smithi090.stdout:/usr/bin/ceph: stderr
2024-03-22T06:54:54.305+0000 7f02ed7fa700 1 -- 172.21.15.90:0/3984000290 <== mon.0 v2:172.21.15.90:3300/0 3 ==== mon_map magic: 0 v1 ==== 229+0+0 (secure 0 0 0) 0x7f02e8025930 con 0x7f02f0102740
2024-03-22T06:54:55.704 INFO:teuthology.orchestra.run.smithi090.stdout:/usr/bin/ceph: stderr
2024-03-22T06:54:54.305+0000 7f02f6cce700 1 -- 172.21.15.90:0/3984000290 --> [v2:172.21.15.90:3300/0,v1:172.21.15.90:6789/0] -- mon_subscribe({osdmap=0}) v3 -- 0x7f02f0077670 con 0x7f02f0102740
2024-03-22T06:54:55.704 INFO:teuthology.orchestra.run.smithi090.stdout:/usr/bin/ceph: stderr
2024-03-22T06:54:54.306+0000 7f02ed7fa700 1 -- 172.21.15.90:0/3984000290 <== mon.0 v2:172.21.15.90:3300/0 4 ==== mgrmap(e 8) v1 ==== 43368+0+0 (secure 0 0 0) 0x7f02e8019050 con 0x7f02f0102740
2024-03-22T06:54:55.704 INFO:teuthology.orchestra.run.smithi090.stdout:/usr/bin/ceph: stderr
2024-03-22T06:54:54.306+0000 7f02f6cce700 1 -- 172.21.15.90:0/3984000290 --> [v2:172.21.15.90:3300/0,v1:172.21.15.90:6789/0] -- mon_command({"prefix": "get_command_descriptions"} v 0) v1 -- 0x7f02f004bed0 con 0x7f02f0102740
2024-03-22T06:54:55.704 INFO:teuthology.orchestra.run.smithi090.stdout:/usr/bin/ceph: stderr
2024-03-22T06:54:54.306+0000 7f02ed7fa700 1 --2- 172.21.15.90:0/3984000290 >> [v2:172.21.15.90:6800/4010402758,v1:172.21.15.90:6801/4010402758] conn(0x7f02dc036790 0x7f02dc038c40 unknown :-1 s=NONE pgs=0 cs=0 l=1 rev1=0 crypto rx=0 tx=0 comp rx=0 tx=0).connect
2024-03-22T06:54:55.704 INFO:teuthology.orchestra.run.smithi090.stdout:/usr/bin/ceph: stderr
2024-03-22T06:54:54.306+0000 7f02ed7fa700 1 -- 172.21.15.90:0/3984000290 <== mon.0 v2:172.21.15.90:3300/0 5 ==== osd_map(2..2 src has 1..2) v4 ==== 936+0+0 (secure 0 0 0) 0x7f02e804a1f0 con 0x7f02f0102740
2024-03-22T06:54:55.705 INFO:teuthology.orchestra.run.smithi090.stdout:/usr/bin/ceph: stderr
2024-03-22T06:54:54.306+0000 7f02effff700 1 --2- 172.21.15.90:0/3984000290 >> [v2:172.21.15.90:6800/4010402758,v1:172.21.15.90:6801/4010402758] conn(0x7f02dc036790 0x7f02dc038c40 unknown :-1 s=BANNER_CONNECTING pgs=0 cs=0 l=1 rev1=0 crypto rx=0 tx=0 comp rx=0 tx=0)._handle_peer_banner_payload supported=3 required=0
2024-03-22T06:54:55.705 INFO:teuthology.orchestra.run.smithi090.stdout:/usr/bin/ceph: stderr
2024-03-22T06:54:54.306+0000 7f02effff700 1 --2- 172.21.15.90:0/3984000290 >> [v2:172.21.15.90:6800/4010402758,v1:172.21.15.90:6801/4010402758] conn(0x7f02dc036790 0x7f02dc038c40 secure :-1 s=READY pgs=21 cs=0 l=1 rev1=1 crypto rx=0x7f02e0009990 tx=0x7f02e0006e40 comp rx=0 tx=0).ready entity=mgr.14120 client_cookie=0 server_cookie=0 in_seq=0 out_seq=0
2024-03-22T06:54:55.705 INFO:teuthology.orchestra.run.smithi090.stdout:/usr/bin/ceph: stderr
2024-03-22T06:54:54.311+0000 7f02ed7fa700 1 -- 172.21.15.90:0/3984000290 <== mon.0 v2:172.21.15.90:3300/0 6 ==== mon_command_ack([{"prefix": "get_command_descriptions"}]=0 v0) v1 ==== 72+0+176504 (secure 0 0 0) 0x7f02e8023320 con 0x7f02f0102740
2024-03-22T06:54:55.705 INFO:teuthology.orchestra.run.smithi090.stdout:/usr/bin/ceph: stderr
2024-03-22T06:54:54.547+0000 7f02f6cce700 1 -- 172.21.15.90:0/3984000290 --> [v2:172.21.15.90:3300/0,v1:172.21.15.90:6789/0] -- mon_command({"prefix": "mgr module enable", "module": "dashboard"} v 0) v1 -- 0x7f02f0077dc0 con 0x7f02f0102740
2024-03-22T06:54:55.705 INFO:teuthology.orchestra.run.smithi090.stdout:/usr/bin/ceph: stderr
2024-03-22T06:54:55.033+0000 7f02ed7fa700 1 -- 172.21.15.90:0/3984000290 <== mon.0 v2:172.21.15.90:3300/0 7 ==== mgrmap(e 9) v1 ==== 43381+0+0 (secure 0 0 0) 0x7f02e802dd20 con 0x7f02f0102740
2024-03-22T06:54:55.705 INFO:teuthology.orchestra.run.smithi090.stdout:/usr/bin/ceph: stderr
2024-03-22T06:54:55.034+0000 7f02ed7fa700 1 -- 172.21.15.90:0/3984000290 <== mon.0 v2:172.21.15.90:3300/0 8 ==== mon_command_ack([{"prefix": "mgr module enable", "module": "dashboard"}]=0 v9) v1 ==== 88+0+0 (secure 0 0 0) 0x7f02e802eae0 con 0x7f02f0102740
2024-03-22T06:54:55.705 INFO:teuthology.orchestra.run.smithi090.stdout:/usr/bin/ceph: stderr
2024-03-22T06:54:55.038+0000 7f02f6cce700 1 -- 172.21.15.90:0/3984000290 >> [v2:172.21.15.90:6800/4010402758,v1:172.21.15.90:6801/4010402758] conn(0x7f02dc036790 msgr2=0x7f02dc038c40 secure :-1 s=STATE_CONNECTION_ESTABLISHED l=1).mark_down
2024-03-22T06:54:55.705 INFO:teuthology.orchestra.run.smithi090.stdout:/usr/bin/ceph: stderr
2024-03-22T06:54:55.038+0000 7f02f6cce700 1 --2- 172.21.15.90:0/3984000290 >> [v2:172.21.15.90:6800/4010402758,v1:172.21.15.90:6801/4010402758] conn(0x7f02dc036790 0x7f02dc038c40 secure :-1 s=READY pgs=21 cs=0 l=1 rev1=1 crypto rx=0x7f02e0009990 tx=0x7f02e0006e40 comp rx=0 tx=0).stop
2024-03-22T06:54:55.705 INFO:teuthology.orchestra.run.smithi090.stdout:/usr/bin/ceph: stderr
2024-03-22T06:54:55.038+0000 7f02f6cce700 1 -- 172.21.15.90:0/3984000290 >> [v2:172.21.15.90:3300/0,v1:172.21.15.90:6789/0] conn(0x7f02f0102740 msgr2=0x7f02f0078bd0 secure :-1 s=STATE_CONNECTION_ESTABLISHED l=1).mark_down
2024-03-22T06:54:55.705 INFO:teuthology.orchestra.run.smithi090.stdout:/usr/bin/ceph: stderr
2024-03-22T06:54:55.038+0000 7f02f6cce700 1 --2- 172.21.15.90:0/3984000290 >> [v2:172.21.15.90:3300/0,v1:172.21.15.90:6789/0] conn(0x7f02f0102740 0x7f02f0078bd0 secure :-1 s=READY pgs=66 cs=0 l=1 rev1=1 crypto rx=0x7f02e8012de0 tx=0x7f02e8009840 comp rx=0 tx=0).stop
2024-03-22T06:54:55.705 INFO:teuthology.orchestra.run.smithi090.stdout:/usr/bin/ceph: stderr
2024-03-22T06:54:55.038+0000 7f02f6cce700 1 -- 172.21.15.90:0/3984000290 shutdown_connections
