2024-03-22T06:54:55.705 INFO:teuthology.orchestra.run.smithi090.stdout:/usr/bin/ceph: stderr
2024-03-22T06:54:55.038+0000 7f02f6cce700 1 --2- 172.21.15.90:0/3984000290 >> [v2:172.21.15.90:6800/4010402758,v1:172.21.15.90:6801/4010402758] conn(0x7f02dc036790 0x7f02dc038c40 unknown :-1 s=CLOSED pgs=21 cs=0 l=1 rev1=1 crypto rx=0 tx=0 comp rx=0 tx=0).stop
2024-03-22T06:54:55.706 INFO:teuthology.orchestra.run.smithi090.stdout:/usr/bin/ceph: stderr
2024-03-22T06:54:55.038+0000 7f02f6cce700 1 --2- 172.21.15.90:0/3984000290 >> [v2:172.21.15.90:3300/0,v1:172.21.15.90:6789/0] conn(0x7f02f0102740 0x7f02f0078bd0 unknown :-1 s=CLOSED pgs=66 cs=0 l=1 rev1=1 crypto rx=0 tx=0 comp rx=0 tx=0).stop
2024-03-22T06:54:55.706 INFO:teuthology.orchestra.run.smithi090.stdout:/usr/bin/ceph: stderr
2024-03-22T06:54:55.038+0000 7f02f6cce700 1 -- 172.21.15.90:0/3984000290 >> 172.21.15.90:0/3984000290 conn(0x7f02f00fdea0 msgr2=0x7f02f00feac0 unknown :-1 s=STATE_NONE l=0).mark_down
2024-03-22T06:54:55.706 INFO:teuthology.orchestra.run.smithi090.stdout:/usr/bin/ceph: stderr
2024-03-22T06:54:55.038+0000 7f02f6cce700 1 -- 172.21.15.90:0/3984000290 shutdown_connections
2024-03-22T06:54:55.706 INFO:teuthology.orchestra.run.smithi090.stdout:/usr/bin/ceph: stderr
2024-03-22T06:54:55.038+0000 7f02f6cce700 1 -- 172.21.15.90:0/3984000290 wait complete.
2024-03-22T06:54:56.265 INFO:journalctl@ceph.mon.smithi090.smithi090.stdout:Mar 22 06:54:56 smithi090 ceph-mon[29293]: from='client.? 172.21.15.90:0/3984000290' entity='client.admin' cmd='[{"prefix": "mgr module enable", "module": "dashboard"}]': finished
2024-03-22T06:54:56.266 INFO:journalctl@ceph.mon.smithi090.smithi090.stdout:Mar 22 06:54:56 smithi090 ceph-mon[29293]: mgrmap e9: smithi090.cxakiw(active, since 24s)
2024-03-22T06:54:56.927 INFO:teuthology.orchestra.run.smithi090.stdout:/usr/bin/ceph: stdout {
2024-03-22T06:54:56.927 INFO:teuthology.orchestra.run.smithi090.stdout:/usr/bin/ceph: stdout "epoch": 9,
2024-03-22T06:54:56.927 INFO:teuthology.orchestra.run.smithi090.stdout:/usr/bin/ceph: stdout "available": true,
2024-03-22T06:54:56.927 INFO:teuthology.orchestra.run.smithi090.stdout:/usr/bin/ceph: stdout "active_name": "smithi090.cxakiw",
2024-03-22T06:54:56.927 INFO:teuthology.orchestra.run.smithi090.stdout:/usr/bin/ceph: stdout "num_standby": 0
2024-03-22T06:54:56.927 INFO:teuthology.orchestra.run.smithi090.stdout:/usr/bin/ceph: stdout }
2024-03-22T06:54:56.927 INFO:teuthology.orchestra.run.smithi090.stdout:/usr/bin/ceph: stderr
2024-03-22T06:54:56.068+0000 7fe89455f700 1 Processor -- start
2024-03-22T06:54:56.927 INFO:teuthology.orchestra.run.smithi090.stdout:/usr/bin/ceph: stderr
2024-03-22T06:54:56.068+0000 7fe89455f700 1 -- start start
2024-03-22T06:54:56.927 INFO:teuthology.orchestra.run.smithi090.stdout:/usr/bin/ceph: stderr
2024-03-22T06:54:56.068+0000 7fe89455f700 1 --2- >> [v2:172.21.15.90:3300/0,v1:172.21.15.90:6789/0] conn(0x7fe88c076c30 0x7fe88c1052c0 unknown :-1 s=NONE pgs=0 cs=0 l=0 rev1=0 crypto rx=0 tx=0 comp rx=0 tx=0).connect
2024-03-22T06:54:56.927 INFO:teuthology.orchestra.run.smithi090.stdout:/usr/bin/ceph: stderr
2024-03-22T06:54:56.068+0000 7fe89455f700 1 -- --> [v2:172.21.15.90:3300/0,v1:172.21.15.90:6789/0] -- mon_getmap magic: 0 v1 -- 0x7fe88c105800 con 0x7fe88c076c30
2024-03-22T06:54:56.928 INFO:teuthology.orchestra.run.smithi090.stdout:/usr/bin/ceph: stderr
2024-03-22T06:54:56.068+0000 7fe8922fb700 1 --2- >> [v2:172.21.15.90:3300/0,v1:172.21.15.90:6789/0] conn(0x7fe88c076c30 0x7fe88c1052c0 unknown :-1 s=BANNER_CONNECTING pgs=0 cs=0 l=0 rev1=0 crypto rx=0 tx=0 comp rx=0 tx=0)._handle_peer_banner_payload supported=3 required=0
2024-03-22T06:54:56.928 INFO:teuthology.orchestra.run.smithi090.stdout:/usr/bin/ceph: stderr
2024-03-22T06:54:56.068+0000 7fe8922fb700 1 --2- >> [v2:172.21.15.90:3300/0,v1:172.21.15.90:6789/0] conn(0x7fe88c076c30 0x7fe88c1052c0 unknown :-1 s=HELLO_CONNECTING pgs=0 cs=0 l=0 rev1=1 crypto rx=0 tx=0 comp rx=0 tx=0).handle_hello peer v2:172.21.15.90:3300/0 says I am v2:172.21.15.90:46232/0 (socket says 172.21.15.90:46232)
2024-03-22T06:54:56.928 INFO:teuthology.orchestra.run.smithi090.stdout:/usr/bin/ceph: stderr
2024-03-22T06:54:56.068+0000 7fe8922fb700 1 -- 172.21.15.90:0/1448779248 learned_addr learned my addr 172.21.15.90:0/1448779248 (peer_addr_for_me v2:172.21.15.90:0/0)
2024-03-22T06:54:56.928 INFO:teuthology.orchestra.run.smithi090.stdout:/usr/bin/ceph: stderr
2024-03-22T06:54:56.069+0000 7fe8922fb700 1 -- 172.21.15.90:0/1448779248 --> [v2:172.21.15.90:3300/0,v1:172.21.15.90:6789/0] -- mon_subscribe({config=0+,monmap=0+}) v3 -- 0x7fe88c105940 con 0x7fe88c076c30
2024-03-22T06:54:56.928 INFO:teuthology.orchestra.run.smithi090.stdout:/usr/bin/ceph: stderr
2024-03-22T06:54:56.069+0000 7fe8922fb700 1 --2- 172.21.15.90:0/1448779248 >> [v2:172.21.15.90:3300/0,v1:172.21.15.90:6789/0] conn(0x7fe88c076c30 0x7fe88c1052c0 secure :-1 s=READY pgs=69 cs=0 l=1 rev1=1 crypto rx=0x7fe8880098e0 tx=0x7fe888009250 comp rx=0 tx=0).ready entity=mon.0 client_cookie=438dbbb60e07b080 server_cookie=0 in_seq=0 out_seq=0
2024-03-22T06:54:56.928 INFO:teuthology.orchestra.run.smithi090.stdout:/usr/bin/ceph: stderr
2024-03-22T06:54:56.069+0000 7fe8912f9700 1 -- 172.21.15.90:0/1448779248 <== mon.0 v2:172.21.15.90:3300/0 1 ==== mon_map magic: 0 v1 ==== 229+0+0 (secure 0 0 0) 0x7fe88800b860 con 0x7fe88c076c30
2024-03-22T06:54:56.928 INFO:teuthology.orchestra.run.smithi090.stdout:/usr/bin/ceph: stderr
2024-03-22T06:54:56.069+0000 7fe8912f9700 1 -- 172.21.15.90:0/1448779248 <== mon.0 v2:172.21.15.90:3300/0 2 ==== config(27 keys) v1 ==== 1109+0+0 (secure 0 0 0) 0x7fe88800be90 con 0x7fe88c076c30
2024-03-22T06:54:56.928 INFO:teuthology.orchestra.run.smithi090.stdout:/usr/bin/ceph: stderr
2024-03-22T06:54:56.069+0000 7fe8912f9700 1 -- 172.21.15.90:0/1448779248 <== mon.0 v2:172.21.15.90:3300/0 3 ==== mon_map magic: 0 v1 ==== 229+0+0 (secure 0 0 0) 0x7fe8880103c0 con 0x7fe88c076c30
2024-03-22T06:54:56.928 INFO:teuthology.orchestra.run.smithi090.stdout:/usr/bin/ceph: stderr
2024-03-22T06:54:56.070+0000 7fe89455f700 1 -- 172.21.15.90:0/1448779248 >> [v2:172.21.15.90:3300/0,v1:172.21.15.90:6789/0] conn(0x7fe88c076c30 msgr2=0x7fe88c1052c0 secure :-1 s=STATE_CONNECTION_ESTABLISHED l=1).mark_down
2024-03-22T06:54:56.928 INFO:teuthology.orchestra.run.smithi090.stdout:/usr/bin/ceph: stderr
2024-03-22T06:54:56.070+0000 7fe89455f700 1 --2- 172.21.15.90:0/1448779248 >> [v2:172.21.15.90:3300/0,v1:172.21.15.90:6789/0] conn(0x7fe88c076c30 0x7fe88c1052c0 secure :-1 s=READY pgs=69 cs=0 l=1 rev1=1 crypto rx=0x7fe8880098e0 tx=0x7fe888009250 comp rx=0 tx=0).stop
2024-03-22T06:54:56.928 INFO:teuthology.orchestra.run.smithi090.stdout:/usr/bin/ceph: stderr
2024-03-22T06:54:56.070+0000 7fe89455f700 1 -- 172.21.15.90:0/1448779248 shutdown_connections
2024-03-22T06:54:56.928 INFO:teuthology.orchestra.run.smithi090.stdout:/usr/bin/ceph: stderr
2024-03-22T06:54:56.070+0000 7fe89455f700 1 --2- 172.21.15.90:0/1448779248 >> [v2:172.21.15.90:3300/0,v1:172.21.15.90:6789/0] conn(0x7fe88c076c30 0x7fe88c1052c0 unknown :-1 s=CLOSED pgs=69 cs=0 l=1 rev1=1 crypto rx=0 tx=0 comp rx=0 tx=0).stop
2024-03-22T06:54:56.928 INFO:teuthology.orchestra.run.smithi090.stdout:/usr/bin/ceph: stderr
2024-03-22T06:54:56.070+0000 7fe89455f700 1 -- 172.21.15.90:0/1448779248 >> 172.21.15.90:0/1448779248 conn(0x7fe88c0fcd50 msgr2=0x7fe88c0ff160 unknown :-1 s=STATE_NONE l=0).mark_down
2024-03-22T06:54:56.928 INFO:teuthology.orchestra.run.smithi090.stdout:/usr/bin/ceph: stderr
2024-03-22T06:54:56.070+0000 7fe89455f700 1 -- 172.21.15.90:0/1448779248 shutdown_connections
2024-03-22T06:54:56.929 INFO:teuthology.orchestra.run.smithi090.stdout:/usr/bin/ceph: stderr
2024-03-22T06:54:56.070+0000 7fe89455f700 1 -- 172.21.15.90:0/1448779248 wait complete.
2024-03-22T06:54:56.929 INFO:teuthology.orchestra.run.smithi090.stdout:/usr/bin/ceph: stderr
2024-03-22T06:54:56.070+0000 7fe89455f700 1 Processor -- start
2024-03-22T06:54:56.929 INFO:teuthology.orchestra.run.smithi090.stdout:/usr/bin/ceph: stderr
2024-03-22T06:54:56.071+0000 7fe89455f700 1 -- start start
2024-03-22T06:54:56.929 INFO:teuthology.orchestra.run.smithi090.stdout:/usr/bin/ceph: stderr
2024-03-22T06:54:56.071+0000 7fe89455f700 1 --2- >> [v2:172.21.15.90:3300/0,v1:172.21.15.90:6789/0] conn(0x7fe88c076c30 0x7fe88c1115b0 unknown :-1 s=NONE pgs=0 cs=0 l=1 rev1=0 crypto rx=0 tx=0 comp rx=0 tx=0).connect
2024-03-22T06:54:56.929 INFO:teuthology.orchestra.run.smithi090.stdout:/usr/bin/ceph: stderr
2024-03-22T06:54:56.071+0000 7fe89455f700 1 -- --> [v2:172.21.15.90:3300/0,v1:172.21.15.90:6789/0] -- mon_getmap magic: 0 v1 -- 0x7fe88c111af0 con 0x7fe88c076c30
2024-03-22T06:54:56.929 INFO:teuthology.orchestra.run.smithi090.stdout:/usr/bin/ceph: stderr
2024-03-22T06:54:56.071+0000 7fe8922fb700 1 --2- >> [v2:172.21.15.90:3300/0,v1:172.21.15.90:6789/0] conn(0x7fe88c076c30 0x7fe88c1115b0 unknown :-1 s=BANNER_CONNECTING pgs=0 cs=0 l=1 rev1=0 crypto rx=0 tx=0 comp rx=0 tx=0)._handle_peer_banner_payload supported=3 required=0
2024-03-22T06:54:56.929 INFO:teuthology.orchestra.run.smithi090.stdout:/usr/bin/ceph: stderr
2024-03-22T06:54:56.071+0000 7fe8922fb700 1 --2- >> [v2:172.21.15.90:3300/0,v1:172.21.15.90:6789/0] conn(0x7fe88c076c30 0x7fe88c1115b0 unknown :-1 s=HELLO_CONNECTING pgs=0 cs=0 l=1 rev1=1 crypto rx=0 tx=0 comp rx=0 tx=0).handle_hello peer v2:172.21.15.90:3300/0 says I am v2:172.21.15.90:46248/0 (socket says 172.21.15.90:46248)
2024-03-22T06:54:56.929 INFO:teuthology.orchestra.run.smithi090.stdout:/usr/bin/ceph: stderr
2024-03-22T06:54:56.071+0000 7fe8922fb700 1 -- 172.21.15.90:0/2449072217 learned_addr learned my addr 172.21.15.90:0/2449072217 (peer_addr_for_me v2:172.21.15.90:0/0)
2024-03-22T06:54:56.929 INFO:teuthology.orchestra.run.smithi090.stdout:/usr/bin/ceph: stderr
2024-03-22T06:54:56.071+0000 7fe8922fb700 1 -- 172.21.15.90:0/2449072217 --> [v2:172.21.15.90:3300/0,v1:172.21.15.90:6789/0] -- mon_subscribe({config=0+,monmap=0+}) v3 -- 0x7fe8880094f0 con 0x7fe88c076c30
2024-03-22T06:54:56.929 INFO:teuthology.orchestra.run.smithi090.stdout:/usr/bin/ceph: stderr
2024-03-22T06:54:56.071+0000 7fe8922fb700 1 --2- 172.21.15.90:0/2449072217 >> [v2:172.21.15.90:3300/0,v1:172.21.15.90:6789/0] conn(0x7fe88c076c30 0x7fe88c1115b0 secure :-1 s=READY pgs=70 cs=0 l=1 rev1=1 crypto rx=0x7fe8880094c0 tx=0x7fe888009250 comp rx=0 tx=0).ready entity=mon.0 client_cookie=0 server_cookie=0 in_seq=0 out_seq=0
2024-03-22T06:54:56.929 INFO:teuthology.orchestra.run.smithi090.stdout:/usr/bin/ceph: stderr
2024-03-22T06:54:56.071+0000 7fe882ffd700 1 -- 172.21.15.90:0/2449072217 <== mon.0 v2:172.21.15.90:3300/0 1 ==== mon_map magic: 0 v1 ==== 229+0+0 (secure 0 0 0) 0x7fe888010890 con 0x7fe88c076c30
2024-03-22T06:54:56.929 INFO:teuthology.orchestra.run.smithi090.stdout:/usr/bin/ceph: stderr
2024-03-22T06:54:56.071+0000 7fe882ffd700 1 -- 172.21.15.90:0/2449072217 <== mon.0 v2:172.21.15.90:3300/0 2 ==== config(27 keys) v1 ==== 1109+0+0 (secure 0 0 0) 0x7fe888010ec0 con 0x7fe88c076c30
2024-03-22T06:54:56.929 INFO:teuthology.orchestra.run.smithi090.stdout:/usr/bin/ceph: stderr
2024-03-22T06:54:56.071+0000 7fe89455f700 1 -- 172.21.15.90:0/2449072217 --> [v2:172.21.15.90:3300/0,v1:172.21.15.90:6789/0] -- mon_subscribe({mgrmap=0+}) v3 -- 0x7fe88c111cf0 con 0x7fe88c076c30
2024-03-22T06:54:56.930 INFO:teuthology.orchestra.run.smithi090.stdout:/usr/bin/ceph: stderr
2024-03-22T06:54:56.071+0000 7fe882ffd700 1 -- 172.21.15.90:0/2449072217 <== mon.0 v2:172.21.15.90:3300/0 3 ==== mon_map magic: 0 v1 ==== 229+0+0 (secure 0 0 0) 0x7fe8880243f0 con 0x7fe88c076c30
2024-03-22T06:54:56.930 INFO:teuthology.orchestra.run.smithi090.stdout:/usr/bin/ceph: stderr
2024-03-22T06:54:56.071+0000 7fe89455f700 1 -- 172.21.15.90:0/2449072217 --> [v2:172.21.15.90:3300/0,v1:172.21.15.90:6789/0] -- mon_subscribe({osdmap=0}) v3 -- 0x7fe88c112860 con 0x7fe88c076c30
2024-03-22T06:54:56.930 INFO:teuthology.orchestra.run.smithi090.stdout:/usr/bin/ceph: stderr
2024-03-22T06:54:56.072+0000 7fe882ffd700 1 -- 172.21.15.90:0/2449072217 <== mon.0 v2:172.21.15.90:3300/0 4 ==== mgrmap(e 9) v1 ==== 43381+0+0 (secure 0 0 0) 0x7fe88802d3f0 con 0x7fe88c076c30
2024-03-22T06:54:56.930 INFO:teuthology.orchestra.run.smithi090.stdout:/usr/bin/ceph: stderr
2024-03-22T06:54:56.072+0000 7fe882ffd700 1 --2- 172.21.15.90:0/2449072217 >> [v2:172.21.15.90:6800/4010402758,v1:172.21.15.90:6801/4010402758] conn(0x7fe878036830 0x7fe878038ce0 unknown :-1 s=NONE pgs=0 cs=0 l=1 rev1=0 crypto rx=0 tx=0 comp rx=0 tx=0).connect
2024-03-22T06:54:56.930 INFO:teuthology.orchestra.run.smithi090.stdout:/usr/bin/ceph: stderr
2024-03-22T06:54:56.072+0000 7fe882ffd700 1 -- 172.21.15.90:0/2449072217 <== mon.0 v2:172.21.15.90:3300/0 5 ==== osd_map(2..2 src has 1..2) v4 ==== 936+0+0 (secure 0 0 0) 0x7fe88804a310 con 0x7fe88c076c30
2024-03-22T06:54:56.930 INFO:teuthology.orchestra.run.smithi090.stdout:/usr/bin/ceph: stderr
2024-03-22T06:54:56.072+0000 7fe891afa700 1 -- 172.21.15.90:0/2449072217 >> [v2:172.21.15.90:6800/4010402758,v1:172.21.15.90:6801/4010402758] conn(0x7fe878036830 msgr2=0x7fe878038ce0 unknown :-1 s=STATE_CONNECTING_RE l=1).process reconnect failed to v2:172.21.15.90:6800/4010402758
2024-03-22T06:54:56.930 INFO:teuthology.orchestra.run.smithi090.stdout:/usr/bin/ceph: stderr
2024-03-22T06:54:56.072+0000 7fe891afa700 1 --2- 172.21.15.90:0/2449072217 >> [v2:172.21.15.90:6800/4010402758,v1:172.21.15.90:6801/4010402758] conn(0x7fe878036830 0x7fe878038ce0 unknown :-1 s=START_CONNECT pgs=0 cs=0 l=1 rev1=0 crypto rx=0 tx=0 comp rx=0 tx=0)._fault waiting 0.200000
2024-03-22T06:54:56.930 INFO:teuthology.orchestra.run.smithi090.stdout:/usr/bin/ceph: stderr
2024-03-22T06:54:56.072+0000 7fe89455f700 1 -- 172.21.15.90:0/2449072217 --> [v2:172.21.15.90:3300/0,v1:172.21.15.90:6789/0] -- mon_command({"prefix": "get_command_descriptions"} v 0) v1 -- 0x7fe88c05f5f0 con 0x7fe88c076c30
2024-03-22T06:54:56.930 INFO:teuthology.orchestra.run.smithi090.stdout:/usr/bin/ceph: stderr
2024-03-22T06:54:56.077+0000 7fe882ffd700 1 -- 172.21.15.90:0/2449072217 <== mon.0 v2:172.21.15.90:3300/0 6 ==== mon_command_ack([{"prefix": "get_command_descriptions"}]=0 v0) v1 ==== 72+0+176504 (secure 0 0 0) 0x7fe88802b8e0 con 0x7fe88c076c30
2024-03-22T06:54:56.930 INFO:teuthology.orchestra.run.smithi090.stdout:/usr/bin/ceph: stderr
2024-03-22T06:54:56.273+0000 7fe891afa700 1 -- 172.21.15.90:0/2449072217 >> [v2:172.21.15.90:6800/4010402758,v1:172.21.15.90:6801/4010402758] conn(0x7fe878036830 msgr2=0x7fe878038ce0 unknown :-1 s=STATE_CONNECTING_RE l=1).process reconnect failed to v2:172.21.15.90:6800/4010402758
2024-03-22T06:54:56.930 INFO:teuthology.orchestra.run.smithi090.stdout:/usr/bin/ceph: stderr
2024-03-22T06:54:56.273+0000 7fe891afa700 1 --2- 172.21.15.90:0/2449072217 >> [v2:172.21.15.90:6800/4010402758,v1:172.21.15.90:6801/4010402758] conn(0x7fe878036830 0x7fe878038ce0 unknown :-1 s=START_CONNECT pgs=0 cs=0 l=1 rev1=0 crypto rx=0 tx=0 comp rx=0 tx=0)._fault waiting 0.400000
2024-03-22T06:54:56.930 INFO:teuthology.orchestra.run.smithi090.stdout:/usr/bin/ceph: stderr
2024-03-22T06:54:56.339+0000 7fe89455f700 1 -- 172.21.15.90:0/2449072217 --> [v2:172.21.15.90:3300/0,v1:172.21.15.90:6789/0] -- mon_command({"prefix": "mgr stat"} v 0) v1 -- 0x7fe88c112b40 con 0x7fe88c076c30
2024-03-22T06:54:56.930 INFO:teuthology.orchestra.run.smithi090.stdout:/usr/bin/ceph: stderr
2024-03-22T06:54:56.340+0000 7fe882ffd700 1 -- 172.21.15.90:0/2449072217 <== mon.0 v2:172.21.15.90:3300/0 7 ==== mon_command_ack([{"prefix": "mgr stat"}]=0 v9) v1 ==== 56+0+103 (secure 0 0 0) 0x7fe88802b2f0 con 0x7fe88c076c30
2024-03-22T06:54:56.930 INFO:teuthology.orchestra.run.smithi090.stdout:/usr/bin/ceph: stderr
2024-03-22T06:54:56.342+0000 7fe89455f700 1 -- 172.21.15.90:0/2449072217 >> [v2:172.21.15.90:6800/4010402758,v1:172.21.15.90:6801/4010402758] conn(0x7fe878036830 msgr2=0x7fe878038ce0 unknown :-1 s=STATE_CONNECTING l=1).mark_down
2024-03-22T06:54:56.931 INFO:teuthology.orchestra.run.smithi090.stdout:/usr/bin/ceph: stderr
2024-03-22T06:54:56.342+0000 7fe89455f700 1 --2- 172.21.15.90:0/2449072217 >> [v2:172.21.15.90:6800/4010402758,v1:172.21.15.90:6801/4010402758] conn(0x7fe878036830 0x7fe878038ce0 unknown :-1 s=START_CONNECT pgs=0 cs=0 l=1 rev1=0 crypto rx=0 tx=0 comp rx=0 tx=0).stop
2024-03-22T06:54:56.931 INFO:teuthology.orchestra.run.smithi090.stdout:/usr/bin/ceph: stderr
2024-03-22T06:54:56.342+0000 7fe89455f700 1 -- 172.21.15.90:0/2449072217 >> [v2:172.21.15.90:3300/0,v1:172.21.15.90:6789/0] conn(0x7fe88c076c30 msgr2=0x7fe88c1115b0 secure :-1 s=STATE_CONNECTION_ESTABLISHED l=1).mark_down
2024-03-22T06:54:56.931 INFO:teuthology.orchestra.run.smithi090.stdout:/usr/bin/ceph: stderr
2024-03-22T06:54:56.342+0000 7fe89455f700 1 --2- 172.21.15.90:0/2449072217 >> [v2:172.21.15.90:3300/0,v1:172.21.15.90:6789/0] conn(0x7fe88c076c30 0x7fe88c1115b0 secure :-1 s=READY pgs=70 cs=0 l=1 rev1=1 crypto rx=0x7fe8880094c0 tx=0x7fe888009250 comp rx=0 tx=0).stop
2024-03-22T06:54:56.931 INFO:teuthology.orchestra.run.smithi090.stdout:/usr/bin/ceph: stderr
2024-03-22T06:54:56.342+0000 7fe89455f700 1 -- 172.21.15.90:0/2449072217 shutdown_connections
2024-03-22T06:54:56.931 INFO:teuthology.orchestra.run.smithi090.stdout:/usr/bin/ceph: stderr
2024-03-22T06:54:56.342+0000 7fe89455f700 1 --2- 172.21.15.90:0/2449072217 >> [v2:172.21.15.90:6800/4010402758,v1:172.21.15.90:6801/4010402758] conn(0x7fe878036830 0x7fe878038ce0 unknown :-1 s=CLOSED pgs=0 cs=0 l=1 rev1=0 crypto rx=0 tx=0 comp rx=0 tx=0).stop
2024-03-22T06:54:56.931 INFO:teuthology.orchestra.run.smithi090.stdout:/usr/bin/ceph: stderr
2024-03-22T06:54:56.342+0000 7fe89455f700 1 --2- 172.21.15.90:0/2449072217 >> [v2:172.21.15.90:3300/0,v1:172.21.15.90:6789/0] conn(0x7fe88c076c30 0x7fe88c1115b0 unknown :-1 s=CLOSED pgs=70 cs=0 l=1 rev1=1 crypto rx=0 tx=0 comp rx=0 tx=0).stop
2024-03-22T06:54:56.931 INFO:teuthology.orchestra.run.smithi090.stdout:/usr/bin/ceph: stderr
2024-03-22T06:54:56.342+0000 7fe89455f700 1 -- 172.21.15.90:0/2449072217 >> 172.21.15.90:0/2449072217 conn(0x7fe88c0fcd50 msgr2=0x7fe88c0fd8f0 unknown :-1 s=STATE_NONE l=0).mark_down
2024-03-22T06:54:56.931 INFO:teuthology.orchestra.run.smithi090.stdout:/usr/bin/ceph: stderr
2024-03-22T06:54:56.342+0000 7fe89455f700 1 -- 172.21.15.90:0/2449072217 shutdown_connections
2024-03-22T06:54:56.931 INFO:teuthology.orchestra.run.smithi090.stdout:/usr/bin/ceph: stderr
2024-03-22T06:54:56.342+0000 7fe89455f700 1 -- 172.21.15.90:0/2449072217 wait complete.
2024-03-22T06:54:56.931 INFO:teuthology.orchestra.run.smithi090.stdout:Waiting for the mgr to restart...
2024-03-22T06:54:56.931 INFO:teuthology.orchestra.run.smithi090.stdout:Waiting for mgr epoch 9...
2024-03-22T06:54:57.179 INFO:journalctl@ceph.mon.smithi090.smithi090.stdout:Mar 22 06:54:57 smithi090 ceph-mon[29293]: from='client.? 172.21.15.90:0/2449072217' entity='client.admin' cmd=[{"prefix": "mgr stat"}]: dispatch
2024-03-22T06:55:02.016 INFO:journalctl@ceph.mon.smithi090.smithi090.stdout:Mar 22 06:55:01 smithi090 ceph-mon[29293]: Active manager daemon smithi090.cxakiw restarted
2024-03-22T06:55:02.016 INFO:journalctl@ceph.mon.smithi090.smithi090.stdout:Mar 22 06:55:01 smithi090 ceph-mon[29293]: Activating manager daemon smithi090.cxakiw
2024-03-22T06:55:02.016 INFO:journalctl@ceph.mon.smithi090.smithi090.stdout:Mar 22 06:55:01 smithi090 ceph-mon[29293]: osdmap e3: 0 total, 0 up, 0 in
2024-03-22T06:55:02.016 INFO:journalctl@ceph.mon.smithi090.smithi090.stdout:Mar 22 06:55:01 smithi090 ceph-mon[29293]: mgrmap e10: smithi090.cxakiw(active, starting, since 0.00330808s)
2024-03-22T06:55:02.016 INFO:journalctl@ceph.mon.smithi090.smithi090.stdout:Mar 22 06:55:01 smithi090 ceph-mon[29293]: from='mgr.14162 172.21.15.90:0/3872747203' entity='mgr.smithi090.cxakiw' cmd=[{"prefix": "mon metadata", "id": "smithi090"}]: dispatch
2024-03-22T06:55:02.016 INFO:journalctl@ceph.mon.smithi090.smithi090.stdout:Mar 22 06:55:01 smithi090 ceph-mon[29293]: from='mgr.14162 172.21.15.90:0/3872747203' entity='mgr.smithi090.cxakiw' cmd=[{"prefix": "mgr metadata", "who": "smithi090.cxakiw", "id": "smithi090.cxakiw"}]: dispatch
2024-03-22T06:55:02.016 INFO:journalctl@ceph.mon.smithi090.smithi090.stdout:Mar 22 06:55:01 smithi090 ceph-mon[29293]: from='mgr.14162 172.21.15.90:0/3872747203' entity='mgr.smithi090.cxakiw' cmd=[{"prefix": "mds metadata"}]: dispatch
2024-03-22T06:55:02.016 INFO:journalctl@ceph.mon.smithi090.smithi090.stdout:Mar 22 06:55:01 smithi090 ceph-mon[29293]: from='mgr.14162 172.21.15.90:0/3872747203' entity='mgr.smithi090.cxakiw' cmd=[{"prefix": "osd metadata"}]: dispatch
2024-03-22T06:55:02.016 INFO:journalctl@ceph.mon.smithi090.smithi090.stdout:Mar 22 06:55:01 smithi090 ceph-mon[29293]: from='mgr.14162 172.21.15.90:0/3872747203' entity='mgr.smithi090.cxakiw' cmd=[{"prefix": "mon metadata"}]: dispatch
2024-03-22T06:55:02.017 INFO:journalctl@ceph.mon.smithi090.smithi090.stdout:Mar 22 06:55:01 smithi090 ceph-mon[29293]: Manager daemon smithi090.cxakiw is now available
2024-03-22T06:55:02.017 INFO:journalctl@ceph.mon.smithi090.smithi090.stdout:Mar 22 06:55:01 smithi090 ceph-mon[29293]: from='mgr.14162 172.21.15.90:0/3872747203' entity='mgr.smithi090.cxakiw' cmd=[{"prefix": "config dump", "format": "json"}]: dispatch
2024-03-22T06:55:02.017 INFO:journalctl@ceph.mon.smithi090.smithi090.stdout:Mar 22 06:55:01 smithi090 ceph-mon[29293]: from='mgr.14162 172.21.15.90:0/3872747203' entity='mgr.smithi090.cxakiw' cmd=[{"prefix": "config dump", "format": "json"}]: dispatch
2024-03-22T06:55:03.015 INFO:journalctl@ceph.mon.smithi090.smithi090.stdout:Mar 22 06:55:02 smithi090 ceph-mon[29293]: from='mgr.14162 172.21.15.90:0/3872747203' entity='mgr.smithi090.cxakiw' cmd=[{"prefix":"config rm","who":"mgr","name":"mgr/rbd_support/smithi090.cxakiw/mirror_snapshot_schedule"}]: dispatch
2024-03-22T06:55:03.016 INFO:journalctl@ceph.mon.smithi090.smithi090.stdout:Mar 22 06:55:02 smithi090 ceph-mon[29293]: from='mgr.14162 172.21.15.90:0/3872747203' entity='mgr.smithi090.cxakiw' cmd=[{"prefix":"config rm","who":"mgr","name":"mgr/rbd_support/smithi090.cxakiw/trash_purge_schedule"}]: dispatch
2024-03-22T06:55:03.016 INFO:journalctl@ceph.mon.smithi090.smithi090.stdout:Mar 22 06:55:02 smithi090 ceph-mon[29293]: [22/Mar/2024:06:55:01] ENGINE Bus STARTING
2024-03-22T06:55:03.016 INFO:journalctl@ceph.mon.smithi090.smithi090.stdout:Mar 22 06:55:02 smithi090 ceph-mon[29293]: from='mgr.14162 172.21.15.90:0/3872747203' entity='mgr.smithi090.cxakiw'
2024-03-22T06:55:03.016 INFO:journalctl@ceph.mon.smithi090.smithi090.stdout:Mar 22 06:55:02 smithi090 ceph-mon[29293]: mgrmap e11: smithi090.cxakiw(active, since 1.00568s)
2024-03-22T06:55:03.385 INFO:teuthology.orchestra.run.smithi090.stdout:/usr/bin/ceph: stdout {
2024-03-22T06:55:03.385 INFO:teuthology.orchestra.run.smithi090.stdout:/usr/bin/ceph: stdout "mgrmap_epoch": 11,
2024-03-22T06:55:03.385 INFO:teuthology.orchestra.run.smithi090.stdout:/usr/bin/ceph: stdout "initialized": true
2024-03-22T06:55:03.385 INFO:teuthology.orchestra.run.smithi090.stdout:/usr/bin/ceph: stdout }
2024-03-22T06:55:03.385 INFO:teuthology.orchestra.run.smithi090.stdout:/usr/bin/ceph: stderr
2024-03-22T06:54:57.322+0000 7f749241e700 1 Processor -- start
2024-03-22T06:55:03.385 INFO:teuthology.orchestra.run.smithi090.stdout:/usr/bin/ceph: stderr
2024-03-22T06:54:57.322+0000 7f749241e700 1 -- start start
2024-03-22T06:55:03.385 INFO:teuthology.orchestra.run.smithi090.stdout:/usr/bin/ceph: stderr
2024-03-22T06:54:57.323+0000 7f749241e700 1 --2- >> [v2:172.21.15.90:3300/0,v1:172.21.15.90:6789/0] conn(0x7f748c1015d0 0x7f748c1019e0 unknown :-1 s=NONE pgs=0 cs=0 l=0 rev1=0 crypto rx=0 tx=0 comp rx=0 tx=0).connect
2024-03-22T06:55:03.385 INFO:teuthology.orchestra.run.smithi090.stdout:/usr/bin/ceph: stderr
2024-03-22T06:54:57.323+0000 7f749241e700 1 -- --> [v2:172.21.15.90:3300/0,v1:172.21.15.90:6789/0] -- mon_getmap magic: 0 v1 -- 0x7f748c101f20 con 0x7f748c1015d0
2024-03-22T06:55:03.385 INFO:teuthology.orchestra.run.smithi090.stdout:/usr/bin/ceph: stderr
2024-03-22T06:54:57.323+0000 7f748bfff700 1 --2- >> [v2:172.21.15.90:3300/0,v1:172.21.15.90:6789/0] conn(0x7f748c1015d0 0x7f748c1019e0 unknown :-1 s=BANNER_CONNECTING pgs=0 cs=0 l=0 rev1=0 crypto rx=0 tx=0 comp rx=0 tx=0)._handle_peer_banner_payload supported=3 required=0
2024-03-22T06:55:03.385 INFO:teuthology.orchestra.run.smithi090.stdout:/usr/bin/ceph: stderr
2024-03-22T06:54:57.323+0000 7f748bfff700 1 --2- >> [v2:172.21.15.90:3300/0,v1:172.21.15.90:6789/0] conn(0x7f748c1015d0 0x7f748c1019e0 unknown :-1 s=HELLO_CONNECTING pgs=0 cs=0 l=0 rev1=1 crypto rx=0 tx=0 comp rx=0 tx=0).handle_hello peer v2:172.21.15.90:3300/0 says I am v2:172.21.15.90:46264/0 (socket says 172.21.15.90:46264)
2024-03-22T06:55:03.386 INFO:teuthology.orchestra.run.smithi090.stdout:/usr/bin/ceph: stderr
2024-03-22T06:54:57.323+0000 7f748bfff700 1 -- 172.21.15.90:0/1543999001 learned_addr learned my addr 172.21.15.90:0/1543999001 (peer_addr_for_me v2:172.21.15.90:0/0)
2024-03-22T06:55:03.386 INFO:teuthology.orchestra.run.smithi090.stdout:/usr/bin/ceph: stderr
2024-03-22T06:54:57.323+0000 7f748bfff700 1 -- 172.21.15.90:0/1543999001 --> [v2:172.21.15.90:3300/0,v1:172.21.15.90:6789/0] -- mon_subscribe({config=0+,monmap=0+}) v3 -- 0x7f748c102060 con 0x7f748c1015d0
2024-03-22T06:55:03.386 INFO:teuthology.orchestra.run.smithi090.stdout:/usr/bin/ceph: stderr
2024-03-22T06:54:57.323+0000 7f748bfff700 1 --2- 172.21.15.90:0/1543999001 >> [v2:172.21.15.90:3300/0,v1:172.21.15.90:6789/0] conn(0x7f748c1015d0 0x7f748c1019e0 secure :-1 s=READY pgs=71 cs=0 l=1 rev1=1 crypto rx=0x7f747c0098e0 tx=0x7f747c009250 comp rx=0 tx=0).ready entity=mon.0 client_cookie=e34939852b9d6ab8 server_cookie=0 in_seq=0 out_seq=0
2024-03-22T06:55:03.386 INFO:teuthology.orchestra.run.smithi090.stdout:/usr/bin/ceph: stderr
2024-03-22T06:54:57.323+0000 7f748affd700 1 -- 172.21.15.90:0/1543999001 <== mon.0 v2:172.21.15.90:3300/0 1 ==== mon_map magic: 0 v1 ==== 229+0+0 (secure 0 0 0) 0x7f747c00b860 con 0x7f748c1015d0
2024-03-22T06:55:03.386 INFO:teuthology.orchestra.run.smithi090.stdout:/usr/bin/ceph: stderr
2024-03-22T06:54:57.323+0000 7f748affd700 1 -- 172.21.15.90:0/1543999001 <== mon.0 v2:172.21.15.90:3300/0 2 ==== config(27 keys) v1 ==== 1109+0+0 (secure 0 0 0) 0x7f747c00be90 con 0x7f748c1015d0
2024-03-22T06:55:03.386 INFO:teuthology.orchestra.run.smithi090.stdout:/usr/bin/ceph: stderr
2024-03-22T06:54:57.323+0000 7f748affd700 1 -- 172.21.15.90:0/1543999001 <== mon.0 v2:172.21.15.90:3300/0 3 ==== mon_map magic: 0 v1 ==== 229+0+0 (secure 0 0 0) 0x7f747c0103c0 con 0x7f748c1015d0
2024-03-22T06:55:03.386 INFO:teuthology.orchestra.run.smithi090.stdout:/usr/bin/ceph: stderr
2024-03-22T06:54:57.324+0000 7f749241e700 1 -- 172.21.15.90:0/1543999001 >> [v2:172.21.15.90:3300/0,v1:172.21.15.90:6789/0] conn(0x7f748c1015d0 msgr2=0x7f748c1019e0 secure :-1 s=STATE_CONNECTION_ESTABLISHED l=1).mark_down
2024-03-22T06:55:03.386 INFO:teuthology.orchestra.run.smithi090.stdout:/usr/bin/ceph: stderr
2024-03-22T06:54:57.324+0000 7f749241e700 1 --2- 172.21.15.90:0/1543999001 >> [v2:172.21.15.90:3300/0,v1:172.21.15.90:6789/0] conn(0x7f748c1015d0 0x7f748c1019e0 secure :-1 s=READY pgs=71 cs=0 l=1 rev1=1 crypto rx=0x7f747c0098e0 tx=0x7f747c009250 comp rx=0 tx=0).stop
2024-03-22T06:55:03.386 INFO:teuthology.orchestra.run.smithi090.stdout:/usr/bin/ceph: stderr
2024-03-22T06:54:57.324+0000 7f749241e700 1 -- 172.21.15.90:0/1543999001 shutdown_connections
2024-03-22T06:55:03.386 INFO:teuthology.orchestra.run.smithi090.stdout:/usr/bin/ceph: stderr
2024-03-22T06:54:57.324+0000 7f749241e700 1 --2- 172.21.15.90:0/1543999001 >> [v2:172.21.15.90:3300/0,v1:172.21.15.90:6789/0] conn(0x7f748c1015d0 0x7f748c1019e0 unknown :-1 s=CLOSED pgs=71 cs=0 l=1 rev1=1 crypto rx=0 tx=0 comp rx=0 tx=0).stop
2024-03-22T06:55:03.386 INFO:teuthology.orchestra.run.smithi090.stdout:/usr/bin/ceph: stderr
2024-03-22T06:54:57.324+0000 7f749241e700 1 -- 172.21.15.90:0/1543999001 >> 172.21.15.90:0/1543999001 conn(0x7f748c0fcd50 msgr2=0x7f748c0ff160 unknown :-1 s=STATE_NONE l=0).mark_down
2024-03-22T06:55:03.386 INFO:teuthology.orchestra.run.smithi090.stdout:/usr/bin/ceph: stderr
2024-03-22T06:54:57.324+0000 7f749241e700 1 -- 172.21.15.90:0/1543999001 shutdown_connections
2024-03-22T06:55:03.386 INFO:teuthology.orchestra.run.smithi090.stdout:/usr/bin/ceph: stderr
2024-03-22T06:54:57.324+0000 7f749241e700 1 -- 172.21.15.90:0/1543999001 wait complete.
2024-03-22T06:55:03.387 INFO:teuthology.orchestra.run.smithi090.stdout:/usr/bin/ceph: stderr
2024-03-22T06:54:57.325+0000 7f749241e700 1 Processor -- start
2024-03-22T06:55:03.387 INFO:teuthology.orchestra.run.smithi090.stdout:/usr/bin/ceph: stderr
2024-03-22T06:54:57.325+0000 7f749241e700 1 -- start start
2024-03-22T06:55:03.387 INFO:teuthology.orchestra.run.smithi090.stdout:/usr/bin/ceph: stderr
2024-03-22T06:54:57.325+0000 7f749241e700 1 --2- >> [v2:172.21.15.90:3300/0,v1:172.21.15.90:6789/0] conn(0x7f748c1015d0 0x7f748c111630 unknown :-1 s=NONE pgs=0 cs=0 l=1 rev1=0 crypto rx=0 tx=0 comp rx=0 tx=0).connect
2024-03-22T06:55:03.387 INFO:teuthology.orchestra.run.smithi090.stdout:/usr/bin/ceph: stderr
2024-03-22T06:54:57.325+0000 7f749241e700 1 -- --> [v2:172.21.15.90:3300/0,v1:172.21.15.90:6789/0] -- mon_getmap magic: 0 v1 -- 0x7f748c111b70 con 0x7f748c1015d0
2024-03-22T06:55:03.387 INFO:teuthology.orchestra.run.smithi090.stdout:/usr/bin/ceph: stderr
2024-03-22T06:54:57.325+0000 7f748bfff700 1 --2- >> [v2:172.21.15.90:3300/0,v1:172.21.15.90:6789/0] conn(0x7f748c1015d0 0x7f748c111630 unknown :-1 s=BANNER_CONNECTING pgs=0 cs=0 l=1 rev1=0 crypto rx=0 tx=0 comp rx=0 tx=0)._handle_peer_banner_payload supported=3 required=0
2024-03-22T06:55:03.387 INFO:teuthology.orchestra.run.smithi090.stdout:/usr/bin/ceph: stderr
2024-03-22T06:54:57.325+0000 7f748bfff700 1 --2- >> [v2:172.21.15.90:3300/0,v1:172.21.15.90:6789/0] conn(0x7f748c1015d0 0x7f748c111630 unknown :-1 s=HELLO_CONNECTING pgs=0 cs=0 l=1 rev1=1 crypto rx=0 tx=0 comp rx=0 tx=0).handle_hello peer v2:172.21.15.90:3300/0 says I am v2:172.21.15.90:46278/0 (socket says 172.21.15.90:46278)
2024-03-22T06:55:03.387 INFO:teuthology.orchestra.run.smithi090.stdout:/usr/bin/ceph: stderr
2024-03-22T06:54:57.325+0000 7f748bfff700 1 -- 172.21.15.90:0/4824812 learned_addr learned my addr 172.21.15.90:0/4824812 (peer_addr_for_me v2:172.21.15.90:0/0)
2024-03-22T06:55:03.387 INFO:teuthology.orchestra.run.smithi090.stdout:/usr/bin/ceph: stderr
2024-03-22T06:54:57.325+0000 7f748bfff700 1 -- 172.21.15.90:0/4824812 --> [v2:172.21.15.90:3300/0,v1:172.21.15.90:6789/0] -- mon_subscribe({config=0+,monmap=0+}) v3 -- 0x7f747c0094f0 con 0x7f748c1015d0
2024-03-22T06:55:03.387 INFO:teuthology.orchestra.run.smithi090.stdout:/usr/bin/ceph: stderr
2024-03-22T06:54:57.326+0000 7f748bfff700 1 --2- 172.21.15.90:0/4824812 >> [v2:172.21.15.90:3300/0,v1:172.21.15.90:6789/0] conn(0x7f748c1015d0 0x7f748c111630 secure :-1 s=READY pgs=72 cs=0 l=1 rev1=1 crypto rx=0x7f747c006b00 tx=0x7f747c009250 comp rx=0 tx=0).ready entity=mon.0 client_cookie=0 server_cookie=0 in_seq=0 out_seq=0
2024-03-22T06:55:03.387 INFO:teuthology.orchestra.run.smithi090.stdout:/usr/bin/ceph: stderr
2024-03-22T06:54:57.326+0000 7f7488ff9700 1 -- 172.21.15.90:0/4824812 <== mon.0 v2:172.21.15.90:3300/0 1 ==== mon_map magic: 0 v1 ==== 229+0+0 (secure 0 0 0) 0x7f747c010840 con 0x7f748c1015d0
2024-03-22T06:55:03.387 INFO:teuthology.orchestra.run.smithi090.stdout:/usr/bin/ceph: stderr
2024-03-22T06:54:57.326+0000 7f7488ff9700 1 -- 172.21.15.90:0/4824812 <== mon.0 v2:172.21.15.90:3300/0 2 ==== config(27 keys) v1 ==== 1109+0+0 (secure 0 0 0) 0x7f747c010e70 con 0x7f748c1015d0
2024-03-22T06:55:03.387 INFO:teuthology.orchestra.run.smithi090.stdout:/usr/bin/ceph: stderr
2024-03-22T06:54:57.326+0000 7f749241e700 1 -- 172.21.15.90:0/4824812 --> [v2:172.21.15.90:3300/0,v1:172.21.15.90:6789/0] -- mon_subscribe({mgrmap=0+}) v3 -- 0x7f748c111d70 con 0x7f748c1015d0
2024-03-22T06:55:03.388 INFO:teuthology.orchestra.run.smithi090.stdout:/usr/bin/ceph: stderr
2024-03-22T06:54:57.326+0000 7f7488ff9700 1 -- 172.21.15.90:0/4824812 <== mon.0 v2:172.21.15.90:3300/0 3 ==== mon_map magic: 0 v1 ==== 229+0+0 (secure 0 0 0) 0x7f747c01ae70 con 0x7f748c1015d0
2024-03-22T06:55:03.388 INFO:teuthology.orchestra.run.smithi090.stdout:/usr/bin/ceph: stderr
2024-03-22T06:54:57.326+0000 7f749241e700 1 -- 172.21.15.90:0/4824812 --> [v2:172.21.15.90:3300/0,v1:172.21.15.90:6789/0] -- mon_subscribe({osdmap=0}) v3 -- 0x7f748c1128e0 con 0x7f748c1015d0
2024-03-22T06:55:03.388 INFO:teuthology.orchestra.run.smithi090.stdout:/usr/bin/ceph: stderr
2024-03-22T06:54:57.327+0000 7f7488ff9700 1 -- 172.21.15.90:0/4824812 <== mon.0 v2:172.21.15.90:3300/0 4 ==== mgrmap(e 9) v1 ==== 43381+0+0 (secure 0 0 0) 0x7f747c02e440 con 0x7f748c1015d0
2024-03-22T06:55:03.388 INFO:teuthology.orchestra.run.smithi090.stdout:/usr/bin/ceph: stderr
2024-03-22T06:54:57.327+0000 7f7488ff9700 1 --2- 172.21.15.90:0/4824812 >> [v2:172.21.15.90:6800/4010402758,v1:172.21.15.90:6801/4010402758] conn(0x7f7474036830 0x7f7474038ce0 unknown :-1 s=NONE pgs=0 cs=0 l=1 rev1=0 crypto rx=0 tx=0 comp rx=0 tx=0).connect
2024-03-22T06:55:03.388 INFO:teuthology.orchestra.run.smithi090.stdout:/usr/bin/ceph: stderr
2024-03-22T06:54:57.327+0000 7f7488ff9700 1 -- 172.21.15.90:0/4824812 --> [v2:172.21.15.90:6800/4010402758,v1:172.21.15.90:6801/4010402758] -- command(tid 0: {"prefix": "get_command_descriptions"}) v1 -- 0x7f74740393f0 con 0x7f7474036830
2024-03-22T06:55:03.388 INFO:teuthology.orchestra.run.smithi090.stdout:/usr/bin/ceph: stderr
2024-03-22T06:54:57.327+0000 7f7488ff9700 1 -- 172.21.15.90:0/4824812 <== mon.0 v2:172.21.15.90:3300/0 5 ==== osd_map(2..2 src has 1..2) v4 ==== 936+0+0 (secure 0 0 0) 0x7f747c04ab70 con 0x7f748c1015d0
2024-03-22T06:55:03.388 INFO:teuthology.orchestra.run.smithi090.stdout:/usr/bin/ceph: stderr
2024-03-22T06:54:57.327+0000 7f748b7fe700 1 -- 172.21.15.90:0/4824812 >> [v2:172.21.15.90:6800/4010402758,v1:172.21.15.90:6801/4010402758] conn(0x7f7474036830 msgr2=0x7f7474038ce0 unknown :-1 s=STATE_CONNECTING_RE l=1).process reconnect failed to v2:172.21.15.90:6800/4010402758
2024-03-22T06:55:03.388 INFO:teuthology.orchestra.run.smithi090.stdout:/usr/bin/ceph: stderr
2024-03-22T06:54:57.327+0000 7f748b7fe700 1 --2- 172.21.15.90:0/4824812 >> [v2:172.21.15.90:6800/4010402758,v1:172.21.15.90:6801/4010402758] conn(0x7f7474036830 0x7f7474038ce0 unknown :-1 s=START_CONNECT pgs=0 cs=0 l=1 rev1=0 crypto rx=0 tx=0 comp rx=0 tx=0)._fault waiting 0.200000
2024-03-22T06:55:03.388 INFO:teuthology.orchestra.run.smithi090.stdout:/usr/bin/ceph: stderr
2024-03-22T06:54:57.528+0000 7f748b7fe700 1 -- 172.21.15.90:0/4824812 >> [v2:172.21.15.90:6800/4010402758,v1:172.21.15.90:6801/4010402758] conn(0x7f7474036830 msgr2=0x7f7474038ce0 unknown :-1 s=STATE_CONNECTING_RE l=1).process reconnect failed to v2:172.21.15.90:6800/4010402758
2024-03-22T06:55:03.388 INFO:teuthology.orchestra.run.smithi090.stdout:/usr/bin/ceph: stderr
2024-03-22T06:54:57.528+0000 7f748b7fe700 1 --2- 172.21.15.90:0/4824812 >> [v2:172.21.15.90:6800/4010402758,v1:172.21.15.90:6801/4010402758] conn(0x7f7474036830 0x7f7474038ce0 unknown :-1 s=START_CONNECT pgs=0 cs=0 l=1 rev1=0 crypto rx=0 tx=0 comp rx=0 tx=0)._fault waiting 0.400000
2024-03-22T06:55:03.388 INFO:teuthology.orchestra.run.smithi090.stdout:/usr/bin/ceph: stderr
2024-03-22T06:54:57.929+0000 7f748b7fe700 1 -- 172.21.15.90:0/4824812 >> [v2:172.21.15.90:6800/4010402758,v1:172.21.15.90:6801/4010402758] conn(0x7f7474036830 msgr2=0x7f7474038ce0 unknown :-1 s=STATE_CONNECTING_RE l=1).process reconnect failed to v2:172.21.15.90:6800/4010402758
2024-03-22T06:55:03.388 INFO:teuthology.orchestra.run.smithi090.stdout:/usr/bin/ceph: stderr
2024-03-22T06:54:57.929+0000 7f748b7fe700 1 --2- 172.21.15.90:0/4824812 >> [v2:172.21.15.90:6800/4010402758,v1:172.21.15.90:6801/4010402758] conn(0x7f7474036830 0x7f7474038ce0 unknown :-1 s=START_CONNECT pgs=0 cs=0 l=1 rev1=0 crypto rx=0 tx=0 comp rx=0 tx=0)._fault waiting 0.800000
2024-03-22T06:55:03.388 INFO:teuthology.orchestra.run.smithi090.stdout:/usr/bin/ceph: stderr
2024-03-22T06:54:58.730+0000 7f748b7fe700 1 -- 172.21.15.90:0/4824812 >> [v2:172.21.15.90:6800/4010402758,v1:172.21.15.90:6801/4010402758] conn(0x7f7474036830 msgr2=0x7f7474038ce0 unknown :-1 s=STATE_CONNECTING_RE l=1).process reconnect failed to v2:172.21.15.90:6800/4010402758
2024-03-22T06:55:03.389 INFO:teuthology.orchestra.run.smithi090.stdout:/usr/bin/ceph: stderr
2024-03-22T06:54:58.730+0000 7f748b7fe700 1 --2- 172.21.15.90:0/4824812 >> [v2:172.21.15.90:6800/4010402758,v1:172.21.15.90:6801/4010402758] conn(0x7f7474036830 0x7f7474038ce0 unknown :-1 s=START_CONNECT pgs=0 cs=0 l=1 rev1=0 crypto rx=0 tx=0 comp rx=0 tx=0)._fault waiting 1.600000
2024-03-22T06:55:03.389 INFO:teuthology.orchestra.run.smithi090.stdout:/usr/bin/ceph: stderr
2024-03-22T06:55:00.330+0000 7f748b7fe700 1 -- 172.21.15.90:0/4824812 >> [v2:172.21.15.90:6800/4010402758,v1:172.21.15.90:6801/4010402758] conn(0x7f7474036830 msgr2=0x7f7474038ce0 unknown :-1 s=STATE_CONNECTING_RE l=1).process reconnect failed to v2:172.21.15.90:6800/4010402758
2024-03-22T06:55:03.389 INFO:teuthology.orchestra.run.smithi090.stdout:/usr/bin/ceph: stderr
2024-03-22T06:55:00.330+0000 7f748b7fe700 1 --2- 172.21.15.90:0/4824812 >> [v2:172.21.15.90:6800/4010402758,v1:172.21.15.90:6801/4010402758] conn(0x7f7474036830 0x7f7474038ce0 unknown :-1 s=START_CONNECT pgs=0 cs=0 l=1 rev1=0 crypto rx=0 tx=0 comp rx=0 tx=0)._fault waiting 3.200000
2024-03-22T06:55:03.389 INFO:teuthology.orchestra.run.smithi090.stdout:/usr/bin/ceph: stderr
2024-03-22T06:55:01.628+0000 7f7488ff9700 1 -- 172.21.15.90:0/4824812 <== mon.0 v2:172.21.15.90:3300/0 6 ==== mgrmap(e 10) v1 ==== 43148+0+0 (secure 0 0 0) 0x7f747c01a780 con 0x7f748c1015d0
2024-03-22T06:55:03.389 INFO:teuthology.orchestra.run.smithi090.stdout:/usr/bin/ceph: stderr
2024-03-22T06:55:01.629+0000 7f7488ff9700 1 -- 172.21.15.90:0/4824812 >> [v2:172.21.15.90:6800/4010402758,v1:172.21.15.90:6801/4010402758] conn(0x7f7474036830 msgr2=0x7f7474038ce0 unknown :-1 s=STATE_CONNECTING l=1).mark_down
2024-03-22T06:55:03.389 INFO:teuthology.orchestra.run.smithi090.stdout:/usr/bin/ceph: stderr
2024-03-22T06:55:01.629+0000 7f7488ff9700 1 --2- 172.21.15.90:0/4824812 >> [v2:172.21.15.90:6800/4010402758,v1:172.21.15.90:6801/4010402758] conn(0x7f7474036830 0x7f7474038ce0 unknown :-1 s=START_CONNECT pgs=0 cs=0 l=1 rev1=0 crypto rx=0 tx=0 comp rx=0 tx=0).stop
2024-03-22T06:55:03.389 INFO:teuthology.orchestra.run.smithi090.stdout:/usr/bin/ceph: stderr
2024-03-22T06:55:02.630+0000 7f7488ff9700 1 -- 172.21.15.90:0/4824812 <== mon.0 v2:172.21.15.90:3300/0 7 ==== mgrmap(e 11) v1 ==== 43275+0+0 (secure 0 0 0) 0x7f747c02e6f0 con 0x7f748c1015d0
2024-03-22T06:55:03.389 INFO:teuthology.orchestra.run.smithi090.stdout:/usr/bin/ceph: stderr
2024-03-22T06:55:02.630+0000 7f7488ff9700 1 --2- 172.21.15.90:0/4824812 >> [v2:172.21.15.90:6800/2817650556,v1:172.21.15.90:6801/2817650556] conn(0x7f747403a070 0x7f747403c450 unknown :-1 s=NONE pgs=0 cs=0 l=1 rev1=0 crypto rx=0 tx=0 comp rx=0 tx=0).connect
2024-03-22T06:55:03.389 INFO:teuthology.orchestra.run.smithi090.stdout:/usr/bin/ceph: stderr
2024-03-22T06:55:02.630+0000 7f7488ff9700 1 -- 172.21.15.90:0/4824812 --> [v2:172.21.15.90:6800/2817650556,v1:172.21.15.90:6801/2817650556] -- command(tid 0: {"prefix": "get_command_descriptions"}) v1 -- 0x7f74740393f0 con 0x7f747403a070
2024-03-22T06:55:03.389 INFO:teuthology.orchestra.run.smithi090.stdout:/usr/bin/ceph: stderr
2024-03-22T06:55:02.631+0000 7f748b7fe700 1 --2- 172.21.15.90:0/4824812 >> [v2:172.21.15.90:6800/2817650556,v1:172.21.15.90:6801/2817650556] conn(0x7f747403a070 0x7f747403c450 unknown :-1 s=BANNER_CONNECTING pgs=0 cs=0 l=1 rev1=0 crypto rx=0 tx=0 comp rx=0 tx=0)._handle_peer_banner_payload supported=3 required=0
2024-03-22T06:55:03.389 INFO:teuthology.orchestra.run.smithi090.stdout:/usr/bin/ceph: stderr
2024-03-22T06:55:02.631+0000 7f748b7fe700 1 --2- 172.21.15.90:0/4824812 >> [v2:172.21.15.90:6800/2817650556,v1:172.21.15.90:6801/2817650556] conn(0x7f747403a070 0x7f747403c450 secure :-1 s=READY pgs=5 cs=0 l=1 rev1=1 crypto rx=0x7f74800039d0 tx=0x7f7480009350 comp rx=0 tx=0).ready entity=mgr.14162 client_cookie=0 server_cookie=0 in_seq=0 out_seq=0
2024-03-22T06:55:03.389 INFO:teuthology.orchestra.run.smithi090.stdout:/usr/bin/ceph: stderr
2024-03-22T06:55:02.632+0000 7f7488ff9700 1 -- 172.21.15.90:0/4824812 <== mgr.14162 v2:172.21.15.90:6800/2817650556 1 ==== command_reply(tid 0: 0 ) v1 ==== 8+0+6549 (secure 0 0 0) 0x7f74740393f0 con 0x7f747403a070
2024-03-22T06:55:03.389 INFO:teuthology.orchestra.run.smithi090.stdout:/usr/bin/ceph: stderr
2024-03-22T06:55:02.638+0000 7f749241e700 1 -- 172.21.15.90:0/4824812 --> [v2:172.21.15.90:6800/2817650556,v1:172.21.15.90:6801/2817650556] -- command(tid 1: {"prefix": "mgr_status"}) v1 -- 0x7f748c112200 con 0x7f747403a070
2024-03-22T06:55:03.389 INFO:teuthology.orchestra.run.smithi090.stdout:/usr/bin/ceph: stderr
2024-03-22T06:55:02.638+0000 7f7488ff9700 1 -- 172.21.15.90:0/4824812 <== mgr.14162 v2:172.21.15.90:6800/2817650556 2 ==== command_reply(tid 1: 0 ) v1 ==== 8+0+52 (secure 0 0 0) 0x7f748c112200 con 0x7f747403a070
2024-03-22T06:55:03.390 INFO:teuthology.orchestra.run.smithi090.stdout:/usr/bin/ceph: stderr
2024-03-22T06:55:02.638+0000 7f749241e700 1 -- 172.21.15.90:0/4824812 >> [v2:172.21.15.90:6800/2817650556,v1:172.21.15.90:6801/2817650556] conn(0x7f747403a070 msgr2=0x7f747403c450 secure :-1 s=STATE_CONNECTION_ESTABLISHED l=1).mark_down
2024-03-22T06:55:03.390 INFO:teuthology.orchestra.run.smithi090.stdout:/usr/bin/ceph: stderr
2024-03-22T06:55:02.638+0000 7f749241e700 1 --2- 172.21.15.90:0/4824812 >> [v2:172.21.15.90:6800/2817650556,v1:172.21.15.90:6801/2817650556] conn(0x7f747403a070 0x7f747403c450 secure :-1 s=READY pgs=5 cs=0 l=1 rev1=1 crypto rx=0x7f74800039d0 tx=0x7f7480009350 comp rx=0 tx=0).stop
2024-03-22T06:55:03.390 INFO:teuthology.orchestra.run.smithi090.stdout:/usr/bin/ceph: stderr
2024-03-22T06:55:02.638+0000 7f749241e700 1 -- 172.21.15.90:0/4824812 >> [v2:172.21.15.90:3300/0,v1:172.21.15.90:6789/0] conn(0x7f748c1015d0 msgr2=0x7f748c111630 secure :-1 s=STATE_CONNECTION_ESTABLISHED l=1).mark_down
2024-03-22T06:55:03.390 INFO:teuthology.orchestra.run.smithi090.stdout:/usr/bin/ceph: stderr
2024-03-22T06:55:02.638+0000 7f749241e700 1 --2- 172.21.15.90:0/4824812 >> [v2:172.21.15.90:3300/0,v1:172.21.15.90:6789/0] conn(0x7f748c1015d0 0x7f748c111630 secure :-1 s=READY pgs=72 cs=0 l=1 rev1=1 crypto rx=0x7f747c006b00 tx=0x7f747c009250 comp rx=0 tx=0).stop
2024-03-22T06:55:03.390 INFO:teuthology.orchestra.run.smithi090.stdout:/usr/bin/ceph: stderr
2024-03-22T06:55:02.638+0000 7f749241e700 1 -- 172.21.15.90:0/4824812 shutdown_connections
2024-03-22T06:55:03.390 INFO:teuthology.orchestra.run.smithi090.stdout:/usr/bin/ceph: stderr
2024-03-22T06:55:02.638+0000 7f749241e700 1 --2- 172.21.15.90:0/4824812 >> [v2:172.21.15.90:6800/2817650556,v1:172.21.15.90:6801/2817650556] conn(0x7f747403a070 0x7f747403c450 unknown :-1 s=CLOSED pgs=5 cs=0 l=1 rev1=1 crypto rx=0 tx=0 comp rx=0 tx=0).stop
2024-03-22T06:55:03.390 INFO:teuthology.orchestra.run.smithi090.stdout:/usr/bin/ceph: stderr
2024-03-22T06:55:02.638+0000 7f749241e700 1 --2- 172.21.15.90:0/4824812 >> [v2:172.21.15.90:3300/0,v1:172.21.15.90:6789/0] conn(0x7f748c1015d0 0x7f748c111630 unknown :-1 s=CLOSED pgs=72 cs=0 l=1 rev1=1 crypto rx=0 tx=0 comp rx=0 tx=0).stop
2024-03-22T06:55:03.390 INFO:teuthology.orchestra.run.smithi090.stdout:/usr/bin/ceph: stderr
2024-03-22T06:55:02.638+0000 7f749241e700 1 --2- 172.21.15.90:0/4824812 >> [v2:172.21.15.90:6800/4010402758,v1:172.21.15.90:6801/4010402758] conn(0x7f7474036830 0x7f7474038ce0 unknown :-1 s=CLOSED pgs=0 cs=0 l=1 rev1=0 crypto rx=0 tx=0 comp rx=0 tx=0).stop
2024-03-22T06:55:03.390 INFO:teuthology.orchestra.run.smithi090.stdout:/usr/bin/ceph: stderr
2024-03-22T06:55:02.638+0000 7f749241e700 1 -- 172.21.15.90:0/4824812 >> 172.21.15.90:0/4824812 conn(0x7f748c0fcd50 msgr2=0x7f748c0fdc60 unknown :-1 s=STATE_NONE l=0).mark_down
2024-03-22T06:55:03.390 INFO:teuthology.orchestra.run.smithi090.stdout:/usr/bin/ceph: stderr
2024-03-22T06:55:02.638+0000 7f749241e700 1 -- 172.21.15.90:0/4824812 shutdown_connections
2024-03-22T06:55:03.390 INFO:teuthology.orchestra.run.smithi090.stdout:/usr/bin/ceph: stderr
2024-03-22T06:55:02.638+0000 7f749241e700 1 -- 172.21.15.90:0/4824812 wait complete.
2024-03-22T06:55:03.390 INFO:teuthology.orchestra.run.smithi090.stdout:mgr epoch 9 is available
2024-03-22T06:55:03.390 INFO:teuthology.orchestra.run.smithi090.stdout:Generating a dashboard self-signed certificate...
2024-03-22T06:55:04.266 INFO:journalctl@ceph.mon.smithi090.smithi090.stdout:Mar 22 06:55:03 smithi090 ceph-mon[29293]: [22/Mar/2024:06:55:02] ENGINE Serving on https://172.21.15.90:7150
2024-03-22T06:55:04.266 INFO:journalctl@ceph.mon.smithi090.smithi090.stdout:Mar 22 06:55:03 smithi090 ceph-mon[29293]: [22/Mar/2024:06:55:02] ENGINE Bus STARTED
2024-03-22T06:55:04.266 INFO:journalctl@ceph.mon.smithi090.smithi090.stdout:Mar 22 06:55:03 smithi090 ceph-mon[29293]: from='client.14166 -' entity='client.admin' cmd=[{"prefix": "get_command_descriptions"}]: dispatch
2024-03-22T06:55:04.266 INFO:journalctl@ceph.mon.smithi090.smithi090.stdout:Mar 22 06:55:03 smithi090 ceph-mon[29293]: from='client.14166 -' entity='client.admin' cmd=[{"prefix": "mgr_status"}]: dispatch
2024-03-22T06:55:04.266 INFO:journalctl@ceph.mon.smithi090.smithi090.stdout:Mar 22 06:55:03 smithi090 ceph-mon[29293]: from='mgr.14162 172.21.15.90:0/3872747203' entity='mgr.smithi090.cxakiw'
2024-03-22T06:55:04.266 INFO:journalctl@ceph.mon.smithi090.smithi090.stdout:Mar 22 06:55:03 smithi090 ceph-mon[29293]: from='mgr.14162 172.21.15.90:0/3872747203' entity='mgr.smithi090.cxakiw'
2024-03-22T06:55:04.734 INFO:teuthology.orchestra.run.smithi090.stdout:/usr/bin/ceph: stdout Self-signed certificate created
2024-03-22T06:55:04.734 INFO:teuthology.orchestra.run.smithi090.stdout:/usr/bin/ceph: stderr
2024-03-22T06:55:03.835+0000 7ffb42525700 1 Processor -- start
2024-03-22T06:55:04.734 INFO:teuthology.orchestra.run.smithi090.stdout:/usr/bin/ceph: stderr
2024-03-22T06:55:03.835+0000 7ffb42525700 1 -- start start
2024-03-22T06:55:04.734 INFO:teuthology.orchestra.run.smithi090.stdout:/usr/bin/ceph: stderr
2024-03-22T06:55:03.835+0000 7ffb42525700 1 --2- >> [v2:172.21.15.90:3300/0,v1:172.21.15.90:6789/0] conn(0x7ffb3c102be0 0x7ffb3c102ff0 unknown :-1 s=NONE pgs=0 cs=0 l=0 rev1=0 crypto rx=0 tx=0 comp rx=0 tx=0).connect
2024-03-22T06:55:04.734 INFO:teuthology.orchestra.run.smithi090.stdout:/usr/bin/ceph: stderr
2024-03-22T06:55:03.835+0000 7ffb42525700 1 -- --> [v2:172.21.15.90:3300/0,v1:172.21.15.90:6789/0] -- mon_getmap magic: 0 v1 -- 0x7ffb3c103530 con 0x7ffb3c102be0
2024-03-22T06:55:04.734 INFO:teuthology.orchestra.run.smithi090.stdout:/usr/bin/ceph: stderr
2024-03-22T06:55:03.835+0000 7ffb3bfff700 1 --2- >> [v2:172.21.15.90:3300/0,v1:172.21.15.90:6789/0] conn(0x7ffb3c102be0 0x7ffb3c102ff0 unknown :-1 s=BANNER_CONNECTING pgs=0 cs=0 l=0 rev1=0 crypto rx=0 tx=0 comp rx=0 tx=0)._handle_peer_banner_payload supported=3 required=0
2024-03-22T06:55:04.734 INFO:teuthology.orchestra.run.smithi090.stdout:/usr/bin/ceph: stderr
2024-03-22T06:55:03.835+0000 7ffb3bfff700 1 --2- >> [v2:172.21.15.90:3300/0,v1:172.21.15.90:6789/0] conn(0x7ffb3c102be0 0x7ffb3c102ff0 unknown :-1 s=HELLO_CONNECTING pgs=0 cs=0 l=0 rev1=1 crypto rx=0 tx=0 comp rx=0 tx=0).handle_hello peer v2:172.21.15.90:3300/0 says I am v2:172.21.15.90:35130/0 (socket says 172.21.15.90:35130)
2024-03-22T06:55:04.734 INFO:teuthology.orchestra.run.smithi090.stdout:/usr/bin/ceph: stderr
2024-03-22T06:55:03.835+0000 7ffb3bfff700 1 -- 172.21.15.90:0/2507980292 learned_addr learned my addr 172.21.15.90:0/2507980292 (peer_addr_for_me v2:172.21.15.90:0/0)
2024-03-22T06:55:04.735 INFO:teuthology.orchestra.run.smithi090.stdout:/usr/bin/ceph: stderr
2024-03-22T06:55:03.836+0000 7ffb3bfff700 1 -- 172.21.15.90:0/2507980292 --> [v2:172.21.15.90:3300/0,v1:172.21.15.90:6789/0] -- mon_subscribe({config=0+,monmap=0+}) v3 -- 0x7ffb3c103670 con 0x7ffb3c102be0
2024-03-22T06:55:04.735 INFO:teuthology.orchestra.run.smithi090.stdout:/usr/bin/ceph: stderr
2024-03-22T06:55:03.836+0000 7ffb3bfff700 1 --2- 172.21.15.90:0/2507980292 >> [v2:172.21.15.90:3300/0,v1:172.21.15.90:6789/0] conn(0x7ffb3c102be0 0x7ffb3c102ff0 secure :-1 s=READY pgs=80 cs=0 l=1 rev1=1 crypto rx=0x7ffb2c00bb80 tx=0x7ffb2c00b4f0 comp rx=0 tx=0).ready entity=mon.0 client_cookie=682a49b43ff21d1f server_cookie=0 in_seq=0 out_seq=0
2024-03-22T06:55:04.735 INFO:teuthology.orchestra.run.smithi090.stdout:/usr/bin/ceph: stderr
2024-03-22T06:55:03.836+0000 7ffb3affd700 1 -- 172.21.15.90:0/2507980292 <== mon.0 v2:172.21.15.90:3300/0 1 ==== mon_map magic: 0 v1 ==== 229+0+0 (secure 0 0 0) 0x7ffb2c00dd00 con 0x7ffb3c102be0
2024-03-22T06:55:04.735 INFO:teuthology.orchestra.run.smithi090.stdout:/usr/bin/ceph: stderr
2024-03-22T06:55:03.836+0000 7ffb3affd700 1 -- 172.21.15.90:0/2507980292 <== mon.0 v2:172.21.15.90:3300/0 2 ==== config(27 keys) v1 ==== 1109+0+0 (secure 0 0 0) 0x7ffb2c00de60 con 0x7ffb3c102be0
2024-03-22T06:55:04.735 INFO:teuthology.orchestra.run.smithi090.stdout:/usr/bin/ceph: stderr
2024-03-22T06:55:03.836+0000 7ffb3affd700 1 -- 172.21.15.90:0/2507980292 <== mon.0 v2:172.21.15.90:3300/0 3 ==== mon_map magic: 0 v1 ==== 229+0+0 (secure 0 0 0) 0x7ffb2c018920 con 0x7ffb3c102be0
2024-03-22T06:55:04.735 INFO:teuthology.orchestra.run.smithi090.stdout:/usr/bin/ceph: stderr
2024-03-22T06:55:03.837+0000 7ffb42525700 1 -- 172.21.15.90:0/2507980292 >> [v2:172.21.15.90:3300/0,v1:172.21.15.90:6789/0] conn(0x7ffb3c102be0 msgr2=0x7ffb3c102ff0 secure :-1 s=STATE_CONNECTION_ESTABLISHED l=1).mark_down
2024-03-22T06:55:04.735 INFO:teuthology.orchestra.run.smithi090.stdout:/usr/bin/ceph: stderr
