2024-03-22T06:54:18.135+0000 7f9a86cea700 1 -- 172.21.15.90:0/944383118 --> [v2:172.21.15.90:3300/0,v1:172.21.15.90:6789/0] -- mon_subscribe({osdmap=0}) v3 -- 0x7f9a801128e0 con 0x7f9a80102730
2024-03-22T06:54:18.807 INFO:teuthology.orchestra.run.smithi090.stdout:/usr/bin/ceph: stderr
2024-03-22T06:54:18.135+0000 7f9a7d7fa700 1 -- 172.21.15.90:0/944383118 <== mon.0 v2:172.21.15.90:3300/0 4 ==== mgrmap(e 2) v1 ==== 43124+0+0 (secure 0 0 0) 0x7f9a78019070 con 0x7f9a80102730
2024-03-22T06:54:18.807 INFO:teuthology.orchestra.run.smithi090.stdout:/usr/bin/ceph: stderr
2024-03-22T06:54:18.135+0000 7f9a86cea700 1 -- 172.21.15.90:0/944383118 --> [v2:172.21.15.90:3300/0,v1:172.21.15.90:6789/0] -- mon_command({"prefix": "get_command_descriptions"} v 0) v1 -- 0x7f9a8005f5f0 con 0x7f9a80102730
2024-03-22T06:54:18.807 INFO:teuthology.orchestra.run.smithi090.stdout:/usr/bin/ceph: stderr
2024-03-22T06:54:18.135+0000 7f9a7d7fa700 1 -- 172.21.15.90:0/944383118 <== mon.0 v2:172.21.15.90:3300/0 5 ==== osd_map(1..1 src has 1..1) v4 ==== 721+0+0 (secure 0 0 0) 0x7f9a78049a30 con 0x7f9a80102730
2024-03-22T06:54:18.807 INFO:teuthology.orchestra.run.smithi090.stdout:/usr/bin/ceph: stderr
2024-03-22T06:54:18.138+0000 7f9a7d7fa700 1 -- 172.21.15.90:0/944383118 <== mon.0 v2:172.21.15.90:3300/0 6 ==== mon_command_ack([{"prefix": "get_command_descriptions"}]=0 v0) v1 ==== 72+0+71349 (secure 0 0 0) 0x7f9a7801cb10 con 0x7f9a80102730
2024-03-22T06:54:18.807 INFO:teuthology.orchestra.run.smithi090.stdout:/usr/bin/ceph: stderr
2024-03-22T06:54:18.205+0000 7f9a86cea700 1 -- 172.21.15.90:0/944383118 --> [v2:172.21.15.90:3300/0,v1:172.21.15.90:6789/0] -- mon_command({"prefix": "status", "format": "json-pretty"} v 0) v1 -- 0x7f9a80112c80 con 0x7f9a80102730
2024-03-22T06:54:18.807 INFO:teuthology.orchestra.run.smithi090.stdout:/usr/bin/ceph: stderr
2024-03-22T06:54:18.206+0000 7f9a7d7fa700 1 -- 172.21.15.90:0/944383118 <== mon.0 v2:172.21.15.90:3300/0 7 ==== mon_command_ack([{"prefix": "status", "format": "json-pretty"}]=0 v0) v1 ==== 79+0+1248 (secure 0 0 0) 0x7f9a78017020 con 0x7f9a80102730
2024-03-22T06:54:18.807 INFO:teuthology.orchestra.run.smithi090.stdout:/usr/bin/ceph: stderr
2024-03-22T06:54:18.206+0000 7f9a86cea700 1 -- 172.21.15.90:0/944383118 >> [v2:172.21.15.90:3300/0,v1:172.21.15.90:6789/0] conn(0x7f9a80102730 msgr2=0x7f9a80111630 secure :-1 s=STATE_CONNECTION_ESTABLISHED l=1).mark_down
2024-03-22T06:54:18.808 INFO:teuthology.orchestra.run.smithi090.stdout:/usr/bin/ceph: stderr
2024-03-22T06:54:18.206+0000 7f9a86cea700 1 --2- 172.21.15.90:0/944383118 >> [v2:172.21.15.90:3300/0,v1:172.21.15.90:6789/0] conn(0x7f9a80102730 0x7f9a80111630 secure :-1 s=READY pgs=17 cs=0 l=1 rev1=1 crypto rx=0x7f9a78009fd0 tx=0x7f9a78009840 comp rx=0 tx=0).stop
2024-03-22T06:54:18.808 INFO:teuthology.orchestra.run.smithi090.stdout:/usr/bin/ceph: stderr
2024-03-22T06:54:18.207+0000 7f9a86cea700 1 -- 172.21.15.90:0/944383118 shutdown_connections
2024-03-22T06:54:18.808 INFO:teuthology.orchestra.run.smithi090.stdout:/usr/bin/ceph: stderr
2024-03-22T06:54:18.207+0000 7f9a86cea700 1 --2- 172.21.15.90:0/944383118 >> [v2:172.21.15.90:3300/0,v1:172.21.15.90:6789/0] conn(0x7f9a80102730 0x7f9a80111630 unknown :-1 s=CLOSED pgs=17 cs=0 l=1 rev1=1 crypto rx=0 tx=0 comp rx=0 tx=0).stop
2024-03-22T06:54:18.808 INFO:teuthology.orchestra.run.smithi090.stdout:/usr/bin/ceph: stderr
2024-03-22T06:54:18.207+0000 7f9a86cea700 1 -- 172.21.15.90:0/944383118 >> 172.21.15.90:0/944383118 conn(0x7f9a800fdf10 msgr2=0x7f9a800feb10 unknown :-1 s=STATE_NONE l=0).mark_down
2024-03-22T06:54:18.808 INFO:teuthology.orchestra.run.smithi090.stdout:/usr/bin/ceph: stderr
2024-03-22T06:54:18.207+0000 7f9a86cea700 1 -- 172.21.15.90:0/944383118 shutdown_connections
2024-03-22T06:54:18.808 INFO:teuthology.orchestra.run.smithi090.stdout:/usr/bin/ceph: stderr
2024-03-22T06:54:18.207+0000 7f9a86cea700 1 -- 172.21.15.90:0/944383118 wait complete.
2024-03-22T06:54:18.808 INFO:teuthology.orchestra.run.smithi090.stdout:mgr not available, waiting (3/15)...
2024-03-22T06:54:19.266 INFO:journalctl@ceph.mon.smithi090.smithi090.stdout:Mar 22 06:54:18 smithi090 ceph-mon[29293]: from='client.? 172.21.15.90:0/944383118' entity='client.admin' cmd=[{"prefix": "status", "format": "json-pretty"}]: dispatch
2024-03-22T06:54:19.266 INFO:journalctl@ceph.mon.smithi090.smithi090.stdout:Mar 22 06:54:18 smithi090 ceph-mon[29293]: mgrmap e3: smithi090.cxakiw(active, since 1.00707s)
2024-03-22T06:54:21.232 INFO:journalctl@ceph.mon.smithi090.smithi090.stdout:Mar 22 06:54:20 smithi090 ceph-mon[29293]: mgrmap e4: smithi090.cxakiw(active, since 2s)
2024-03-22T06:54:22.194 INFO:teuthology.orchestra.run.smithi090.stdout:/usr/bin/ceph: stdout
2024-03-22T06:54:22.195 INFO:teuthology.orchestra.run.smithi090.stdout:/usr/bin/ceph: stdout {
2024-03-22T06:54:22.195 INFO:teuthology.orchestra.run.smithi090.stdout:/usr/bin/ceph: stdout "fsid": "aefcc75a-e818-11ee-95cd-87774f69a715",
2024-03-22T06:54:22.195 INFO:teuthology.orchestra.run.smithi090.stdout:/usr/bin/ceph: stdout "health": {
2024-03-22T06:54:22.195 INFO:teuthology.orchestra.run.smithi090.stdout:/usr/bin/ceph: stdout "status": "HEALTH_OK",
2024-03-22T06:54:22.195 INFO:teuthology.orchestra.run.smithi090.stdout:/usr/bin/ceph: stdout "checks": {},
2024-03-22T06:54:22.195 INFO:teuthology.orchestra.run.smithi090.stdout:/usr/bin/ceph: stdout "mutes": []
2024-03-22T06:54:22.195 INFO:teuthology.orchestra.run.smithi090.stdout:/usr/bin/ceph: stdout },
2024-03-22T06:54:22.195 INFO:teuthology.orchestra.run.smithi090.stdout:/usr/bin/ceph: stdout "election_epoch": 5,
2024-03-22T06:54:22.195 INFO:teuthology.orchestra.run.smithi090.stdout:/usr/bin/ceph: stdout "quorum": [
2024-03-22T06:54:22.195 INFO:teuthology.orchestra.run.smithi090.stdout:/usr/bin/ceph: stdout 0
2024-03-22T06:54:22.196 INFO:teuthology.orchestra.run.smithi090.stdout:/usr/bin/ceph: stdout ],
2024-03-22T06:54:22.196 INFO:teuthology.orchestra.run.smithi090.stdout:/usr/bin/ceph: stdout "quorum_names": [
2024-03-22T06:54:22.196 INFO:teuthology.orchestra.run.smithi090.stdout:/usr/bin/ceph: stdout "smithi090"
2024-03-22T06:54:22.196 INFO:teuthology.orchestra.run.smithi090.stdout:/usr/bin/ceph: stdout ],
2024-03-22T06:54:22.196 INFO:teuthology.orchestra.run.smithi090.stdout:/usr/bin/ceph: stdout "quorum_age": 11,
2024-03-22T06:54:22.196 INFO:teuthology.orchestra.run.smithi090.stdout:/usr/bin/ceph: stdout "monmap": {
2024-03-22T06:54:22.196 INFO:teuthology.orchestra.run.smithi090.stdout:/usr/bin/ceph: stdout "epoch": 1,
2024-03-22T06:54:22.196 INFO:teuthology.orchestra.run.smithi090.stdout:/usr/bin/ceph: stdout "min_mon_release_name": "quincy",
2024-03-22T06:54:22.196 INFO:teuthology.orchestra.run.smithi090.stdout:/usr/bin/ceph: stdout "num_mons": 1
2024-03-22T06:54:22.196 INFO:teuthology.orchestra.run.smithi090.stdout:/usr/bin/ceph: stdout },
2024-03-22T06:54:22.196 INFO:teuthology.orchestra.run.smithi090.stdout:/usr/bin/ceph: stdout "osdmap": {
2024-03-22T06:54:22.196 INFO:teuthology.orchestra.run.smithi090.stdout:/usr/bin/ceph: stdout "epoch": 1,
2024-03-22T06:54:22.196 INFO:teuthology.orchestra.run.smithi090.stdout:/usr/bin/ceph: stdout "num_osds": 0,
2024-03-22T06:54:22.197 INFO:teuthology.orchestra.run.smithi090.stdout:/usr/bin/ceph: stdout "num_up_osds": 0,
2024-03-22T06:54:22.197 INFO:teuthology.orchestra.run.smithi090.stdout:/usr/bin/ceph: stdout "osd_up_since": 0,
2024-03-22T06:54:22.197 INFO:teuthology.orchestra.run.smithi090.stdout:/usr/bin/ceph: stdout "num_in_osds": 0,
2024-03-22T06:54:22.197 INFO:teuthology.orchestra.run.smithi090.stdout:/usr/bin/ceph: stdout "osd_in_since": 0,
2024-03-22T06:54:22.197 INFO:teuthology.orchestra.run.smithi090.stdout:/usr/bin/ceph: stdout "num_remapped_pgs": 0
2024-03-22T06:54:22.197 INFO:teuthology.orchestra.run.smithi090.stdout:/usr/bin/ceph: stdout },
2024-03-22T06:54:22.197 INFO:teuthology.orchestra.run.smithi090.stdout:/usr/bin/ceph: stdout "pgmap": {
2024-03-22T06:54:22.197 INFO:teuthology.orchestra.run.smithi090.stdout:/usr/bin/ceph: stdout "pgs_by_state": [],
2024-03-22T06:54:22.197 INFO:teuthology.orchestra.run.smithi090.stdout:/usr/bin/ceph: stdout "num_pgs": 0,
2024-03-22T06:54:22.197 INFO:teuthology.orchestra.run.smithi090.stdout:/usr/bin/ceph: stdout "num_pools": 0,
2024-03-22T06:54:22.197 INFO:teuthology.orchestra.run.smithi090.stdout:/usr/bin/ceph: stdout "num_objects": 0,
2024-03-22T06:54:22.197 INFO:teuthology.orchestra.run.smithi090.stdout:/usr/bin/ceph: stdout "data_bytes": 0,
2024-03-22T06:54:22.197 INFO:teuthology.orchestra.run.smithi090.stdout:/usr/bin/ceph: stdout "bytes_used": 0,
2024-03-22T06:54:22.198 INFO:teuthology.orchestra.run.smithi090.stdout:/usr/bin/ceph: stdout "bytes_avail": 0,
2024-03-22T06:54:22.198 INFO:teuthology.orchestra.run.smithi090.stdout:/usr/bin/ceph: stdout "bytes_total": 0
2024-03-22T06:54:22.198 INFO:teuthology.orchestra.run.smithi090.stdout:/usr/bin/ceph: stdout },
2024-03-22T06:54:22.198 INFO:teuthology.orchestra.run.smithi090.stdout:/usr/bin/ceph: stdout "fsmap": {
2024-03-22T06:54:22.198 INFO:teuthology.orchestra.run.smithi090.stdout:/usr/bin/ceph: stdout "epoch": 1,
2024-03-22T06:54:22.198 INFO:teuthology.orchestra.run.smithi090.stdout:/usr/bin/ceph: stdout "by_rank": [],
2024-03-22T06:54:22.198 INFO:teuthology.orchestra.run.smithi090.stdout:/usr/bin/ceph: stdout "up:standby": 0
2024-03-22T06:54:22.198 INFO:teuthology.orchestra.run.smithi090.stdout:/usr/bin/ceph: stdout },
2024-03-22T06:54:22.198 INFO:teuthology.orchestra.run.smithi090.stdout:/usr/bin/ceph: stdout "mgrmap": {
2024-03-22T06:54:22.198 INFO:teuthology.orchestra.run.smithi090.stdout:/usr/bin/ceph: stdout "available": true,
2024-03-22T06:54:22.198 INFO:teuthology.orchestra.run.smithi090.stdout:/usr/bin/ceph: stdout "num_standbys": 0,
2024-03-22T06:54:22.198 INFO:teuthology.orchestra.run.smithi090.stdout:/usr/bin/ceph: stdout "modules": [
2024-03-22T06:54:22.199 INFO:teuthology.orchestra.run.smithi090.stdout:/usr/bin/ceph: stdout "iostat",
2024-03-22T06:54:22.199 INFO:teuthology.orchestra.run.smithi090.stdout:/usr/bin/ceph: stdout "nfs",
2024-03-22T06:54:22.199 INFO:teuthology.orchestra.run.smithi090.stdout:/usr/bin/ceph: stdout "restful"
2024-03-22T06:54:22.199 INFO:teuthology.orchestra.run.smithi090.stdout:/usr/bin/ceph: stdout ],
2024-03-22T06:54:22.199 INFO:teuthology.orchestra.run.smithi090.stdout:/usr/bin/ceph: stdout "services": {}
2024-03-22T06:54:22.199 INFO:teuthology.orchestra.run.smithi090.stdout:/usr/bin/ceph: stdout },
2024-03-22T06:54:22.199 INFO:teuthology.orchestra.run.smithi090.stdout:/usr/bin/ceph: stdout "servicemap": {
2024-03-22T06:54:22.199 INFO:teuthology.orchestra.run.smithi090.stdout:/usr/bin/ceph: stdout "epoch": 1,
2024-03-22T06:54:22.199 INFO:teuthology.orchestra.run.smithi090.stdout:/usr/bin/ceph: stdout "modified": "2024-03-22T06:54:05.023240+0000",
2024-03-22T06:54:22.199 INFO:teuthology.orchestra.run.smithi090.stdout:/usr/bin/ceph: stdout "services": {}
2024-03-22T06:54:22.199 INFO:teuthology.orchestra.run.smithi090.stdout:/usr/bin/ceph: stdout },
2024-03-22T06:54:22.199 INFO:teuthology.orchestra.run.smithi090.stdout:/usr/bin/ceph: stdout "progress_events": {}
2024-03-22T06:54:22.199 INFO:teuthology.orchestra.run.smithi090.stdout:/usr/bin/ceph: stdout }
2024-03-22T06:54:22.199 INFO:teuthology.orchestra.run.smithi090.stdout:/usr/bin/ceph: stderr
2024-03-22T06:54:21.252+0000 7f5829060700 1 Processor -- start
2024-03-22T06:54:22.200 INFO:teuthology.orchestra.run.smithi090.stdout:/usr/bin/ceph: stderr
2024-03-22T06:54:21.252+0000 7f5829060700 1 -- start start
2024-03-22T06:54:22.200 INFO:teuthology.orchestra.run.smithi090.stdout:/usr/bin/ceph: stderr
2024-03-22T06:54:21.252+0000 7f5829060700 1 --2- >> [v2:172.21.15.90:3300/0,v1:172.21.15.90:6789/0] conn(0x7f5824103da0 0x7f58241041b0 unknown :-1 s=NONE pgs=0 cs=0 l=0 rev1=0 crypto rx=0 tx=0 comp rx=0 tx=0).connect
2024-03-22T06:54:22.200 INFO:teuthology.orchestra.run.smithi090.stdout:/usr/bin/ceph: stderr
2024-03-22T06:54:21.252+0000 7f5829060700 1 -- --> [v2:172.21.15.90:3300/0,v1:172.21.15.90:6789/0] -- mon_getmap magic: 0 v1 -- 0x7f58241046f0 con 0x7f5824103da0
2024-03-22T06:54:22.200 INFO:teuthology.orchestra.run.smithi090.stdout:/usr/bin/ceph: stderr
2024-03-22T06:54:21.252+0000 7f5822d9d700 1 --2- >> [v2:172.21.15.90:3300/0,v1:172.21.15.90:6789/0] conn(0x7f5824103da0 0x7f58241041b0 unknown :-1 s=BANNER_CONNECTING pgs=0 cs=0 l=0 rev1=0 crypto rx=0 tx=0 comp rx=0 tx=0)._handle_peer_banner_payload supported=3 required=0
2024-03-22T06:54:22.200 INFO:teuthology.orchestra.run.smithi090.stdout:/usr/bin/ceph: stderr
2024-03-22T06:54:21.252+0000 7f5822d9d700 1 --2- >> [v2:172.21.15.90:3300/0,v1:172.21.15.90:6789/0] conn(0x7f5824103da0 0x7f58241041b0 unknown :-1 s=HELLO_CONNECTING pgs=0 cs=0 l=0 rev1=1 crypto rx=0 tx=0 comp rx=0 tx=0).handle_hello peer v2:172.21.15.90:3300/0 says I am v2:172.21.15.90:35320/0 (socket says 172.21.15.90:35320)
2024-03-22T06:54:22.200 INFO:teuthology.orchestra.run.smithi090.stdout:/usr/bin/ceph: stderr
2024-03-22T06:54:21.252+0000 7f5822d9d700 1 -- 172.21.15.90:0/155148256 learned_addr learned my addr 172.21.15.90:0/155148256 (peer_addr_for_me v2:172.21.15.90:0/0)
2024-03-22T06:54:22.200 INFO:teuthology.orchestra.run.smithi090.stdout:/usr/bin/ceph: stderr
2024-03-22T06:54:21.252+0000 7f5822d9d700 1 -- 172.21.15.90:0/155148256 --> [v2:172.21.15.90:3300/0,v1:172.21.15.90:6789/0] -- mon_subscribe({config=0+,monmap=0+}) v3 -- 0x7f5824104830 con 0x7f5824103da0
2024-03-22T06:54:22.200 INFO:teuthology.orchestra.run.smithi090.stdout:/usr/bin/ceph: stderr
2024-03-22T06:54:21.253+0000 7f5822d9d700 1 --2- 172.21.15.90:0/155148256 >> [v2:172.21.15.90:3300/0,v1:172.21.15.90:6789/0] conn(0x7f5824103da0 0x7f58241041b0 secure :-1 s=READY pgs=18 cs=0 l=1 rev1=1 crypto rx=0x7f58140098e0 tx=0x7f5814009250 comp rx=0 tx=0).ready entity=mon.0 client_cookie=fb7740a736923aff server_cookie=0 in_seq=0 out_seq=0
2024-03-22T06:54:22.200 INFO:teuthology.orchestra.run.smithi090.stdout:/usr/bin/ceph: stderr
2024-03-22T06:54:21.253+0000 7f5821d9b700 1 -- 172.21.15.90:0/155148256 <== mon.0 v2:172.21.15.90:3300/0 1 ==== mon_map magic: 0 v1 ==== 229+0+0 (secure 0 0 0) 0x7f581400b860 con 0x7f5824103da0
2024-03-22T06:54:22.200 INFO:teuthology.orchestra.run.smithi090.stdout:/usr/bin/ceph: stderr
2024-03-22T06:54:21.253+0000 7f5821d9b700 1 -- 172.21.15.90:0/155148256 <== mon.0 v2:172.21.15.90:3300/0 2 ==== config(27 keys) v1 ==== 1044+0+0 (secure 0 0 0) 0x7f581400be50 con 0x7f5824103da0
2024-03-22T06:54:22.200 INFO:teuthology.orchestra.run.smithi090.stdout:/usr/bin/ceph: stderr
2024-03-22T06:54:21.253+0000 7f5821d9b700 1 -- 172.21.15.90:0/155148256 <== mon.0 v2:172.21.15.90:3300/0 3 ==== mon_map magic: 0 v1 ==== 229+0+0 (secure 0 0 0) 0x7f5814010380 con 0x7f5824103da0
2024-03-22T06:54:22.200 INFO:teuthology.orchestra.run.smithi090.stdout:/usr/bin/ceph: stderr
2024-03-22T06:54:21.253+0000 7f5829060700 1 -- 172.21.15.90:0/155148256 >> [v2:172.21.15.90:3300/0,v1:172.21.15.90:6789/0] conn(0x7f5824103da0 msgr2=0x7f58241041b0 secure :-1 s=STATE_CONNECTION_ESTABLISHED l=1).mark_down
2024-03-22T06:54:22.200 INFO:teuthology.orchestra.run.smithi090.stdout:/usr/bin/ceph: stderr
2024-03-22T06:54:21.253+0000 7f5829060700 1 --2- 172.21.15.90:0/155148256 >> [v2:172.21.15.90:3300/0,v1:172.21.15.90:6789/0] conn(0x7f5824103da0 0x7f58241041b0 secure :-1 s=READY pgs=18 cs=0 l=1 rev1=1 crypto rx=0x7f58140098e0 tx=0x7f5814009250 comp rx=0 tx=0).stop
2024-03-22T06:54:22.200 INFO:teuthology.orchestra.run.smithi090.stdout:/usr/bin/ceph: stderr
2024-03-22T06:54:21.253+0000 7f5829060700 1 -- 172.21.15.90:0/155148256 shutdown_connections
2024-03-22T06:54:22.200 INFO:teuthology.orchestra.run.smithi090.stdout:/usr/bin/ceph: stderr
2024-03-22T06:54:21.253+0000 7f5829060700 1 --2- 172.21.15.90:0/155148256 >> [v2:172.21.15.90:3300/0,v1:172.21.15.90:6789/0] conn(0x7f5824103da0 0x7f58241041b0 unknown :-1 s=CLOSED pgs=18 cs=0 l=1 rev1=1 crypto rx=0 tx=0 comp rx=0 tx=0).stop
2024-03-22T06:54:22.201 INFO:teuthology.orchestra.run.smithi090.stdout:/usr/bin/ceph: stderr
2024-03-22T06:54:21.253+0000 7f5829060700 1 -- 172.21.15.90:0/155148256 >> 172.21.15.90:0/155148256 conn(0x7f58240fc560 msgr2=0x7f58240fe970 unknown :-1 s=STATE_NONE l=0).mark_down
2024-03-22T06:54:22.201 INFO:teuthology.orchestra.run.smithi090.stdout:/usr/bin/ceph: stderr
2024-03-22T06:54:21.253+0000 7f5829060700 1 -- 172.21.15.90:0/155148256 shutdown_connections
2024-03-22T06:54:22.201 INFO:teuthology.orchestra.run.smithi090.stdout:/usr/bin/ceph: stderr
2024-03-22T06:54:21.253+0000 7f5829060700 1 -- 172.21.15.90:0/155148256 wait complete.
2024-03-22T06:54:22.201 INFO:teuthology.orchestra.run.smithi090.stdout:/usr/bin/ceph: stderr
2024-03-22T06:54:21.254+0000 7f5829060700 1 Processor -- start
2024-03-22T06:54:22.201 INFO:teuthology.orchestra.run.smithi090.stdout:/usr/bin/ceph: stderr
2024-03-22T06:54:21.254+0000 7f5829060700 1 -- start start
2024-03-22T06:54:22.201 INFO:teuthology.orchestra.run.smithi090.stdout:/usr/bin/ceph: stderr
2024-03-22T06:54:21.254+0000 7f5829060700 1 --2- >> [v2:172.21.15.90:3300/0,v1:172.21.15.90:6789/0] conn(0x7f5824103da0 0x7f58241115e0 unknown :-1 s=NONE pgs=0 cs=0 l=1 rev1=0 crypto rx=0 tx=0 comp rx=0 tx=0).connect
2024-03-22T06:54:22.201 INFO:teuthology.orchestra.run.smithi090.stdout:/usr/bin/ceph: stderr
2024-03-22T06:54:21.254+0000 7f5829060700 1 -- --> [v2:172.21.15.90:3300/0,v1:172.21.15.90:6789/0] -- mon_getmap magic: 0 v1 -- 0x7f5824111b20 con 0x7f5824103da0
2024-03-22T06:54:22.201 INFO:teuthology.orchestra.run.smithi090.stdout:/usr/bin/ceph: stderr
2024-03-22T06:54:21.254+0000 7f5822d9d700 1 --2- >> [v2:172.21.15.90:3300/0,v1:172.21.15.90:6789/0] conn(0x7f5824103da0 0x7f58241115e0 unknown :-1 s=BANNER_CONNECTING pgs=0 cs=0 l=1 rev1=0 crypto rx=0 tx=0 comp rx=0 tx=0)._handle_peer_banner_payload supported=3 required=0
2024-03-22T06:54:22.201 INFO:teuthology.orchestra.run.smithi090.stdout:/usr/bin/ceph: stderr
2024-03-22T06:54:21.254+0000 7f5822d9d700 1 --2- >> [v2:172.21.15.90:3300/0,v1:172.21.15.90:6789/0] conn(0x7f5824103da0 0x7f58241115e0 unknown :-1 s=HELLO_CONNECTING pgs=0 cs=0 l=1 rev1=1 crypto rx=0 tx=0 comp rx=0 tx=0).handle_hello peer v2:172.21.15.90:3300/0 says I am v2:172.21.15.90:35324/0 (socket says 172.21.15.90:35324)
2024-03-22T06:54:22.201 INFO:teuthology.orchestra.run.smithi090.stdout:/usr/bin/ceph: stderr
2024-03-22T06:54:21.254+0000 7f5822d9d700 1 -- 172.21.15.90:0/3069281482 learned_addr learned my addr 172.21.15.90:0/3069281482 (peer_addr_for_me v2:172.21.15.90:0/0)
2024-03-22T06:54:22.201 INFO:teuthology.orchestra.run.smithi090.stdout:/usr/bin/ceph: stderr
2024-03-22T06:54:21.255+0000 7f5822d9d700 1 -- 172.21.15.90:0/3069281482 --> [v2:172.21.15.90:3300/0,v1:172.21.15.90:6789/0] -- mon_subscribe({config=0+,monmap=0+}) v3 -- 0x7f58140094f0 con 0x7f5824103da0
2024-03-22T06:54:22.201 INFO:teuthology.orchestra.run.smithi090.stdout:/usr/bin/ceph: stderr
2024-03-22T06:54:21.255+0000 7f5822d9d700 1 --2- 172.21.15.90:0/3069281482 >> [v2:172.21.15.90:3300/0,v1:172.21.15.90:6789/0] conn(0x7f5824103da0 0x7f58241115e0 secure :-1 s=READY pgs=19 cs=0 l=1 rev1=1 crypto rx=0x7f5814006b00 tx=0x7f5814009250 comp rx=0 tx=0).ready entity=mon.0 client_cookie=0 server_cookie=0 in_seq=0 out_seq=0
2024-03-22T06:54:22.202 INFO:teuthology.orchestra.run.smithi090.stdout:/usr/bin/ceph: stderr
2024-03-22T06:54:21.255+0000 7f580b7fe700 1 -- 172.21.15.90:0/3069281482 <== mon.0 v2:172.21.15.90:3300/0 1 ==== mon_map magic: 0 v1 ==== 229+0+0 (secure 0 0 0) 0x7f5814010760 con 0x7f5824103da0
2024-03-22T06:54:22.202 INFO:teuthology.orchestra.run.smithi090.stdout:/usr/bin/ceph: stderr
2024-03-22T06:54:21.255+0000 7f580b7fe700 1 -- 172.21.15.90:0/3069281482 <== mon.0 v2:172.21.15.90:3300/0 2 ==== config(27 keys) v1 ==== 1044+0+0 (secure 0 0 0) 0x7f5814010d50 con 0x7f5824103da0
2024-03-22T06:54:22.202 INFO:teuthology.orchestra.run.smithi090.stdout:/usr/bin/ceph: stderr
2024-03-22T06:54:21.255+0000 7f5829060700 1 -- 172.21.15.90:0/3069281482 --> [v2:172.21.15.90:3300/0,v1:172.21.15.90:6789/0] -- mon_subscribe({mgrmap=0+}) v3 -- 0x7f5824111d20 con 0x7f5824103da0
2024-03-22T06:54:22.202 INFO:teuthology.orchestra.run.smithi090.stdout:/usr/bin/ceph: stderr
2024-03-22T06:54:21.255+0000 7f580b7fe700 1 -- 172.21.15.90:0/3069281482 <== mon.0 v2:172.21.15.90:3300/0 3 ==== mon_map magic: 0 v1 ==== 229+0+0 (secure 0 0 0) 0x7f581401ad40 con 0x7f5824103da0
2024-03-22T06:54:22.202 INFO:teuthology.orchestra.run.smithi090.stdout:/usr/bin/ceph: stderr
2024-03-22T06:54:21.255+0000 7f5829060700 1 -- 172.21.15.90:0/3069281482 --> [v2:172.21.15.90:3300/0,v1:172.21.15.90:6789/0] -- mon_subscribe({osdmap=0}) v3 -- 0x7f5824112890 con 0x7f5824103da0
2024-03-22T06:54:22.202 INFO:teuthology.orchestra.run.smithi090.stdout:/usr/bin/ceph: stderr
2024-03-22T06:54:21.256+0000 7f580b7fe700 1 -- 172.21.15.90:0/3069281482 <== mon.0 v2:172.21.15.90:3300/0 4 ==== mgrmap(e 4) v1 ==== 43357+0+0 (secure 0 0 0) 0x7f581402e440 con 0x7f5824103da0
2024-03-22T06:54:22.202 INFO:teuthology.orchestra.run.smithi090.stdout:/usr/bin/ceph: stderr
2024-03-22T06:54:21.256+0000 7f580b7fe700 1 --2- 172.21.15.90:0/3069281482 >> [v2:172.21.15.90:6800/195809764,v1:172.21.15.90:6801/195809764] conn(0x7f580c036790 0x7f580c038c40 unknown :-1 s=NONE pgs=0 cs=0 l=1 rev1=0 crypto rx=0 tx=0 comp rx=0 tx=0).connect
2024-03-22T06:54:22.202 INFO:teuthology.orchestra.run.smithi090.stdout:/usr/bin/ceph: stderr
2024-03-22T06:54:21.256+0000 7f5829060700 1 -- 172.21.15.90:0/3069281482 --> [v2:172.21.15.90:3300/0,v1:172.21.15.90:6789/0] -- mon_command({"prefix": "get_command_descriptions"} v 0) v1 -- 0x7f582405f5f0 con 0x7f5824103da0
2024-03-22T06:54:22.202 INFO:teuthology.orchestra.run.smithi090.stdout:/usr/bin/ceph: stderr
2024-03-22T06:54:21.256+0000 7f580b7fe700 1 -- 172.21.15.90:0/3069281482 <== mon.0 v2:172.21.15.90:3300/0 5 ==== osd_map(1..1 src has 1..1) v4 ==== 721+0+0 (secure 0 0 0) 0x7f581404a560 con 0x7f5824103da0
2024-03-22T06:54:22.202 INFO:teuthology.orchestra.run.smithi090.stdout:/usr/bin/ceph: stderr
2024-03-22T06:54:21.256+0000 7f582259c700 1 --2- 172.21.15.90:0/3069281482 >> [v2:172.21.15.90:6800/195809764,v1:172.21.15.90:6801/195809764] conn(0x7f580c036790 0x7f580c038c40 unknown :-1 s=BANNER_CONNECTING pgs=0 cs=0 l=1 rev1=0 crypto rx=0 tx=0 comp rx=0 tx=0)._handle_peer_banner_payload supported=3 required=0
2024-03-22T06:54:22.202 INFO:teuthology.orchestra.run.smithi090.stdout:/usr/bin/ceph: stderr
2024-03-22T06:54:21.256+0000 7f582259c700 1 --2- 172.21.15.90:0/3069281482 >> [v2:172.21.15.90:6800/195809764,v1:172.21.15.90:6801/195809764] conn(0x7f580c036790 0x7f580c038c40 secure :-1 s=READY pgs=6 cs=0 l=1 rev1=1 crypto rx=0x7f5818009990 tx=0x7f5818006e40 comp rx=0 tx=0).ready entity=mgr.14100 client_cookie=0 server_cookie=0 in_seq=0 out_seq=0
2024-03-22T06:54:22.203 INFO:teuthology.orchestra.run.smithi090.stdout:/usr/bin/ceph: stderr
2024-03-22T06:54:21.261+0000 7f580b7fe700 1 -- 172.21.15.90:0/3069281482 <== mon.0 v2:172.21.15.90:3300/0 6 ==== mon_command_ack([{"prefix": "get_command_descriptions"}]=0 v0) v1 ==== 72+0+176504 (secure 0 0 0) 0x7f5814018710 con 0x7f5824103da0
2024-03-22T06:54:22.203 INFO:teuthology.orchestra.run.smithi090.stdout:/usr/bin/ceph: stderr
2024-03-22T06:54:21.521+0000 7f5829060700 1 -- 172.21.15.90:0/3069281482 --> [v2:172.21.15.90:3300/0,v1:172.21.15.90:6789/0] -- mon_command({"prefix": "status", "format": "json-pretty"} v 0) v1 -- 0x7f582404bed0 con 0x7f5824103da0
2024-03-22T06:54:22.203 INFO:teuthology.orchestra.run.smithi090.stdout:/usr/bin/ceph: stderr
2024-03-22T06:54:21.522+0000 7f580b7fe700 1 -- 172.21.15.90:0/3069281482 <== mon.0 v2:172.21.15.90:3300/0 7 ==== mon_command_ack([{"prefix": "status", "format": "json-pretty"}]=0 v0) v1 ==== 79+0+1248 (secure 0 0 0) 0x7f581402d3a0 con 0x7f5824103da0
2024-03-22T06:54:22.203 INFO:teuthology.orchestra.run.smithi090.stdout:/usr/bin/ceph: stderr
2024-03-22T06:54:21.525+0000 7f5829060700 1 -- 172.21.15.90:0/3069281482 >> [v2:172.21.15.90:6800/195809764,v1:172.21.15.90:6801/195809764] conn(0x7f580c036790 msgr2=0x7f580c038c40 secure :-1 s=STATE_CONNECTION_ESTABLISHED l=1).mark_down
2024-03-22T06:54:22.203 INFO:teuthology.orchestra.run.smithi090.stdout:/usr/bin/ceph: stderr
2024-03-22T06:54:21.525+0000 7f5829060700 1 --2- 172.21.15.90:0/3069281482 >> [v2:172.21.15.90:6800/195809764,v1:172.21.15.90:6801/195809764] conn(0x7f580c036790 0x7f580c038c40 secure :-1 s=READY pgs=6 cs=0 l=1 rev1=1 crypto rx=0x7f5818009990 tx=0x7f5818006e40 comp rx=0 tx=0).stop
2024-03-22T06:54:22.203 INFO:teuthology.orchestra.run.smithi090.stdout:/usr/bin/ceph: stderr
2024-03-22T06:54:21.525+0000 7f5829060700 1 -- 172.21.15.90:0/3069281482 >> [v2:172.21.15.90:3300/0,v1:172.21.15.90:6789/0] conn(0x7f5824103da0 msgr2=0x7f58241115e0 secure :-1 s=STATE_CONNECTION_ESTABLISHED l=1).mark_down
2024-03-22T06:54:22.203 INFO:teuthology.orchestra.run.smithi090.stdout:/usr/bin/ceph: stderr
2024-03-22T06:54:21.525+0000 7f5829060700 1 --2- 172.21.15.90:0/3069281482 >> [v2:172.21.15.90:3300/0,v1:172.21.15.90:6789/0] conn(0x7f5824103da0 0x7f58241115e0 secure :-1 s=READY pgs=19 cs=0 l=1 rev1=1 crypto rx=0x7f5814006b00 tx=0x7f5814009250 comp rx=0 tx=0).stop
2024-03-22T06:54:22.203 INFO:teuthology.orchestra.run.smithi090.stdout:/usr/bin/ceph: stderr
2024-03-22T06:54:21.525+0000 7f5829060700 1 -- 172.21.15.90:0/3069281482 shutdown_connections
2024-03-22T06:54:22.203 INFO:teuthology.orchestra.run.smithi090.stdout:/usr/bin/ceph: stderr
2024-03-22T06:54:21.525+0000 7f5829060700 1 --2- 172.21.15.90:0/3069281482 >> [v2:172.21.15.90:6800/195809764,v1:172.21.15.90:6801/195809764] conn(0x7f580c036790 0x7f580c038c40 unknown :-1 s=CLOSED pgs=6 cs=0 l=1 rev1=1 crypto rx=0 tx=0 comp rx=0 tx=0).stop
2024-03-22T06:54:22.203 INFO:teuthology.orchestra.run.smithi090.stdout:/usr/bin/ceph: stderr
2024-03-22T06:54:21.525+0000 7f5829060700 1 --2- 172.21.15.90:0/3069281482 >> [v2:172.21.15.90:3300/0,v1:172.21.15.90:6789/0] conn(0x7f5824103da0 0x7f58241115e0 unknown :-1 s=CLOSED pgs=19 cs=0 l=1 rev1=1 crypto rx=0 tx=0 comp rx=0 tx=0).stop
2024-03-22T06:54:22.203 INFO:teuthology.orchestra.run.smithi090.stdout:/usr/bin/ceph: stderr
2024-03-22T06:54:21.525+0000 7f5829060700 1 -- 172.21.15.90:0/3069281482 >> 172.21.15.90:0/3069281482 conn(0x7f58240fc560 msgr2=0x7f58240fd100 unknown :-1 s=STATE_NONE l=0).mark_down
2024-03-22T06:54:22.204 INFO:teuthology.orchestra.run.smithi090.stdout:/usr/bin/ceph: stderr
2024-03-22T06:54:21.525+0000 7f5829060700 1 -- 172.21.15.90:0/3069281482 shutdown_connections
2024-03-22T06:54:22.204 INFO:teuthology.orchestra.run.smithi090.stdout:/usr/bin/ceph: stderr
2024-03-22T06:54:21.525+0000 7f5829060700 1 -- 172.21.15.90:0/3069281482 wait complete.
2024-03-22T06:54:22.204 INFO:teuthology.orchestra.run.smithi090.stdout:mgr is available
2024-03-22T06:54:22.265 INFO:journalctl@ceph.mon.smithi090.smithi090.stdout:Mar 22 06:54:21 smithi090 ceph-mon[29293]: from='client.? 172.21.15.90:0/3069281482' entity='client.admin' cmd=[{"prefix": "status", "format": "json-pretty"}]: dispatch
2024-03-22T06:54:23.265 INFO:journalctl@ceph.mon.smithi090.smithi090.stdout:Mar 22 06:54:22 smithi090 ceph-mon[29293]: from='client.? 172.21.15.90:0/3319838142' entity='client.admin' cmd=[{"prefix": "config assimilate-conf"}]: dispatch
2024-03-22T06:54:23.356 INFO:teuthology.orchestra.run.smithi090.stdout:/usr/bin/ceph: stdout
2024-03-22T06:54:23.356 INFO:teuthology.orchestra.run.smithi090.stdout:/usr/bin/ceph: stdout [global]
2024-03-22T06:54:23.356 INFO:teuthology.orchestra.run.smithi090.stdout:/usr/bin/ceph: stdout fsid = aefcc75a-e818-11ee-95cd-87774f69a715
2024-03-22T06:54:23.356 INFO:teuthology.orchestra.run.smithi090.stdout:/usr/bin/ceph: stdout mon_osd_allow_pg_remap = true
2024-03-22T06:54:23.356 INFO:teuthology.orchestra.run.smithi090.stdout:/usr/bin/ceph: stdout mon_osd_allow_primary_affinity = true
2024-03-22T06:54:23.356 INFO:teuthology.orchestra.run.smithi090.stdout:/usr/bin/ceph: stdout mon_warn_on_no_sortbitwise = false
2024-03-22T06:54:23.356 INFO:teuthology.orchestra.run.smithi090.stdout:/usr/bin/ceph: stdout osd_crush_chooseleaf_type = 0
2024-03-22T06:54:23.357 INFO:teuthology.orchestra.run.smithi090.stdout:/usr/bin/ceph: stdout
2024-03-22T06:54:23.357 INFO:teuthology.orchestra.run.smithi090.stdout:/usr/bin/ceph: stdout [mgr]
2024-03-22T06:54:23.357 INFO:teuthology.orchestra.run.smithi090.stdout:/usr/bin/ceph: stdout mgr/telemetry/nag = false
2024-03-22T06:54:23.357 INFO:teuthology.orchestra.run.smithi090.stdout:/usr/bin/ceph: stdout
2024-03-22T06:54:23.357 INFO:teuthology.orchestra.run.smithi090.stdout:/usr/bin/ceph: stdout [osd]
2024-03-22T06:54:23.357 INFO:teuthology.orchestra.run.smithi090.stdout:/usr/bin/ceph: stdout mon_osd_backfillfull_ratio = 0.85
2024-03-22T06:54:23.357 INFO:teuthology.orchestra.run.smithi090.stdout:/usr/bin/ceph: stdout mon_osd_full_ratio = 0.9
2024-03-22T06:54:23.357 INFO:teuthology.orchestra.run.smithi090.stdout:/usr/bin/ceph: stdout mon_osd_nearfull_ratio = 0.8
2024-03-22T06:54:23.357 INFO:teuthology.orchestra.run.smithi090.stdout:/usr/bin/ceph: stdout osd_map_max_advance = 10
2024-03-22T06:54:23.357 INFO:teuthology.orchestra.run.smithi090.stdout:/usr/bin/ceph: stdout osd_sloppy_crc = true
2024-03-22T06:54:23.357 INFO:teuthology.orchestra.run.smithi090.stdout:/usr/bin/ceph: stderr
2024-03-22T06:54:22.568+0000 7f1b47952700 1 Processor -- start
2024-03-22T06:54:23.357 INFO:teuthology.orchestra.run.smithi090.stdout:/usr/bin/ceph: stderr
2024-03-22T06:54:22.568+0000 7f1b47952700 1 -- start start
2024-03-22T06:54:23.357 INFO:teuthology.orchestra.run.smithi090.stdout:/usr/bin/ceph: stderr
2024-03-22T06:54:22.568+0000 7f1b47952700 1 --2- >> [v2:172.21.15.90:3300/0,v1:172.21.15.90:6789/0] conn(0x7f1b401015d0 0x7f1b401019e0 unknown :-1 s=NONE pgs=0 cs=0 l=0 rev1=0 crypto rx=0 tx=0 comp rx=0 tx=0).connect
2024-03-22T06:54:23.358 INFO:teuthology.orchestra.run.smithi090.stdout:/usr/bin/ceph: stderr
2024-03-22T06:54:22.568+0000 7f1b47952700 1 -- --> [v2:172.21.15.90:3300/0,v1:172.21.15.90:6789/0] -- mon_getmap magic: 0 v1 -- 0x7f1b40101f20 con 0x7f1b401015d0
2024-03-22T06:54:23.358 INFO:teuthology.orchestra.run.smithi090.stdout:/usr/bin/ceph: stderr
2024-03-22T06:54:22.568+0000 7f1b456ee700 1 --2- >> [v2:172.21.15.90:3300/0,v1:172.21.15.90:6789/0] conn(0x7f1b401015d0 0x7f1b401019e0 unknown :-1 s=BANNER_CONNECTING pgs=0 cs=0 l=0 rev1=0 crypto rx=0 tx=0 comp rx=0 tx=0)._handle_peer_banner_payload supported=3 required=0
2024-03-22T06:54:23.358 INFO:teuthology.orchestra.run.smithi090.stdout:/usr/bin/ceph: stderr
2024-03-22T06:54:22.568+0000 7f1b456ee700 1 --2- >> [v2:172.21.15.90:3300/0,v1:172.21.15.90:6789/0] conn(0x7f1b401015d0 0x7f1b401019e0 unknown :-1 s=HELLO_CONNECTING pgs=0 cs=0 l=0 rev1=1 crypto rx=0 tx=0 comp rx=0 tx=0).handle_hello peer v2:172.21.15.90:3300/0 says I am v2:172.21.15.90:35328/0 (socket says 172.21.15.90:35328)
2024-03-22T06:54:23.358 INFO:teuthology.orchestra.run.smithi090.stdout:/usr/bin/ceph: stderr
2024-03-22T06:54:22.568+0000 7f1b456ee700 1 -- 172.21.15.90:0/1415023313 learned_addr learned my addr 172.21.15.90:0/1415023313 (peer_addr_for_me v2:172.21.15.90:0/0)
2024-03-22T06:54:23.358 INFO:teuthology.orchestra.run.smithi090.stdout:/usr/bin/ceph: stderr
2024-03-22T06:54:22.569+0000 7f1b456ee700 1 -- 172.21.15.90:0/1415023313 --> [v2:172.21.15.90:3300/0,v1:172.21.15.90:6789/0] -- mon_subscribe({config=0+,monmap=0+}) v3 -- 0x7f1b40102060 con 0x7f1b401015d0
2024-03-22T06:54:23.358 INFO:teuthology.orchestra.run.smithi090.stdout:/usr/bin/ceph: stderr
2024-03-22T06:54:22.569+0000 7f1b456ee700 1 --2- 172.21.15.90:0/1415023313 >> [v2:172.21.15.90:3300/0,v1:172.21.15.90:6789/0] conn(0x7f1b401015d0 0x7f1b401019e0 secure :-1 s=READY pgs=20 cs=0 l=1 rev1=1 crypto rx=0x7f1b3c0098e0 tx=0x7f1b3c009250 comp rx=0 tx=0).ready entity=mon.0 client_cookie=6d8db9bab103d807 server_cookie=0 in_seq=0 out_seq=0
2024-03-22T06:54:23.358 INFO:teuthology.orchestra.run.smithi090.stdout:/usr/bin/ceph: stderr
2024-03-22T06:54:22.569+0000 7f1b37fff700 1 -- 172.21.15.90:0/1415023313 <== mon.0 v2:172.21.15.90:3300/0 1 ==== mon_map magic: 0 v1 ==== 229+0+0 (secure 0 0 0) 0x7f1b3c00b860 con 0x7f1b401015d0
2024-03-22T06:54:23.358 INFO:teuthology.orchestra.run.smithi090.stdout:/usr/bin/ceph: stderr
2024-03-22T06:54:22.569+0000 7f1b37fff700 1 -- 172.21.15.90:0/1415023313 <== mon.0 v2:172.21.15.90:3300/0 2 ==== config(27 keys) v1 ==== 1044+0+0 (secure 0 0 0) 0x7f1b3c00be50 con 0x7f1b401015d0
2024-03-22T06:54:23.358 INFO:teuthology.orchestra.run.smithi090.stdout:/usr/bin/ceph: stderr
2024-03-22T06:54:22.569+0000 7f1b37fff700 1 -- 172.21.15.90:0/1415023313 <== mon.0 v2:172.21.15.90:3300/0 3 ==== mon_map magic: 0 v1 ==== 229+0+0 (secure 0 0 0) 0x7f1b3c010380 con 0x7f1b401015d0
2024-03-22T06:54:23.358 INFO:teuthology.orchestra.run.smithi090.stdout:/usr/bin/ceph: stderr
2024-03-22T06:54:22.569+0000 7f1b47952700 1 -- 172.21.15.90:0/1415023313 >> [v2:172.21.15.90:3300/0,v1:172.21.15.90:6789/0] conn(0x7f1b401015d0 msgr2=0x7f1b401019e0 secure :-1 s=STATE_CONNECTION_ESTABLISHED l=1).mark_down
2024-03-22T06:54:23.358 INFO:teuthology.orchestra.run.smithi090.stdout:/usr/bin/ceph: stderr
2024-03-22T06:54:22.569+0000 7f1b47952700 1 --2- 172.21.15.90:0/1415023313 >> [v2:172.21.15.90:3300/0,v1:172.21.15.90:6789/0] conn(0x7f1b401015d0 0x7f1b401019e0 secure :-1 s=READY pgs=20 cs=0 l=1 rev1=1 crypto rx=0x7f1b3c0098e0 tx=0x7f1b3c009250 comp rx=0 tx=0).stop
2024-03-22T06:54:23.358 INFO:teuthology.orchestra.run.smithi090.stdout:/usr/bin/ceph: stderr
2024-03-22T06:54:22.569+0000 7f1b47952700 1 -- 172.21.15.90:0/1415023313 shutdown_connections
2024-03-22T06:54:23.358 INFO:teuthology.orchestra.run.smithi090.stdout:/usr/bin/ceph: stderr
2024-03-22T06:54:22.569+0000 7f1b47952700 1 --2- 172.21.15.90:0/1415023313 >> [v2:172.21.15.90:3300/0,v1:172.21.15.90:6789/0] conn(0x7f1b401015d0 0x7f1b401019e0 unknown :-1 s=CLOSED pgs=20 cs=0 l=1 rev1=1 crypto rx=0 tx=0 comp rx=0 tx=0).stop
2024-03-22T06:54:23.358 INFO:teuthology.orchestra.run.smithi090.stdout:/usr/bin/ceph: stderr
2024-03-22T06:54:22.569+0000 7f1b47952700 1 -- 172.21.15.90:0/1415023313 >> 172.21.15.90:0/1415023313 conn(0x7f1b400fcd50 msgr2=0x7f1b400ff160 unknown :-1 s=STATE_NONE l=0).mark_down
2024-03-22T06:54:23.359 INFO:teuthology.orchestra.run.smithi090.stdout:/usr/bin/ceph: stderr
2024-03-22T06:54:22.570+0000 7f1b47952700 1 -- 172.21.15.90:0/1415023313 shutdown_connections
2024-03-22T06:54:23.359 INFO:teuthology.orchestra.run.smithi090.stdout:/usr/bin/ceph: stderr
2024-03-22T06:54:22.570+0000 7f1b47952700 1 -- 172.21.15.90:0/1415023313 wait complete.
2024-03-22T06:54:23.359 INFO:teuthology.orchestra.run.smithi090.stdout:/usr/bin/ceph: stderr
2024-03-22T06:54:22.570+0000 7f1b47952700 1 Processor -- start
2024-03-22T06:54:23.359 INFO:teuthology.orchestra.run.smithi090.stdout:/usr/bin/ceph: stderr
2024-03-22T06:54:22.570+0000 7f1b47952700 1 -- start start
2024-03-22T06:54:23.359 INFO:teuthology.orchestra.run.smithi090.stdout:/usr/bin/ceph: stderr
2024-03-22T06:54:22.570+0000 7f1b47952700 1 --2- >> [v2:172.21.15.90:3300/0,v1:172.21.15.90:6789/0] conn(0x7f1b401015d0 0x7f1b40071200 unknown :-1 s=NONE pgs=0 cs=0 l=1 rev1=0 crypto rx=0 tx=0 comp rx=0 tx=0).connect
2024-03-22T06:54:23.359 INFO:teuthology.orchestra.run.smithi090.stdout:/usr/bin/ceph: stderr
2024-03-22T06:54:22.570+0000 7f1b47952700 1 -- --> [v2:172.21.15.90:3300/0,v1:172.21.15.90:6789/0] -- mon_getmap magic: 0 v1 -- 0x7f1b401142c0 con 0x7f1b401015d0
2024-03-22T06:54:23.359 INFO:teuthology.orchestra.run.smithi090.stdout:/usr/bin/ceph: stderr
2024-03-22T06:54:22.570+0000 7f1b456ee700 1 --2- >> [v2:172.21.15.90:3300/0,v1:172.21.15.90:6789/0] conn(0x7f1b401015d0 0x7f1b40071200 unknown :-1 s=BANNER_CONNECTING pgs=0 cs=0 l=1 rev1=0 crypto rx=0 tx=0 comp rx=0 tx=0)._handle_peer_banner_payload supported=3 required=0
2024-03-22T06:54:23.359 INFO:teuthology.orchestra.run.smithi090.stdout:/usr/bin/ceph: stderr
2024-03-22T06:54:22.570+0000 7f1b456ee700 1 --2- >> [v2:172.21.15.90:3300/0,v1:172.21.15.90:6789/0] conn(0x7f1b401015d0 0x7f1b40071200 unknown :-1 s=HELLO_CONNECTING pgs=0 cs=0 l=1 rev1=1 crypto rx=0 tx=0 comp rx=0 tx=0).handle_hello peer v2:172.21.15.90:3300/0 says I am v2:172.21.15.90:35342/0 (socket says 172.21.15.90:35342)
2024-03-22T06:54:23.359 INFO:teuthology.orchestra.run.smithi090.stdout:/usr/bin/ceph: stderr
2024-03-22T06:54:22.570+0000 7f1b456ee700 1 -- 172.21.15.90:0/3319838142 learned_addr learned my addr 172.21.15.90:0/3319838142 (peer_addr_for_me v2:172.21.15.90:0/0)
2024-03-22T06:54:23.359 INFO:teuthology.orchestra.run.smithi090.stdout:/usr/bin/ceph: stderr
2024-03-22T06:54:22.571+0000 7f1b456ee700 1 -- 172.21.15.90:0/3319838142 --> [v2:172.21.15.90:3300/0,v1:172.21.15.90:6789/0] -- mon_subscribe({config=0+,monmap=0+}) v3 -- 0x7f1b3c0094f0 con 0x7f1b401015d0
2024-03-22T06:54:23.359 INFO:teuthology.orchestra.run.smithi090.stdout:/usr/bin/ceph: stderr
2024-03-22T06:54:22.571+0000 7f1b456ee700 1 --2- 172.21.15.90:0/3319838142 >> [v2:172.21.15.90:3300/0,v1:172.21.15.90:6789/0] conn(0x7f1b401015d0 0x7f1b40071200 secure :-1 s=READY pgs=21 cs=0 l=1 rev1=1 crypto rx=0x7f1b3c00ba90 tx=0x7f1b3c009250 comp rx=0 tx=0).ready entity=mon.0 client_cookie=0 server_cookie=0 in_seq=0 out_seq=0
2024-03-22T06:54:23.359 INFO:teuthology.orchestra.run.smithi090.stdout:/usr/bin/ceph: stderr
2024-03-22T06:54:22.571+0000 7f1b35ffb700 1 -- 172.21.15.90:0/3319838142 <== mon.0 v2:172.21.15.90:3300/0 1 ==== mon_map magic: 0 v1 ==== 229+0+0 (secure 0 0 0) 0x7f1b3c0107c0 con 0x7f1b401015d0
2024-03-22T06:54:23.359 INFO:teuthology.orchestra.run.smithi090.stdout:/usr/bin/ceph: stderr
2024-03-22T06:54:22.571+0000 7f1b35ffb700 1 -- 172.21.15.90:0/3319838142 <== mon.0 v2:172.21.15.90:3300/0 2 ==== config(27 keys) v1 ==== 1044+0+0 (secure 0 0 0) 0x7f1b3c010db0 con 0x7f1b401015d0
2024-03-22T06:54:23.359 INFO:teuthology.orchestra.run.smithi090.stdout:/usr/bin/ceph: stderr
2024-03-22T06:54:22.571+0000 7f1b47952700 1 -- 172.21.15.90:0/3319838142 --> [v2:172.21.15.90:3300/0,v1:172.21.15.90:6789/0] -- mon_subscribe({mgrmap=0+}) v3 -- 0x7f1b40114400 con 0x7f1b401015d0
2024-03-22T06:54:23.359 INFO:teuthology.orchestra.run.smithi090.stdout:/usr/bin/ceph: stderr
2024-03-22T06:54:22.571+0000 7f1b35ffb700 1 -- 172.21.15.90:0/3319838142 <== mon.0 v2:172.21.15.90:3300/0 3 ==== mon_map magic: 0 v1 ==== 229+0+0 (secure 0 0 0) 0x7f1b3c01add0 con 0x7f1b401015d0
2024-03-22T06:54:23.359 INFO:teuthology.orchestra.run.smithi090.stdout:/usr/bin/ceph: stderr
2024-03-22T06:54:22.571+0000 7f1b47952700 1 -- 172.21.15.90:0/3319838142 --> [v2:172.21.15.90:3300/0,v1:172.21.15.90:6789/0] -- mon_subscribe({osdmap=0}) v3 -- 0x7f1b40114890 con 0x7f1b401015d0
2024-03-22T06:54:23.360 INFO:teuthology.orchestra.run.smithi090.stdout:/usr/bin/ceph: stderr
2024-03-22T06:54:22.572+0000 7f1b35ffb700 1 -- 172.21.15.90:0/3319838142 <== mon.0 v2:172.21.15.90:3300/0 4 ==== mgrmap(e 4) v1 ==== 43357+0+0 (secure 0 0 0) 0x7f1b3c02e440 con 0x7f1b401015d0
2024-03-22T06:54:23.360 INFO:teuthology.orchestra.run.smithi090.stdout:/usr/bin/ceph: stderr
2024-03-22T06:54:22.572+0000 7f1b35ffb700 1 --2- 172.21.15.90:0/3319838142 >> [v2:172.21.15.90:6800/195809764,v1:172.21.15.90:6801/195809764] conn(0x7f1b2c036790 0x7f1b2c038c40 unknown :-1 s=NONE pgs=0 cs=0 l=1 rev1=0 crypto rx=0 tx=0 comp rx=0 tx=0).connect
2024-03-22T06:54:23.360 INFO:teuthology.orchestra.run.smithi090.stdout:/usr/bin/ceph: stderr
2024-03-22T06:54:22.572+0000 7f1b47952700 1 -- 172.21.15.90:0/3319838142 --> [v2:172.21.15.90:3300/0,v1:172.21.15.90:6789/0] -- mon_command({"prefix": "get_command_descriptions"} v 0) v1 -- 0x7f1b4004bed0 con 0x7f1b401015d0
2024-03-22T06:54:23.360 INFO:teuthology.orchestra.run.smithi090.stdout:/usr/bin/ceph: stderr
2024-03-22T06:54:22.572+0000 7f1b35ffb700 1 -- 172.21.15.90:0/3319838142 <== mon.0 v2:172.21.15.90:3300/0 5 ==== osd_map(1..1 src has 1..1) v4 ==== 721+0+0 (secure 0 0 0) 0x7f1b3c04a660 con 0x7f1b401015d0
2024-03-22T06:54:23.360 INFO:teuthology.orchestra.run.smithi090.stdout:/usr/bin/ceph: stderr
2024-03-22T06:54:22.572+0000 7f1b44eed700 1 --2- 172.21.15.90:0/3319838142 >> [v2:172.21.15.90:6800/195809764,v1:172.21.15.90:6801/195809764] conn(0x7f1b2c036790 0x7f1b2c038c40 unknown :-1 s=BANNER_CONNECTING pgs=0 cs=0 l=1 rev1=0 crypto rx=0 tx=0 comp rx=0 tx=0)._handle_peer_banner_payload supported=3 required=0
2024-03-22T06:54:23.360 INFO:teuthology.orchestra.run.smithi090.stdout:/usr/bin/ceph: stderr
2024-03-22T06:54:22.573+0000 7f1b44eed700 1 --2- 172.21.15.90:0/3319838142 >> [v2:172.21.15.90:6800/195809764,v1:172.21.15.90:6801/195809764] conn(0x7f1b2c036790 0x7f1b2c038c40 secure :-1 s=READY pgs=7 cs=0 l=1 rev1=1 crypto rx=0x7f1b30009990 tx=0x7f1b30006e40 comp rx=0 tx=0).ready entity=mgr.14100 client_cookie=0 server_cookie=0 in_seq=0 out_seq=0
2024-03-22T06:54:23.360 INFO:teuthology.orchestra.run.smithi090.stdout:/usr/bin/ceph: stderr
2024-03-22T06:54:22.577+0000 7f1b35ffb700 1 -- 172.21.15.90:0/3319838142 <== mon.0 v2:172.21.15.90:3300/0 6 ==== mon_command_ack([{"prefix": "get_command_descriptions"}]=0 v0) v1 ==== 72+0+176504 (secure 0 0 0) 0x7f1b3c018940 con 0x7f1b401015d0
2024-03-22T06:54:23.360 INFO:teuthology.orchestra.run.smithi090.stdout:/usr/bin/ceph: stderr
2024-03-22T06:54:22.758+0000 7f1b47952700 1 -- 172.21.15.90:0/3319838142 --> [v2:172.21.15.90:3300/0,v1:172.21.15.90:6789/0] -- mon_command({"prefix": "config assimilate-conf"} v 0) v1 -- 0x7f1b40103440 con 0x7f1b401015d0
2024-03-22T06:54:23.360 INFO:teuthology.orchestra.run.smithi090.stdout:/usr/bin/ceph: stderr
2024-03-22T06:54:22.759+0000 7f1b35ffb700 1 -- 172.21.15.90:0/3319838142 <== mon.0 v2:172.21.15.90:3300/0 7 ==== mon_command_ack([{"prefix": "config assimilate-conf"}]=0 v3) v1 ==== 70+0+373 (secure 0 0 0) 0x7f1b3c018350 con 0x7f1b401015d0
2024-03-22T06:54:23.360 INFO:teuthology.orchestra.run.smithi090.stdout:/usr/bin/ceph: stderr
2024-03-22T06:54:22.761+0000 7f1b47952700 1 -- 172.21.15.90:0/3319838142 >> [v2:172.21.15.90:6800/195809764,v1:172.21.15.90:6801/195809764] conn(0x7f1b2c036790 msgr2=0x7f1b2c038c40 secure :-1 s=STATE_CONNECTION_ESTABLISHED l=1).mark_down
2024-03-22T06:54:23.360 INFO:teuthology.orchestra.run.smithi090.stdout:/usr/bin/ceph: stderr
2024-03-22T06:54:22.761+0000 7f1b47952700 1 --2- 172.21.15.90:0/3319838142 >> [v2:172.21.15.90:6800/195809764,v1:172.21.15.90:6801/195809764] conn(0x7f1b2c036790 0x7f1b2c038c40 secure :-1 s=READY pgs=7 cs=0 l=1 rev1=1 crypto rx=0x7f1b30009990 tx=0x7f1b30006e40 comp rx=0 tx=0).stop
2024-03-22T06:54:23.360 INFO:teuthology.orchestra.run.smithi090.stdout:/usr/bin/ceph: stderr
2024-03-22T06:54:22.761+0000 7f1b47952700 1 -- 172.21.15.90:0/3319838142 >> [v2:172.21.15.90:3300/0,v1:172.21.15.90:6789/0] conn(0x7f1b401015d0 msgr2=0x7f1b40071200 secure :-1 s=STATE_CONNECTION_ESTABLISHED l=1).mark_down
2024-03-22T06:54:23.360 INFO:teuthology.orchestra.run.smithi090.stdout:/usr/bin/ceph: stderr
2024-03-22T06:54:22.761+0000 7f1b47952700 1 --2- 172.21.15.90:0/3319838142 >> [v2:172.21.15.90:3300/0,v1:172.21.15.90:6789/0] conn(0x7f1b401015d0 0x7f1b40071200 secure :-1 s=READY pgs=21 cs=0 l=1 rev1=1 crypto rx=0x7f1b3c00ba90 tx=0x7f1b3c009250 comp rx=0 tx=0).stop
2024-03-22T06:54:23.360 INFO:teuthology.orchestra.run.smithi090.stdout:/usr/bin/ceph: stderr
2024-03-22T06:54:22.761+0000 7f1b47952700 1 -- 172.21.15.90:0/3319838142 shutdown_connections
2024-03-22T06:54:23.360 INFO:teuthology.orchestra.run.smithi090.stdout:/usr/bin/ceph: stderr
2024-03-22T06:54:22.761+0000 7f1b47952700 1 --2- 172.21.15.90:0/3319838142 >> [v2:172.21.15.90:6800/195809764,v1:172.21.15.90:6801/195809764] conn(0x7f1b2c036790 0x7f1b2c038c40 unknown :-1 s=CLOSED pgs=7 cs=0 l=1 rev1=1 crypto rx=0 tx=0 comp rx=0 tx=0).stop
2024-03-22T06:54:23.361 INFO:teuthology.orchestra.run.smithi090.stdout:/usr/bin/ceph: stderr
2024-03-22T06:54:22.761+0000 7f1b47952700 1 --2- 172.21.15.90:0/3319838142 >> [v2:172.21.15.90:3300/0,v1:172.21.15.90:6789/0] conn(0x7f1b401015d0 0x7f1b40071200 unknown :-1 s=CLOSED pgs=21 cs=0 l=1 rev1=1 crypto rx=0 tx=0 comp rx=0 tx=0).stop
2024-03-22T06:54:23.361 INFO:teuthology.orchestra.run.smithi090.stdout:/usr/bin/ceph: stderr
2024-03-22T06:54:22.761+0000 7f1b47952700 1 -- 172.21.15.90:0/3319838142 >> 172.21.15.90:0/3319838142 conn(0x7f1b400fcd50 msgr2=0x7f1b400fd8b0 unknown :-1 s=STATE_NONE l=0).mark_down
2024-03-22T06:54:23.361 INFO:teuthology.orchestra.run.smithi090.stdout:/usr/bin/ceph: stderr
2024-03-22T06:54:22.762+0000 7f1b47952700 1 -- 172.21.15.90:0/3319838142 shutdown_connections
2024-03-22T06:54:23.361 INFO:teuthology.orchestra.run.smithi090.stdout:/usr/bin/ceph: stderr
2024-03-22T06:54:22.762+0000 7f1b47952700 1 -- 172.21.15.90:0/3319838142 wait complete.
2024-03-22T06:54:23.361 INFO:teuthology.orchestra.run.smithi090.stdout:Enabling cephadm module...
2024-03-22T06:54:24.266 INFO:journalctl@ceph.mon.smithi090.smithi090.stdout:Mar 22 06:54:24 smithi090 ceph-mon[29293]: from='client.? 172.21.15.90:0/1981479475' entity='client.admin' cmd=[{"prefix": "mgr module enable", "module": "cephadm"}]: dispatch
2024-03-22T06:54:24.681 INFO:teuthology.orchestra.run.smithi090.stdout:/usr/bin/ceph: stderr
2024-03-22T06:54:23.753+0000 7f96f0f0b700 1 Processor -- start
2024-03-22T06:54:24.682 INFO:teuthology.orchestra.run.smithi090.stdout:/usr/bin/ceph: stderr
2024-03-22T06:54:23.753+0000 7f96f0f0b700 1 -- start start
2024-03-22T06:54:24.682 INFO:teuthology.orchestra.run.smithi090.stdout:/usr/bin/ceph: stderr
2024-03-22T06:54:23.753+0000 7f96f0f0b700 1 --2- >> [v2:172.21.15.90:3300/0,v1:172.21.15.90:6789/0] conn(0x7f96ec078c10 0x7f96ec0771c0 unknown :-1 s=NONE pgs=0 cs=0 l=0 rev1=0 crypto rx=0 tx=0 comp rx=0 tx=0).connect
2024-03-22T06:54:24.682 INFO:teuthology.orchestra.run.smithi090.stdout:/usr/bin/ceph: stderr
2024-03-22T06:54:23.753+0000 7f96f0f0b700 1 -- --> [v2:172.21.15.90:3300/0,v1:172.21.15.90:6789/0] -- mon_getmap magic: 0 v1 -- 0x7f96ec079020 con 0x7f96ec078c10
2024-03-22T06:54:24.682 INFO:teuthology.orchestra.run.smithi090.stdout:/usr/bin/ceph: stderr
2024-03-22T06:54:23.753+0000 7f96ea59c700 1 --2- >> [v2:172.21.15.90:3300/0,v1:172.21.15.90:6789/0] conn(0x7f96ec078c10 0x7f96ec0771c0 unknown :-1 s=BANNER_CONNECTING pgs=0 cs=0 l=0 rev1=0 crypto rx=0 tx=0 comp rx=0 tx=0)._handle_peer_banner_payload supported=3 required=0
2024-03-22T06:54:24.682 INFO:teuthology.orchestra.run.smithi090.stdout:/usr/bin/ceph: stderr
2024-03-22T06:54:23.753+0000 7f96ea59c700 1 --2- >> [v2:172.21.15.90:3300/0,v1:172.21.15.90:6789/0] conn(0x7f96ec078c10 0x7f96ec0771c0 unknown :-1 s=HELLO_CONNECTING pgs=0 cs=0 l=0 rev1=1 crypto rx=0 tx=0 comp rx=0 tx=0).handle_hello peer v2:172.21.15.90:3300/0 says I am v2:172.21.15.90:56164/0 (socket says 172.21.15.90:56164)
2024-03-22T06:54:24.682 INFO:teuthology.orchestra.run.smithi090.stdout:/usr/bin/ceph: stderr
2024-03-22T06:54:23.753+0000 7f96ea59c700 1 -- 172.21.15.90:0/1474257802 learned_addr learned my addr 172.21.15.90:0/1474257802 (peer_addr_for_me v2:172.21.15.90:0/0)
2024-03-22T06:54:24.682 INFO:teuthology.orchestra.run.smithi090.stdout:/usr/bin/ceph: stderr
2024-03-22T06:54:23.753+0000 7f96ea59c700 1 -- 172.21.15.90:0/1474257802 --> [v2:172.21.15.90:3300/0,v1:172.21.15.90:6789/0] -- mon_subscribe({config=0+,monmap=0+}) v3 -- 0x7f96ec077700 con 0x7f96ec078c10
2024-03-22T06:54:24.682 INFO:teuthology.orchestra.run.smithi090.stdout:/usr/bin/ceph: stderr
2024-03-22T06:54:23.754+0000 7f96ea59c700 1 --2- 172.21.15.90:0/1474257802 >> [v2:172.21.15.90:3300/0,v1:172.21.15.90:6789/0] conn(0x7f96ec078c10 0x7f96ec0771c0 secure :-1 s=READY pgs=22 cs=0 l=1 rev1=1 crypto rx=0x7f96dc0098e0 tx=0x7f96dc009250 comp rx=0 tx=0).ready entity=mon.0 client_cookie=11564b852b9736e1 server_cookie=0 in_seq=0 out_seq=0
2024-03-22T06:54:24.682 INFO:teuthology.orchestra.run.smithi090.stdout:/usr/bin/ceph: stderr
2024-03-22T06:54:23.754+0000 7f96e959a700 1 -- 172.21.15.90:0/1474257802 <== mon.0 v2:172.21.15.90:3300/0 1 ==== mon_map magic: 0 v1 ==== 229+0+0 (secure 0 0 0) 0x7f96dc00b860 con 0x7f96ec078c10
2024-03-22T06:54:24.682 INFO:teuthology.orchestra.run.smithi090.stdout:/usr/bin/ceph: stderr
2024-03-22T06:54:23.754+0000 7f96e959a700 1 -- 172.21.15.90:0/1474257802 <== mon.0 v2:172.21.15.90:3300/0 2 ==== config(27 keys) v1 ==== 1044+0+0 (secure 0 0 0) 0x7f96dc00be50 con 0x7f96ec078c10
2024-03-22T06:54:24.682 INFO:teuthology.orchestra.run.smithi090.stdout:/usr/bin/ceph: stderr
2024-03-22T06:54:23.754+0000 7f96e959a700 1 -- 172.21.15.90:0/1474257802 <== mon.0 v2:172.21.15.90:3300/0 3 ==== mon_map magic: 0 v1 ==== 229+0+0 (secure 0 0 0) 0x7f96dc010380 con 0x7f96ec078c10
2024-03-22T06:54:24.682 INFO:teuthology.orchestra.run.smithi090.stdout:/usr/bin/ceph: stderr
2024-03-22T06:54:23.754+0000 7f96f0f0b700 1 -- 172.21.15.90:0/1474257802 >> [v2:172.21.15.90:3300/0,v1:172.21.15.90:6789/0] conn(0x7f96ec078c10 msgr2=0x7f96ec0771c0 secure :-1 s=STATE_CONNECTION_ESTABLISHED l=1).mark_down
2024-03-22T06:54:24.683 INFO:teuthology.orchestra.run.smithi090.stdout:/usr/bin/ceph: stderr
2024-03-22T06:54:23.754+0000 7f96f0f0b700 1 --2- 172.21.15.90:0/1474257802 >> [v2:172.21.15.90:3300/0,v1:172.21.15.90:6789/0] conn(0x7f96ec078c10 0x7f96ec0771c0 secure :-1 s=READY pgs=22 cs=0 l=1 rev1=1 crypto rx=0x7f96dc0098e0 tx=0x7f96dc009250 comp rx=0 tx=0).stop
2024-03-22T06:54:24.683 INFO:teuthology.orchestra.run.smithi090.stdout:/usr/bin/ceph: stderr
2024-03-22T06:54:23.754+0000 7f96f0f0b700 1 -- 172.21.15.90:0/1474257802 shutdown_connections
2024-03-22T06:54:24.683 INFO:teuthology.orchestra.run.smithi090.stdout:/usr/bin/ceph: stderr
2024-03-22T06:54:23.754+0000 7f96f0f0b700 1 --2- 172.21.15.90:0/1474257802 >> [v2:172.21.15.90:3300/0,v1:172.21.15.90:6789/0] conn(0x7f96ec078c10 0x7f96ec0771c0 unknown :-1 s=CLOSED pgs=22 cs=0 l=1 rev1=1 crypto rx=0 tx=0 comp rx=0 tx=0).stop
2024-03-22T06:54:24.683 INFO:teuthology.orchestra.run.smithi090.stdout:/usr/bin/ceph: stderr
2024-03-22T06:54:23.754+0000 7f96f0f0b700 1 -- 172.21.15.90:0/1474257802 >> 172.21.15.90:0/1474257802 conn(0x7f96ec0fde90 msgr2=0x7f96ec100300 unknown :-1 s=STATE_NONE l=0).mark_down
