2024-03-22T07:00:07.314 INFO:teuthology.orchestra.run.smithi081.stdout:/usr/bin/ceph: stderr
2024-03-22T07:00:06.484+0000 7f63a0551700 1 -- 172.21.15.81:0/2850023935 >> [v2:172.21.15.81:3300/0,v1:172.21.15.81:6789/0] conn(0x7f6398101610 msgr2=0x7f6398101a20 secure :-1 s=STATE_CONNECTION_ESTABLISHED l=1).mark_down
2024-03-22T07:00:07.314 INFO:teuthology.orchestra.run.smithi081.stdout:/usr/bin/ceph: stderr
2024-03-22T07:00:06.484+0000 7f63a0551700 1 --2- 172.21.15.81:0/2850023935 >> [v2:172.21.15.81:3300/0,v1:172.21.15.81:6789/0] conn(0x7f6398101610 0x7f6398101a20 secure :-1 s=READY pgs=37 cs=0 l=1 rev1=1 crypto rx=0x7f639400bb80 tx=0x7f639400b4f0 comp rx=0 tx=0).stop
2024-03-22T07:00:07.315 INFO:teuthology.orchestra.run.smithi081.stdout:/usr/bin/ceph: stderr
2024-03-22T07:00:06.484+0000 7f63a0551700 1 -- 172.21.15.81:0/2850023935 shutdown_connections
2024-03-22T07:00:07.315 INFO:teuthology.orchestra.run.smithi081.stdout:/usr/bin/ceph: stderr
2024-03-22T07:00:06.484+0000 7f63a0551700 1 --2- 172.21.15.81:0/2850023935 >> [v2:172.21.15.81:3300/0,v1:172.21.15.81:6789/0] conn(0x7f6398101610 0x7f6398101a20 unknown :-1 s=CLOSED pgs=37 cs=0 l=1 rev1=1 crypto rx=0 tx=0 comp rx=0 tx=0).stop
2024-03-22T07:00:07.315 INFO:teuthology.orchestra.run.smithi081.stdout:/usr/bin/ceph: stderr
2024-03-22T07:00:06.484+0000 7f63a0551700 1 -- 172.21.15.81:0/2850023935 >> 172.21.15.81:0/2850023935 conn(0x7f63980fcd90 msgr2=0x7f63980ff1a0 unknown :-1 s=STATE_NONE l=0).mark_down
2024-03-22T07:00:07.315 INFO:teuthology.orchestra.run.smithi081.stdout:/usr/bin/ceph: stderr
2024-03-22T07:00:06.484+0000 7f63a0551700 1 -- 172.21.15.81:0/2850023935 shutdown_connections
2024-03-22T07:00:07.315 INFO:teuthology.orchestra.run.smithi081.stdout:/usr/bin/ceph: stderr
2024-03-22T07:00:06.484+0000 7f63a0551700 1 -- 172.21.15.81:0/2850023935 wait complete.
2024-03-22T07:00:07.315 INFO:teuthology.orchestra.run.smithi081.stdout:/usr/bin/ceph: stderr
2024-03-22T07:00:06.485+0000 7f63a0551700 1 Processor -- start
2024-03-22T07:00:07.315 INFO:teuthology.orchestra.run.smithi081.stdout:/usr/bin/ceph: stderr
2024-03-22T07:00:06.485+0000 7f63a0551700 1 -- start start
2024-03-22T07:00:07.315 INFO:teuthology.orchestra.run.smithi081.stdout:/usr/bin/ceph: stderr
2024-03-22T07:00:06.485+0000 7f63a0551700 1 --2- >> [v2:172.21.15.81:3300/0,v1:172.21.15.81:6789/0] conn(0x7f6398101610 0x7f6398113700 unknown :-1 s=NONE pgs=0 cs=0 l=1 rev1=0 crypto rx=0 tx=0 comp rx=0 tx=0).connect
2024-03-22T07:00:07.315 INFO:teuthology.orchestra.run.smithi081.stdout:/usr/bin/ceph: stderr
2024-03-22T07:00:06.485+0000 7f63a0551700 1 -- --> [v2:172.21.15.81:3300/0,v1:172.21.15.81:6789/0] -- mon_getmap magic: 0 v1 -- 0x7f6398113c40 con 0x7f6398101610
2024-03-22T07:00:07.315 INFO:teuthology.orchestra.run.smithi081.stdout:/usr/bin/ceph: stderr
2024-03-22T07:00:06.485+0000 7f639e2ed700 1 --2- >> [v2:172.21.15.81:3300/0,v1:172.21.15.81:6789/0] conn(0x7f6398101610 0x7f6398113700 unknown :-1 s=BANNER_CONNECTING pgs=0 cs=0 l=1 rev1=0 crypto rx=0 tx=0 comp rx=0 tx=0)._handle_peer_banner_payload supported=3 required=0
2024-03-22T07:00:07.315 INFO:teuthology.orchestra.run.smithi081.stdout:/usr/bin/ceph: stderr
2024-03-22T07:00:06.485+0000 7f639e2ed700 1 --2- >> [v2:172.21.15.81:3300/0,v1:172.21.15.81:6789/0] conn(0x7f6398101610 0x7f6398113700 unknown :-1 s=HELLO_CONNECTING pgs=0 cs=0 l=1 rev1=1 crypto rx=0 tx=0 comp rx=0 tx=0).handle_hello peer v2:172.21.15.81:3300/0 says I am v2:172.21.15.81:34546/0 (socket says 172.21.15.81:34546)
2024-03-22T07:00:07.315 INFO:teuthology.orchestra.run.smithi081.stdout:/usr/bin/ceph: stderr
2024-03-22T07:00:06.485+0000 7f639e2ed700 1 -- 172.21.15.81:0/816031298 learned_addr learned my addr 172.21.15.81:0/816031298 (peer_addr_for_me v2:172.21.15.81:0/0)
2024-03-22T07:00:07.315 INFO:teuthology.orchestra.run.smithi081.stdout:/usr/bin/ceph: stderr
2024-03-22T07:00:06.485+0000 7f639e2ed700 1 -- 172.21.15.81:0/816031298 --> [v2:172.21.15.81:3300/0,v1:172.21.15.81:6789/0] -- mon_subscribe({config=0+,monmap=0+}) v3 -- 0x7f639400b790 con 0x7f6398101610
2024-03-22T07:00:07.315 INFO:teuthology.orchestra.run.smithi081.stdout:/usr/bin/ceph: stderr
2024-03-22T07:00:06.485+0000 7f639e2ed700 1 --2- 172.21.15.81:0/816031298 >> [v2:172.21.15.81:3300/0,v1:172.21.15.81:6789/0] conn(0x7f6398101610 0x7f6398113700 secure :-1 s=READY pgs=38 cs=0 l=1 rev1=1 crypto rx=0x7f6394010fa0 tx=0x7f639400b4f0 comp rx=0 tx=0).ready entity=mon.0 client_cookie=0 server_cookie=0 in_seq=0 out_seq=0
2024-03-22T07:00:07.316 INFO:teuthology.orchestra.run.smithi081.stdout:/usr/bin/ceph: stderr
2024-03-22T07:00:06.486+0000 7f638effd700 1 -- 172.21.15.81:0/816031298 <== mon.0 v2:172.21.15.81:3300/0 1 ==== mon_map magic: 0 v1 ==== 229+0+0 (secure 0 0 0) 0x7f6394018e10 con 0x7f6398101610
2024-03-22T07:00:07.316 INFO:teuthology.orchestra.run.smithi081.stdout:/usr/bin/ceph: stderr
2024-03-22T07:00:06.486+0000 7f638effd700 1 -- 172.21.15.81:0/816031298 <== mon.0 v2:172.21.15.81:3300/0 2 ==== config(27 keys) v1 ==== 1044+0+0 (secure 0 0 0) 0x7f6394010b80 con 0x7f6398101610
2024-03-22T07:00:07.316 INFO:teuthology.orchestra.run.smithi081.stdout:/usr/bin/ceph: stderr
2024-03-22T07:00:06.486+0000 7f63a0551700 1 -- 172.21.15.81:0/816031298 --> [v2:172.21.15.81:3300/0,v1:172.21.15.81:6789/0] -- mon_subscribe({mgrmap=0+}) v3 -- 0x7f6398113e40 con 0x7f6398101610
2024-03-22T07:00:07.316 INFO:teuthology.orchestra.run.smithi081.stdout:/usr/bin/ceph: stderr
2024-03-22T07:00:06.486+0000 7f638effd700 1 -- 172.21.15.81:0/816031298 <== mon.0 v2:172.21.15.81:3300/0 3 ==== mon_map magic: 0 v1 ==== 229+0+0 (secure 0 0 0) 0x7f6394021550 con 0x7f6398101610
2024-03-22T07:00:07.316 INFO:teuthology.orchestra.run.smithi081.stdout:/usr/bin/ceph: stderr
2024-03-22T07:00:06.486+0000 7f63a0551700 1 -- 172.21.15.81:0/816031298 --> [v2:172.21.15.81:3300/0,v1:172.21.15.81:6789/0] -- mon_subscribe({osdmap=0}) v3 -- 0x7f63981149b0 con 0x7f6398101610
2024-03-22T07:00:07.316 INFO:teuthology.orchestra.run.smithi081.stdout:/usr/bin/ceph: stderr
2024-03-22T07:00:06.486+0000 7f638effd700 1 -- 172.21.15.81:0/816031298 <== mon.0 v2:172.21.15.81:3300/0 4 ==== mgrmap(e 8) v1 ==== 43368+0+0 (secure 0 0 0) 0x7f6394022a10 con 0x7f6398101610
2024-03-22T07:00:07.316 INFO:teuthology.orchestra.run.smithi081.stdout:/usr/bin/ceph: stderr
2024-03-22T07:00:06.487+0000 7f638effd700 1 --2- 172.21.15.81:0/816031298 >> [v2:172.21.15.81:6800/4051369418,v1:172.21.15.81:6801/4051369418] conn(0x7f6384036770 0x7f6384038c20 unknown :-1 s=NONE pgs=0 cs=0 l=1 rev1=0 crypto rx=0 tx=0 comp rx=0 tx=0).connect
2024-03-22T07:00:07.316 INFO:teuthology.orchestra.run.smithi081.stdout:/usr/bin/ceph: stderr
2024-03-22T07:00:06.487+0000 7f63a0551700 1 -- 172.21.15.81:0/816031298 --> [v2:172.21.15.81:3300/0,v1:172.21.15.81:6789/0] -- mon_command({"prefix": "get_command_descriptions"} v 0) v1 -- 0x7f639805f5f0 con 0x7f6398101610
2024-03-22T07:00:07.316 INFO:teuthology.orchestra.run.smithi081.stdout:/usr/bin/ceph: stderr
2024-03-22T07:00:06.487+0000 7f638effd700 1 -- 172.21.15.81:0/816031298 <== mon.0 v2:172.21.15.81:3300/0 5 ==== osd_map(2..2 src has 1..2) v4 ==== 936+0+0 (secure 0 0 0) 0x7f6394014070 con 0x7f6398101610
2024-03-22T07:00:07.316 INFO:teuthology.orchestra.run.smithi081.stdout:/usr/bin/ceph: stderr
2024-03-22T07:00:06.487+0000 7f639daec700 1 --2- 172.21.15.81:0/816031298 >> [v2:172.21.15.81:6800/4051369418,v1:172.21.15.81:6801/4051369418] conn(0x7f6384036770 0x7f6384038c20 unknown :-1 s=BANNER_CONNECTING pgs=0 cs=0 l=1 rev1=0 crypto rx=0 tx=0 comp rx=0 tx=0)._handle_peer_banner_payload supported=3 required=0
2024-03-22T07:00:07.316 INFO:teuthology.orchestra.run.smithi081.stdout:/usr/bin/ceph: stderr
2024-03-22T07:00:06.487+0000 7f639daec700 1 --2- 172.21.15.81:0/816031298 >> [v2:172.21.15.81:6800/4051369418,v1:172.21.15.81:6801/4051369418] conn(0x7f6384036770 0x7f6384038c20 secure :-1 s=READY pgs=8 cs=0 l=1 rev1=1 crypto rx=0x7f6388009990 tx=0x7f6388006e40 comp rx=0 tx=0).ready entity=mgr.14120 client_cookie=0 server_cookie=0 in_seq=0 out_seq=0
2024-03-22T07:00:07.316 INFO:teuthology.orchestra.run.smithi081.stdout:/usr/bin/ceph: stderr
2024-03-22T07:00:06.492+0000 7f638effd700 1 -- 172.21.15.81:0/816031298 <== mon.0 v2:172.21.15.81:3300/0 6 ==== mon_command_ack([{"prefix": "get_command_descriptions"}]=0 v0) v1 ==== 72+0+176504 (secure 0 0 0) 0x7f639400eea0 con 0x7f6398101610
2024-03-22T07:00:07.316 INFO:teuthology.orchestra.run.smithi081.stdout:/usr/bin/ceph: stderr
2024-03-22T07:00:06.687+0000 7f63a0551700 1 -- 172.21.15.81:0/816031298 --> [v2:172.21.15.81:6800/4051369418,v1:172.21.15.81:6801/4051369418] -- mgr_command(tid 0: {"prefix": "orch set backend", "module_name": "cephadm", "target": ["mon-mgr", ""]}) v1 -- 0x7f6398114dc0 con 0x7f6384036770
2024-03-22T07:00:07.316 INFO:teuthology.orchestra.run.smithi081.stdout:/usr/bin/ceph: stderr
2024-03-22T07:00:06.695+0000 7f638effd700 1 -- 172.21.15.81:0/816031298 <== mgr.14120 v2:172.21.15.81:6800/4051369418 1 ==== mgr_command_reply(tid 0: 0 ) v1 ==== 8+0+0 (secure 0 0 0) 0x7f6398114dc0 con 0x7f6384036770
2024-03-22T07:00:07.317 INFO:teuthology.orchestra.run.smithi081.stdout:/usr/bin/ceph: stderr
2024-03-22T07:00:06.697+0000 7f63a0551700 1 -- 172.21.15.81:0/816031298 >> [v2:172.21.15.81:6800/4051369418,v1:172.21.15.81:6801/4051369418] conn(0x7f6384036770 msgr2=0x7f6384038c20 secure :-1 s=STATE_CONNECTION_ESTABLISHED l=1).mark_down
2024-03-22T07:00:07.317 INFO:teuthology.orchestra.run.smithi081.stdout:/usr/bin/ceph: stderr
2024-03-22T07:00:06.697+0000 7f63a0551700 1 --2- 172.21.15.81:0/816031298 >> [v2:172.21.15.81:6800/4051369418,v1:172.21.15.81:6801/4051369418] conn(0x7f6384036770 0x7f6384038c20 secure :-1 s=READY pgs=8 cs=0 l=1 rev1=1 crypto rx=0x7f6388009990 tx=0x7f6388006e40 comp rx=0 tx=0).stop
2024-03-22T07:00:07.317 INFO:teuthology.orchestra.run.smithi081.stdout:/usr/bin/ceph: stderr
2024-03-22T07:00:06.697+0000 7f63a0551700 1 -- 172.21.15.81:0/816031298 >> [v2:172.21.15.81:3300/0,v1:172.21.15.81:6789/0] conn(0x7f6398101610 msgr2=0x7f6398113700 secure :-1 s=STATE_CONNECTION_ESTABLISHED l=1).mark_down
2024-03-22T07:00:07.317 INFO:teuthology.orchestra.run.smithi081.stdout:/usr/bin/ceph: stderr
2024-03-22T07:00:06.697+0000 7f63a0551700 1 --2- 172.21.15.81:0/816031298 >> [v2:172.21.15.81:3300/0,v1:172.21.15.81:6789/0] conn(0x7f6398101610 0x7f6398113700 secure :-1 s=READY pgs=38 cs=0 l=1 rev1=1 crypto rx=0x7f6394010fa0 tx=0x7f639400b4f0 comp rx=0 tx=0).stop
2024-03-22T07:00:07.317 INFO:teuthology.orchestra.run.smithi081.stdout:/usr/bin/ceph: stderr
2024-03-22T07:00:06.698+0000 7f63a0551700 1 -- 172.21.15.81:0/816031298 shutdown_connections
2024-03-22T07:00:07.317 INFO:teuthology.orchestra.run.smithi081.stdout:/usr/bin/ceph: stderr
2024-03-22T07:00:06.698+0000 7f63a0551700 1 --2- 172.21.15.81:0/816031298 >> [v2:172.21.15.81:6800/4051369418,v1:172.21.15.81:6801/4051369418] conn(0x7f6384036770 0x7f6384038c20 unknown :-1 s=CLOSED pgs=8 cs=0 l=1 rev1=1 crypto rx=0 tx=0 comp rx=0 tx=0).stop
2024-03-22T07:00:07.317 INFO:teuthology.orchestra.run.smithi081.stdout:/usr/bin/ceph: stderr
2024-03-22T07:00:06.698+0000 7f63a0551700 1 --2- 172.21.15.81:0/816031298 >> [v2:172.21.15.81:3300/0,v1:172.21.15.81:6789/0] conn(0x7f6398101610 0x7f6398113700 unknown :-1 s=CLOSED pgs=38 cs=0 l=1 rev1=1 crypto rx=0 tx=0 comp rx=0 tx=0).stop
2024-03-22T07:00:07.317 INFO:teuthology.orchestra.run.smithi081.stdout:/usr/bin/ceph: stderr
2024-03-22T07:00:06.698+0000 7f63a0551700 1 -- 172.21.15.81:0/816031298 >> 172.21.15.81:0/816031298 conn(0x7f63980fcd90 msgr2=0x7f6398105b00 unknown :-1 s=STATE_NONE l=0).mark_down
2024-03-22T07:00:07.317 INFO:teuthology.orchestra.run.smithi081.stdout:/usr/bin/ceph: stderr
2024-03-22T07:00:06.698+0000 7f63a0551700 1 -- 172.21.15.81:0/816031298 shutdown_connections
2024-03-22T07:00:07.317 INFO:teuthology.orchestra.run.smithi081.stdout:/usr/bin/ceph: stderr
2024-03-22T07:00:06.698+0000 7f63a0551700 1 -- 172.21.15.81:0/816031298 wait complete.
2024-03-22T07:00:07.899 INFO:journalctl@ceph.mon.smithi081.smithi081.stdout:Mar 22 07:00:07 smithi081 ceph-mon[29245]: from='client.14132 -' entity='client.admin' cmd=[{"prefix": "orch set backend", "module_name": "cephadm", "target": ["mon-mgr", ""]}]: dispatch
2024-03-22T07:00:07.899 INFO:journalctl@ceph.mon.smithi081.smithi081.stdout:Mar 22 07:00:07 smithi081 ceph-mon[29245]: from='mgr.14120 172.21.15.81:0/473849636' entity='mgr.smithi081.bcxarw'
2024-03-22T07:00:07.899 INFO:journalctl@ceph.mon.smithi081.smithi081.stdout:Mar 22 07:00:07 smithi081 ceph-mon[29245]: from='mgr.14120 172.21.15.81:0/473849636' entity='mgr.smithi081.bcxarw' cmd=[{"prefix": "config dump", "format": "json"}]: dispatch
2024-03-22T07:00:08.413 INFO:teuthology.orchestra.run.smithi081.stdout:/usr/bin/ceph: stdout value unchanged
2024-03-22T07:00:08.413 INFO:teuthology.orchestra.run.smithi081.stdout:/usr/bin/ceph: stderr
2024-03-22T07:00:07.704+0000 7f224da0f700 1 Processor -- start
2024-03-22T07:00:08.413 INFO:teuthology.orchestra.run.smithi081.stdout:/usr/bin/ceph: stderr
2024-03-22T07:00:07.704+0000 7f224da0f700 1 -- start start
2024-03-22T07:00:08.413 INFO:teuthology.orchestra.run.smithi081.stdout:/usr/bin/ceph: stderr
2024-03-22T07:00:07.704+0000 7f224da0f700 1 --2- >> [v2:172.21.15.81:3300/0,v1:172.21.15.81:6789/0] conn(0x7f2248102cd0 0x7f22481030e0 unknown :-1 s=NONE pgs=0 cs=0 l=0 rev1=0 crypto rx=0 tx=0 comp rx=0 tx=0).connect
2024-03-22T07:00:08.413 INFO:teuthology.orchestra.run.smithi081.stdout:/usr/bin/ceph: stderr
2024-03-22T07:00:07.704+0000 7f224da0f700 1 -- --> [v2:172.21.15.81:3300/0,v1:172.21.15.81:6789/0] -- mon_getmap magic: 0 v1 -- 0x7f2248103620 con 0x7f2248102cd0
2024-03-22T07:00:08.413 INFO:teuthology.orchestra.run.smithi081.stdout:/usr/bin/ceph: stderr
2024-03-22T07:00:07.704+0000 7f2246ffd700 1 --2- >> [v2:172.21.15.81:3300/0,v1:172.21.15.81:6789/0] conn(0x7f2248102cd0 0x7f22481030e0 unknown :-1 s=BANNER_CONNECTING pgs=0 cs=0 l=0 rev1=0 crypto rx=0 tx=0 comp rx=0 tx=0)._handle_peer_banner_payload supported=3 required=0
2024-03-22T07:00:08.413 INFO:teuthology.orchestra.run.smithi081.stdout:/usr/bin/ceph: stderr
2024-03-22T07:00:07.704+0000 7f2246ffd700 1 --2- >> [v2:172.21.15.81:3300/0,v1:172.21.15.81:6789/0] conn(0x7f2248102cd0 0x7f22481030e0 unknown :-1 s=HELLO_CONNECTING pgs=0 cs=0 l=0 rev1=1 crypto rx=0 tx=0 comp rx=0 tx=0).handle_hello peer v2:172.21.15.81:3300/0 says I am v2:172.21.15.81:34560/0 (socket says 172.21.15.81:34560)
2024-03-22T07:00:08.413 INFO:teuthology.orchestra.run.smithi081.stdout:/usr/bin/ceph: stderr
2024-03-22T07:00:07.704+0000 7f2246ffd700 1 -- 172.21.15.81:0/1475406139 learned_addr learned my addr 172.21.15.81:0/1475406139 (peer_addr_for_me v2:172.21.15.81:0/0)
2024-03-22T07:00:08.414 INFO:teuthology.orchestra.run.smithi081.stdout:/usr/bin/ceph: stderr
2024-03-22T07:00:07.704+0000 7f2246ffd700 1 -- 172.21.15.81:0/1475406139 --> [v2:172.21.15.81:3300/0,v1:172.21.15.81:6789/0] -- mon_subscribe({config=0+,monmap=0+}) v3 -- 0x7f2248103760 con 0x7f2248102cd0
2024-03-22T07:00:08.414 INFO:teuthology.orchestra.run.smithi081.stdout:/usr/bin/ceph: stderr
2024-03-22T07:00:07.704+0000 7f2246ffd700 1 --2- 172.21.15.81:0/1475406139 >> [v2:172.21.15.81:3300/0,v1:172.21.15.81:6789/0] conn(0x7f2248102cd0 0x7f22481030e0 secure :-1 s=READY pgs=39 cs=0 l=1 rev1=1 crypto rx=0x7f22380098e0 tx=0x7f2238009250 comp rx=0 tx=0).ready entity=mon.0 client_cookie=ae6e95b90297b297 server_cookie=0 in_seq=0 out_seq=0
2024-03-22T07:00:08.414 INFO:teuthology.orchestra.run.smithi081.stdout:/usr/bin/ceph: stderr
2024-03-22T07:00:07.705+0000 7f2245ffb700 1 -- 172.21.15.81:0/1475406139 <== mon.0 v2:172.21.15.81:3300/0 1 ==== mon_map magic: 0 v1 ==== 229+0+0 (secure 0 0 0) 0x7f223800b8f0 con 0x7f2248102cd0
2024-03-22T07:00:08.414 INFO:teuthology.orchestra.run.smithi081.stdout:/usr/bin/ceph: stderr
2024-03-22T07:00:07.705+0000 7f2245ffb700 1 -- 172.21.15.81:0/1475406139 <== mon.0 v2:172.21.15.81:3300/0 2 ==== config(27 keys) v1 ==== 1044+0+0 (secure 0 0 0) 0x7f2238011420 con 0x7f2248102cd0
2024-03-22T07:00:08.414 INFO:teuthology.orchestra.run.smithi081.stdout:/usr/bin/ceph: stderr
2024-03-22T07:00:07.705+0000 7f2245ffb700 1 -- 172.21.15.81:0/1475406139 <== mon.0 v2:172.21.15.81:3300/0 3 ==== mon_map magic: 0 v1 ==== 229+0+0 (secure 0 0 0) 0x7f2238010540 con 0x7f2248102cd0
2024-03-22T07:00:08.414 INFO:teuthology.orchestra.run.smithi081.stdout:/usr/bin/ceph: stderr
2024-03-22T07:00:07.705+0000 7f224da0f700 1 -- 172.21.15.81:0/1475406139 >> [v2:172.21.15.81:3300/0,v1:172.21.15.81:6789/0] conn(0x7f2248102cd0 msgr2=0x7f22481030e0 secure :-1 s=STATE_CONNECTION_ESTABLISHED l=1).mark_down
2024-03-22T07:00:08.414 INFO:teuthology.orchestra.run.smithi081.stdout:/usr/bin/ceph: stderr
2024-03-22T07:00:07.705+0000 7f224da0f700 1 --2- 172.21.15.81:0/1475406139 >> [v2:172.21.15.81:3300/0,v1:172.21.15.81:6789/0] conn(0x7f2248102cd0 0x7f22481030e0 secure :-1 s=READY pgs=39 cs=0 l=1 rev1=1 crypto rx=0x7f22380098e0 tx=0x7f2238009250 comp rx=0 tx=0).stop
2024-03-22T07:00:08.414 INFO:teuthology.orchestra.run.smithi081.stdout:/usr/bin/ceph: stderr
2024-03-22T07:00:07.705+0000 7f224da0f700 1 -- 172.21.15.81:0/1475406139 shutdown_connections
2024-03-22T07:00:08.414 INFO:teuthology.orchestra.run.smithi081.stdout:/usr/bin/ceph: stderr
2024-03-22T07:00:07.705+0000 7f224da0f700 1 --2- 172.21.15.81:0/1475406139 >> [v2:172.21.15.81:3300/0,v1:172.21.15.81:6789/0] conn(0x7f2248102cd0 0x7f22481030e0 unknown :-1 s=CLOSED pgs=39 cs=0 l=1 rev1=1 crypto rx=0 tx=0 comp rx=0 tx=0).stop
2024-03-22T07:00:08.414 INFO:teuthology.orchestra.run.smithi081.stdout:/usr/bin/ceph: stderr
2024-03-22T07:00:07.705+0000 7f224da0f700 1 -- 172.21.15.81:0/1475406139 >> 172.21.15.81:0/1475406139 conn(0x7f22480fc4a0 msgr2=0x7f22480fe8b0 unknown :-1 s=STATE_NONE l=0).mark_down
2024-03-22T07:00:08.414 INFO:teuthology.orchestra.run.smithi081.stdout:/usr/bin/ceph: stderr
2024-03-22T07:00:07.705+0000 7f224da0f700 1 -- 172.21.15.81:0/1475406139 shutdown_connections
2024-03-22T07:00:08.414 INFO:teuthology.orchestra.run.smithi081.stdout:/usr/bin/ceph: stderr
2024-03-22T07:00:07.705+0000 7f224da0f700 1 -- 172.21.15.81:0/1475406139 wait complete.
2024-03-22T07:00:08.414 INFO:teuthology.orchestra.run.smithi081.stdout:/usr/bin/ceph: stderr
2024-03-22T07:00:07.706+0000 7f224da0f700 1 Processor -- start
2024-03-22T07:00:08.415 INFO:teuthology.orchestra.run.smithi081.stdout:/usr/bin/ceph: stderr
2024-03-22T07:00:07.706+0000 7f224da0f700 1 -- start start
2024-03-22T07:00:08.415 INFO:teuthology.orchestra.run.smithi081.stdout:/usr/bin/ceph: stderr
2024-03-22T07:00:07.706+0000 7f224da0f700 1 --2- >> [v2:172.21.15.81:3300/0,v1:172.21.15.81:6789/0] conn(0x7f2248102cd0 0x7f2248113810 unknown :-1 s=NONE pgs=0 cs=0 l=1 rev1=0 crypto rx=0 tx=0 comp rx=0 tx=0).connect
2024-03-22T07:00:08.415 INFO:teuthology.orchestra.run.smithi081.stdout:/usr/bin/ceph: stderr
2024-03-22T07:00:07.706+0000 7f224da0f700 1 -- --> [v2:172.21.15.81:3300/0,v1:172.21.15.81:6789/0] -- mon_getmap magic: 0 v1 -- 0x7f2248113d50 con 0x7f2248102cd0
2024-03-22T07:00:08.415 INFO:teuthology.orchestra.run.smithi081.stdout:/usr/bin/ceph: stderr
2024-03-22T07:00:07.706+0000 7f2246ffd700 1 --2- >> [v2:172.21.15.81:3300/0,v1:172.21.15.81:6789/0] conn(0x7f2248102cd0 0x7f2248113810 unknown :-1 s=BANNER_CONNECTING pgs=0 cs=0 l=1 rev1=0 crypto rx=0 tx=0 comp rx=0 tx=0)._handle_peer_banner_payload supported=3 required=0
2024-03-22T07:00:08.415 INFO:teuthology.orchestra.run.smithi081.stdout:/usr/bin/ceph: stderr
2024-03-22T07:00:07.706+0000 7f2246ffd700 1 --2- >> [v2:172.21.15.81:3300/0,v1:172.21.15.81:6789/0] conn(0x7f2248102cd0 0x7f2248113810 unknown :-1 s=HELLO_CONNECTING pgs=0 cs=0 l=1 rev1=1 crypto rx=0 tx=0 comp rx=0 tx=0).handle_hello peer v2:172.21.15.81:3300/0 says I am v2:172.21.15.81:34570/0 (socket says 172.21.15.81:34570)
2024-03-22T07:00:08.415 INFO:teuthology.orchestra.run.smithi081.stdout:/usr/bin/ceph: stderr
2024-03-22T07:00:07.706+0000 7f2246ffd700 1 -- 172.21.15.81:0/3733159211 learned_addr learned my addr 172.21.15.81:0/3733159211 (peer_addr_for_me v2:172.21.15.81:0/0)
2024-03-22T07:00:08.415 INFO:teuthology.orchestra.run.smithi081.stdout:/usr/bin/ceph: stderr
2024-03-22T07:00:07.706+0000 7f2246ffd700 1 -- 172.21.15.81:0/3733159211 --> [v2:172.21.15.81:3300/0,v1:172.21.15.81:6789/0] -- mon_subscribe({config=0+,monmap=0+}) v3 -- 0x7f22380094f0 con 0x7f2248102cd0
2024-03-22T07:00:08.415 INFO:teuthology.orchestra.run.smithi081.stdout:/usr/bin/ceph: stderr
2024-03-22T07:00:07.707+0000 7f2246ffd700 1 --2- 172.21.15.81:0/3733159211 >> [v2:172.21.15.81:3300/0,v1:172.21.15.81:6789/0] conn(0x7f2248102cd0 0x7f2248113810 secure :-1 s=READY pgs=40 cs=0 l=1 rev1=1 crypto rx=0x7f2238010760 tx=0x7f2238009250 comp rx=0 tx=0).ready entity=mon.0 client_cookie=0 server_cookie=0 in_seq=0 out_seq=0
2024-03-22T07:00:08.415 INFO:teuthology.orchestra.run.smithi081.stdout:/usr/bin/ceph: stderr
2024-03-22T07:00:07.707+0000 7f222f7fe700 1 -- 172.21.15.81:0/3733159211 <== mon.0 v2:172.21.15.81:3300/0 1 ==== mon_map magic: 0 v1 ==== 229+0+0 (secure 0 0 0) 0x7f2238010800 con 0x7f2248102cd0
2024-03-22T07:00:08.415 INFO:teuthology.orchestra.run.smithi081.stdout:/usr/bin/ceph: stderr
2024-03-22T07:00:07.707+0000 7f222f7fe700 1 -- 172.21.15.81:0/3733159211 <== mon.0 v2:172.21.15.81:3300/0 2 ==== config(27 keys) v1 ==== 1044+0+0 (secure 0 0 0) 0x7f2238010df0 con 0x7f2248102cd0
2024-03-22T07:00:08.415 INFO:teuthology.orchestra.run.smithi081.stdout:/usr/bin/ceph: stderr
2024-03-22T07:00:07.707+0000 7f224da0f700 1 -- 172.21.15.81:0/3733159211 --> [v2:172.21.15.81:3300/0,v1:172.21.15.81:6789/0] -- mon_subscribe({mgrmap=0+}) v3 -- 0x7f2248113f50 con 0x7f2248102cd0
2024-03-22T07:00:08.415 INFO:teuthology.orchestra.run.smithi081.stdout:/usr/bin/ceph: stderr
2024-03-22T07:00:07.707+0000 7f222f7fe700 1 -- 172.21.15.81:0/3733159211 <== mon.0 v2:172.21.15.81:3300/0 3 ==== mon_map magic: 0 v1 ==== 229+0+0 (secure 0 0 0) 0x7f22380193c0 con 0x7f2248102cd0
2024-03-22T07:00:08.415 INFO:teuthology.orchestra.run.smithi081.stdout:/usr/bin/ceph: stderr
2024-03-22T07:00:07.707+0000 7f224da0f700 1 -- 172.21.15.81:0/3733159211 --> [v2:172.21.15.81:3300/0,v1:172.21.15.81:6789/0] -- mon_subscribe({osdmap=0}) v3 -- 0x7f2248114ac0 con 0x7f2248102cd0
2024-03-22T07:00:08.415 INFO:teuthology.orchestra.run.smithi081.stdout:/usr/bin/ceph: stderr
2024-03-22T07:00:07.707+0000 7f222f7fe700 1 -- 172.21.15.81:0/3733159211 <== mon.0 v2:172.21.15.81:3300/0 4 ==== mgrmap(e 8) v1 ==== 43368+0+0 (secure 0 0 0) 0x7f2238019680 con 0x7f2248102cd0
2024-03-22T07:00:08.416 INFO:teuthology.orchestra.run.smithi081.stdout:/usr/bin/ceph: stderr
2024-03-22T07:00:07.708+0000 7f222f7fe700 1 --2- 172.21.15.81:0/3733159211 >> [v2:172.21.15.81:6800/4051369418,v1:172.21.15.81:6801/4051369418] conn(0x7f2230036790 0x7f2230038c40 unknown :-1 s=NONE pgs=0 cs=0 l=1 rev1=0 crypto rx=0 tx=0 comp rx=0 tx=0).connect
2024-03-22T07:00:08.416 INFO:teuthology.orchestra.run.smithi081.stdout:/usr/bin/ceph: stderr
2024-03-22T07:00:07.708+0000 7f222f7fe700 1 -- 172.21.15.81:0/3733159211 <== mon.0 v2:172.21.15.81:3300/0 5 ==== osd_map(2..2 src has 1..2) v4 ==== 936+0+0 (secure 0 0 0) 0x7f223804b5f0 con 0x7f2248102cd0
2024-03-22T07:00:08.416 INFO:teuthology.orchestra.run.smithi081.stdout:/usr/bin/ceph: stderr
2024-03-22T07:00:07.708+0000 7f22467fc700 1 --2- 172.21.15.81:0/3733159211 >> [v2:172.21.15.81:6800/4051369418,v1:172.21.15.81:6801/4051369418] conn(0x7f2230036790 0x7f2230038c40 unknown :-1 s=BANNER_CONNECTING pgs=0 cs=0 l=1 rev1=0 crypto rx=0 tx=0 comp rx=0 tx=0)._handle_peer_banner_payload supported=3 required=0
2024-03-22T07:00:08.416 INFO:teuthology.orchestra.run.smithi081.stdout:/usr/bin/ceph: stderr
2024-03-22T07:00:07.708+0000 7f224da0f700 1 -- 172.21.15.81:0/3733159211 --> [v2:172.21.15.81:3300/0,v1:172.21.15.81:6789/0] -- mon_command({"prefix": "get_command_descriptions"} v 0) v1 -- 0x7f224805f5f0 con 0x7f2248102cd0
2024-03-22T07:00:08.416 INFO:teuthology.orchestra.run.smithi081.stdout:/usr/bin/ceph: stderr
2024-03-22T07:00:07.708+0000 7f22467fc700 1 --2- 172.21.15.81:0/3733159211 >> [v2:172.21.15.81:6800/4051369418,v1:172.21.15.81:6801/4051369418] conn(0x7f2230036790 0x7f2230038c40 secure :-1 s=READY pgs=9 cs=0 l=1 rev1=1 crypto rx=0x7f223c009990 tx=0x7f223c006e40 comp rx=0 tx=0).ready entity=mgr.14120 client_cookie=0 server_cookie=0 in_seq=0 out_seq=0
2024-03-22T07:00:08.416 INFO:teuthology.orchestra.run.smithi081.stdout:/usr/bin/ceph: stderr
2024-03-22T07:00:07.713+0000 7f222f7fe700 1 -- 172.21.15.81:0/3733159211 <== mon.0 v2:172.21.15.81:3300/0 6 ==== mon_command_ack([{"prefix": "get_command_descriptions"}]=0 v0) v1 ==== 72+0+176504 (secure 0 0 0) 0x7f2238019980 con 0x7f2248102cd0
2024-03-22T07:00:08.416 INFO:teuthology.orchestra.run.smithi081.stdout:/usr/bin/ceph: stderr
2024-03-22T07:00:07.899+0000 7f224da0f700 1 -- 172.21.15.81:0/3733159211 --> [v2:172.21.15.81:6800/4051369418,v1:172.21.15.81:6801/4051369418] -- mgr_command(tid 0: {"prefix": "cephadm set-user", "user": "root", "target": ["mon-mgr", ""]}) v1 -- 0x7f22480fd8c0 con 0x7f2230036790
2024-03-22T07:00:08.416 INFO:teuthology.orchestra.run.smithi081.stdout:/usr/bin/ceph: stderr
2024-03-22T07:00:07.899+0000 7f222f7fe700 1 -- 172.21.15.81:0/3733159211 <== mgr.14120 v2:172.21.15.81:6800/4051369418 1 ==== mgr_command_reply(tid 0: 0 ) v1 ==== 8+0+16 (secure 0 0 0) 0x7f22480fd8c0 con 0x7f2230036790
2024-03-22T07:00:08.416 INFO:teuthology.orchestra.run.smithi081.stdout:/usr/bin/ceph: stderr
2024-03-22T07:00:07.901+0000 7f224da0f700 1 -- 172.21.15.81:0/3733159211 >> [v2:172.21.15.81:6800/4051369418,v1:172.21.15.81:6801/4051369418] conn(0x7f2230036790 msgr2=0x7f2230038c40 secure :-1 s=STATE_CONNECTION_ESTABLISHED l=1).mark_down
2024-03-22T07:00:08.416 INFO:teuthology.orchestra.run.smithi081.stdout:/usr/bin/ceph: stderr
2024-03-22T07:00:07.901+0000 7f224da0f700 1 --2- 172.21.15.81:0/3733159211 >> [v2:172.21.15.81:6800/4051369418,v1:172.21.15.81:6801/4051369418] conn(0x7f2230036790 0x7f2230038c40 secure :-1 s=READY pgs=9 cs=0 l=1 rev1=1 crypto rx=0x7f223c009990 tx=0x7f223c006e40 comp rx=0 tx=0).stop
2024-03-22T07:00:08.416 INFO:teuthology.orchestra.run.smithi081.stdout:/usr/bin/ceph: stderr
2024-03-22T07:00:07.901+0000 7f224da0f700 1 -- 172.21.15.81:0/3733159211 >> [v2:172.21.15.81:3300/0,v1:172.21.15.81:6789/0] conn(0x7f2248102cd0 msgr2=0x7f2248113810 secure :-1 s=STATE_CONNECTION_ESTABLISHED l=1).mark_down
2024-03-22T07:00:08.416 INFO:teuthology.orchestra.run.smithi081.stdout:/usr/bin/ceph: stderr
2024-03-22T07:00:07.901+0000 7f224da0f700 1 --2- 172.21.15.81:0/3733159211 >> [v2:172.21.15.81:3300/0,v1:172.21.15.81:6789/0] conn(0x7f2248102cd0 0x7f2248113810 secure :-1 s=READY pgs=40 cs=0 l=1 rev1=1 crypto rx=0x7f2238010760 tx=0x7f2238009250 comp rx=0 tx=0).stop
2024-03-22T07:00:08.417 INFO:teuthology.orchestra.run.smithi081.stdout:/usr/bin/ceph: stderr
2024-03-22T07:00:07.901+0000 7f224da0f700 1 -- 172.21.15.81:0/3733159211 shutdown_connections
2024-03-22T07:00:08.417 INFO:teuthology.orchestra.run.smithi081.stdout:/usr/bin/ceph: stderr
2024-03-22T07:00:07.901+0000 7f224da0f700 1 --2- 172.21.15.81:0/3733159211 >> [v2:172.21.15.81:6800/4051369418,v1:172.21.15.81:6801/4051369418] conn(0x7f2230036790 0x7f2230038c40 unknown :-1 s=CLOSED pgs=9 cs=0 l=1 rev1=1 crypto rx=0 tx=0 comp rx=0 tx=0).stop
2024-03-22T07:00:08.417 INFO:teuthology.orchestra.run.smithi081.stdout:/usr/bin/ceph: stderr
2024-03-22T07:00:07.901+0000 7f224da0f700 1 --2- 172.21.15.81:0/3733159211 >> [v2:172.21.15.81:3300/0,v1:172.21.15.81:6789/0] conn(0x7f2248102cd0 0x7f2248113810 unknown :-1 s=CLOSED pgs=40 cs=0 l=1 rev1=1 crypto rx=0 tx=0 comp rx=0 tx=0).stop
2024-03-22T07:00:08.417 INFO:teuthology.orchestra.run.smithi081.stdout:/usr/bin/ceph: stderr
2024-03-22T07:00:07.901+0000 7f224da0f700 1 -- 172.21.15.81:0/3733159211 >> 172.21.15.81:0/3733159211 conn(0x7f22480fc4a0 msgr2=0x7f22480fd0f0 unknown :-1 s=STATE_NONE l=0).mark_down
2024-03-22T07:00:08.417 INFO:teuthology.orchestra.run.smithi081.stdout:/usr/bin/ceph: stderr
2024-03-22T07:00:07.901+0000 7f224da0f700 1 -- 172.21.15.81:0/3733159211 shutdown_connections
2024-03-22T07:00:08.417 INFO:teuthology.orchestra.run.smithi081.stdout:/usr/bin/ceph: stderr
2024-03-22T07:00:07.901+0000 7f224da0f700 1 -- 172.21.15.81:0/3733159211 wait complete.
2024-03-22T07:00:08.417 INFO:teuthology.orchestra.run.smithi081.stdout:Generating ssh key...
2024-03-22T07:00:08.784 INFO:journalctl@ceph.mon.smithi081.smithi081.stdout:Mar 22 07:00:08 smithi081 ceph-mon[29245]: from='client.14134 -' entity='client.admin' cmd=[{"prefix": "cephadm set-user", "user": "root", "target": ["mon-mgr", ""]}]: dispatch
2024-03-22T07:00:09.612 INFO:teuthology.orchestra.run.smithi081.stdout:/usr/bin/ceph: stderr
2024-03-22T07:00:08.784+0000 7fa60f67e700 1 Processor -- start
2024-03-22T07:00:09.612 INFO:teuthology.orchestra.run.smithi081.stdout:/usr/bin/ceph: stderr
2024-03-22T07:00:08.784+0000 7fa60f67e700 1 -- start start
2024-03-22T07:00:09.612 INFO:teuthology.orchestra.run.smithi081.stdout:/usr/bin/ceph: stderr
2024-03-22T07:00:08.784+0000 7fa60f67e700 1 --2- >> [v2:172.21.15.81:3300/0,v1:172.21.15.81:6789/0] conn(0x7fa608102730 0x7fa608102b40 unknown :-1 s=NONE pgs=0 cs=0 l=0 rev1=0 crypto rx=0 tx=0 comp rx=0 tx=0).connect
2024-03-22T07:00:09.612 INFO:teuthology.orchestra.run.smithi081.stdout:/usr/bin/ceph: stderr
2024-03-22T07:00:08.784+0000 7fa60f67e700 1 -- --> [v2:172.21.15.81:3300/0,v1:172.21.15.81:6789/0] -- mon_getmap magic: 0 v1 -- 0x7fa608103080 con 0x7fa608102730
2024-03-22T07:00:09.612 INFO:teuthology.orchestra.run.smithi081.stdout:/usr/bin/ceph: stderr
2024-03-22T07:00:08.785+0000 7fa60d41a700 1 --2- >> [v2:172.21.15.81:3300/0,v1:172.21.15.81:6789/0] conn(0x7fa608102730 0x7fa608102b40 unknown :-1 s=BANNER_CONNECTING pgs=0 cs=0 l=0 rev1=0 crypto rx=0 tx=0 comp rx=0 tx=0)._handle_peer_banner_payload supported=3 required=0
2024-03-22T07:00:09.612 INFO:teuthology.orchestra.run.smithi081.stdout:/usr/bin/ceph: stderr
2024-03-22T07:00:08.785+0000 7fa60d41a700 1 --2- >> [v2:172.21.15.81:3300/0,v1:172.21.15.81:6789/0] conn(0x7fa608102730 0x7fa608102b40 unknown :-1 s=HELLO_CONNECTING pgs=0 cs=0 l=0 rev1=1 crypto rx=0 tx=0 comp rx=0 tx=0).handle_hello peer v2:172.21.15.81:3300/0 says I am v2:172.21.15.81:34584/0 (socket says 172.21.15.81:34584)
2024-03-22T07:00:09.613 INFO:teuthology.orchestra.run.smithi081.stdout:/usr/bin/ceph: stderr
2024-03-22T07:00:08.785+0000 7fa60d41a700 1 -- 172.21.15.81:0/453986068 learned_addr learned my addr 172.21.15.81:0/453986068 (peer_addr_for_me v2:172.21.15.81:0/0)
2024-03-22T07:00:09.613 INFO:teuthology.orchestra.run.smithi081.stdout:/usr/bin/ceph: stderr
2024-03-22T07:00:08.785+0000 7fa60d41a700 1 -- 172.21.15.81:0/453986068 --> [v2:172.21.15.81:3300/0,v1:172.21.15.81:6789/0] -- mon_subscribe({config=0+,monmap=0+}) v3 -- 0x7fa6081031c0 con 0x7fa608102730
2024-03-22T07:00:09.613 INFO:teuthology.orchestra.run.smithi081.stdout:/usr/bin/ceph: stderr
2024-03-22T07:00:08.785+0000 7fa60d41a700 1 --2- 172.21.15.81:0/453986068 >> [v2:172.21.15.81:3300/0,v1:172.21.15.81:6789/0] conn(0x7fa608102730 0x7fa608102b40 secure :-1 s=READY pgs=41 cs=0 l=1 rev1=1 crypto rx=0x7fa6040098e0 tx=0x7fa604009250 comp rx=0 tx=0).ready entity=mon.0 client_cookie=229322664922ca3f server_cookie=0 in_seq=0 out_seq=0
2024-03-22T07:00:09.613 INFO:teuthology.orchestra.run.smithi081.stdout:/usr/bin/ceph: stderr
2024-03-22T07:00:08.785+0000 7fa5fffff700 1 -- 172.21.15.81:0/453986068 <== mon.0 v2:172.21.15.81:3300/0 1 ==== mon_map magic: 0 v1 ==== 229+0+0 (secure 0 0 0) 0x7fa60400b860 con 0x7fa608102730
2024-03-22T07:00:09.613 INFO:teuthology.orchestra.run.smithi081.stdout:/usr/bin/ceph: stderr
2024-03-22T07:00:08.785+0000 7fa5fffff700 1 -- 172.21.15.81:0/453986068 <== mon.0 v2:172.21.15.81:3300/0 2 ==== config(27 keys) v1 ==== 1044+0+0 (secure 0 0 0) 0x7fa60400be50 con 0x7fa608102730
2024-03-22T07:00:09.613 INFO:teuthology.orchestra.run.smithi081.stdout:/usr/bin/ceph: stderr
2024-03-22T07:00:08.785+0000 7fa5fffff700 1 -- 172.21.15.81:0/453986068 <== mon.0 v2:172.21.15.81:3300/0 3 ==== mon_map magic: 0 v1 ==== 229+0+0 (secure 0 0 0) 0x7fa604010380 con 0x7fa608102730
2024-03-22T07:00:09.613 INFO:teuthology.orchestra.run.smithi081.stdout:/usr/bin/ceph: stderr
2024-03-22T07:00:08.786+0000 7fa60f67e700 1 -- 172.21.15.81:0/453986068 >> [v2:172.21.15.81:3300/0,v1:172.21.15.81:6789/0] conn(0x7fa608102730 msgr2=0x7fa608102b40 secure :-1 s=STATE_CONNECTION_ESTABLISHED l=1).mark_down
2024-03-22T07:00:09.613 INFO:teuthology.orchestra.run.smithi081.stdout:/usr/bin/ceph: stderr
2024-03-22T07:00:08.786+0000 7fa60f67e700 1 --2- 172.21.15.81:0/453986068 >> [v2:172.21.15.81:3300/0,v1:172.21.15.81:6789/0] conn(0x7fa608102730 0x7fa608102b40 secure :-1 s=READY pgs=41 cs=0 l=1 rev1=1 crypto rx=0x7fa6040098e0 tx=0x7fa604009250 comp rx=0 tx=0).stop
2024-03-22T07:00:09.613 INFO:teuthology.orchestra.run.smithi081.stdout:/usr/bin/ceph: stderr
2024-03-22T07:00:08.786+0000 7fa60f67e700 1 -- 172.21.15.81:0/453986068 shutdown_connections
2024-03-22T07:00:09.613 INFO:teuthology.orchestra.run.smithi081.stdout:/usr/bin/ceph: stderr
2024-03-22T07:00:08.786+0000 7fa60f67e700 1 --2- 172.21.15.81:0/453986068 >> [v2:172.21.15.81:3300/0,v1:172.21.15.81:6789/0] conn(0x7fa608102730 0x7fa608102b40 unknown :-1 s=CLOSED pgs=41 cs=0 l=1 rev1=1 crypto rx=0 tx=0 comp rx=0 tx=0).stop
2024-03-22T07:00:09.613 INFO:teuthology.orchestra.run.smithi081.stdout:/usr/bin/ceph: stderr
2024-03-22T07:00:08.786+0000 7fa60f67e700 1 -- 172.21.15.81:0/453986068 >> 172.21.15.81:0/453986068 conn(0x7fa6080fdf10 msgr2=0x7fa608100320 unknown :-1 s=STATE_NONE l=0).mark_down
2024-03-22T07:00:09.614 INFO:teuthology.orchestra.run.smithi081.stdout:/usr/bin/ceph: stderr
2024-03-22T07:00:08.786+0000 7fa60f67e700 1 -- 172.21.15.81:0/453986068 shutdown_connections
2024-03-22T07:00:09.614 INFO:teuthology.orchestra.run.smithi081.stdout:/usr/bin/ceph: stderr
2024-03-22T07:00:08.786+0000 7fa60f67e700 1 -- 172.21.15.81:0/453986068 wait complete.
2024-03-22T07:00:09.614 INFO:teuthology.orchestra.run.smithi081.stdout:/usr/bin/ceph: stderr
2024-03-22T07:00:08.787+0000 7fa60f67e700 1 Processor -- start
2024-03-22T07:00:09.614 INFO:teuthology.orchestra.run.smithi081.stdout:/usr/bin/ceph: stderr
2024-03-22T07:00:08.787+0000 7fa60f67e700 1 -- start start
2024-03-22T07:00:09.614 INFO:teuthology.orchestra.run.smithi081.stdout:/usr/bin/ceph: stderr
2024-03-22T07:00:08.787+0000 7fa60f67e700 1 --2- >> [v2:172.21.15.81:3300/0,v1:172.21.15.81:6789/0] conn(0x7fa608102730 0x7fa608078bd0 unknown :-1 s=NONE pgs=0 cs=0 l=1 rev1=0 crypto rx=0 tx=0 comp rx=0 tx=0).connect
2024-03-22T07:00:09.614 INFO:teuthology.orchestra.run.smithi081.stdout:/usr/bin/ceph: stderr
2024-03-22T07:00:08.787+0000 7fa60f67e700 1 -- --> [v2:172.21.15.81:3300/0,v1:172.21.15.81:6789/0] -- mon_getmap magic: 0 v1 -- 0x7fa608079110 con 0x7fa608102730
2024-03-22T07:00:09.614 INFO:teuthology.orchestra.run.smithi081.stdout:/usr/bin/ceph: stderr
2024-03-22T07:00:08.787+0000 7fa60d41a700 1 --2- >> [v2:172.21.15.81:3300/0,v1:172.21.15.81:6789/0] conn(0x7fa608102730 0x7fa608078bd0 unknown :-1 s=BANNER_CONNECTING pgs=0 cs=0 l=1 rev1=0 crypto rx=0 tx=0 comp rx=0 tx=0)._handle_peer_banner_payload supported=3 required=0
2024-03-22T07:00:09.614 INFO:teuthology.orchestra.run.smithi081.stdout:/usr/bin/ceph: stderr
2024-03-22T07:00:08.787+0000 7fa60d41a700 1 --2- >> [v2:172.21.15.81:3300/0,v1:172.21.15.81:6789/0] conn(0x7fa608102730 0x7fa608078bd0 unknown :-1 s=HELLO_CONNECTING pgs=0 cs=0 l=1 rev1=1 crypto rx=0 tx=0 comp rx=0 tx=0).handle_hello peer v2:172.21.15.81:3300/0 says I am v2:172.21.15.81:34596/0 (socket says 172.21.15.81:34596)
2024-03-22T07:00:09.614 INFO:teuthology.orchestra.run.smithi081.stdout:/usr/bin/ceph: stderr
2024-03-22T07:00:08.787+0000 7fa60d41a700 1 -- 172.21.15.81:0/3494263086 learned_addr learned my addr 172.21.15.81:0/3494263086 (peer_addr_for_me v2:172.21.15.81:0/0)
2024-03-22T07:00:09.614 INFO:teuthology.orchestra.run.smithi081.stdout:/usr/bin/ceph: stderr
2024-03-22T07:00:08.787+0000 7fa60d41a700 1 -- 172.21.15.81:0/3494263086 --> [v2:172.21.15.81:3300/0,v1:172.21.15.81:6789/0] -- mon_subscribe({config=0+,monmap=0+}) v3 -- 0x7fa6040094f0 con 0x7fa608102730
2024-03-22T07:00:09.614 INFO:teuthology.orchestra.run.smithi081.stdout:/usr/bin/ceph: stderr
2024-03-22T07:00:08.787+0000 7fa60d41a700 1 --2- 172.21.15.81:0/3494263086 >> [v2:172.21.15.81:3300/0,v1:172.21.15.81:6789/0] conn(0x7fa608102730 0x7fa608078bd0 secure :-1 s=READY pgs=42 cs=0 l=1 rev1=1 crypto rx=0x7fa60400b440 tx=0x7fa604009250 comp rx=0 tx=0).ready entity=mon.0 client_cookie=0 server_cookie=0 in_seq=0 out_seq=0
2024-03-22T07:00:09.614 INFO:teuthology.orchestra.run.smithi081.stdout:/usr/bin/ceph: stderr
2024-03-22T07:00:08.787+0000 7fa5fdffb700 1 -- 172.21.15.81:0/3494263086 <== mon.0 v2:172.21.15.81:3300/0 1 ==== mon_map magic: 0 v1 ==== 229+0+0 (secure 0 0 0) 0x7fa604010760 con 0x7fa608102730
2024-03-22T07:00:09.615 INFO:teuthology.orchestra.run.smithi081.stdout:/usr/bin/ceph: stderr
2024-03-22T07:00:08.787+0000 7fa5fdffb700 1 -- 172.21.15.81:0/3494263086 <== mon.0 v2:172.21.15.81:3300/0 2 ==== config(27 keys) v1 ==== 1044+0+0 (secure 0 0 0) 0x7fa604010d50 con 0x7fa608102730
2024-03-22T07:00:09.615 INFO:teuthology.orchestra.run.smithi081.stdout:/usr/bin/ceph: stderr
2024-03-22T07:00:08.787+0000 7fa60f67e700 1 -- 172.21.15.81:0/3494263086 --> [v2:172.21.15.81:3300/0,v1:172.21.15.81:6789/0] -- mon_subscribe({mgrmap=0+}) v3 -- 0x7fa608077180 con 0x7fa608102730
2024-03-22T07:00:09.615 INFO:teuthology.orchestra.run.smithi081.stdout:/usr/bin/ceph: stderr
2024-03-22T07:00:08.787+0000 7fa5fdffb700 1 -- 172.21.15.81:0/3494263086 <== mon.0 v2:172.21.15.81:3300/0 3 ==== mon_map magic: 0 v1 ==== 229+0+0 (secure 0 0 0) 0x7fa60401adc0 con 0x7fa608102730
2024-03-22T07:00:09.615 INFO:teuthology.orchestra.run.smithi081.stdout:/usr/bin/ceph: stderr
2024-03-22T07:00:08.788+0000 7fa60f67e700 1 -- 172.21.15.81:0/3494263086 --> [v2:172.21.15.81:3300/0,v1:172.21.15.81:6789/0] -- mon_subscribe({osdmap=0}) v3 -- 0x7fa608077670 con 0x7fa608102730
2024-03-22T07:00:09.615 INFO:teuthology.orchestra.run.smithi081.stdout:/usr/bin/ceph: stderr
2024-03-22T07:00:08.788+0000 7fa5fdffb700 1 -- 172.21.15.81:0/3494263086 <== mon.0 v2:172.21.15.81:3300/0 4 ==== mgrmap(e 8) v1 ==== 43368+0+0 (secure 0 0 0) 0x7fa6040193c0 con 0x7fa608102730
2024-03-22T07:00:09.615 INFO:teuthology.orchestra.run.smithi081.stdout:/usr/bin/ceph: stderr
2024-03-22T07:00:08.788+0000 7fa60f67e700 1 -- 172.21.15.81:0/3494263086 --> [v2:172.21.15.81:3300/0,v1:172.21.15.81:6789/0] -- mon_command({"prefix": "get_command_descriptions"} v 0) v1 -- 0x7fa60804bed0 con 0x7fa608102730
2024-03-22T07:00:09.615 INFO:teuthology.orchestra.run.smithi081.stdout:/usr/bin/ceph: stderr
2024-03-22T07:00:08.788+0000 7fa5fdffb700 1 --2- 172.21.15.81:0/3494263086 >> [v2:172.21.15.81:6800/4051369418,v1:172.21.15.81:6801/4051369418] conn(0x7fa5f40367e0 0x7fa5f4038c90 unknown :-1 s=NONE pgs=0 cs=0 l=1 rev1=0 crypto rx=0 tx=0 comp rx=0 tx=0).connect
2024-03-22T07:00:09.615 INFO:teuthology.orchestra.run.smithi081.stdout:/usr/bin/ceph: stderr
2024-03-22T07:00:08.789+0000 7fa5fdffb700 1 -- 172.21.15.81:0/3494263086 <== mon.0 v2:172.21.15.81:3300/0 5 ==== osd_map(2..2 src has 1..2) v4 ==== 936+0+0 (secure 0 0 0) 0x7fa604049f80 con 0x7fa608102730
2024-03-22T07:00:09.615 INFO:teuthology.orchestra.run.smithi081.stdout:/usr/bin/ceph: stderr
2024-03-22T07:00:08.789+0000 7fa60cc19700 1 --2- 172.21.15.81:0/3494263086 >> [v2:172.21.15.81:6800/4051369418,v1:172.21.15.81:6801/4051369418] conn(0x7fa5f40367e0 0x7fa5f4038c90 unknown :-1 s=BANNER_CONNECTING pgs=0 cs=0 l=1 rev1=0 crypto rx=0 tx=0 comp rx=0 tx=0)._handle_peer_banner_payload supported=3 required=0
2024-03-22T07:00:09.615 INFO:teuthology.orchestra.run.smithi081.stdout:/usr/bin/ceph: stderr
2024-03-22T07:00:08.789+0000 7fa60cc19700 1 --2- 172.21.15.81:0/3494263086 >> [v2:172.21.15.81:6800/4051369418,v1:172.21.15.81:6801/4051369418] conn(0x7fa5f40367e0 0x7fa5f4038c90 secure :-1 s=READY pgs=10 cs=0 l=1 rev1=1 crypto rx=0x7fa5f8009990 tx=0x7fa5f8006e40 comp rx=0 tx=0).ready entity=mgr.14120 client_cookie=0 server_cookie=0 in_seq=0 out_seq=0
2024-03-22T07:00:09.615 INFO:teuthology.orchestra.run.smithi081.stdout:/usr/bin/ceph: stderr
2024-03-22T07:00:08.793+0000 7fa5fdffb700 1 -- 172.21.15.81:0/3494263086 <== mon.0 v2:172.21.15.81:3300/0 6 ==== mon_command_ack([{"prefix": "get_command_descriptions"}]=0 v0) v1 ==== 72+0+176504 (secure 0 0 0) 0x7fa604023710 con 0x7fa608102730
2024-03-22T07:00:09.615 INFO:teuthology.orchestra.run.smithi081.stdout:/usr/bin/ceph: stderr
2024-03-22T07:00:08.978+0000 7fa60f67e700 1 -- 172.21.15.81:0/3494263086 --> [v2:172.21.15.81:6800/4051369418,v1:172.21.15.81:6801/4051369418] -- mgr_command(tid 0: {"prefix": "cephadm generate-key", "target": ["mon-mgr", ""]}) v1 -- 0x7fa608077d70 con 0x7fa5f40367e0
2024-03-22T07:00:09.615 INFO:teuthology.orchestra.run.smithi081.stdout:/usr/bin/ceph: stderr
2024-03-22T07:00:09.058+0000 7fa5fdffb700 1 -- 172.21.15.81:0/3494263086 <== mgr.14120 v2:172.21.15.81:6800/4051369418 1 ==== mgr_command_reply(tid 0: 0 ) v1 ==== 8+0+0 (secure 0 0 0) 0x7fa608077d70 con 0x7fa5f40367e0
2024-03-22T07:00:09.616 INFO:teuthology.orchestra.run.smithi081.stdout:/usr/bin/ceph: stderr
2024-03-22T07:00:09.060+0000 7fa60f67e700 1 -- 172.21.15.81:0/3494263086 >> [v2:172.21.15.81:6800/4051369418,v1:172.21.15.81:6801/4051369418] conn(0x7fa5f40367e0 msgr2=0x7fa5f4038c90 secure :-1 s=STATE_CONNECTION_ESTABLISHED l=1).mark_down
2024-03-22T07:00:09.616 INFO:teuthology.orchestra.run.smithi081.stdout:/usr/bin/ceph: stderr
2024-03-22T07:00:09.060+0000 7fa60f67e700 1 --2- 172.21.15.81:0/3494263086 >> [v2:172.21.15.81:6800/4051369418,v1:172.21.15.81:6801/4051369418] conn(0x7fa5f40367e0 0x7fa5f4038c90 secure :-1 s=READY pgs=10 cs=0 l=1 rev1=1 crypto rx=0x7fa5f8009990 tx=0x7fa5f8006e40 comp rx=0 tx=0).stop
2024-03-22T07:00:09.616 INFO:teuthology.orchestra.run.smithi081.stdout:/usr/bin/ceph: stderr
2024-03-22T07:00:09.060+0000 7fa60f67e700 1 -- 172.21.15.81:0/3494263086 >> [v2:172.21.15.81:3300/0,v1:172.21.15.81:6789/0] conn(0x7fa608102730 msgr2=0x7fa608078bd0 secure :-1 s=STATE_CONNECTION_ESTABLISHED l=1).mark_down
2024-03-22T07:00:09.616 INFO:teuthology.orchestra.run.smithi081.stdout:/usr/bin/ceph: stderr
2024-03-22T07:00:09.060+0000 7fa60f67e700 1 --2- 172.21.15.81:0/3494263086 >> [v2:172.21.15.81:3300/0,v1:172.21.15.81:6789/0] conn(0x7fa608102730 0x7fa608078bd0 secure :-1 s=READY pgs=42 cs=0 l=1 rev1=1 crypto rx=0x7fa60400b440 tx=0x7fa604009250 comp rx=0 tx=0).stop
2024-03-22T07:00:09.616 INFO:teuthology.orchestra.run.smithi081.stdout:/usr/bin/ceph: stderr
2024-03-22T07:00:09.060+0000 7fa60f67e700 1 -- 172.21.15.81:0/3494263086 shutdown_connections
2024-03-22T07:00:09.616 INFO:teuthology.orchestra.run.smithi081.stdout:/usr/bin/ceph: stderr
2024-03-22T07:00:09.060+0000 7fa60f67e700 1 --2- 172.21.15.81:0/3494263086 >> [v2:172.21.15.81:6800/4051369418,v1:172.21.15.81:6801/4051369418] conn(0x7fa5f40367e0 0x7fa5f4038c90 unknown :-1 s=CLOSED pgs=10 cs=0 l=1 rev1=1 crypto rx=0 tx=0 comp rx=0 tx=0).stop
2024-03-22T07:00:09.616 INFO:teuthology.orchestra.run.smithi081.stdout:/usr/bin/ceph: stderr
2024-03-22T07:00:09.060+0000 7fa60f67e700 1 --2- 172.21.15.81:0/3494263086 >> [v2:172.21.15.81:3300/0,v1:172.21.15.81:6789/0] conn(0x7fa608102730 0x7fa608078bd0 unknown :-1 s=CLOSED pgs=42 cs=0 l=1 rev1=1 crypto rx=0 tx=0 comp rx=0 tx=0).stop
2024-03-22T07:00:09.616 INFO:teuthology.orchestra.run.smithi081.stdout:/usr/bin/ceph: stderr
2024-03-22T07:00:09.060+0000 7fa60f67e700 1 -- 172.21.15.81:0/3494263086 >> 172.21.15.81:0/3494263086 conn(0x7fa6080fdf10 msgr2=0x7fa6080feb00 unknown :-1 s=STATE_NONE l=0).mark_down
2024-03-22T07:00:09.616 INFO:teuthology.orchestra.run.smithi081.stdout:/usr/bin/ceph: stderr
2024-03-22T07:00:09.060+0000 7fa60f67e700 1 -- 172.21.15.81:0/3494263086 shutdown_connections
2024-03-22T07:00:09.616 INFO:teuthology.orchestra.run.smithi081.stdout:/usr/bin/ceph: stderr
2024-03-22T07:00:09.060+0000 7fa60f67e700 1 -- 172.21.15.81:0/3494263086 wait complete.
2024-03-22T07:00:10.319 INFO:journalctl@ceph.mon.smithi081.smithi081.stdout:Mar 22 07:00:10 smithi081 ceph-mon[29245]: from='client.14136 -' entity='client.admin' cmd=[{"prefix": "cephadm generate-key", "target": ["mon-mgr", ""]}]: dispatch
2024-03-22T07:00:10.319 INFO:journalctl@ceph.mon.smithi081.smithi081.stdout:Mar 22 07:00:10 smithi081 ceph-mon[29245]: Generating ssh key...
2024-03-22T07:00:10.319 INFO:journalctl@ceph.mon.smithi081.smithi081.stdout:Mar 22 07:00:10 smithi081 ceph-mon[29245]: from='mgr.14120 172.21.15.81:0/473849636' entity='mgr.smithi081.bcxarw'
2024-03-22T07:00:10.319 INFO:journalctl@ceph.mon.smithi081.smithi081.stdout:Mar 22 07:00:10 smithi081 ceph-mon[29245]: from='mgr.14120 172.21.15.81:0/473849636' entity='mgr.smithi081.bcxarw'
2024-03-22T07:00:11.318 INFO:journalctl@ceph.mon.smithi081.smithi081.stdout:Mar 22 07:00:11 smithi081 ceph-mon[29245]: from='client.14138 -' entity='client.admin' cmd=[{"prefix": "cephadm get-pub-key", "target": ["mon-mgr", ""]}]: dispatch
2024-03-22T07:00:11.437 INFO:teuthology.orchestra.run.smithi081.stdout:/usr/bin/ceph: stdout ssh-rsa AAAAB3NzaC1yc2EAAAADAQABAAABgQCuo35KrZRPxEFbuUZrihiPb9iiptbdb46AKA+aJvSEWFAhyAfbbKMuZtWMbABmuTQHAIKR0FQeC2XjjKUJin9Ed0Ri6afJdP82iBUaNx79m4HFAVNp+8P/ICwzXo8xZg7d8HESsmn3LEmWYxadhuDo8oC0yp4fQ6GSI1EJybdNmeOoqXrBKU2zdn8VQ+l/HaXkraDFfnlBNzL4+SIApuUvIFNCTMA5UGfzm/QzF2+I7OAaMh6MKQ3mAlT2ZfeCoLlozAjoFfdYnh8LTCcjj9xen70Vdpt3Jk9dzw7/ZbQEyhGZrBpnQi/oM5KwsXGehE4BpfVteAI85OummuDqIClxOefKM/O8axxGAn0hCYYX6zrm6P5V7q0NF4eP7ySEKHiXTTcuN3n641hlTcYvCO2aKgpaW4MW8+QRkqmAjQgpeeM+TuSZ/ot0CGZWUVtFC+3TeJo7ZpueuonEEsgR+GpI7vq5LfhUKt7fJYlvJOSGomsp0a2OFX2xxIt2op15RD0= ceph-a42e8632-e819-11ee-95cd-87774f69a715
2024-03-22T07:00:11.437 INFO:teuthology.orchestra.run.smithi081.stdout:/usr/bin/ceph: stderr
2024-03-22T07:00:09.990+0000 7f58276fb700 1 Processor -- start
2024-03-22T07:00:11.438 INFO:teuthology.orchestra.run.smithi081.stdout:/usr/bin/ceph: stderr
2024-03-22T07:00:09.990+0000 7f58276fb700 1 -- start start
2024-03-22T07:00:11.438 INFO:teuthology.orchestra.run.smithi081.stdout:/usr/bin/ceph: stderr
2024-03-22T07:00:09.990+0000 7f58276fb700 1 --2- >> [v2:172.21.15.81:3300/0,v1:172.21.15.81:6789/0] conn(0x7f5820071360 0x7f58201052e0 unknown :-1 s=NONE pgs=0 cs=0 l=0 rev1=0 crypto rx=0 tx=0 comp rx=0 tx=0).connect
2024-03-22T07:00:11.438 INFO:teuthology.orchestra.run.smithi081.stdout:/usr/bin/ceph: stderr
2024-03-22T07:00:09.990+0000 7f58276fb700 1 -- --> [v2:172.21.15.81:3300/0,v1:172.21.15.81:6789/0] -- mon_getmap magic: 0 v1 -- 0x7f5820105820 con 0x7f5820071360
2024-03-22T07:00:11.438 INFO:teuthology.orchestra.run.smithi081.stdout:/usr/bin/ceph: stderr
2024-03-22T07:00:09.991+0000 7f5825497700 1 --2- >> [v2:172.21.15.81:3300/0,v1:172.21.15.81:6789/0] conn(0x7f5820071360 0x7f58201052e0 unknown :-1 s=BANNER_CONNECTING pgs=0 cs=0 l=0 rev1=0 crypto rx=0 tx=0 comp rx=0 tx=0)._handle_peer_banner_payload supported=3 required=0
2024-03-22T07:00:11.438 INFO:teuthology.orchestra.run.smithi081.stdout:/usr/bin/ceph: stderr
2024-03-22T07:00:09.991+0000 7f5825497700 1 --2- >> [v2:172.21.15.81:3300/0,v1:172.21.15.81:6789/0] conn(0x7f5820071360 0x7f58201052e0 unknown :-1 s=HELLO_CONNECTING pgs=0 cs=0 l=0 rev1=1 crypto rx=0 tx=0 comp rx=0 tx=0).handle_hello peer v2:172.21.15.81:3300/0 says I am v2:172.21.15.81:34600/0 (socket says 172.21.15.81:34600)
2024-03-22T07:00:11.438 INFO:teuthology.orchestra.run.smithi081.stdout:/usr/bin/ceph: stderr
2024-03-22T07:00:09.991+0000 7f5825497700 1 -- 172.21.15.81:0/2577177852 learned_addr learned my addr 172.21.15.81:0/2577177852 (peer_addr_for_me v2:172.21.15.81:0/0)
2024-03-22T07:00:11.438 INFO:teuthology.orchestra.run.smithi081.stdout:/usr/bin/ceph: stderr
2024-03-22T07:00:09.991+0000 7f5825497700 1 -- 172.21.15.81:0/2577177852 --> [v2:172.21.15.81:3300/0,v1:172.21.15.81:6789/0] -- mon_subscribe({config=0+,monmap=0+}) v3 -- 0x7f5820105960 con 0x7f5820071360
2024-03-22T07:00:11.438 INFO:teuthology.orchestra.run.smithi081.stdout:/usr/bin/ceph: stderr
2024-03-22T07:00:09.991+0000 7f5825497700 1 --2- 172.21.15.81:0/2577177852 >> [v2:172.21.15.81:3300/0,v1:172.21.15.81:6789/0] conn(0x7f5820071360 0x7f58201052e0 secure :-1 s=READY pgs=43 cs=0 l=1 rev1=1 crypto rx=0x7f58100098e0 tx=0x7f5810009250 comp rx=0 tx=0).ready entity=mon.0 client_cookie=d2620963fb284b32 server_cookie=0 in_seq=0 out_seq=0
2024-03-22T07:00:11.438 INFO:teuthology.orchestra.run.smithi081.stdout:/usr/bin/ceph: stderr
2024-03-22T07:00:09.991+0000 7f5817fff700 1 -- 172.21.15.81:0/2577177852 <== mon.0 v2:172.21.15.81:3300/0 1 ==== mon_map magic: 0 v1 ==== 229+0+0 (secure 0 0 0) 0x7f581000b860 con 0x7f5820071360
2024-03-22T07:00:11.438 INFO:teuthology.orchestra.run.smithi081.stdout:/usr/bin/ceph: stderr
2024-03-22T07:00:09.991+0000 7f5817fff700 1 -- 172.21.15.81:0/2577177852 <== mon.0 v2:172.21.15.81:3300/0 2 ==== config(27 keys) v1 ==== 1044+0+0 (secure 0 0 0) 0x7f581000be50 con 0x7f5820071360
2024-03-22T07:00:11.438 INFO:teuthology.orchestra.run.smithi081.stdout:/usr/bin/ceph: stderr
2024-03-22T07:00:09.991+0000 7f5817fff700 1 -- 172.21.15.81:0/2577177852 <== mon.0 v2:172.21.15.81:3300/0 3 ==== mon_map magic: 0 v1 ==== 229+0+0 (secure 0 0 0) 0x7f5810010380 con 0x7f5820071360
2024-03-22T07:00:11.438 INFO:teuthology.orchestra.run.smithi081.stdout:/usr/bin/ceph: stderr
2024-03-22T07:00:09.992+0000 7f58276fb700 1 -- 172.21.15.81:0/2577177852 >> [v2:172.21.15.81:3300/0,v1:172.21.15.81:6789/0] conn(0x7f5820071360 msgr2=0x7f58201052e0 secure :-1 s=STATE_CONNECTION_ESTABLISHED l=1).mark_down
2024-03-22T07:00:11.439 INFO:teuthology.orchestra.run.smithi081.stdout:/usr/bin/ceph: stderr
2024-03-22T07:00:09.992+0000 7f58276fb700 1 --2- 172.21.15.81:0/2577177852 >> [v2:172.21.15.81:3300/0,v1:172.21.15.81:6789/0] conn(0x7f5820071360 0x7f58201052e0 secure :-1 s=READY pgs=43 cs=0 l=1 rev1=1 crypto rx=0x7f58100098e0 tx=0x7f5810009250 comp rx=0 tx=0).stop
