2024-03-22T07:07:26.873 INFO:journalctl@ceph.mon.smithi063.smithi063.stdout:Mar 22 07:07:26 smithi063 ceph-mon[29200]: from='client.14148 -' entity='client.admin' cmd=[{"prefix": "orch apply", "service_type": "prometheus", "target": ["mon-mgr", ""]}]: dispatch
2024-03-22T07:07:26.873 INFO:journalctl@ceph.mon.smithi063.smithi063.stdout:Mar 22 07:07:26 smithi063 ceph-mon[29200]: Saving service prometheus spec with placement count:1
2024-03-22T07:07:26.873 INFO:journalctl@ceph.mon.smithi063.smithi063.stdout:Mar 22 07:07:26 smithi063 ceph-mon[29200]: from='mgr.14120 172.21.15.63:0/198929843' entity='mgr.smithi063.mnxayh'
2024-03-22T07:07:26.873 INFO:journalctl@ceph.mon.smithi063.smithi063.stdout:Mar 22 07:07:26 smithi063 ceph-mon[29200]: from='mgr.14120 172.21.15.63:0/198929843' entity='mgr.smithi063.mnxayh'
2024-03-22T07:07:27.766 INFO:teuthology.orchestra.run.smithi063.stdout:/usr/bin/ceph: stdout Scheduled grafana update...
2024-03-22T07:07:27.766 INFO:teuthology.orchestra.run.smithi063.stdout:/usr/bin/ceph: stderr
2024-03-22T07:07:26.681+0000 7f30d80a5700 1 Processor -- start
2024-03-22T07:07:27.766 INFO:teuthology.orchestra.run.smithi063.stdout:/usr/bin/ceph: stderr
2024-03-22T07:07:26.681+0000 7f30d80a5700 1 -- start start
2024-03-22T07:07:27.766 INFO:teuthology.orchestra.run.smithi063.stdout:/usr/bin/ceph: stderr
2024-03-22T07:07:26.682+0000 7f30d80a5700 1 --2- >> [v2:172.21.15.63:3300/0,v1:172.21.15.63:6789/0] conn(0x7f30d0102720 0x7f30d0102b30 unknown :-1 s=NONE pgs=0 cs=0 l=0 rev1=0 crypto rx=0 tx=0 comp rx=0 tx=0).connect
2024-03-22T07:07:27.766 INFO:teuthology.orchestra.run.smithi063.stdout:/usr/bin/ceph: stderr
2024-03-22T07:07:26.682+0000 7f30d80a5700 1 -- --> [v2:172.21.15.63:3300/0,v1:172.21.15.63:6789/0] -- mon_getmap magic: 0 v1 -- 0x7f30d0103070 con 0x7f30d0102720
2024-03-22T07:07:27.766 INFO:teuthology.orchestra.run.smithi063.stdout:/usr/bin/ceph: stderr
2024-03-22T07:07:26.682+0000 7f30d5e41700 1 --2- >> [v2:172.21.15.63:3300/0,v1:172.21.15.63:6789/0] conn(0x7f30d0102720 0x7f30d0102b30 unknown :-1 s=BANNER_CONNECTING pgs=0 cs=0 l=0 rev1=0 crypto rx=0 tx=0 comp rx=0 tx=0)._handle_peer_banner_payload supported=3 required=0
2024-03-22T07:07:27.766 INFO:teuthology.orchestra.run.smithi063.stdout:/usr/bin/ceph: stderr
2024-03-22T07:07:26.682+0000 7f30d5e41700 1 --2- >> [v2:172.21.15.63:3300/0,v1:172.21.15.63:6789/0] conn(0x7f30d0102720 0x7f30d0102b30 unknown :-1 s=HELLO_CONNECTING pgs=0 cs=0 l=0 rev1=1 crypto rx=0 tx=0 comp rx=0 tx=0).handle_hello peer v2:172.21.15.63:3300/0 says I am v2:172.21.15.63:56418/0 (socket says 172.21.15.63:56418)
2024-03-22T07:07:27.767 INFO:teuthology.orchestra.run.smithi063.stdout:/usr/bin/ceph: stderr
2024-03-22T07:07:26.682+0000 7f30d5e41700 1 -- 172.21.15.63:0/1755250621 learned_addr learned my addr 172.21.15.63:0/1755250621 (peer_addr_for_me v2:172.21.15.63:0/0)
2024-03-22T07:07:27.767 INFO:teuthology.orchestra.run.smithi063.stdout:/usr/bin/ceph: stderr
2024-03-22T07:07:26.682+0000 7f30d5e41700 1 -- 172.21.15.63:0/1755250621 --> [v2:172.21.15.63:3300/0,v1:172.21.15.63:6789/0] -- mon_subscribe({config=0+,monmap=0+}) v3 -- 0x7f30d01031b0 con 0x7f30d0102720
2024-03-22T07:07:27.767 INFO:teuthology.orchestra.run.smithi063.stdout:/usr/bin/ceph: stderr
2024-03-22T07:07:26.682+0000 7f30d5e41700 1 --2- 172.21.15.63:0/1755250621 >> [v2:172.21.15.63:3300/0,v1:172.21.15.63:6789/0] conn(0x7f30d0102720 0x7f30d0102b30 secure :-1 s=READY pgs=55 cs=0 l=1 rev1=1 crypto rx=0x7f30cc0098e0 tx=0x7f30cc009250 comp rx=0 tx=0).ready entity=mon.0 client_cookie=bf14d6a165dd8060 server_cookie=0 in_seq=0 out_seq=0
2024-03-22T07:07:27.767 INFO:teuthology.orchestra.run.smithi063.stdout:/usr/bin/ceph: stderr
2024-03-22T07:07:26.682+0000 7f30d4e3f700 1 -- 172.21.15.63:0/1755250621 <== mon.0 v2:172.21.15.63:3300/0 1 ==== mon_map magic: 0 v1 ==== 229+0+0 (secure 0 0 0) 0x7f30cc00b860 con 0x7f30d0102720
2024-03-22T07:07:27.767 INFO:teuthology.orchestra.run.smithi063.stdout:/usr/bin/ceph: stderr
2024-03-22T07:07:26.683+0000 7f30d4e3f700 1 -- 172.21.15.63:0/1755250621 <== mon.0 v2:172.21.15.63:3300/0 2 ==== config(27 keys) v1 ==== 1109+0+0 (secure 0 0 0) 0x7f30cc00be90 con 0x7f30d0102720
2024-03-22T07:07:27.767 INFO:teuthology.orchestra.run.smithi063.stdout:/usr/bin/ceph: stderr
2024-03-22T07:07:26.683+0000 7f30d4e3f700 1 -- 172.21.15.63:0/1755250621 <== mon.0 v2:172.21.15.63:3300/0 3 ==== mon_map magic: 0 v1 ==== 229+0+0 (secure 0 0 0) 0x7f30cc0103c0 con 0x7f30d0102720
2024-03-22T07:07:27.767 INFO:teuthology.orchestra.run.smithi063.stdout:/usr/bin/ceph: stderr
2024-03-22T07:07:26.683+0000 7f30d80a5700 1 -- 172.21.15.63:0/1755250621 >> [v2:172.21.15.63:3300/0,v1:172.21.15.63:6789/0] conn(0x7f30d0102720 msgr2=0x7f30d0102b30 secure :-1 s=STATE_CONNECTION_ESTABLISHED l=1).mark_down
2024-03-22T07:07:27.767 INFO:teuthology.orchestra.run.smithi063.stdout:/usr/bin/ceph: stderr
2024-03-22T07:07:26.683+0000 7f30d80a5700 1 --2- 172.21.15.63:0/1755250621 >> [v2:172.21.15.63:3300/0,v1:172.21.15.63:6789/0] conn(0x7f30d0102720 0x7f30d0102b30 secure :-1 s=READY pgs=55 cs=0 l=1 rev1=1 crypto rx=0x7f30cc0098e0 tx=0x7f30cc009250 comp rx=0 tx=0).stop
2024-03-22T07:07:27.767 INFO:teuthology.orchestra.run.smithi063.stdout:/usr/bin/ceph: stderr
2024-03-22T07:07:26.683+0000 7f30d80a5700 1 -- 172.21.15.63:0/1755250621 shutdown_connections
2024-03-22T07:07:27.767 INFO:teuthology.orchestra.run.smithi063.stdout:/usr/bin/ceph: stderr
2024-03-22T07:07:26.683+0000 7f30d80a5700 1 --2- 172.21.15.63:0/1755250621 >> [v2:172.21.15.63:3300/0,v1:172.21.15.63:6789/0] conn(0x7f30d0102720 0x7f30d0102b30 unknown :-1 s=CLOSED pgs=55 cs=0 l=1 rev1=1 crypto rx=0 tx=0 comp rx=0 tx=0).stop
2024-03-22T07:07:27.767 INFO:teuthology.orchestra.run.smithi063.stdout:/usr/bin/ceph: stderr
2024-03-22T07:07:26.683+0000 7f30d80a5700 1 -- 172.21.15.63:0/1755250621 >> 172.21.15.63:0/1755250621 conn(0x7f30d00fdee0 msgr2=0x7f30d01002f0 unknown :-1 s=STATE_NONE l=0).mark_down
2024-03-22T07:07:27.767 INFO:teuthology.orchestra.run.smithi063.stdout:/usr/bin/ceph: stderr
2024-03-22T07:07:26.683+0000 7f30d80a5700 1 -- 172.21.15.63:0/1755250621 shutdown_connections
2024-03-22T07:07:27.767 INFO:teuthology.orchestra.run.smithi063.stdout:/usr/bin/ceph: stderr
2024-03-22T07:07:26.683+0000 7f30d80a5700 1 -- 172.21.15.63:0/1755250621 wait complete.
2024-03-22T07:07:27.767 INFO:teuthology.orchestra.run.smithi063.stdout:/usr/bin/ceph: stderr
2024-03-22T07:07:26.684+0000 7f30d80a5700 1 Processor -- start
2024-03-22T07:07:27.767 INFO:teuthology.orchestra.run.smithi063.stdout:/usr/bin/ceph: stderr
2024-03-22T07:07:26.684+0000 7f30d80a5700 1 -- start start
2024-03-22T07:07:27.768 INFO:teuthology.orchestra.run.smithi063.stdout:/usr/bin/ceph: stderr
2024-03-22T07:07:26.684+0000 7f30d80a5700 1 --2- >> [v2:172.21.15.63:3300/0,v1:172.21.15.63:6789/0] conn(0x7f30d0102720 0x7f30d0078bd0 unknown :-1 s=NONE pgs=0 cs=0 l=1 rev1=0 crypto rx=0 tx=0 comp rx=0 tx=0).connect
2024-03-22T07:07:27.768 INFO:teuthology.orchestra.run.smithi063.stdout:/usr/bin/ceph: stderr
2024-03-22T07:07:26.684+0000 7f30d80a5700 1 -- --> [v2:172.21.15.63:3300/0,v1:172.21.15.63:6789/0] -- mon_getmap magic: 0 v1 -- 0x7f30d0079110 con 0x7f30d0102720
2024-03-22T07:07:27.768 INFO:teuthology.orchestra.run.smithi063.stdout:/usr/bin/ceph: stderr
2024-03-22T07:07:26.684+0000 7f30d5e41700 1 --2- >> [v2:172.21.15.63:3300/0,v1:172.21.15.63:6789/0] conn(0x7f30d0102720 0x7f30d0078bd0 unknown :-1 s=BANNER_CONNECTING pgs=0 cs=0 l=1 rev1=0 crypto rx=0 tx=0 comp rx=0 tx=0)._handle_peer_banner_payload supported=3 required=0
2024-03-22T07:07:27.768 INFO:teuthology.orchestra.run.smithi063.stdout:/usr/bin/ceph: stderr
2024-03-22T07:07:26.684+0000 7f30d5e41700 1 --2- >> [v2:172.21.15.63:3300/0,v1:172.21.15.63:6789/0] conn(0x7f30d0102720 0x7f30d0078bd0 unknown :-1 s=HELLO_CONNECTING pgs=0 cs=0 l=1 rev1=1 crypto rx=0 tx=0 comp rx=0 tx=0).handle_hello peer v2:172.21.15.63:3300/0 says I am v2:172.21.15.63:56432/0 (socket says 172.21.15.63:56432)
2024-03-22T07:07:27.768 INFO:teuthology.orchestra.run.smithi063.stdout:/usr/bin/ceph: stderr
2024-03-22T07:07:26.684+0000 7f30d5e41700 1 -- 172.21.15.63:0/1079167475 learned_addr learned my addr 172.21.15.63:0/1079167475 (peer_addr_for_me v2:172.21.15.63:0/0)
2024-03-22T07:07:27.768 INFO:teuthology.orchestra.run.smithi063.stdout:/usr/bin/ceph: stderr
2024-03-22T07:07:26.684+0000 7f30d5e41700 1 -- 172.21.15.63:0/1079167475 --> [v2:172.21.15.63:3300/0,v1:172.21.15.63:6789/0] -- mon_subscribe({config=0+,monmap=0+}) v3 -- 0x7f30cc0094f0 con 0x7f30d0102720
2024-03-22T07:07:27.768 INFO:teuthology.orchestra.run.smithi063.stdout:/usr/bin/ceph: stderr
2024-03-22T07:07:26.684+0000 7f30d5e41700 1 --2- 172.21.15.63:0/1079167475 >> [v2:172.21.15.63:3300/0,v1:172.21.15.63:6789/0] conn(0x7f30d0102720 0x7f30d0078bd0 secure :-1 s=READY pgs=56 cs=0 l=1 rev1=1 crypto rx=0x7f30cc0090b0 tx=0x7f30cc009250 comp rx=0 tx=0).ready entity=mon.0 client_cookie=0 server_cookie=0 in_seq=0 out_seq=0
2024-03-22T07:07:27.768 INFO:teuthology.orchestra.run.smithi063.stdout:/usr/bin/ceph: stderr
2024-03-22T07:07:26.685+0000 7f30c67fc700 1 -- 172.21.15.63:0/1079167475 <== mon.0 v2:172.21.15.63:3300/0 1 ==== mon_map magic: 0 v1 ==== 229+0+0 (secure 0 0 0) 0x7f30cc010840 con 0x7f30d0102720
2024-03-22T07:07:27.768 INFO:teuthology.orchestra.run.smithi063.stdout:/usr/bin/ceph: stderr
2024-03-22T07:07:26.685+0000 7f30c67fc700 1 -- 172.21.15.63:0/1079167475 <== mon.0 v2:172.21.15.63:3300/0 2 ==== config(27 keys) v1 ==== 1109+0+0 (secure 0 0 0) 0x7f30cc010e70 con 0x7f30d0102720
2024-03-22T07:07:27.768 INFO:teuthology.orchestra.run.smithi063.stdout:/usr/bin/ceph: stderr
2024-03-22T07:07:26.685+0000 7f30d80a5700 1 -- 172.21.15.63:0/1079167475 --> [v2:172.21.15.63:3300/0,v1:172.21.15.63:6789/0] -- mon_subscribe({mgrmap=0+}) v3 -- 0x7f30d0077180 con 0x7f30d0102720
2024-03-22T07:07:27.768 INFO:teuthology.orchestra.run.smithi063.stdout:/usr/bin/ceph: stderr
2024-03-22T07:07:26.685+0000 7f30c67fc700 1 -- 172.21.15.63:0/1079167475 <== mon.0 v2:172.21.15.63:3300/0 3 ==== mon_map magic: 0 v1 ==== 229+0+0 (secure 0 0 0) 0x7f30cc024e40 con 0x7f30d0102720
2024-03-22T07:07:27.768 INFO:teuthology.orchestra.run.smithi063.stdout:/usr/bin/ceph: stderr
2024-03-22T07:07:26.685+0000 7f30d80a5700 1 -- 172.21.15.63:0/1079167475 --> [v2:172.21.15.63:3300/0,v1:172.21.15.63:6789/0] -- mon_subscribe({osdmap=0}) v3 -- 0x7f30d0077670 con 0x7f30d0102720
2024-03-22T07:07:27.768 INFO:teuthology.orchestra.run.smithi063.stdout:/usr/bin/ceph: stderr
2024-03-22T07:07:26.685+0000 7f30c67fc700 1 -- 172.21.15.63:0/1079167475 <== mon.0 v2:172.21.15.63:3300/0 4 ==== mgrmap(e 8) v1 ==== 43368+0+0 (secure 0 0 0) 0x7f30cc01a4c0 con 0x7f30d0102720
2024-03-22T07:07:27.768 INFO:teuthology.orchestra.run.smithi063.stdout:/usr/bin/ceph: stderr
2024-03-22T07:07:26.686+0000 7f30c67fc700 1 --2- 172.21.15.63:0/1079167475 >> [v2:172.21.15.63:6800/480818549,v1:172.21.15.63:6801/480818549] conn(0x7f30bc036790 0x7f30bc038c40 unknown :-1 s=NONE pgs=0 cs=0 l=1 rev1=0 crypto rx=0 tx=0 comp rx=0 tx=0).connect
2024-03-22T07:07:27.769 INFO:teuthology.orchestra.run.smithi063.stdout:/usr/bin/ceph: stderr
2024-03-22T07:07:26.686+0000 7f30d80a5700 1 -- 172.21.15.63:0/1079167475 --> [v2:172.21.15.63:3300/0,v1:172.21.15.63:6789/0] -- mon_command({"prefix": "get_command_descriptions"} v 0) v1 -- 0x7f30d004bed0 con 0x7f30d0102720
2024-03-22T07:07:27.769 INFO:teuthology.orchestra.run.smithi063.stdout:/usr/bin/ceph: stderr
2024-03-22T07:07:26.686+0000 7f30c67fc700 1 -- 172.21.15.63:0/1079167475 <== mon.0 v2:172.21.15.63:3300/0 5 ==== osd_map(2..2 src has 1..2) v4 ==== 936+0+0 (secure 0 0 0) 0x7f30cc04a8e0 con 0x7f30d0102720
2024-03-22T07:07:27.769 INFO:teuthology.orchestra.run.smithi063.stdout:/usr/bin/ceph: stderr
2024-03-22T07:07:26.686+0000 7f30d5640700 1 --2- 172.21.15.63:0/1079167475 >> [v2:172.21.15.63:6800/480818549,v1:172.21.15.63:6801/480818549] conn(0x7f30bc036790 0x7f30bc038c40 unknown :-1 s=BANNER_CONNECTING pgs=0 cs=0 l=1 rev1=0 crypto rx=0 tx=0 comp rx=0 tx=0)._handle_peer_banner_payload supported=3 required=0
2024-03-22T07:07:27.769 INFO:teuthology.orchestra.run.smithi063.stdout:/usr/bin/ceph: stderr
2024-03-22T07:07:26.686+0000 7f30d5640700 1 --2- 172.21.15.63:0/1079167475 >> [v2:172.21.15.63:6800/480818549,v1:172.21.15.63:6801/480818549] conn(0x7f30bc036790 0x7f30bc038c40 secure :-1 s=READY pgs=16 cs=0 l=1 rev1=1 crypto rx=0x7f30c0009990 tx=0x7f30c0006e40 comp rx=0 tx=0).ready entity=mgr.14120 client_cookie=0 server_cookie=0 in_seq=0 out_seq=0
2024-03-22T07:07:27.769 INFO:teuthology.orchestra.run.smithi063.stdout:/usr/bin/ceph: stderr
2024-03-22T07:07:26.690+0000 7f30c67fc700 1 -- 172.21.15.63:0/1079167475 <== mon.0 v2:172.21.15.63:3300/0 6 ==== mon_command_ack([{"prefix": "get_command_descriptions"}]=0 v0) v1 ==== 72+0+176504 (secure 0 0 0) 0x7f30cc018710 con 0x7f30d0102720
2024-03-22T07:07:27.769 INFO:teuthology.orchestra.run.smithi063.stdout:/usr/bin/ceph: stderr
2024-03-22T07:07:26.907+0000 7f30d80a5700 1 -- 172.21.15.63:0/1079167475 --> [v2:172.21.15.63:6800/480818549,v1:172.21.15.63:6801/480818549] -- mgr_command(tid 0: {"prefix": "orch apply", "service_type": "grafana", "target": ["mon-mgr", ""]}) v1 -- 0x7f30d0077e30 con 0x7f30bc036790
2024-03-22T07:07:27.769 INFO:teuthology.orchestra.run.smithi063.stdout:/usr/bin/ceph: stderr
2024-03-22T07:07:26.911+0000 7f30c67fc700 1 -- 172.21.15.63:0/1079167475 <== mgr.14120 v2:172.21.15.63:6800/480818549 1 ==== mgr_command_reply(tid 0: 0 ) v1 ==== 8+0+28 (secure 0 0 0) 0x7f30d0077e30 con 0x7f30bc036790
2024-03-22T07:07:27.769 INFO:teuthology.orchestra.run.smithi063.stdout:/usr/bin/ceph: stderr
2024-03-22T07:07:26.913+0000 7f30d80a5700 1 -- 172.21.15.63:0/1079167475 >> [v2:172.21.15.63:6800/480818549,v1:172.21.15.63:6801/480818549] conn(0x7f30bc036790 msgr2=0x7f30bc038c40 secure :-1 s=STATE_CONNECTION_ESTABLISHED l=1).mark_down
2024-03-22T07:07:27.769 INFO:teuthology.orchestra.run.smithi063.stdout:/usr/bin/ceph: stderr
2024-03-22T07:07:26.913+0000 7f30d80a5700 1 --2- 172.21.15.63:0/1079167475 >> [v2:172.21.15.63:6800/480818549,v1:172.21.15.63:6801/480818549] conn(0x7f30bc036790 0x7f30bc038c40 secure :-1 s=READY pgs=16 cs=0 l=1 rev1=1 crypto rx=0x7f30c0009990 tx=0x7f30c0006e40 comp rx=0 tx=0).stop
2024-03-22T07:07:27.769 INFO:teuthology.orchestra.run.smithi063.stdout:/usr/bin/ceph: stderr
2024-03-22T07:07:26.913+0000 7f30d80a5700 1 -- 172.21.15.63:0/1079167475 >> [v2:172.21.15.63:3300/0,v1:172.21.15.63:6789/0] conn(0x7f30d0102720 msgr2=0x7f30d0078bd0 secure :-1 s=STATE_CONNECTION_ESTABLISHED l=1).mark_down
2024-03-22T07:07:27.769 INFO:teuthology.orchestra.run.smithi063.stdout:/usr/bin/ceph: stderr
2024-03-22T07:07:26.913+0000 7f30d80a5700 1 --2- 172.21.15.63:0/1079167475 >> [v2:172.21.15.63:3300/0,v1:172.21.15.63:6789/0] conn(0x7f30d0102720 0x7f30d0078bd0 secure :-1 s=READY pgs=56 cs=0 l=1 rev1=1 crypto rx=0x7f30cc0090b0 tx=0x7f30cc009250 comp rx=0 tx=0).stop
2024-03-22T07:07:27.769 INFO:teuthology.orchestra.run.smithi063.stdout:/usr/bin/ceph: stderr
2024-03-22T07:07:26.913+0000 7f30d80a5700 1 -- 172.21.15.63:0/1079167475 shutdown_connections
2024-03-22T07:07:27.769 INFO:teuthology.orchestra.run.smithi063.stdout:/usr/bin/ceph: stderr
2024-03-22T07:07:26.913+0000 7f30d80a5700 1 --2- 172.21.15.63:0/1079167475 >> [v2:172.21.15.63:6800/480818549,v1:172.21.15.63:6801/480818549] conn(0x7f30bc036790 0x7f30bc038c40 unknown :-1 s=CLOSED pgs=16 cs=0 l=1 rev1=1 crypto rx=0 tx=0 comp rx=0 tx=0).stop
2024-03-22T07:07:27.769 INFO:teuthology.orchestra.run.smithi063.stdout:/usr/bin/ceph: stderr
2024-03-22T07:07:26.913+0000 7f30d80a5700 1 --2- 172.21.15.63:0/1079167475 >> [v2:172.21.15.63:3300/0,v1:172.21.15.63:6789/0] conn(0x7f30d0102720 0x7f30d0078bd0 unknown :-1 s=CLOSED pgs=56 cs=0 l=1 rev1=1 crypto rx=0 tx=0 comp rx=0 tx=0).stop
2024-03-22T07:07:27.770 INFO:teuthology.orchestra.run.smithi063.stdout:/usr/bin/ceph: stderr
2024-03-22T07:07:26.913+0000 7f30d80a5700 1 -- 172.21.15.63:0/1079167475 >> 172.21.15.63:0/1079167475 conn(0x7f30d00fdee0 msgr2=0x7f30d00fea80 unknown :-1 s=STATE_NONE l=0).mark_down
2024-03-22T07:07:27.770 INFO:teuthology.orchestra.run.smithi063.stdout:/usr/bin/ceph: stderr
2024-03-22T07:07:26.913+0000 7f30d80a5700 1 -- 172.21.15.63:0/1079167475 shutdown_connections
2024-03-22T07:07:27.770 INFO:teuthology.orchestra.run.smithi063.stdout:/usr/bin/ceph: stderr
2024-03-22T07:07:26.913+0000 7f30d80a5700 1 -- 172.21.15.63:0/1079167475 wait complete.
2024-03-22T07:07:27.770 INFO:teuthology.orchestra.run.smithi063.stdout:Deploying node-exporter service with default placement...
2024-03-22T07:07:28.018 INFO:journalctl@ceph.mon.smithi063.smithi063.stdout:Mar 22 07:07:27 smithi063 ceph-mon[29200]: from='client.14150 -' entity='client.admin' cmd=[{"prefix": "orch apply", "service_type": "grafana", "target": ["mon-mgr", ""]}]: dispatch
2024-03-22T07:07:28.018 INFO:journalctl@ceph.mon.smithi063.smithi063.stdout:Mar 22 07:07:27 smithi063 ceph-mon[29200]: Saving service grafana spec with placement count:1
2024-03-22T07:07:28.018 INFO:journalctl@ceph.mon.smithi063.smithi063.stdout:Mar 22 07:07:27 smithi063 ceph-mon[29200]: from='mgr.14120 172.21.15.63:0/198929843' entity='mgr.smithi063.mnxayh'
2024-03-22T07:07:29.200 INFO:teuthology.orchestra.run.smithi063.stdout:/usr/bin/ceph: stdout Scheduled node-exporter update...
2024-03-22T07:07:29.200 INFO:teuthology.orchestra.run.smithi063.stdout:/usr/bin/ceph: stderr
2024-03-22T07:07:28.201+0000 7fa72d7e9700 1 Processor -- start
2024-03-22T07:07:29.200 INFO:teuthology.orchestra.run.smithi063.stdout:/usr/bin/ceph: stderr
2024-03-22T07:07:28.201+0000 7fa72d7e9700 1 -- start start
2024-03-22T07:07:29.201 INFO:teuthology.orchestra.run.smithi063.stdout:/usr/bin/ceph: stderr
2024-03-22T07:07:28.201+0000 7fa72d7e9700 1 --2- >> [v2:172.21.15.63:3300/0,v1:172.21.15.63:6789/0] conn(0x7fa728076b30 0x7fa728105430 unknown :-1 s=NONE pgs=0 cs=0 l=0 rev1=0 crypto rx=0 tx=0 comp rx=0 tx=0).connect
2024-03-22T07:07:29.201 INFO:teuthology.orchestra.run.smithi063.stdout:/usr/bin/ceph: stderr
2024-03-22T07:07:28.201+0000 7fa72d7e9700 1 -- --> [v2:172.21.15.63:3300/0,v1:172.21.15.63:6789/0] -- mon_getmap magic: 0 v1 -- 0x7fa728105970 con 0x7fa728076b30
2024-03-22T07:07:29.201 INFO:teuthology.orchestra.run.smithi063.stdout:/usr/bin/ceph: stderr
2024-03-22T07:07:28.202+0000 7fa726ffd700 1 --2- >> [v2:172.21.15.63:3300/0,v1:172.21.15.63:6789/0] conn(0x7fa728076b30 0x7fa728105430 unknown :-1 s=BANNER_CONNECTING pgs=0 cs=0 l=0 rev1=0 crypto rx=0 tx=0 comp rx=0 tx=0)._handle_peer_banner_payload supported=3 required=0
2024-03-22T07:07:29.201 INFO:teuthology.orchestra.run.smithi063.stdout:/usr/bin/ceph: stderr
2024-03-22T07:07:28.202+0000 7fa726ffd700 1 --2- >> [v2:172.21.15.63:3300/0,v1:172.21.15.63:6789/0] conn(0x7fa728076b30 0x7fa728105430 unknown :-1 s=HELLO_CONNECTING pgs=0 cs=0 l=0 rev1=1 crypto rx=0 tx=0 comp rx=0 tx=0).handle_hello peer v2:172.21.15.63:3300/0 says I am v2:172.21.15.63:56438/0 (socket says 172.21.15.63:56438)
2024-03-22T07:07:29.201 INFO:teuthology.orchestra.run.smithi063.stdout:/usr/bin/ceph: stderr
2024-03-22T07:07:28.202+0000 7fa726ffd700 1 -- 172.21.15.63:0/2704225717 learned_addr learned my addr 172.21.15.63:0/2704225717 (peer_addr_for_me v2:172.21.15.63:0/0)
2024-03-22T07:07:29.201 INFO:teuthology.orchestra.run.smithi063.stdout:/usr/bin/ceph: stderr
2024-03-22T07:07:28.202+0000 7fa726ffd700 1 -- 172.21.15.63:0/2704225717 --> [v2:172.21.15.63:3300/0,v1:172.21.15.63:6789/0] -- mon_subscribe({config=0+,monmap=0+}) v3 -- 0x7fa728105ab0 con 0x7fa728076b30
2024-03-22T07:07:29.201 INFO:teuthology.orchestra.run.smithi063.stdout:/usr/bin/ceph: stderr
2024-03-22T07:07:28.202+0000 7fa726ffd700 1 --2- 172.21.15.63:0/2704225717 >> [v2:172.21.15.63:3300/0,v1:172.21.15.63:6789/0] conn(0x7fa728076b30 0x7fa728105430 secure :-1 s=READY pgs=57 cs=0 l=1 rev1=1 crypto rx=0x7fa7180098e0 tx=0x7fa718009250 comp rx=0 tx=0).ready entity=mon.0 client_cookie=66b775d39254fb3e server_cookie=0 in_seq=0 out_seq=0
2024-03-22T07:07:29.201 INFO:teuthology.orchestra.run.smithi063.stdout:/usr/bin/ceph: stderr
2024-03-22T07:07:28.202+0000 7fa725ffb700 1 -- 172.21.15.63:0/2704225717 <== mon.0 v2:172.21.15.63:3300/0 1 ==== mon_map magic: 0 v1 ==== 229+0+0 (secure 0 0 0) 0x7fa71800b860 con 0x7fa728076b30
2024-03-22T07:07:29.201 INFO:teuthology.orchestra.run.smithi063.stdout:/usr/bin/ceph: stderr
2024-03-22T07:07:28.202+0000 7fa725ffb700 1 -- 172.21.15.63:0/2704225717 <== mon.0 v2:172.21.15.63:3300/0 2 ==== config(27 keys) v1 ==== 1109+0+0 (secure 0 0 0) 0x7fa71800be90 con 0x7fa728076b30
2024-03-22T07:07:29.201 INFO:teuthology.orchestra.run.smithi063.stdout:/usr/bin/ceph: stderr
2024-03-22T07:07:28.202+0000 7fa725ffb700 1 -- 172.21.15.63:0/2704225717 <== mon.0 v2:172.21.15.63:3300/0 3 ==== mon_map magic: 0 v1 ==== 229+0+0 (secure 0 0 0) 0x7fa7180103c0 con 0x7fa728076b30
2024-03-22T07:07:29.201 INFO:teuthology.orchestra.run.smithi063.stdout:/usr/bin/ceph: stderr
2024-03-22T07:07:28.203+0000 7fa72d7e9700 1 -- 172.21.15.63:0/2704225717 >> [v2:172.21.15.63:3300/0,v1:172.21.15.63:6789/0] conn(0x7fa728076b30 msgr2=0x7fa728105430 secure :-1 s=STATE_CONNECTION_ESTABLISHED l=1).mark_down
2024-03-22T07:07:29.201 INFO:teuthology.orchestra.run.smithi063.stdout:/usr/bin/ceph: stderr
2024-03-22T07:07:28.203+0000 7fa72d7e9700 1 --2- 172.21.15.63:0/2704225717 >> [v2:172.21.15.63:3300/0,v1:172.21.15.63:6789/0] conn(0x7fa728076b30 0x7fa728105430 secure :-1 s=READY pgs=57 cs=0 l=1 rev1=1 crypto rx=0x7fa7180098e0 tx=0x7fa718009250 comp rx=0 tx=0).stop
2024-03-22T07:07:29.201 INFO:teuthology.orchestra.run.smithi063.stdout:/usr/bin/ceph: stderr
2024-03-22T07:07:28.203+0000 7fa72d7e9700 1 -- 172.21.15.63:0/2704225717 shutdown_connections
2024-03-22T07:07:29.202 INFO:teuthology.orchestra.run.smithi063.stdout:/usr/bin/ceph: stderr
2024-03-22T07:07:28.203+0000 7fa72d7e9700 1 --2- 172.21.15.63:0/2704225717 >> [v2:172.21.15.63:3300/0,v1:172.21.15.63:6789/0] conn(0x7fa728076b30 0x7fa728105430 unknown :-1 s=CLOSED pgs=57 cs=0 l=1 rev1=1 crypto rx=0 tx=0 comp rx=0 tx=0).stop
2024-03-22T07:07:29.202 INFO:teuthology.orchestra.run.smithi063.stdout:/usr/bin/ceph: stderr
2024-03-22T07:07:28.203+0000 7fa72d7e9700 1 -- 172.21.15.63:0/2704225717 >> 172.21.15.63:0/2704225717 conn(0x7fa7280fce40 msgr2=0x7fa7280ff270 unknown :-1 s=STATE_NONE l=0).mark_down
2024-03-22T07:07:29.202 INFO:teuthology.orchestra.run.smithi063.stdout:/usr/bin/ceph: stderr
2024-03-22T07:07:28.203+0000 7fa72d7e9700 1 -- 172.21.15.63:0/2704225717 shutdown_connections
2024-03-22T07:07:29.202 INFO:teuthology.orchestra.run.smithi063.stdout:/usr/bin/ceph: stderr
2024-03-22T07:07:28.203+0000 7fa72d7e9700 1 -- 172.21.15.63:0/2704225717 wait complete.
2024-03-22T07:07:29.202 INFO:teuthology.orchestra.run.smithi063.stdout:/usr/bin/ceph: stderr
2024-03-22T07:07:28.204+0000 7fa72d7e9700 1 Processor -- start
2024-03-22T07:07:29.202 INFO:teuthology.orchestra.run.smithi063.stdout:/usr/bin/ceph: stderr
2024-03-22T07:07:28.204+0000 7fa72d7e9700 1 -- start start
2024-03-22T07:07:29.202 INFO:teuthology.orchestra.run.smithi063.stdout:/usr/bin/ceph: stderr
2024-03-22T07:07:28.204+0000 7fa72d7e9700 1 --2- >> [v2:172.21.15.63:3300/0,v1:172.21.15.63:6789/0] conn(0x7fa728076b30 0x7fa728111620 unknown :-1 s=NONE pgs=0 cs=0 l=1 rev1=0 crypto rx=0 tx=0 comp rx=0 tx=0).connect
2024-03-22T07:07:29.202 INFO:teuthology.orchestra.run.smithi063.stdout:/usr/bin/ceph: stderr
2024-03-22T07:07:28.204+0000 7fa72d7e9700 1 -- --> [v2:172.21.15.63:3300/0,v1:172.21.15.63:6789/0] -- mon_getmap magic: 0 v1 -- 0x7fa728111b60 con 0x7fa728076b30
2024-03-22T07:07:29.202 INFO:teuthology.orchestra.run.smithi063.stdout:/usr/bin/ceph: stderr
2024-03-22T07:07:28.204+0000 7fa726ffd700 1 --2- >> [v2:172.21.15.63:3300/0,v1:172.21.15.63:6789/0] conn(0x7fa728076b30 0x7fa728111620 unknown :-1 s=BANNER_CONNECTING pgs=0 cs=0 l=1 rev1=0 crypto rx=0 tx=0 comp rx=0 tx=0)._handle_peer_banner_payload supported=3 required=0
2024-03-22T07:07:29.202 INFO:teuthology.orchestra.run.smithi063.stdout:/usr/bin/ceph: stderr
2024-03-22T07:07:28.204+0000 7fa726ffd700 1 --2- >> [v2:172.21.15.63:3300/0,v1:172.21.15.63:6789/0] conn(0x7fa728076b30 0x7fa728111620 unknown :-1 s=HELLO_CONNECTING pgs=0 cs=0 l=1 rev1=1 crypto rx=0 tx=0 comp rx=0 tx=0).handle_hello peer v2:172.21.15.63:3300/0 says I am v2:172.21.15.63:56444/0 (socket says 172.21.15.63:56444)
2024-03-22T07:07:29.202 INFO:teuthology.orchestra.run.smithi063.stdout:/usr/bin/ceph: stderr
2024-03-22T07:07:28.204+0000 7fa726ffd700 1 -- 172.21.15.63:0/4016269455 learned_addr learned my addr 172.21.15.63:0/4016269455 (peer_addr_for_me v2:172.21.15.63:0/0)
2024-03-22T07:07:29.203 INFO:teuthology.orchestra.run.smithi063.stdout:/usr/bin/ceph: stderr
2024-03-22T07:07:28.204+0000 7fa726ffd700 1 -- 172.21.15.63:0/4016269455 --> [v2:172.21.15.63:3300/0,v1:172.21.15.63:6789/0] -- mon_subscribe({config=0+,monmap=0+}) v3 -- 0x7fa7180094f0 con 0x7fa728076b30
2024-03-22T07:07:29.203 INFO:teuthology.orchestra.run.smithi063.stdout:/usr/bin/ceph: stderr
2024-03-22T07:07:28.205+0000 7fa726ffd700 1 --2- 172.21.15.63:0/4016269455 >> [v2:172.21.15.63:3300/0,v1:172.21.15.63:6789/0] conn(0x7fa728076b30 0x7fa728111620 secure :-1 s=READY pgs=58 cs=0 l=1 rev1=1 crypto rx=0x7fa7180105b0 tx=0x7fa718009250 comp rx=0 tx=0).ready entity=mon.0 client_cookie=0 server_cookie=0 in_seq=0 out_seq=0
2024-03-22T07:07:29.203 INFO:teuthology.orchestra.run.smithi063.stdout:/usr/bin/ceph: stderr
2024-03-22T07:07:28.205+0000 7fa70f7fe700 1 -- 172.21.15.63:0/4016269455 <== mon.0 v2:172.21.15.63:3300/0 1 ==== mon_map magic: 0 v1 ==== 229+0+0 (secure 0 0 0) 0x7fa718010840 con 0x7fa728076b30
2024-03-22T07:07:29.203 INFO:teuthology.orchestra.run.smithi063.stdout:/usr/bin/ceph: stderr
2024-03-22T07:07:28.205+0000 7fa70f7fe700 1 -- 172.21.15.63:0/4016269455 <== mon.0 v2:172.21.15.63:3300/0 2 ==== config(27 keys) v1 ==== 1109+0+0 (secure 0 0 0) 0x7fa718010e70 con 0x7fa728076b30
2024-03-22T07:07:29.203 INFO:teuthology.orchestra.run.smithi063.stdout:/usr/bin/ceph: stderr
2024-03-22T07:07:28.205+0000 7fa72d7e9700 1 -- 172.21.15.63:0/4016269455 --> [v2:172.21.15.63:3300/0,v1:172.21.15.63:6789/0] -- mon_subscribe({mgrmap=0+}) v3 -- 0x7fa728111d60 con 0x7fa728076b30
2024-03-22T07:07:29.203 INFO:teuthology.orchestra.run.smithi063.stdout:/usr/bin/ceph: stderr
2024-03-22T07:07:28.205+0000 7fa70f7fe700 1 -- 172.21.15.63:0/4016269455 <== mon.0 v2:172.21.15.63:3300/0 3 ==== mon_map magic: 0 v1 ==== 229+0+0 (secure 0 0 0) 0x7fa71801ae30 con 0x7fa728076b30
2024-03-22T07:07:29.203 INFO:teuthology.orchestra.run.smithi063.stdout:/usr/bin/ceph: stderr
2024-03-22T07:07:28.205+0000 7fa72d7e9700 1 -- 172.21.15.63:0/4016269455 --> [v2:172.21.15.63:3300/0,v1:172.21.15.63:6789/0] -- mon_subscribe({osdmap=0}) v3 -- 0x7fa7281128d0 con 0x7fa728076b30
2024-03-22T07:07:29.203 INFO:teuthology.orchestra.run.smithi063.stdout:/usr/bin/ceph: stderr
2024-03-22T07:07:28.206+0000 7fa70f7fe700 1 -- 172.21.15.63:0/4016269455 <== mon.0 v2:172.21.15.63:3300/0 4 ==== mgrmap(e 8) v1 ==== 43368+0+0 (secure 0 0 0) 0x7fa71802d3f0 con 0x7fa728076b30
2024-03-22T07:07:29.203 INFO:teuthology.orchestra.run.smithi063.stdout:/usr/bin/ceph: stderr
2024-03-22T07:07:28.206+0000 7fa72d7e9700 1 -- 172.21.15.63:0/4016269455 --> [v2:172.21.15.63:3300/0,v1:172.21.15.63:6789/0] -- mon_command({"prefix": "get_command_descriptions"} v 0) v1 -- 0x7fa72804bed0 con 0x7fa728076b30
2024-03-22T07:07:29.203 INFO:teuthology.orchestra.run.smithi063.stdout:/usr/bin/ceph: stderr
2024-03-22T07:07:28.206+0000 7fa70f7fe700 1 --2- 172.21.15.63:0/4016269455 >> [v2:172.21.15.63:6800/480818549,v1:172.21.15.63:6801/480818549] conn(0x7fa710036790 0x7fa710038c40 unknown :-1 s=NONE pgs=0 cs=0 l=1 rev1=0 crypto rx=0 tx=0 comp rx=0 tx=0).connect
2024-03-22T07:07:29.203 INFO:teuthology.orchestra.run.smithi063.stdout:/usr/bin/ceph: stderr
2024-03-22T07:07:28.206+0000 7fa70f7fe700 1 -- 172.21.15.63:0/4016269455 <== mon.0 v2:172.21.15.63:3300/0 5 ==== osd_map(2..2 src has 1..2) v4 ==== 936+0+0 (secure 0 0 0) 0x7fa71804a210 con 0x7fa728076b30
2024-03-22T07:07:29.203 INFO:teuthology.orchestra.run.smithi063.stdout:/usr/bin/ceph: stderr
2024-03-22T07:07:28.206+0000 7fa7267fc700 1 --2- 172.21.15.63:0/4016269455 >> [v2:172.21.15.63:6800/480818549,v1:172.21.15.63:6801/480818549] conn(0x7fa710036790 0x7fa710038c40 unknown :-1 s=BANNER_CONNECTING pgs=0 cs=0 l=1 rev1=0 crypto rx=0 tx=0 comp rx=0 tx=0)._handle_peer_banner_payload supported=3 required=0
2024-03-22T07:07:29.203 INFO:teuthology.orchestra.run.smithi063.stdout:/usr/bin/ceph: stderr
2024-03-22T07:07:28.207+0000 7fa7267fc700 1 --2- 172.21.15.63:0/4016269455 >> [v2:172.21.15.63:6800/480818549,v1:172.21.15.63:6801/480818549] conn(0x7fa710036790 0x7fa710038c40 secure :-1 s=READY pgs=17 cs=0 l=1 rev1=1 crypto rx=0x7fa71c009990 tx=0x7fa71c006e40 comp rx=0 tx=0).ready entity=mgr.14120 client_cookie=0 server_cookie=0 in_seq=0 out_seq=0
2024-03-22T07:07:29.204 INFO:teuthology.orchestra.run.smithi063.stdout:/usr/bin/ceph: stderr
2024-03-22T07:07:28.211+0000 7fa70f7fe700 1 -- 172.21.15.63:0/4016269455 <== mon.0 v2:172.21.15.63:3300/0 6 ==== mon_command_ack([{"prefix": "get_command_descriptions"}]=0 v0) v1 ==== 72+0+176504 (secure 0 0 0) 0x7fa71802b8e0 con 0x7fa728076b30
2024-03-22T07:07:29.204 INFO:teuthology.orchestra.run.smithi063.stdout:/usr/bin/ceph: stderr
2024-03-22T07:07:28.426+0000 7fa72d7e9700 1 -- 172.21.15.63:0/4016269455 --> [v2:172.21.15.63:6800/480818549,v1:172.21.15.63:6801/480818549] -- mgr_command(tid 0: {"prefix": "orch apply", "service_type": "node-exporter", "target": ["mon-mgr", ""]}) v1 -- 0x7fa7280fe230 con 0x7fa710036790
2024-03-22T07:07:29.204 INFO:teuthology.orchestra.run.smithi063.stdout:/usr/bin/ceph: stderr
2024-03-22T07:07:28.431+0000 7fa70f7fe700 1 -- 172.21.15.63:0/4016269455 <== mgr.14120 v2:172.21.15.63:6800/480818549 1 ==== mgr_command_reply(tid 0: 0 ) v1 ==== 8+0+34 (secure 0 0 0) 0x7fa7280fe230 con 0x7fa710036790
2024-03-22T07:07:29.204 INFO:teuthology.orchestra.run.smithi063.stdout:/usr/bin/ceph: stderr
2024-03-22T07:07:28.433+0000 7fa72d7e9700 1 -- 172.21.15.63:0/4016269455 >> [v2:172.21.15.63:6800/480818549,v1:172.21.15.63:6801/480818549] conn(0x7fa710036790 msgr2=0x7fa710038c40 secure :-1 s=STATE_CONNECTION_ESTABLISHED l=1).mark_down
2024-03-22T07:07:29.204 INFO:teuthology.orchestra.run.smithi063.stdout:/usr/bin/ceph: stderr
2024-03-22T07:07:28.433+0000 7fa72d7e9700 1 --2- 172.21.15.63:0/4016269455 >> [v2:172.21.15.63:6800/480818549,v1:172.21.15.63:6801/480818549] conn(0x7fa710036790 0x7fa710038c40 secure :-1 s=READY pgs=17 cs=0 l=1 rev1=1 crypto rx=0x7fa71c009990 tx=0x7fa71c006e40 comp rx=0 tx=0).stop
2024-03-22T07:07:29.204 INFO:teuthology.orchestra.run.smithi063.stdout:/usr/bin/ceph: stderr
2024-03-22T07:07:28.433+0000 7fa72d7e9700 1 -- 172.21.15.63:0/4016269455 >> [v2:172.21.15.63:3300/0,v1:172.21.15.63:6789/0] conn(0x7fa728076b30 msgr2=0x7fa728111620 secure :-1 s=STATE_CONNECTION_ESTABLISHED l=1).mark_down
2024-03-22T07:07:29.204 INFO:teuthology.orchestra.run.smithi063.stdout:/usr/bin/ceph: stderr
2024-03-22T07:07:28.433+0000 7fa72d7e9700 1 --2- 172.21.15.63:0/4016269455 >> [v2:172.21.15.63:3300/0,v1:172.21.15.63:6789/0] conn(0x7fa728076b30 0x7fa728111620 secure :-1 s=READY pgs=58 cs=0 l=1 rev1=1 crypto rx=0x7fa7180105b0 tx=0x7fa718009250 comp rx=0 tx=0).stop
2024-03-22T07:07:29.204 INFO:teuthology.orchestra.run.smithi063.stdout:/usr/bin/ceph: stderr
2024-03-22T07:07:28.433+0000 7fa72d7e9700 1 -- 172.21.15.63:0/4016269455 shutdown_connections
2024-03-22T07:07:29.204 INFO:teuthology.orchestra.run.smithi063.stdout:/usr/bin/ceph: stderr
2024-03-22T07:07:28.433+0000 7fa72d7e9700 1 --2- 172.21.15.63:0/4016269455 >> [v2:172.21.15.63:6800/480818549,v1:172.21.15.63:6801/480818549] conn(0x7fa710036790 0x7fa710038c40 unknown :-1 s=CLOSED pgs=17 cs=0 l=1 rev1=1 crypto rx=0 tx=0 comp rx=0 tx=0).stop
2024-03-22T07:07:29.204 INFO:teuthology.orchestra.run.smithi063.stdout:/usr/bin/ceph: stderr
2024-03-22T07:07:28.433+0000 7fa72d7e9700 1 --2- 172.21.15.63:0/4016269455 >> [v2:172.21.15.63:3300/0,v1:172.21.15.63:6789/0] conn(0x7fa728076b30 0x7fa728111620 unknown :-1 s=CLOSED pgs=58 cs=0 l=1 rev1=1 crypto rx=0 tx=0 comp rx=0 tx=0).stop
2024-03-22T07:07:29.204 INFO:teuthology.orchestra.run.smithi063.stdout:/usr/bin/ceph: stderr
2024-03-22T07:07:28.433+0000 7fa72d7e9700 1 -- 172.21.15.63:0/4016269455 >> 172.21.15.63:0/4016269455 conn(0x7fa7280fce40 msgr2=0x7fa7280fda60 unknown :-1 s=STATE_NONE l=0).mark_down
2024-03-22T07:07:29.204 INFO:teuthology.orchestra.run.smithi063.stdout:/usr/bin/ceph: stderr
2024-03-22T07:07:28.433+0000 7fa72d7e9700 1 -- 172.21.15.63:0/4016269455 shutdown_connections
2024-03-22T07:07:29.205 INFO:teuthology.orchestra.run.smithi063.stdout:/usr/bin/ceph: stderr
2024-03-22T07:07:28.433+0000 7fa72d7e9700 1 -- 172.21.15.63:0/4016269455 wait complete.
2024-03-22T07:07:29.205 INFO:teuthology.orchestra.run.smithi063.stdout:Deploying alertmanager service with default placement...
2024-03-22T07:07:29.527 INFO:journalctl@ceph.mon.smithi063.smithi063.stdout:Mar 22 07:07:29 smithi063 ceph-mon[29200]: from='client.14152 -' entity='client.admin' cmd=[{"prefix": "orch apply", "service_type": "node-exporter", "target": ["mon-mgr", ""]}]: dispatch
2024-03-22T07:07:29.528 INFO:journalctl@ceph.mon.smithi063.smithi063.stdout:Mar 22 07:07:29 smithi063 ceph-mon[29200]: Saving service node-exporter spec with placement *
2024-03-22T07:07:29.528 INFO:journalctl@ceph.mon.smithi063.smithi063.stdout:Mar 22 07:07:29 smithi063 ceph-mon[29200]: from='mgr.14120 172.21.15.63:0/198929843' entity='mgr.smithi063.mnxayh'
2024-03-22T07:07:30.725 INFO:teuthology.orchestra.run.smithi063.stdout:/usr/bin/ceph: stdout Scheduled alertmanager update...
2024-03-22T07:07:30.726 INFO:teuthology.orchestra.run.smithi063.stdout:/usr/bin/ceph: stderr
2024-03-22T07:07:29.903+0000 7f27808e7700 1 Processor -- start
2024-03-22T07:07:30.726 INFO:teuthology.orchestra.run.smithi063.stdout:/usr/bin/ceph: stderr
2024-03-22T07:07:29.903+0000 7f27808e7700 1 -- start start
2024-03-22T07:07:30.726 INFO:teuthology.orchestra.run.smithi063.stdout:/usr/bin/ceph: stderr
2024-03-22T07:07:29.903+0000 7f27808e7700 1 --2- >> [v2:172.21.15.63:3300/0,v1:172.21.15.63:6789/0] conn(0x7f277c1016e0 0x7f277c101af0 unknown :-1 s=NONE pgs=0 cs=0 l=0 rev1=0 crypto rx=0 tx=0 comp rx=0 tx=0).connect
2024-03-22T07:07:30.726 INFO:teuthology.orchestra.run.smithi063.stdout:/usr/bin/ceph: stderr
2024-03-22T07:07:29.903+0000 7f27808e7700 1 -- --> [v2:172.21.15.63:3300/0,v1:172.21.15.63:6789/0] -- mon_getmap magic: 0 v1 -- 0x7f277c102030 con 0x7f277c1016e0
2024-03-22T07:07:30.726 INFO:teuthology.orchestra.run.smithi063.stdout:/usr/bin/ceph: stderr
2024-03-22T07:07:29.903+0000 7f277a59c700 1 --2- >> [v2:172.21.15.63:3300/0,v1:172.21.15.63:6789/0] conn(0x7f277c1016e0 0x7f277c101af0 unknown :-1 s=BANNER_CONNECTING pgs=0 cs=0 l=0 rev1=0 crypto rx=0 tx=0 comp rx=0 tx=0)._handle_peer_banner_payload supported=3 required=0
2024-03-22T07:07:30.726 INFO:teuthology.orchestra.run.smithi063.stdout:/usr/bin/ceph: stderr
2024-03-22T07:07:29.904+0000 7f277a59c700 1 --2- >> [v2:172.21.15.63:3300/0,v1:172.21.15.63:6789/0] conn(0x7f277c1016e0 0x7f277c101af0 unknown :-1 s=HELLO_CONNECTING pgs=0 cs=0 l=0 rev1=1 crypto rx=0 tx=0 comp rx=0 tx=0).handle_hello peer v2:172.21.15.63:3300/0 says I am v2:172.21.15.63:56450/0 (socket says 172.21.15.63:56450)
2024-03-22T07:07:30.726 INFO:teuthology.orchestra.run.smithi063.stdout:/usr/bin/ceph: stderr
2024-03-22T07:07:29.904+0000 7f277a59c700 1 -- 172.21.15.63:0/259038824 learned_addr learned my addr 172.21.15.63:0/259038824 (peer_addr_for_me v2:172.21.15.63:0/0)
2024-03-22T07:07:30.726 INFO:teuthology.orchestra.run.smithi063.stdout:/usr/bin/ceph: stderr
2024-03-22T07:07:29.904+0000 7f277a59c700 1 -- 172.21.15.63:0/259038824 --> [v2:172.21.15.63:3300/0,v1:172.21.15.63:6789/0] -- mon_subscribe({config=0+,monmap=0+}) v3 -- 0x7f277c102170 con 0x7f277c1016e0
2024-03-22T07:07:30.726 INFO:teuthology.orchestra.run.smithi063.stdout:/usr/bin/ceph: stderr
2024-03-22T07:07:29.904+0000 7f277a59c700 1 --2- 172.21.15.63:0/259038824 >> [v2:172.21.15.63:3300/0,v1:172.21.15.63:6789/0] conn(0x7f277c1016e0 0x7f277c101af0 secure :-1 s=READY pgs=59 cs=0 l=1 rev1=1 crypto rx=0x7f276c00bb80 tx=0x7f276c00b4f0 comp rx=0 tx=0).ready entity=mon.0 client_cookie=e45a195d9d09e9e5 server_cookie=0 in_seq=0 out_seq=0
2024-03-22T07:07:30.726 INFO:teuthology.orchestra.run.smithi063.stdout:/usr/bin/ceph: stderr
2024-03-22T07:07:29.904+0000 7f277959a700 1 -- 172.21.15.63:0/259038824 <== mon.0 v2:172.21.15.63:3300/0 1 ==== mon_map magic: 0 v1 ==== 229+0+0 (secure 0 0 0) 0x7f276c00dd00 con 0x7f277c1016e0
2024-03-22T07:07:30.726 INFO:teuthology.orchestra.run.smithi063.stdout:/usr/bin/ceph: stderr
2024-03-22T07:07:29.904+0000 7f277959a700 1 -- 172.21.15.63:0/259038824 <== mon.0 v2:172.21.15.63:3300/0 2 ==== config(27 keys) v1 ==== 1109+0+0 (secure 0 0 0) 0x7f276c00de60 con 0x7f277c1016e0
2024-03-22T07:07:30.726 INFO:teuthology.orchestra.run.smithi063.stdout:/usr/bin/ceph: stderr
2024-03-22T07:07:29.904+0000 7f277959a700 1 -- 172.21.15.63:0/259038824 <== mon.0 v2:172.21.15.63:3300/0 3 ==== mon_map magic: 0 v1 ==== 229+0+0 (secure 0 0 0) 0x7f276c018920 con 0x7f277c1016e0
2024-03-22T07:07:30.726 INFO:teuthology.orchestra.run.smithi063.stdout:/usr/bin/ceph: stderr
2024-03-22T07:07:29.905+0000 7f27808e7700 1 -- 172.21.15.63:0/259038824 >> [v2:172.21.15.63:3300/0,v1:172.21.15.63:6789/0] conn(0x7f277c1016e0 msgr2=0x7f277c101af0 secure :-1 s=STATE_CONNECTION_ESTABLISHED l=1).mark_down
2024-03-22T07:07:30.727 INFO:teuthology.orchestra.run.smithi063.stdout:/usr/bin/ceph: stderr
2024-03-22T07:07:29.905+0000 7f27808e7700 1 --2- 172.21.15.63:0/259038824 >> [v2:172.21.15.63:3300/0,v1:172.21.15.63:6789/0] conn(0x7f277c1016e0 0x7f277c101af0 secure :-1 s=READY pgs=59 cs=0 l=1 rev1=1 crypto rx=0x7f276c00bb80 tx=0x7f276c00b4f0 comp rx=0 tx=0).stop
2024-03-22T07:07:30.727 INFO:teuthology.orchestra.run.smithi063.stdout:/usr/bin/ceph: stderr
2024-03-22T07:07:29.905+0000 7f27808e7700 1 -- 172.21.15.63:0/259038824 shutdown_connections
2024-03-22T07:07:30.727 INFO:teuthology.orchestra.run.smithi063.stdout:/usr/bin/ceph: stderr
2024-03-22T07:07:29.905+0000 7f27808e7700 1 --2- 172.21.15.63:0/259038824 >> [v2:172.21.15.63:3300/0,v1:172.21.15.63:6789/0] conn(0x7f277c1016e0 0x7f277c101af0 unknown :-1 s=CLOSED pgs=59 cs=0 l=1 rev1=1 crypto rx=0 tx=0 comp rx=0 tx=0).stop
2024-03-22T07:07:30.727 INFO:teuthology.orchestra.run.smithi063.stdout:/usr/bin/ceph: stderr
2024-03-22T07:07:29.905+0000 7f27808e7700 1 -- 172.21.15.63:0/259038824 >> 172.21.15.63:0/259038824 conn(0x7f277c0fce40 msgr2=0x7f277c0ff270 unknown :-1 s=STATE_NONE l=0).mark_down
2024-03-22T07:07:30.727 INFO:teuthology.orchestra.run.smithi063.stdout:/usr/bin/ceph: stderr
2024-03-22T07:07:29.905+0000 7f27808e7700 1 -- 172.21.15.63:0/259038824 shutdown_connections
2024-03-22T07:07:30.727 INFO:teuthology.orchestra.run.smithi063.stdout:/usr/bin/ceph: stderr
2024-03-22T07:07:29.905+0000 7f27808e7700 1 -- 172.21.15.63:0/259038824 wait complete.
2024-03-22T07:07:30.727 INFO:teuthology.orchestra.run.smithi063.stdout:/usr/bin/ceph: stderr
2024-03-22T07:07:29.905+0000 7f27808e7700 1 Processor -- start
2024-03-22T07:07:30.727 INFO:teuthology.orchestra.run.smithi063.stdout:/usr/bin/ceph: stderr
2024-03-22T07:07:29.905+0000 7f27808e7700 1 -- start start
2024-03-22T07:07:30.727 INFO:teuthology.orchestra.run.smithi063.stdout:/usr/bin/ceph: stderr
2024-03-22T07:07:29.905+0000 7f27808e7700 1 --2- >> [v2:172.21.15.63:3300/0,v1:172.21.15.63:6789/0] conn(0x7f277c1016e0 0x7f277c113780 unknown :-1 s=NONE pgs=0 cs=0 l=1 rev1=0 crypto rx=0 tx=0 comp rx=0 tx=0).connect
2024-03-22T07:07:30.727 INFO:teuthology.orchestra.run.smithi063.stdout:/usr/bin/ceph: stderr
2024-03-22T07:07:29.905+0000 7f27808e7700 1 -- --> [v2:172.21.15.63:3300/0,v1:172.21.15.63:6789/0] -- mon_getmap magic: 0 v1 -- 0x7f277c113cc0 con 0x7f277c1016e0
2024-03-22T07:07:30.727 INFO:teuthology.orchestra.run.smithi063.stdout:/usr/bin/ceph: stderr
2024-03-22T07:07:29.905+0000 7f277a59c700 1 --2- >> [v2:172.21.15.63:3300/0,v1:172.21.15.63:6789/0] conn(0x7f277c1016e0 0x7f277c113780 unknown :-1 s=BANNER_CONNECTING pgs=0 cs=0 l=1 rev1=0 crypto rx=0 tx=0 comp rx=0 tx=0)._handle_peer_banner_payload supported=3 required=0
2024-03-22T07:07:30.727 INFO:teuthology.orchestra.run.smithi063.stdout:/usr/bin/ceph: stderr
2024-03-22T07:07:29.905+0000 7f277a59c700 1 --2- >> [v2:172.21.15.63:3300/0,v1:172.21.15.63:6789/0] conn(0x7f277c1016e0 0x7f277c113780 unknown :-1 s=HELLO_CONNECTING pgs=0 cs=0 l=1 rev1=1 crypto rx=0 tx=0 comp rx=0 tx=0).handle_hello peer v2:172.21.15.63:3300/0 says I am v2:172.21.15.63:56464/0 (socket says 172.21.15.63:56464)
2024-03-22T07:07:30.727 INFO:teuthology.orchestra.run.smithi063.stdout:/usr/bin/ceph: stderr
2024-03-22T07:07:29.905+0000 7f277a59c700 1 -- 172.21.15.63:0/3202044144 learned_addr learned my addr 172.21.15.63:0/3202044144 (peer_addr_for_me v2:172.21.15.63:0/0)
2024-03-22T07:07:30.727 INFO:teuthology.orchestra.run.smithi063.stdout:/usr/bin/ceph: stderr
2024-03-22T07:07:29.906+0000 7f277a59c700 1 -- 172.21.15.63:0/3202044144 --> [v2:172.21.15.63:3300/0,v1:172.21.15.63:6789/0] -- mon_subscribe({config=0+,monmap=0+}) v3 -- 0x7f276c00b790 con 0x7f277c1016e0
2024-03-22T07:07:30.727 INFO:teuthology.orchestra.run.smithi063.stdout:/usr/bin/ceph: stderr
2024-03-22T07:07:29.906+0000 7f277a59c700 1 --2- 172.21.15.63:0/3202044144 >> [v2:172.21.15.63:3300/0,v1:172.21.15.63:6789/0] conn(0x7f277c1016e0 0x7f277c113780 secure :-1 s=READY pgs=60 cs=0 l=1 rev1=1 crypto rx=0x7f276c0106a0 tx=0x7f276c00b4f0 comp rx=0 tx=0).ready entity=mon.0 client_cookie=0 server_cookie=0 in_seq=0 out_seq=0
2024-03-22T07:07:30.727 INFO:teuthology.orchestra.run.smithi063.stdout:/usr/bin/ceph: stderr
2024-03-22T07:07:29.906+0000 7f276affd700 1 -- 172.21.15.63:0/3202044144 <== mon.0 v2:172.21.15.63:3300/0 1 ==== mon_map magic: 0 v1 ==== 229+0+0 (secure 0 0 0) 0x7f276c00dc70 con 0x7f277c1016e0
2024-03-22T07:07:30.727 INFO:teuthology.orchestra.run.smithi063.stdout:/usr/bin/ceph: stderr
2024-03-22T07:07:29.906+0000 7f276affd700 1 -- 172.21.15.63:0/3202044144 <== mon.0 v2:172.21.15.63:3300/0 2 ==== config(27 keys) v1 ==== 1109+0+0 (secure 0 0 0) 0x7f276c010c30 con 0x7f277c1016e0
2024-03-22T07:07:30.728 INFO:teuthology.orchestra.run.smithi063.stdout:/usr/bin/ceph: stderr
2024-03-22T07:07:29.906+0000 7f27808e7700 1 -- 172.21.15.63:0/3202044144 --> [v2:172.21.15.63:3300/0,v1:172.21.15.63:6789/0] -- mon_subscribe({mgrmap=0+}) v3 -- 0x7f277c113ec0 con 0x7f277c1016e0
2024-03-22T07:07:30.728 INFO:teuthology.orchestra.run.smithi063.stdout:/usr/bin/ceph: stderr
2024-03-22T07:07:29.906+0000 7f276affd700 1 -- 172.21.15.63:0/3202044144 <== mon.0 v2:172.21.15.63:3300/0 3 ==== mon_map magic: 0 v1 ==== 229+0+0 (secure 0 0 0) 0x7f276c021550 con 0x7f277c1016e0
2024-03-22T07:07:30.728 INFO:teuthology.orchestra.run.smithi063.stdout:/usr/bin/ceph: stderr
2024-03-22T07:07:29.906+0000 7f27808e7700 1 -- 172.21.15.63:0/3202044144 --> [v2:172.21.15.63:3300/0,v1:172.21.15.63:6789/0] -- mon_subscribe({osdmap=0}) v3 -- 0x7f277c114a30 con 0x7f277c1016e0
2024-03-22T07:07:30.728 INFO:teuthology.orchestra.run.smithi063.stdout:/usr/bin/ceph: stderr
2024-03-22T07:07:29.907+0000 7f276affd700 1 -- 172.21.15.63:0/3202044144 <== mon.0 v2:172.21.15.63:3300/0 4 ==== mgrmap(e 8) v1 ==== 43368+0+0 (secure 0 0 0) 0x7f276c0217c0 con 0x7f277c1016e0
2024-03-22T07:07:30.728 INFO:teuthology.orchestra.run.smithi063.stdout:/usr/bin/ceph: stderr
2024-03-22T07:07:29.907+0000 7f27808e7700 1 -- 172.21.15.63:0/3202044144 --> [v2:172.21.15.63:3300/0,v1:172.21.15.63:6789/0] -- mon_command({"prefix": "get_command_descriptions"} v 0) v1 -- 0x7f277c05f5f0 con 0x7f277c1016e0
2024-03-22T07:07:30.728 INFO:teuthology.orchestra.run.smithi063.stdout:/usr/bin/ceph: stderr
2024-03-22T07:07:29.907+0000 7f276affd700 1 --2- 172.21.15.63:0/3202044144 >> [v2:172.21.15.63:6800/480818549,v1:172.21.15.63:6801/480818549] conn(0x7f27640367e0 0x7f2764038c90 unknown :-1 s=NONE pgs=0 cs=0 l=1 rev1=0 crypto rx=0 tx=0 comp rx=0 tx=0).connect
2024-03-22T07:07:30.728 INFO:teuthology.orchestra.run.smithi063.stdout:/usr/bin/ceph: stderr
2024-03-22T07:07:29.907+0000 7f276affd700 1 -- 172.21.15.63:0/3202044144 <== mon.0 v2:172.21.15.63:3300/0 5 ==== osd_map(2..2 src has 1..2) v4 ==== 936+0+0 (secure 0 0 0) 0x7f276c014070 con 0x7f277c1016e0
2024-03-22T07:07:30.728 INFO:teuthology.orchestra.run.smithi063.stdout:/usr/bin/ceph: stderr
2024-03-22T07:07:29.907+0000 7f2779d9b700 1 --2- 172.21.15.63:0/3202044144 >> [v2:172.21.15.63:6800/480818549,v1:172.21.15.63:6801/480818549] conn(0x7f27640367e0 0x7f2764038c90 unknown :-1 s=BANNER_CONNECTING pgs=0 cs=0 l=1 rev1=0 crypto rx=0 tx=0 comp rx=0 tx=0)._handle_peer_banner_payload supported=3 required=0
2024-03-22T07:07:30.728 INFO:teuthology.orchestra.run.smithi063.stdout:/usr/bin/ceph: stderr
2024-03-22T07:07:29.908+0000 7f2779d9b700 1 --2- 172.21.15.63:0/3202044144 >> [v2:172.21.15.63:6800/480818549,v1:172.21.15.63:6801/480818549] conn(0x7f27640367e0 0x7f2764038c90 secure :-1 s=READY pgs=18 cs=0 l=1 rev1=1 crypto rx=0x7f2770009990 tx=0x7f2770006e40 comp rx=0 tx=0).ready entity=mgr.14120 client_cookie=0 server_cookie=0 in_seq=0 out_seq=0
2024-03-22T07:07:30.728 INFO:teuthology.orchestra.run.smithi063.stdout:/usr/bin/ceph: stderr
2024-03-22T07:07:29.912+0000 7f276affd700 1 -- 172.21.15.63:0/3202044144 <== mon.0 v2:172.21.15.63:3300/0 6 ==== mon_command_ack([{"prefix": "get_command_descriptions"}]=0 v0) v1 ==== 72+0+176504 (secure 0 0 0) 0x7f276c00e930 con 0x7f277c1016e0
2024-03-22T07:07:30.728 INFO:teuthology.orchestra.run.smithi063.stdout:/usr/bin/ceph: stderr
2024-03-22T07:07:30.120+0000 7f27808e7700 1 -- 172.21.15.63:0/3202044144 --> [v2:172.21.15.63:6800/480818549,v1:172.21.15.63:6801/480818549] -- mgr_command(tid 0: {"prefix": "orch apply", "service_type": "alertmanager", "target": ["mon-mgr", ""]}) v1 -- 0x7f277c114e40 con 0x7f27640367e0
2024-03-22T07:07:30.728 INFO:teuthology.orchestra.run.smithi063.stdout:/usr/bin/ceph: stderr
2024-03-22T07:07:30.124+0000 7f276affd700 1 -- 172.21.15.63:0/3202044144 <== mgr.14120 v2:172.21.15.63:6800/480818549 1 ==== mgr_command_reply(tid 0: 0 ) v1 ==== 8+0+33 (secure 0 0 0) 0x7f277c114e40 con 0x7f27640367e0
2024-03-22T07:07:30.728 INFO:teuthology.orchestra.run.smithi063.stdout:/usr/bin/ceph: stderr
2024-03-22T07:07:30.126+0000 7f27808e7700 1 -- 172.21.15.63:0/3202044144 >> [v2:172.21.15.63:6800/480818549,v1:172.21.15.63:6801/480818549] conn(0x7f27640367e0 msgr2=0x7f2764038c90 secure :-1 s=STATE_CONNECTION_ESTABLISHED l=1).mark_down
2024-03-22T07:07:30.728 INFO:teuthology.orchestra.run.smithi063.stdout:/usr/bin/ceph: stderr
2024-03-22T07:07:30.126+0000 7f27808e7700 1 --2- 172.21.15.63:0/3202044144 >> [v2:172.21.15.63:6800/480818549,v1:172.21.15.63:6801/480818549] conn(0x7f27640367e0 0x7f2764038c90 secure :-1 s=READY pgs=18 cs=0 l=1 rev1=1 crypto rx=0x7f2770009990 tx=0x7f2770006e40 comp rx=0 tx=0).stop
2024-03-22T07:07:30.729 INFO:teuthology.orchestra.run.smithi063.stdout:/usr/bin/ceph: stderr
2024-03-22T07:07:30.126+0000 7f27808e7700 1 -- 172.21.15.63:0/3202044144 >> [v2:172.21.15.63:3300/0,v1:172.21.15.63:6789/0] conn(0x7f277c1016e0 msgr2=0x7f277c113780 secure :-1 s=STATE_CONNECTION_ESTABLISHED l=1).mark_down
2024-03-22T07:07:30.729 INFO:teuthology.orchestra.run.smithi063.stdout:/usr/bin/ceph: stderr
2024-03-22T07:07:30.126+0000 7f27808e7700 1 --2- 172.21.15.63:0/3202044144 >> [v2:172.21.15.63:3300/0,v1:172.21.15.63:6789/0] conn(0x7f277c1016e0 0x7f277c113780 secure :-1 s=READY pgs=60 cs=0 l=1 rev1=1 crypto rx=0x7f276c0106a0 tx=0x7f276c00b4f0 comp rx=0 tx=0).stop
2024-03-22T07:07:30.729 INFO:teuthology.orchestra.run.smithi063.stdout:/usr/bin/ceph: stderr
2024-03-22T07:07:30.126+0000 7f27808e7700 1 -- 172.21.15.63:0/3202044144 shutdown_connections
2024-03-22T07:07:30.729 INFO:teuthology.orchestra.run.smithi063.stdout:/usr/bin/ceph: stderr
2024-03-22T07:07:30.126+0000 7f27808e7700 1 --2- 172.21.15.63:0/3202044144 >> [v2:172.21.15.63:6800/480818549,v1:172.21.15.63:6801/480818549] conn(0x7f27640367e0 0x7f2764038c90 unknown :-1 s=CLOSED pgs=18 cs=0 l=1 rev1=1 crypto rx=0 tx=0 comp rx=0 tx=0).stop
2024-03-22T07:07:30.729 INFO:teuthology.orchestra.run.smithi063.stdout:/usr/bin/ceph: stderr
2024-03-22T07:07:30.126+0000 7f27808e7700 1 --2- 172.21.15.63:0/3202044144 >> [v2:172.21.15.63:3300/0,v1:172.21.15.63:6789/0] conn(0x7f277c1016e0 0x7f277c113780 unknown :-1 s=CLOSED pgs=60 cs=0 l=1 rev1=1 crypto rx=0 tx=0 comp rx=0 tx=0).stop
2024-03-22T07:07:30.729 INFO:teuthology.orchestra.run.smithi063.stdout:/usr/bin/ceph: stderr
2024-03-22T07:07:30.126+0000 7f27808e7700 1 -- 172.21.15.63:0/3202044144 >> 172.21.15.63:0/3202044144 conn(0x7f277c0fce40 msgr2=0x7f277c109f90 unknown :-1 s=STATE_NONE l=0).mark_down
2024-03-22T07:07:30.729 INFO:teuthology.orchestra.run.smithi063.stdout:/usr/bin/ceph: stderr
2024-03-22T07:07:30.126+0000 7f27808e7700 1 -- 172.21.15.63:0/3202044144 shutdown_connections
2024-03-22T07:07:30.729 INFO:teuthology.orchestra.run.smithi063.stdout:/usr/bin/ceph: stderr
2024-03-22T07:07:30.126+0000 7f27808e7700 1 -- 172.21.15.63:0/3202044144 wait complete.
2024-03-22T07:07:31.336 INFO:journalctl@ceph.mon.smithi063.smithi063.stdout:Mar 22 07:07:31 smithi063 ceph-mon[29200]: from='client.14154 -' entity='client.admin' cmd=[{"prefix": "orch apply", "service_type": "alertmanager", "target": ["mon-mgr", ""]}]: dispatch
2024-03-22T07:07:31.336 INFO:journalctl@ceph.mon.smithi063.smithi063.stdout:Mar 22 07:07:31 smithi063 ceph-mon[29200]: Saving service alertmanager spec with placement count:1
2024-03-22T07:07:31.336 INFO:journalctl@ceph.mon.smithi063.smithi063.stdout:Mar 22 07:07:31 smithi063 ceph-mon[29200]: from='mgr.14120 172.21.15.63:0/198929843' entity='mgr.smithi063.mnxayh'
2024-03-22T07:07:31.336 INFO:journalctl@ceph.mon.smithi063.smithi063.stdout:Mar 22 07:07:31 smithi063 ceph-mon[29200]: pgmap v3: 0 pgs: ; 0 B data, 0 B used, 0 B / 0 B avail
