2024-03-22T07:07:31.917 INFO:teuthology.orchestra.run.smithi063.stdout:/usr/bin/ceph: stderr
2024-03-22T07:07:31.131+0000 7fbd0d829700 1 Processor -- start
2024-03-22T07:07:31.917 INFO:teuthology.orchestra.run.smithi063.stdout:/usr/bin/ceph: stderr
2024-03-22T07:07:31.131+0000 7fbd0d829700 1 -- start start
2024-03-22T07:07:31.917 INFO:teuthology.orchestra.run.smithi063.stdout:/usr/bin/ceph: stderr
2024-03-22T07:07:31.131+0000 7fbd0d829700 1 --2- >> [v2:172.21.15.63:3300/0,v1:172.21.15.63:6789/0] conn(0x7fbd08078ca0 0x7fbd08077200 unknown :-1 s=NONE pgs=0 cs=0 l=0 rev1=0 crypto rx=0 tx=0 comp rx=0 tx=0).connect
2024-03-22T07:07:31.917 INFO:teuthology.orchestra.run.smithi063.stdout:/usr/bin/ceph: stderr
2024-03-22T07:07:31.131+0000 7fbd0d829700 1 -- --> [v2:172.21.15.63:3300/0,v1:172.21.15.63:6789/0] -- mon_getmap magic: 0 v1 -- 0x7fbd080790b0 con 0x7fbd08078ca0
2024-03-22T07:07:31.917 INFO:teuthology.orchestra.run.smithi063.stdout:/usr/bin/ceph: stderr
2024-03-22T07:07:31.132+0000 7fbd06ffd700 1 --2- >> [v2:172.21.15.63:3300/0,v1:172.21.15.63:6789/0] conn(0x7fbd08078ca0 0x7fbd08077200 unknown :-1 s=BANNER_CONNECTING pgs=0 cs=0 l=0 rev1=0 crypto rx=0 tx=0 comp rx=0 tx=0)._handle_peer_banner_payload supported=3 required=0
2024-03-22T07:07:31.917 INFO:teuthology.orchestra.run.smithi063.stdout:/usr/bin/ceph: stderr
2024-03-22T07:07:31.132+0000 7fbd06ffd700 1 --2- >> [v2:172.21.15.63:3300/0,v1:172.21.15.63:6789/0] conn(0x7fbd08078ca0 0x7fbd08077200 unknown :-1 s=HELLO_CONNECTING pgs=0 cs=0 l=0 rev1=1 crypto rx=0 tx=0 comp rx=0 tx=0).handle_hello peer v2:172.21.15.63:3300/0 says I am v2:172.21.15.63:56468/0 (socket says 172.21.15.63:56468)
2024-03-22T07:07:31.917 INFO:teuthology.orchestra.run.smithi063.stdout:/usr/bin/ceph: stderr
2024-03-22T07:07:31.132+0000 7fbd06ffd700 1 -- 172.21.15.63:0/1283149535 learned_addr learned my addr 172.21.15.63:0/1283149535 (peer_addr_for_me v2:172.21.15.63:0/0)
2024-03-22T07:07:31.917 INFO:teuthology.orchestra.run.smithi063.stdout:/usr/bin/ceph: stderr
2024-03-22T07:07:31.132+0000 7fbd06ffd700 1 -- 172.21.15.63:0/1283149535 --> [v2:172.21.15.63:3300/0,v1:172.21.15.63:6789/0] -- mon_subscribe({config=0+,monmap=0+}) v3 -- 0x7fbd08077740 con 0x7fbd08078ca0
2024-03-22T07:07:31.917 INFO:teuthology.orchestra.run.smithi063.stdout:/usr/bin/ceph: stderr
2024-03-22T07:07:31.132+0000 7fbd06ffd700 1 --2- 172.21.15.63:0/1283149535 >> [v2:172.21.15.63:3300/0,v1:172.21.15.63:6789/0] conn(0x7fbd08078ca0 0x7fbd08077200 secure :-1 s=READY pgs=61 cs=0 l=1 rev1=1 crypto rx=0x7fbd00009e50 tx=0x7fbd00009840 comp rx=0 tx=0).ready entity=mon.0 client_cookie=ec5d224bfb7c928e server_cookie=0 in_seq=0 out_seq=0
2024-03-22T07:07:31.918 INFO:teuthology.orchestra.run.smithi063.stdout:/usr/bin/ceph: stderr
2024-03-22T07:07:31.132+0000 7fbd05ffb700 1 -- 172.21.15.63:0/1283149535 <== mon.0 v2:172.21.15.63:3300/0 1 ==== mon_map magic: 0 v1 ==== 229+0+0 (secure 0 0 0) 0x7fbd000092e0 con 0x7fbd08078ca0
2024-03-22T07:07:31.918 INFO:teuthology.orchestra.run.smithi063.stdout:/usr/bin/ceph: stderr
2024-03-22T07:07:31.132+0000 7fbd05ffb700 1 -- 172.21.15.63:0/1283149535 <== mon.0 v2:172.21.15.63:3300/0 2 ==== config(27 keys) v1 ==== 1109+0+0 (secure 0 0 0) 0x7fbd00012430 con 0x7fbd08078ca0
2024-03-22T07:07:31.918 INFO:teuthology.orchestra.run.smithi063.stdout:/usr/bin/ceph: stderr
2024-03-22T07:07:31.132+0000 7fbd05ffb700 1 -- 172.21.15.63:0/1283149535 <== mon.0 v2:172.21.15.63:3300/0 3 ==== mon_map magic: 0 v1 ==== 229+0+0 (secure 0 0 0) 0x7fbd000075a0 con 0x7fbd08078ca0
2024-03-22T07:07:31.918 INFO:teuthology.orchestra.run.smithi063.stdout:/usr/bin/ceph: stderr
2024-03-22T07:07:31.133+0000 7fbd0d829700 1 -- 172.21.15.63:0/1283149535 >> [v2:172.21.15.63:3300/0,v1:172.21.15.63:6789/0] conn(0x7fbd08078ca0 msgr2=0x7fbd08077200 secure :-1 s=STATE_CONNECTION_ESTABLISHED l=1).mark_down
2024-03-22T07:07:31.918 INFO:teuthology.orchestra.run.smithi063.stdout:/usr/bin/ceph: stderr
2024-03-22T07:07:31.133+0000 7fbd0d829700 1 --2- 172.21.15.63:0/1283149535 >> [v2:172.21.15.63:3300/0,v1:172.21.15.63:6789/0] conn(0x7fbd08078ca0 0x7fbd08077200 secure :-1 s=READY pgs=61 cs=0 l=1 rev1=1 crypto rx=0x7fbd00009e50 tx=0x7fbd00009840 comp rx=0 tx=0).stop
2024-03-22T07:07:31.918 INFO:teuthology.orchestra.run.smithi063.stdout:/usr/bin/ceph: stderr
2024-03-22T07:07:31.133+0000 7fbd0d829700 1 -- 172.21.15.63:0/1283149535 shutdown_connections
2024-03-22T07:07:31.918 INFO:teuthology.orchestra.run.smithi063.stdout:/usr/bin/ceph: stderr
2024-03-22T07:07:31.133+0000 7fbd0d829700 1 --2- 172.21.15.63:0/1283149535 >> [v2:172.21.15.63:3300/0,v1:172.21.15.63:6789/0] conn(0x7fbd08078ca0 0x7fbd08077200 unknown :-1 s=CLOSED pgs=61 cs=0 l=1 rev1=1 crypto rx=0 tx=0 comp rx=0 tx=0).stop
2024-03-22T07:07:31.918 INFO:teuthology.orchestra.run.smithi063.stdout:/usr/bin/ceph: stderr
2024-03-22T07:07:31.133+0000 7fbd0d829700 1 -- 172.21.15.63:0/1283149535 >> 172.21.15.63:0/1283149535 conn(0x7fbd080fde40 msgr2=0x7fbd081002b0 unknown :-1 s=STATE_NONE l=0).mark_down
2024-03-22T07:07:31.918 INFO:teuthology.orchestra.run.smithi063.stdout:/usr/bin/ceph: stderr
2024-03-22T07:07:31.133+0000 7fbd0d829700 1 -- 172.21.15.63:0/1283149535 shutdown_connections
2024-03-22T07:07:31.918 INFO:teuthology.orchestra.run.smithi063.stdout:/usr/bin/ceph: stderr
2024-03-22T07:07:31.133+0000 7fbd0d829700 1 -- 172.21.15.63:0/1283149535 wait complete.
2024-03-22T07:07:31.918 INFO:teuthology.orchestra.run.smithi063.stdout:/usr/bin/ceph: stderr
2024-03-22T07:07:31.134+0000 7fbd0d829700 1 Processor -- start
2024-03-22T07:07:31.918 INFO:teuthology.orchestra.run.smithi063.stdout:/usr/bin/ceph: stderr
2024-03-22T07:07:31.134+0000 7fbd0d829700 1 -- start start
2024-03-22T07:07:31.918 INFO:teuthology.orchestra.run.smithi063.stdout:/usr/bin/ceph: stderr
2024-03-22T07:07:31.134+0000 7fbd0d829700 1 --2- >> [v2:172.21.15.63:3300/0,v1:172.21.15.63:6789/0] conn(0x7fbd08078ca0 0x7fbd081137f0 unknown :-1 s=NONE pgs=0 cs=0 l=1 rev1=0 crypto rx=0 tx=0 comp rx=0 tx=0).connect
2024-03-22T07:07:31.919 INFO:teuthology.orchestra.run.smithi063.stdout:/usr/bin/ceph: stderr
2024-03-22T07:07:31.134+0000 7fbd0d829700 1 -- --> [v2:172.21.15.63:3300/0,v1:172.21.15.63:6789/0] -- mon_getmap magic: 0 v1 -- 0x7fbd08113d30 con 0x7fbd08078ca0
2024-03-22T07:07:31.919 INFO:teuthology.orchestra.run.smithi063.stdout:/usr/bin/ceph: stderr
2024-03-22T07:07:31.134+0000 7fbd06ffd700 1 --2- >> [v2:172.21.15.63:3300/0,v1:172.21.15.63:6789/0] conn(0x7fbd08078ca0 0x7fbd081137f0 unknown :-1 s=BANNER_CONNECTING pgs=0 cs=0 l=1 rev1=0 crypto rx=0 tx=0 comp rx=0 tx=0)._handle_peer_banner_payload supported=3 required=0
2024-03-22T07:07:31.919 INFO:teuthology.orchestra.run.smithi063.stdout:/usr/bin/ceph: stderr
2024-03-22T07:07:31.134+0000 7fbd06ffd700 1 --2- >> [v2:172.21.15.63:3300/0,v1:172.21.15.63:6789/0] conn(0x7fbd08078ca0 0x7fbd081137f0 unknown :-1 s=HELLO_CONNECTING pgs=0 cs=0 l=1 rev1=1 crypto rx=0 tx=0 comp rx=0 tx=0).handle_hello peer v2:172.21.15.63:3300/0 says I am v2:172.21.15.63:56482/0 (socket says 172.21.15.63:56482)
2024-03-22T07:07:31.919 INFO:teuthology.orchestra.run.smithi063.stdout:/usr/bin/ceph: stderr
2024-03-22T07:07:31.134+0000 7fbd06ffd700 1 -- 172.21.15.63:0/37869086 learned_addr learned my addr 172.21.15.63:0/37869086 (peer_addr_for_me v2:172.21.15.63:0/0)
2024-03-22T07:07:31.919 INFO:teuthology.orchestra.run.smithi063.stdout:/usr/bin/ceph: stderr
2024-03-22T07:07:31.134+0000 7fbd06ffd700 1 -- 172.21.15.63:0/37869086 --> [v2:172.21.15.63:3300/0,v1:172.21.15.63:6789/0] -- mon_subscribe({config=0+,monmap=0+}) v3 -- 0x7fbd00009ae0 con 0x7fbd08078ca0
2024-03-22T07:07:31.919 INFO:teuthology.orchestra.run.smithi063.stdout:/usr/bin/ceph: stderr
2024-03-22T07:07:31.134+0000 7fbd06ffd700 1 --2- 172.21.15.63:0/37869086 >> [v2:172.21.15.63:3300/0,v1:172.21.15.63:6789/0] conn(0x7fbd08078ca0 0x7fbd081137f0 secure :-1 s=READY pgs=62 cs=0 l=1 rev1=1 crypto rx=0x7fbd00009fd0 tx=0x7fbd00009840 comp rx=0 tx=0).ready entity=mon.0 client_cookie=0 server_cookie=0 in_seq=0 out_seq=0
2024-03-22T07:07:31.919 INFO:teuthology.orchestra.run.smithi063.stdout:/usr/bin/ceph: stderr
2024-03-22T07:07:31.134+0000 7fbcff7fe700 1 -- 172.21.15.63:0/37869086 <== mon.0 v2:172.21.15.63:3300/0 1 ==== mon_map magic: 0 v1 ==== 229+0+0 (secure 0 0 0) 0x7fbd000092e0 con 0x7fbd08078ca0
2024-03-22T07:07:31.919 INFO:teuthology.orchestra.run.smithi063.stdout:/usr/bin/ceph: stderr
2024-03-22T07:07:31.134+0000 7fbcff7fe700 1 -- 172.21.15.63:0/37869086 <== mon.0 v2:172.21.15.63:3300/0 2 ==== config(27 keys) v1 ==== 1109+0+0 (secure 0 0 0) 0x7fbd00007ce0 con 0x7fbd08078ca0
2024-03-22T07:07:31.919 INFO:teuthology.orchestra.run.smithi063.stdout:/usr/bin/ceph: stderr
2024-03-22T07:07:31.134+0000 7fbd0d829700 1 -- 172.21.15.63:0/37869086 --> [v2:172.21.15.63:3300/0,v1:172.21.15.63:6789/0] -- mon_subscribe({mgrmap=0+}) v3 -- 0x7fbd08113f30 con 0x7fbd08078ca0
2024-03-22T07:07:31.919 INFO:teuthology.orchestra.run.smithi063.stdout:/usr/bin/ceph: stderr
2024-03-22T07:07:31.134+0000 7fbcff7fe700 1 -- 172.21.15.63:0/37869086 <== mon.0 v2:172.21.15.63:3300/0 3 ==== mon_map magic: 0 v1 ==== 229+0+0 (secure 0 0 0) 0x7fbd000259c0 con 0x7fbd08078ca0
2024-03-22T07:07:31.919 INFO:teuthology.orchestra.run.smithi063.stdout:/usr/bin/ceph: stderr
2024-03-22T07:07:31.135+0000 7fbd0d829700 1 -- 172.21.15.63:0/37869086 --> [v2:172.21.15.63:3300/0,v1:172.21.15.63:6789/0] -- mon_subscribe({osdmap=0}) v3 -- 0x7fbd08114aa0 con 0x7fbd08078ca0
2024-03-22T07:07:31.919 INFO:teuthology.orchestra.run.smithi063.stdout:/usr/bin/ceph: stderr
2024-03-22T07:07:31.136+0000 7fbcff7fe700 1 -- 172.21.15.63:0/37869086 <== mon.0 v2:172.21.15.63:3300/0 4 ==== mgrmap(e 8) v1 ==== 43368+0+0 (secure 0 0 0) 0x7fbd00019050 con 0x7fbd08078ca0
2024-03-22T07:07:31.919 INFO:teuthology.orchestra.run.smithi063.stdout:/usr/bin/ceph: stderr
2024-03-22T07:07:31.136+0000 7fbd0d829700 1 -- 172.21.15.63:0/37869086 --> [v2:172.21.15.63:3300/0,v1:172.21.15.63:6789/0] -- mon_command({"prefix": "get_command_descriptions"} v 0) v1 -- 0x7fbd0805f5f0 con 0x7fbd08078ca0
2024-03-22T07:07:31.920 INFO:teuthology.orchestra.run.smithi063.stdout:/usr/bin/ceph: stderr
2024-03-22T07:07:31.136+0000 7fbcff7fe700 1 --2- 172.21.15.63:0/37869086 >> [v2:172.21.15.63:6800/480818549,v1:172.21.15.63:6801/480818549] conn(0x7fbcf4036790 0x7fbcf4038c40 unknown :-1 s=NONE pgs=0 cs=0 l=1 rev1=0 crypto rx=0 tx=0 comp rx=0 tx=0).connect
2024-03-22T07:07:31.920 INFO:teuthology.orchestra.run.smithi063.stdout:/usr/bin/ceph: stderr
2024-03-22T07:07:31.136+0000 7fbcff7fe700 1 -- 172.21.15.63:0/37869086 <== mon.0 v2:172.21.15.63:3300/0 5 ==== osd_map(2..2 src has 1..2) v4 ==== 936+0+0 (secure 0 0 0) 0x7fbd0004a060 con 0x7fbd08078ca0
2024-03-22T07:07:31.920 INFO:teuthology.orchestra.run.smithi063.stdout:/usr/bin/ceph: stderr
2024-03-22T07:07:31.136+0000 7fbd067fc700 1 --2- 172.21.15.63:0/37869086 >> [v2:172.21.15.63:6800/480818549,v1:172.21.15.63:6801/480818549] conn(0x7fbcf4036790 0x7fbcf4038c40 unknown :-1 s=BANNER_CONNECTING pgs=0 cs=0 l=1 rev1=0 crypto rx=0 tx=0 comp rx=0 tx=0)._handle_peer_banner_payload supported=3 required=0
2024-03-22T07:07:31.920 INFO:teuthology.orchestra.run.smithi063.stdout:/usr/bin/ceph: stderr
2024-03-22T07:07:31.136+0000 7fbd067fc700 1 --2- 172.21.15.63:0/37869086 >> [v2:172.21.15.63:6800/480818549,v1:172.21.15.63:6801/480818549] conn(0x7fbcf4036790 0x7fbcf4038c40 secure :-1 s=READY pgs=19 cs=0 l=1 rev1=1 crypto rx=0x7fbcf0009990 tx=0x7fbcf0006e40 comp rx=0 tx=0).ready entity=mgr.14120 client_cookie=0 server_cookie=0 in_seq=0 out_seq=0
2024-03-22T07:07:31.920 INFO:teuthology.orchestra.run.smithi063.stdout:/usr/bin/ceph: stderr
2024-03-22T07:07:31.141+0000 7fbcff7fe700 1 -- 172.21.15.63:0/37869086 <== mon.0 v2:172.21.15.63:3300/0 6 ==== mon_command_ack([{"prefix": "get_command_descriptions"}]=0 v0) v1 ==== 72+0+176504 (secure 0 0 0) 0x7fbd0002d950 con 0x7fbd08078ca0
2024-03-22T07:07:31.920 INFO:teuthology.orchestra.run.smithi063.stdout:/usr/bin/ceph: stderr
2024-03-22T07:07:31.335+0000 7fbd0d829700 1 -- 172.21.15.63:0/37869086 --> [v2:172.21.15.63:3300/0,v1:172.21.15.63:6789/0] -- mon_command([{prefix=config set, name=mgr/cephadm/container_init}] v 0) v1 -- 0x7fbd0804bed0 con 0x7fbd08078ca0
2024-03-22T07:07:31.920 INFO:teuthology.orchestra.run.smithi063.stdout:/usr/bin/ceph: stderr
2024-03-22T07:07:31.338+0000 7fbcff7fe700 1 -- 172.21.15.63:0/37869086 <== mon.0 v2:172.21.15.63:3300/0 7 ==== mon_command_ack([{prefix=config set, name=mgr/cephadm/container_init}]=0 v7)=0 v7) v1 ==== 142+0+0 (secure 0 0 0) 0x7fbd00020030 con 0x7fbd08078ca0
2024-03-22T07:07:31.920 INFO:teuthology.orchestra.run.smithi063.stdout:/usr/bin/ceph: stderr
2024-03-22T07:07:31.340+0000 7fbd0d829700 1 -- 172.21.15.63:0/37869086 >> [v2:172.21.15.63:6800/480818549,v1:172.21.15.63:6801/480818549] conn(0x7fbcf4036790 msgr2=0x7fbcf4038c40 secure :-1 s=STATE_CONNECTION_ESTABLISHED l=1).mark_down
2024-03-22T07:07:31.920 INFO:teuthology.orchestra.run.smithi063.stdout:/usr/bin/ceph: stderr
2024-03-22T07:07:31.340+0000 7fbd0d829700 1 --2- 172.21.15.63:0/37869086 >> [v2:172.21.15.63:6800/480818549,v1:172.21.15.63:6801/480818549] conn(0x7fbcf4036790 0x7fbcf4038c40 secure :-1 s=READY pgs=19 cs=0 l=1 rev1=1 crypto rx=0x7fbcf0009990 tx=0x7fbcf0006e40 comp rx=0 tx=0).stop
2024-03-22T07:07:31.920 INFO:teuthology.orchestra.run.smithi063.stdout:/usr/bin/ceph: stderr
2024-03-22T07:07:31.340+0000 7fbd0d829700 1 -- 172.21.15.63:0/37869086 >> [v2:172.21.15.63:3300/0,v1:172.21.15.63:6789/0] conn(0x7fbd08078ca0 msgr2=0x7fbd081137f0 secure :-1 s=STATE_CONNECTION_ESTABLISHED l=1).mark_down
2024-03-22T07:07:31.920 INFO:teuthology.orchestra.run.smithi063.stdout:/usr/bin/ceph: stderr
2024-03-22T07:07:31.340+0000 7fbd0d829700 1 --2- 172.21.15.63:0/37869086 >> [v2:172.21.15.63:3300/0,v1:172.21.15.63:6789/0] conn(0x7fbd08078ca0 0x7fbd081137f0 secure :-1 s=READY pgs=62 cs=0 l=1 rev1=1 crypto rx=0x7fbd00009fd0 tx=0x7fbd00009840 comp rx=0 tx=0).stop
2024-03-22T07:07:31.920 INFO:teuthology.orchestra.run.smithi063.stdout:/usr/bin/ceph: stderr
2024-03-22T07:07:31.340+0000 7fbd0d829700 1 -- 172.21.15.63:0/37869086 shutdown_connections
2024-03-22T07:07:31.920 INFO:teuthology.orchestra.run.smithi063.stdout:/usr/bin/ceph: stderr
2024-03-22T07:07:31.340+0000 7fbd0d829700 1 --2- 172.21.15.63:0/37869086 >> [v2:172.21.15.63:6800/480818549,v1:172.21.15.63:6801/480818549] conn(0x7fbcf4036790 0x7fbcf4038c40 unknown :-1 s=CLOSED pgs=19 cs=0 l=1 rev1=1 crypto rx=0 tx=0 comp rx=0 tx=0).stop
2024-03-22T07:07:31.921 INFO:teuthology.orchestra.run.smithi063.stdout:/usr/bin/ceph: stderr
2024-03-22T07:07:31.340+0000 7fbd0d829700 1 --2- 172.21.15.63:0/37869086 >> [v2:172.21.15.63:3300/0,v1:172.21.15.63:6789/0] conn(0x7fbd08078ca0 0x7fbd081137f0 unknown :-1 s=CLOSED pgs=62 cs=0 l=1 rev1=1 crypto rx=0 tx=0 comp rx=0 tx=0).stop
2024-03-22T07:07:31.921 INFO:teuthology.orchestra.run.smithi063.stdout:/usr/bin/ceph: stderr
2024-03-22T07:07:31.340+0000 7fbd0d829700 1 -- 172.21.15.63:0/37869086 >> 172.21.15.63:0/37869086 conn(0x7fbd080fde40 msgr2=0x7fbd080fea60 unknown :-1 s=STATE_NONE l=0).mark_down
2024-03-22T07:07:31.921 INFO:teuthology.orchestra.run.smithi063.stdout:/usr/bin/ceph: stderr
2024-03-22T07:07:31.341+0000 7fbd0d829700 1 -- 172.21.15.63:0/37869086 shutdown_connections
2024-03-22T07:07:31.921 INFO:teuthology.orchestra.run.smithi063.stdout:/usr/bin/ceph: stderr
2024-03-22T07:07:31.341+0000 7fbd0d829700 1 -- 172.21.15.63:0/37869086 wait complete.
2024-03-22T07:07:32.507 INFO:journalctl@ceph.mon.smithi063.smithi063.stdout:Mar 22 07:07:32 smithi063 ceph-mon[29200]: from='client.? 172.21.15.63:0/37869086' entity='client.admin'
2024-03-22T07:07:33.164 INFO:teuthology.orchestra.run.smithi063.stdout:/usr/bin/ceph: stderr
2024-03-22T07:07:32.300+0000 7fc241bfd700 1 Processor -- start
2024-03-22T07:07:33.164 INFO:teuthology.orchestra.run.smithi063.stdout:/usr/bin/ceph: stderr
2024-03-22T07:07:32.300+0000 7fc241bfd700 1 -- start start
2024-03-22T07:07:33.164 INFO:teuthology.orchestra.run.smithi063.stdout:/usr/bin/ceph: stderr
2024-03-22T07:07:32.300+0000 7fc241bfd700 1 --2- >> [v2:172.21.15.63:3300/0,v1:172.21.15.63:6789/0] conn(0x7fc23c078c50 0x7fc23c077200 unknown :-1 s=NONE pgs=0 cs=0 l=0 rev1=0 crypto rx=0 tx=0 comp rx=0 tx=0).connect
2024-03-22T07:07:33.164 INFO:teuthology.orchestra.run.smithi063.stdout:/usr/bin/ceph: stderr
2024-03-22T07:07:32.300+0000 7fc241bfd700 1 -- --> [v2:172.21.15.63:3300/0,v1:172.21.15.63:6789/0] -- mon_getmap magic: 0 v1 -- 0x7fc23c079060 con 0x7fc23c078c50
2024-03-22T07:07:33.164 INFO:teuthology.orchestra.run.smithi063.stdout:/usr/bin/ceph: stderr
2024-03-22T07:07:32.300+0000 7fc23b7fe700 1 --2- >> [v2:172.21.15.63:3300/0,v1:172.21.15.63:6789/0] conn(0x7fc23c078c50 0x7fc23c077200 unknown :-1 s=BANNER_CONNECTING pgs=0 cs=0 l=0 rev1=0 crypto rx=0 tx=0 comp rx=0 tx=0)._handle_peer_banner_payload supported=3 required=0
2024-03-22T07:07:33.164 INFO:teuthology.orchestra.run.smithi063.stdout:/usr/bin/ceph: stderr
2024-03-22T07:07:32.300+0000 7fc23b7fe700 1 --2- >> [v2:172.21.15.63:3300/0,v1:172.21.15.63:6789/0] conn(0x7fc23c078c50 0x7fc23c077200 unknown :-1 s=HELLO_CONNECTING pgs=0 cs=0 l=0 rev1=1 crypto rx=0 tx=0 comp rx=0 tx=0).handle_hello peer v2:172.21.15.63:3300/0 says I am v2:172.21.15.63:56488/0 (socket says 172.21.15.63:56488)
2024-03-22T07:07:33.164 INFO:teuthology.orchestra.run.smithi063.stdout:/usr/bin/ceph: stderr
2024-03-22T07:07:32.300+0000 7fc23b7fe700 1 -- 172.21.15.63:0/4281131207 learned_addr learned my addr 172.21.15.63:0/4281131207 (peer_addr_for_me v2:172.21.15.63:0/0)
2024-03-22T07:07:33.164 INFO:teuthology.orchestra.run.smithi063.stdout:/usr/bin/ceph: stderr
2024-03-22T07:07:32.301+0000 7fc23b7fe700 1 -- 172.21.15.63:0/4281131207 --> [v2:172.21.15.63:3300/0,v1:172.21.15.63:6789/0] -- mon_subscribe({config=0+,monmap=0+}) v3 -- 0x7fc23c077740 con 0x7fc23c078c50
2024-03-22T07:07:33.164 INFO:teuthology.orchestra.run.smithi063.stdout:/usr/bin/ceph: stderr
2024-03-22T07:07:32.301+0000 7fc23b7fe700 1 --2- 172.21.15.63:0/4281131207 >> [v2:172.21.15.63:3300/0,v1:172.21.15.63:6789/0] conn(0x7fc23c078c50 0x7fc23c077200 secure :-1 s=READY pgs=63 cs=0 l=1 rev1=1 crypto rx=0x7fc22c0098e0 tx=0x7fc22c009250 comp rx=0 tx=0).ready entity=mon.0 client_cookie=21752b9ba12fd311 server_cookie=0 in_seq=0 out_seq=0
2024-03-22T07:07:33.164 INFO:teuthology.orchestra.run.smithi063.stdout:/usr/bin/ceph: stderr
2024-03-22T07:07:32.301+0000 7fc23a7fc700 1 -- 172.21.15.63:0/4281131207 <== mon.0 v2:172.21.15.63:3300/0 1 ==== mon_map magic: 0 v1 ==== 229+0+0 (secure 0 0 0) 0x7fc22c00b860 con 0x7fc23c078c50
2024-03-22T07:07:33.164 INFO:teuthology.orchestra.run.smithi063.stdout:/usr/bin/ceph: stderr
2024-03-22T07:07:32.301+0000 7fc23a7fc700 1 -- 172.21.15.63:0/4281131207 <== mon.0 v2:172.21.15.63:3300/0 2 ==== config(27 keys) v1 ==== 1109+0+0 (secure 0 0 0) 0x7fc22c00be90 con 0x7fc23c078c50
2024-03-22T07:07:33.164 INFO:teuthology.orchestra.run.smithi063.stdout:/usr/bin/ceph: stderr
2024-03-22T07:07:32.301+0000 7fc23a7fc700 1 -- 172.21.15.63:0/4281131207 <== mon.0 v2:172.21.15.63:3300/0 3 ==== mon_map magic: 0 v1 ==== 229+0+0 (secure 0 0 0) 0x7fc22c0103c0 con 0x7fc23c078c50
2024-03-22T07:07:33.165 INFO:teuthology.orchestra.run.smithi063.stdout:/usr/bin/ceph: stderr
2024-03-22T07:07:32.301+0000 7fc241bfd700 1 -- 172.21.15.63:0/4281131207 >> [v2:172.21.15.63:3300/0,v1:172.21.15.63:6789/0] conn(0x7fc23c078c50 msgr2=0x7fc23c077200 secure :-1 s=STATE_CONNECTION_ESTABLISHED l=1).mark_down
2024-03-22T07:07:33.165 INFO:teuthology.orchestra.run.smithi063.stdout:/usr/bin/ceph: stderr
2024-03-22T07:07:32.301+0000 7fc241bfd700 1 --2- 172.21.15.63:0/4281131207 >> [v2:172.21.15.63:3300/0,v1:172.21.15.63:6789/0] conn(0x7fc23c078c50 0x7fc23c077200 secure :-1 s=READY pgs=63 cs=0 l=1 rev1=1 crypto rx=0x7fc22c0098e0 tx=0x7fc22c009250 comp rx=0 tx=0).stop
2024-03-22T07:07:33.165 INFO:teuthology.orchestra.run.smithi063.stdout:/usr/bin/ceph: stderr
2024-03-22T07:07:32.301+0000 7fc241bfd700 1 -- 172.21.15.63:0/4281131207 shutdown_connections
2024-03-22T07:07:33.165 INFO:teuthology.orchestra.run.smithi063.stdout:/usr/bin/ceph: stderr
2024-03-22T07:07:32.301+0000 7fc241bfd700 1 --2- 172.21.15.63:0/4281131207 >> [v2:172.21.15.63:3300/0,v1:172.21.15.63:6789/0] conn(0x7fc23c078c50 0x7fc23c077200 unknown :-1 s=CLOSED pgs=63 cs=0 l=1 rev1=1 crypto rx=0 tx=0 comp rx=0 tx=0).stop
2024-03-22T07:07:33.165 INFO:teuthology.orchestra.run.smithi063.stdout:/usr/bin/ceph: stderr
2024-03-22T07:07:32.301+0000 7fc241bfd700 1 -- 172.21.15.63:0/4281131207 >> 172.21.15.63:0/4281131207 conn(0x7fc23c0fde90 msgr2=0x7fc23c100300 unknown :-1 s=STATE_NONE l=0).mark_down
2024-03-22T07:07:33.165 INFO:teuthology.orchestra.run.smithi063.stdout:/usr/bin/ceph: stderr
2024-03-22T07:07:32.301+0000 7fc241bfd700 1 -- 172.21.15.63:0/4281131207 shutdown_connections
2024-03-22T07:07:33.165 INFO:teuthology.orchestra.run.smithi063.stdout:/usr/bin/ceph: stderr
2024-03-22T07:07:32.302+0000 7fc241bfd700 1 -- 172.21.15.63:0/4281131207 wait complete.
2024-03-22T07:07:33.165 INFO:teuthology.orchestra.run.smithi063.stdout:/usr/bin/ceph: stderr
2024-03-22T07:07:32.302+0000 7fc241bfd700 1 Processor -- start
2024-03-22T07:07:33.165 INFO:teuthology.orchestra.run.smithi063.stdout:/usr/bin/ceph: stderr
2024-03-22T07:07:32.302+0000 7fc241bfd700 1 -- start start
2024-03-22T07:07:33.165 INFO:teuthology.orchestra.run.smithi063.stdout:/usr/bin/ceph: stderr
2024-03-22T07:07:32.302+0000 7fc241bfd700 1 --2- >> [v2:172.21.15.63:3300/0,v1:172.21.15.63:6789/0] conn(0x7fc23c078c50 0x7fc23c113820 unknown :-1 s=NONE pgs=0 cs=0 l=1 rev1=0 crypto rx=0 tx=0 comp rx=0 tx=0).connect
2024-03-22T07:07:33.165 INFO:teuthology.orchestra.run.smithi063.stdout:/usr/bin/ceph: stderr
2024-03-22T07:07:32.302+0000 7fc241bfd700 1 -- --> [v2:172.21.15.63:3300/0,v1:172.21.15.63:6789/0] -- mon_getmap magic: 0 v1 -- 0x7fc23c113d60 con 0x7fc23c078c50
2024-03-22T07:07:33.165 INFO:teuthology.orchestra.run.smithi063.stdout:/usr/bin/ceph: stderr
2024-03-22T07:07:32.302+0000 7fc23b7fe700 1 --2- >> [v2:172.21.15.63:3300/0,v1:172.21.15.63:6789/0] conn(0x7fc23c078c50 0x7fc23c113820 unknown :-1 s=BANNER_CONNECTING pgs=0 cs=0 l=1 rev1=0 crypto rx=0 tx=0 comp rx=0 tx=0)._handle_peer_banner_payload supported=3 required=0
2024-03-22T07:07:33.165 INFO:teuthology.orchestra.run.smithi063.stdout:/usr/bin/ceph: stderr
2024-03-22T07:07:32.302+0000 7fc23b7fe700 1 --2- >> [v2:172.21.15.63:3300/0,v1:172.21.15.63:6789/0] conn(0x7fc23c078c50 0x7fc23c113820 unknown :-1 s=HELLO_CONNECTING pgs=0 cs=0 l=1 rev1=1 crypto rx=0 tx=0 comp rx=0 tx=0).handle_hello peer v2:172.21.15.63:3300/0 says I am v2:172.21.15.63:56498/0 (socket says 172.21.15.63:56498)
2024-03-22T07:07:33.165 INFO:teuthology.orchestra.run.smithi063.stdout:/usr/bin/ceph: stderr
2024-03-22T07:07:32.302+0000 7fc23b7fe700 1 -- 172.21.15.63:0/3726333461 learned_addr learned my addr 172.21.15.63:0/3726333461 (peer_addr_for_me v2:172.21.15.63:0/0)
2024-03-22T07:07:33.166 INFO:teuthology.orchestra.run.smithi063.stdout:/usr/bin/ceph: stderr
2024-03-22T07:07:32.303+0000 7fc23b7fe700 1 -- 172.21.15.63:0/3726333461 --> [v2:172.21.15.63:3300/0,v1:172.21.15.63:6789/0] -- mon_subscribe({config=0+,monmap=0+}) v3 -- 0x7fc22c0094f0 con 0x7fc23c078c50
2024-03-22T07:07:33.166 INFO:teuthology.orchestra.run.smithi063.stdout:/usr/bin/ceph: stderr
2024-03-22T07:07:32.303+0000 7fc23b7fe700 1 --2- 172.21.15.63:0/3726333461 >> [v2:172.21.15.63:3300/0,v1:172.21.15.63:6789/0] conn(0x7fc23c078c50 0x7fc23c113820 secure :-1 s=READY pgs=64 cs=0 l=1 rev1=1 crypto rx=0x7fc22c0094c0 tx=0x7fc22c009250 comp rx=0 tx=0).ready entity=mon.0 client_cookie=0 server_cookie=0 in_seq=0 out_seq=0
2024-03-22T07:07:33.166 INFO:teuthology.orchestra.run.smithi063.stdout:/usr/bin/ceph: stderr
2024-03-22T07:07:32.303+0000 7fc223fff700 1 -- 172.21.15.63:0/3726333461 <== mon.0 v2:172.21.15.63:3300/0 1 ==== mon_map magic: 0 v1 ==== 229+0+0 (secure 0 0 0) 0x7fc22c010890 con 0x7fc23c078c50
2024-03-22T07:07:33.166 INFO:teuthology.orchestra.run.smithi063.stdout:/usr/bin/ceph: stderr
2024-03-22T07:07:32.303+0000 7fc223fff700 1 -- 172.21.15.63:0/3726333461 <== mon.0 v2:172.21.15.63:3300/0 2 ==== config(27 keys) v1 ==== 1109+0+0 (secure 0 0 0) 0x7fc22c010ec0 con 0x7fc23c078c50
2024-03-22T07:07:33.166 INFO:teuthology.orchestra.run.smithi063.stdout:/usr/bin/ceph: stderr
2024-03-22T07:07:32.303+0000 7fc241bfd700 1 -- 172.21.15.63:0/3726333461 --> [v2:172.21.15.63:3300/0,v1:172.21.15.63:6789/0] -- mon_subscribe({mgrmap=0+}) v3 -- 0x7fc23c113f60 con 0x7fc23c078c50
2024-03-22T07:07:33.166 INFO:teuthology.orchestra.run.smithi063.stdout:/usr/bin/ceph: stderr
2024-03-22T07:07:32.303+0000 7fc223fff700 1 -- 172.21.15.63:0/3726333461 <== mon.0 v2:172.21.15.63:3300/0 3 ==== mon_map magic: 0 v1 ==== 229+0+0 (secure 0 0 0) 0x7fc22c0243f0 con 0x7fc23c078c50
2024-03-22T07:07:33.166 INFO:teuthology.orchestra.run.smithi063.stdout:/usr/bin/ceph: stderr
2024-03-22T07:07:32.303+0000 7fc241bfd700 1 -- 172.21.15.63:0/3726333461 --> [v2:172.21.15.63:3300/0,v1:172.21.15.63:6789/0] -- mon_subscribe({osdmap=0}) v3 -- 0x7fc23c114ad0 con 0x7fc23c078c50
2024-03-22T07:07:33.166 INFO:teuthology.orchestra.run.smithi063.stdout:/usr/bin/ceph: stderr
2024-03-22T07:07:32.304+0000 7fc223fff700 1 -- 172.21.15.63:0/3726333461 <== mon.0 v2:172.21.15.63:3300/0 4 ==== mgrmap(e 8) v1 ==== 43368+0+0 (secure 0 0 0) 0x7fc22c02d3f0 con 0x7fc23c078c50
2024-03-22T07:07:33.166 INFO:teuthology.orchestra.run.smithi063.stdout:/usr/bin/ceph: stderr
2024-03-22T07:07:32.304+0000 7fc223fff700 1 --2- 172.21.15.63:0/3726333461 >> [v2:172.21.15.63:6800/480818549,v1:172.21.15.63:6801/480818549] conn(0x7fc2240367e0 0x7fc224038c90 unknown :-1 s=NONE pgs=0 cs=0 l=1 rev1=0 crypto rx=0 tx=0 comp rx=0 tx=0).connect
2024-03-22T07:07:33.167 INFO:teuthology.orchestra.run.smithi063.stdout:/usr/bin/ceph: stderr
2024-03-22T07:07:32.304+0000 7fc241bfd700 1 -- 172.21.15.63:0/3726333461 --> [v2:172.21.15.63:3300/0,v1:172.21.15.63:6789/0] -- mon_command({"prefix": "get_command_descriptions"} v 0) v1 -- 0x7fc23c05f5f0 con 0x7fc23c078c50
2024-03-22T07:07:33.167 INFO:teuthology.orchestra.run.smithi063.stdout:/usr/bin/ceph: stderr
2024-03-22T07:07:32.304+0000 7fc223fff700 1 -- 172.21.15.63:0/3726333461 <== mon.0 v2:172.21.15.63:3300/0 5 ==== osd_map(2..2 src has 1..2) v4 ==== 936+0+0 (secure 0 0 0) 0x7fc22c04a220 con 0x7fc23c078c50
2024-03-22T07:07:33.167 INFO:teuthology.orchestra.run.smithi063.stdout:/usr/bin/ceph: stderr
2024-03-22T07:07:32.304+0000 7fc23affd700 1 --2- 172.21.15.63:0/3726333461 >> [v2:172.21.15.63:6800/480818549,v1:172.21.15.63:6801/480818549] conn(0x7fc2240367e0 0x7fc224038c90 unknown :-1 s=BANNER_CONNECTING pgs=0 cs=0 l=1 rev1=0 crypto rx=0 tx=0 comp rx=0 tx=0)._handle_peer_banner_payload supported=3 required=0
2024-03-22T07:07:33.167 INFO:teuthology.orchestra.run.smithi063.stdout:/usr/bin/ceph: stderr
2024-03-22T07:07:32.305+0000 7fc23affd700 1 --2- 172.21.15.63:0/3726333461 >> [v2:172.21.15.63:6800/480818549,v1:172.21.15.63:6801/480818549] conn(0x7fc2240367e0 0x7fc224038c90 secure :-1 s=READY pgs=20 cs=0 l=1 rev1=1 crypto rx=0x7fc230009990 tx=0x7fc230006e40 comp rx=0 tx=0).ready entity=mgr.14120 client_cookie=0 server_cookie=0 in_seq=0 out_seq=0
2024-03-22T07:07:33.167 INFO:teuthology.orchestra.run.smithi063.stdout:/usr/bin/ceph: stderr
2024-03-22T07:07:32.309+0000 7fc223fff700 1 -- 172.21.15.63:0/3726333461 <== mon.0 v2:172.21.15.63:3300/0 6 ==== mon_command_ack([{"prefix": "get_command_descriptions"}]=0 v0) v1 ==== 72+0+176504 (secure 0 0 0) 0x7fc22c02b8e0 con 0x7fc23c078c50
2024-03-22T07:07:33.167 INFO:teuthology.orchestra.run.smithi063.stdout:/usr/bin/ceph: stderr
2024-03-22T07:07:32.506+0000 7fc241bfd700 1 -- 172.21.15.63:0/3726333461 --> [v2:172.21.15.63:3300/0,v1:172.21.15.63:6789/0] -- mon_command([{prefix=config set, name=mgr/dashboard/ssl_server_port}] v 0) v1 -- 0x7fc23c04bed0 con 0x7fc23c078c50
2024-03-22T07:07:33.167 INFO:teuthology.orchestra.run.smithi063.stdout:/usr/bin/ceph: stderr
2024-03-22T07:07:32.511+0000 7fc223fff700 1 -- 172.21.15.63:0/3726333461 <== mon.0 v2:172.21.15.63:3300/0 7 ==== mon_command_ack([{prefix=config set, name=mgr/dashboard/ssl_server_port}]=0 v8)=0 v8) v1 ==== 130+0+0 (secure 0 0 0) 0x7fc22c02b2f0 con 0x7fc23c078c50
2024-03-22T07:07:33.167 INFO:teuthology.orchestra.run.smithi063.stdout:/usr/bin/ceph: stderr
2024-03-22T07:07:32.513+0000 7fc241bfd700 1 -- 172.21.15.63:0/3726333461 >> [v2:172.21.15.63:6800/480818549,v1:172.21.15.63:6801/480818549] conn(0x7fc2240367e0 msgr2=0x7fc224038c90 secure :-1 s=STATE_CONNECTION_ESTABLISHED l=1).mark_down
2024-03-22T07:07:33.167 INFO:teuthology.orchestra.run.smithi063.stdout:/usr/bin/ceph: stderr
2024-03-22T07:07:32.513+0000 7fc241bfd700 1 --2- 172.21.15.63:0/3726333461 >> [v2:172.21.15.63:6800/480818549,v1:172.21.15.63:6801/480818549] conn(0x7fc2240367e0 0x7fc224038c90 secure :-1 s=READY pgs=20 cs=0 l=1 rev1=1 crypto rx=0x7fc230009990 tx=0x7fc230006e40 comp rx=0 tx=0).stop
2024-03-22T07:07:33.167 INFO:teuthology.orchestra.run.smithi063.stdout:/usr/bin/ceph: stderr
2024-03-22T07:07:32.513+0000 7fc241bfd700 1 -- 172.21.15.63:0/3726333461 >> [v2:172.21.15.63:3300/0,v1:172.21.15.63:6789/0] conn(0x7fc23c078c50 msgr2=0x7fc23c113820 secure :-1 s=STATE_CONNECTION_ESTABLISHED l=1).mark_down
2024-03-22T07:07:33.167 INFO:teuthology.orchestra.run.smithi063.stdout:/usr/bin/ceph: stderr
2024-03-22T07:07:32.513+0000 7fc241bfd700 1 --2- 172.21.15.63:0/3726333461 >> [v2:172.21.15.63:3300/0,v1:172.21.15.63:6789/0] conn(0x7fc23c078c50 0x7fc23c113820 secure :-1 s=READY pgs=64 cs=0 l=1 rev1=1 crypto rx=0x7fc22c0094c0 tx=0x7fc22c009250 comp rx=0 tx=0).stop
2024-03-22T07:07:33.167 INFO:teuthology.orchestra.run.smithi063.stdout:/usr/bin/ceph: stderr
2024-03-22T07:07:32.513+0000 7fc241bfd700 1 -- 172.21.15.63:0/3726333461 shutdown_connections
2024-03-22T07:07:33.168 INFO:teuthology.orchestra.run.smithi063.stdout:/usr/bin/ceph: stderr
2024-03-22T07:07:32.513+0000 7fc241bfd700 1 --2- 172.21.15.63:0/3726333461 >> [v2:172.21.15.63:6800/480818549,v1:172.21.15.63:6801/480818549] conn(0x7fc2240367e0 0x7fc224038c90 unknown :-1 s=CLOSED pgs=20 cs=0 l=1 rev1=1 crypto rx=0 tx=0 comp rx=0 tx=0).stop
2024-03-22T07:07:33.168 INFO:teuthology.orchestra.run.smithi063.stdout:/usr/bin/ceph: stderr
2024-03-22T07:07:32.513+0000 7fc241bfd700 1 --2- 172.21.15.63:0/3726333461 >> [v2:172.21.15.63:3300/0,v1:172.21.15.63:6789/0] conn(0x7fc23c078c50 0x7fc23c113820 unknown :-1 s=CLOSED pgs=64 cs=0 l=1 rev1=1 crypto rx=0 tx=0 comp rx=0 tx=0).stop
2024-03-22T07:07:33.168 INFO:teuthology.orchestra.run.smithi063.stdout:/usr/bin/ceph: stderr
2024-03-22T07:07:32.513+0000 7fc241bfd700 1 -- 172.21.15.63:0/3726333461 >> 172.21.15.63:0/3726333461 conn(0x7fc23c0fde90 msgr2=0x7fc23c0feae0 unknown :-1 s=STATE_NONE l=0).mark_down
2024-03-22T07:07:33.168 INFO:teuthology.orchestra.run.smithi063.stdout:/usr/bin/ceph: stderr
2024-03-22T07:07:32.513+0000 7fc241bfd700 1 -- 172.21.15.63:0/3726333461 shutdown_connections
2024-03-22T07:07:33.168 INFO:teuthology.orchestra.run.smithi063.stdout:/usr/bin/ceph: stderr
2024-03-22T07:07:32.513+0000 7fc241bfd700 1 -- 172.21.15.63:0/3726333461 wait complete.
2024-03-22T07:07:33.168 INFO:teuthology.orchestra.run.smithi063.stdout:Enabling the dashboard module...
2024-03-22T07:07:33.809 INFO:journalctl@ceph.mon.smithi063.smithi063.stdout:Mar 22 07:07:33 smithi063 ceph-mon[29200]: pgmap v4: 0 pgs: ; 0 B data, 0 B used, 0 B / 0 B avail
2024-03-22T07:07:33.809 INFO:journalctl@ceph.mon.smithi063.smithi063.stdout:Mar 22 07:07:33 smithi063 ceph-mon[29200]: from='client.? 172.21.15.63:0/3726333461' entity='client.admin'
2024-03-22T07:07:34.829 INFO:journalctl@ceph.mon.smithi063.smithi063.stdout:Mar 22 07:07:34 smithi063 ceph-mon[29200]: from='client.? 172.21.15.63:0/1483921182' entity='client.admin' cmd=[{"prefix": "mgr module enable", "module": "dashboard"}]: dispatch
2024-03-22T07:07:35.104 INFO:teuthology.orchestra.run.smithi063.stdout:/usr/bin/ceph: stderr
2024-03-22T07:07:33.551+0000 7f6e70d53700 1 Processor -- start
2024-03-22T07:07:35.105 INFO:teuthology.orchestra.run.smithi063.stdout:/usr/bin/ceph: stderr
2024-03-22T07:07:33.551+0000 7f6e70d53700 1 -- start start
2024-03-22T07:07:35.105 INFO:teuthology.orchestra.run.smithi063.stdout:/usr/bin/ceph: stderr
2024-03-22T07:07:33.551+0000 7f6e70d53700 1 --2- >> [v2:172.21.15.63:3300/0,v1:172.21.15.63:6789/0] conn(0x7f6e6c101610 0x7f6e6c101a20 unknown :-1 s=NONE pgs=0 cs=0 l=0 rev1=0 crypto rx=0 tx=0 comp rx=0 tx=0).connect
2024-03-22T07:07:35.105 INFO:teuthology.orchestra.run.smithi063.stdout:/usr/bin/ceph: stderr
2024-03-22T07:07:33.551+0000 7f6e70d53700 1 -- --> [v2:172.21.15.63:3300/0,v1:172.21.15.63:6789/0] -- mon_getmap magic: 0 v1 -- 0x7f6e6c101f60 con 0x7f6e6c101610
2024-03-22T07:07:35.105 INFO:teuthology.orchestra.run.smithi063.stdout:/usr/bin/ceph: stderr
2024-03-22T07:07:33.551+0000 7f6e6a59c700 1 --2- >> [v2:172.21.15.63:3300/0,v1:172.21.15.63:6789/0] conn(0x7f6e6c101610 0x7f6e6c101a20 unknown :-1 s=BANNER_CONNECTING pgs=0 cs=0 l=0 rev1=0 crypto rx=0 tx=0 comp rx=0 tx=0)._handle_peer_banner_payload supported=3 required=0
2024-03-22T07:07:35.105 INFO:teuthology.orchestra.run.smithi063.stdout:/usr/bin/ceph: stderr
2024-03-22T07:07:33.551+0000 7f6e6a59c700 1 --2- >> [v2:172.21.15.63:3300/0,v1:172.21.15.63:6789/0] conn(0x7f6e6c101610 0x7f6e6c101a20 unknown :-1 s=HELLO_CONNECTING pgs=0 cs=0 l=0 rev1=1 crypto rx=0 tx=0 comp rx=0 tx=0).handle_hello peer v2:172.21.15.63:3300/0 says I am v2:172.21.15.63:56510/0 (socket says 172.21.15.63:56510)
2024-03-22T07:07:35.105 INFO:teuthology.orchestra.run.smithi063.stdout:/usr/bin/ceph: stderr
2024-03-22T07:07:33.551+0000 7f6e6a59c700 1 -- 172.21.15.63:0/1781449765 learned_addr learned my addr 172.21.15.63:0/1781449765 (peer_addr_for_me v2:172.21.15.63:0/0)
2024-03-22T07:07:35.105 INFO:teuthology.orchestra.run.smithi063.stdout:/usr/bin/ceph: stderr
2024-03-22T07:07:33.551+0000 7f6e6a59c700 1 -- 172.21.15.63:0/1781449765 --> [v2:172.21.15.63:3300/0,v1:172.21.15.63:6789/0] -- mon_subscribe({config=0+,monmap=0+}) v3 -- 0x7f6e6c1020a0 con 0x7f6e6c101610
2024-03-22T07:07:35.105 INFO:teuthology.orchestra.run.smithi063.stdout:/usr/bin/ceph: stderr
2024-03-22T07:07:33.552+0000 7f6e6a59c700 1 --2- 172.21.15.63:0/1781449765 >> [v2:172.21.15.63:3300/0,v1:172.21.15.63:6789/0] conn(0x7f6e6c101610 0x7f6e6c101a20 secure :-1 s=READY pgs=65 cs=0 l=1 rev1=1 crypto rx=0x7f6e5c0098e0 tx=0x7f6e5c009250 comp rx=0 tx=0).ready entity=mon.0 client_cookie=675a5b1e1cc062ee server_cookie=0 in_seq=0 out_seq=0
2024-03-22T07:07:35.105 INFO:teuthology.orchestra.run.smithi063.stdout:/usr/bin/ceph: stderr
2024-03-22T07:07:33.552+0000 7f6e6959a700 1 -- 172.21.15.63:0/1781449765 <== mon.0 v2:172.21.15.63:3300/0 1 ==== mon_map magic: 0 v1 ==== 229+0+0 (secure 0 0 0) 0x7f6e5c00b860 con 0x7f6e6c101610
2024-03-22T07:07:35.105 INFO:teuthology.orchestra.run.smithi063.stdout:/usr/bin/ceph: stderr
2024-03-22T07:07:33.552+0000 7f6e6959a700 1 -- 172.21.15.63:0/1781449765 <== mon.0 v2:172.21.15.63:3300/0 2 ==== config(27 keys) v1 ==== 1109+0+0 (secure 0 0 0) 0x7f6e5c00be90 con 0x7f6e6c101610
2024-03-22T07:07:35.105 INFO:teuthology.orchestra.run.smithi063.stdout:/usr/bin/ceph: stderr
2024-03-22T07:07:33.552+0000 7f6e6959a700 1 -- 172.21.15.63:0/1781449765 <== mon.0 v2:172.21.15.63:3300/0 3 ==== mon_map magic: 0 v1 ==== 229+0+0 (secure 0 0 0) 0x7f6e5c0103c0 con 0x7f6e6c101610
2024-03-22T07:07:35.105 INFO:teuthology.orchestra.run.smithi063.stdout:/usr/bin/ceph: stderr
2024-03-22T07:07:33.552+0000 7f6e70d53700 1 -- 172.21.15.63:0/1781449765 >> [v2:172.21.15.63:3300/0,v1:172.21.15.63:6789/0] conn(0x7f6e6c101610 msgr2=0x7f6e6c101a20 secure :-1 s=STATE_CONNECTION_ESTABLISHED l=1).mark_down
2024-03-22T07:07:35.106 INFO:teuthology.orchestra.run.smithi063.stdout:/usr/bin/ceph: stderr
2024-03-22T07:07:33.552+0000 7f6e70d53700 1 --2- 172.21.15.63:0/1781449765 >> [v2:172.21.15.63:3300/0,v1:172.21.15.63:6789/0] conn(0x7f6e6c101610 0x7f6e6c101a20 secure :-1 s=READY pgs=65 cs=0 l=1 rev1=1 crypto rx=0x7f6e5c0098e0 tx=0x7f6e5c009250 comp rx=0 tx=0).stop
2024-03-22T07:07:35.106 INFO:teuthology.orchestra.run.smithi063.stdout:/usr/bin/ceph: stderr
2024-03-22T07:07:33.552+0000 7f6e70d53700 1 -- 172.21.15.63:0/1781449765 shutdown_connections
2024-03-22T07:07:35.106 INFO:teuthology.orchestra.run.smithi063.stdout:/usr/bin/ceph: stderr
2024-03-22T07:07:33.552+0000 7f6e70d53700 1 --2- 172.21.15.63:0/1781449765 >> [v2:172.21.15.63:3300/0,v1:172.21.15.63:6789/0] conn(0x7f6e6c101610 0x7f6e6c101a20 unknown :-1 s=CLOSED pgs=65 cs=0 l=1 rev1=1 crypto rx=0 tx=0 comp rx=0 tx=0).stop
2024-03-22T07:07:35.106 INFO:teuthology.orchestra.run.smithi063.stdout:/usr/bin/ceph: stderr
2024-03-22T07:07:33.552+0000 7f6e70d53700 1 -- 172.21.15.63:0/1781449765 >> 172.21.15.63:0/1781449765 conn(0x7f6e6c0fcd90 msgr2=0x7f6e6c0ff1a0 unknown :-1 s=STATE_NONE l=0).mark_down
2024-03-22T07:07:35.106 INFO:teuthology.orchestra.run.smithi063.stdout:/usr/bin/ceph: stderr
2024-03-22T07:07:33.552+0000 7f6e70d53700 1 -- 172.21.15.63:0/1781449765 shutdown_connections
2024-03-22T07:07:35.106 INFO:teuthology.orchestra.run.smithi063.stdout:/usr/bin/ceph: stderr
2024-03-22T07:07:33.552+0000 7f6e70d53700 1 -- 172.21.15.63:0/1781449765 wait complete.
2024-03-22T07:07:35.106 INFO:teuthology.orchestra.run.smithi063.stdout:/usr/bin/ceph: stderr
2024-03-22T07:07:33.553+0000 7f6e70d53700 1 Processor -- start
2024-03-22T07:07:35.106 INFO:teuthology.orchestra.run.smithi063.stdout:/usr/bin/ceph: stderr
2024-03-22T07:07:33.553+0000 7f6e70d53700 1 -- start start
2024-03-22T07:07:35.106 INFO:teuthology.orchestra.run.smithi063.stdout:/usr/bin/ceph: stderr
2024-03-22T07:07:33.553+0000 7f6e70d53700 1 --2- >> [v2:172.21.15.63:3300/0,v1:172.21.15.63:6789/0] conn(0x7f6e6c101610 0x7f6e6c1115e0 unknown :-1 s=NONE pgs=0 cs=0 l=1 rev1=0 crypto rx=0 tx=0 comp rx=0 tx=0).connect
2024-03-22T07:07:35.106 INFO:teuthology.orchestra.run.smithi063.stdout:/usr/bin/ceph: stderr
2024-03-22T07:07:33.553+0000 7f6e70d53700 1 -- --> [v2:172.21.15.63:3300/0,v1:172.21.15.63:6789/0] -- mon_getmap magic: 0 v1 -- 0x7f6e6c111b20 con 0x7f6e6c101610
2024-03-22T07:07:35.106 INFO:teuthology.orchestra.run.smithi063.stdout:/usr/bin/ceph: stderr
2024-03-22T07:07:33.553+0000 7f6e6a59c700 1 --2- >> [v2:172.21.15.63:3300/0,v1:172.21.15.63:6789/0] conn(0x7f6e6c101610 0x7f6e6c1115e0 unknown :-1 s=BANNER_CONNECTING pgs=0 cs=0 l=1 rev1=0 crypto rx=0 tx=0 comp rx=0 tx=0)._handle_peer_banner_payload supported=3 required=0
2024-03-22T07:07:35.106 INFO:teuthology.orchestra.run.smithi063.stdout:/usr/bin/ceph: stderr
2024-03-22T07:07:33.553+0000 7f6e6a59c700 1 --2- >> [v2:172.21.15.63:3300/0,v1:172.21.15.63:6789/0] conn(0x7f6e6c101610 0x7f6e6c1115e0 unknown :-1 s=HELLO_CONNECTING pgs=0 cs=0 l=1 rev1=1 crypto rx=0 tx=0 comp rx=0 tx=0).handle_hello peer v2:172.21.15.63:3300/0 says I am v2:172.21.15.63:56518/0 (socket says 172.21.15.63:56518)
2024-03-22T07:07:35.106 INFO:teuthology.orchestra.run.smithi063.stdout:/usr/bin/ceph: stderr
2024-03-22T07:07:33.553+0000 7f6e6a59c700 1 -- 172.21.15.63:0/1483921182 learned_addr learned my addr 172.21.15.63:0/1483921182 (peer_addr_for_me v2:172.21.15.63:0/0)
2024-03-22T07:07:35.107 INFO:teuthology.orchestra.run.smithi063.stdout:/usr/bin/ceph: stderr
2024-03-22T07:07:33.553+0000 7f6e6a59c700 1 -- 172.21.15.63:0/1483921182 --> [v2:172.21.15.63:3300/0,v1:172.21.15.63:6789/0] -- mon_subscribe({config=0+,monmap=0+}) v3 -- 0x7f6e5c0094f0 con 0x7f6e6c101610
2024-03-22T07:07:35.107 INFO:teuthology.orchestra.run.smithi063.stdout:/usr/bin/ceph: stderr
2024-03-22T07:07:33.553+0000 7f6e6a59c700 1 --2- 172.21.15.63:0/1483921182 >> [v2:172.21.15.63:3300/0,v1:172.21.15.63:6789/0] conn(0x7f6e6c101610 0x7f6e6c1115e0 secure :-1 s=READY pgs=66 cs=0 l=1 rev1=1 crypto rx=0x7f6e5c0090b0 tx=0x7f6e5c009250 comp rx=0 tx=0).ready entity=mon.0 client_cookie=0 server_cookie=0 in_seq=0 out_seq=0
2024-03-22T07:07:35.107 INFO:teuthology.orchestra.run.smithi063.stdout:/usr/bin/ceph: stderr
2024-03-22T07:07:33.554+0000 7f6e5affd700 1 -- 172.21.15.63:0/1483921182 <== mon.0 v2:172.21.15.63:3300/0 1 ==== mon_map magic: 0 v1 ==== 229+0+0 (secure 0 0 0) 0x7f6e5c010840 con 0x7f6e6c101610
2024-03-22T07:07:35.107 INFO:teuthology.orchestra.run.smithi063.stdout:/usr/bin/ceph: stderr
2024-03-22T07:07:33.554+0000 7f6e5affd700 1 -- 172.21.15.63:0/1483921182 <== mon.0 v2:172.21.15.63:3300/0 2 ==== config(27 keys) v1 ==== 1109+0+0 (secure 0 0 0) 0x7f6e5c010e70 con 0x7f6e6c101610
2024-03-22T07:07:35.107 INFO:teuthology.orchestra.run.smithi063.stdout:/usr/bin/ceph: stderr
2024-03-22T07:07:33.554+0000 7f6e70d53700 1 -- 172.21.15.63:0/1483921182 --> [v2:172.21.15.63:3300/0,v1:172.21.15.63:6789/0] -- mon_subscribe({mgrmap=0+}) v3 -- 0x7f6e6c111d20 con 0x7f6e6c101610
2024-03-22T07:07:35.107 INFO:teuthology.orchestra.run.smithi063.stdout:/usr/bin/ceph: stderr
2024-03-22T07:07:33.554+0000 7f6e5affd700 1 -- 172.21.15.63:0/1483921182 <== mon.0 v2:172.21.15.63:3300/0 3 ==== mon_map magic: 0 v1 ==== 229+0+0 (secure 0 0 0) 0x7f6e5c024e40 con 0x7f6e6c101610
2024-03-22T07:07:35.107 INFO:teuthology.orchestra.run.smithi063.stdout:/usr/bin/ceph: stderr
2024-03-22T07:07:33.554+0000 7f6e70d53700 1 -- 172.21.15.63:0/1483921182 --> [v2:172.21.15.63:3300/0,v1:172.21.15.63:6789/0] -- mon_subscribe({osdmap=0}) v3 -- 0x7f6e6c112890 con 0x7f6e6c101610
2024-03-22T07:07:35.107 INFO:teuthology.orchestra.run.smithi063.stdout:/usr/bin/ceph: stderr
2024-03-22T07:07:33.554+0000 7f6e5affd700 1 -- 172.21.15.63:0/1483921182 <== mon.0 v2:172.21.15.63:3300/0 4 ==== mgrmap(e 8) v1 ==== 43368+0+0 (secure 0 0 0) 0x7f6e5c0109a0 con 0x7f6e6c101610
2024-03-22T07:07:35.107 INFO:teuthology.orchestra.run.smithi063.stdout:/usr/bin/ceph: stderr
2024-03-22T07:07:33.554+0000 7f6e70d53700 1 -- 172.21.15.63:0/1483921182 --> [v2:172.21.15.63:3300/0,v1:172.21.15.63:6789/0] -- mon_command({"prefix": "get_command_descriptions"} v 0) v1 -- 0x7f6e6c05f5f0 con 0x7f6e6c101610
2024-03-22T07:07:35.107 INFO:teuthology.orchestra.run.smithi063.stdout:/usr/bin/ceph: stderr
2024-03-22T07:07:33.555+0000 7f6e5affd700 1 --2- 172.21.15.63:0/1483921182 >> [v2:172.21.15.63:6800/480818549,v1:172.21.15.63:6801/480818549] conn(0x7f6e54036790 0x7f6e54038c40 unknown :-1 s=NONE pgs=0 cs=0 l=1 rev1=0 crypto rx=0 tx=0 comp rx=0 tx=0).connect
2024-03-22T07:07:35.107 INFO:teuthology.orchestra.run.smithi063.stdout:/usr/bin/ceph: stderr
2024-03-22T07:07:33.555+0000 7f6e5affd700 1 -- 172.21.15.63:0/1483921182 <== mon.0 v2:172.21.15.63:3300/0 5 ==== osd_map(2..2 src has 1..2) v4 ==== 936+0+0 (secure 0 0 0) 0x7f6e5c04a760 con 0x7f6e6c101610
2024-03-22T07:07:35.107 INFO:teuthology.orchestra.run.smithi063.stdout:/usr/bin/ceph: stderr
2024-03-22T07:07:33.555+0000 7f6e69d9b700 1 --2- 172.21.15.63:0/1483921182 >> [v2:172.21.15.63:6800/480818549,v1:172.21.15.63:6801/480818549] conn(0x7f6e54036790 0x7f6e54038c40 unknown :-1 s=BANNER_CONNECTING pgs=0 cs=0 l=1 rev1=0 crypto rx=0 tx=0 comp rx=0 tx=0)._handle_peer_banner_payload supported=3 required=0
2024-03-22T07:07:35.107 INFO:teuthology.orchestra.run.smithi063.stdout:/usr/bin/ceph: stderr
2024-03-22T07:07:33.555+0000 7f6e69d9b700 1 --2- 172.21.15.63:0/1483921182 >> [v2:172.21.15.63:6800/480818549,v1:172.21.15.63:6801/480818549] conn(0x7f6e54036790 0x7f6e54038c40 secure :-1 s=READY pgs=21 cs=0 l=1 rev1=1 crypto rx=0x7f6e60009990 tx=0x7f6e60006e40 comp rx=0 tx=0).ready entity=mgr.14120 client_cookie=0 server_cookie=0 in_seq=0 out_seq=0
2024-03-22T07:07:35.108 INFO:teuthology.orchestra.run.smithi063.stdout:/usr/bin/ceph: stderr
2024-03-22T07:07:33.559+0000 7f6e5affd700 1 -- 172.21.15.63:0/1483921182 <== mon.0 v2:172.21.15.63:3300/0 6 ==== mon_command_ack([{"prefix": "get_command_descriptions"}]=0 v0) v1 ==== 72+0+176504 (secure 0 0 0) 0x7f6e5c024430 con 0x7f6e6c101610
2024-03-22T07:07:35.108 INFO:teuthology.orchestra.run.smithi063.stdout:/usr/bin/ceph: stderr
2024-03-22T07:07:33.808+0000 7f6e70d53700 1 -- 172.21.15.63:0/1483921182 --> [v2:172.21.15.63:3300/0,v1:172.21.15.63:6789/0] -- mon_command({"prefix": "mgr module enable", "module": "dashboard"} v 0) v1 -- 0x7f6e6c04bed0 con 0x7f6e6c101610
2024-03-22T07:07:35.108 INFO:teuthology.orchestra.run.smithi063.stdout:/usr/bin/ceph: stderr
2024-03-22T07:07:34.518+0000 7f6e5affd700 1 -- 172.21.15.63:0/1483921182 <== mon.0 v2:172.21.15.63:3300/0 7 ==== mgrmap(e 9) v1 ==== 43381+0+0 (secure 0 0 0) 0x7f6e5c02e440 con 0x7f6e6c101610
2024-03-22T07:07:35.108 INFO:teuthology.orchestra.run.smithi063.stdout:/usr/bin/ceph: stderr
2024-03-22T07:07:34.520+0000 7f6e5affd700 1 -- 172.21.15.63:0/1483921182 <== mon.0 v2:172.21.15.63:3300/0 8 ==== mon_command_ack([{"prefix": "mgr module enable", "module": "dashboard"}]=0 v9) v1 ==== 88+0+0 (secure 0 0 0) 0x7f6e5c018530 con 0x7f6e6c101610
2024-03-22T07:07:35.108 INFO:teuthology.orchestra.run.smithi063.stdout:/usr/bin/ceph: stderr
2024-03-22T07:07:34.522+0000 7f6e70d53700 1 -- 172.21.15.63:0/1483921182 >> [v2:172.21.15.63:6800/480818549,v1:172.21.15.63:6801/480818549] conn(0x7f6e54036790 msgr2=0x7f6e54038c40 secure :-1 s=STATE_CONNECTION_ESTABLISHED l=1).mark_down
2024-03-22T07:07:35.108 INFO:teuthology.orchestra.run.smithi063.stdout:/usr/bin/ceph: stderr
2024-03-22T07:07:34.522+0000 7f6e70d53700 1 --2- 172.21.15.63:0/1483921182 >> [v2:172.21.15.63:6800/480818549,v1:172.21.15.63:6801/480818549] conn(0x7f6e54036790 0x7f6e54038c40 secure :-1 s=READY pgs=21 cs=0 l=1 rev1=1 crypto rx=0x7f6e60009990 tx=0x7f6e60006e40 comp rx=0 tx=0).stop
2024-03-22T07:07:35.108 INFO:teuthology.orchestra.run.smithi063.stdout:/usr/bin/ceph: stderr
2024-03-22T07:07:34.522+0000 7f6e70d53700 1 -- 172.21.15.63:0/1483921182 >> [v2:172.21.15.63:3300/0,v1:172.21.15.63:6789/0] conn(0x7f6e6c101610 msgr2=0x7f6e6c1115e0 secure :-1 s=STATE_CONNECTION_ESTABLISHED l=1).mark_down
2024-03-22T07:07:35.108 INFO:teuthology.orchestra.run.smithi063.stdout:/usr/bin/ceph: stderr
2024-03-22T07:07:34.522+0000 7f6e70d53700 1 --2- 172.21.15.63:0/1483921182 >> [v2:172.21.15.63:3300/0,v1:172.21.15.63:6789/0] conn(0x7f6e6c101610 0x7f6e6c1115e0 secure :-1 s=READY pgs=66 cs=0 l=1 rev1=1 crypto rx=0x7f6e5c0090b0 tx=0x7f6e5c009250 comp rx=0 tx=0).stop
2024-03-22T07:07:35.108 INFO:teuthology.orchestra.run.smithi063.stdout:/usr/bin/ceph: stderr
2024-03-22T07:07:34.522+0000 7f6e70d53700 1 -- 172.21.15.63:0/1483921182 shutdown_connections
2024-03-22T07:07:35.108 INFO:teuthology.orchestra.run.smithi063.stdout:/usr/bin/ceph: stderr
2024-03-22T07:07:34.522+0000 7f6e70d53700 1 --2- 172.21.15.63:0/1483921182 >> [v2:172.21.15.63:6800/480818549,v1:172.21.15.63:6801/480818549] conn(0x7f6e54036790 0x7f6e54038c40 unknown :-1 s=CLOSED pgs=21 cs=0 l=1 rev1=1 crypto rx=0 tx=0 comp rx=0 tx=0).stop
2024-03-22T07:07:35.108 INFO:teuthology.orchestra.run.smithi063.stdout:/usr/bin/ceph: stderr
2024-03-22T07:07:34.523+0000 7f6e70d53700 1 --2- 172.21.15.63:0/1483921182 >> [v2:172.21.15.63:3300/0,v1:172.21.15.63:6789/0] conn(0x7f6e6c101610 0x7f6e6c1115e0 unknown :-1 s=CLOSED pgs=66 cs=0 l=1 rev1=1 crypto rx=0 tx=0 comp rx=0 tx=0).stop
2024-03-22T07:07:35.108 INFO:teuthology.orchestra.run.smithi063.stdout:/usr/bin/ceph: stderr
2024-03-22T07:07:34.523+0000 7f6e70d53700 1 -- 172.21.15.63:0/1483921182 >> 172.21.15.63:0/1483921182 conn(0x7f6e6c0fcd90 msgr2=0x7f6e6c0fdc60 unknown :-1 s=STATE_NONE l=0).mark_down
2024-03-22T07:07:35.108 INFO:teuthology.orchestra.run.smithi063.stdout:/usr/bin/ceph: stderr
2024-03-22T07:07:34.523+0000 7f6e70d53700 1 -- 172.21.15.63:0/1483921182 shutdown_connections
2024-03-22T07:07:35.109 INFO:teuthology.orchestra.run.smithi063.stdout:/usr/bin/ceph: stderr
2024-03-22T07:07:34.523+0000 7f6e70d53700 1 -- 172.21.15.63:0/1483921182 wait complete.
2024-03-22T07:07:35.622 INFO:journalctl@ceph.mon.smithi063.smithi063.stdout:Mar 22 07:07:35 smithi063 ceph-mon[29200]: from='client.? 172.21.15.63:0/1483921182' entity='client.admin' cmd='[{"prefix": "mgr module enable", "module": "dashboard"}]': finished
2024-03-22T07:07:35.623 INFO:journalctl@ceph.mon.smithi063.smithi063.stdout:Mar 22 07:07:35 smithi063 ceph-mon[29200]: mgrmap e9: smithi063.mnxayh(active, since 24s)
2024-03-22T07:07:36.370 INFO:teuthology.orchestra.run.smithi063.stdout:/usr/bin/ceph: stdout {
2024-03-22T07:07:36.370 INFO:teuthology.orchestra.run.smithi063.stdout:/usr/bin/ceph: stdout "epoch": 9,
2024-03-22T07:07:36.370 INFO:teuthology.orchestra.run.smithi063.stdout:/usr/bin/ceph: stdout "available": true,
2024-03-22T07:07:36.370 INFO:teuthology.orchestra.run.smithi063.stdout:/usr/bin/ceph: stdout "active_name": "smithi063.mnxayh",
2024-03-22T07:07:36.370 INFO:teuthology.orchestra.run.smithi063.stdout:/usr/bin/ceph: stdout "num_standby": 0
2024-03-22T07:07:36.370 INFO:teuthology.orchestra.run.smithi063.stdout:/usr/bin/ceph: stdout }
2024-03-22T07:07:36.370 INFO:teuthology.orchestra.run.smithi063.stdout:/usr/bin/ceph: stderr
2024-03-22T07:07:35.529+0000 7fce9b3e1700 1 Processor -- start
2024-03-22T07:07:36.370 INFO:teuthology.orchestra.run.smithi063.stdout:/usr/bin/ceph: stderr
2024-03-22T07:07:35.529+0000 7fce9b3e1700 1 -- start start
2024-03-22T07:07:36.370 INFO:teuthology.orchestra.run.smithi063.stdout:/usr/bin/ceph: stderr
2024-03-22T07:07:35.529+0000 7fce9b3e1700 1 --2- >> [v2:172.21.15.63:3300/0,v1:172.21.15.63:6789/0] conn(0x7fce941015d0 0x7fce941019e0 unknown :-1 s=NONE pgs=0 cs=0 l=0 rev1=0 crypto rx=0 tx=0 comp rx=0 tx=0).connect
2024-03-22T07:07:36.370 INFO:teuthology.orchestra.run.smithi063.stdout:/usr/bin/ceph: stderr
2024-03-22T07:07:35.529+0000 7fce9b3e1700 1 -- --> [v2:172.21.15.63:3300/0,v1:172.21.15.63:6789/0] -- mon_getmap magic: 0 v1 -- 0x7fce94101f20 con 0x7fce941015d0
2024-03-22T07:07:36.370 INFO:teuthology.orchestra.run.smithi063.stdout:/usr/bin/ceph: stderr
2024-03-22T07:07:35.530+0000 7fce9917d700 1 --2- >> [v2:172.21.15.63:3300/0,v1:172.21.15.63:6789/0] conn(0x7fce941015d0 0x7fce941019e0 unknown :-1 s=BANNER_CONNECTING pgs=0 cs=0 l=0 rev1=0 crypto rx=0 tx=0 comp rx=0 tx=0)._handle_peer_banner_payload supported=3 required=0
2024-03-22T07:07:36.371 INFO:teuthology.orchestra.run.smithi063.stdout:/usr/bin/ceph: stderr
