2024-03-22T07:07:11.428+0000 7f6f604b7700 1 --2- 172.21.15.63:0/468042602 >> [v2:172.21.15.63:6800/2616455474,v1:172.21.15.63:6801/2616455474] conn(0x7f6f44036770 0x7f6f44038c20 unknown :-1 s=CLOSED pgs=0 cs=0 l=1 rev1=0 crypto rx=0 tx=0 comp rx=0 tx=0).stop
2024-03-22T07:07:12.099 INFO:teuthology.orchestra.run.smithi063.stdout:/usr/bin/ceph: stderr
2024-03-22T07:07:11.428+0000 7f6f604b7700 1 -- 172.21.15.63:0/468042602 >> 172.21.15.63:0/468042602 conn(0x7f6f580fde40 msgr2=0x7f6f580fe9d0 unknown :-1 s=STATE_NONE l=0).mark_down
2024-03-22T07:07:12.099 INFO:teuthology.orchestra.run.smithi063.stdout:/usr/bin/ceph: stderr
2024-03-22T07:07:11.428+0000 7f6f604b7700 1 -- 172.21.15.63:0/468042602 shutdown_connections
2024-03-22T07:07:12.099 INFO:teuthology.orchestra.run.smithi063.stdout:/usr/bin/ceph: stderr
2024-03-22T07:07:11.428+0000 7f6f604b7700 1 -- 172.21.15.63:0/468042602 wait complete.
2024-03-22T07:07:12.099 INFO:teuthology.orchestra.run.smithi063.stdout:mgr epoch 5 is available
2024-03-22T07:07:12.099 INFO:teuthology.orchestra.run.smithi063.stdout:Setting orchestrator backend to cephadm...
2024-03-22T07:07:12.718 INFO:journalctl@ceph.mon.smithi063.smithi063.stdout:Mar 22 07:07:12 smithi063 ceph-mon[29200]: from='client.14124 -' entity='client.admin' cmd=[{"prefix": "get_command_descriptions"}]: dispatch
2024-03-22T07:07:12.718 INFO:journalctl@ceph.mon.smithi063.smithi063.stdout:Mar 22 07:07:12 smithi063 ceph-mon[29200]: from='client.14124 -' entity='client.admin' cmd=[{"prefix": "mgr_status"}]: dispatch
2024-03-22T07:07:13.303 INFO:teuthology.orchestra.run.smithi063.stdout:/usr/bin/ceph: stderr
2024-03-22T07:07:12.500+0000 7f84d1388700 1 Processor -- start
2024-03-22T07:07:13.304 INFO:teuthology.orchestra.run.smithi063.stdout:/usr/bin/ceph: stderr
2024-03-22T07:07:12.500+0000 7f84d1388700 1 -- start start
2024-03-22T07:07:13.304 INFO:teuthology.orchestra.run.smithi063.stdout:/usr/bin/ceph: stderr
2024-03-22T07:07:12.500+0000 7f84d1388700 1 --2- >> [v2:172.21.15.63:3300/0,v1:172.21.15.63:6789/0] conn(0x7f84cc076be0 0x7f84cc105310 unknown :-1 s=NONE pgs=0 cs=0 l=0 rev1=0 crypto rx=0 tx=0 comp rx=0 tx=0).connect
2024-03-22T07:07:13.304 INFO:teuthology.orchestra.run.smithi063.stdout:/usr/bin/ceph: stderr
2024-03-22T07:07:12.500+0000 7f84d1388700 1 -- --> [v2:172.21.15.63:3300/0,v1:172.21.15.63:6789/0] -- mon_getmap magic: 0 v1 -- 0x7f84cc105850 con 0x7f84cc076be0
2024-03-22T07:07:13.304 INFO:teuthology.orchestra.run.smithi063.stdout:/usr/bin/ceph: stderr
2024-03-22T07:07:12.500+0000 7f84caffd700 1 --2- >> [v2:172.21.15.63:3300/0,v1:172.21.15.63:6789/0] conn(0x7f84cc076be0 0x7f84cc105310 unknown :-1 s=BANNER_CONNECTING pgs=0 cs=0 l=0 rev1=0 crypto rx=0 tx=0 comp rx=0 tx=0)._handle_peer_banner_payload supported=3 required=0
2024-03-22T07:07:13.304 INFO:teuthology.orchestra.run.smithi063.stdout:/usr/bin/ceph: stderr
2024-03-22T07:07:12.500+0000 7f84caffd700 1 --2- >> [v2:172.21.15.63:3300/0,v1:172.21.15.63:6789/0] conn(0x7f84cc076be0 0x7f84cc105310 unknown :-1 s=HELLO_CONNECTING pgs=0 cs=0 l=0 rev1=1 crypto rx=0 tx=0 comp rx=0 tx=0).handle_hello peer v2:172.21.15.63:3300/0 says I am v2:172.21.15.63:60366/0 (socket says 172.21.15.63:60366)
2024-03-22T07:07:13.304 INFO:teuthology.orchestra.run.smithi063.stdout:/usr/bin/ceph: stderr
2024-03-22T07:07:12.500+0000 7f84caffd700 1 -- 172.21.15.63:0/3975443359 learned_addr learned my addr 172.21.15.63:0/3975443359 (peer_addr_for_me v2:172.21.15.63:0/0)
2024-03-22T07:07:13.304 INFO:teuthology.orchestra.run.smithi063.stdout:/usr/bin/ceph: stderr
2024-03-22T07:07:12.501+0000 7f84caffd700 1 -- 172.21.15.63:0/3975443359 --> [v2:172.21.15.63:3300/0,v1:172.21.15.63:6789/0] -- mon_subscribe({config=0+,monmap=0+}) v3 -- 0x7f84cc105990 con 0x7f84cc076be0
2024-03-22T07:07:13.304 INFO:teuthology.orchestra.run.smithi063.stdout:/usr/bin/ceph: stderr
2024-03-22T07:07:12.501+0000 7f84caffd700 1 --2- 172.21.15.63:0/3975443359 >> [v2:172.21.15.63:3300/0,v1:172.21.15.63:6789/0] conn(0x7f84cc076be0 0x7f84cc105310 secure :-1 s=READY pgs=37 cs=0 l=1 rev1=1 crypto rx=0x7f84c00098e0 tx=0x7f84c0009250 comp rx=0 tx=0).ready entity=mon.0 client_cookie=cd91793fdd1c2fda server_cookie=0 in_seq=0 out_seq=0
2024-03-22T07:07:13.304 INFO:teuthology.orchestra.run.smithi063.stdout:/usr/bin/ceph: stderr
2024-03-22T07:07:12.501+0000 7f84c9ffb700 1 -- 172.21.15.63:0/3975443359 <== mon.0 v2:172.21.15.63:3300/0 1 ==== mon_map magic: 0 v1 ==== 229+0+0 (secure 0 0 0) 0x7f84c000b860 con 0x7f84cc076be0
2024-03-22T07:07:13.304 INFO:teuthology.orchestra.run.smithi063.stdout:/usr/bin/ceph: stderr
2024-03-22T07:07:12.501+0000 7f84c9ffb700 1 -- 172.21.15.63:0/3975443359 <== mon.0 v2:172.21.15.63:3300/0 2 ==== config(27 keys) v1 ==== 1044+0+0 (secure 0 0 0) 0x7f84c000be50 con 0x7f84cc076be0
2024-03-22T07:07:13.304 INFO:teuthology.orchestra.run.smithi063.stdout:/usr/bin/ceph: stderr
2024-03-22T07:07:12.501+0000 7f84c9ffb700 1 -- 172.21.15.63:0/3975443359 <== mon.0 v2:172.21.15.63:3300/0 3 ==== mon_map magic: 0 v1 ==== 229+0+0 (secure 0 0 0) 0x7f84c0010380 con 0x7f84cc076be0
2024-03-22T07:07:13.304 INFO:teuthology.orchestra.run.smithi063.stdout:/usr/bin/ceph: stderr
2024-03-22T07:07:12.501+0000 7f84d1388700 1 -- 172.21.15.63:0/3975443359 >> [v2:172.21.15.63:3300/0,v1:172.21.15.63:6789/0] conn(0x7f84cc076be0 msgr2=0x7f84cc105310 secure :-1 s=STATE_CONNECTION_ESTABLISHED l=1).mark_down
2024-03-22T07:07:13.305 INFO:teuthology.orchestra.run.smithi063.stdout:/usr/bin/ceph: stderr
2024-03-22T07:07:12.501+0000 7f84d1388700 1 --2- 172.21.15.63:0/3975443359 >> [v2:172.21.15.63:3300/0,v1:172.21.15.63:6789/0] conn(0x7f84cc076be0 0x7f84cc105310 secure :-1 s=READY pgs=37 cs=0 l=1 rev1=1 crypto rx=0x7f84c00098e0 tx=0x7f84c0009250 comp rx=0 tx=0).stop
2024-03-22T07:07:13.305 INFO:teuthology.orchestra.run.smithi063.stdout:/usr/bin/ceph: stderr
2024-03-22T07:07:12.501+0000 7f84d1388700 1 -- 172.21.15.63:0/3975443359 shutdown_connections
2024-03-22T07:07:13.305 INFO:teuthology.orchestra.run.smithi063.stdout:/usr/bin/ceph: stderr
2024-03-22T07:07:12.501+0000 7f84d1388700 1 --2- 172.21.15.63:0/3975443359 >> [v2:172.21.15.63:3300/0,v1:172.21.15.63:6789/0] conn(0x7f84cc076be0 0x7f84cc105310 unknown :-1 s=CLOSED pgs=37 cs=0 l=1 rev1=1 crypto rx=0 tx=0 comp rx=0 tx=0).stop
2024-03-22T07:07:13.305 INFO:teuthology.orchestra.run.smithi063.stdout:/usr/bin/ceph: stderr
2024-03-22T07:07:12.501+0000 7f84d1388700 1 -- 172.21.15.63:0/3975443359 >> 172.21.15.63:0/3975443359 conn(0x7f84cc0fcdc0 msgr2=0x7f84cc0ff1d0 unknown :-1 s=STATE_NONE l=0).mark_down
2024-03-22T07:07:13.305 INFO:teuthology.orchestra.run.smithi063.stdout:/usr/bin/ceph: stderr
2024-03-22T07:07:12.502+0000 7f84d1388700 1 -- 172.21.15.63:0/3975443359 shutdown_connections
2024-03-22T07:07:13.305 INFO:teuthology.orchestra.run.smithi063.stdout:/usr/bin/ceph: stderr
2024-03-22T07:07:12.502+0000 7f84d1388700 1 -- 172.21.15.63:0/3975443359 wait complete.
2024-03-22T07:07:13.305 INFO:teuthology.orchestra.run.smithi063.stdout:/usr/bin/ceph: stderr
2024-03-22T07:07:12.502+0000 7f84d1388700 1 Processor -- start
2024-03-22T07:07:13.305 INFO:teuthology.orchestra.run.smithi063.stdout:/usr/bin/ceph: stderr
2024-03-22T07:07:12.502+0000 7f84d1388700 1 -- start start
2024-03-22T07:07:13.305 INFO:teuthology.orchestra.run.smithi063.stdout:/usr/bin/ceph: stderr
2024-03-22T07:07:12.502+0000 7f84d1388700 1 --2- >> [v2:172.21.15.63:3300/0,v1:172.21.15.63:6789/0] conn(0x7f84cc076be0 0x7f84cc102c60 unknown :-1 s=NONE pgs=0 cs=0 l=1 rev1=0 crypto rx=0 tx=0 comp rx=0 tx=0).connect
2024-03-22T07:07:13.305 INFO:teuthology.orchestra.run.smithi063.stdout:/usr/bin/ceph: stderr
2024-03-22T07:07:12.502+0000 7f84d1388700 1 -- --> [v2:172.21.15.63:3300/0,v1:172.21.15.63:6789/0] -- mon_getmap magic: 0 v1 -- 0x7f84cc1031a0 con 0x7f84cc076be0
2024-03-22T07:07:13.305 INFO:teuthology.orchestra.run.smithi063.stdout:/usr/bin/ceph: stderr
2024-03-22T07:07:12.503+0000 7f84caffd700 1 --2- >> [v2:172.21.15.63:3300/0,v1:172.21.15.63:6789/0] conn(0x7f84cc076be0 0x7f84cc102c60 unknown :-1 s=BANNER_CONNECTING pgs=0 cs=0 l=1 rev1=0 crypto rx=0 tx=0 comp rx=0 tx=0)._handle_peer_banner_payload supported=3 required=0
2024-03-22T07:07:13.305 INFO:teuthology.orchestra.run.smithi063.stdout:/usr/bin/ceph: stderr
2024-03-22T07:07:12.503+0000 7f84caffd700 1 --2- >> [v2:172.21.15.63:3300/0,v1:172.21.15.63:6789/0] conn(0x7f84cc076be0 0x7f84cc102c60 unknown :-1 s=HELLO_CONNECTING pgs=0 cs=0 l=1 rev1=1 crypto rx=0 tx=0 comp rx=0 tx=0).handle_hello peer v2:172.21.15.63:3300/0 says I am v2:172.21.15.63:60372/0 (socket says 172.21.15.63:60372)
2024-03-22T07:07:13.305 INFO:teuthology.orchestra.run.smithi063.stdout:/usr/bin/ceph: stderr
2024-03-22T07:07:12.503+0000 7f84caffd700 1 -- 172.21.15.63:0/1008839770 learned_addr learned my addr 172.21.15.63:0/1008839770 (peer_addr_for_me v2:172.21.15.63:0/0)
2024-03-22T07:07:13.305 INFO:teuthology.orchestra.run.smithi063.stdout:/usr/bin/ceph: stderr
2024-03-22T07:07:12.503+0000 7f84caffd700 1 -- 172.21.15.63:0/1008839770 --> [v2:172.21.15.63:3300/0,v1:172.21.15.63:6789/0] -- mon_subscribe({config=0+,monmap=0+}) v3 -- 0x7f84c00094f0 con 0x7f84cc076be0
2024-03-22T07:07:13.305 INFO:teuthology.orchestra.run.smithi063.stdout:/usr/bin/ceph: stderr
2024-03-22T07:07:12.503+0000 7f84caffd700 1 --2- 172.21.15.63:0/1008839770 >> [v2:172.21.15.63:3300/0,v1:172.21.15.63:6789/0] conn(0x7f84cc076be0 0x7f84cc102c60 secure :-1 s=READY pgs=38 cs=0 l=1 rev1=1 crypto rx=0x7f84c0003050 tx=0x7f84c0009250 comp rx=0 tx=0).ready entity=mon.0 client_cookie=0 server_cookie=0 in_seq=0 out_seq=0
2024-03-22T07:07:13.306 INFO:teuthology.orchestra.run.smithi063.stdout:/usr/bin/ceph: stderr
2024-03-22T07:07:12.503+0000 7f84b37fe700 1 -- 172.21.15.63:0/1008839770 <== mon.0 v2:172.21.15.63:3300/0 1 ==== mon_map magic: 0 v1 ==== 229+0+0 (secure 0 0 0) 0x7f84c0010760 con 0x7f84cc076be0
2024-03-22T07:07:13.306 INFO:teuthology.orchestra.run.smithi063.stdout:/usr/bin/ceph: stderr
2024-03-22T07:07:12.503+0000 7f84d1388700 1 -- 172.21.15.63:0/1008839770 --> [v2:172.21.15.63:3300/0,v1:172.21.15.63:6789/0] -- mon_subscribe({mgrmap=0+}) v3 -- 0x7f84cc101210 con 0x7f84cc076be0
2024-03-22T07:07:13.306 INFO:teuthology.orchestra.run.smithi063.stdout:/usr/bin/ceph: stderr
2024-03-22T07:07:12.503+0000 7f84b37fe700 1 -- 172.21.15.63:0/1008839770 <== mon.0 v2:172.21.15.63:3300/0 2 ==== config(27 keys) v1 ==== 1044+0+0 (secure 0 0 0) 0x7f84c0010d50 con 0x7f84cc076be0
2024-03-22T07:07:13.306 INFO:teuthology.orchestra.run.smithi063.stdout:/usr/bin/ceph: stderr
2024-03-22T07:07:12.503+0000 7f84b37fe700 1 -- 172.21.15.63:0/1008839770 <== mon.0 v2:172.21.15.63:3300/0 3 ==== mon_map magic: 0 v1 ==== 229+0+0 (secure 0 0 0) 0x7f84c001ae20 con 0x7f84cc076be0
2024-03-22T07:07:13.306 INFO:teuthology.orchestra.run.smithi063.stdout:/usr/bin/ceph: stderr
2024-03-22T07:07:12.503+0000 7f84d1388700 1 -- 172.21.15.63:0/1008839770 --> [v2:172.21.15.63:3300/0,v1:172.21.15.63:6789/0] -- mon_subscribe({osdmap=0}) v3 -- 0x7f84cc101700 con 0x7f84cc076be0
2024-03-22T07:07:13.306 INFO:teuthology.orchestra.run.smithi063.stdout:/usr/bin/ceph: stderr
2024-03-22T07:07:12.504+0000 7f84b37fe700 1 -- 172.21.15.63:0/1008839770 <== mon.0 v2:172.21.15.63:3300/0 4 ==== mgrmap(e 8) v1 ==== 43368+0+0 (secure 0 0 0) 0x7f84c00108c0 con 0x7f84cc076be0
2024-03-22T07:07:13.306 INFO:teuthology.orchestra.run.smithi063.stdout:/usr/bin/ceph: stderr
2024-03-22T07:07:12.504+0000 7f84b37fe700 1 --2- 172.21.15.63:0/1008839770 >> [v2:172.21.15.63:6800/480818549,v1:172.21.15.63:6801/480818549] conn(0x7f84b40367e0 0x7f84b4038c90 unknown :-1 s=NONE pgs=0 cs=0 l=1 rev1=0 crypto rx=0 tx=0 comp rx=0 tx=0).connect
2024-03-22T07:07:13.306 INFO:teuthology.orchestra.run.smithi063.stdout:/usr/bin/ceph: stderr
2024-03-22T07:07:12.504+0000 7f84d1388700 1 -- 172.21.15.63:0/1008839770 --> [v2:172.21.15.63:3300/0,v1:172.21.15.63:6789/0] -- mon_command({"prefix": "get_command_descriptions"} v 0) v1 -- 0x7f84cc04bed0 con 0x7f84cc076be0
2024-03-22T07:07:13.306 INFO:teuthology.orchestra.run.smithi063.stdout:/usr/bin/ceph: stderr
2024-03-22T07:07:12.504+0000 7f84b37fe700 1 -- 172.21.15.63:0/1008839770 <== mon.0 v2:172.21.15.63:3300/0 5 ==== osd_map(2..2 src has 1..2) v4 ==== 936+0+0 (secure 0 0 0) 0x7f84c004a4d0 con 0x7f84cc076be0
2024-03-22T07:07:13.306 INFO:teuthology.orchestra.run.smithi063.stdout:/usr/bin/ceph: stderr
2024-03-22T07:07:12.504+0000 7f84ca7fc700 1 --2- 172.21.15.63:0/1008839770 >> [v2:172.21.15.63:6800/480818549,v1:172.21.15.63:6801/480818549] conn(0x7f84b40367e0 0x7f84b4038c90 unknown :-1 s=BANNER_CONNECTING pgs=0 cs=0 l=1 rev1=0 crypto rx=0 tx=0 comp rx=0 tx=0)._handle_peer_banner_payload supported=3 required=0
2024-03-22T07:07:13.306 INFO:teuthology.orchestra.run.smithi063.stdout:/usr/bin/ceph: stderr
2024-03-22T07:07:12.505+0000 7f84ca7fc700 1 --2- 172.21.15.63:0/1008839770 >> [v2:172.21.15.63:6800/480818549,v1:172.21.15.63:6801/480818549] conn(0x7f84b40367e0 0x7f84b4038c90 secure :-1 s=READY pgs=7 cs=0 l=1 rev1=1 crypto rx=0x7f84bc009990 tx=0x7f84bc006e40 comp rx=0 tx=0).ready entity=mgr.14120 client_cookie=0 server_cookie=0 in_seq=0 out_seq=0
2024-03-22T07:07:13.306 INFO:teuthology.orchestra.run.smithi063.stdout:/usr/bin/ceph: stderr
2024-03-22T07:07:12.509+0000 7f84b37fe700 1 -- 172.21.15.63:0/1008839770 <== mon.0 v2:172.21.15.63:3300/0 6 ==== mon_command_ack([{"prefix": "get_command_descriptions"}]=0 v0) v1 ==== 72+0+176504 (secure 0 0 0) 0x7f84c001a430 con 0x7f84cc076be0
2024-03-22T07:07:13.306 INFO:teuthology.orchestra.run.smithi063.stdout:/usr/bin/ceph: stderr
2024-03-22T07:07:12.717+0000 7f84d1388700 1 -- 172.21.15.63:0/1008839770 --> [v2:172.21.15.63:6800/480818549,v1:172.21.15.63:6801/480818549] -- mgr_command(tid 0: {"prefix": "orch set backend", "module_name": "cephadm", "target": ["mon-mgr", ""]}) v1 -- 0x7f84cc101e10 con 0x7f84b40367e0
2024-03-22T07:07:13.306 INFO:teuthology.orchestra.run.smithi063.stdout:/usr/bin/ceph: stderr
2024-03-22T07:07:12.726+0000 7f84b37fe700 1 -- 172.21.15.63:0/1008839770 <== mgr.14120 v2:172.21.15.63:6800/480818549 1 ==== mgr_command_reply(tid 0: 0 ) v1 ==== 8+0+0 (secure 0 0 0) 0x7f84cc101e10 con 0x7f84b40367e0
2024-03-22T07:07:13.306 INFO:teuthology.orchestra.run.smithi063.stdout:/usr/bin/ceph: stderr
2024-03-22T07:07:12.729+0000 7f84d1388700 1 -- 172.21.15.63:0/1008839770 >> [v2:172.21.15.63:6800/480818549,v1:172.21.15.63:6801/480818549] conn(0x7f84b40367e0 msgr2=0x7f84b4038c90 secure :-1 s=STATE_CONNECTION_ESTABLISHED l=1).mark_down
2024-03-22T07:07:13.307 INFO:teuthology.orchestra.run.smithi063.stdout:/usr/bin/ceph: stderr
2024-03-22T07:07:12.729+0000 7f84d1388700 1 --2- 172.21.15.63:0/1008839770 >> [v2:172.21.15.63:6800/480818549,v1:172.21.15.63:6801/480818549] conn(0x7f84b40367e0 0x7f84b4038c90 secure :-1 s=READY pgs=7 cs=0 l=1 rev1=1 crypto rx=0x7f84bc009990 tx=0x7f84bc006e40 comp rx=0 tx=0).stop
2024-03-22T07:07:13.307 INFO:teuthology.orchestra.run.smithi063.stdout:/usr/bin/ceph: stderr
2024-03-22T07:07:12.729+0000 7f84d1388700 1 -- 172.21.15.63:0/1008839770 >> [v2:172.21.15.63:3300/0,v1:172.21.15.63:6789/0] conn(0x7f84cc076be0 msgr2=0x7f84cc102c60 secure :-1 s=STATE_CONNECTION_ESTABLISHED l=1).mark_down
2024-03-22T07:07:13.307 INFO:teuthology.orchestra.run.smithi063.stdout:/usr/bin/ceph: stderr
2024-03-22T07:07:12.729+0000 7f84d1388700 1 --2- 172.21.15.63:0/1008839770 >> [v2:172.21.15.63:3300/0,v1:172.21.15.63:6789/0] conn(0x7f84cc076be0 0x7f84cc102c60 secure :-1 s=READY pgs=38 cs=0 l=1 rev1=1 crypto rx=0x7f84c0003050 tx=0x7f84c0009250 comp rx=0 tx=0).stop
2024-03-22T07:07:13.307 INFO:teuthology.orchestra.run.smithi063.stdout:/usr/bin/ceph: stderr
2024-03-22T07:07:12.729+0000 7f84d1388700 1 -- 172.21.15.63:0/1008839770 shutdown_connections
2024-03-22T07:07:13.307 INFO:teuthology.orchestra.run.smithi063.stdout:/usr/bin/ceph: stderr
2024-03-22T07:07:12.729+0000 7f84d1388700 1 --2- 172.21.15.63:0/1008839770 >> [v2:172.21.15.63:6800/480818549,v1:172.21.15.63:6801/480818549] conn(0x7f84b40367e0 0x7f84b4038c90 unknown :-1 s=CLOSED pgs=7 cs=0 l=1 rev1=1 crypto rx=0 tx=0 comp rx=0 tx=0).stop
2024-03-22T07:07:13.307 INFO:teuthology.orchestra.run.smithi063.stdout:/usr/bin/ceph: stderr
2024-03-22T07:07:12.729+0000 7f84d1388700 1 --2- 172.21.15.63:0/1008839770 >> [v2:172.21.15.63:3300/0,v1:172.21.15.63:6789/0] conn(0x7f84cc076be0 0x7f84cc102c60 unknown :-1 s=CLOSED pgs=38 cs=0 l=1 rev1=1 crypto rx=0 tx=0 comp rx=0 tx=0).stop
2024-03-22T07:07:13.307 INFO:teuthology.orchestra.run.smithi063.stdout:/usr/bin/ceph: stderr
2024-03-22T07:07:12.729+0000 7f84d1388700 1 -- 172.21.15.63:0/1008839770 >> 172.21.15.63:0/1008839770 conn(0x7f84cc0fcdc0 msgr2=0x7f84cc0fd960 unknown :-1 s=STATE_NONE l=0).mark_down
2024-03-22T07:07:13.307 INFO:teuthology.orchestra.run.smithi063.stdout:/usr/bin/ceph: stderr
2024-03-22T07:07:12.729+0000 7f84d1388700 1 -- 172.21.15.63:0/1008839770 shutdown_connections
2024-03-22T07:07:13.307 INFO:teuthology.orchestra.run.smithi063.stdout:/usr/bin/ceph: stderr
2024-03-22T07:07:12.730+0000 7f84d1388700 1 -- 172.21.15.63:0/1008839770 wait complete.
2024-03-22T07:07:13.623 INFO:journalctl@ceph.mon.smithi063.smithi063.stdout:Mar 22 07:07:13 smithi063 ceph-mon[29200]: mgrmap e8: smithi063.mnxayh(active, since 2s)
2024-03-22T07:07:13.623 INFO:journalctl@ceph.mon.smithi063.smithi063.stdout:Mar 22 07:07:13 smithi063 ceph-mon[29200]: from='client.14132 -' entity='client.admin' cmd=[{"prefix": "orch set backend", "module_name": "cephadm", "target": ["mon-mgr", ""]}]: dispatch
2024-03-22T07:07:13.623 INFO:journalctl@ceph.mon.smithi063.smithi063.stdout:Mar 22 07:07:13 smithi063 ceph-mon[29200]: from='mgr.14120 172.21.15.63:0/198929843' entity='mgr.smithi063.mnxayh'
2024-03-22T07:07:13.623 INFO:journalctl@ceph.mon.smithi063.smithi063.stdout:Mar 22 07:07:13 smithi063 ceph-mon[29200]: from='mgr.14120 172.21.15.63:0/198929843' entity='mgr.smithi063.mnxayh' cmd=[{"prefix": "config dump", "format": "json"}]: dispatch
2024-03-22T07:07:13.623 INFO:journalctl@ceph.mon.smithi063.smithi063.stdout:Mar 22 07:07:13 smithi063 ceph-mon[29200]: from='mgr.14120 172.21.15.63:0/198929843' entity='mgr.smithi063.mnxayh'
2024-03-22T07:07:13.623 INFO:journalctl@ceph.mon.smithi063.smithi063.stdout:Mar 22 07:07:13 smithi063 ceph-mon[29200]: from='mgr.14120 172.21.15.63:0/198929843' entity='mgr.smithi063.mnxayh' cmd=[{"prefix": "config dump", "format": "json"}]: dispatch
2024-03-22T07:07:14.405 INFO:teuthology.orchestra.run.smithi063.stdout:/usr/bin/ceph: stdout value unchanged
2024-03-22T07:07:14.405 INFO:teuthology.orchestra.run.smithi063.stdout:/usr/bin/ceph: stderr
2024-03-22T07:07:13.734+0000 7efe65ee6700 1 Processor -- start
2024-03-22T07:07:14.405 INFO:teuthology.orchestra.run.smithi063.stdout:/usr/bin/ceph: stderr
2024-03-22T07:07:13.734+0000 7efe65ee6700 1 -- start start
2024-03-22T07:07:14.405 INFO:teuthology.orchestra.run.smithi063.stdout:/usr/bin/ceph: stderr
2024-03-22T07:07:13.734+0000 7efe65ee6700 1 --2- >> [v2:172.21.15.63:3300/0,v1:172.21.15.63:6789/0] conn(0x7efe60102730 0x7efe60102b40 unknown :-1 s=NONE pgs=0 cs=0 l=0 rev1=0 crypto rx=0 tx=0 comp rx=0 tx=0).connect
2024-03-22T07:07:14.405 INFO:teuthology.orchestra.run.smithi063.stdout:/usr/bin/ceph: stderr
2024-03-22T07:07:13.734+0000 7efe65ee6700 1 -- --> [v2:172.21.15.63:3300/0,v1:172.21.15.63:6789/0] -- mon_getmap magic: 0 v1 -- 0x7efe60103080 con 0x7efe60102730
2024-03-22T07:07:14.405 INFO:teuthology.orchestra.run.smithi063.stdout:/usr/bin/ceph: stderr
2024-03-22T07:07:13.734+0000 7efe5f7fe700 1 --2- >> [v2:172.21.15.63:3300/0,v1:172.21.15.63:6789/0] conn(0x7efe60102730 0x7efe60102b40 unknown :-1 s=BANNER_CONNECTING pgs=0 cs=0 l=0 rev1=0 crypto rx=0 tx=0 comp rx=0 tx=0)._handle_peer_banner_payload supported=3 required=0
2024-03-22T07:07:14.406 INFO:teuthology.orchestra.run.smithi063.stdout:/usr/bin/ceph: stderr
2024-03-22T07:07:13.734+0000 7efe5f7fe700 1 --2- >> [v2:172.21.15.63:3300/0,v1:172.21.15.63:6789/0] conn(0x7efe60102730 0x7efe60102b40 unknown :-1 s=HELLO_CONNECTING pgs=0 cs=0 l=0 rev1=1 crypto rx=0 tx=0 comp rx=0 tx=0).handle_hello peer v2:172.21.15.63:3300/0 says I am v2:172.21.15.63:60382/0 (socket says 172.21.15.63:60382)
2024-03-22T07:07:14.406 INFO:teuthology.orchestra.run.smithi063.stdout:/usr/bin/ceph: stderr
2024-03-22T07:07:13.734+0000 7efe5f7fe700 1 -- 172.21.15.63:0/2118461349 learned_addr learned my addr 172.21.15.63:0/2118461349 (peer_addr_for_me v2:172.21.15.63:0/0)
2024-03-22T07:07:14.406 INFO:teuthology.orchestra.run.smithi063.stdout:/usr/bin/ceph: stderr
2024-03-22T07:07:13.734+0000 7efe5f7fe700 1 -- 172.21.15.63:0/2118461349 --> [v2:172.21.15.63:3300/0,v1:172.21.15.63:6789/0] -- mon_subscribe({config=0+,monmap=0+}) v3 -- 0x7efe601031c0 con 0x7efe60102730
2024-03-22T07:07:14.406 INFO:teuthology.orchestra.run.smithi063.stdout:/usr/bin/ceph: stderr
2024-03-22T07:07:13.734+0000 7efe5f7fe700 1 --2- 172.21.15.63:0/2118461349 >> [v2:172.21.15.63:3300/0,v1:172.21.15.63:6789/0] conn(0x7efe60102730 0x7efe60102b40 secure :-1 s=READY pgs=39 cs=0 l=1 rev1=1 crypto rx=0x7efe540098e0 tx=0x7efe54009250 comp rx=0 tx=0).ready entity=mon.0 client_cookie=8df69f3c3cc81881 server_cookie=0 in_seq=0 out_seq=0
2024-03-22T07:07:14.406 INFO:teuthology.orchestra.run.smithi063.stdout:/usr/bin/ceph: stderr
2024-03-22T07:07:13.735+0000 7efe5e7fc700 1 -- 172.21.15.63:0/2118461349 <== mon.0 v2:172.21.15.63:3300/0 1 ==== mon_map magic: 0 v1 ==== 229+0+0 (secure 0 0 0) 0x7efe5400b860 con 0x7efe60102730
2024-03-22T07:07:14.406 INFO:teuthology.orchestra.run.smithi063.stdout:/usr/bin/ceph: stderr
2024-03-22T07:07:13.735+0000 7efe5e7fc700 1 -- 172.21.15.63:0/2118461349 <== mon.0 v2:172.21.15.63:3300/0 2 ==== config(27 keys) v1 ==== 1044+0+0 (secure 0 0 0) 0x7efe5400be50 con 0x7efe60102730
2024-03-22T07:07:14.406 INFO:teuthology.orchestra.run.smithi063.stdout:/usr/bin/ceph: stderr
2024-03-22T07:07:13.735+0000 7efe5e7fc700 1 -- 172.21.15.63:0/2118461349 <== mon.0 v2:172.21.15.63:3300/0 3 ==== mon_map magic: 0 v1 ==== 229+0+0 (secure 0 0 0) 0x7efe54010380 con 0x7efe60102730
2024-03-22T07:07:14.406 INFO:teuthology.orchestra.run.smithi063.stdout:/usr/bin/ceph: stderr
2024-03-22T07:07:13.735+0000 7efe65ee6700 1 -- 172.21.15.63:0/2118461349 >> [v2:172.21.15.63:3300/0,v1:172.21.15.63:6789/0] conn(0x7efe60102730 msgr2=0x7efe60102b40 secure :-1 s=STATE_CONNECTION_ESTABLISHED l=1).mark_down
2024-03-22T07:07:14.406 INFO:teuthology.orchestra.run.smithi063.stdout:/usr/bin/ceph: stderr
2024-03-22T07:07:13.735+0000 7efe65ee6700 1 --2- 172.21.15.63:0/2118461349 >> [v2:172.21.15.63:3300/0,v1:172.21.15.63:6789/0] conn(0x7efe60102730 0x7efe60102b40 secure :-1 s=READY pgs=39 cs=0 l=1 rev1=1 crypto rx=0x7efe540098e0 tx=0x7efe54009250 comp rx=0 tx=0).stop
2024-03-22T07:07:14.406 INFO:teuthology.orchestra.run.smithi063.stdout:/usr/bin/ceph: stderr
2024-03-22T07:07:13.735+0000 7efe65ee6700 1 -- 172.21.15.63:0/2118461349 shutdown_connections
2024-03-22T07:07:14.406 INFO:teuthology.orchestra.run.smithi063.stdout:/usr/bin/ceph: stderr
2024-03-22T07:07:13.735+0000 7efe65ee6700 1 --2- 172.21.15.63:0/2118461349 >> [v2:172.21.15.63:3300/0,v1:172.21.15.63:6789/0] conn(0x7efe60102730 0x7efe60102b40 unknown :-1 s=CLOSED pgs=39 cs=0 l=1 rev1=1 crypto rx=0 tx=0 comp rx=0 tx=0).stop
2024-03-22T07:07:14.406 INFO:teuthology.orchestra.run.smithi063.stdout:/usr/bin/ceph: stderr
2024-03-22T07:07:13.735+0000 7efe65ee6700 1 -- 172.21.15.63:0/2118461349 >> 172.21.15.63:0/2118461349 conn(0x7efe600fdf10 msgr2=0x7efe60100320 unknown :-1 s=STATE_NONE l=0).mark_down
2024-03-22T07:07:14.406 INFO:teuthology.orchestra.run.smithi063.stdout:/usr/bin/ceph: stderr
2024-03-22T07:07:13.735+0000 7efe65ee6700 1 -- 172.21.15.63:0/2118461349 shutdown_connections
2024-03-22T07:07:14.406 INFO:teuthology.orchestra.run.smithi063.stdout:/usr/bin/ceph: stderr
2024-03-22T07:07:13.735+0000 7efe65ee6700 1 -- 172.21.15.63:0/2118461349 wait complete.
2024-03-22T07:07:14.406 INFO:teuthology.orchestra.run.smithi063.stdout:/usr/bin/ceph: stderr
2024-03-22T07:07:13.736+0000 7efe65ee6700 1 Processor -- start
2024-03-22T07:07:14.407 INFO:teuthology.orchestra.run.smithi063.stdout:/usr/bin/ceph: stderr
2024-03-22T07:07:13.736+0000 7efe65ee6700 1 -- start start
2024-03-22T07:07:14.407 INFO:teuthology.orchestra.run.smithi063.stdout:/usr/bin/ceph: stderr
2024-03-22T07:07:13.736+0000 7efe65ee6700 1 --2- >> [v2:172.21.15.63:3300/0,v1:172.21.15.63:6789/0] conn(0x7efe60102730 0x7efe60078bd0 unknown :-1 s=NONE pgs=0 cs=0 l=1 rev1=0 crypto rx=0 tx=0 comp rx=0 tx=0).connect
2024-03-22T07:07:14.407 INFO:teuthology.orchestra.run.smithi063.stdout:/usr/bin/ceph: stderr
2024-03-22T07:07:13.736+0000 7efe65ee6700 1 -- --> [v2:172.21.15.63:3300/0,v1:172.21.15.63:6789/0] -- mon_getmap magic: 0 v1 -- 0x7efe60079110 con 0x7efe60102730
2024-03-22T07:07:14.407 INFO:teuthology.orchestra.run.smithi063.stdout:/usr/bin/ceph: stderr
2024-03-22T07:07:13.736+0000 7efe5f7fe700 1 --2- >> [v2:172.21.15.63:3300/0,v1:172.21.15.63:6789/0] conn(0x7efe60102730 0x7efe60078bd0 unknown :-1 s=BANNER_CONNECTING pgs=0 cs=0 l=1 rev1=0 crypto rx=0 tx=0 comp rx=0 tx=0)._handle_peer_banner_payload supported=3 required=0
2024-03-22T07:07:14.407 INFO:teuthology.orchestra.run.smithi063.stdout:/usr/bin/ceph: stderr
2024-03-22T07:07:13.736+0000 7efe5f7fe700 1 --2- >> [v2:172.21.15.63:3300/0,v1:172.21.15.63:6789/0] conn(0x7efe60102730 0x7efe60078bd0 unknown :-1 s=HELLO_CONNECTING pgs=0 cs=0 l=1 rev1=1 crypto rx=0 tx=0 comp rx=0 tx=0).handle_hello peer v2:172.21.15.63:3300/0 says I am v2:172.21.15.63:60392/0 (socket says 172.21.15.63:60392)
2024-03-22T07:07:14.407 INFO:teuthology.orchestra.run.smithi063.stdout:/usr/bin/ceph: stderr
2024-03-22T07:07:13.736+0000 7efe5f7fe700 1 -- 172.21.15.63:0/1316013436 learned_addr learned my addr 172.21.15.63:0/1316013436 (peer_addr_for_me v2:172.21.15.63:0/0)
2024-03-22T07:07:14.407 INFO:teuthology.orchestra.run.smithi063.stdout:/usr/bin/ceph: stderr
2024-03-22T07:07:13.736+0000 7efe5f7fe700 1 -- 172.21.15.63:0/1316013436 --> [v2:172.21.15.63:3300/0,v1:172.21.15.63:6789/0] -- mon_subscribe({config=0+,monmap=0+}) v3 -- 0x7efe540094f0 con 0x7efe60102730
2024-03-22T07:07:14.407 INFO:teuthology.orchestra.run.smithi063.stdout:/usr/bin/ceph: stderr
2024-03-22T07:07:13.737+0000 7efe5f7fe700 1 --2- 172.21.15.63:0/1316013436 >> [v2:172.21.15.63:3300/0,v1:172.21.15.63:6789/0] conn(0x7efe60102730 0x7efe60078bd0 secure :-1 s=READY pgs=40 cs=0 l=1 rev1=1 crypto rx=0x7efe54006fd0 tx=0x7efe54009250 comp rx=0 tx=0).ready entity=mon.0 client_cookie=0 server_cookie=0 in_seq=0 out_seq=0
2024-03-22T07:07:14.407 INFO:teuthology.orchestra.run.smithi063.stdout:/usr/bin/ceph: stderr
2024-03-22T07:07:13.737+0000 7efe47fff700 1 -- 172.21.15.63:0/1316013436 <== mon.0 v2:172.21.15.63:3300/0 1 ==== mon_map magic: 0 v1 ==== 229+0+0 (secure 0 0 0) 0x7efe540107c0 con 0x7efe60102730
2024-03-22T07:07:14.407 INFO:teuthology.orchestra.run.smithi063.stdout:/usr/bin/ceph: stderr
2024-03-22T07:07:13.737+0000 7efe47fff700 1 -- 172.21.15.63:0/1316013436 <== mon.0 v2:172.21.15.63:3300/0 2 ==== config(27 keys) v1 ==== 1044+0+0 (secure 0 0 0) 0x7efe54010db0 con 0x7efe60102730
2024-03-22T07:07:14.407 INFO:teuthology.orchestra.run.smithi063.stdout:/usr/bin/ceph: stderr
2024-03-22T07:07:13.737+0000 7efe65ee6700 1 -- 172.21.15.63:0/1316013436 --> [v2:172.21.15.63:3300/0,v1:172.21.15.63:6789/0] -- mon_subscribe({mgrmap=0+}) v3 -- 0x7efe60077180 con 0x7efe60102730
2024-03-22T07:07:14.407 INFO:teuthology.orchestra.run.smithi063.stdout:/usr/bin/ceph: stderr
2024-03-22T07:07:13.737+0000 7efe65ee6700 1 -- 172.21.15.63:0/1316013436 --> [v2:172.21.15.63:3300/0,v1:172.21.15.63:6789/0] -- mon_subscribe({osdmap=0}) v3 -- 0x7efe60077670 con 0x7efe60102730
2024-03-22T07:07:14.407 INFO:teuthology.orchestra.run.smithi063.stdout:/usr/bin/ceph: stderr
2024-03-22T07:07:13.737+0000 7efe47fff700 1 -- 172.21.15.63:0/1316013436 <== mon.0 v2:172.21.15.63:3300/0 3 ==== mon_map magic: 0 v1 ==== 229+0+0 (secure 0 0 0) 0x7efe5401ada0 con 0x7efe60102730
2024-03-22T07:07:14.407 INFO:teuthology.orchestra.run.smithi063.stdout:/usr/bin/ceph: stderr
2024-03-22T07:07:13.738+0000 7efe47fff700 1 -- 172.21.15.63:0/1316013436 <== mon.0 v2:172.21.15.63:3300/0 4 ==== mgrmap(e 8) v1 ==== 43368+0+0 (secure 0 0 0) 0x7efe54010920 con 0x7efe60102730
2024-03-22T07:07:14.407 INFO:teuthology.orchestra.run.smithi063.stdout:/usr/bin/ceph: stderr
2024-03-22T07:07:13.738+0000 7efe65ee6700 1 -- 172.21.15.63:0/1316013436 --> [v2:172.21.15.63:3300/0,v1:172.21.15.63:6789/0] -- mon_command({"prefix": "get_command_descriptions"} v 0) v1 -- 0x7efe6004bed0 con 0x7efe60102730
2024-03-22T07:07:14.407 INFO:teuthology.orchestra.run.smithi063.stdout:/usr/bin/ceph: stderr
2024-03-22T07:07:13.738+0000 7efe47fff700 1 --2- 172.21.15.63:0/1316013436 >> [v2:172.21.15.63:6800/480818549,v1:172.21.15.63:6801/480818549] conn(0x7efe48036790 0x7efe48038c40 unknown :-1 s=NONE pgs=0 cs=0 l=1 rev1=0 crypto rx=0 tx=0 comp rx=0 tx=0).connect
2024-03-22T07:07:14.407 INFO:teuthology.orchestra.run.smithi063.stdout:/usr/bin/ceph: stderr
2024-03-22T07:07:13.738+0000 7efe47fff700 1 -- 172.21.15.63:0/1316013436 <== mon.0 v2:172.21.15.63:3300/0 5 ==== osd_map(2..2 src has 1..2) v4 ==== 936+0+0 (secure 0 0 0) 0x7efe54049d50 con 0x7efe60102730
2024-03-22T07:07:14.408 INFO:teuthology.orchestra.run.smithi063.stdout:/usr/bin/ceph: stderr
2024-03-22T07:07:13.738+0000 7efe5effd700 1 --2- 172.21.15.63:0/1316013436 >> [v2:172.21.15.63:6800/480818549,v1:172.21.15.63:6801/480818549] conn(0x7efe48036790 0x7efe48038c40 unknown :-1 s=BANNER_CONNECTING pgs=0 cs=0 l=1 rev1=0 crypto rx=0 tx=0 comp rx=0 tx=0)._handle_peer_banner_payload supported=3 required=0
2024-03-22T07:07:14.408 INFO:teuthology.orchestra.run.smithi063.stdout:/usr/bin/ceph: stderr
2024-03-22T07:07:13.738+0000 7efe5effd700 1 --2- 172.21.15.63:0/1316013436 >> [v2:172.21.15.63:6800/480818549,v1:172.21.15.63:6801/480818549] conn(0x7efe48036790 0x7efe48038c40 secure :-1 s=READY pgs=8 cs=0 l=1 rev1=1 crypto rx=0x7efe50009990 tx=0x7efe50006e40 comp rx=0 tx=0).ready entity=mgr.14120 client_cookie=0 server_cookie=0 in_seq=0 out_seq=0
2024-03-22T07:07:14.408 INFO:teuthology.orchestra.run.smithi063.stdout:/usr/bin/ceph: stderr
2024-03-22T07:07:13.743+0000 7efe47fff700 1 -- 172.21.15.63:0/1316013436 <== mon.0 v2:172.21.15.63:3300/0 6 ==== mon_command_ack([{"prefix": "get_command_descriptions"}]=0 v0) v1 ==== 72+0+176504 (secure 0 0 0) 0x7efe5404d030 con 0x7efe60102730
2024-03-22T07:07:14.408 INFO:teuthology.orchestra.run.smithi063.stdout:/usr/bin/ceph: stderr
2024-03-22T07:07:13.939+0000 7efe65ee6700 1 -- 172.21.15.63:0/1316013436 --> [v2:172.21.15.63:6800/480818549,v1:172.21.15.63:6801/480818549] -- mgr_command(tid 0: {"prefix": "cephadm set-user", "user": "root", "target": ["mon-mgr", ""]}) v1 -- 0x7efe60077d70 con 0x7efe48036790
2024-03-22T07:07:14.408 INFO:teuthology.orchestra.run.smithi063.stdout:/usr/bin/ceph: stderr
2024-03-22T07:07:13.939+0000 7efe47fff700 1 -- 172.21.15.63:0/1316013436 <== mgr.14120 v2:172.21.15.63:6800/480818549 1 ==== mgr_command_reply(tid 0: 0 ) v1 ==== 8+0+16 (secure 0 0 0) 0x7efe60077d70 con 0x7efe48036790
2024-03-22T07:07:14.408 INFO:teuthology.orchestra.run.smithi063.stdout:/usr/bin/ceph: stderr
2024-03-22T07:07:13.941+0000 7efe65ee6700 1 -- 172.21.15.63:0/1316013436 >> [v2:172.21.15.63:6800/480818549,v1:172.21.15.63:6801/480818549] conn(0x7efe48036790 msgr2=0x7efe48038c40 secure :-1 s=STATE_CONNECTION_ESTABLISHED l=1).mark_down
2024-03-22T07:07:14.408 INFO:teuthology.orchestra.run.smithi063.stdout:/usr/bin/ceph: stderr
2024-03-22T07:07:13.941+0000 7efe65ee6700 1 --2- 172.21.15.63:0/1316013436 >> [v2:172.21.15.63:6800/480818549,v1:172.21.15.63:6801/480818549] conn(0x7efe48036790 0x7efe48038c40 secure :-1 s=READY pgs=8 cs=0 l=1 rev1=1 crypto rx=0x7efe50009990 tx=0x7efe50006e40 comp rx=0 tx=0).stop
2024-03-22T07:07:14.408 INFO:teuthology.orchestra.run.smithi063.stdout:/usr/bin/ceph: stderr
2024-03-22T07:07:13.941+0000 7efe65ee6700 1 -- 172.21.15.63:0/1316013436 >> [v2:172.21.15.63:3300/0,v1:172.21.15.63:6789/0] conn(0x7efe60102730 msgr2=0x7efe60078bd0 secure :-1 s=STATE_CONNECTION_ESTABLISHED l=1).mark_down
2024-03-22T07:07:14.408 INFO:teuthology.orchestra.run.smithi063.stdout:/usr/bin/ceph: stderr
2024-03-22T07:07:13.941+0000 7efe65ee6700 1 --2- 172.21.15.63:0/1316013436 >> [v2:172.21.15.63:3300/0,v1:172.21.15.63:6789/0] conn(0x7efe60102730 0x7efe60078bd0 secure :-1 s=READY pgs=40 cs=0 l=1 rev1=1 crypto rx=0x7efe54006fd0 tx=0x7efe54009250 comp rx=0 tx=0).stop
2024-03-22T07:07:14.408 INFO:teuthology.orchestra.run.smithi063.stdout:/usr/bin/ceph: stderr
2024-03-22T07:07:13.941+0000 7efe65ee6700 1 -- 172.21.15.63:0/1316013436 shutdown_connections
2024-03-22T07:07:14.408 INFO:teuthology.orchestra.run.smithi063.stdout:/usr/bin/ceph: stderr
2024-03-22T07:07:13.941+0000 7efe65ee6700 1 --2- 172.21.15.63:0/1316013436 >> [v2:172.21.15.63:6800/480818549,v1:172.21.15.63:6801/480818549] conn(0x7efe48036790 0x7efe48038c40 unknown :-1 s=CLOSED pgs=8 cs=0 l=1 rev1=1 crypto rx=0 tx=0 comp rx=0 tx=0).stop
2024-03-22T07:07:14.408 INFO:teuthology.orchestra.run.smithi063.stdout:/usr/bin/ceph: stderr
2024-03-22T07:07:13.941+0000 7efe65ee6700 1 --2- 172.21.15.63:0/1316013436 >> [v2:172.21.15.63:3300/0,v1:172.21.15.63:6789/0] conn(0x7efe60102730 0x7efe60078bd0 unknown :-1 s=CLOSED pgs=40 cs=0 l=1 rev1=1 crypto rx=0 tx=0 comp rx=0 tx=0).stop
2024-03-22T07:07:14.408 INFO:teuthology.orchestra.run.smithi063.stdout:/usr/bin/ceph: stderr
2024-03-22T07:07:13.941+0000 7efe65ee6700 1 -- 172.21.15.63:0/1316013436 >> 172.21.15.63:0/1316013436 conn(0x7efe600fdf10 msgr2=0x7efe600feb00 unknown :-1 s=STATE_NONE l=0).mark_down
2024-03-22T07:07:14.408 INFO:teuthology.orchestra.run.smithi063.stdout:/usr/bin/ceph: stderr
2024-03-22T07:07:13.941+0000 7efe65ee6700 1 -- 172.21.15.63:0/1316013436 shutdown_connections
2024-03-22T07:07:14.409 INFO:teuthology.orchestra.run.smithi063.stdout:/usr/bin/ceph: stderr
2024-03-22T07:07:13.941+0000 7efe65ee6700 1 -- 172.21.15.63:0/1316013436 wait complete.
2024-03-22T07:07:14.409 INFO:teuthology.orchestra.run.smithi063.stdout:Generating ssh key...
2024-03-22T07:07:14.714 INFO:journalctl@ceph.mon.smithi063.smithi063.stdout:Mar 22 07:07:14 smithi063 ceph-mon[29200]: [22/Mar/2024:07:07:13] ENGINE Bus STARTING
2024-03-22T07:07:14.714 INFO:journalctl@ceph.mon.smithi063.smithi063.stdout:Mar 22 07:07:14 smithi063 ceph-mon[29200]: [22/Mar/2024:07:07:13] ENGINE Serving on https://172.21.15.63:7150
2024-03-22T07:07:14.715 INFO:journalctl@ceph.mon.smithi063.smithi063.stdout:Mar 22 07:07:14 smithi063 ceph-mon[29200]: [22/Mar/2024:07:07:13] ENGINE Bus STARTED
2024-03-22T07:07:15.542 INFO:journalctl@ceph.mon.smithi063.smithi063.stdout:Mar 22 07:07:15 smithi063 ceph-mon[29200]: from='client.14134 -' entity='client.admin' cmd=[{"prefix": "cephadm set-user", "user": "root", "target": ["mon-mgr", ""]}]: dispatch
2024-03-22T07:07:15.542 INFO:journalctl@ceph.mon.smithi063.smithi063.stdout:Mar 22 07:07:15 smithi063 ceph-mon[29200]: from='mgr.14120 172.21.15.63:0/198929843' entity='mgr.smithi063.mnxayh'
2024-03-22T07:07:15.542 INFO:journalctl@ceph.mon.smithi063.smithi063.stdout:Mar 22 07:07:15 smithi063 ceph-mon[29200]: from='mgr.14120 172.21.15.63:0/198929843' entity='mgr.smithi063.mnxayh'
2024-03-22T07:07:15.800 INFO:teuthology.orchestra.run.smithi063.stdout:/usr/bin/ceph: stderr
2024-03-22T07:07:14.810+0000 7fd825be2700 1 Processor -- start
2024-03-22T07:07:15.800 INFO:teuthology.orchestra.run.smithi063.stdout:/usr/bin/ceph: stderr
2024-03-22T07:07:14.810+0000 7fd825be2700 1 -- start start
2024-03-22T07:07:15.801 INFO:teuthology.orchestra.run.smithi063.stdout:/usr/bin/ceph: stderr
2024-03-22T07:07:14.811+0000 7fd825be2700 1 --2- >> [v2:172.21.15.63:3300/0,v1:172.21.15.63:6789/0] conn(0x7fd8201026b0 0x7fd820102ac0 unknown :-1 s=NONE pgs=0 cs=0 l=0 rev1=0 crypto rx=0 tx=0 comp rx=0 tx=0).connect
2024-03-22T07:07:15.801 INFO:teuthology.orchestra.run.smithi063.stdout:/usr/bin/ceph: stderr
2024-03-22T07:07:14.811+0000 7fd825be2700 1 -- --> [v2:172.21.15.63:3300/0,v1:172.21.15.63:6789/0] -- mon_getmap magic: 0 v1 -- 0x7fd820103000 con 0x7fd8201026b0
2024-03-22T07:07:15.801 INFO:teuthology.orchestra.run.smithi063.stdout:/usr/bin/ceph: stderr
2024-03-22T07:07:14.811+0000 7fd81f7fe700 1 --2- >> [v2:172.21.15.63:3300/0,v1:172.21.15.63:6789/0] conn(0x7fd8201026b0 0x7fd820102ac0 unknown :-1 s=BANNER_CONNECTING pgs=0 cs=0 l=0 rev1=0 crypto rx=0 tx=0 comp rx=0 tx=0)._handle_peer_banner_payload supported=3 required=0
2024-03-22T07:07:15.801 INFO:teuthology.orchestra.run.smithi063.stdout:/usr/bin/ceph: stderr
2024-03-22T07:07:14.811+0000 7fd81f7fe700 1 --2- >> [v2:172.21.15.63:3300/0,v1:172.21.15.63:6789/0] conn(0x7fd8201026b0 0x7fd820102ac0 unknown :-1 s=HELLO_CONNECTING pgs=0 cs=0 l=0 rev1=1 crypto rx=0 tx=0 comp rx=0 tx=0).handle_hello peer v2:172.21.15.63:3300/0 says I am v2:172.21.15.63:52000/0 (socket says 172.21.15.63:52000)
2024-03-22T07:07:15.801 INFO:teuthology.orchestra.run.smithi063.stdout:/usr/bin/ceph: stderr
2024-03-22T07:07:14.811+0000 7fd81f7fe700 1 -- 172.21.15.63:0/344960497 learned_addr learned my addr 172.21.15.63:0/344960497 (peer_addr_for_me v2:172.21.15.63:0/0)
2024-03-22T07:07:15.801 INFO:teuthology.orchestra.run.smithi063.stdout:/usr/bin/ceph: stderr
2024-03-22T07:07:14.811+0000 7fd81f7fe700 1 -- 172.21.15.63:0/344960497 --> [v2:172.21.15.63:3300/0,v1:172.21.15.63:6789/0] -- mon_subscribe({config=0+,monmap=0+}) v3 -- 0x7fd820103140 con 0x7fd8201026b0
2024-03-22T07:07:15.801 INFO:teuthology.orchestra.run.smithi063.stdout:/usr/bin/ceph: stderr
2024-03-22T07:07:14.811+0000 7fd81f7fe700 1 --2- 172.21.15.63:0/344960497 >> [v2:172.21.15.63:3300/0,v1:172.21.15.63:6789/0] conn(0x7fd8201026b0 0x7fd820102ac0 secure :-1 s=READY pgs=41 cs=0 l=1 rev1=1 crypto rx=0x7fd8100098e0 tx=0x7fd810009250 comp rx=0 tx=0).ready entity=mon.0 client_cookie=281b406a89d7cab9 server_cookie=0 in_seq=0 out_seq=0
2024-03-22T07:07:15.801 INFO:teuthology.orchestra.run.smithi063.stdout:/usr/bin/ceph: stderr
2024-03-22T07:07:14.811+0000 7fd81e7fc700 1 -- 172.21.15.63:0/344960497 <== mon.0 v2:172.21.15.63:3300/0 1 ==== mon_map magic: 0 v1 ==== 229+0+0 (secure 0 0 0) 0x7fd81000b860 con 0x7fd8201026b0
2024-03-22T07:07:15.801 INFO:teuthology.orchestra.run.smithi063.stdout:/usr/bin/ceph: stderr
2024-03-22T07:07:14.811+0000 7fd81e7fc700 1 -- 172.21.15.63:0/344960497 <== mon.0 v2:172.21.15.63:3300/0 2 ==== config(27 keys) v1 ==== 1044+0+0 (secure 0 0 0) 0x7fd81000be50 con 0x7fd8201026b0
2024-03-22T07:07:15.801 INFO:teuthology.orchestra.run.smithi063.stdout:/usr/bin/ceph: stderr
2024-03-22T07:07:14.811+0000 7fd81e7fc700 1 -- 172.21.15.63:0/344960497 <== mon.0 v2:172.21.15.63:3300/0 3 ==== mon_map magic: 0 v1 ==== 229+0+0 (secure 0 0 0) 0x7fd810010380 con 0x7fd8201026b0
2024-03-22T07:07:15.801 INFO:teuthology.orchestra.run.smithi063.stdout:/usr/bin/ceph: stderr
2024-03-22T07:07:14.812+0000 7fd825be2700 1 -- 172.21.15.63:0/344960497 >> [v2:172.21.15.63:3300/0,v1:172.21.15.63:6789/0] conn(0x7fd8201026b0 msgr2=0x7fd820102ac0 secure :-1 s=STATE_CONNECTION_ESTABLISHED l=1).mark_down
2024-03-22T07:07:15.801 INFO:teuthology.orchestra.run.smithi063.stdout:/usr/bin/ceph: stderr
2024-03-22T07:07:14.812+0000 7fd825be2700 1 --2- 172.21.15.63:0/344960497 >> [v2:172.21.15.63:3300/0,v1:172.21.15.63:6789/0] conn(0x7fd8201026b0 0x7fd820102ac0 secure :-1 s=READY pgs=41 cs=0 l=1 rev1=1 crypto rx=0x7fd8100098e0 tx=0x7fd810009250 comp rx=0 tx=0).stop
2024-03-22T07:07:15.801 INFO:teuthology.orchestra.run.smithi063.stdout:/usr/bin/ceph: stderr
2024-03-22T07:07:14.812+0000 7fd825be2700 1 -- 172.21.15.63:0/344960497 shutdown_connections
2024-03-22T07:07:15.802 INFO:teuthology.orchestra.run.smithi063.stdout:/usr/bin/ceph: stderr
2024-03-22T07:07:14.812+0000 7fd825be2700 1 --2- 172.21.15.63:0/344960497 >> [v2:172.21.15.63:3300/0,v1:172.21.15.63:6789/0] conn(0x7fd8201026b0 0x7fd820102ac0 unknown :-1 s=CLOSED pgs=41 cs=0 l=1 rev1=1 crypto rx=0 tx=0 comp rx=0 tx=0).stop
2024-03-22T07:07:15.802 INFO:teuthology.orchestra.run.smithi063.stdout:/usr/bin/ceph: stderr
2024-03-22T07:07:14.812+0000 7fd825be2700 1 -- 172.21.15.63:0/344960497 >> 172.21.15.63:0/344960497 conn(0x7fd8200fde70 msgr2=0x7fd820100280 unknown :-1 s=STATE_NONE l=0).mark_down
2024-03-22T07:07:15.802 INFO:teuthology.orchestra.run.smithi063.stdout:/usr/bin/ceph: stderr
2024-03-22T07:07:14.812+0000 7fd825be2700 1 -- 172.21.15.63:0/344960497 shutdown_connections
2024-03-22T07:07:15.802 INFO:teuthology.orchestra.run.smithi063.stdout:/usr/bin/ceph: stderr
2024-03-22T07:07:14.812+0000 7fd825be2700 1 -- 172.21.15.63:0/344960497 wait complete.
2024-03-22T07:07:15.802 INFO:teuthology.orchestra.run.smithi063.stdout:/usr/bin/ceph: stderr
2024-03-22T07:07:14.812+0000 7fd825be2700 1 Processor -- start
2024-03-22T07:07:15.802 INFO:teuthology.orchestra.run.smithi063.stdout:/usr/bin/ceph: stderr
2024-03-22T07:07:14.813+0000 7fd825be2700 1 -- start start
2024-03-22T07:07:15.802 INFO:teuthology.orchestra.run.smithi063.stdout:/usr/bin/ceph: stderr
2024-03-22T07:07:14.813+0000 7fd825be2700 1 --2- >> [v2:172.21.15.63:3300/0,v1:172.21.15.63:6789/0] conn(0x7fd8201026b0 0x7fd820111540 unknown :-1 s=NONE pgs=0 cs=0 l=1 rev1=0 crypto rx=0 tx=0 comp rx=0 tx=0).connect
2024-03-22T07:07:15.802 INFO:teuthology.orchestra.run.smithi063.stdout:/usr/bin/ceph: stderr
2024-03-22T07:07:14.813+0000 7fd825be2700 1 -- --> [v2:172.21.15.63:3300/0,v1:172.21.15.63:6789/0] -- mon_getmap magic: 0 v1 -- 0x7fd820111a80 con 0x7fd8201026b0
2024-03-22T07:07:15.802 INFO:teuthology.orchestra.run.smithi063.stdout:/usr/bin/ceph: stderr
2024-03-22T07:07:14.813+0000 7fd81f7fe700 1 --2- >> [v2:172.21.15.63:3300/0,v1:172.21.15.63:6789/0] conn(0x7fd8201026b0 0x7fd820111540 unknown :-1 s=BANNER_CONNECTING pgs=0 cs=0 l=1 rev1=0 crypto rx=0 tx=0 comp rx=0 tx=0)._handle_peer_banner_payload supported=3 required=0
2024-03-22T07:07:15.802 INFO:teuthology.orchestra.run.smithi063.stdout:/usr/bin/ceph: stderr
2024-03-22T07:07:14.813+0000 7fd81f7fe700 1 --2- >> [v2:172.21.15.63:3300/0,v1:172.21.15.63:6789/0] conn(0x7fd8201026b0 0x7fd820111540 unknown :-1 s=HELLO_CONNECTING pgs=0 cs=0 l=1 rev1=1 crypto rx=0 tx=0 comp rx=0 tx=0).handle_hello peer v2:172.21.15.63:3300/0 says I am v2:172.21.15.63:52010/0 (socket says 172.21.15.63:52010)
2024-03-22T07:07:15.802 INFO:teuthology.orchestra.run.smithi063.stdout:/usr/bin/ceph: stderr
2024-03-22T07:07:14.813+0000 7fd81f7fe700 1 -- 172.21.15.63:0/4160716108 learned_addr learned my addr 172.21.15.63:0/4160716108 (peer_addr_for_me v2:172.21.15.63:0/0)
2024-03-22T07:07:15.802 INFO:teuthology.orchestra.run.smithi063.stdout:/usr/bin/ceph: stderr
2024-03-22T07:07:14.813+0000 7fd81f7fe700 1 -- 172.21.15.63:0/4160716108 --> [v2:172.21.15.63:3300/0,v1:172.21.15.63:6789/0] -- mon_subscribe({config=0+,monmap=0+}) v3 -- 0x7fd8100094f0 con 0x7fd8201026b0
2024-03-22T07:07:15.802 INFO:teuthology.orchestra.run.smithi063.stdout:/usr/bin/ceph: stderr
2024-03-22T07:07:14.813+0000 7fd81f7fe700 1 --2- 172.21.15.63:0/4160716108 >> [v2:172.21.15.63:3300/0,v1:172.21.15.63:6789/0] conn(0x7fd8201026b0 0x7fd820111540 secure :-1 s=READY pgs=42 cs=0 l=1 rev1=1 crypto rx=0x7fd81000b440 tx=0x7fd810009250 comp rx=0 tx=0).ready entity=mon.0 client_cookie=0 server_cookie=0 in_seq=0 out_seq=0
2024-03-22T07:07:15.802 INFO:teuthology.orchestra.run.smithi063.stdout:/usr/bin/ceph: stderr
2024-03-22T07:07:14.813+0000 7fd807fff700 1 -- 172.21.15.63:0/4160716108 <== mon.0 v2:172.21.15.63:3300/0 1 ==== mon_map magic: 0 v1 ==== 229+0+0 (secure 0 0 0) 0x7fd810010760 con 0x7fd8201026b0
2024-03-22T07:07:15.803 INFO:teuthology.orchestra.run.smithi063.stdout:/usr/bin/ceph: stderr
2024-03-22T07:07:14.813+0000 7fd825be2700 1 -- 172.21.15.63:0/4160716108 --> [v2:172.21.15.63:3300/0,v1:172.21.15.63:6789/0] -- mon_subscribe({mgrmap=0+}) v3 -- 0x7fd820111c80 con 0x7fd8201026b0
2024-03-22T07:07:15.803 INFO:teuthology.orchestra.run.smithi063.stdout:/usr/bin/ceph: stderr
2024-03-22T07:07:14.813+0000 7fd807fff700 1 -- 172.21.15.63:0/4160716108 <== mon.0 v2:172.21.15.63:3300/0 2 ==== config(27 keys) v1 ==== 1044+0+0 (secure 0 0 0) 0x7fd810010d50 con 0x7fd8201026b0
2024-03-22T07:07:15.803 INFO:teuthology.orchestra.run.smithi063.stdout:/usr/bin/ceph: stderr
2024-03-22T07:07:14.813+0000 7fd807fff700 1 -- 172.21.15.63:0/4160716108 <== mon.0 v2:172.21.15.63:3300/0 3 ==== mon_map magic: 0 v1 ==== 229+0+0 (secure 0 0 0) 0x7fd81001ae20 con 0x7fd8201026b0
2024-03-22T07:07:15.803 INFO:teuthology.orchestra.run.smithi063.stdout:/usr/bin/ceph: stderr
2024-03-22T07:07:14.814+0000 7fd825be2700 1 -- 172.21.15.63:0/4160716108 --> [v2:172.21.15.63:3300/0,v1:172.21.15.63:6789/0] -- mon_subscribe({osdmap=0}) v3 -- 0x7fd8201127f0 con 0x7fd8201026b0
2024-03-22T07:07:15.803 INFO:teuthology.orchestra.run.smithi063.stdout:/usr/bin/ceph: stderr
2024-03-22T07:07:14.814+0000 7fd807fff700 1 -- 172.21.15.63:0/4160716108 <== mon.0 v2:172.21.15.63:3300/0 4 ==== mgrmap(e 8) v1 ==== 43368+0+0 (secure 0 0 0) 0x7fd81002e440 con 0x7fd8201026b0
2024-03-22T07:07:15.803 INFO:teuthology.orchestra.run.smithi063.stdout:/usr/bin/ceph: stderr
2024-03-22T07:07:14.814+0000 7fd825be2700 1 -- 172.21.15.63:0/4160716108 --> [v2:172.21.15.63:3300/0,v1:172.21.15.63:6789/0] -- mon_command({"prefix": "get_command_descriptions"} v 0) v1 -- 0x7fd82005f5f0 con 0x7fd8201026b0
2024-03-22T07:07:15.803 INFO:teuthology.orchestra.run.smithi063.stdout:/usr/bin/ceph: stderr
2024-03-22T07:07:14.814+0000 7fd807fff700 1 --2- 172.21.15.63:0/4160716108 >> [v2:172.21.15.63:6800/480818549,v1:172.21.15.63:6801/480818549] conn(0x7fd808036770 0x7fd808038c20 unknown :-1 s=NONE pgs=0 cs=0 l=1 rev1=0 crypto rx=0 tx=0 comp rx=0 tx=0).connect
2024-03-22T07:07:15.803 INFO:teuthology.orchestra.run.smithi063.stdout:/usr/bin/ceph: stderr
2024-03-22T07:07:14.815+0000 7fd807fff700 1 -- 172.21.15.63:0/4160716108 <== mon.0 v2:172.21.15.63:3300/0 5 ==== osd_map(2..2 src has 1..2) v4 ==== 936+0+0 (secure 0 0 0) 0x7fd81004a630 con 0x7fd8201026b0
2024-03-22T07:07:15.803 INFO:teuthology.orchestra.run.smithi063.stdout:/usr/bin/ceph: stderr
2024-03-22T07:07:14.815+0000 7fd81effd700 1 --2- 172.21.15.63:0/4160716108 >> [v2:172.21.15.63:6800/480818549,v1:172.21.15.63:6801/480818549] conn(0x7fd808036770 0x7fd808038c20 unknown :-1 s=BANNER_CONNECTING pgs=0 cs=0 l=1 rev1=0 crypto rx=0 tx=0 comp rx=0 tx=0)._handle_peer_banner_payload supported=3 required=0
2024-03-22T07:07:15.803 INFO:teuthology.orchestra.run.smithi063.stdout:/usr/bin/ceph: stderr
2024-03-22T07:07:14.815+0000 7fd81effd700 1 --2- 172.21.15.63:0/4160716108 >> [v2:172.21.15.63:6800/480818549,v1:172.21.15.63:6801/480818549] conn(0x7fd808036770 0x7fd808038c20 secure :-1 s=READY pgs=9 cs=0 l=1 rev1=1 crypto rx=0x7fd814009990 tx=0x7fd814006e40 comp rx=0 tx=0).ready entity=mgr.14120 client_cookie=0 server_cookie=0 in_seq=0 out_seq=0
2024-03-22T07:07:15.803 INFO:teuthology.orchestra.run.smithi063.stdout:/usr/bin/ceph: stderr
2024-03-22T07:07:14.819+0000 7fd807fff700 1 -- 172.21.15.63:0/4160716108 <== mon.0 v2:172.21.15.63:3300/0 6 ==== mon_command_ack([{"prefix": "get_command_descriptions"}]=0 v0) v1 ==== 72+0+176504 (secure 0 0 0) 0x7fd810018940 con 0x7fd8201026b0
2024-03-22T07:07:15.803 INFO:teuthology.orchestra.run.smithi063.stdout:/usr/bin/ceph: stderr
2024-03-22T07:07:15.014+0000 7fd825be2700 1 -- 172.21.15.63:0/4160716108 --> [v2:172.21.15.63:6800/480818549,v1:172.21.15.63:6801/480818549] -- mgr_command(tid 0: {"prefix": "cephadm generate-key", "target": ["mon-mgr", ""]}) v1 -- 0x7fd8200ff0e0 con 0x7fd808036770
2024-03-22T07:07:15.803 INFO:teuthology.orchestra.run.smithi063.stdout:/usr/bin/ceph: stderr
2024-03-22T07:07:15.285+0000 7fd807fff700 1 -- 172.21.15.63:0/4160716108 <== mgr.14120 v2:172.21.15.63:6800/480818549 1 ==== mgr_command_reply(tid 0: 0 ) v1 ==== 8+0+0 (secure 0 0 0) 0x7fd8200ff0e0 con 0x7fd808036770
2024-03-22T07:07:15.804 INFO:teuthology.orchestra.run.smithi063.stdout:/usr/bin/ceph: stderr
2024-03-22T07:07:15.287+0000 7fd825be2700 1 -- 172.21.15.63:0/4160716108 >> [v2:172.21.15.63:6800/480818549,v1:172.21.15.63:6801/480818549] conn(0x7fd808036770 msgr2=0x7fd808038c20 secure :-1 s=STATE_CONNECTION_ESTABLISHED l=1).mark_down
2024-03-22T07:07:15.804 INFO:teuthology.orchestra.run.smithi063.stdout:/usr/bin/ceph: stderr
2024-03-22T07:07:15.287+0000 7fd825be2700 1 --2- 172.21.15.63:0/4160716108 >> [v2:172.21.15.63:6800/480818549,v1:172.21.15.63:6801/480818549] conn(0x7fd808036770 0x7fd808038c20 secure :-1 s=READY pgs=9 cs=0 l=1 rev1=1 crypto rx=0x7fd814009990 tx=0x7fd814006e40 comp rx=0 tx=0).stop
2024-03-22T07:07:15.804 INFO:teuthology.orchestra.run.smithi063.stdout:/usr/bin/ceph: stderr
2024-03-22T07:07:15.287+0000 7fd825be2700 1 -- 172.21.15.63:0/4160716108 >> [v2:172.21.15.63:3300/0,v1:172.21.15.63:6789/0] conn(0x7fd8201026b0 msgr2=0x7fd820111540 secure :-1 s=STATE_CONNECTION_ESTABLISHED l=1).mark_down
2024-03-22T07:07:15.804 INFO:teuthology.orchestra.run.smithi063.stdout:/usr/bin/ceph: stderr
2024-03-22T07:07:15.287+0000 7fd825be2700 1 --2- 172.21.15.63:0/4160716108 >> [v2:172.21.15.63:3300/0,v1:172.21.15.63:6789/0] conn(0x7fd8201026b0 0x7fd820111540 secure :-1 s=READY pgs=42 cs=0 l=1 rev1=1 crypto rx=0x7fd81000b440 tx=0x7fd810009250 comp rx=0 tx=0).stop
2024-03-22T07:07:15.804 INFO:teuthology.orchestra.run.smithi063.stdout:/usr/bin/ceph: stderr
2024-03-22T07:07:15.288+0000 7fd825be2700 1 -- 172.21.15.63:0/4160716108 shutdown_connections
2024-03-22T07:07:15.804 INFO:teuthology.orchestra.run.smithi063.stdout:/usr/bin/ceph: stderr
2024-03-22T07:07:15.288+0000 7fd825be2700 1 --2- 172.21.15.63:0/4160716108 >> [v2:172.21.15.63:6800/480818549,v1:172.21.15.63:6801/480818549] conn(0x7fd808036770 0x7fd808038c20 unknown :-1 s=CLOSED pgs=9 cs=0 l=1 rev1=1 crypto rx=0 tx=0 comp rx=0 tx=0).stop
2024-03-22T07:07:15.804 INFO:teuthology.orchestra.run.smithi063.stdout:/usr/bin/ceph: stderr
2024-03-22T07:07:15.288+0000 7fd825be2700 1 --2- 172.21.15.63:0/4160716108 >> [v2:172.21.15.63:3300/0,v1:172.21.15.63:6789/0] conn(0x7fd8201026b0 0x7fd820111540 unknown :-1 s=CLOSED pgs=42 cs=0 l=1 rev1=1 crypto rx=0 tx=0 comp rx=0 tx=0).stop
