2024-03-22T07:10:46.649+0000 7fc0c17fa700 1 -- 172.21.15.44:0/1829688243 <== mon.0 v2:172.21.15.44:3300/0 2 ==== config(27 keys) v1 ==== 1109+0+0 (secure 0 0 0) 0x7fc0b8010cb0 con 0x7fc0c4102730
2024-03-22T07:10:47.757 INFO:teuthology.orchestra.run.smithi044.stdout:/usr/bin/ceph: stderr
2024-03-22T07:10:46.649+0000 7fc0cb171700 1 -- 172.21.15.44:0/1829688243 --> [v2:172.21.15.44:3300/0,v1:172.21.15.44:6789/0] -- mon_subscribe({mgrmap=0+}) v3 -- 0x7fc0c4111d50 con 0x7fc0c4102730
2024-03-22T07:10:47.757 INFO:teuthology.orchestra.run.smithi044.stdout:/usr/bin/ceph: stderr
2024-03-22T07:10:46.649+0000 7fc0c17fa700 1 -- 172.21.15.44:0/1829688243 <== mon.0 v2:172.21.15.44:3300/0 3 ==== mon_map magic: 0 v1 ==== 229+0+0 (secure 0 0 0) 0x7fc0b801ad40 con 0x7fc0c4102730
2024-03-22T07:10:47.757 INFO:teuthology.orchestra.run.smithi044.stdout:/usr/bin/ceph: stderr
2024-03-22T07:10:46.649+0000 7fc0cb171700 1 -- 172.21.15.44:0/1829688243 --> [v2:172.21.15.44:3300/0,v1:172.21.15.44:6789/0] -- mon_subscribe({osdmap=0}) v3 -- 0x7fc0c41128c0 con 0x7fc0c4102730
2024-03-22T07:10:47.757 INFO:teuthology.orchestra.run.smithi044.stdout:/usr/bin/ceph: stderr
2024-03-22T07:10:46.650+0000 7fc0c17fa700 1 -- 172.21.15.44:0/1829688243 <== mon.0 v2:172.21.15.44:3300/0 4 ==== mgrmap(e 12) v1 ==== 43381+0+0 (secure 0 0 0) 0x7fc0b80107e0 con 0x7fc0c4102730
2024-03-22T07:10:47.757 INFO:teuthology.orchestra.run.smithi044.stdout:/usr/bin/ceph: stderr
2024-03-22T07:10:46.650+0000 7fc0c17fa700 1 --2- 172.21.15.44:0/1829688243 >> [v2:172.21.15.44:6800/1862722256,v1:172.21.15.44:6801/1862722256] conn(0x7fc0b40367e0 0x7fc0b4038c90 unknown :-1 s=NONE pgs=0 cs=0 l=1 rev1=0 crypto rx=0 tx=0 comp rx=0 tx=0).connect
2024-03-22T07:10:47.757 INFO:teuthology.orchestra.run.smithi044.stdout:/usr/bin/ceph: stderr
2024-03-22T07:10:46.650+0000 7fc0c17fa700 1 -- 172.21.15.44:0/1829688243 <== mon.0 v2:172.21.15.44:3300/0 5 ==== osd_map(3..3 src has 1..3) v4 ==== 1151+0+0 (secure 0 0 0) 0x7fc0b804a380 con 0x7fc0c4102730
2024-03-22T07:10:47.757 INFO:teuthology.orchestra.run.smithi044.stdout:/usr/bin/ceph: stderr
2024-03-22T07:10:46.650+0000 7fc0cb171700 1 -- 172.21.15.44:0/1829688243 --> [v2:172.21.15.44:3300/0,v1:172.21.15.44:6789/0] -- mon_command({"prefix": "get_command_descriptions"} v 0) v1 -- 0x7fc0c405f5f0 con 0x7fc0c4102730
2024-03-22T07:10:47.757 INFO:teuthology.orchestra.run.smithi044.stdout:/usr/bin/ceph: stderr
2024-03-22T07:10:46.650+0000 7fc0c3fff700 1 --2- 172.21.15.44:0/1829688243 >> [v2:172.21.15.44:6800/1862722256,v1:172.21.15.44:6801/1862722256] conn(0x7fc0b40367e0 0x7fc0b4038c90 unknown :-1 s=BANNER_CONNECTING pgs=0 cs=0 l=1 rev1=0 crypto rx=0 tx=0 comp rx=0 tx=0)._handle_peer_banner_payload supported=3 required=0
2024-03-22T07:10:47.757 INFO:teuthology.orchestra.run.smithi044.stdout:/usr/bin/ceph: stderr
2024-03-22T07:10:46.651+0000 7fc0c3fff700 1 --2- 172.21.15.44:0/1829688243 >> [v2:172.21.15.44:6800/1862722256,v1:172.21.15.44:6801/1862722256] conn(0x7fc0b40367e0 0x7fc0b4038c90 secure :-1 s=READY pgs=8 cs=0 l=1 rev1=1 crypto rx=0x7fc0b0009990 tx=0x7fc0b0006e40 comp rx=0 tx=0).ready entity=mgr.14160 client_cookie=0 server_cookie=0 in_seq=0 out_seq=0
2024-03-22T07:10:47.757 INFO:teuthology.orchestra.run.smithi044.stdout:/usr/bin/ceph: stderr
2024-03-22T07:10:46.655+0000 7fc0c17fa700 1 -- 172.21.15.44:0/1829688243 <== mon.0 v2:172.21.15.44:3300/0 6 ==== mon_command_ack([{"prefix": "get_command_descriptions"}]=0 v0) v1 ==== 72+0+176504 (secure 0 0 0) 0x7fc0b8020070 con 0x7fc0c4102730
2024-03-22T07:10:47.757 INFO:teuthology.orchestra.run.smithi044.stdout:/usr/bin/ceph: stderr
2024-03-22T07:10:46.867+0000 7fc0cb171700 1 -- 172.21.15.44:0/1829688243 --> [v2:172.21.15.44:6800/1862722256,v1:172.21.15.44:6801/1862722256] -- mgr_command(tid 0: {"prefix": "dashboard ac-user-create", "username": "admin", "rolename": "administrator", "force_password": true, "pwd_update_required": true, "target": ["mon-mgr", ""]}) v1 -- 0x7fc0c404bed0 con 0x7fc0b40367e0
2024-03-22T07:10:47.757 INFO:teuthology.orchestra.run.smithi044.stdout:/usr/bin/ceph: stderr
2024-03-22T07:10:47.112+0000 7fc0c17fa700 1 -- 172.21.15.44:0/1829688243 <== mgr.14160 v2:172.21.15.44:6800/1862722256 1 ==== mgr_command_reply(tid 0: 0 ) v1 ==== 8+0+252 (secure 0 0 0) 0x7fc0c404bed0 con 0x7fc0b40367e0
2024-03-22T07:10:47.757 INFO:teuthology.orchestra.run.smithi044.stdout:/usr/bin/ceph: stderr
2024-03-22T07:10:47.115+0000 7fc0cb171700 1 -- 172.21.15.44:0/1829688243 >> [v2:172.21.15.44:6800/1862722256,v1:172.21.15.44:6801/1862722256] conn(0x7fc0b40367e0 msgr2=0x7fc0b4038c90 secure :-1 s=STATE_CONNECTION_ESTABLISHED l=1).mark_down
2024-03-22T07:10:47.757 INFO:teuthology.orchestra.run.smithi044.stdout:/usr/bin/ceph: stderr
2024-03-22T07:10:47.115+0000 7fc0cb171700 1 --2- 172.21.15.44:0/1829688243 >> [v2:172.21.15.44:6800/1862722256,v1:172.21.15.44:6801/1862722256] conn(0x7fc0b40367e0 0x7fc0b4038c90 secure :-1 s=READY pgs=8 cs=0 l=1 rev1=1 crypto rx=0x7fc0b0009990 tx=0x7fc0b0006e40 comp rx=0 tx=0).stop
2024-03-22T07:10:47.758 INFO:teuthology.orchestra.run.smithi044.stdout:/usr/bin/ceph: stderr
2024-03-22T07:10:47.115+0000 7fc0cb171700 1 -- 172.21.15.44:0/1829688243 >> [v2:172.21.15.44:3300/0,v1:172.21.15.44:6789/0] conn(0x7fc0c4102730 msgr2=0x7fc0c4111610 secure :-1 s=STATE_CONNECTION_ESTABLISHED l=1).mark_down
2024-03-22T07:10:47.758 INFO:teuthology.orchestra.run.smithi044.stdout:/usr/bin/ceph: stderr
2024-03-22T07:10:47.115+0000 7fc0cb171700 1 --2- 172.21.15.44:0/1829688243 >> [v2:172.21.15.44:3300/0,v1:172.21.15.44:6789/0] conn(0x7fc0c4102730 0x7fc0c4111610 secure :-1 s=READY pgs=81 cs=0 l=1 rev1=1 crypto rx=0x7fc0b80094c0 tx=0x7fc0b8009250 comp rx=0 tx=0).stop
2024-03-22T07:10:47.758 INFO:teuthology.orchestra.run.smithi044.stdout:/usr/bin/ceph: stderr
2024-03-22T07:10:47.115+0000 7fc0cb171700 1 -- 172.21.15.44:0/1829688243 shutdown_connections
2024-03-22T07:10:47.758 INFO:teuthology.orchestra.run.smithi044.stdout:/usr/bin/ceph: stderr
2024-03-22T07:10:47.115+0000 7fc0cb171700 1 --2- 172.21.15.44:0/1829688243 >> [v2:172.21.15.44:6800/1862722256,v1:172.21.15.44:6801/1862722256] conn(0x7fc0b40367e0 0x7fc0b4038c90 unknown :-1 s=CLOSED pgs=8 cs=0 l=1 rev1=1 crypto rx=0 tx=0 comp rx=0 tx=0).stop
2024-03-22T07:10:47.758 INFO:teuthology.orchestra.run.smithi044.stdout:/usr/bin/ceph: stderr
2024-03-22T07:10:47.115+0000 7fc0cb171700 1 --2- 172.21.15.44:0/1829688243 >> [v2:172.21.15.44:3300/0,v1:172.21.15.44:6789/0] conn(0x7fc0c4102730 0x7fc0c4111610 unknown :-1 s=CLOSED pgs=81 cs=0 l=1 rev1=1 crypto rx=0 tx=0 comp rx=0 tx=0).stop
2024-03-22T07:10:47.758 INFO:teuthology.orchestra.run.smithi044.stdout:/usr/bin/ceph: stderr
2024-03-22T07:10:47.115+0000 7fc0cb171700 1 -- 172.21.15.44:0/1829688243 >> 172.21.15.44:0/1829688243 conn(0x7fc0c40fdf10 msgr2=0x7fc0c40feab0 unknown :-1 s=STATE_NONE l=0).mark_down
2024-03-22T07:10:47.758 INFO:teuthology.orchestra.run.smithi044.stdout:/usr/bin/ceph: stderr
2024-03-22T07:10:47.115+0000 7fc0cb171700 1 -- 172.21.15.44:0/1829688243 shutdown_connections
2024-03-22T07:10:47.758 INFO:teuthology.orchestra.run.smithi044.stdout:/usr/bin/ceph: stderr
2024-03-22T07:10:47.115+0000 7fc0cb171700 1 -- 172.21.15.44:0/1829688243 wait complete.
2024-03-22T07:10:47.758 INFO:teuthology.orchestra.run.smithi044.stdout:Fetching dashboard port number...
2024-03-22T07:10:48.357 INFO:journalctl@ceph.mon.smithi044.smithi044.stdout:Mar 22 07:10:48 smithi044 ceph-mon[29208]: from='client.14174 -' entity='client.admin' cmd=[{"prefix": "dashboard ac-user-create", "username": "admin", "rolename": "administrator", "force_password": true, "pwd_update_required": true, "target": ["mon-mgr", ""]}]: dispatch
2024-03-22T07:10:48.357 INFO:journalctl@ceph.mon.smithi044.smithi044.stdout:Mar 22 07:10:48 smithi044 ceph-mon[29208]: from='mgr.14160 172.21.15.44:0/3755494542' entity='mgr.smithi044.kwneen'
2024-03-22T07:10:48.918 INFO:teuthology.orchestra.run.smithi044.stdout:/usr/bin/ceph: stdout 8443
2024-03-22T07:10:48.918 INFO:teuthology.orchestra.run.smithi044.stdout:/usr/bin/ceph: stderr
2024-03-22T07:10:48.155+0000 7fe12833c700 1 Processor -- start
2024-03-22T07:10:48.918 INFO:teuthology.orchestra.run.smithi044.stdout:/usr/bin/ceph: stderr
2024-03-22T07:10:48.155+0000 7fe12833c700 1 -- start start
2024-03-22T07:10:48.918 INFO:teuthology.orchestra.run.smithi044.stdout:/usr/bin/ceph: stderr
2024-03-22T07:10:48.155+0000 7fe12833c700 1 --2- >> [v2:172.21.15.44:3300/0,v1:172.21.15.44:6789/0] conn(0x7fe120071360 0x7fe1201052e0 unknown :-1 s=NONE pgs=0 cs=0 l=0 rev1=0 crypto rx=0 tx=0 comp rx=0 tx=0).connect
2024-03-22T07:10:48.919 INFO:teuthology.orchestra.run.smithi044.stdout:/usr/bin/ceph: stderr
2024-03-22T07:10:48.155+0000 7fe12833c700 1 -- --> [v2:172.21.15.44:3300/0,v1:172.21.15.44:6789/0] -- mon_getmap magic: 0 v1 -- 0x7fe120105820 con 0x7fe120071360
2024-03-22T07:10:48.919 INFO:teuthology.orchestra.run.smithi044.stdout:/usr/bin/ceph: stderr
2024-03-22T07:10:48.156+0000 7fe1260d8700 1 --2- >> [v2:172.21.15.44:3300/0,v1:172.21.15.44:6789/0] conn(0x7fe120071360 0x7fe1201052e0 unknown :-1 s=BANNER_CONNECTING pgs=0 cs=0 l=0 rev1=0 crypto rx=0 tx=0 comp rx=0 tx=0)._handle_peer_banner_payload supported=3 required=0
2024-03-22T07:10:48.919 INFO:teuthology.orchestra.run.smithi044.stdout:/usr/bin/ceph: stderr
2024-03-22T07:10:48.156+0000 7fe1260d8700 1 --2- >> [v2:172.21.15.44:3300/0,v1:172.21.15.44:6789/0] conn(0x7fe120071360 0x7fe1201052e0 unknown :-1 s=HELLO_CONNECTING pgs=0 cs=0 l=0 rev1=1 crypto rx=0 tx=0 comp rx=0 tx=0).handle_hello peer v2:172.21.15.44:3300/0 says I am v2:172.21.15.44:34324/0 (socket says 172.21.15.44:34324)
2024-03-22T07:10:48.919 INFO:teuthology.orchestra.run.smithi044.stdout:/usr/bin/ceph: stderr
2024-03-22T07:10:48.156+0000 7fe1260d8700 1 -- 172.21.15.44:0/52525365 learned_addr learned my addr 172.21.15.44:0/52525365 (peer_addr_for_me v2:172.21.15.44:0/0)
2024-03-22T07:10:48.919 INFO:teuthology.orchestra.run.smithi044.stdout:/usr/bin/ceph: stderr
2024-03-22T07:10:48.156+0000 7fe1260d8700 1 -- 172.21.15.44:0/52525365 --> [v2:172.21.15.44:3300/0,v1:172.21.15.44:6789/0] -- mon_subscribe({config=0+,monmap=0+}) v3 -- 0x7fe120105960 con 0x7fe120071360
2024-03-22T07:10:48.919 INFO:teuthology.orchestra.run.smithi044.stdout:/usr/bin/ceph: stderr
2024-03-22T07:10:48.156+0000 7fe1260d8700 1 --2- 172.21.15.44:0/52525365 >> [v2:172.21.15.44:3300/0,v1:172.21.15.44:6789/0] conn(0x7fe120071360 0x7fe1201052e0 secure :-1 s=READY pgs=82 cs=0 l=1 rev1=1 crypto rx=0x7fe11c0098e0 tx=0x7fe11c009250 comp rx=0 tx=0).ready entity=mon.0 client_cookie=7aaa5e09a36012f6 server_cookie=0 in_seq=0 out_seq=0
2024-03-22T07:10:48.919 INFO:teuthology.orchestra.run.smithi044.stdout:/usr/bin/ceph: stderr
2024-03-22T07:10:48.156+0000 7fe1250d6700 1 -- 172.21.15.44:0/52525365 <== mon.0 v2:172.21.15.44:3300/0 1 ==== mon_map magic: 0 v1 ==== 229+0+0 (secure 0 0 0) 0x7fe11c00b860 con 0x7fe120071360
2024-03-22T07:10:48.919 INFO:teuthology.orchestra.run.smithi044.stdout:/usr/bin/ceph: stderr
2024-03-22T07:10:48.156+0000 7fe1250d6700 1 -- 172.21.15.44:0/52525365 <== mon.0 v2:172.21.15.44:3300/0 2 ==== config(27 keys) v1 ==== 1109+0+0 (secure 0 0 0) 0x7fe11c00be90 con 0x7fe120071360
2024-03-22T07:10:48.919 INFO:teuthology.orchestra.run.smithi044.stdout:/usr/bin/ceph: stderr
2024-03-22T07:10:48.156+0000 7fe1250d6700 1 -- 172.21.15.44:0/52525365 <== mon.0 v2:172.21.15.44:3300/0 3 ==== mon_map magic: 0 v1 ==== 229+0+0 (secure 0 0 0) 0x7fe11c0103c0 con 0x7fe120071360
2024-03-22T07:10:48.919 INFO:teuthology.orchestra.run.smithi044.stdout:/usr/bin/ceph: stderr
2024-03-22T07:10:48.157+0000 7fe12833c700 1 -- 172.21.15.44:0/52525365 >> [v2:172.21.15.44:3300/0,v1:172.21.15.44:6789/0] conn(0x7fe120071360 msgr2=0x7fe1201052e0 secure :-1 s=STATE_CONNECTION_ESTABLISHED l=1).mark_down
2024-03-22T07:10:48.919 INFO:teuthology.orchestra.run.smithi044.stdout:/usr/bin/ceph: stderr
2024-03-22T07:10:48.157+0000 7fe12833c700 1 --2- 172.21.15.44:0/52525365 >> [v2:172.21.15.44:3300/0,v1:172.21.15.44:6789/0] conn(0x7fe120071360 0x7fe1201052e0 secure :-1 s=READY pgs=82 cs=0 l=1 rev1=1 crypto rx=0x7fe11c0098e0 tx=0x7fe11c009250 comp rx=0 tx=0).stop
2024-03-22T07:10:48.919 INFO:teuthology.orchestra.run.smithi044.stdout:/usr/bin/ceph: stderr
2024-03-22T07:10:48.157+0000 7fe12833c700 1 -- 172.21.15.44:0/52525365 shutdown_connections
2024-03-22T07:10:48.919 INFO:teuthology.orchestra.run.smithi044.stdout:/usr/bin/ceph: stderr
2024-03-22T07:10:48.157+0000 7fe12833c700 1 --2- 172.21.15.44:0/52525365 >> [v2:172.21.15.44:3300/0,v1:172.21.15.44:6789/0] conn(0x7fe120071360 0x7fe1201052e0 unknown :-1 s=CLOSED pgs=82 cs=0 l=1 rev1=1 crypto rx=0 tx=0 comp rx=0 tx=0).stop
2024-03-22T07:10:48.919 INFO:teuthology.orchestra.run.smithi044.stdout:/usr/bin/ceph: stderr
2024-03-22T07:10:48.157+0000 7fe12833c700 1 -- 172.21.15.44:0/52525365 >> 172.21.15.44:0/52525365 conn(0x7fe1200fcd50 msgr2=0x7fe1200ff160 unknown :-1 s=STATE_NONE l=0).mark_down
2024-03-22T07:10:48.920 INFO:teuthology.orchestra.run.smithi044.stdout:/usr/bin/ceph: stderr
2024-03-22T07:10:48.157+0000 7fe12833c700 1 -- 172.21.15.44:0/52525365 shutdown_connections
2024-03-22T07:10:48.920 INFO:teuthology.orchestra.run.smithi044.stdout:/usr/bin/ceph: stderr
2024-03-22T07:10:48.157+0000 7fe12833c700 1 -- 172.21.15.44:0/52525365 wait complete.
2024-03-22T07:10:48.920 INFO:teuthology.orchestra.run.smithi044.stdout:/usr/bin/ceph: stderr
2024-03-22T07:10:48.157+0000 7fe12833c700 1 Processor -- start
2024-03-22T07:10:48.920 INFO:teuthology.orchestra.run.smithi044.stdout:/usr/bin/ceph: stderr
2024-03-22T07:10:48.157+0000 7fe12833c700 1 -- start start
2024-03-22T07:10:48.920 INFO:teuthology.orchestra.run.smithi044.stdout:/usr/bin/ceph: stderr
2024-03-22T07:10:48.158+0000 7fe12833c700 1 --2- >> [v2:172.21.15.44:3300/0,v1:172.21.15.44:6789/0] conn(0x7fe120071360 0x7fe120111630 unknown :-1 s=NONE pgs=0 cs=0 l=1 rev1=0 crypto rx=0 tx=0 comp rx=0 tx=0).connect
2024-03-22T07:10:48.920 INFO:teuthology.orchestra.run.smithi044.stdout:/usr/bin/ceph: stderr
2024-03-22T07:10:48.158+0000 7fe12833c700 1 -- --> [v2:172.21.15.44:3300/0,v1:172.21.15.44:6789/0] -- mon_getmap magic: 0 v1 -- 0x7fe120111b70 con 0x7fe120071360
2024-03-22T07:10:48.920 INFO:teuthology.orchestra.run.smithi044.stdout:/usr/bin/ceph: stderr
2024-03-22T07:10:48.158+0000 7fe1260d8700 1 --2- >> [v2:172.21.15.44:3300/0,v1:172.21.15.44:6789/0] conn(0x7fe120071360 0x7fe120111630 unknown :-1 s=BANNER_CONNECTING pgs=0 cs=0 l=1 rev1=0 crypto rx=0 tx=0 comp rx=0 tx=0)._handle_peer_banner_payload supported=3 required=0
2024-03-22T07:10:48.920 INFO:teuthology.orchestra.run.smithi044.stdout:/usr/bin/ceph: stderr
2024-03-22T07:10:48.158+0000 7fe1260d8700 1 --2- >> [v2:172.21.15.44:3300/0,v1:172.21.15.44:6789/0] conn(0x7fe120071360 0x7fe120111630 unknown :-1 s=HELLO_CONNECTING pgs=0 cs=0 l=1 rev1=1 crypto rx=0 tx=0 comp rx=0 tx=0).handle_hello peer v2:172.21.15.44:3300/0 says I am v2:172.21.15.44:34332/0 (socket says 172.21.15.44:34332)
2024-03-22T07:10:48.920 INFO:teuthology.orchestra.run.smithi044.stdout:/usr/bin/ceph: stderr
2024-03-22T07:10:48.158+0000 7fe1260d8700 1 -- 172.21.15.44:0/2461820542 learned_addr learned my addr 172.21.15.44:0/2461820542 (peer_addr_for_me v2:172.21.15.44:0/0)
2024-03-22T07:10:48.920 INFO:teuthology.orchestra.run.smithi044.stdout:/usr/bin/ceph: stderr
2024-03-22T07:10:48.158+0000 7fe1260d8700 1 -- 172.21.15.44:0/2461820542 --> [v2:172.21.15.44:3300/0,v1:172.21.15.44:6789/0] -- mon_subscribe({config=0+,monmap=0+}) v3 -- 0x7fe11c0094f0 con 0x7fe120071360
2024-03-22T07:10:48.920 INFO:teuthology.orchestra.run.smithi044.stdout:/usr/bin/ceph: stderr
2024-03-22T07:10:48.158+0000 7fe1260d8700 1 --2- 172.21.15.44:0/2461820542 >> [v2:172.21.15.44:3300/0,v1:172.21.15.44:6789/0] conn(0x7fe120071360 0x7fe120111630 secure :-1 s=READY pgs=83 cs=0 l=1 rev1=1 crypto rx=0x7fe11c0094c0 tx=0x7fe11c009250 comp rx=0 tx=0).ready entity=mon.0 client_cookie=0 server_cookie=0 in_seq=0 out_seq=0
2024-03-22T07:10:48.920 INFO:teuthology.orchestra.run.smithi044.stdout:/usr/bin/ceph: stderr
2024-03-22T07:10:48.158+0000 7fe116ffd700 1 -- 172.21.15.44:0/2461820542 <== mon.0 v2:172.21.15.44:3300/0 1 ==== mon_map magic: 0 v1 ==== 229+0+0 (secure 0 0 0) 0x7fe11c0118f0 con 0x7fe120071360
2024-03-22T07:10:48.920 INFO:teuthology.orchestra.run.smithi044.stdout:/usr/bin/ceph: stderr
2024-03-22T07:10:48.158+0000 7fe116ffd700 1 -- 172.21.15.44:0/2461820542 <== mon.0 v2:172.21.15.44:3300/0 2 ==== config(27 keys) v1 ==== 1109+0+0 (secure 0 0 0) 0x7fe11c010d60 con 0x7fe120071360
2024-03-22T07:10:48.920 INFO:teuthology.orchestra.run.smithi044.stdout:/usr/bin/ceph: stderr
2024-03-22T07:10:48.158+0000 7fe12833c700 1 -- 172.21.15.44:0/2461820542 --> [v2:172.21.15.44:3300/0,v1:172.21.15.44:6789/0] -- mon_subscribe({mgrmap=0+}) v3 -- 0x7fe120111d70 con 0x7fe120071360
2024-03-22T07:10:48.921 INFO:teuthology.orchestra.run.smithi044.stdout:/usr/bin/ceph: stderr
2024-03-22T07:10:48.158+0000 7fe116ffd700 1 -- 172.21.15.44:0/2461820542 <== mon.0 v2:172.21.15.44:3300/0 3 ==== mon_map magic: 0 v1 ==== 229+0+0 (secure 0 0 0) 0x7fe11c01a430 con 0x7fe120071360
2024-03-22T07:10:48.921 INFO:teuthology.orchestra.run.smithi044.stdout:/usr/bin/ceph: stderr
2024-03-22T07:10:48.158+0000 7fe12833c700 1 -- 172.21.15.44:0/2461820542 --> [v2:172.21.15.44:3300/0,v1:172.21.15.44:6789/0] -- mon_subscribe({osdmap=0}) v3 -- 0x7fe1201128e0 con 0x7fe120071360
2024-03-22T07:10:48.921 INFO:teuthology.orchestra.run.smithi044.stdout:/usr/bin/ceph: stderr
2024-03-22T07:10:48.159+0000 7fe116ffd700 1 -- 172.21.15.44:0/2461820542 <== mon.0 v2:172.21.15.44:3300/0 4 ==== mgrmap(e 12) v1 ==== 43381+0+0 (secure 0 0 0) 0x7fe11c01a590 con 0x7fe120071360
2024-03-22T07:10:48.921 INFO:teuthology.orchestra.run.smithi044.stdout:/usr/bin/ceph: stderr
2024-03-22T07:10:48.159+0000 7fe116ffd700 1 --2- 172.21.15.44:0/2461820542 >> [v2:172.21.15.44:6800/1862722256,v1:172.21.15.44:6801/1862722256] conn(0x7fe10c036830 0x7fe10c038ce0 unknown :-1 s=NONE pgs=0 cs=0 l=1 rev1=0 crypto rx=0 tx=0 comp rx=0 tx=0).connect
2024-03-22T07:10:48.921 INFO:teuthology.orchestra.run.smithi044.stdout:/usr/bin/ceph: stderr
2024-03-22T07:10:48.159+0000 7fe116ffd700 1 -- 172.21.15.44:0/2461820542 <== mon.0 v2:172.21.15.44:3300/0 5 ==== osd_map(3..3 src has 1..3) v4 ==== 1151+0+0 (secure 0 0 0) 0x7fe11c04a7d0 con 0x7fe120071360
2024-03-22T07:10:48.921 INFO:teuthology.orchestra.run.smithi044.stdout:/usr/bin/ceph: stderr
2024-03-22T07:10:48.159+0000 7fe12833c700 1 -- 172.21.15.44:0/2461820542 --> [v2:172.21.15.44:3300/0,v1:172.21.15.44:6789/0] -- mon_command({"prefix": "get_command_descriptions"} v 0) v1 -- 0x7fe12005f5f0 con 0x7fe120071360
2024-03-22T07:10:48.921 INFO:teuthology.orchestra.run.smithi044.stdout:/usr/bin/ceph: stderr
2024-03-22T07:10:48.159+0000 7fe1258d7700 1 --2- 172.21.15.44:0/2461820542 >> [v2:172.21.15.44:6800/1862722256,v1:172.21.15.44:6801/1862722256] conn(0x7fe10c036830 0x7fe10c038ce0 unknown :-1 s=BANNER_CONNECTING pgs=0 cs=0 l=1 rev1=0 crypto rx=0 tx=0 comp rx=0 tx=0)._handle_peer_banner_payload supported=3 required=0
2024-03-22T07:10:48.921 INFO:teuthology.orchestra.run.smithi044.stdout:/usr/bin/ceph: stderr
2024-03-22T07:10:48.160+0000 7fe1258d7700 1 --2- 172.21.15.44:0/2461820542 >> [v2:172.21.15.44:6800/1862722256,v1:172.21.15.44:6801/1862722256] conn(0x7fe10c036830 0x7fe10c038ce0 secure :-1 s=READY pgs=9 cs=0 l=1 rev1=1 crypto rx=0x7fe110009990 tx=0x7fe110006e40 comp rx=0 tx=0).ready entity=mgr.14160 client_cookie=0 server_cookie=0 in_seq=0 out_seq=0
2024-03-22T07:10:48.921 INFO:teuthology.orchestra.run.smithi044.stdout:/usr/bin/ceph: stderr
2024-03-22T07:10:48.164+0000 7fe116ffd700 1 -- 172.21.15.44:0/2461820542 <== mon.0 v2:172.21.15.44:3300/0 6 ==== mon_command_ack([{"prefix": "get_command_descriptions"}]=0 v0) v1 ==== 72+0+176504 (secure 0 0 0) 0x7fe11c02d3f0 con 0x7fe120071360
2024-03-22T07:10:48.921 INFO:teuthology.orchestra.run.smithi044.stdout:/usr/bin/ceph: stderr
2024-03-22T07:10:48.356+0000 7fe12833c700 1 -- 172.21.15.44:0/2461820542 --> [v2:172.21.15.44:3300/0,v1:172.21.15.44:6789/0] -- mon_command({"prefix": "config get", "who": "mgr", "key": "mgr/dashboard/ssl_server_port"} v 0) v1 -- 0x7fe12004bed0 con 0x7fe120071360
2024-03-22T07:10:48.921 INFO:teuthology.orchestra.run.smithi044.stdout:/usr/bin/ceph: stderr
2024-03-22T07:10:48.357+0000 7fe116ffd700 1 -- 172.21.15.44:0/2461820542 <== mon.0 v2:172.21.15.44:3300/0 7 ==== mon_command_ack([{"prefix": "config get", "who": "mgr", "key": "mgr/dashboard/ssl_server_port"}]=0 v8) v1 ==== 112+0+5 (secure 0 0 0) 0x7fe11c018350 con 0x7fe120071360
2024-03-22T07:10:48.921 INFO:teuthology.orchestra.run.smithi044.stdout:/usr/bin/ceph: stderr
2024-03-22T07:10:48.360+0000 7fe12833c700 1 -- 172.21.15.44:0/2461820542 >> [v2:172.21.15.44:6800/1862722256,v1:172.21.15.44:6801/1862722256] conn(0x7fe10c036830 msgr2=0x7fe10c038ce0 secure :-1 s=STATE_CONNECTION_ESTABLISHED l=1).mark_down
2024-03-22T07:10:48.921 INFO:teuthology.orchestra.run.smithi044.stdout:/usr/bin/ceph: stderr
2024-03-22T07:10:48.360+0000 7fe12833c700 1 --2- 172.21.15.44:0/2461820542 >> [v2:172.21.15.44:6800/1862722256,v1:172.21.15.44:6801/1862722256] conn(0x7fe10c036830 0x7fe10c038ce0 secure :-1 s=READY pgs=9 cs=0 l=1 rev1=1 crypto rx=0x7fe110009990 tx=0x7fe110006e40 comp rx=0 tx=0).stop
2024-03-22T07:10:48.921 INFO:teuthology.orchestra.run.smithi044.stdout:/usr/bin/ceph: stderr
2024-03-22T07:10:48.360+0000 7fe12833c700 1 -- 172.21.15.44:0/2461820542 >> [v2:172.21.15.44:3300/0,v1:172.21.15.44:6789/0] conn(0x7fe120071360 msgr2=0x7fe120111630 secure :-1 s=STATE_CONNECTION_ESTABLISHED l=1).mark_down
2024-03-22T07:10:48.922 INFO:teuthology.orchestra.run.smithi044.stdout:/usr/bin/ceph: stderr
2024-03-22T07:10:48.360+0000 7fe12833c700 1 --2- 172.21.15.44:0/2461820542 >> [v2:172.21.15.44:3300/0,v1:172.21.15.44:6789/0] conn(0x7fe120071360 0x7fe120111630 secure :-1 s=READY pgs=83 cs=0 l=1 rev1=1 crypto rx=0x7fe11c0094c0 tx=0x7fe11c009250 comp rx=0 tx=0).stop
2024-03-22T07:10:48.922 INFO:teuthology.orchestra.run.smithi044.stdout:/usr/bin/ceph: stderr
2024-03-22T07:10:48.360+0000 7fe12833c700 1 -- 172.21.15.44:0/2461820542 shutdown_connections
2024-03-22T07:10:48.922 INFO:teuthology.orchestra.run.smithi044.stdout:/usr/bin/ceph: stderr
2024-03-22T07:10:48.360+0000 7fe12833c700 1 --2- 172.21.15.44:0/2461820542 >> [v2:172.21.15.44:6800/1862722256,v1:172.21.15.44:6801/1862722256] conn(0x7fe10c036830 0x7fe10c038ce0 unknown :-1 s=CLOSED pgs=9 cs=0 l=1 rev1=1 crypto rx=0 tx=0 comp rx=0 tx=0).stop
2024-03-22T07:10:48.922 INFO:teuthology.orchestra.run.smithi044.stdout:/usr/bin/ceph: stderr
2024-03-22T07:10:48.360+0000 7fe12833c700 1 --2- 172.21.15.44:0/2461820542 >> [v2:172.21.15.44:3300/0,v1:172.21.15.44:6789/0] conn(0x7fe120071360 0x7fe120111630 unknown :-1 s=CLOSED pgs=83 cs=0 l=1 rev1=1 crypto rx=0 tx=0 comp rx=0 tx=0).stop
2024-03-22T07:10:48.922 INFO:teuthology.orchestra.run.smithi044.stdout:/usr/bin/ceph: stderr
2024-03-22T07:10:48.360+0000 7fe12833c700 1 -- 172.21.15.44:0/2461820542 >> 172.21.15.44:0/2461820542 conn(0x7fe1200fcd50 msgr2=0x7fe1200fd9c0 unknown :-1 s=STATE_NONE l=0).mark_down
2024-03-22T07:10:48.922 INFO:teuthology.orchestra.run.smithi044.stdout:/usr/bin/ceph: stderr
2024-03-22T07:10:48.360+0000 7fe12833c700 1 -- 172.21.15.44:0/2461820542 shutdown_connections
2024-03-22T07:10:48.922 INFO:teuthology.orchestra.run.smithi044.stdout:/usr/bin/ceph: stderr
2024-03-22T07:10:48.360+0000 7fe12833c700 1 -- 172.21.15.44:0/2461820542 wait complete.
2024-03-22T07:10:48.925 INFO:teuthology.orchestra.run.smithi044.stdout:Non-zero exit code 1 from systemctl is-enabled firewalld.service
2024-03-22T07:10:48.926 INFO:teuthology.orchestra.run.smithi044.stdout:systemctl: stdout disabled
2024-03-22T07:10:48.933 INFO:teuthology.orchestra.run.smithi044.stdout:Non-zero exit code 3 from systemctl is-active firewalld.service
2024-03-22T07:10:48.933 INFO:teuthology.orchestra.run.smithi044.stdout:systemctl: stdout inactive
2024-03-22T07:10:48.933 INFO:teuthology.orchestra.run.smithi044.stdout:firewalld.service is not enabled
2024-03-22T07:10:48.933 INFO:teuthology.orchestra.run.smithi044.stdout:Not possible to open ports <[8443]>. firewalld.service is not available
2024-03-22T07:10:48.934 INFO:teuthology.orchestra.run.smithi044.stdout:Ceph Dashboard is now available at:
2024-03-22T07:10:48.935 INFO:teuthology.orchestra.run.smithi044.stdout:
2024-03-22T07:10:48.935 INFO:teuthology.orchestra.run.smithi044.stdout: URL: https://smithi044.front.sepia.ceph.com:8443/
2024-03-22T07:10:48.935 INFO:teuthology.orchestra.run.smithi044.stdout: User: admin
2024-03-22T07:10:48.935 INFO:teuthology.orchestra.run.smithi044.stdout: Password: 7tcma23aly
2024-03-22T07:10:48.935 INFO:teuthology.orchestra.run.smithi044.stdout:
2024-03-22T07:10:48.935 INFO:teuthology.orchestra.run.smithi044.stdout:Saving cluster configuration to /var/lib/ceph/02217de8-e81b-11ee-95cd-87774f69a715/config directory
2024-03-22T07:10:48.935 INFO:teuthology.orchestra.run.smithi044.stdout:Enabling autotune for osd_memory_target
2024-03-22T07:10:49.238 INFO:journalctl@ceph.mon.smithi044.smithi044.stdout:Mar 22 07:10:49 smithi044 ceph-mon[29208]: from='client.? 172.21.15.44:0/2461820542' entity='client.admin' cmd=[{"prefix": "config get", "who": "mgr", "key": "mgr/dashboard/ssl_server_port"}]: dispatch
2024-03-22T07:10:50.117 INFO:teuthology.orchestra.run.smithi044.stdout:/usr/bin/ceph: stderr
2024-03-22T07:10:49.338+0000 7efe6bde7700 1 Processor -- start
2024-03-22T07:10:50.117 INFO:teuthology.orchestra.run.smithi044.stdout:/usr/bin/ceph: stderr
2024-03-22T07:10:49.338+0000 7efe6bde7700 1 -- start start
2024-03-22T07:10:50.117 INFO:teuthology.orchestra.run.smithi044.stdout:/usr/bin/ceph: stderr
2024-03-22T07:10:49.338+0000 7efe6bde7700 1 --2- >> [v2:172.21.15.44:3300/0,v1:172.21.15.44:6789/0] conn(0x7efe64102740 0x7efe64102b50 unknown :-1 s=NONE pgs=0 cs=0 l=0 rev1=0 crypto rx=0 tx=0 comp rx=0 tx=0).connect
2024-03-22T07:10:50.117 INFO:teuthology.orchestra.run.smithi044.stdout:/usr/bin/ceph: stderr
2024-03-22T07:10:49.338+0000 7efe6bde7700 1 -- --> [v2:172.21.15.44:3300/0,v1:172.21.15.44:6789/0] -- mon_getmap magic: 0 v1 -- 0x7efe64103090 con 0x7efe64102740
2024-03-22T07:10:50.117 INFO:teuthology.orchestra.run.smithi044.stdout:/usr/bin/ceph: stderr
2024-03-22T07:10:49.338+0000 7efe69b83700 1 --2- >> [v2:172.21.15.44:3300/0,v1:172.21.15.44:6789/0] conn(0x7efe64102740 0x7efe64102b50 unknown :-1 s=BANNER_CONNECTING pgs=0 cs=0 l=0 rev1=0 crypto rx=0 tx=0 comp rx=0 tx=0)._handle_peer_banner_payload supported=3 required=0
2024-03-22T07:10:50.117 INFO:teuthology.orchestra.run.smithi044.stdout:/usr/bin/ceph: stderr
2024-03-22T07:10:49.338+0000 7efe69b83700 1 --2- >> [v2:172.21.15.44:3300/0,v1:172.21.15.44:6789/0] conn(0x7efe64102740 0x7efe64102b50 unknown :-1 s=HELLO_CONNECTING pgs=0 cs=0 l=0 rev1=1 crypto rx=0 tx=0 comp rx=0 tx=0).handle_hello peer v2:172.21.15.44:3300/0 says I am v2:172.21.15.44:34348/0 (socket says 172.21.15.44:34348)
2024-03-22T07:10:50.117 INFO:teuthology.orchestra.run.smithi044.stdout:/usr/bin/ceph: stderr
2024-03-22T07:10:49.338+0000 7efe69b83700 1 -- 172.21.15.44:0/527573350 learned_addr learned my addr 172.21.15.44:0/527573350 (peer_addr_for_me v2:172.21.15.44:0/0)
2024-03-22T07:10:50.118 INFO:teuthology.orchestra.run.smithi044.stdout:/usr/bin/ceph: stderr
2024-03-22T07:10:49.338+0000 7efe69b83700 1 -- 172.21.15.44:0/527573350 --> [v2:172.21.15.44:3300/0,v1:172.21.15.44:6789/0] -- mon_subscribe({config=0+,monmap=0+}) v3 -- 0x7efe641031d0 con 0x7efe64102740
2024-03-22T07:10:50.118 INFO:teuthology.orchestra.run.smithi044.stdout:/usr/bin/ceph: stderr
2024-03-22T07:10:49.339+0000 7efe69b83700 1 --2- 172.21.15.44:0/527573350 >> [v2:172.21.15.44:3300/0,v1:172.21.15.44:6789/0] conn(0x7efe64102740 0x7efe64102b50 secure :-1 s=READY pgs=84 cs=0 l=1 rev1=1 crypto rx=0x7efe600098e0 tx=0x7efe60009250 comp rx=0 tx=0).ready entity=mon.0 client_cookie=993f8606cdf4bbc3 server_cookie=0 in_seq=0 out_seq=0
2024-03-22T07:10:50.118 INFO:teuthology.orchestra.run.smithi044.stdout:/usr/bin/ceph: stderr
2024-03-22T07:10:49.339+0000 7efe68b81700 1 -- 172.21.15.44:0/527573350 <== mon.0 v2:172.21.15.44:3300/0 1 ==== mon_map magic: 0 v1 ==== 229+0+0 (secure 0 0 0) 0x7efe6000b860 con 0x7efe64102740
2024-03-22T07:10:50.118 INFO:teuthology.orchestra.run.smithi044.stdout:/usr/bin/ceph: stderr
2024-03-22T07:10:49.339+0000 7efe68b81700 1 -- 172.21.15.44:0/527573350 <== mon.0 v2:172.21.15.44:3300/0 2 ==== config(27 keys) v1 ==== 1109+0+0 (secure 0 0 0) 0x7efe6000be90 con 0x7efe64102740
2024-03-22T07:10:50.118 INFO:teuthology.orchestra.run.smithi044.stdout:/usr/bin/ceph: stderr
2024-03-22T07:10:49.339+0000 7efe68b81700 1 -- 172.21.15.44:0/527573350 <== mon.0 v2:172.21.15.44:3300/0 3 ==== mon_map magic: 0 v1 ==== 229+0+0 (secure 0 0 0) 0x7efe600103c0 con 0x7efe64102740
2024-03-22T07:10:50.118 INFO:teuthology.orchestra.run.smithi044.stdout:/usr/bin/ceph: stderr
2024-03-22T07:10:49.339+0000 7efe6bde7700 1 -- 172.21.15.44:0/527573350 >> [v2:172.21.15.44:3300/0,v1:172.21.15.44:6789/0] conn(0x7efe64102740 msgr2=0x7efe64102b50 secure :-1 s=STATE_CONNECTION_ESTABLISHED l=1).mark_down
2024-03-22T07:10:50.118 INFO:teuthology.orchestra.run.smithi044.stdout:/usr/bin/ceph: stderr
2024-03-22T07:10:49.339+0000 7efe6bde7700 1 --2- 172.21.15.44:0/527573350 >> [v2:172.21.15.44:3300/0,v1:172.21.15.44:6789/0] conn(0x7efe64102740 0x7efe64102b50 secure :-1 s=READY pgs=84 cs=0 l=1 rev1=1 crypto rx=0x7efe600098e0 tx=0x7efe60009250 comp rx=0 tx=0).stop
2024-03-22T07:10:50.118 INFO:teuthology.orchestra.run.smithi044.stdout:/usr/bin/ceph: stderr
2024-03-22T07:10:49.339+0000 7efe6bde7700 1 -- 172.21.15.44:0/527573350 shutdown_connections
2024-03-22T07:10:50.118 INFO:teuthology.orchestra.run.smithi044.stdout:/usr/bin/ceph: stderr
2024-03-22T07:10:49.339+0000 7efe6bde7700 1 --2- 172.21.15.44:0/527573350 >> [v2:172.21.15.44:3300/0,v1:172.21.15.44:6789/0] conn(0x7efe64102740 0x7efe64102b50 unknown :-1 s=CLOSED pgs=84 cs=0 l=1 rev1=1 crypto rx=0 tx=0 comp rx=0 tx=0).stop
2024-03-22T07:10:50.118 INFO:teuthology.orchestra.run.smithi044.stdout:/usr/bin/ceph: stderr
2024-03-22T07:10:49.339+0000 7efe6bde7700 1 -- 172.21.15.44:0/527573350 >> 172.21.15.44:0/527573350 conn(0x7efe640fdea0 msgr2=0x7efe641002d0 unknown :-1 s=STATE_NONE l=0).mark_down
2024-03-22T07:10:50.118 INFO:teuthology.orchestra.run.smithi044.stdout:/usr/bin/ceph: stderr
2024-03-22T07:10:49.340+0000 7efe6bde7700 1 -- 172.21.15.44:0/527573350 shutdown_connections
2024-03-22T07:10:50.118 INFO:teuthology.orchestra.run.smithi044.stdout:/usr/bin/ceph: stderr
2024-03-22T07:10:49.340+0000 7efe6bde7700 1 -- 172.21.15.44:0/527573350 wait complete.
2024-03-22T07:10:50.118 INFO:teuthology.orchestra.run.smithi044.stdout:/usr/bin/ceph: stderr
2024-03-22T07:10:49.340+0000 7efe6bde7700 1 Processor -- start
2024-03-22T07:10:50.119 INFO:teuthology.orchestra.run.smithi044.stdout:/usr/bin/ceph: stderr
2024-03-22T07:10:49.340+0000 7efe6bde7700 1 -- start start
2024-03-22T07:10:50.119 INFO:teuthology.orchestra.run.smithi044.stdout:/usr/bin/ceph: stderr
2024-03-22T07:10:49.340+0000 7efe6bde7700 1 --2- >> [v2:172.21.15.44:3300/0,v1:172.21.15.44:6789/0] conn(0x7efe64102740 0x7efe641115e0 unknown :-1 s=NONE pgs=0 cs=0 l=1 rev1=0 crypto rx=0 tx=0 comp rx=0 tx=0).connect
2024-03-22T07:10:50.119 INFO:teuthology.orchestra.run.smithi044.stdout:/usr/bin/ceph: stderr
2024-03-22T07:10:49.340+0000 7efe6bde7700 1 -- --> [v2:172.21.15.44:3300/0,v1:172.21.15.44:6789/0] -- mon_getmap magic: 0 v1 -- 0x7efe64111b20 con 0x7efe64102740
2024-03-22T07:10:50.119 INFO:teuthology.orchestra.run.smithi044.stdout:/usr/bin/ceph: stderr
2024-03-22T07:10:49.340+0000 7efe69b83700 1 --2- >> [v2:172.21.15.44:3300/0,v1:172.21.15.44:6789/0] conn(0x7efe64102740 0x7efe641115e0 unknown :-1 s=BANNER_CONNECTING pgs=0 cs=0 l=1 rev1=0 crypto rx=0 tx=0 comp rx=0 tx=0)._handle_peer_banner_payload supported=3 required=0
2024-03-22T07:10:50.119 INFO:teuthology.orchestra.run.smithi044.stdout:/usr/bin/ceph: stderr
2024-03-22T07:10:49.340+0000 7efe69b83700 1 --2- >> [v2:172.21.15.44:3300/0,v1:172.21.15.44:6789/0] conn(0x7efe64102740 0x7efe641115e0 unknown :-1 s=HELLO_CONNECTING pgs=0 cs=0 l=1 rev1=1 crypto rx=0 tx=0 comp rx=0 tx=0).handle_hello peer v2:172.21.15.44:3300/0 says I am v2:172.21.15.44:34356/0 (socket says 172.21.15.44:34356)
2024-03-22T07:10:50.119 INFO:teuthology.orchestra.run.smithi044.stdout:/usr/bin/ceph: stderr
2024-03-22T07:10:49.340+0000 7efe69b83700 1 -- 172.21.15.44:0/3381494544 learned_addr learned my addr 172.21.15.44:0/3381494544 (peer_addr_for_me v2:172.21.15.44:0/0)
2024-03-22T07:10:50.119 INFO:teuthology.orchestra.run.smithi044.stdout:/usr/bin/ceph: stderr
2024-03-22T07:10:49.341+0000 7efe69b83700 1 -- 172.21.15.44:0/3381494544 --> [v2:172.21.15.44:3300/0,v1:172.21.15.44:6789/0] -- mon_subscribe({config=0+,monmap=0+}) v3 -- 0x7efe600094f0 con 0x7efe64102740
2024-03-22T07:10:50.119 INFO:teuthology.orchestra.run.smithi044.stdout:/usr/bin/ceph: stderr
2024-03-22T07:10:49.341+0000 7efe69b83700 1 --2- 172.21.15.44:0/3381494544 >> [v2:172.21.15.44:3300/0,v1:172.21.15.44:6789/0] conn(0x7efe64102740 0x7efe641115e0 secure :-1 s=READY pgs=85 cs=0 l=1 rev1=1 crypto rx=0x7efe60006b00 tx=0x7efe60009250 comp rx=0 tx=0).ready entity=mon.0 client_cookie=0 server_cookie=0 in_seq=0 out_seq=0
2024-03-22T07:10:50.119 INFO:teuthology.orchestra.run.smithi044.stdout:/usr/bin/ceph: stderr
2024-03-22T07:10:49.341+0000 7efe5a7fc700 1 -- 172.21.15.44:0/3381494544 <== mon.0 v2:172.21.15.44:3300/0 1 ==== mon_map magic: 0 v1 ==== 229+0+0 (secure 0 0 0) 0x7efe60010840 con 0x7efe64102740
2024-03-22T07:10:50.119 INFO:teuthology.orchestra.run.smithi044.stdout:/usr/bin/ceph: stderr
2024-03-22T07:10:49.341+0000 7efe5a7fc700 1 -- 172.21.15.44:0/3381494544 <== mon.0 v2:172.21.15.44:3300/0 2 ==== config(27 keys) v1 ==== 1109+0+0 (secure 0 0 0) 0x7efe60010e70 con 0x7efe64102740
2024-03-22T07:10:50.119 INFO:teuthology.orchestra.run.smithi044.stdout:/usr/bin/ceph: stderr
2024-03-22T07:10:49.341+0000 7efe6bde7700 1 -- 172.21.15.44:0/3381494544 --> [v2:172.21.15.44:3300/0,v1:172.21.15.44:6789/0] -- mon_subscribe({mgrmap=0+}) v3 -- 0x7efe64111d20 con 0x7efe64102740
2024-03-22T07:10:50.119 INFO:teuthology.orchestra.run.smithi044.stdout:/usr/bin/ceph: stderr
2024-03-22T07:10:49.341+0000 7efe5a7fc700 1 -- 172.21.15.44:0/3381494544 <== mon.0 v2:172.21.15.44:3300/0 3 ==== mon_map magic: 0 v1 ==== 229+0+0 (secure 0 0 0) 0x7efe6001ae70 con 0x7efe64102740
2024-03-22T07:10:50.119 INFO:teuthology.orchestra.run.smithi044.stdout:/usr/bin/ceph: stderr
2024-03-22T07:10:49.341+0000 7efe6bde7700 1 -- 172.21.15.44:0/3381494544 --> [v2:172.21.15.44:3300/0,v1:172.21.15.44:6789/0] -- mon_subscribe({osdmap=0}) v3 -- 0x7efe64112890 con 0x7efe64102740
2024-03-22T07:10:50.120 INFO:teuthology.orchestra.run.smithi044.stdout:/usr/bin/ceph: stderr
2024-03-22T07:10:49.342+0000 7efe5a7fc700 1 -- 172.21.15.44:0/3381494544 <== mon.0 v2:172.21.15.44:3300/0 4 ==== mgrmap(e 13) v1 ==== 43424+0+0 (secure 0 0 0) 0x7efe600244d0 con 0x7efe64102740
2024-03-22T07:10:50.120 INFO:teuthology.orchestra.run.smithi044.stdout:/usr/bin/ceph: stderr
2024-03-22T07:10:49.342+0000 7efe6bde7700 1 -- 172.21.15.44:0/3381494544 --> [v2:172.21.15.44:3300/0,v1:172.21.15.44:6789/0] -- mon_command({"prefix": "get_command_descriptions"} v 0) v1 -- 0x7efe6405f5f0 con 0x7efe64102740
2024-03-22T07:10:50.120 INFO:teuthology.orchestra.run.smithi044.stdout:/usr/bin/ceph: stderr
2024-03-22T07:10:49.342+0000 7efe5a7fc700 1 --2- 172.21.15.44:0/3381494544 >> [v2:172.21.15.44:6800/1862722256,v1:172.21.15.44:6801/1862722256] conn(0x7efe50036880 0x7efe50038d30 unknown :-1 s=NONE pgs=0 cs=0 l=1 rev1=0 crypto rx=0 tx=0 comp rx=0 tx=0).connect
2024-03-22T07:10:50.120 INFO:teuthology.orchestra.run.smithi044.stdout:/usr/bin/ceph: stderr
2024-03-22T07:10:49.342+0000 7efe5a7fc700 1 -- 172.21.15.44:0/3381494544 <== mon.0 v2:172.21.15.44:3300/0 5 ==== osd_map(3..3 src has 1..3) v4 ==== 1151+0+0 (secure 0 0 0) 0x7efe6004ae40 con 0x7efe64102740
2024-03-22T07:10:50.120 INFO:teuthology.orchestra.run.smithi044.stdout:/usr/bin/ceph: stderr
2024-03-22T07:10:49.342+0000 7efe69382700 1 --2- 172.21.15.44:0/3381494544 >> [v2:172.21.15.44:6800/1862722256,v1:172.21.15.44:6801/1862722256] conn(0x7efe50036880 0x7efe50038d30 unknown :-1 s=BANNER_CONNECTING pgs=0 cs=0 l=1 rev1=0 crypto rx=0 tx=0 comp rx=0 tx=0)._handle_peer_banner_payload supported=3 required=0
2024-03-22T07:10:50.120 INFO:teuthology.orchestra.run.smithi044.stdout:/usr/bin/ceph: stderr
2024-03-22T07:10:49.342+0000 7efe69382700 1 --2- 172.21.15.44:0/3381494544 >> [v2:172.21.15.44:6800/1862722256,v1:172.21.15.44:6801/1862722256] conn(0x7efe50036880 0x7efe50038d30 secure :-1 s=READY pgs=10 cs=0 l=1 rev1=1 crypto rx=0x7efe54009990 tx=0x7efe54006e40 comp rx=0 tx=0).ready entity=mgr.14160 client_cookie=0 server_cookie=0 in_seq=0 out_seq=0
2024-03-22T07:10:50.120 INFO:teuthology.orchestra.run.smithi044.stdout:/usr/bin/ceph: stderr
2024-03-22T07:10:49.347+0000 7efe5a7fc700 1 -- 172.21.15.44:0/3381494544 <== mon.0 v2:172.21.15.44:3300/0 6 ==== mon_command_ack([{"prefix": "get_command_descriptions"}]=0 v0) v1 ==== 72+0+176504 (secure 0 0 0) 0x7efe60018350 con 0x7efe64102740
2024-03-22T07:10:50.120 INFO:teuthology.orchestra.run.smithi044.stdout:/usr/bin/ceph: stderr
2024-03-22T07:10:49.545+0000 7efe6bde7700 1 -- 172.21.15.44:0/3381494544 --> [v2:172.21.15.44:3300/0,v1:172.21.15.44:6789/0] -- mon_command([{prefix=config set, name=osd_memory_target_autotune}] v 0) v1 -- 0x7efe6404bed0 con 0x7efe64102740
2024-03-22T07:10:50.120 INFO:teuthology.orchestra.run.smithi044.stdout:/usr/bin/ceph: stderr
2024-03-22T07:10:49.545+0000 7efe5a7fc700 1 -- 172.21.15.44:0/3381494544 <== mon.0 v2:172.21.15.44:3300/0 7 ==== mon_command_ack([{prefix=config set, name=osd_memory_target_autotune}]=0 v8)=0 v8) v1 ==== 127+0+0 (secure 0 0 0) 0x7efe6002cb80 con 0x7efe64102740
2024-03-22T07:10:50.120 INFO:teuthology.orchestra.run.smithi044.stdout:/usr/bin/ceph: stderr
2024-03-22T07:10:49.547+0000 7efe6bde7700 1 -- 172.21.15.44:0/3381494544 >> [v2:172.21.15.44:6800/1862722256,v1:172.21.15.44:6801/1862722256] conn(0x7efe50036880 msgr2=0x7efe50038d30 secure :-1 s=STATE_CONNECTION_ESTABLISHED l=1).mark_down
2024-03-22T07:10:50.120 INFO:teuthology.orchestra.run.smithi044.stdout:/usr/bin/ceph: stderr
2024-03-22T07:10:49.547+0000 7efe6bde7700 1 --2- 172.21.15.44:0/3381494544 >> [v2:172.21.15.44:6800/1862722256,v1:172.21.15.44:6801/1862722256] conn(0x7efe50036880 0x7efe50038d30 secure :-1 s=READY pgs=10 cs=0 l=1 rev1=1 crypto rx=0x7efe54009990 tx=0x7efe54006e40 comp rx=0 tx=0).stop
2024-03-22T07:10:50.120 INFO:teuthology.orchestra.run.smithi044.stdout:/usr/bin/ceph: stderr
2024-03-22T07:10:49.547+0000 7efe6bde7700 1 -- 172.21.15.44:0/3381494544 >> [v2:172.21.15.44:3300/0,v1:172.21.15.44:6789/0] conn(0x7efe64102740 msgr2=0x7efe641115e0 secure :-1 s=STATE_CONNECTION_ESTABLISHED l=1).mark_down
2024-03-22T07:10:50.120 INFO:teuthology.orchestra.run.smithi044.stdout:/usr/bin/ceph: stderr
2024-03-22T07:10:49.547+0000 7efe6bde7700 1 --2- 172.21.15.44:0/3381494544 >> [v2:172.21.15.44:3300/0,v1:172.21.15.44:6789/0] conn(0x7efe64102740 0x7efe641115e0 secure :-1 s=READY pgs=85 cs=0 l=1 rev1=1 crypto rx=0x7efe60006b00 tx=0x7efe60009250 comp rx=0 tx=0).stop
2024-03-22T07:10:50.120 INFO:teuthology.orchestra.run.smithi044.stdout:/usr/bin/ceph: stderr
2024-03-22T07:10:49.547+0000 7efe6bde7700 1 -- 172.21.15.44:0/3381494544 shutdown_connections
2024-03-22T07:10:50.120 INFO:teuthology.orchestra.run.smithi044.stdout:/usr/bin/ceph: stderr
2024-03-22T07:10:49.547+0000 7efe6bde7700 1 --2- 172.21.15.44:0/3381494544 >> [v2:172.21.15.44:6800/1862722256,v1:172.21.15.44:6801/1862722256] conn(0x7efe50036880 0x7efe50038d30 unknown :-1 s=CLOSED pgs=10 cs=0 l=1 rev1=1 crypto rx=0 tx=0 comp rx=0 tx=0).stop
2024-03-22T07:10:50.121 INFO:teuthology.orchestra.run.smithi044.stdout:/usr/bin/ceph: stderr
2024-03-22T07:10:49.547+0000 7efe6bde7700 1 --2- 172.21.15.44:0/3381494544 >> [v2:172.21.15.44:3300/0,v1:172.21.15.44:6789/0] conn(0x7efe64102740 0x7efe641115e0 unknown :-1 s=CLOSED pgs=85 cs=0 l=1 rev1=1 crypto rx=0 tx=0 comp rx=0 tx=0).stop
2024-03-22T07:10:50.121 INFO:teuthology.orchestra.run.smithi044.stdout:/usr/bin/ceph: stderr
2024-03-22T07:10:49.547+0000 7efe6bde7700 1 -- 172.21.15.44:0/3381494544 >> 172.21.15.44:0/3381494544 conn(0x7efe640fdea0 msgr2=0x7efe640fea30 unknown :-1 s=STATE_NONE l=0).mark_down
2024-03-22T07:10:50.121 INFO:teuthology.orchestra.run.smithi044.stdout:/usr/bin/ceph: stderr
2024-03-22T07:10:49.547+0000 7efe6bde7700 1 -- 172.21.15.44:0/3381494544 shutdown_connections
2024-03-22T07:10:50.121 INFO:teuthology.orchestra.run.smithi044.stdout:/usr/bin/ceph: stderr
2024-03-22T07:10:49.547+0000 7efe6bde7700 1 -- 172.21.15.44:0/3381494544 wait complete.
2024-03-22T07:10:50.369 INFO:journalctl@ceph.mon.smithi044.smithi044.stdout:Mar 22 07:10:50 smithi044 ceph-mon[29208]: mgrmap e13: smithi044.kwneen(active, since 6s)
2024-03-22T07:10:51.533 INFO:teuthology.orchestra.run.smithi044.stdout:/usr/bin/ceph: stderr
2024-03-22T07:10:50.533+0000 7fe5441ba700 1 Processor -- start
2024-03-22T07:10:51.533 INFO:teuthology.orchestra.run.smithi044.stdout:/usr/bin/ceph: stderr
2024-03-22T07:10:50.533+0000 7fe5441ba700 1 -- start start
2024-03-22T07:10:51.534 INFO:teuthology.orchestra.run.smithi044.stdout:/usr/bin/ceph: stderr
2024-03-22T07:10:50.533+0000 7fe5441ba700 1 --2- >> [v2:172.21.15.44:3300/0,v1:172.21.15.44:6789/0] conn(0x7fe53c102740 0x7fe53c102b50 unknown :-1 s=NONE pgs=0 cs=0 l=0 rev1=0 crypto rx=0 tx=0 comp rx=0 tx=0).connect
2024-03-22T07:10:51.534 INFO:teuthology.orchestra.run.smithi044.stdout:/usr/bin/ceph: stderr
2024-03-22T07:10:50.533+0000 7fe5441ba700 1 -- --> [v2:172.21.15.44:3300/0,v1:172.21.15.44:6789/0] -- mon_getmap magic: 0 v1 -- 0x7fe53c103090 con 0x7fe53c102740
2024-03-22T07:10:51.534 INFO:teuthology.orchestra.run.smithi044.stdout:/usr/bin/ceph: stderr
2024-03-22T07:10:50.533+0000 7fe541f56700 1 --2- >> [v2:172.21.15.44:3300/0,v1:172.21.15.44:6789/0] conn(0x7fe53c102740 0x7fe53c102b50 unknown :-1 s=BANNER_CONNECTING pgs=0 cs=0 l=0 rev1=0 crypto rx=0 tx=0 comp rx=0 tx=0)._handle_peer_banner_payload supported=3 required=0
2024-03-22T07:10:51.534 INFO:teuthology.orchestra.run.smithi044.stdout:/usr/bin/ceph: stderr
2024-03-22T07:10:50.533+0000 7fe541f56700 1 --2- >> [v2:172.21.15.44:3300/0,v1:172.21.15.44:6789/0] conn(0x7fe53c102740 0x7fe53c102b50 unknown :-1 s=HELLO_CONNECTING pgs=0 cs=0 l=0 rev1=1 crypto rx=0 tx=0 comp rx=0 tx=0).handle_hello peer v2:172.21.15.44:3300/0 says I am v2:172.21.15.44:34358/0 (socket says 172.21.15.44:34358)
2024-03-22T07:10:51.534 INFO:teuthology.orchestra.run.smithi044.stdout:/usr/bin/ceph: stderr
2024-03-22T07:10:50.533+0000 7fe541f56700 1 -- 172.21.15.44:0/1641893148 learned_addr learned my addr 172.21.15.44:0/1641893148 (peer_addr_for_me v2:172.21.15.44:0/0)
2024-03-22T07:10:51.534 INFO:teuthology.orchestra.run.smithi044.stdout:/usr/bin/ceph: stderr
2024-03-22T07:10:50.534+0000 7fe541f56700 1 -- 172.21.15.44:0/1641893148 --> [v2:172.21.15.44:3300/0,v1:172.21.15.44:6789/0] -- mon_subscribe({config=0+,monmap=0+}) v3 -- 0x7fe53c1031d0 con 0x7fe53c102740
2024-03-22T07:10:51.534 INFO:teuthology.orchestra.run.smithi044.stdout:/usr/bin/ceph: stderr
2024-03-22T07:10:50.534+0000 7fe541f56700 1 --2- 172.21.15.44:0/1641893148 >> [v2:172.21.15.44:3300/0,v1:172.21.15.44:6789/0] conn(0x7fe53c102740 0x7fe53c102b50 secure :-1 s=READY pgs=86 cs=0 l=1 rev1=1 crypto rx=0x7fe5380098e0 tx=0x7fe538009250 comp rx=0 tx=0).ready entity=mon.0 client_cookie=8242b088c79f321d server_cookie=0 in_seq=0 out_seq=0
2024-03-22T07:10:51.534 INFO:teuthology.orchestra.run.smithi044.stdout:/usr/bin/ceph: stderr
2024-03-22T07:10:50.534+0000 7fe540f54700 1 -- 172.21.15.44:0/1641893148 <== mon.0 v2:172.21.15.44:3300/0 1 ==== mon_map magic: 0 v1 ==== 229+0+0 (secure 0 0 0) 0x7fe53800b860 con 0x7fe53c102740
2024-03-22T07:10:51.534 INFO:teuthology.orchestra.run.smithi044.stdout:/usr/bin/ceph: stderr
2024-03-22T07:10:50.534+0000 7fe540f54700 1 -- 172.21.15.44:0/1641893148 <== mon.0 v2:172.21.15.44:3300/0 2 ==== config(27 keys) v1 ==== 1109+0+0 (secure 0 0 0) 0x7fe53800be90 con 0x7fe53c102740
2024-03-22T07:10:51.534 INFO:teuthology.orchestra.run.smithi044.stdout:/usr/bin/ceph: stderr
2024-03-22T07:10:50.534+0000 7fe540f54700 1 -- 172.21.15.44:0/1641893148 <== mon.0 v2:172.21.15.44:3300/0 3 ==== mon_map magic: 0 v1 ==== 229+0+0 (secure 0 0 0) 0x7fe5380103c0 con 0x7fe53c102740
2024-03-22T07:10:51.534 INFO:teuthology.orchestra.run.smithi044.stdout:/usr/bin/ceph: stderr
2024-03-22T07:10:50.534+0000 7fe5441ba700 1 -- 172.21.15.44:0/1641893148 >> [v2:172.21.15.44:3300/0,v1:172.21.15.44:6789/0] conn(0x7fe53c102740 msgr2=0x7fe53c102b50 secure :-1 s=STATE_CONNECTION_ESTABLISHED l=1).mark_down
2024-03-22T07:10:51.534 INFO:teuthology.orchestra.run.smithi044.stdout:/usr/bin/ceph: stderr
2024-03-22T07:10:50.534+0000 7fe5441ba700 1 --2- 172.21.15.44:0/1641893148 >> [v2:172.21.15.44:3300/0,v1:172.21.15.44:6789/0] conn(0x7fe53c102740 0x7fe53c102b50 secure :-1 s=READY pgs=86 cs=0 l=1 rev1=1 crypto rx=0x7fe5380098e0 tx=0x7fe538009250 comp rx=0 tx=0).stop
2024-03-22T07:10:51.534 INFO:teuthology.orchestra.run.smithi044.stdout:/usr/bin/ceph: stderr
2024-03-22T07:10:50.534+0000 7fe5441ba700 1 -- 172.21.15.44:0/1641893148 shutdown_connections
2024-03-22T07:10:51.535 INFO:teuthology.orchestra.run.smithi044.stdout:/usr/bin/ceph: stderr
2024-03-22T07:10:50.534+0000 7fe5441ba700 1 --2- 172.21.15.44:0/1641893148 >> [v2:172.21.15.44:3300/0,v1:172.21.15.44:6789/0] conn(0x7fe53c102740 0x7fe53c102b50 unknown :-1 s=CLOSED pgs=86 cs=0 l=1 rev1=1 crypto rx=0 tx=0 comp rx=0 tx=0).stop
2024-03-22T07:10:51.535 INFO:teuthology.orchestra.run.smithi044.stdout:/usr/bin/ceph: stderr
2024-03-22T07:10:50.534+0000 7fe5441ba700 1 -- 172.21.15.44:0/1641893148 >> 172.21.15.44:0/1641893148 conn(0x7fe53c0fdea0 msgr2=0x7fe53c1002d0 unknown :-1 s=STATE_NONE l=0).mark_down
2024-03-22T07:10:51.535 INFO:teuthology.orchestra.run.smithi044.stdout:/usr/bin/ceph: stderr
2024-03-22T07:10:50.535+0000 7fe5441ba700 1 -- 172.21.15.44:0/1641893148 shutdown_connections
2024-03-22T07:10:51.535 INFO:teuthology.orchestra.run.smithi044.stdout:/usr/bin/ceph: stderr
2024-03-22T07:10:50.535+0000 7fe5441ba700 1 -- 172.21.15.44:0/1641893148 wait complete.
2024-03-22T07:10:51.535 INFO:teuthology.orchestra.run.smithi044.stdout:/usr/bin/ceph: stderr
2024-03-22T07:10:50.535+0000 7fe5441ba700 1 Processor -- start
2024-03-22T07:10:51.535 INFO:teuthology.orchestra.run.smithi044.stdout:/usr/bin/ceph: stderr
2024-03-22T07:10:50.535+0000 7fe5441ba700 1 -- start start
2024-03-22T07:10:51.535 INFO:teuthology.orchestra.run.smithi044.stdout:/usr/bin/ceph: stderr
2024-03-22T07:10:50.535+0000 7fe5441ba700 1 --2- >> [v2:172.21.15.44:3300/0,v1:172.21.15.44:6789/0] conn(0x7fe53c102740 0x7fe53c078bd0 unknown :-1 s=NONE pgs=0 cs=0 l=1 rev1=0 crypto rx=0 tx=0 comp rx=0 tx=0).connect
2024-03-22T07:10:51.535 INFO:teuthology.orchestra.run.smithi044.stdout:/usr/bin/ceph: stderr
2024-03-22T07:10:50.535+0000 7fe5441ba700 1 -- --> [v2:172.21.15.44:3300/0,v1:172.21.15.44:6789/0] -- mon_getmap magic: 0 v1 -- 0x7fe53c079110 con 0x7fe53c102740
2024-03-22T07:10:51.535 INFO:teuthology.orchestra.run.smithi044.stdout:/usr/bin/ceph: stderr
2024-03-22T07:10:50.535+0000 7fe541f56700 1 --2- >> [v2:172.21.15.44:3300/0,v1:172.21.15.44:6789/0] conn(0x7fe53c102740 0x7fe53c078bd0 unknown :-1 s=BANNER_CONNECTING pgs=0 cs=0 l=1 rev1=0 crypto rx=0 tx=0 comp rx=0 tx=0)._handle_peer_banner_payload supported=3 required=0
2024-03-22T07:10:51.535 INFO:teuthology.orchestra.run.smithi044.stdout:/usr/bin/ceph: stderr
2024-03-22T07:10:50.535+0000 7fe541f56700 1 --2- >> [v2:172.21.15.44:3300/0,v1:172.21.15.44:6789/0] conn(0x7fe53c102740 0x7fe53c078bd0 unknown :-1 s=HELLO_CONNECTING pgs=0 cs=0 l=1 rev1=1 crypto rx=0 tx=0 comp rx=0 tx=0).handle_hello peer v2:172.21.15.44:3300/0 says I am v2:172.21.15.44:34374/0 (socket says 172.21.15.44:34374)
2024-03-22T07:10:51.535 INFO:teuthology.orchestra.run.smithi044.stdout:/usr/bin/ceph: stderr
2024-03-22T07:10:50.535+0000 7fe541f56700 1 -- 172.21.15.44:0/2983555884 learned_addr learned my addr 172.21.15.44:0/2983555884 (peer_addr_for_me v2:172.21.15.44:0/0)
2024-03-22T07:10:51.535 INFO:teuthology.orchestra.run.smithi044.stdout:/usr/bin/ceph: stderr
2024-03-22T07:10:50.536+0000 7fe541f56700 1 -- 172.21.15.44:0/2983555884 --> [v2:172.21.15.44:3300/0,v1:172.21.15.44:6789/0] -- mon_subscribe({config=0+,monmap=0+}) v3 -- 0x7fe5380094f0 con 0x7fe53c102740
2024-03-22T07:10:51.535 INFO:teuthology.orchestra.run.smithi044.stdout:/usr/bin/ceph: stderr
2024-03-22T07:10:50.536+0000 7fe541f56700 1 --2- 172.21.15.44:0/2983555884 >> [v2:172.21.15.44:3300/0,v1:172.21.15.44:6789/0] conn(0x7fe53c102740 0x7fe53c078bd0 secure :-1 s=READY pgs=87 cs=0 l=1 rev1=1 crypto rx=0x7fe538011c10 tx=0x7fe538009250 comp rx=0 tx=0).ready entity=mon.0 client_cookie=0 server_cookie=0 in_seq=0 out_seq=0
2024-03-22T07:10:51.535 INFO:teuthology.orchestra.run.smithi044.stdout:/usr/bin/ceph: stderr
2024-03-22T07:10:50.536+0000 7fe5327fc700 1 -- 172.21.15.44:0/2983555884 <== mon.0 v2:172.21.15.44:3300/0 1 ==== mon_map magic: 0 v1 ==== 229+0+0 (secure 0 0 0) 0x7fe538010890 con 0x7fe53c102740
2024-03-22T07:10:51.536 INFO:teuthology.orchestra.run.smithi044.stdout:/usr/bin/ceph: stderr
2024-03-22T07:10:50.536+0000 7fe5327fc700 1 -- 172.21.15.44:0/2983555884 <== mon.0 v2:172.21.15.44:3300/0 2 ==== config(27 keys) v1 ==== 1109+0+0 (secure 0 0 0) 0x7fe538010ec0 con 0x7fe53c102740
2024-03-22T07:10:51.536 INFO:teuthology.orchestra.run.smithi044.stdout:/usr/bin/ceph: stderr
2024-03-22T07:10:50.536+0000 7fe5441ba700 1 -- 172.21.15.44:0/2983555884 --> [v2:172.21.15.44:3300/0,v1:172.21.15.44:6789/0] -- mon_subscribe({mgrmap=0+}) v3 -- 0x7fe53c077180 con 0x7fe53c102740
2024-03-22T07:10:51.536 INFO:teuthology.orchestra.run.smithi044.stdout:/usr/bin/ceph: stderr
