2024-03-22T07:19:50.956+0000 7f4216ffd700 1 -- 172.21.15.134:0/515522412 <== mgr.14120 v2:172.21.15.134:6800/55103982 1 ==== mgr_command_reply(tid 0: 0 ) v1 ==== 8+0+24 (secure 0 0 0) 0x7f42280fe000 con 0x7f4210036790
2024-03-22T07:19:51.697 INFO:teuthology.orchestra.run.smithi134.stdout:/usr/bin/ceph: stderr
2024-03-22T07:19:50.958+0000 7f422cdd3700 1 -- 172.21.15.134:0/515522412 >> [v2:172.21.15.134:6800/55103982,v1:172.21.15.134:6801/55103982] conn(0x7f4210036790 msgr2=0x7f4210038c40 secure :-1 s=STATE_CONNECTION_ESTABLISHED l=1).mark_down
2024-03-22T07:19:51.697 INFO:teuthology.orchestra.run.smithi134.stdout:/usr/bin/ceph: stderr
2024-03-22T07:19:50.958+0000 7f422cdd3700 1 --2- 172.21.15.134:0/515522412 >> [v2:172.21.15.134:6800/55103982,v1:172.21.15.134:6801/55103982] conn(0x7f4210036790 0x7f4210038c40 secure :-1 s=READY pgs=12 cs=0 l=1 rev1=1 crypto rx=0x7f421c009990 tx=0x7f421c006e40 comp rx=0 tx=0).stop
2024-03-22T07:19:51.698 INFO:teuthology.orchestra.run.smithi134.stdout:/usr/bin/ceph: stderr
2024-03-22T07:19:50.958+0000 7f422cdd3700 1 -- 172.21.15.134:0/515522412 >> [v2:172.21.15.134:3300/0,v1:172.21.15.134:6789/0] conn(0x7f42281015d0 msgr2=0x7f4228071200 secure :-1 s=STATE_CONNECTION_ESTABLISHED l=1).mark_down
2024-03-22T07:19:51.698 INFO:teuthology.orchestra.run.smithi134.stdout:/usr/bin/ceph: stderr
2024-03-22T07:19:50.958+0000 7f422cdd3700 1 --2- 172.21.15.134:0/515522412 >> [v2:172.21.15.134:3300/0,v1:172.21.15.134:6789/0] conn(0x7f42281015d0 0x7f4228071200 secure :-1 s=READY pgs=48 cs=0 l=1 rev1=1 crypto rx=0x7f4218006b00 tx=0x7f4218009250 comp rx=0 tx=0).stop
2024-03-22T07:19:51.698 INFO:teuthology.orchestra.run.smithi134.stdout:/usr/bin/ceph: stderr
2024-03-22T07:19:50.958+0000 7f422cdd3700 1 -- 172.21.15.134:0/515522412 shutdown_connections
2024-03-22T07:19:51.698 INFO:teuthology.orchestra.run.smithi134.stdout:/usr/bin/ceph: stderr
2024-03-22T07:19:50.958+0000 7f422cdd3700 1 --2- 172.21.15.134:0/515522412 >> [v2:172.21.15.134:6800/55103982,v1:172.21.15.134:6801/55103982] conn(0x7f4210036790 0x7f4210038c40 unknown :-1 s=CLOSED pgs=12 cs=0 l=1 rev1=1 crypto rx=0 tx=0 comp rx=0 tx=0).stop
2024-03-22T07:19:51.698 INFO:teuthology.orchestra.run.smithi134.stdout:/usr/bin/ceph: stderr
2024-03-22T07:19:50.958+0000 7f422cdd3700 1 --2- 172.21.15.134:0/515522412 >> [v2:172.21.15.134:3300/0,v1:172.21.15.134:6789/0] conn(0x7f42281015d0 0x7f4228071200 unknown :-1 s=CLOSED pgs=48 cs=0 l=1 rev1=1 crypto rx=0 tx=0 comp rx=0 tx=0).stop
2024-03-22T07:19:51.698 INFO:teuthology.orchestra.run.smithi134.stdout:/usr/bin/ceph: stderr
2024-03-22T07:19:50.958+0000 7f422cdd3700 1 -- 172.21.15.134:0/515522412 >> 172.21.15.134:0/515522412 conn(0x7f42280fcd50 msgr2=0x7f42280fd8b0 unknown :-1 s=STATE_NONE l=0).mark_down
2024-03-22T07:19:51.698 INFO:teuthology.orchestra.run.smithi134.stdout:/usr/bin/ceph: stderr
2024-03-22T07:19:50.958+0000 7f422cdd3700 1 -- 172.21.15.134:0/515522412 shutdown_connections
2024-03-22T07:19:51.698 INFO:teuthology.orchestra.run.smithi134.stdout:/usr/bin/ceph: stderr
2024-03-22T07:19:50.958+0000 7f422cdd3700 1 -- 172.21.15.134:0/515522412 wait complete.
2024-03-22T07:19:51.698 INFO:teuthology.orchestra.run.smithi134.stdout:Deploying mgr service with default placement...
2024-03-22T07:19:52.233 INFO:journalctl@ceph.mon.smithi134.smithi134.stdout:Mar 22 07:19:51 smithi134 ceph-mon[29057]: from='client.14142 -' entity='client.admin' cmd=[{"prefix": "orch apply", "service_type": "mon", "target": ["mon-mgr", ""]}]: dispatch
2024-03-22T07:19:52.233 INFO:journalctl@ceph.mon.smithi134.smithi134.stdout:Mar 22 07:19:51 smithi134 ceph-mon[29057]: Saving service mon spec with placement count:5
2024-03-22T07:19:52.233 INFO:journalctl@ceph.mon.smithi134.smithi134.stdout:Mar 22 07:19:51 smithi134 ceph-mon[29057]: from='mgr.14120 172.21.15.134:0/1762113101' entity='mgr.smithi134.wtwqre'
2024-03-22T07:19:52.904 INFO:teuthology.orchestra.run.smithi134.stdout:/usr/bin/ceph: stdout Scheduled mgr update...
2024-03-22T07:19:52.904 INFO:teuthology.orchestra.run.smithi134.stdout:/usr/bin/ceph: stderr
2024-03-22T07:19:52.143+0000 7f7b50266700 1 Processor -- start
2024-03-22T07:19:52.904 INFO:teuthology.orchestra.run.smithi134.stdout:/usr/bin/ceph: stderr
2024-03-22T07:19:52.143+0000 7f7b50266700 1 -- start start
2024-03-22T07:19:52.904 INFO:teuthology.orchestra.run.smithi134.stdout:/usr/bin/ceph: stderr
2024-03-22T07:19:52.144+0000 7f7b50266700 1 --2- >> [v2:172.21.15.134:3300/0,v1:172.21.15.134:6789/0] conn(0x7f7b48078c80 0x7f7b480771e0 unknown :-1 s=NONE pgs=0 cs=0 l=0 rev1=0 crypto rx=0 tx=0 comp rx=0 tx=0).connect
2024-03-22T07:19:52.904 INFO:teuthology.orchestra.run.smithi134.stdout:/usr/bin/ceph: stderr
2024-03-22T07:19:52.144+0000 7f7b50266700 1 -- --> [v2:172.21.15.134:3300/0,v1:172.21.15.134:6789/0] -- mon_getmap magic: 0 v1 -- 0x7f7b48079090 con 0x7f7b48078c80
2024-03-22T07:19:52.904 INFO:teuthology.orchestra.run.smithi134.stdout:/usr/bin/ceph: stderr
2024-03-22T07:19:52.144+0000 7f7b4e002700 1 --2- >> [v2:172.21.15.134:3300/0,v1:172.21.15.134:6789/0] conn(0x7f7b48078c80 0x7f7b480771e0 unknown :-1 s=BANNER_CONNECTING pgs=0 cs=0 l=0 rev1=0 crypto rx=0 tx=0 comp rx=0 tx=0)._handle_peer_banner_payload supported=3 required=0
2024-03-22T07:19:52.904 INFO:teuthology.orchestra.run.smithi134.stdout:/usr/bin/ceph: stderr
2024-03-22T07:19:52.144+0000 7f7b4e002700 1 --2- >> [v2:172.21.15.134:3300/0,v1:172.21.15.134:6789/0] conn(0x7f7b48078c80 0x7f7b480771e0 unknown :-1 s=HELLO_CONNECTING pgs=0 cs=0 l=0 rev1=1 crypto rx=0 tx=0 comp rx=0 tx=0).handle_hello peer v2:172.21.15.134:3300/0 says I am v2:172.21.15.134:40310/0 (socket says 172.21.15.134:40310)
2024-03-22T07:19:52.904 INFO:teuthology.orchestra.run.smithi134.stdout:/usr/bin/ceph: stderr
2024-03-22T07:19:52.144+0000 7f7b4e002700 1 -- 172.21.15.134:0/1982213582 learned_addr learned my addr 172.21.15.134:0/1982213582 (peer_addr_for_me v2:172.21.15.134:0/0)
2024-03-22T07:19:52.904 INFO:teuthology.orchestra.run.smithi134.stdout:/usr/bin/ceph: stderr
2024-03-22T07:19:52.144+0000 7f7b4e002700 1 -- 172.21.15.134:0/1982213582 --> [v2:172.21.15.134:3300/0,v1:172.21.15.134:6789/0] -- mon_subscribe({config=0+,monmap=0+}) v3 -- 0x7f7b48077720 con 0x7f7b48078c80
2024-03-22T07:19:52.904 INFO:teuthology.orchestra.run.smithi134.stdout:/usr/bin/ceph: stderr
2024-03-22T07:19:52.144+0000 7f7b4e002700 1 --2- 172.21.15.134:0/1982213582 >> [v2:172.21.15.134:3300/0,v1:172.21.15.134:6789/0] conn(0x7f7b48078c80 0x7f7b480771e0 secure :-1 s=READY pgs=49 cs=0 l=1 rev1=1 crypto rx=0x7f7b380098e0 tx=0x7f7b38009250 comp rx=0 tx=0).ready entity=mon.0 client_cookie=8f1b5cce5e68dd87 server_cookie=0 in_seq=0 out_seq=0
2024-03-22T07:19:52.904 INFO:teuthology.orchestra.run.smithi134.stdout:/usr/bin/ceph: stderr
2024-03-22T07:19:52.145+0000 7f7b4d000700 1 -- 172.21.15.134:0/1982213582 <== mon.0 v2:172.21.15.134:3300/0 1 ==== mon_map magic: 0 v1 ==== 229+0+0 (secure 0 0 0) 0x7f7b3800b860 con 0x7f7b48078c80
2024-03-22T07:19:52.904 INFO:teuthology.orchestra.run.smithi134.stdout:/usr/bin/ceph: stderr
2024-03-22T07:19:52.145+0000 7f7b4d000700 1 -- 172.21.15.134:0/1982213582 <== mon.0 v2:172.21.15.134:3300/0 2 ==== config(27 keys) v1 ==== 1044+0+0 (secure 0 0 0) 0x7f7b3800be50 con 0x7f7b48078c80
2024-03-22T07:19:52.904 INFO:teuthology.orchestra.run.smithi134.stdout:/usr/bin/ceph: stderr
2024-03-22T07:19:52.145+0000 7f7b4d000700 1 -- 172.21.15.134:0/1982213582 <== mon.0 v2:172.21.15.134:3300/0 3 ==== mon_map magic: 0 v1 ==== 229+0+0 (secure 0 0 0) 0x7f7b38010380 con 0x7f7b48078c80
2024-03-22T07:19:52.905 INFO:teuthology.orchestra.run.smithi134.stdout:/usr/bin/ceph: stderr
2024-03-22T07:19:52.145+0000 7f7b50266700 1 -- 172.21.15.134:0/1982213582 >> [v2:172.21.15.134:3300/0,v1:172.21.15.134:6789/0] conn(0x7f7b48078c80 msgr2=0x7f7b480771e0 secure :-1 s=STATE_CONNECTION_ESTABLISHED l=1).mark_down
2024-03-22T07:19:52.905 INFO:teuthology.orchestra.run.smithi134.stdout:/usr/bin/ceph: stderr
2024-03-22T07:19:52.145+0000 7f7b50266700 1 --2- 172.21.15.134:0/1982213582 >> [v2:172.21.15.134:3300/0,v1:172.21.15.134:6789/0] conn(0x7f7b48078c80 0x7f7b480771e0 secure :-1 s=READY pgs=49 cs=0 l=1 rev1=1 crypto rx=0x7f7b380098e0 tx=0x7f7b38009250 comp rx=0 tx=0).stop
2024-03-22T07:19:52.905 INFO:teuthology.orchestra.run.smithi134.stdout:/usr/bin/ceph: stderr
2024-03-22T07:19:52.145+0000 7f7b50266700 1 -- 172.21.15.134:0/1982213582 shutdown_connections
2024-03-22T07:19:52.905 INFO:teuthology.orchestra.run.smithi134.stdout:/usr/bin/ceph: stderr
2024-03-22T07:19:52.145+0000 7f7b50266700 1 --2- 172.21.15.134:0/1982213582 >> [v2:172.21.15.134:3300/0,v1:172.21.15.134:6789/0] conn(0x7f7b48078c80 0x7f7b480771e0 unknown :-1 s=CLOSED pgs=49 cs=0 l=1 rev1=1 crypto rx=0 tx=0 comp rx=0 tx=0).stop
2024-03-22T07:19:52.905 INFO:teuthology.orchestra.run.smithi134.stdout:/usr/bin/ceph: stderr
2024-03-22T07:19:52.145+0000 7f7b50266700 1 -- 172.21.15.134:0/1982213582 >> 172.21.15.134:0/1982213582 conn(0x7f7b480fdee0 msgr2=0x7f7b481002f0 unknown :-1 s=STATE_NONE l=0).mark_down
2024-03-22T07:19:52.905 INFO:teuthology.orchestra.run.smithi134.stdout:/usr/bin/ceph: stderr
2024-03-22T07:19:52.145+0000 7f7b50266700 1 -- 172.21.15.134:0/1982213582 shutdown_connections
2024-03-22T07:19:52.905 INFO:teuthology.orchestra.run.smithi134.stdout:/usr/bin/ceph: stderr
2024-03-22T07:19:52.145+0000 7f7b50266700 1 -- 172.21.15.134:0/1982213582 wait complete.
2024-03-22T07:19:52.905 INFO:teuthology.orchestra.run.smithi134.stdout:/usr/bin/ceph: stderr
2024-03-22T07:19:52.146+0000 7f7b50266700 1 Processor -- start
2024-03-22T07:19:52.905 INFO:teuthology.orchestra.run.smithi134.stdout:/usr/bin/ceph: stderr
2024-03-22T07:19:52.146+0000 7f7b50266700 1 -- start start
2024-03-22T07:19:52.905 INFO:teuthology.orchestra.run.smithi134.stdout:/usr/bin/ceph: stderr
2024-03-22T07:19:52.146+0000 7f7b50266700 1 --2- >> [v2:172.21.15.134:3300/0,v1:172.21.15.134:6789/0] conn(0x7f7b48078c80 0x7f7b48113810 unknown :-1 s=NONE pgs=0 cs=0 l=1 rev1=0 crypto rx=0 tx=0 comp rx=0 tx=0).connect
2024-03-22T07:19:52.905 INFO:teuthology.orchestra.run.smithi134.stdout:/usr/bin/ceph: stderr
2024-03-22T07:19:52.146+0000 7f7b50266700 1 -- --> [v2:172.21.15.134:3300/0,v1:172.21.15.134:6789/0] -- mon_getmap magic: 0 v1 -- 0x7f7b48113d50 con 0x7f7b48078c80
2024-03-22T07:19:52.905 INFO:teuthology.orchestra.run.smithi134.stdout:/usr/bin/ceph: stderr
2024-03-22T07:19:52.146+0000 7f7b4e002700 1 --2- >> [v2:172.21.15.134:3300/0,v1:172.21.15.134:6789/0] conn(0x7f7b48078c80 0x7f7b48113810 unknown :-1 s=BANNER_CONNECTING pgs=0 cs=0 l=1 rev1=0 crypto rx=0 tx=0 comp rx=0 tx=0)._handle_peer_banner_payload supported=3 required=0
2024-03-22T07:19:52.905 INFO:teuthology.orchestra.run.smithi134.stdout:/usr/bin/ceph: stderr
2024-03-22T07:19:52.146+0000 7f7b4e002700 1 --2- >> [v2:172.21.15.134:3300/0,v1:172.21.15.134:6789/0] conn(0x7f7b48078c80 0x7f7b48113810 unknown :-1 s=HELLO_CONNECTING pgs=0 cs=0 l=1 rev1=1 crypto rx=0 tx=0 comp rx=0 tx=0).handle_hello peer v2:172.21.15.134:3300/0 says I am v2:172.21.15.134:40320/0 (socket says 172.21.15.134:40320)
2024-03-22T07:19:52.905 INFO:teuthology.orchestra.run.smithi134.stdout:/usr/bin/ceph: stderr
2024-03-22T07:19:52.146+0000 7f7b4e002700 1 -- 172.21.15.134:0/3812363892 learned_addr learned my addr 172.21.15.134:0/3812363892 (peer_addr_for_me v2:172.21.15.134:0/0)
2024-03-22T07:19:52.905 INFO:teuthology.orchestra.run.smithi134.stdout:/usr/bin/ceph: stderr
2024-03-22T07:19:52.146+0000 7f7b4e002700 1 -- 172.21.15.134:0/3812363892 --> [v2:172.21.15.134:3300/0,v1:172.21.15.134:6789/0] -- mon_subscribe({config=0+,monmap=0+}) v3 -- 0x7f7b380094f0 con 0x7f7b48078c80
2024-03-22T07:19:52.906 INFO:teuthology.orchestra.run.smithi134.stdout:/usr/bin/ceph: stderr
2024-03-22T07:19:52.147+0000 7f7b4e002700 1 --2- 172.21.15.134:0/3812363892 >> [v2:172.21.15.134:3300/0,v1:172.21.15.134:6789/0] conn(0x7f7b48078c80 0x7f7b48113810 secure :-1 s=READY pgs=50 cs=0 l=1 rev1=1 crypto rx=0x7f7b38006d40 tx=0x7f7b38009250 comp rx=0 tx=0).ready entity=mon.0 client_cookie=0 server_cookie=0 in_seq=0 out_seq=0
2024-03-22T07:19:52.906 INFO:teuthology.orchestra.run.smithi134.stdout:/usr/bin/ceph: stderr
2024-03-22T07:19:52.147+0000 7f7b3e7fc700 1 -- 172.21.15.134:0/3812363892 <== mon.0 v2:172.21.15.134:3300/0 1 ==== mon_map magic: 0 v1 ==== 229+0+0 (secure 0 0 0) 0x7f7b38010760 con 0x7f7b48078c80
2024-03-22T07:19:52.906 INFO:teuthology.orchestra.run.smithi134.stdout:/usr/bin/ceph: stderr
2024-03-22T07:19:52.147+0000 7f7b50266700 1 -- 172.21.15.134:0/3812363892 --> [v2:172.21.15.134:3300/0,v1:172.21.15.134:6789/0] -- mon_subscribe({mgrmap=0+}) v3 -- 0x7f7b48113f50 con 0x7f7b48078c80
2024-03-22T07:19:52.906 INFO:teuthology.orchestra.run.smithi134.stdout:/usr/bin/ceph: stderr
2024-03-22T07:19:52.147+0000 7f7b3e7fc700 1 -- 172.21.15.134:0/3812363892 <== mon.0 v2:172.21.15.134:3300/0 2 ==== config(27 keys) v1 ==== 1044+0+0 (secure 0 0 0) 0x7f7b38010d50 con 0x7f7b48078c80
2024-03-22T07:19:52.906 INFO:teuthology.orchestra.run.smithi134.stdout:/usr/bin/ceph: stderr
2024-03-22T07:19:52.147+0000 7f7b3e7fc700 1 -- 172.21.15.134:0/3812363892 <== mon.0 v2:172.21.15.134:3300/0 3 ==== mon_map magic: 0 v1 ==== 229+0+0 (secure 0 0 0) 0x7f7b3801adc0 con 0x7f7b48078c80
2024-03-22T07:19:52.906 INFO:teuthology.orchestra.run.smithi134.stdout:/usr/bin/ceph: stderr
2024-03-22T07:19:52.147+0000 7f7b50266700 1 -- 172.21.15.134:0/3812363892 --> [v2:172.21.15.134:3300/0,v1:172.21.15.134:6789/0] -- mon_subscribe({osdmap=0}) v3 -- 0x7f7b48114ac0 con 0x7f7b48078c80
2024-03-22T07:19:52.906 INFO:teuthology.orchestra.run.smithi134.stdout:/usr/bin/ceph: stderr
2024-03-22T07:19:52.148+0000 7f7b3e7fc700 1 -- 172.21.15.134:0/3812363892 <== mon.0 v2:172.21.15.134:3300/0 4 ==== mgrmap(e 8) v1 ==== 43368+0+0 (secure 0 0 0) 0x7f7b380108c0 con 0x7f7b48078c80
2024-03-22T07:19:52.906 INFO:teuthology.orchestra.run.smithi134.stdout:/usr/bin/ceph: stderr
2024-03-22T07:19:52.148+0000 7f7b50266700 1 -- 172.21.15.134:0/3812363892 --> [v2:172.21.15.134:3300/0,v1:172.21.15.134:6789/0] -- mon_command({"prefix": "get_command_descriptions"} v 0) v1 -- 0x7f7b4805f5f0 con 0x7f7b48078c80
2024-03-22T07:19:52.906 INFO:teuthology.orchestra.run.smithi134.stdout:/usr/bin/ceph: stderr
2024-03-22T07:19:52.148+0000 7f7b3e7fc700 1 --2- 172.21.15.134:0/3812363892 >> [v2:172.21.15.134:6800/55103982,v1:172.21.15.134:6801/55103982] conn(0x7f7b34036770 0x7f7b34038c20 unknown :-1 s=NONE pgs=0 cs=0 l=1 rev1=0 crypto rx=0 tx=0 comp rx=0 tx=0).connect
2024-03-22T07:19:52.906 INFO:teuthology.orchestra.run.smithi134.stdout:/usr/bin/ceph: stderr
2024-03-22T07:19:52.148+0000 7f7b3e7fc700 1 -- 172.21.15.134:0/3812363892 <== mon.0 v2:172.21.15.134:3300/0 5 ==== osd_map(2..2 src has 1..2) v4 ==== 936+0+0 (secure 0 0 0) 0x7f7b38049ce0 con 0x7f7b48078c80
2024-03-22T07:19:52.906 INFO:teuthology.orchestra.run.smithi134.stdout:/usr/bin/ceph: stderr
2024-03-22T07:19:52.148+0000 7f7b4d801700 1 --2- 172.21.15.134:0/3812363892 >> [v2:172.21.15.134:6800/55103982,v1:172.21.15.134:6801/55103982] conn(0x7f7b34036770 0x7f7b34038c20 unknown :-1 s=BANNER_CONNECTING pgs=0 cs=0 l=1 rev1=0 crypto rx=0 tx=0 comp rx=0 tx=0)._handle_peer_banner_payload supported=3 required=0
2024-03-22T07:19:52.906 INFO:teuthology.orchestra.run.smithi134.stdout:/usr/bin/ceph: stderr
2024-03-22T07:19:52.148+0000 7f7b4d801700 1 --2- 172.21.15.134:0/3812363892 >> [v2:172.21.15.134:6800/55103982,v1:172.21.15.134:6801/55103982] conn(0x7f7b34036770 0x7f7b34038c20 secure :-1 s=READY pgs=13 cs=0 l=1 rev1=1 crypto rx=0x7f7b44009990 tx=0x7f7b44006e40 comp rx=0 tx=0).ready entity=mgr.14120 client_cookie=0 server_cookie=0 in_seq=0 out_seq=0
2024-03-22T07:19:52.906 INFO:teuthology.orchestra.run.smithi134.stdout:/usr/bin/ceph: stderr
2024-03-22T07:19:52.153+0000 7f7b3e7fc700 1 -- 172.21.15.134:0/3812363892 <== mon.0 v2:172.21.15.134:3300/0 6 ==== mon_command_ack([{"prefix": "get_command_descriptions"}]=0 v0) v1 ==== 72+0+176504 (secure 0 0 0) 0x7f7b3802b6c0 con 0x7f7b48078c80
2024-03-22T07:19:52.906 INFO:teuthology.orchestra.run.smithi134.stdout:/usr/bin/ceph: stderr
2024-03-22T07:19:52.351+0000 7f7b50266700 1 -- 172.21.15.134:0/3812363892 --> [v2:172.21.15.134:6800/55103982,v1:172.21.15.134:6801/55103982] -- mgr_command(tid 0: {"prefix": "orch apply", "service_type": "mgr", "target": ["mon-mgr", ""]}) v1 -- 0x7f7b480ff260 con 0x7f7b34036770
2024-03-22T07:19:52.907 INFO:teuthology.orchestra.run.smithi134.stdout:/usr/bin/ceph: stderr
2024-03-22T07:19:52.358+0000 7f7b3e7fc700 1 -- 172.21.15.134:0/3812363892 <== mgr.14120 v2:172.21.15.134:6800/55103982 1 ==== mgr_command_reply(tid 0: 0 ) v1 ==== 8+0+24 (secure 0 0 0) 0x7f7b480ff260 con 0x7f7b34036770
2024-03-22T07:19:52.907 INFO:teuthology.orchestra.run.smithi134.stdout:/usr/bin/ceph: stderr
2024-03-22T07:19:52.361+0000 7f7b50266700 1 -- 172.21.15.134:0/3812363892 >> [v2:172.21.15.134:6800/55103982,v1:172.21.15.134:6801/55103982] conn(0x7f7b34036770 msgr2=0x7f7b34038c20 secure :-1 s=STATE_CONNECTION_ESTABLISHED l=1).mark_down
2024-03-22T07:19:52.907 INFO:teuthology.orchestra.run.smithi134.stdout:/usr/bin/ceph: stderr
2024-03-22T07:19:52.361+0000 7f7b50266700 1 --2- 172.21.15.134:0/3812363892 >> [v2:172.21.15.134:6800/55103982,v1:172.21.15.134:6801/55103982] conn(0x7f7b34036770 0x7f7b34038c20 secure :-1 s=READY pgs=13 cs=0 l=1 rev1=1 crypto rx=0x7f7b44009990 tx=0x7f7b44006e40 comp rx=0 tx=0).stop
2024-03-22T07:19:52.907 INFO:teuthology.orchestra.run.smithi134.stdout:/usr/bin/ceph: stderr
2024-03-22T07:19:52.361+0000 7f7b50266700 1 -- 172.21.15.134:0/3812363892 >> [v2:172.21.15.134:3300/0,v1:172.21.15.134:6789/0] conn(0x7f7b48078c80 msgr2=0x7f7b48113810 secure :-1 s=STATE_CONNECTION_ESTABLISHED l=1).mark_down
2024-03-22T07:19:52.907 INFO:teuthology.orchestra.run.smithi134.stdout:/usr/bin/ceph: stderr
2024-03-22T07:19:52.361+0000 7f7b50266700 1 --2- 172.21.15.134:0/3812363892 >> [v2:172.21.15.134:3300/0,v1:172.21.15.134:6789/0] conn(0x7f7b48078c80 0x7f7b48113810 secure :-1 s=READY pgs=50 cs=0 l=1 rev1=1 crypto rx=0x7f7b38006d40 tx=0x7f7b38009250 comp rx=0 tx=0).stop
2024-03-22T07:19:52.907 INFO:teuthology.orchestra.run.smithi134.stdout:/usr/bin/ceph: stderr
2024-03-22T07:19:52.361+0000 7f7b50266700 1 -- 172.21.15.134:0/3812363892 shutdown_connections
2024-03-22T07:19:52.907 INFO:teuthology.orchestra.run.smithi134.stdout:/usr/bin/ceph: stderr
2024-03-22T07:19:52.361+0000 7f7b50266700 1 --2- 172.21.15.134:0/3812363892 >> [v2:172.21.15.134:6800/55103982,v1:172.21.15.134:6801/55103982] conn(0x7f7b34036770 0x7f7b34038c20 unknown :-1 s=CLOSED pgs=13 cs=0 l=1 rev1=1 crypto rx=0 tx=0 comp rx=0 tx=0).stop
2024-03-22T07:19:52.907 INFO:teuthology.orchestra.run.smithi134.stdout:/usr/bin/ceph: stderr
2024-03-22T07:19:52.361+0000 7f7b50266700 1 --2- 172.21.15.134:0/3812363892 >> [v2:172.21.15.134:3300/0,v1:172.21.15.134:6789/0] conn(0x7f7b48078c80 0x7f7b48113810 unknown :-1 s=CLOSED pgs=50 cs=0 l=1 rev1=1 crypto rx=0 tx=0 comp rx=0 tx=0).stop
2024-03-22T07:19:52.907 INFO:teuthology.orchestra.run.smithi134.stdout:/usr/bin/ceph: stderr
2024-03-22T07:19:52.361+0000 7f7b50266700 1 -- 172.21.15.134:0/3812363892 >> 172.21.15.134:0/3812363892 conn(0x7f7b480fdee0 msgr2=0x7f7b480fea90 unknown :-1 s=STATE_NONE l=0).mark_down
2024-03-22T07:19:52.907 INFO:teuthology.orchestra.run.smithi134.stdout:/usr/bin/ceph: stderr
2024-03-22T07:19:52.361+0000 7f7b50266700 1 -- 172.21.15.134:0/3812363892 shutdown_connections
2024-03-22T07:19:52.907 INFO:teuthology.orchestra.run.smithi134.stdout:/usr/bin/ceph: stderr
2024-03-22T07:19:52.361+0000 7f7b50266700 1 -- 172.21.15.134:0/3812363892 wait complete.
2024-03-22T07:19:52.907 INFO:teuthology.orchestra.run.smithi134.stdout:Deploying crash service with default placement...
2024-03-22T07:19:53.545 INFO:journalctl@ceph.mon.smithi134.smithi134.stdout:Mar 22 07:19:53 smithi134 ceph-mon[29057]: from='client.14144 -' entity='client.admin' cmd=[{"prefix": "orch apply", "service_type": "mgr", "target": ["mon-mgr", ""]}]: dispatch
2024-03-22T07:19:53.545 INFO:journalctl@ceph.mon.smithi134.smithi134.stdout:Mar 22 07:19:53 smithi134 ceph-mon[29057]: Saving service mgr spec with placement count:2
2024-03-22T07:19:53.545 INFO:journalctl@ceph.mon.smithi134.smithi134.stdout:Mar 22 07:19:53 smithi134 ceph-mon[29057]: from='mgr.14120 172.21.15.134:0/1762113101' entity='mgr.smithi134.wtwqre'
2024-03-22T07:19:54.908 INFO:journalctl@ceph.mon.smithi134.smithi134.stdout:Mar 22 07:19:54 smithi134 ceph-mon[29057]: from='mgr.14120 172.21.15.134:0/1762113101' entity='mgr.smithi134.wtwqre'
2024-03-22T07:19:54.908 INFO:journalctl@ceph.mon.smithi134.smithi134.stdout:Mar 22 07:19:54 smithi134 ceph-mon[29057]: from='mgr.14120 172.21.15.134:0/1762113101' entity='mgr.smithi134.wtwqre'
2024-03-22T07:19:54.908 INFO:journalctl@ceph.mon.smithi134.smithi134.stdout:Mar 22 07:19:54 smithi134 ceph-mon[29057]: from='mgr.14120 172.21.15.134:0/1762113101' entity='mgr.smithi134.wtwqre'
2024-03-22T07:19:54.915 INFO:teuthology.orchestra.run.smithi134.stdout:/usr/bin/ceph: stdout Scheduled crash update...
2024-03-22T07:19:54.916 INFO:teuthology.orchestra.run.smithi134.stdout:/usr/bin/ceph: stderr
2024-03-22T07:19:54.123+0000 7faf8d9fd700 1 Processor -- start
2024-03-22T07:19:54.916 INFO:teuthology.orchestra.run.smithi134.stdout:/usr/bin/ceph: stderr
2024-03-22T07:19:54.123+0000 7faf8d9fd700 1 -- start start
2024-03-22T07:19:54.916 INFO:teuthology.orchestra.run.smithi134.stdout:/usr/bin/ceph: stderr
2024-03-22T07:19:54.123+0000 7faf8d9fd700 1 --2- >> [v2:172.21.15.134:3300/0,v1:172.21.15.134:6789/0] conn(0x7faf88102730 0x7faf88102b40 unknown :-1 s=NONE pgs=0 cs=0 l=0 rev1=0 crypto rx=0 tx=0 comp rx=0 tx=0).connect
2024-03-22T07:19:54.916 INFO:teuthology.orchestra.run.smithi134.stdout:/usr/bin/ceph: stderr
2024-03-22T07:19:54.123+0000 7faf8d9fd700 1 -- --> [v2:172.21.15.134:3300/0,v1:172.21.15.134:6789/0] -- mon_getmap magic: 0 v1 -- 0x7faf88103080 con 0x7faf88102730
2024-03-22T07:19:54.916 INFO:teuthology.orchestra.run.smithi134.stdout:/usr/bin/ceph: stderr
2024-03-22T07:19:54.124+0000 7faf86ffd700 1 --2- >> [v2:172.21.15.134:3300/0,v1:172.21.15.134:6789/0] conn(0x7faf88102730 0x7faf88102b40 unknown :-1 s=BANNER_CONNECTING pgs=0 cs=0 l=0 rev1=0 crypto rx=0 tx=0 comp rx=0 tx=0)._handle_peer_banner_payload supported=3 required=0
2024-03-22T07:19:54.916 INFO:teuthology.orchestra.run.smithi134.stdout:/usr/bin/ceph: stderr
2024-03-22T07:19:54.124+0000 7faf86ffd700 1 --2- >> [v2:172.21.15.134:3300/0,v1:172.21.15.134:6789/0] conn(0x7faf88102730 0x7faf88102b40 unknown :-1 s=HELLO_CONNECTING pgs=0 cs=0 l=0 rev1=1 crypto rx=0 tx=0 comp rx=0 tx=0).handle_hello peer v2:172.21.15.134:3300/0 says I am v2:172.21.15.134:52118/0 (socket says 172.21.15.134:52118)
2024-03-22T07:19:54.916 INFO:teuthology.orchestra.run.smithi134.stdout:/usr/bin/ceph: stderr
2024-03-22T07:19:54.124+0000 7faf86ffd700 1 -- 172.21.15.134:0/1236403005 learned_addr learned my addr 172.21.15.134:0/1236403005 (peer_addr_for_me v2:172.21.15.134:0/0)
2024-03-22T07:19:54.916 INFO:teuthology.orchestra.run.smithi134.stdout:/usr/bin/ceph: stderr
2024-03-22T07:19:54.124+0000 7faf86ffd700 1 -- 172.21.15.134:0/1236403005 --> [v2:172.21.15.134:3300/0,v1:172.21.15.134:6789/0] -- mon_subscribe({config=0+,monmap=0+}) v3 -- 0x7faf881031c0 con 0x7faf88102730
2024-03-22T07:19:54.916 INFO:teuthology.orchestra.run.smithi134.stdout:/usr/bin/ceph: stderr
2024-03-22T07:19:54.124+0000 7faf86ffd700 1 --2- 172.21.15.134:0/1236403005 >> [v2:172.21.15.134:3300/0,v1:172.21.15.134:6789/0] conn(0x7faf88102730 0x7faf88102b40 secure :-1 s=READY pgs=51 cs=0 l=1 rev1=1 crypto rx=0x7faf780098e0 tx=0x7faf78009250 comp rx=0 tx=0).ready entity=mon.0 client_cookie=1bdffa902bf6bd84 server_cookie=0 in_seq=0 out_seq=0
2024-03-22T07:19:54.916 INFO:teuthology.orchestra.run.smithi134.stdout:/usr/bin/ceph: stderr
2024-03-22T07:19:54.124+0000 7faf867fc700 1 -- 172.21.15.134:0/1236403005 <== mon.0 v2:172.21.15.134:3300/0 1 ==== mon_map magic: 0 v1 ==== 229+0+0 (secure 0 0 0) 0x7faf7800b860 con 0x7faf88102730
2024-03-22T07:19:54.916 INFO:teuthology.orchestra.run.smithi134.stdout:/usr/bin/ceph: stderr
2024-03-22T07:19:54.124+0000 7faf867fc700 1 -- 172.21.15.134:0/1236403005 <== mon.0 v2:172.21.15.134:3300/0 2 ==== config(27 keys) v1 ==== 1109+0+0 (secure 0 0 0) 0x7faf7800be90 con 0x7faf88102730
2024-03-22T07:19:54.917 INFO:teuthology.orchestra.run.smithi134.stdout:/usr/bin/ceph: stderr
2024-03-22T07:19:54.124+0000 7faf867fc700 1 -- 172.21.15.134:0/1236403005 <== mon.0 v2:172.21.15.134:3300/0 3 ==== mon_map magic: 0 v1 ==== 229+0+0 (secure 0 0 0) 0x7faf780103c0 con 0x7faf88102730
2024-03-22T07:19:54.917 INFO:teuthology.orchestra.run.smithi134.stdout:/usr/bin/ceph: stderr
2024-03-22T07:19:54.125+0000 7faf8d9fd700 1 -- 172.21.15.134:0/1236403005 >> [v2:172.21.15.134:3300/0,v1:172.21.15.134:6789/0] conn(0x7faf88102730 msgr2=0x7faf88102b40 secure :-1 s=STATE_CONNECTION_ESTABLISHED l=1).mark_down
2024-03-22T07:19:54.917 INFO:teuthology.orchestra.run.smithi134.stdout:/usr/bin/ceph: stderr
2024-03-22T07:19:54.125+0000 7faf8d9fd700 1 --2- 172.21.15.134:0/1236403005 >> [v2:172.21.15.134:3300/0,v1:172.21.15.134:6789/0] conn(0x7faf88102730 0x7faf88102b40 secure :-1 s=READY pgs=51 cs=0 l=1 rev1=1 crypto rx=0x7faf780098e0 tx=0x7faf78009250 comp rx=0 tx=0).stop
2024-03-22T07:19:54.917 INFO:teuthology.orchestra.run.smithi134.stdout:/usr/bin/ceph: stderr
2024-03-22T07:19:54.125+0000 7faf8d9fd700 1 -- 172.21.15.134:0/1236403005 shutdown_connections
2024-03-22T07:19:54.917 INFO:teuthology.orchestra.run.smithi134.stdout:/usr/bin/ceph: stderr
2024-03-22T07:19:54.125+0000 7faf8d9fd700 1 --2- 172.21.15.134:0/1236403005 >> [v2:172.21.15.134:3300/0,v1:172.21.15.134:6789/0] conn(0x7faf88102730 0x7faf88102b40 unknown :-1 s=CLOSED pgs=51 cs=0 l=1 rev1=1 crypto rx=0 tx=0 comp rx=0 tx=0).stop
2024-03-22T07:19:54.917 INFO:teuthology.orchestra.run.smithi134.stdout:/usr/bin/ceph: stderr
2024-03-22T07:19:54.125+0000 7faf8d9fd700 1 -- 172.21.15.134:0/1236403005 >> 172.21.15.134:0/1236403005 conn(0x7faf880fdf10 msgr2=0x7faf88100320 unknown :-1 s=STATE_NONE l=0).mark_down
2024-03-22T07:19:54.917 INFO:teuthology.orchestra.run.smithi134.stdout:/usr/bin/ceph: stderr
2024-03-22T07:19:54.125+0000 7faf8d9fd700 1 -- 172.21.15.134:0/1236403005 shutdown_connections
2024-03-22T07:19:54.917 INFO:teuthology.orchestra.run.smithi134.stdout:/usr/bin/ceph: stderr
2024-03-22T07:19:54.125+0000 7faf8d9fd700 1 -- 172.21.15.134:0/1236403005 wait complete.
2024-03-22T07:19:54.917 INFO:teuthology.orchestra.run.smithi134.stdout:/usr/bin/ceph: stderr
2024-03-22T07:19:54.125+0000 7faf8d9fd700 1 Processor -- start
2024-03-22T07:19:54.917 INFO:teuthology.orchestra.run.smithi134.stdout:/usr/bin/ceph: stderr
2024-03-22T07:19:54.126+0000 7faf8d9fd700 1 -- start start
2024-03-22T07:19:54.917 INFO:teuthology.orchestra.run.smithi134.stdout:/usr/bin/ceph: stderr
2024-03-22T07:19:54.126+0000 7faf8d9fd700 1 --2- >> [v2:172.21.15.134:3300/0,v1:172.21.15.134:6789/0] conn(0x7faf88102730 0x7faf88078bd0 unknown :-1 s=NONE pgs=0 cs=0 l=1 rev1=0 crypto rx=0 tx=0 comp rx=0 tx=0).connect
2024-03-22T07:19:54.917 INFO:teuthology.orchestra.run.smithi134.stdout:/usr/bin/ceph: stderr
2024-03-22T07:19:54.126+0000 7faf8d9fd700 1 -- --> [v2:172.21.15.134:3300/0,v1:172.21.15.134:6789/0] -- mon_getmap magic: 0 v1 -- 0x7faf88079110 con 0x7faf88102730
2024-03-22T07:19:54.918 INFO:teuthology.orchestra.run.smithi134.stdout:/usr/bin/ceph: stderr
2024-03-22T07:19:54.126+0000 7faf86ffd700 1 --2- >> [v2:172.21.15.134:3300/0,v1:172.21.15.134:6789/0] conn(0x7faf88102730 0x7faf88078bd0 unknown :-1 s=BANNER_CONNECTING pgs=0 cs=0 l=1 rev1=0 crypto rx=0 tx=0 comp rx=0 tx=0)._handle_peer_banner_payload supported=3 required=0
2024-03-22T07:19:54.918 INFO:teuthology.orchestra.run.smithi134.stdout:/usr/bin/ceph: stderr
2024-03-22T07:19:54.126+0000 7faf86ffd700 1 --2- >> [v2:172.21.15.134:3300/0,v1:172.21.15.134:6789/0] conn(0x7faf88102730 0x7faf88078bd0 unknown :-1 s=HELLO_CONNECTING pgs=0 cs=0 l=1 rev1=1 crypto rx=0 tx=0 comp rx=0 tx=0).handle_hello peer v2:172.21.15.134:3300/0 says I am v2:172.21.15.134:52120/0 (socket says 172.21.15.134:52120)
2024-03-22T07:19:54.918 INFO:teuthology.orchestra.run.smithi134.stdout:/usr/bin/ceph: stderr
2024-03-22T07:19:54.126+0000 7faf86ffd700 1 -- 172.21.15.134:0/906883096 learned_addr learned my addr 172.21.15.134:0/906883096 (peer_addr_for_me v2:172.21.15.134:0/0)
2024-03-22T07:19:54.918 INFO:teuthology.orchestra.run.smithi134.stdout:/usr/bin/ceph: stderr
2024-03-22T07:19:54.126+0000 7faf86ffd700 1 -- 172.21.15.134:0/906883096 --> [v2:172.21.15.134:3300/0,v1:172.21.15.134:6789/0] -- mon_subscribe({config=0+,monmap=0+}) v3 -- 0x7faf780094f0 con 0x7faf88102730
2024-03-22T07:19:54.918 INFO:teuthology.orchestra.run.smithi134.stdout:/usr/bin/ceph: stderr
2024-03-22T07:19:54.126+0000 7faf86ffd700 1 --2- 172.21.15.134:0/906883096 >> [v2:172.21.15.134:3300/0,v1:172.21.15.134:6789/0] conn(0x7faf88102730 0x7faf88078bd0 secure :-1 s=READY pgs=52 cs=0 l=1 rev1=1 crypto rx=0x7faf780094c0 tx=0x7faf78009250 comp rx=0 tx=0).ready entity=mon.0 client_cookie=0 server_cookie=0 in_seq=0 out_seq=0
2024-03-22T07:19:54.918 INFO:teuthology.orchestra.run.smithi134.stdout:/usr/bin/ceph: stderr
2024-03-22T07:19:54.126+0000 7faf7ffff700 1 -- 172.21.15.134:0/906883096 <== mon.0 v2:172.21.15.134:3300/0 1 ==== mon_map magic: 0 v1 ==== 229+0+0 (secure 0 0 0) 0x7faf78010680 con 0x7faf88102730
2024-03-22T07:19:54.918 INFO:teuthology.orchestra.run.smithi134.stdout:/usr/bin/ceph: stderr
2024-03-22T07:19:54.126+0000 7faf7ffff700 1 -- 172.21.15.134:0/906883096 <== mon.0 v2:172.21.15.134:3300/0 2 ==== config(27 keys) v1 ==== 1109+0+0 (secure 0 0 0) 0x7faf78010cb0 con 0x7faf88102730
2024-03-22T07:19:54.918 INFO:teuthology.orchestra.run.smithi134.stdout:/usr/bin/ceph: stderr
2024-03-22T07:19:54.126+0000 7faf8d9fd700 1 -- 172.21.15.134:0/906883096 --> [v2:172.21.15.134:3300/0,v1:172.21.15.134:6789/0] -- mon_subscribe({mgrmap=0+}) v3 -- 0x7faf88077180 con 0x7faf88102730
2024-03-22T07:19:54.918 INFO:teuthology.orchestra.run.smithi134.stdout:/usr/bin/ceph: stderr
2024-03-22T07:19:54.126+0000 7faf7ffff700 1 -- 172.21.15.134:0/906883096 <== mon.0 v2:172.21.15.134:3300/0 3 ==== mon_map magic: 0 v1 ==== 229+0+0 (secure 0 0 0) 0x7faf7801ad40 con 0x7faf88102730
2024-03-22T07:19:54.918 INFO:teuthology.orchestra.run.smithi134.stdout:/usr/bin/ceph: stderr
2024-03-22T07:19:54.126+0000 7faf8d9fd700 1 -- 172.21.15.134:0/906883096 --> [v2:172.21.15.134:3300/0,v1:172.21.15.134:6789/0] -- mon_subscribe({osdmap=0}) v3 -- 0x7faf88077670 con 0x7faf88102730
2024-03-22T07:19:54.918 INFO:teuthology.orchestra.run.smithi134.stdout:/usr/bin/ceph: stderr
2024-03-22T07:19:54.127+0000 7faf7ffff700 1 -- 172.21.15.134:0/906883096 <== mon.0 v2:172.21.15.134:3300/0 4 ==== mgrmap(e 8) v1 ==== 43368+0+0 (secure 0 0 0) 0x7faf78025400 con 0x7faf88102730
2024-03-22T07:19:54.918 INFO:teuthology.orchestra.run.smithi134.stdout:/usr/bin/ceph: stderr
2024-03-22T07:19:54.127+0000 7faf7ffff700 1 --2- 172.21.15.134:0/906883096 >> [v2:172.21.15.134:6800/55103982,v1:172.21.15.134:6801/55103982] conn(0x7faf74036790 0x7faf74038c40 unknown :-1 s=NONE pgs=0 cs=0 l=1 rev1=0 crypto rx=0 tx=0 comp rx=0 tx=0).connect
2024-03-22T07:19:54.919 INFO:teuthology.orchestra.run.smithi134.stdout:/usr/bin/ceph: stderr
2024-03-22T07:19:54.127+0000 7faf7ffff700 1 -- 172.21.15.134:0/906883096 <== mon.0 v2:172.21.15.134:3300/0 5 ==== osd_map(2..2 src has 1..2) v4 ==== 936+0+0 (secure 0 0 0) 0x7faf7801a460 con 0x7faf88102730
2024-03-22T07:19:54.919 INFO:teuthology.orchestra.run.smithi134.stdout:/usr/bin/ceph: stderr
2024-03-22T07:19:54.127+0000 7faf7e7fc700 1 --2- 172.21.15.134:0/906883096 >> [v2:172.21.15.134:6800/55103982,v1:172.21.15.134:6801/55103982] conn(0x7faf74036790 0x7faf74038c40 unknown :-1 s=BANNER_CONNECTING pgs=0 cs=0 l=1 rev1=0 crypto rx=0 tx=0 comp rx=0 tx=0)._handle_peer_banner_payload supported=3 required=0
2024-03-22T07:19:54.919 INFO:teuthology.orchestra.run.smithi134.stdout:/usr/bin/ceph: stderr
2024-03-22T07:19:54.127+0000 7faf8d9fd700 1 -- 172.21.15.134:0/906883096 --> [v2:172.21.15.134:3300/0,v1:172.21.15.134:6789/0] -- mon_command({"prefix": "get_command_descriptions"} v 0) v1 -- 0x7faf8804bed0 con 0x7faf88102730
2024-03-22T07:19:54.919 INFO:teuthology.orchestra.run.smithi134.stdout:/usr/bin/ceph: stderr
2024-03-22T07:19:54.128+0000 7faf7e7fc700 1 --2- 172.21.15.134:0/906883096 >> [v2:172.21.15.134:6800/55103982,v1:172.21.15.134:6801/55103982] conn(0x7faf74036790 0x7faf74038c40 secure :-1 s=READY pgs=14 cs=0 l=1 rev1=1 crypto rx=0x7faf70009990 tx=0x7faf70006e40 comp rx=0 tx=0).ready entity=mgr.14120 client_cookie=0 server_cookie=0 in_seq=0 out_seq=0
2024-03-22T07:19:54.919 INFO:teuthology.orchestra.run.smithi134.stdout:/usr/bin/ceph: stderr
2024-03-22T07:19:54.132+0000 7faf7ffff700 1 -- 172.21.15.134:0/906883096 <== mon.0 v2:172.21.15.134:3300/0 6 ==== mon_command_ack([{"prefix": "get_command_descriptions"}]=0 v0) v1 ==== 72+0+176504 (secure 0 0 0) 0x7faf78020070 con 0x7faf88102730
2024-03-22T07:19:54.919 INFO:teuthology.orchestra.run.smithi134.stdout:/usr/bin/ceph: stderr
2024-03-22T07:19:54.341+0000 7faf8d9fd700 1 -- 172.21.15.134:0/906883096 --> [v2:172.21.15.134:6800/55103982,v1:172.21.15.134:6801/55103982] -- mgr_command(tid 0: {"prefix": "orch apply", "service_type": "crash", "target": ["mon-mgr", ""]}) v1 -- 0x7faf88077d00 con 0x7faf74036790
2024-03-22T07:19:54.919 INFO:teuthology.orchestra.run.smithi134.stdout:/usr/bin/ceph: stderr
2024-03-22T07:19:54.345+0000 7faf7ffff700 1 -- 172.21.15.134:0/906883096 <== mgr.14120 v2:172.21.15.134:6800/55103982 1 ==== mgr_command_reply(tid 0: 0 ) v1 ==== 8+0+26 (secure 0 0 0) 0x7faf88077d00 con 0x7faf74036790
2024-03-22T07:19:54.919 INFO:teuthology.orchestra.run.smithi134.stdout:/usr/bin/ceph: stderr
2024-03-22T07:19:54.347+0000 7faf8d9fd700 1 -- 172.21.15.134:0/906883096 >> [v2:172.21.15.134:6800/55103982,v1:172.21.15.134:6801/55103982] conn(0x7faf74036790 msgr2=0x7faf74038c40 secure :-1 s=STATE_CONNECTION_ESTABLISHED l=1).mark_down
2024-03-22T07:19:54.919 INFO:teuthology.orchestra.run.smithi134.stdout:/usr/bin/ceph: stderr
2024-03-22T07:19:54.347+0000 7faf8d9fd700 1 --2- 172.21.15.134:0/906883096 >> [v2:172.21.15.134:6800/55103982,v1:172.21.15.134:6801/55103982] conn(0x7faf74036790 0x7faf74038c40 secure :-1 s=READY pgs=14 cs=0 l=1 rev1=1 crypto rx=0x7faf70009990 tx=0x7faf70006e40 comp rx=0 tx=0).stop
2024-03-22T07:19:54.919 INFO:teuthology.orchestra.run.smithi134.stdout:/usr/bin/ceph: stderr
2024-03-22T07:19:54.348+0000 7faf8d9fd700 1 -- 172.21.15.134:0/906883096 >> [v2:172.21.15.134:3300/0,v1:172.21.15.134:6789/0] conn(0x7faf88102730 msgr2=0x7faf88078bd0 secure :-1 s=STATE_CONNECTION_ESTABLISHED l=1).mark_down
2024-03-22T07:19:54.919 INFO:teuthology.orchestra.run.smithi134.stdout:/usr/bin/ceph: stderr
2024-03-22T07:19:54.348+0000 7faf8d9fd700 1 --2- 172.21.15.134:0/906883096 >> [v2:172.21.15.134:3300/0,v1:172.21.15.134:6789/0] conn(0x7faf88102730 0x7faf88078bd0 secure :-1 s=READY pgs=52 cs=0 l=1 rev1=1 crypto rx=0x7faf780094c0 tx=0x7faf78009250 comp rx=0 tx=0).stop
2024-03-22T07:19:54.919 INFO:teuthology.orchestra.run.smithi134.stdout:/usr/bin/ceph: stderr
2024-03-22T07:19:54.348+0000 7faf8d9fd700 1 -- 172.21.15.134:0/906883096 shutdown_connections
2024-03-22T07:19:54.919 INFO:teuthology.orchestra.run.smithi134.stdout:/usr/bin/ceph: stderr
2024-03-22T07:19:54.348+0000 7faf8d9fd700 1 --2- 172.21.15.134:0/906883096 >> [v2:172.21.15.134:6800/55103982,v1:172.21.15.134:6801/55103982] conn(0x7faf74036790 0x7faf74038c40 unknown :-1 s=CLOSED pgs=14 cs=0 l=1 rev1=1 crypto rx=0 tx=0 comp rx=0 tx=0).stop
2024-03-22T07:19:54.919 INFO:teuthology.orchestra.run.smithi134.stdout:/usr/bin/ceph: stderr
2024-03-22T07:19:54.348+0000 7faf8d9fd700 1 --2- 172.21.15.134:0/906883096 >> [v2:172.21.15.134:3300/0,v1:172.21.15.134:6789/0] conn(0x7faf88102730 0x7faf88078bd0 unknown :-1 s=CLOSED pgs=52 cs=0 l=1 rev1=1 crypto rx=0 tx=0 comp rx=0 tx=0).stop
2024-03-22T07:19:54.920 INFO:teuthology.orchestra.run.smithi134.stdout:/usr/bin/ceph: stderr
2024-03-22T07:19:54.348+0000 7faf8d9fd700 1 -- 172.21.15.134:0/906883096 >> 172.21.15.134:0/906883096 conn(0x7faf880fdf10 msgr2=0x7faf880feb00 unknown :-1 s=STATE_NONE l=0).mark_down
2024-03-22T07:19:54.920 INFO:teuthology.orchestra.run.smithi134.stdout:/usr/bin/ceph: stderr
2024-03-22T07:19:54.348+0000 7faf8d9fd700 1 -- 172.21.15.134:0/906883096 shutdown_connections
2024-03-22T07:19:54.920 INFO:teuthology.orchestra.run.smithi134.stdout:/usr/bin/ceph: stderr
2024-03-22T07:19:54.348+0000 7faf8d9fd700 1 -- 172.21.15.134:0/906883096 wait complete.
2024-03-22T07:19:54.920 INFO:teuthology.orchestra.run.smithi134.stdout:Deploying prometheus service with default placement...
2024-03-22T07:19:55.862 INFO:journalctl@ceph.mon.smithi134.smithi134.stdout:Mar 22 07:19:55 smithi134 ceph-mon[29057]: from='client.14146 -' entity='client.admin' cmd=[{"prefix": "orch apply", "service_type": "crash", "target": ["mon-mgr", ""]}]: dispatch
2024-03-22T07:19:55.863 INFO:journalctl@ceph.mon.smithi134.smithi134.stdout:Mar 22 07:19:55 smithi134 ceph-mon[29057]: Saving service crash spec with placement *
2024-03-22T07:19:55.863 INFO:journalctl@ceph.mon.smithi134.smithi134.stdout:Mar 22 07:19:55 smithi134 ceph-mon[29057]: from='mgr.14120 172.21.15.134:0/1762113101' entity='mgr.smithi134.wtwqre'
2024-03-22T07:19:56.776 INFO:teuthology.orchestra.run.smithi134.stdout:/usr/bin/ceph: stdout Scheduled prometheus update...
2024-03-22T07:19:56.776 INFO:teuthology.orchestra.run.smithi134.stdout:/usr/bin/ceph: stderr
2024-03-22T07:19:55.306+0000 7f221c5f6700 1 Processor -- start
2024-03-22T07:19:56.777 INFO:teuthology.orchestra.run.smithi134.stdout:/usr/bin/ceph: stderr
2024-03-22T07:19:55.306+0000 7f221c5f6700 1 -- start start
2024-03-22T07:19:56.777 INFO:teuthology.orchestra.run.smithi134.stdout:/usr/bin/ceph: stderr
2024-03-22T07:19:55.306+0000 7f221c5f6700 1 --2- >> [v2:172.21.15.134:3300/0,v1:172.21.15.134:6789/0] conn(0x7f22141026b0 0x7f2214102ac0 unknown :-1 s=NONE pgs=0 cs=0 l=0 rev1=0 crypto rx=0 tx=0 comp rx=0 tx=0).connect
2024-03-22T07:19:56.777 INFO:teuthology.orchestra.run.smithi134.stdout:/usr/bin/ceph: stderr
2024-03-22T07:19:55.306+0000 7f221c5f6700 1 -- --> [v2:172.21.15.134:3300/0,v1:172.21.15.134:6789/0] -- mon_getmap magic: 0 v1 -- 0x7f2214103000 con 0x7f22141026b0
2024-03-22T07:19:56.777 INFO:teuthology.orchestra.run.smithi134.stdout:/usr/bin/ceph: stderr
2024-03-22T07:19:55.307+0000 7f221a392700 1 --2- >> [v2:172.21.15.134:3300/0,v1:172.21.15.134:6789/0] conn(0x7f22141026b0 0x7f2214102ac0 unknown :-1 s=BANNER_CONNECTING pgs=0 cs=0 l=0 rev1=0 crypto rx=0 tx=0 comp rx=0 tx=0)._handle_peer_banner_payload supported=3 required=0
2024-03-22T07:19:56.777 INFO:teuthology.orchestra.run.smithi134.stdout:/usr/bin/ceph: stderr
2024-03-22T07:19:55.307+0000 7f221a392700 1 --2- >> [v2:172.21.15.134:3300/0,v1:172.21.15.134:6789/0] conn(0x7f22141026b0 0x7f2214102ac0 unknown :-1 s=HELLO_CONNECTING pgs=0 cs=0 l=0 rev1=1 crypto rx=0 tx=0 comp rx=0 tx=0).handle_hello peer v2:172.21.15.134:3300/0 says I am v2:172.21.15.134:52130/0 (socket says 172.21.15.134:52130)
2024-03-22T07:19:56.777 INFO:teuthology.orchestra.run.smithi134.stdout:/usr/bin/ceph: stderr
2024-03-22T07:19:55.307+0000 7f221a392700 1 -- 172.21.15.134:0/2812527272 learned_addr learned my addr 172.21.15.134:0/2812527272 (peer_addr_for_me v2:172.21.15.134:0/0)
2024-03-22T07:19:56.777 INFO:teuthology.orchestra.run.smithi134.stdout:/usr/bin/ceph: stderr
2024-03-22T07:19:55.307+0000 7f221a392700 1 -- 172.21.15.134:0/2812527272 --> [v2:172.21.15.134:3300/0,v1:172.21.15.134:6789/0] -- mon_subscribe({config=0+,monmap=0+}) v3 -- 0x7f2214103140 con 0x7f22141026b0
2024-03-22T07:19:56.777 INFO:teuthology.orchestra.run.smithi134.stdout:/usr/bin/ceph: stderr
2024-03-22T07:19:55.307+0000 7f221a392700 1 --2- 172.21.15.134:0/2812527272 >> [v2:172.21.15.134:3300/0,v1:172.21.15.134:6789/0] conn(0x7f22141026b0 0x7f2214102ac0 secure :-1 s=READY pgs=53 cs=0 l=1 rev1=1 crypto rx=0x7f22040098e0 tx=0x7f2204009250 comp rx=0 tx=0).ready entity=mon.0 client_cookie=14c2e12039890bd8 server_cookie=0 in_seq=0 out_seq=0
2024-03-22T07:19:56.777 INFO:teuthology.orchestra.run.smithi134.stdout:/usr/bin/ceph: stderr
2024-03-22T07:19:55.307+0000 7f2219390700 1 -- 172.21.15.134:0/2812527272 <== mon.0 v2:172.21.15.134:3300/0 1 ==== mon_map magic: 0 v1 ==== 229+0+0 (secure 0 0 0) 0x7f220400b860 con 0x7f22141026b0
2024-03-22T07:19:56.777 INFO:teuthology.orchestra.run.smithi134.stdout:/usr/bin/ceph: stderr
2024-03-22T07:19:55.307+0000 7f2219390700 1 -- 172.21.15.134:0/2812527272 <== mon.0 v2:172.21.15.134:3300/0 2 ==== config(27 keys) v1 ==== 1109+0+0 (secure 0 0 0) 0x7f220400be90 con 0x7f22141026b0
2024-03-22T07:19:56.777 INFO:teuthology.orchestra.run.smithi134.stdout:/usr/bin/ceph: stderr
2024-03-22T07:19:55.307+0000 7f2219390700 1 -- 172.21.15.134:0/2812527272 <== mon.0 v2:172.21.15.134:3300/0 3 ==== mon_map magic: 0 v1 ==== 229+0+0 (secure 0 0 0) 0x7f22040103c0 con 0x7f22141026b0
2024-03-22T07:19:56.777 INFO:teuthology.orchestra.run.smithi134.stdout:/usr/bin/ceph: stderr
2024-03-22T07:19:55.308+0000 7f221c5f6700 1 -- 172.21.15.134:0/2812527272 >> [v2:172.21.15.134:3300/0,v1:172.21.15.134:6789/0] conn(0x7f22141026b0 msgr2=0x7f2214102ac0 secure :-1 s=STATE_CONNECTION_ESTABLISHED l=1).mark_down
2024-03-22T07:19:56.777 INFO:teuthology.orchestra.run.smithi134.stdout:/usr/bin/ceph: stderr
2024-03-22T07:19:55.308+0000 7f221c5f6700 1 --2- 172.21.15.134:0/2812527272 >> [v2:172.21.15.134:3300/0,v1:172.21.15.134:6789/0] conn(0x7f22141026b0 0x7f2214102ac0 secure :-1 s=READY pgs=53 cs=0 l=1 rev1=1 crypto rx=0x7f22040098e0 tx=0x7f2204009250 comp rx=0 tx=0).stop
2024-03-22T07:19:56.777 INFO:teuthology.orchestra.run.smithi134.stdout:/usr/bin/ceph: stderr
2024-03-22T07:19:55.308+0000 7f221c5f6700 1 -- 172.21.15.134:0/2812527272 shutdown_connections
2024-03-22T07:19:56.778 INFO:teuthology.orchestra.run.smithi134.stdout:/usr/bin/ceph: stderr
2024-03-22T07:19:55.308+0000 7f221c5f6700 1 --2- 172.21.15.134:0/2812527272 >> [v2:172.21.15.134:3300/0,v1:172.21.15.134:6789/0] conn(0x7f22141026b0 0x7f2214102ac0 unknown :-1 s=CLOSED pgs=53 cs=0 l=1 rev1=1 crypto rx=0 tx=0 comp rx=0 tx=0).stop
2024-03-22T07:19:56.778 INFO:teuthology.orchestra.run.smithi134.stdout:/usr/bin/ceph: stderr
2024-03-22T07:19:55.308+0000 7f221c5f6700 1 -- 172.21.15.134:0/2812527272 >> 172.21.15.134:0/2812527272 conn(0x7f22140fde70 msgr2=0x7f2214100280 unknown :-1 s=STATE_NONE l=0).mark_down
2024-03-22T07:19:56.778 INFO:teuthology.orchestra.run.smithi134.stdout:/usr/bin/ceph: stderr
2024-03-22T07:19:55.308+0000 7f221c5f6700 1 -- 172.21.15.134:0/2812527272 shutdown_connections
2024-03-22T07:19:56.778 INFO:teuthology.orchestra.run.smithi134.stdout:/usr/bin/ceph: stderr
2024-03-22T07:19:55.308+0000 7f221c5f6700 1 -- 172.21.15.134:0/2812527272 wait complete.
2024-03-22T07:19:56.778 INFO:teuthology.orchestra.run.smithi134.stdout:/usr/bin/ceph: stderr
2024-03-22T07:19:55.308+0000 7f221c5f6700 1 Processor -- start
2024-03-22T07:19:56.778 INFO:teuthology.orchestra.run.smithi134.stdout:/usr/bin/ceph: stderr
2024-03-22T07:19:55.308+0000 7f221c5f6700 1 -- start start
2024-03-22T07:19:56.778 INFO:teuthology.orchestra.run.smithi134.stdout:/usr/bin/ceph: stderr
2024-03-22T07:19:55.309+0000 7f221c5f6700 1 --2- >> [v2:172.21.15.134:3300/0,v1:172.21.15.134:6789/0] conn(0x7f22141026b0 0x7f2214111590 unknown :-1 s=NONE pgs=0 cs=0 l=1 rev1=0 crypto rx=0 tx=0 comp rx=0 tx=0).connect
2024-03-22T07:19:56.778 INFO:teuthology.orchestra.run.smithi134.stdout:/usr/bin/ceph: stderr
2024-03-22T07:19:55.309+0000 7f221c5f6700 1 -- --> [v2:172.21.15.134:3300/0,v1:172.21.15.134:6789/0] -- mon_getmap magic: 0 v1 -- 0x7f2214111ad0 con 0x7f22141026b0
2024-03-22T07:19:56.778 INFO:teuthology.orchestra.run.smithi134.stdout:/usr/bin/ceph: stderr
2024-03-22T07:19:55.309+0000 7f221a392700 1 --2- >> [v2:172.21.15.134:3300/0,v1:172.21.15.134:6789/0] conn(0x7f22141026b0 0x7f2214111590 unknown :-1 s=BANNER_CONNECTING pgs=0 cs=0 l=1 rev1=0 crypto rx=0 tx=0 comp rx=0 tx=0)._handle_peer_banner_payload supported=3 required=0
2024-03-22T07:19:56.779 INFO:teuthology.orchestra.run.smithi134.stdout:/usr/bin/ceph: stderr
2024-03-22T07:19:55.309+0000 7f221a392700 1 --2- >> [v2:172.21.15.134:3300/0,v1:172.21.15.134:6789/0] conn(0x7f22141026b0 0x7f2214111590 unknown :-1 s=HELLO_CONNECTING pgs=0 cs=0 l=1 rev1=1 crypto rx=0 tx=0 comp rx=0 tx=0).handle_hello peer v2:172.21.15.134:3300/0 says I am v2:172.21.15.134:52144/0 (socket says 172.21.15.134:52144)
2024-03-22T07:19:56.779 INFO:teuthology.orchestra.run.smithi134.stdout:/usr/bin/ceph: stderr
2024-03-22T07:19:55.309+0000 7f221a392700 1 -- 172.21.15.134:0/2687625030 learned_addr learned my addr 172.21.15.134:0/2687625030 (peer_addr_for_me v2:172.21.15.134:0/0)
2024-03-22T07:19:56.779 INFO:teuthology.orchestra.run.smithi134.stdout:/usr/bin/ceph: stderr
2024-03-22T07:19:55.309+0000 7f221a392700 1 -- 172.21.15.134:0/2687625030 --> [v2:172.21.15.134:3300/0,v1:172.21.15.134:6789/0] -- mon_subscribe({config=0+,monmap=0+}) v3 -- 0x7f22040094f0 con 0x7f22141026b0
2024-03-22T07:19:56.779 INFO:teuthology.orchestra.run.smithi134.stdout:/usr/bin/ceph: stderr
2024-03-22T07:19:55.309+0000 7f221a392700 1 --2- 172.21.15.134:0/2687625030 >> [v2:172.21.15.134:3300/0,v1:172.21.15.134:6789/0] conn(0x7f22141026b0 0x7f2214111590 secure :-1 s=READY pgs=54 cs=0 l=1 rev1=1 crypto rx=0x7f22040090b0 tx=0x7f2204009250 comp rx=0 tx=0).ready entity=mon.0 client_cookie=0 server_cookie=0 in_seq=0 out_seq=0
2024-03-22T07:19:56.779 INFO:teuthology.orchestra.run.smithi134.stdout:/usr/bin/ceph: stderr
2024-03-22T07:19:55.309+0000 7f220affd700 1 -- 172.21.15.134:0/2687625030 <== mon.0 v2:172.21.15.134:3300/0 1 ==== mon_map magic: 0 v1 ==== 229+0+0 (secure 0 0 0) 0x7f2204010840 con 0x7f22141026b0
2024-03-22T07:19:56.779 INFO:teuthology.orchestra.run.smithi134.stdout:/usr/bin/ceph: stderr
2024-03-22T07:19:55.309+0000 7f220affd700 1 -- 172.21.15.134:0/2687625030 <== mon.0 v2:172.21.15.134:3300/0 2 ==== config(27 keys) v1 ==== 1109+0+0 (secure 0 0 0) 0x7f2204010e70 con 0x7f22141026b0
2024-03-22T07:19:56.779 INFO:teuthology.orchestra.run.smithi134.stdout:/usr/bin/ceph: stderr
2024-03-22T07:19:55.309+0000 7f221c5f6700 1 -- 172.21.15.134:0/2687625030 --> [v2:172.21.15.134:3300/0,v1:172.21.15.134:6789/0] -- mon_subscribe({mgrmap=0+}) v3 -- 0x7f2214111cd0 con 0x7f22141026b0
2024-03-22T07:19:56.779 INFO:teuthology.orchestra.run.smithi134.stdout:/usr/bin/ceph: stderr
2024-03-22T07:19:55.309+0000 7f220affd700 1 -- 172.21.15.134:0/2687625030 <== mon.0 v2:172.21.15.134:3300/0 3 ==== mon_map magic: 0 v1 ==== 229+0+0 (secure 0 0 0) 0x7f2204024e40 con 0x7f22141026b0
2024-03-22T07:19:56.779 INFO:teuthology.orchestra.run.smithi134.stdout:/usr/bin/ceph: stderr
2024-03-22T07:19:55.309+0000 7f221c5f6700 1 -- 172.21.15.134:0/2687625030 --> [v2:172.21.15.134:3300/0,v1:172.21.15.134:6789/0] -- mon_subscribe({osdmap=0}) v3 -- 0x7f2214112840 con 0x7f22141026b0
2024-03-22T07:19:56.779 INFO:teuthology.orchestra.run.smithi134.stdout:/usr/bin/ceph: stderr
2024-03-22T07:19:55.310+0000 7f220affd700 1 -- 172.21.15.134:0/2687625030 <== mon.0 v2:172.21.15.134:3300/0 4 ==== mgrmap(e 8) v1 ==== 43368+0+0 (secure 0 0 0) 0x7f220401a510 con 0x7f22141026b0
2024-03-22T07:19:56.779 INFO:teuthology.orchestra.run.smithi134.stdout:/usr/bin/ceph: stderr
2024-03-22T07:19:55.310+0000 7f221c5f6700 1 -- 172.21.15.134:0/2687625030 --> [v2:172.21.15.134:3300/0,v1:172.21.15.134:6789/0] -- mon_command({"prefix": "get_command_descriptions"} v 0) v1 -- 0x7f221405f5f0 con 0x7f22141026b0
2024-03-22T07:19:56.779 INFO:teuthology.orchestra.run.smithi134.stdout:/usr/bin/ceph: stderr
2024-03-22T07:19:55.310+0000 7f220affd700 1 --2- 172.21.15.134:0/2687625030 >> [v2:172.21.15.134:6800/55103982,v1:172.21.15.134:6801/55103982] conn(0x7f2200036740 0x7f2200038bf0 unknown :-1 s=NONE pgs=0 cs=0 l=1 rev1=0 crypto rx=0 tx=0 comp rx=0 tx=0).connect
2024-03-22T07:19:56.779 INFO:teuthology.orchestra.run.smithi134.stdout:/usr/bin/ceph: stderr
2024-03-22T07:19:55.310+0000 7f220affd700 1 -- 172.21.15.134:0/2687625030 <== mon.0 v2:172.21.15.134:3300/0 5 ==== osd_map(2..2 src has 1..2) v4 ==== 936+0+0 (secure 0 0 0) 0x7f220404a8e0 con 0x7f22141026b0
2024-03-22T07:19:56.779 INFO:teuthology.orchestra.run.smithi134.stdout:/usr/bin/ceph: stderr
2024-03-22T07:19:55.310+0000 7f2219b91700 1 --2- 172.21.15.134:0/2687625030 >> [v2:172.21.15.134:6800/55103982,v1:172.21.15.134:6801/55103982] conn(0x7f2200036740 0x7f2200038bf0 unknown :-1 s=BANNER_CONNECTING pgs=0 cs=0 l=1 rev1=0 crypto rx=0 tx=0 comp rx=0 tx=0)._handle_peer_banner_payload supported=3 required=0
2024-03-22T07:19:56.780 INFO:teuthology.orchestra.run.smithi134.stdout:/usr/bin/ceph: stderr
2024-03-22T07:19:55.311+0000 7f2219b91700 1 --2- 172.21.15.134:0/2687625030 >> [v2:172.21.15.134:6800/55103982,v1:172.21.15.134:6801/55103982] conn(0x7f2200036740 0x7f2200038bf0 secure :-1 s=READY pgs=15 cs=0 l=1 rev1=1 crypto rx=0x7f2210009990 tx=0x7f2210006e40 comp rx=0 tx=0).ready entity=mgr.14120 client_cookie=0 server_cookie=0 in_seq=0 out_seq=0
2024-03-22T07:19:56.780 INFO:teuthology.orchestra.run.smithi134.stdout:/usr/bin/ceph: stderr
2024-03-22T07:19:55.315+0000 7f220affd700 1 -- 172.21.15.134:0/2687625030 <== mon.0 v2:172.21.15.134:3300/0 6 ==== mon_command_ack([{"prefix": "get_command_descriptions"}]=0 v0) v1 ==== 72+0+176504 (secure 0 0 0) 0x7f2204018940 con 0x7f22141026b0
2024-03-22T07:19:56.780 INFO:teuthology.orchestra.run.smithi134.stdout:/usr/bin/ceph: stderr
2024-03-22T07:19:55.550+0000 7f221c5f6700 1 -- 172.21.15.134:0/2687625030 --> [v2:172.21.15.134:6800/55103982,v1:172.21.15.134:6801/55103982] -- mgr_command(tid 0: {"prefix": "orch apply", "service_type": "prometheus", "target": ["mon-mgr", ""]}) v1 -- 0x7f22140ff100 con 0x7f2200036740
2024-03-22T07:19:56.780 INFO:teuthology.orchestra.run.smithi134.stdout:/usr/bin/ceph: stderr
