2024-03-24T11:10:54.129 INFO:teuthology.orchestra.run.smithi100.stdout:/usr/bin/ceph: stderr
2024-03-24T11:10:53.558+0000 7f0be8e71700 1 -- 172.21.15.100:0/4079822688 wait complete.
2024-03-24T11:10:54.133 INFO:teuthology.orchestra.run.smithi100.stdout:Non-zero exit code 1 from systemctl is-enabled firewalld.service
2024-03-24T11:10:54.133 INFO:teuthology.orchestra.run.smithi100.stdout:systemctl: stdout disabled
2024-03-24T11:10:54.140 INFO:teuthology.orchestra.run.smithi100.stdout:Non-zero exit code 3 from systemctl is-active firewalld.service
2024-03-24T11:10:54.140 INFO:teuthology.orchestra.run.smithi100.stdout:systemctl: stdout inactive
2024-03-24T11:10:54.140 INFO:teuthology.orchestra.run.smithi100.stdout:firewalld.service is not enabled
2024-03-24T11:10:54.140 INFO:teuthology.orchestra.run.smithi100.stdout:Not possible to open ports <[8443]>. firewalld.service is not available
2024-03-24T11:10:54.142 INFO:teuthology.orchestra.run.smithi100.stdout:Ceph Dashboard is now available at:
2024-03-24T11:10:54.142 INFO:teuthology.orchestra.run.smithi100.stdout:
2024-03-24T11:10:54.142 INFO:teuthology.orchestra.run.smithi100.stdout: URL: https://smithi100.front.sepia.ceph.com:8443/
2024-03-24T11:10:54.142 INFO:teuthology.orchestra.run.smithi100.stdout: User: admin
2024-03-24T11:10:54.143 INFO:teuthology.orchestra.run.smithi100.stdout: Password: hu948fpl21
2024-03-24T11:10:54.143 INFO:teuthology.orchestra.run.smithi100.stdout:
2024-03-24T11:10:54.143 INFO:teuthology.orchestra.run.smithi100.stdout:Saving cluster configuration to /var/lib/ceph/e2f9ef6c-e9ce-11ee-95cd-87774f69a715/config directory
2024-03-24T11:10:54.143 INFO:teuthology.orchestra.run.smithi100.stdout:Enabling autotune for osd_memory_target
2024-03-24T11:10:55.334 INFO:teuthology.orchestra.run.smithi100.stdout:/usr/bin/ceph: stderr
2024-03-24T11:10:54.580+0000 7fd263aa4700 1 Processor -- start
2024-03-24T11:10:55.334 INFO:teuthology.orchestra.run.smithi100.stdout:/usr/bin/ceph: stderr
2024-03-24T11:10:54.580+0000 7fd263aa4700 1 -- start start
2024-03-24T11:10:55.335 INFO:teuthology.orchestra.run.smithi100.stdout:/usr/bin/ceph: stderr
2024-03-24T11:10:54.580+0000 7fd263aa4700 1 --2- >> [v2:172.21.15.100:3300/0,v1:172.21.15.100:6789/0] conn(0x7fd25c1026b0 0x7fd25c102ac0 unknown :-1 s=NONE pgs=0 cs=0 l=0 rev1=0 crypto rx=0 tx=0 comp rx=0 tx=0).connect
2024-03-24T11:10:55.335 INFO:teuthology.orchestra.run.smithi100.stdout:/usr/bin/ceph: stderr
2024-03-24T11:10:54.580+0000 7fd263aa4700 1 -- --> [v2:172.21.15.100:3300/0,v1:172.21.15.100:6789/0] -- mon_getmap magic: 0 v1 -- 0x7fd25c103000 con 0x7fd25c1026b0
2024-03-24T11:10:55.335 INFO:teuthology.orchestra.run.smithi100.stdout:/usr/bin/ceph: stderr
2024-03-24T11:10:54.580+0000 7fd261840700 1 --2- >> [v2:172.21.15.100:3300/0,v1:172.21.15.100:6789/0] conn(0x7fd25c1026b0 0x7fd25c102ac0 unknown :-1 s=BANNER_CONNECTING pgs=0 cs=0 l=0 rev1=0 crypto rx=0 tx=0 comp rx=0 tx=0)._handle_peer_banner_payload supported=3 required=0
2024-03-24T11:10:55.335 INFO:teuthology.orchestra.run.smithi100.stdout:/usr/bin/ceph: stderr
2024-03-24T11:10:54.581+0000 7fd261840700 1 --2- >> [v2:172.21.15.100:3300/0,v1:172.21.15.100:6789/0] conn(0x7fd25c1026b0 0x7fd25c102ac0 unknown :-1 s=HELLO_CONNECTING pgs=0 cs=0 l=0 rev1=1 crypto rx=0 tx=0 comp rx=0 tx=0).handle_hello peer v2:172.21.15.100:3300/0 says I am v2:172.21.15.100:53942/0 (socket says 172.21.15.100:53942)
2024-03-24T11:10:55.335 INFO:teuthology.orchestra.run.smithi100.stdout:/usr/bin/ceph: stderr
2024-03-24T11:10:54.581+0000 7fd261840700 1 -- 172.21.15.100:0/2589366352 learned_addr learned my addr 172.21.15.100:0/2589366352 (peer_addr_for_me v2:172.21.15.100:0/0)
2024-03-24T11:10:55.335 INFO:teuthology.orchestra.run.smithi100.stdout:/usr/bin/ceph: stderr
2024-03-24T11:10:54.581+0000 7fd261840700 1 -- 172.21.15.100:0/2589366352 --> [v2:172.21.15.100:3300/0,v1:172.21.15.100:6789/0] -- mon_subscribe({config=0+,monmap=0+}) v3 -- 0x7fd25c103140 con 0x7fd25c1026b0
2024-03-24T11:10:55.335 INFO:teuthology.orchestra.run.smithi100.stdout:/usr/bin/ceph: stderr
2024-03-24T11:10:54.581+0000 7fd261840700 1 --2- 172.21.15.100:0/2589366352 >> [v2:172.21.15.100:3300/0,v1:172.21.15.100:6789/0] conn(0x7fd25c1026b0 0x7fd25c102ac0 secure :-1 s=READY pgs=86 cs=0 l=1 rev1=1 crypto rx=0x7fd254009e50 tx=0x7fd254009840 comp rx=0 tx=0).ready entity=mon.0 client_cookie=d51fcd92e1671098 server_cookie=0 in_seq=0 out_seq=0
2024-03-24T11:10:55.335 INFO:teuthology.orchestra.run.smithi100.stdout:/usr/bin/ceph: stderr
2024-03-24T11:10:54.581+0000 7fd26083e700 1 -- 172.21.15.100:0/2589366352 <== mon.0 v2:172.21.15.100:3300/0 1 ==== mon_map magic: 0 v1 ==== 229+0+0 (secure 0 0 0) 0x7fd2540092e0 con 0x7fd25c1026b0
2024-03-24T11:10:55.335 INFO:teuthology.orchestra.run.smithi100.stdout:/usr/bin/ceph: stderr
2024-03-24T11:10:54.581+0000 7fd26083e700 1 -- 172.21.15.100:0/2589366352 <== mon.0 v2:172.21.15.100:3300/0 2 ==== config(27 keys) v1 ==== 1109+0+0 (secure 0 0 0) 0x7fd254012430 con 0x7fd25c1026b0
2024-03-24T11:10:55.335 INFO:teuthology.orchestra.run.smithi100.stdout:/usr/bin/ceph: stderr
2024-03-24T11:10:54.581+0000 7fd26083e700 1 -- 172.21.15.100:0/2589366352 <== mon.0 v2:172.21.15.100:3300/0 3 ==== mon_map magic: 0 v1 ==== 229+0+0 (secure 0 0 0) 0x7fd2540075a0 con 0x7fd25c1026b0
2024-03-24T11:10:55.335 INFO:teuthology.orchestra.run.smithi100.stdout:/usr/bin/ceph: stderr
2024-03-24T11:10:54.582+0000 7fd263aa4700 1 -- 172.21.15.100:0/2589366352 >> [v2:172.21.15.100:3300/0,v1:172.21.15.100:6789/0] conn(0x7fd25c1026b0 msgr2=0x7fd25c102ac0 secure :-1 s=STATE_CONNECTION_ESTABLISHED l=1).mark_down
2024-03-24T11:10:55.335 INFO:teuthology.orchestra.run.smithi100.stdout:/usr/bin/ceph: stderr
2024-03-24T11:10:54.582+0000 7fd263aa4700 1 --2- 172.21.15.100:0/2589366352 >> [v2:172.21.15.100:3300/0,v1:172.21.15.100:6789/0] conn(0x7fd25c1026b0 0x7fd25c102ac0 secure :-1 s=READY pgs=86 cs=0 l=1 rev1=1 crypto rx=0x7fd254009e50 tx=0x7fd254009840 comp rx=0 tx=0).stop
2024-03-24T11:10:55.335 INFO:teuthology.orchestra.run.smithi100.stdout:/usr/bin/ceph: stderr
2024-03-24T11:10:54.582+0000 7fd263aa4700 1 -- 172.21.15.100:0/2589366352 shutdown_connections
2024-03-24T11:10:55.336 INFO:teuthology.orchestra.run.smithi100.stdout:/usr/bin/ceph: stderr
2024-03-24T11:10:54.582+0000 7fd263aa4700 1 --2- 172.21.15.100:0/2589366352 >> [v2:172.21.15.100:3300/0,v1:172.21.15.100:6789/0] conn(0x7fd25c1026b0 0x7fd25c102ac0 unknown :-1 s=CLOSED pgs=86 cs=0 l=1 rev1=1 crypto rx=0 tx=0 comp rx=0 tx=0).stop
2024-03-24T11:10:55.336 INFO:teuthology.orchestra.run.smithi100.stdout:/usr/bin/ceph: stderr
2024-03-24T11:10:54.582+0000 7fd263aa4700 1 -- 172.21.15.100:0/2589366352 >> 172.21.15.100:0/2589366352 conn(0x7fd25c0fde70 msgr2=0x7fd25c100280 unknown :-1 s=STATE_NONE l=0).mark_down
2024-03-24T11:10:55.336 INFO:teuthology.orchestra.run.smithi100.stdout:/usr/bin/ceph: stderr
2024-03-24T11:10:54.582+0000 7fd263aa4700 1 -- 172.21.15.100:0/2589366352 shutdown_connections
2024-03-24T11:10:55.336 INFO:teuthology.orchestra.run.smithi100.stdout:/usr/bin/ceph: stderr
2024-03-24T11:10:54.582+0000 7fd263aa4700 1 -- 172.21.15.100:0/2589366352 wait complete.
2024-03-24T11:10:55.336 INFO:teuthology.orchestra.run.smithi100.stdout:/usr/bin/ceph: stderr
2024-03-24T11:10:54.582+0000 7fd263aa4700 1 Processor -- start
2024-03-24T11:10:55.336 INFO:teuthology.orchestra.run.smithi100.stdout:/usr/bin/ceph: stderr
2024-03-24T11:10:54.582+0000 7fd263aa4700 1 -- start start
2024-03-24T11:10:55.336 INFO:teuthology.orchestra.run.smithi100.stdout:/usr/bin/ceph: stderr
2024-03-24T11:10:54.582+0000 7fd263aa4700 1 --2- >> [v2:172.21.15.100:3300/0,v1:172.21.15.100:6789/0] conn(0x7fd25c1026b0 0x7fd25c077ac0 unknown :-1 s=NONE pgs=0 cs=0 l=1 rev1=0 crypto rx=0 tx=0 comp rx=0 tx=0).connect
2024-03-24T11:10:55.336 INFO:teuthology.orchestra.run.smithi100.stdout:/usr/bin/ceph: stderr
2024-03-24T11:10:54.583+0000 7fd263aa4700 1 -- --> [v2:172.21.15.100:3300/0,v1:172.21.15.100:6789/0] -- mon_getmap magic: 0 v1 -- 0x7fd25c078000 con 0x7fd25c1026b0
2024-03-24T11:10:55.336 INFO:teuthology.orchestra.run.smithi100.stdout:/usr/bin/ceph: stderr
2024-03-24T11:10:54.583+0000 7fd261840700 1 --2- >> [v2:172.21.15.100:3300/0,v1:172.21.15.100:6789/0] conn(0x7fd25c1026b0 0x7fd25c077ac0 unknown :-1 s=BANNER_CONNECTING pgs=0 cs=0 l=1 rev1=0 crypto rx=0 tx=0 comp rx=0 tx=0)._handle_peer_banner_payload supported=3 required=0
2024-03-24T11:10:55.336 INFO:teuthology.orchestra.run.smithi100.stdout:/usr/bin/ceph: stderr
2024-03-24T11:10:54.583+0000 7fd261840700 1 --2- >> [v2:172.21.15.100:3300/0,v1:172.21.15.100:6789/0] conn(0x7fd25c1026b0 0x7fd25c077ac0 unknown :-1 s=HELLO_CONNECTING pgs=0 cs=0 l=1 rev1=1 crypto rx=0 tx=0 comp rx=0 tx=0).handle_hello peer v2:172.21.15.100:3300/0 says I am v2:172.21.15.100:53950/0 (socket says 172.21.15.100:53950)
2024-03-24T11:10:55.336 INFO:teuthology.orchestra.run.smithi100.stdout:/usr/bin/ceph: stderr
2024-03-24T11:10:54.583+0000 7fd261840700 1 -- 172.21.15.100:0/869225841 learned_addr learned my addr 172.21.15.100:0/869225841 (peer_addr_for_me v2:172.21.15.100:0/0)
2024-03-24T11:10:55.336 INFO:teuthology.orchestra.run.smithi100.stdout:/usr/bin/ceph: stderr
2024-03-24T11:10:54.583+0000 7fd261840700 1 -- 172.21.15.100:0/869225841 --> [v2:172.21.15.100:3300/0,v1:172.21.15.100:6789/0] -- mon_subscribe({config=0+,monmap=0+}) v3 -- 0x7fd254009ae0 con 0x7fd25c1026b0
2024-03-24T11:10:55.337 INFO:teuthology.orchestra.run.smithi100.stdout:/usr/bin/ceph: stderr
2024-03-24T11:10:54.583+0000 7fd261840700 1 --2- 172.21.15.100:0/869225841 >> [v2:172.21.15.100:3300/0,v1:172.21.15.100:6789/0] conn(0x7fd25c1026b0 0x7fd25c077ac0 secure :-1 s=READY pgs=87 cs=0 l=1 rev1=1 crypto rx=0x7fd254009fd0 tx=0x7fd254009840 comp rx=0 tx=0).ready entity=mon.0 client_cookie=0 server_cookie=0 in_seq=0 out_seq=0
2024-03-24T11:10:55.337 INFO:teuthology.orchestra.run.smithi100.stdout:/usr/bin/ceph: stderr
2024-03-24T11:10:54.583+0000 7fd2527fc700 1 -- 172.21.15.100:0/869225841 <== mon.0 v2:172.21.15.100:3300/0 1 ==== mon_map magic: 0 v1 ==== 229+0+0 (secure 0 0 0) 0x7fd2540092e0 con 0x7fd25c1026b0
2024-03-24T11:10:55.337 INFO:teuthology.orchestra.run.smithi100.stdout:/usr/bin/ceph: stderr
2024-03-24T11:10:54.583+0000 7fd2527fc700 1 -- 172.21.15.100:0/869225841 <== mon.0 v2:172.21.15.100:3300/0 2 ==== config(27 keys) v1 ==== 1109+0+0 (secure 0 0 0) 0x7fd254007ce0 con 0x7fd25c1026b0
2024-03-24T11:10:55.337 INFO:teuthology.orchestra.run.smithi100.stdout:/usr/bin/ceph: stderr
2024-03-24T11:10:54.583+0000 7fd263aa4700 1 -- 172.21.15.100:0/869225841 --> [v2:172.21.15.100:3300/0,v1:172.21.15.100:6789/0] -- mon_subscribe({mgrmap=0+}) v3 -- 0x7fd25c076070 con 0x7fd25c1026b0
2024-03-24T11:10:55.337 INFO:teuthology.orchestra.run.smithi100.stdout:/usr/bin/ceph: stderr
2024-03-24T11:10:54.583+0000 7fd2527fc700 1 -- 172.21.15.100:0/869225841 <== mon.0 v2:172.21.15.100:3300/0 3 ==== mon_map magic: 0 v1 ==== 229+0+0 (secure 0 0 0) 0x7fd254025990 con 0x7fd25c1026b0
2024-03-24T11:10:55.337 INFO:teuthology.orchestra.run.smithi100.stdout:/usr/bin/ceph: stderr
2024-03-24T11:10:54.583+0000 7fd263aa4700 1 -- 172.21.15.100:0/869225841 --> [v2:172.21.15.100:3300/0,v1:172.21.15.100:6789/0] -- mon_subscribe({osdmap=0}) v3 -- 0x7fd25c076560 con 0x7fd25c1026b0
2024-03-24T11:10:55.337 INFO:teuthology.orchestra.run.smithi100.stdout:/usr/bin/ceph: stderr
2024-03-24T11:10:54.584+0000 7fd2527fc700 1 -- 172.21.15.100:0/869225841 <== mon.0 v2:172.21.15.100:3300/0 4 ==== mgrmap(e 12) v1 ==== 43381+0+0 (secure 0 0 0) 0x7fd254019050 con 0x7fd25c1026b0
2024-03-24T11:10:55.337 INFO:teuthology.orchestra.run.smithi100.stdout:/usr/bin/ceph: stderr
2024-03-24T11:10:54.584+0000 7fd263aa4700 1 -- 172.21.15.100:0/869225841 --> [v2:172.21.15.100:3300/0,v1:172.21.15.100:6789/0] -- mon_command({"prefix": "get_command_descriptions"} v 0) v1 -- 0x7fd25c04bed0 con 0x7fd25c1026b0
2024-03-24T11:10:55.337 INFO:teuthology.orchestra.run.smithi100.stdout:/usr/bin/ceph: stderr
2024-03-24T11:10:54.584+0000 7fd2527fc700 1 --2- 172.21.15.100:0/869225841 >> [v2:172.21.15.100:6800/1493018813,v1:172.21.15.100:6801/1493018813] conn(0x7fd248036830 0x7fd248038ce0 unknown :-1 s=NONE pgs=0 cs=0 l=1 rev1=0 crypto rx=0 tx=0 comp rx=0 tx=0).connect
2024-03-24T11:10:55.337 INFO:teuthology.orchestra.run.smithi100.stdout:/usr/bin/ceph: stderr
2024-03-24T11:10:54.584+0000 7fd2527fc700 1 -- 172.21.15.100:0/869225841 <== mon.0 v2:172.21.15.100:3300/0 5 ==== osd_map(3..3 src has 1..3) v4 ==== 1151+0+0 (secure 0 0 0) 0x7fd25404a330 con 0x7fd25c1026b0
2024-03-24T11:10:55.337 INFO:teuthology.orchestra.run.smithi100.stdout:/usr/bin/ceph: stderr
2024-03-24T11:10:54.584+0000 7fd26103f700 1 --2- 172.21.15.100:0/869225841 >> [v2:172.21.15.100:6800/1493018813,v1:172.21.15.100:6801/1493018813] conn(0x7fd248036830 0x7fd248038ce0 unknown :-1 s=BANNER_CONNECTING pgs=0 cs=0 l=1 rev1=0 crypto rx=0 tx=0 comp rx=0 tx=0)._handle_peer_banner_payload supported=3 required=0
2024-03-24T11:10:55.337 INFO:teuthology.orchestra.run.smithi100.stdout:/usr/bin/ceph: stderr
2024-03-24T11:10:54.585+0000 7fd26103f700 1 --2- 172.21.15.100:0/869225841 >> [v2:172.21.15.100:6800/1493018813,v1:172.21.15.100:6801/1493018813] conn(0x7fd248036830 0x7fd248038ce0 secure :-1 s=READY pgs=10 cs=0 l=1 rev1=1 crypto rx=0x7fd24c009990 tx=0x7fd24c006e40 comp rx=0 tx=0).ready entity=mgr.14162 client_cookie=0 server_cookie=0 in_seq=0 out_seq=0
2024-03-24T11:10:55.337 INFO:teuthology.orchestra.run.smithi100.stdout:/usr/bin/ceph: stderr
2024-03-24T11:10:54.589+0000 7fd2527fc700 1 -- 172.21.15.100:0/869225841 <== mon.0 v2:172.21.15.100:3300/0 6 ==== mon_command_ack([{"prefix": "get_command_descriptions"}]=0 v0) v1 ==== 72+0+176504 (secure 0 0 0) 0x7fd25402d350 con 0x7fd25c1026b0
2024-03-24T11:10:55.337 INFO:teuthology.orchestra.run.smithi100.stdout:/usr/bin/ceph: stderr
2024-03-24T11:10:54.663+0000 7fd2527fc700 1 -- 172.21.15.100:0/869225841 <== mon.0 v2:172.21.15.100:3300/0 7 ==== mgrmap(e 13) v1 ==== 43425+0+0 (secure 0 0 0) 0x7fd254007a30 con 0x7fd25c1026b0
2024-03-24T11:10:55.338 INFO:teuthology.orchestra.run.smithi100.stdout:/usr/bin/ceph: stderr
2024-03-24T11:10:54.775+0000 7fd263aa4700 1 -- 172.21.15.100:0/869225841 --> [v2:172.21.15.100:3300/0,v1:172.21.15.100:6789/0] -- mon_command([{prefix=config set, name=osd_memory_target_autotune}] v 0) v1 -- 0x7fd25c0769e0 con 0x7fd25c1026b0
2024-03-24T11:10:55.338 INFO:teuthology.orchestra.run.smithi100.stdout:/usr/bin/ceph: stderr
2024-03-24T11:10:54.775+0000 7fd2527fc700 1 -- 172.21.15.100:0/869225841 <== mon.0 v2:172.21.15.100:3300/0 8 ==== mon_command_ack([{prefix=config set, name=osd_memory_target_autotune}]=0 v8)=0 v8) v1 ==== 127+0+0 (secure 0 0 0) 0x7fd254017070 con 0x7fd25c1026b0
2024-03-24T11:10:55.338 INFO:teuthology.orchestra.run.smithi100.stdout:/usr/bin/ceph: stderr
2024-03-24T11:10:54.777+0000 7fd263aa4700 1 -- 172.21.15.100:0/869225841 >> [v2:172.21.15.100:6800/1493018813,v1:172.21.15.100:6801/1493018813] conn(0x7fd248036830 msgr2=0x7fd248038ce0 secure :-1 s=STATE_CONNECTION_ESTABLISHED l=1).mark_down
2024-03-24T11:10:55.338 INFO:teuthology.orchestra.run.smithi100.stdout:/usr/bin/ceph: stderr
2024-03-24T11:10:54.777+0000 7fd263aa4700 1 --2- 172.21.15.100:0/869225841 >> [v2:172.21.15.100:6800/1493018813,v1:172.21.15.100:6801/1493018813] conn(0x7fd248036830 0x7fd248038ce0 secure :-1 s=READY pgs=10 cs=0 l=1 rev1=1 crypto rx=0x7fd24c009990 tx=0x7fd24c006e40 comp rx=0 tx=0).stop
2024-03-24T11:10:55.338 INFO:teuthology.orchestra.run.smithi100.stdout:/usr/bin/ceph: stderr
2024-03-24T11:10:54.777+0000 7fd263aa4700 1 -- 172.21.15.100:0/869225841 >> [v2:172.21.15.100:3300/0,v1:172.21.15.100:6789/0] conn(0x7fd25c1026b0 msgr2=0x7fd25c077ac0 secure :-1 s=STATE_CONNECTION_ESTABLISHED l=1).mark_down
2024-03-24T11:10:55.338 INFO:teuthology.orchestra.run.smithi100.stdout:/usr/bin/ceph: stderr
2024-03-24T11:10:54.777+0000 7fd263aa4700 1 --2- 172.21.15.100:0/869225841 >> [v2:172.21.15.100:3300/0,v1:172.21.15.100:6789/0] conn(0x7fd25c1026b0 0x7fd25c077ac0 secure :-1 s=READY pgs=87 cs=0 l=1 rev1=1 crypto rx=0x7fd254009fd0 tx=0x7fd254009840 comp rx=0 tx=0).stop
2024-03-24T11:10:55.338 INFO:teuthology.orchestra.run.smithi100.stdout:/usr/bin/ceph: stderr
2024-03-24T11:10:54.777+0000 7fd263aa4700 1 -- 172.21.15.100:0/869225841 shutdown_connections
2024-03-24T11:10:55.338 INFO:teuthology.orchestra.run.smithi100.stdout:/usr/bin/ceph: stderr
2024-03-24T11:10:54.777+0000 7fd263aa4700 1 --2- 172.21.15.100:0/869225841 >> [v2:172.21.15.100:6800/1493018813,v1:172.21.15.100:6801/1493018813] conn(0x7fd248036830 0x7fd248038ce0 unknown :-1 s=CLOSED pgs=10 cs=0 l=1 rev1=1 crypto rx=0 tx=0 comp rx=0 tx=0).stop
2024-03-24T11:10:55.338 INFO:teuthology.orchestra.run.smithi100.stdout:/usr/bin/ceph: stderr
2024-03-24T11:10:54.777+0000 7fd263aa4700 1 --2- 172.21.15.100:0/869225841 >> [v2:172.21.15.100:3300/0,v1:172.21.15.100:6789/0] conn(0x7fd25c1026b0 0x7fd25c077ac0 unknown :-1 s=CLOSED pgs=87 cs=0 l=1 rev1=1 crypto rx=0 tx=0 comp rx=0 tx=0).stop
2024-03-24T11:10:55.338 INFO:teuthology.orchestra.run.smithi100.stdout:/usr/bin/ceph: stderr
2024-03-24T11:10:54.777+0000 7fd263aa4700 1 -- 172.21.15.100:0/869225841 >> 172.21.15.100:0/869225841 conn(0x7fd25c0fde70 msgr2=0x7fd25c0fea40 unknown :-1 s=STATE_NONE l=0).mark_down
2024-03-24T11:10:55.338 INFO:teuthology.orchestra.run.smithi100.stdout:/usr/bin/ceph: stderr
2024-03-24T11:10:54.777+0000 7fd263aa4700 1 -- 172.21.15.100:0/869225841 shutdown_connections
2024-03-24T11:10:55.338 INFO:teuthology.orchestra.run.smithi100.stdout:/usr/bin/ceph: stderr
2024-03-24T11:10:54.777+0000 7fd263aa4700 1 -- 172.21.15.100:0/869225841 wait complete.
2024-03-24T11:10:55.892 INFO:journalctl@ceph.mon.smithi100.smithi100.stdout:Mar 24 11:10:55 smithi100 ceph-mon[28941]: mgrmap e13: smithi100.smxgyi(active, since 7s)
2024-03-24T11:10:56.583 INFO:teuthology.orchestra.run.smithi100.stdout:/usr/bin/ceph: stderr
2024-03-24T11:10:55.735+0000 7f6628125700 1 Processor -- start
2024-03-24T11:10:56.583 INFO:teuthology.orchestra.run.smithi100.stdout:/usr/bin/ceph: stderr
2024-03-24T11:10:55.735+0000 7f6628125700 1 -- start start
2024-03-24T11:10:56.583 INFO:teuthology.orchestra.run.smithi100.stdout:/usr/bin/ceph: stderr
2024-03-24T11:10:55.735+0000 7f6628125700 1 --2- >> [v2:172.21.15.100:3300/0,v1:172.21.15.100:6789/0] conn(0x7f6620102770 0x7f6620102b80 unknown :-1 s=NONE pgs=0 cs=0 l=0 rev1=0 crypto rx=0 tx=0 comp rx=0 tx=0).connect
2024-03-24T11:10:56.584 INFO:teuthology.orchestra.run.smithi100.stdout:/usr/bin/ceph: stderr
2024-03-24T11:10:55.735+0000 7f6628125700 1 -- --> [v2:172.21.15.100:3300/0,v1:172.21.15.100:6789/0] -- mon_getmap magic: 0 v1 -- 0x7f66201030c0 con 0x7f6620102770
2024-03-24T11:10:56.584 INFO:teuthology.orchestra.run.smithi100.stdout:/usr/bin/ceph: stderr
2024-03-24T11:10:55.735+0000 7f6625ec1700 1 --2- >> [v2:172.21.15.100:3300/0,v1:172.21.15.100:6789/0] conn(0x7f6620102770 0x7f6620102b80 unknown :-1 s=BANNER_CONNECTING pgs=0 cs=0 l=0 rev1=0 crypto rx=0 tx=0 comp rx=0 tx=0)._handle_peer_banner_payload supported=3 required=0
2024-03-24T11:10:56.584 INFO:teuthology.orchestra.run.smithi100.stdout:/usr/bin/ceph: stderr
2024-03-24T11:10:55.735+0000 7f6625ec1700 1 --2- >> [v2:172.21.15.100:3300/0,v1:172.21.15.100:6789/0] conn(0x7f6620102770 0x7f6620102b80 unknown :-1 s=HELLO_CONNECTING pgs=0 cs=0 l=0 rev1=1 crypto rx=0 tx=0 comp rx=0 tx=0).handle_hello peer v2:172.21.15.100:3300/0 says I am v2:172.21.15.100:53966/0 (socket says 172.21.15.100:53966)
2024-03-24T11:10:56.584 INFO:teuthology.orchestra.run.smithi100.stdout:/usr/bin/ceph: stderr
2024-03-24T11:10:55.735+0000 7f6625ec1700 1 -- 172.21.15.100:0/47611950 learned_addr learned my addr 172.21.15.100:0/47611950 (peer_addr_for_me v2:172.21.15.100:0/0)
2024-03-24T11:10:56.584 INFO:teuthology.orchestra.run.smithi100.stdout:/usr/bin/ceph: stderr
2024-03-24T11:10:55.735+0000 7f6625ec1700 1 -- 172.21.15.100:0/47611950 --> [v2:172.21.15.100:3300/0,v1:172.21.15.100:6789/0] -- mon_subscribe({config=0+,monmap=0+}) v3 -- 0x7f6620103200 con 0x7f6620102770
2024-03-24T11:10:56.584 INFO:teuthology.orchestra.run.smithi100.stdout:/usr/bin/ceph: stderr
2024-03-24T11:10:55.736+0000 7f6625ec1700 1 --2- 172.21.15.100:0/47611950 >> [v2:172.21.15.100:3300/0,v1:172.21.15.100:6789/0] conn(0x7f6620102770 0x7f6620102b80 secure :-1 s=READY pgs=88 cs=0 l=1 rev1=1 crypto rx=0x7f661c0098e0 tx=0x7f661c009250 comp rx=0 tx=0).ready entity=mon.0 client_cookie=f63f5f311c0b65e3 server_cookie=0 in_seq=0 out_seq=0
2024-03-24T11:10:56.584 INFO:teuthology.orchestra.run.smithi100.stdout:/usr/bin/ceph: stderr
2024-03-24T11:10:55.736+0000 7f6624ebf700 1 -- 172.21.15.100:0/47611950 <== mon.0 v2:172.21.15.100:3300/0 1 ==== mon_map magic: 0 v1 ==== 229+0+0 (secure 0 0 0) 0x7f661c00b860 con 0x7f6620102770
2024-03-24T11:10:56.584 INFO:teuthology.orchestra.run.smithi100.stdout:/usr/bin/ceph: stderr
2024-03-24T11:10:55.736+0000 7f6624ebf700 1 -- 172.21.15.100:0/47611950 <== mon.0 v2:172.21.15.100:3300/0 2 ==== config(27 keys) v1 ==== 1109+0+0 (secure 0 0 0) 0x7f661c00be90 con 0x7f6620102770
2024-03-24T11:10:56.584 INFO:teuthology.orchestra.run.smithi100.stdout:/usr/bin/ceph: stderr
2024-03-24T11:10:55.736+0000 7f6624ebf700 1 -- 172.21.15.100:0/47611950 <== mon.0 v2:172.21.15.100:3300/0 3 ==== mon_map magic: 0 v1 ==== 229+0+0 (secure 0 0 0) 0x7f661c0103c0 con 0x7f6620102770
2024-03-24T11:10:56.584 INFO:teuthology.orchestra.run.smithi100.stdout:/usr/bin/ceph: stderr
2024-03-24T11:10:55.736+0000 7f6628125700 1 -- 172.21.15.100:0/47611950 >> [v2:172.21.15.100:3300/0,v1:172.21.15.100:6789/0] conn(0x7f6620102770 msgr2=0x7f6620102b80 secure :-1 s=STATE_CONNECTION_ESTABLISHED l=1).mark_down
2024-03-24T11:10:56.584 INFO:teuthology.orchestra.run.smithi100.stdout:/usr/bin/ceph: stderr
2024-03-24T11:10:55.736+0000 7f6628125700 1 --2- 172.21.15.100:0/47611950 >> [v2:172.21.15.100:3300/0,v1:172.21.15.100:6789/0] conn(0x7f6620102770 0x7f6620102b80 secure :-1 s=READY pgs=88 cs=0 l=1 rev1=1 crypto rx=0x7f661c0098e0 tx=0x7f661c009250 comp rx=0 tx=0).stop
2024-03-24T11:10:56.585 INFO:teuthology.orchestra.run.smithi100.stdout:/usr/bin/ceph: stderr
2024-03-24T11:10:55.736+0000 7f6628125700 1 -- 172.21.15.100:0/47611950 shutdown_connections
2024-03-24T11:10:56.585 INFO:teuthology.orchestra.run.smithi100.stdout:/usr/bin/ceph: stderr
2024-03-24T11:10:55.736+0000 7f6628125700 1 --2- 172.21.15.100:0/47611950 >> [v2:172.21.15.100:3300/0,v1:172.21.15.100:6789/0] conn(0x7f6620102770 0x7f6620102b80 unknown :-1 s=CLOSED pgs=88 cs=0 l=1 rev1=1 crypto rx=0 tx=0 comp rx=0 tx=0).stop
2024-03-24T11:10:56.585 INFO:teuthology.orchestra.run.smithi100.stdout:/usr/bin/ceph: stderr
2024-03-24T11:10:55.736+0000 7f6628125700 1 -- 172.21.15.100:0/47611950 >> 172.21.15.100:0/47611950 conn(0x7f66200fde90 msgr2=0x7f6620100300 unknown :-1 s=STATE_NONE l=0).mark_down
2024-03-24T11:10:56.585 INFO:teuthology.orchestra.run.smithi100.stdout:/usr/bin/ceph: stderr
2024-03-24T11:10:55.736+0000 7f6628125700 1 -- 172.21.15.100:0/47611950 shutdown_connections
2024-03-24T11:10:56.585 INFO:teuthology.orchestra.run.smithi100.stdout:/usr/bin/ceph: stderr
2024-03-24T11:10:55.736+0000 7f6628125700 1 -- 172.21.15.100:0/47611950 wait complete.
2024-03-24T11:10:56.585 INFO:teuthology.orchestra.run.smithi100.stdout:/usr/bin/ceph: stderr
2024-03-24T11:10:55.737+0000 7f6628125700 1 Processor -- start
2024-03-24T11:10:56.585 INFO:teuthology.orchestra.run.smithi100.stdout:/usr/bin/ceph: stderr
2024-03-24T11:10:55.737+0000 7f6628125700 1 -- start start
2024-03-24T11:10:56.585 INFO:teuthology.orchestra.run.smithi100.stdout:/usr/bin/ceph: stderr
2024-03-24T11:10:55.737+0000 7f6628125700 1 --2- >> [v2:172.21.15.100:3300/0,v1:172.21.15.100:6789/0] conn(0x7f6620102770 0x7f66201115d0 unknown :-1 s=NONE pgs=0 cs=0 l=1 rev1=0 crypto rx=0 tx=0 comp rx=0 tx=0).connect
2024-03-24T11:10:56.585 INFO:teuthology.orchestra.run.smithi100.stdout:/usr/bin/ceph: stderr
2024-03-24T11:10:55.737+0000 7f6628125700 1 -- --> [v2:172.21.15.100:3300/0,v1:172.21.15.100:6789/0] -- mon_getmap magic: 0 v1 -- 0x7f6620111b10 con 0x7f6620102770
2024-03-24T11:10:56.585 INFO:teuthology.orchestra.run.smithi100.stdout:/usr/bin/ceph: stderr
2024-03-24T11:10:55.737+0000 7f6625ec1700 1 --2- >> [v2:172.21.15.100:3300/0,v1:172.21.15.100:6789/0] conn(0x7f6620102770 0x7f66201115d0 unknown :-1 s=BANNER_CONNECTING pgs=0 cs=0 l=1 rev1=0 crypto rx=0 tx=0 comp rx=0 tx=0)._handle_peer_banner_payload supported=3 required=0
2024-03-24T11:10:56.585 INFO:teuthology.orchestra.run.smithi100.stdout:/usr/bin/ceph: stderr
2024-03-24T11:10:55.737+0000 7f6625ec1700 1 --2- >> [v2:172.21.15.100:3300/0,v1:172.21.15.100:6789/0] conn(0x7f6620102770 0x7f66201115d0 unknown :-1 s=HELLO_CONNECTING pgs=0 cs=0 l=1 rev1=1 crypto rx=0 tx=0 comp rx=0 tx=0).handle_hello peer v2:172.21.15.100:3300/0 says I am v2:172.21.15.100:53972/0 (socket says 172.21.15.100:53972)
2024-03-24T11:10:56.585 INFO:teuthology.orchestra.run.smithi100.stdout:/usr/bin/ceph: stderr
2024-03-24T11:10:55.737+0000 7f6625ec1700 1 -- 172.21.15.100:0/615150739 learned_addr learned my addr 172.21.15.100:0/615150739 (peer_addr_for_me v2:172.21.15.100:0/0)
2024-03-24T11:10:56.585 INFO:teuthology.orchestra.run.smithi100.stdout:/usr/bin/ceph: stderr
2024-03-24T11:10:55.737+0000 7f6625ec1700 1 -- 172.21.15.100:0/615150739 --> [v2:172.21.15.100:3300/0,v1:172.21.15.100:6789/0] -- mon_subscribe({config=0+,monmap=0+}) v3 -- 0x7f661c0094f0 con 0x7f6620102770
2024-03-24T11:10:56.585 INFO:teuthology.orchestra.run.smithi100.stdout:/usr/bin/ceph: stderr
2024-03-24T11:10:55.737+0000 7f6625ec1700 1 --2- 172.21.15.100:0/615150739 >> [v2:172.21.15.100:3300/0,v1:172.21.15.100:6789/0] conn(0x7f6620102770 0x7f66201115d0 secure :-1 s=READY pgs=89 cs=0 l=1 rev1=1 crypto rx=0x7f661c0090b0 tx=0x7f661c009250 comp rx=0 tx=0).ready entity=mon.0 client_cookie=0 server_cookie=0 in_seq=0 out_seq=0
2024-03-24T11:10:56.586 INFO:teuthology.orchestra.run.smithi100.stdout:/usr/bin/ceph: stderr
2024-03-24T11:10:55.738+0000 7f66167fc700 1 -- 172.21.15.100:0/615150739 <== mon.0 v2:172.21.15.100:3300/0 1 ==== mon_map magic: 0 v1 ==== 229+0+0 (secure 0 0 0) 0x7f661c010840 con 0x7f6620102770
2024-03-24T11:10:56.586 INFO:teuthology.orchestra.run.smithi100.stdout:/usr/bin/ceph: stderr
2024-03-24T11:10:55.738+0000 7f6628125700 1 -- 172.21.15.100:0/615150739 --> [v2:172.21.15.100:3300/0,v1:172.21.15.100:6789/0] -- mon_subscribe({mgrmap=0+}) v3 -- 0x7f6620111d10 con 0x7f6620102770
2024-03-24T11:10:56.586 INFO:teuthology.orchestra.run.smithi100.stdout:/usr/bin/ceph: stderr
2024-03-24T11:10:55.738+0000 7f66167fc700 1 -- 172.21.15.100:0/615150739 <== mon.0 v2:172.21.15.100:3300/0 2 ==== config(27 keys) v1 ==== 1109+0+0 (secure 0 0 0) 0x7f661c010e70 con 0x7f6620102770
2024-03-24T11:10:56.586 INFO:teuthology.orchestra.run.smithi100.stdout:/usr/bin/ceph: stderr
2024-03-24T11:10:55.738+0000 7f66167fc700 1 -- 172.21.15.100:0/615150739 <== mon.0 v2:172.21.15.100:3300/0 3 ==== mon_map magic: 0 v1 ==== 229+0+0 (secure 0 0 0) 0x7f661c024e40 con 0x7f6620102770
2024-03-24T11:10:56.586 INFO:teuthology.orchestra.run.smithi100.stdout:/usr/bin/ceph: stderr
2024-03-24T11:10:55.738+0000 7f6628125700 1 -- 172.21.15.100:0/615150739 --> [v2:172.21.15.100:3300/0,v1:172.21.15.100:6789/0] -- mon_subscribe({osdmap=0}) v3 -- 0x7f6620112880 con 0x7f6620102770
2024-03-24T11:10:56.586 INFO:teuthology.orchestra.run.smithi100.stdout:/usr/bin/ceph: stderr
2024-03-24T11:10:55.738+0000 7f66167fc700 1 -- 172.21.15.100:0/615150739 <== mon.0 v2:172.21.15.100:3300/0 4 ==== mgrmap(e 13) v1 ==== 43425+0+0 (secure 0 0 0) 0x7f661c0109a0 con 0x7f6620102770
2024-03-24T11:10:56.586 INFO:teuthology.orchestra.run.smithi100.stdout:/usr/bin/ceph: stderr
2024-03-24T11:10:55.738+0000 7f6628125700 1 -- 172.21.15.100:0/615150739 --> [v2:172.21.15.100:3300/0,v1:172.21.15.100:6789/0] -- mon_command({"prefix": "get_command_descriptions"} v 0) v1 -- 0x7f662005f5f0 con 0x7f6620102770
2024-03-24T11:10:56.586 INFO:teuthology.orchestra.run.smithi100.stdout:/usr/bin/ceph: stderr
2024-03-24T11:10:55.739+0000 7f66167fc700 1 --2- 172.21.15.100:0/615150739 >> [v2:172.21.15.100:6800/1493018813,v1:172.21.15.100:6801/1493018813] conn(0x7f660c036830 0x7f660c038ce0 unknown :-1 s=NONE pgs=0 cs=0 l=1 rev1=0 crypto rx=0 tx=0 comp rx=0 tx=0).connect
2024-03-24T11:10:56.586 INFO:teuthology.orchestra.run.smithi100.stdout:/usr/bin/ceph: stderr
2024-03-24T11:10:55.739+0000 7f66167fc700 1 -- 172.21.15.100:0/615150739 <== mon.0 v2:172.21.15.100:3300/0 5 ==== osd_map(3..3 src has 1..3) v4 ==== 1151+0+0 (secure 0 0 0) 0x7f661c04a970 con 0x7f6620102770
2024-03-24T11:10:56.586 INFO:teuthology.orchestra.run.smithi100.stdout:/usr/bin/ceph: stderr
2024-03-24T11:10:55.739+0000 7f66256c0700 1 --2- 172.21.15.100:0/615150739 >> [v2:172.21.15.100:6800/1493018813,v1:172.21.15.100:6801/1493018813] conn(0x7f660c036830 0x7f660c038ce0 unknown :-1 s=BANNER_CONNECTING pgs=0 cs=0 l=1 rev1=0 crypto rx=0 tx=0 comp rx=0 tx=0)._handle_peer_banner_payload supported=3 required=0
2024-03-24T11:10:56.586 INFO:teuthology.orchestra.run.smithi100.stdout:/usr/bin/ceph: stderr
2024-03-24T11:10:55.739+0000 7f66256c0700 1 --2- 172.21.15.100:0/615150739 >> [v2:172.21.15.100:6800/1493018813,v1:172.21.15.100:6801/1493018813] conn(0x7f660c036830 0x7f660c038ce0 secure :-1 s=READY pgs=11 cs=0 l=1 rev1=1 crypto rx=0x7f6610009990 tx=0x7f6610006e40 comp rx=0 tx=0).ready entity=mgr.14162 client_cookie=0 server_cookie=0 in_seq=0 out_seq=0
2024-03-24T11:10:56.586 INFO:teuthology.orchestra.run.smithi100.stdout:/usr/bin/ceph: stderr
2024-03-24T11:10:55.743+0000 7f66167fc700 1 -- 172.21.15.100:0/615150739 <== mon.0 v2:172.21.15.100:3300/0 6 ==== mon_command_ack([{"prefix": "get_command_descriptions"}]=0 v0) v1 ==== 72+0+176504 (secure 0 0 0) 0x7f661c02e440 con 0x7f6620102770
2024-03-24T11:10:56.586 INFO:teuthology.orchestra.run.smithi100.stdout:/usr/bin/ceph: stderr
2024-03-24T11:10:56.033+0000 7f6628125700 1 -- 172.21.15.100:0/615150739 --> [v2:172.21.15.100:3300/0,v1:172.21.15.100:6789/0] -- mon_command([{prefix=config-key set, key=mgr/dashboard/cluster/status}] v 0) v1 -- 0x7f662004bed0 con 0x7f6620102770
2024-03-24T11:10:56.587 INFO:teuthology.orchestra.run.smithi100.stdout:/usr/bin/ceph: stderr
2024-03-24T11:10:56.035+0000 7f66167fc700 1 -- 172.21.15.100:0/615150739 <== mon.0 v2:172.21.15.100:3300/0 7 ==== mon_command_ack([{prefix=config-key set, key=mgr/dashboard/cluster/status}]=0 set mgr/dashboard/cluster/status v33)=0 set mgr/dashboard/cluster/status v33) v1 ==== 153+0+0 (secure 0 0 0) 0x7f661c02c340 con 0x7f6620102770
2024-03-24T11:10:56.587 INFO:teuthology.orchestra.run.smithi100.stdout:/usr/bin/ceph: stderr
2024-03-24T11:10:56.037+0000 7f6628125700 1 -- 172.21.15.100:0/615150739 >> [v2:172.21.15.100:6800/1493018813,v1:172.21.15.100:6801/1493018813] conn(0x7f660c036830 msgr2=0x7f660c038ce0 secure :-1 s=STATE_CONNECTION_ESTABLISHED l=1).mark_down
2024-03-24T11:10:56.587 INFO:teuthology.orchestra.run.smithi100.stdout:/usr/bin/ceph: stderr
2024-03-24T11:10:56.037+0000 7f6628125700 1 --2- 172.21.15.100:0/615150739 >> [v2:172.21.15.100:6800/1493018813,v1:172.21.15.100:6801/1493018813] conn(0x7f660c036830 0x7f660c038ce0 secure :-1 s=READY pgs=11 cs=0 l=1 rev1=1 crypto rx=0x7f6610009990 tx=0x7f6610006e40 comp rx=0 tx=0).stop
2024-03-24T11:10:56.587 INFO:teuthology.orchestra.run.smithi100.stdout:/usr/bin/ceph: stderr
2024-03-24T11:10:56.037+0000 7f6628125700 1 -- 172.21.15.100:0/615150739 >> [v2:172.21.15.100:3300/0,v1:172.21.15.100:6789/0] conn(0x7f6620102770 msgr2=0x7f66201115d0 secure :-1 s=STATE_CONNECTION_ESTABLISHED l=1).mark_down
2024-03-24T11:10:56.587 INFO:teuthology.orchestra.run.smithi100.stdout:/usr/bin/ceph: stderr
2024-03-24T11:10:56.037+0000 7f6628125700 1 --2- 172.21.15.100:0/615150739 >> [v2:172.21.15.100:3300/0,v1:172.21.15.100:6789/0] conn(0x7f6620102770 0x7f66201115d0 secure :-1 s=READY pgs=89 cs=0 l=1 rev1=1 crypto rx=0x7f661c0090b0 tx=0x7f661c009250 comp rx=0 tx=0).stop
2024-03-24T11:10:56.587 INFO:teuthology.orchestra.run.smithi100.stdout:/usr/bin/ceph: stderr
2024-03-24T11:10:56.037+0000 7f6628125700 1 -- 172.21.15.100:0/615150739 shutdown_connections
2024-03-24T11:10:56.587 INFO:teuthology.orchestra.run.smithi100.stdout:/usr/bin/ceph: stderr
2024-03-24T11:10:56.037+0000 7f6628125700 1 --2- 172.21.15.100:0/615150739 >> [v2:172.21.15.100:6800/1493018813,v1:172.21.15.100:6801/1493018813] conn(0x7f660c036830 0x7f660c038ce0 unknown :-1 s=CLOSED pgs=11 cs=0 l=1 rev1=1 crypto rx=0 tx=0 comp rx=0 tx=0).stop
2024-03-24T11:10:56.587 INFO:teuthology.orchestra.run.smithi100.stdout:/usr/bin/ceph: stderr
2024-03-24T11:10:56.037+0000 7f6628125700 1 --2- 172.21.15.100:0/615150739 >> [v2:172.21.15.100:3300/0,v1:172.21.15.100:6789/0] conn(0x7f6620102770 0x7f66201115d0 unknown :-1 s=CLOSED pgs=89 cs=0 l=1 rev1=1 crypto rx=0 tx=0 comp rx=0 tx=0).stop
2024-03-24T11:10:56.587 INFO:teuthology.orchestra.run.smithi100.stdout:/usr/bin/ceph: stderr
2024-03-24T11:10:56.037+0000 7f6628125700 1 -- 172.21.15.100:0/615150739 >> 172.21.15.100:0/615150739 conn(0x7f66200fde90 msgr2=0x7f66200feac0 unknown :-1 s=STATE_NONE l=0).mark_down
2024-03-24T11:10:56.587 INFO:teuthology.orchestra.run.smithi100.stdout:/usr/bin/ceph: stderr
2024-03-24T11:10:56.038+0000 7f6628125700 1 -- 172.21.15.100:0/615150739 shutdown_connections
2024-03-24T11:10:56.587 INFO:teuthology.orchestra.run.smithi100.stdout:/usr/bin/ceph: stderr
2024-03-24T11:10:56.038+0000 7f6628125700 1 -- 172.21.15.100:0/615150739 wait complete.
2024-03-24T11:10:56.587 INFO:teuthology.orchestra.run.smithi100.stdout:/usr/bin/ceph: stderr set mgr/dashboard/cluster/status
2024-03-24T11:10:56.587 INFO:teuthology.orchestra.run.smithi100.stdout:You can access the Ceph CLI as following in case of multi-cluster or non-default config:
2024-03-24T11:10:56.587 INFO:teuthology.orchestra.run.smithi100.stdout:
2024-03-24T11:10:56.587 INFO:teuthology.orchestra.run.smithi100.stdout: sudo /home/ubuntu/cephtest/cephadm shell --fsid e2f9ef6c-e9ce-11ee-95cd-87774f69a715 -c /etc/ceph/ceph.conf -k /etc/ceph/ceph.client.admin.keyring
2024-03-24T11:10:56.588 INFO:teuthology.orchestra.run.smithi100.stdout:
2024-03-24T11:10:56.588 INFO:teuthology.orchestra.run.smithi100.stdout:Or, if you are only running a single cluster on this host:
2024-03-24T11:10:56.588 INFO:teuthology.orchestra.run.smithi100.stdout:
2024-03-24T11:10:56.588 INFO:teuthology.orchestra.run.smithi100.stdout: sudo /home/ubuntu/cephtest/cephadm shell
2024-03-24T11:10:56.588 INFO:teuthology.orchestra.run.smithi100.stdout:
2024-03-24T11:10:56.588 INFO:teuthology.orchestra.run.smithi100.stdout:Please consider enabling telemetry to help improve Ceph:
2024-03-24T11:10:56.588 INFO:teuthology.orchestra.run.smithi100.stdout:
2024-03-24T11:10:56.588 INFO:teuthology.orchestra.run.smithi100.stdout: ceph telemetry on
2024-03-24T11:10:56.588 INFO:teuthology.orchestra.run.smithi100.stdout:
2024-03-24T11:10:56.588 INFO:teuthology.orchestra.run.smithi100.stdout:For more information see:
2024-03-24T11:10:56.588 INFO:teuthology.orchestra.run.smithi100.stdout:
2024-03-24T11:10:56.588 INFO:teuthology.orchestra.run.smithi100.stdout: https://docs.ceph.com/docs/master/mgr/telemetry/
2024-03-24T11:10:56.588 INFO:teuthology.orchestra.run.smithi100.stdout:
2024-03-24T11:10:56.588 INFO:teuthology.orchestra.run.smithi100.stdout:Bootstrap complete.
2024-03-24T11:10:56.619 INFO:tasks.cephadm:Fetching config...
2024-03-24T11:10:56.619 DEBUG:teuthology.orchestra.run.smithi100:> set -ex
2024-03-24T11:10:56.619 DEBUG:teuthology.orchestra.run.smithi100:> dd if=/etc/ceph/ceph.conf of=/dev/stdout
2024-03-24T11:10:56.675 INFO:tasks.cephadm:Fetching client.admin keyring...
2024-03-24T11:10:56.675 DEBUG:teuthology.orchestra.run.smithi100:> set -ex
2024-03-24T11:10:56.675 DEBUG:teuthology.orchestra.run.smithi100:> dd if=/etc/ceph/ceph.client.admin.keyring of=/dev/stdout
2024-03-24T11:10:56.730 INFO:tasks.cephadm:Fetching mon keyring...
2024-03-24T11:10:56.730 DEBUG:teuthology.orchestra.run.smithi100:> set -ex
2024-03-24T11:10:56.730 DEBUG:teuthology.orchestra.run.smithi100:> sudo dd if=/var/lib/ceph/e2f9ef6c-e9ce-11ee-95cd-87774f69a715/mon.smithi100/keyring of=/dev/stdout
2024-03-24T11:10:56.799 INFO:tasks.cephadm:Fetching pub ssh key...
2024-03-24T11:10:56.799 DEBUG:teuthology.orchestra.run.smithi100:> set -ex
2024-03-24T11:10:56.799 DEBUG:teuthology.orchestra.run.smithi100:> dd if=/home/ubuntu/cephtest/ceph.pub of=/dev/stdout
2024-03-24T11:10:56.855 INFO:tasks.cephadm:Installing pub ssh key for root users...
2024-03-24T11:10:56.855 DEBUG:teuthology.orchestra.run.smithi100:> sudo install -d -m 0700 /root/.ssh && echo 'ssh-rsa AAAAB3NzaC1yc2EAAAADAQABAAABgQC1DXidWUrKTiQNp7+fb65m4J88vicxNAPrNHILyvoYa7gk7IPsv5bkNYAwKSP1kA98/uv/YoxPJW69CC2gZkRoLyt/QlznuUtPTiAy5zg+b9QsTcGWYNgSk3ByAGctz/+dHOrIgYU8EYg7x29g7nfxtuDHdfw9WO60dKyIbFOBc85MvImuO4NpyB3rjunPV3JOBhcDw3M7avYw6g5GNWLijZtKLluM5sjA2/yan0vGwObOxbtdzJMNP77bDafEoCq0+HQeZ5XJY4ueuCGrRfGCKmwQ5q1K7fvrx8iRmc/6fDF4LTCcOEmDMzCljmYbJXHcG1gvPXWumm9g8gX+S0019iHtjPDRedO9lDMi+3Vr3i/VYjLWOXbo8zfqfLy0/55hk/+I6+n3PXUt2LoTu/FFKq7O4tjMz9PdzODpCVgSpu+cqDeouXpa2J0mUXwrX/ozx1012i/kqtF1TOObEojTtHbNOMZQekwkjPBtLZKS7ysigtNDJ9B6nR/SQBxmP6U= ceph-e2f9ef6c-e9ce-11ee-95cd-87774f69a715' | sudo tee -a /root/.ssh/authorized_keys && sudo chmod 0600 /root/.ssh/authorized_keys
2024-03-24T11:10:56.947 INFO:teuthology.orchestra.run.smithi100.stdout:ssh-rsa AAAAB3NzaC1yc2EAAAADAQABAAABgQC1DXidWUrKTiQNp7+fb65m4J88vicxNAPrNHILyvoYa7gk7IPsv5bkNYAwKSP1kA98/uv/YoxPJW69CC2gZkRoLyt/QlznuUtPTiAy5zg+b9QsTcGWYNgSk3ByAGctz/+dHOrIgYU8EYg7x29g7nfxtuDHdfw9WO60dKyIbFOBc85MvImuO4NpyB3rjunPV3JOBhcDw3M7avYw6g5GNWLijZtKLluM5sjA2/yan0vGwObOxbtdzJMNP77bDafEoCq0+HQeZ5XJY4ueuCGrRfGCKmwQ5q1K7fvrx8iRmc/6fDF4LTCcOEmDMzCljmYbJXHcG1gvPXWumm9g8gX+S0019iHtjPDRedO9lDMi+3Vr3i/VYjLWOXbo8zfqfLy0/55hk/+I6+n3PXUt2LoTu/FFKq7O4tjMz9PdzODpCVgSpu+cqDeouXpa2J0mUXwrX/ozx1012i/kqtF1TOObEojTtHbNOMZQekwkjPBtLZKS7ysigtNDJ9B6nR/SQBxmP6U= ceph-e2f9ef6c-e9ce-11ee-95cd-87774f69a715
2024-03-24T11:10:56.961 DEBUG:teuthology.orchestra.run.smithi105:> sudo install -d -m 0700 /root/.ssh && echo 'ssh-rsa AAAAB3NzaC1yc2EAAAADAQABAAABgQC1DXidWUrKTiQNp7+fb65m4J88vicxNAPrNHILyvoYa7gk7IPsv5bkNYAwKSP1kA98/uv/YoxPJW69CC2gZkRoLyt/QlznuUtPTiAy5zg+b9QsTcGWYNgSk3ByAGctz/+dHOrIgYU8EYg7x29g7nfxtuDHdfw9WO60dKyIbFOBc85MvImuO4NpyB3rjunPV3JOBhcDw3M7avYw6g5GNWLijZtKLluM5sjA2/yan0vGwObOxbtdzJMNP77bDafEoCq0+HQeZ5XJY4ueuCGrRfGCKmwQ5q1K7fvrx8iRmc/6fDF4LTCcOEmDMzCljmYbJXHcG1gvPXWumm9g8gX+S0019iHtjPDRedO9lDMi+3Vr3i/VYjLWOXbo8zfqfLy0/55hk/+I6+n3PXUt2LoTu/FFKq7O4tjMz9PdzODpCVgSpu+cqDeouXpa2J0mUXwrX/ozx1012i/kqtF1TOObEojTtHbNOMZQekwkjPBtLZKS7ysigtNDJ9B6nR/SQBxmP6U= ceph-e2f9ef6c-e9ce-11ee-95cd-87774f69a715' | sudo tee -a /root/.ssh/authorized_keys && sudo chmod 0600 /root/.ssh/authorized_keys
2024-03-24T11:10:57.008 INFO:teuthology.orchestra.run.smithi105.stdout:ssh-rsa AAAAB3NzaC1yc2EAAAADAQABAAABgQC1DXidWUrKTiQNp7+fb65m4J88vicxNAPrNHILyvoYa7gk7IPsv5bkNYAwKSP1kA98/uv/YoxPJW69CC2gZkRoLyt/QlznuUtPTiAy5zg+b9QsTcGWYNgSk3ByAGctz/+dHOrIgYU8EYg7x29g7nfxtuDHdfw9WO60dKyIbFOBc85MvImuO4NpyB3rjunPV3JOBhcDw3M7avYw6g5GNWLijZtKLluM5sjA2/yan0vGwObOxbtdzJMNP77bDafEoCq0+HQeZ5XJY4ueuCGrRfGCKmwQ5q1K7fvrx8iRmc/6fDF4LTCcOEmDMzCljmYbJXHcG1gvPXWumm9g8gX+S0019iHtjPDRedO9lDMi+3Vr3i/VYjLWOXbo8zfqfLy0/55hk/+I6+n3PXUt2LoTu/FFKq7O4tjMz9PdzODpCVgSpu+cqDeouXpa2J0mUXwrX/ozx1012i/kqtF1TOObEojTtHbNOMZQekwkjPBtLZKS7ysigtNDJ9B6nR/SQBxmP6U= ceph-e2f9ef6c-e9ce-11ee-95cd-87774f69a715
2024-03-24T11:10:57.023 DEBUG:teuthology.orchestra.run.smithi100:> sudo /home/ubuntu/cephtest/cephadm --image quay.ceph.io/ceph-ci/ceph:quincy shell -c /etc/ceph/ceph.conf -k /etc/ceph/ceph.client.admin.keyring --fsid e2f9ef6c-e9ce-11ee-95cd-87774f69a715 -- ceph config set mgr mgr/cephadm/allow_ptrace true
2024-03-24T11:10:57.277 INFO:teuthology.orchestra.run.smithi100.stderr:Inferring config /var/lib/ceph/e2f9ef6c-e9ce-11ee-95cd-87774f69a715/mon.smithi100/config
2024-03-24T11:10:57.392 INFO:journalctl@ceph.mon.smithi100.smithi100.stdout:Mar 24 11:10:57 smithi100 ceph-mon[28941]: from='client.? 172.21.15.100:0/615150739' entity='client.admin'
2024-03-24T11:11:00.040 INFO:teuthology.orchestra.run.smithi100.stderr:2024-03-24T11:11:00.038+0000 7f545d513700 1 -- 172.21.15.100:0/4207564166 >> [v2:172.21.15.100:3300/0,v1:172.21.15.100:6789/0] conn(0x7f54580fe0d0 msgr2=0x7f54580fe4e0 secure :-1 s=STATE_CONNECTION_ESTABLISHED l=1).mark_down
2024-03-24T11:11:00.040 INFO:teuthology.orchestra.run.smithi100.stderr:2024-03-24T11:11:00.038+0000 7f545d513700 1 --2- 172.21.15.100:0/4207564166 >> [v2:172.21.15.100:3300/0,v1:172.21.15.100:6789/0] conn(0x7f54580fe0d0 0x7f54580fe4e0 secure :-1 s=READY pgs=90 cs=0 l=1 rev1=1 crypto rx=0x7f5450009c60 tx=0x7f5450004d10 comp rx=0 tx=0).stop
2024-03-24T11:11:00.040 INFO:teuthology.orchestra.run.smithi100.stderr:2024-03-24T11:11:00.038+0000 7f545d513700 1 -- 172.21.15.100:0/4207564166 shutdown_connections
2024-03-24T11:11:00.040 INFO:teuthology.orchestra.run.smithi100.stderr:2024-03-24T11:11:00.038+0000 7f545d513700 1 --2- 172.21.15.100:0/4207564166 >> [v2:172.21.15.100:3300/0,v1:172.21.15.100:6789/0] conn(0x7f54580fe0d0 0x7f54580fe4e0 unknown :-1 s=CLOSED pgs=90 cs=0 l=1 rev1=1 crypto rx=0 tx=0 comp rx=0 tx=0).stop
2024-03-24T11:11:00.040 INFO:teuthology.orchestra.run.smithi100.stderr:2024-03-24T11:11:00.038+0000 7f545d513700 1 -- 172.21.15.100:0/4207564166 >> 172.21.15.100:0/4207564166 conn(0x7f54580f6870 msgr2=0x7f54580f8ca0 unknown :-1 s=STATE_NONE l=0).mark_down
2024-03-24T11:11:00.041 INFO:teuthology.orchestra.run.smithi100.stderr:2024-03-24T11:11:00.038+0000 7f545d513700 1 -- 172.21.15.100:0/4207564166 shutdown_connections
2024-03-24T11:11:00.041 INFO:teuthology.orchestra.run.smithi100.stderr:2024-03-24T11:11:00.038+0000 7f545d513700 1 -- 172.21.15.100:0/4207564166 wait complete.
2024-03-24T11:11:00.041 INFO:teuthology.orchestra.run.smithi100.stderr:2024-03-24T11:11:00.038+0000 7f545d513700 1 Processor -- start
2024-03-24T11:11:00.041 INFO:teuthology.orchestra.run.smithi100.stderr:2024-03-24T11:11:00.039+0000 7f545d513700 1 -- start start
2024-03-24T11:11:00.041 INFO:teuthology.orchestra.run.smithi100.stderr:2024-03-24T11:11:00.039+0000 7f545d513700 1 --2- >> [v2:172.21.15.100:3300/0,v1:172.21.15.100:6789/0] conn(0x7f54580fe0d0 0x7f545810d0e0 unknown :-1 s=NONE pgs=0 cs=0 l=1 rev1=0 crypto rx=0 tx=0 comp rx=0 tx=0).connect
2024-03-24T11:11:00.041 INFO:teuthology.orchestra.run.smithi100.stderr:2024-03-24T11:11:00.039+0000 7f545d513700 1 -- --> [v2:172.21.15.100:3300/0,v1:172.21.15.100:6789/0] -- mon_getmap magic: 0 v1 -- 0x7f545810d620 con 0x7f54580fe0d0
2024-03-24T11:11:00.041 INFO:teuthology.orchestra.run.smithi100.stderr:2024-03-24T11:11:00.039+0000 7f5456ffd700 1 --2- >> [v2:172.21.15.100:3300/0,v1:172.21.15.100:6789/0] conn(0x7f54580fe0d0 0x7f545810d0e0 unknown :-1 s=BANNER_CONNECTING pgs=0 cs=0 l=1 rev1=0 crypto rx=0 tx=0 comp rx=0 tx=0)._handle_peer_banner_payload supported=3 required=0
2024-03-24T11:11:00.041 INFO:teuthology.orchestra.run.smithi100.stderr:2024-03-24T11:11:00.039+0000 7f5456ffd700 1 --2- >> [v2:172.21.15.100:3300/0,v1:172.21.15.100:6789/0] conn(0x7f54580fe0d0 0x7f545810d0e0 unknown :-1 s=HELLO_CONNECTING pgs=0 cs=0 l=1 rev1=1 crypto rx=0 tx=0 comp rx=0 tx=0).handle_hello peer v2:172.21.15.100:3300/0 says I am v2:172.21.15.100:38252/0 (socket says 172.21.15.100:38252)
2024-03-24T11:11:00.041 INFO:teuthology.orchestra.run.smithi100.stderr:2024-03-24T11:11:00.039+0000 7f5456ffd700 1 -- 172.21.15.100:0/2613532948 learned_addr learned my addr 172.21.15.100:0/2613532948 (peer_addr_for_me v2:172.21.15.100:0/0)
2024-03-24T11:11:00.041 INFO:teuthology.orchestra.run.smithi100.stderr:2024-03-24T11:11:00.039+0000 7f5456ffd700 1 -- 172.21.15.100:0/2613532948 --> [v2:172.21.15.100:3300/0,v1:172.21.15.100:6789/0] -- mon_subscribe({config=0+,monmap=0+}) v3 -- 0x7f5450009940 con 0x7f54580fe0d0
2024-03-24T11:11:00.041 INFO:teuthology.orchestra.run.smithi100.stderr:2024-03-24T11:11:00.039+0000 7f5456ffd700 1 --2- 172.21.15.100:0/2613532948 >> [v2:172.21.15.100:3300/0,v1:172.21.15.100:6789/0] conn(0x7f54580fe0d0 0x7f545810d0e0 secure :-1 s=READY pgs=91 cs=0 l=1 rev1=1 crypto rx=0x7f5450009500 tx=0x7f5450004d10 comp rx=0 tx=0).ready entity=mon.0 client_cookie=0 server_cookie=0 in_seq=0 out_seq=0
2024-03-24T11:11:00.041 INFO:teuthology.orchestra.run.smithi100.stderr:2024-03-24T11:11:00.040+0000 7f544f7fe700 1 -- 172.21.15.100:0/2613532948 <== mon.0 v2:172.21.15.100:3300/0 1 ==== mon_map magic: 0 v1 ==== 229+0+0 (secure 0 0 0) 0x7f5450007c80 con 0x7f54580fe0d0
2024-03-24T11:11:00.041 INFO:teuthology.orchestra.run.smithi100.stderr:2024-03-24T11:11:00.040+0000 7f544f7fe700 1 -- 172.21.15.100:0/2613532948 <== mon.0 v2:172.21.15.100:3300/0 2 ==== config(27 keys) v1 ==== 1109+0+0 (secure 0 0 0) 0x7f545001d910 con 0x7f54580fe0d0
2024-03-24T11:11:00.042 INFO:teuthology.orchestra.run.smithi100.stderr:2024-03-24T11:11:00.040+0000 7f545d513700 1 -- 172.21.15.100:0/2613532948 --> [v2:172.21.15.100:3300/0,v1:172.21.15.100:6789/0] -- mon_subscribe({mgrmap=0+}) v3 -- 0x7f545810d820 con 0x7f54580fe0d0
2024-03-24T11:11:00.042 INFO:teuthology.orchestra.run.smithi100.stderr:2024-03-24T11:11:00.040+0000 7f545d513700 1 -- 172.21.15.100:0/2613532948 --> [v2:172.21.15.100:3300/0,v1:172.21.15.100:6789/0] -- mon_subscribe({osdmap=0}) v3 -- 0x7f545810e390 con 0x7f54580fe0d0
2024-03-24T11:11:00.042 INFO:teuthology.orchestra.run.smithi100.stderr:2024-03-24T11:11:00.040+0000 7f544f7fe700 1 -- 172.21.15.100:0/2613532948 <== mon.0 v2:172.21.15.100:3300/0 3 ==== mon_map magic: 0 v1 ==== 229+0+0 (secure 0 0 0) 0x7f54500129d0 con 0x7f54580fe0d0
2024-03-24T11:11:00.043 INFO:teuthology.orchestra.run.smithi100.stderr:2024-03-24T11:11:00.041+0000 7f544f7fe700 1 -- 172.21.15.100:0/2613532948 <== mon.0 v2:172.21.15.100:3300/0 4 ==== mgrmap(e 13) v1 ==== 43425+0+0 (secure 0 0 0) 0x7f5450019040 con 0x7f54580fe0d0
2024-03-24T11:11:00.043 INFO:teuthology.orchestra.run.smithi100.stderr:2024-03-24T11:11:00.041+0000 7f545d513700 1 -- 172.21.15.100:0/2613532948 --> [v2:172.21.15.100:3300/0,v1:172.21.15.100:6789/0] -- mon_command({"prefix": "get_command_descriptions"} v 0) v1 -- 0x7f54380052e0 con 0x7f54580fe0d0
2024-03-24T11:11:00.043 INFO:teuthology.orchestra.run.smithi100.stderr:2024-03-24T11:11:00.041+0000 7f544f7fe700 1 --2- 172.21.15.100:0/2613532948 >> [v2:172.21.15.100:6800/1493018813,v1:172.21.15.100:6801/1493018813] conn(0x7f5444036880 0x7f5444038d30 unknown :-1 s=NONE pgs=0 cs=0 l=1 rev1=0 crypto rx=0 tx=0 comp rx=0 tx=0).connect
2024-03-24T11:11:00.043 INFO:teuthology.orchestra.run.smithi100.stderr:2024-03-24T11:11:00.041+0000 7f544f7fe700 1 -- 172.21.15.100:0/2613532948 <== mon.0 v2:172.21.15.100:3300/0 5 ==== osd_map(3..3 src has 1..3) v4 ==== 1151+0+0 (secure 0 0 0) 0x7f545001da80 con 0x7f54580fe0d0
2024-03-24T11:11:00.043 INFO:teuthology.orchestra.run.smithi100.stderr:2024-03-24T11:11:00.041+0000 7f54567fc700 1 --2- 172.21.15.100:0/2613532948 >> [v2:172.21.15.100:6800/1493018813,v1:172.21.15.100:6801/1493018813] conn(0x7f5444036880 0x7f5444038d30 unknown :-1 s=BANNER_CONNECTING pgs=0 cs=0 l=1 rev1=0 crypto rx=0 tx=0 comp rx=0 tx=0)._handle_peer_banner_payload supported=3 required=0
2024-03-24T11:11:00.043 INFO:teuthology.orchestra.run.smithi100.stderr:2024-03-24T11:11:00.042+0000 7f54567fc700 1 --2- 172.21.15.100:0/2613532948 >> [v2:172.21.15.100:6800/1493018813,v1:172.21.15.100:6801/1493018813] conn(0x7f5444036880 0x7f5444038d30 secure :-1 s=READY pgs=12 cs=0 l=1 rev1=1 crypto rx=0x7f5440009990 tx=0x7f5440006e40 comp rx=0 tx=0).ready entity=mgr.14162 client_cookie=0 server_cookie=0 in_seq=0 out_seq=0
2024-03-24T11:11:00.046 INFO:teuthology.orchestra.run.smithi100.stderr:2024-03-24T11:11:00.046+0000 7f544f7fe700 1 -- 172.21.15.100:0/2613532948 <== mon.0 v2:172.21.15.100:3300/0 6 ==== mon_command_ack([{"prefix": "get_command_descriptions"}]=0 v0) v1 ==== 72+0+176504 (secure 0 0 0) 0x7f5450026400 con 0x7f54580fe0d0
2024-03-24T11:11:00.242 INFO:teuthology.orchestra.run.smithi100.stderr:2024-03-24T11:11:00.242+0000 7f545d513700 1 -- 172.21.15.100:0/2613532948 --> [v2:172.21.15.100:3300/0,v1:172.21.15.100:6789/0] -- mon_command([{prefix=config set, name=mgr/cephadm/allow_ptrace}] v 0) v1 -- 0x7f5438005b10 con 0x7f54580fe0d0
2024-03-24T11:11:00.248 INFO:teuthology.orchestra.run.smithi100.stderr:2024-03-24T11:11:00.248+0000 7f544f7fe700 1 -- 172.21.15.100:0/2613532948 <== mon.0 v2:172.21.15.100:3300/0 7 ==== mon_command_ack([{prefix=config set, name=mgr/cephadm/allow_ptrace}]=0 v9)=0 v9) v1 ==== 125+0+0 (secure 0 0 0) 0x7f5450017020 con 0x7f54580fe0d0
2024-03-24T11:11:00.251 INFO:teuthology.orchestra.run.smithi100.stderr:2024-03-24T11:11:00.250+0000 7f545d513700 1 -- 172.21.15.100:0/2613532948 >> [v2:172.21.15.100:6800/1493018813,v1:172.21.15.100:6801/1493018813] conn(0x7f5444036880 msgr2=0x7f5444038d30 secure :-1 s=STATE_CONNECTION_ESTABLISHED l=1).mark_down
2024-03-24T11:11:00.251 INFO:teuthology.orchestra.run.smithi100.stderr:2024-03-24T11:11:00.250+0000 7f545d513700 1 --2- 172.21.15.100:0/2613532948 >> [v2:172.21.15.100:6800/1493018813,v1:172.21.15.100:6801/1493018813] conn(0x7f5444036880 0x7f5444038d30 secure :-1 s=READY pgs=12 cs=0 l=1 rev1=1 crypto rx=0x7f5440009990 tx=0x7f5440006e40 comp rx=0 tx=0).stop
2024-03-24T11:11:00.251 INFO:teuthology.orchestra.run.smithi100.stderr:2024-03-24T11:11:00.250+0000 7f545d513700 1 -- 172.21.15.100:0/2613532948 >> [v2:172.21.15.100:3300/0,v1:172.21.15.100:6789/0] conn(0x7f54580fe0d0 msgr2=0x7f545810d0e0 secure :-1 s=STATE_CONNECTION_ESTABLISHED l=1).mark_down
2024-03-24T11:11:00.251 INFO:teuthology.orchestra.run.smithi100.stderr:2024-03-24T11:11:00.250+0000 7f545d513700 1 --2- 172.21.15.100:0/2613532948 >> [v2:172.21.15.100:3300/0,v1:172.21.15.100:6789/0] conn(0x7f54580fe0d0 0x7f545810d0e0 secure :-1 s=READY pgs=91 cs=0 l=1 rev1=1 crypto rx=0x7f5450009500 tx=0x7f5450004d10 comp rx=0 tx=0).stop
2024-03-24T11:11:00.251 INFO:teuthology.orchestra.run.smithi100.stderr:2024-03-24T11:11:00.251+0000 7f545d513700 1 -- 172.21.15.100:0/2613532948 shutdown_connections
