2024-03-24T11:10:40.173+0000 7f78e67fc700 1 --2- 172.21.15.100:0/1069178210 >> [v2:172.21.15.100:6800/1790161450,v1:172.21.15.100:6801/1790161450] conn(0x7f78dc0367e0 0x7f78dc038c90 unknown :-1 s=NONE pgs=0 cs=0 l=1 rev1=0 crypto rx=0 tx=0 comp rx=0 tx=0).connect
2024-03-24T11:10:41.806 INFO:teuthology.orchestra.run.smithi100.stdout:/usr/bin/ceph: stderr
2024-03-24T11:10:40.174+0000 7f78f7de1700 1 -- 172.21.15.100:0/1069178210 --> [v2:172.21.15.100:3300/0,v1:172.21.15.100:6789/0] -- mon_command({"prefix": "get_command_descriptions"} v 0) v1 -- 0x7f78f005f5f0 con 0x7f78f0102740
2024-03-24T11:10:41.806 INFO:teuthology.orchestra.run.smithi100.stdout:/usr/bin/ceph: stderr
2024-03-24T11:10:40.174+0000 7f78e67fc700 1 -- 172.21.15.100:0/1069178210 <== mon.0 v2:172.21.15.100:3300/0 5 ==== osd_map(2..2 src has 1..2) v4 ==== 936+0+0 (secure 0 0 0) 0x7f78e004a290 con 0x7f78f0102740
2024-03-24T11:10:41.806 INFO:teuthology.orchestra.run.smithi100.stdout:/usr/bin/ceph: stderr
2024-03-24T11:10:40.174+0000 7f78f537c700 1 --2- 172.21.15.100:0/1069178210 >> [v2:172.21.15.100:6800/1790161450,v1:172.21.15.100:6801/1790161450] conn(0x7f78dc0367e0 0x7f78dc038c90 unknown :-1 s=BANNER_CONNECTING pgs=0 cs=0 l=1 rev1=0 crypto rx=0 tx=0 comp rx=0 tx=0)._handle_peer_banner_payload supported=3 required=0
2024-03-24T11:10:41.807 INFO:teuthology.orchestra.run.smithi100.stdout:/usr/bin/ceph: stderr
2024-03-24T11:10:40.174+0000 7f78f537c700 1 --2- 172.21.15.100:0/1069178210 >> [v2:172.21.15.100:6800/1790161450,v1:172.21.15.100:6801/1790161450] conn(0x7f78dc0367e0 0x7f78dc038c90 secure :-1 s=READY pgs=21 cs=0 l=1 rev1=1 crypto rx=0x7f78ec009990 tx=0x7f78ec006e40 comp rx=0 tx=0).ready entity=mgr.14120 client_cookie=0 server_cookie=0 in_seq=0 out_seq=0
2024-03-24T11:10:41.807 INFO:teuthology.orchestra.run.smithi100.stdout:/usr/bin/ceph: stderr
2024-03-24T11:10:40.178+0000 7f78e67fc700 1 -- 172.21.15.100:0/1069178210 <== mon.0 v2:172.21.15.100:3300/0 6 ==== mon_command_ack([{"prefix": "get_command_descriptions"}]=0 v0) v1 ==== 72+0+176504 (secure 0 0 0) 0x7f78e002b8c0 con 0x7f78f0102740
2024-03-24T11:10:41.807 INFO:teuthology.orchestra.run.smithi100.stdout:/usr/bin/ceph: stderr
2024-03-24T11:10:40.441+0000 7f78f7de1700 1 -- 172.21.15.100:0/1069178210 --> [v2:172.21.15.100:3300/0,v1:172.21.15.100:6789/0] -- mon_command({"prefix": "mgr module enable", "module": "dashboard"} v 0) v1 -- 0x7f78f004bed0 con 0x7f78f0102740
2024-03-24T11:10:41.807 INFO:teuthology.orchestra.run.smithi100.stdout:/usr/bin/ceph: stderr
2024-03-24T11:10:41.147+0000 7f78e67fc700 1 -- 172.21.15.100:0/1069178210 <== mon.0 v2:172.21.15.100:3300/0 7 ==== mgrmap(e 9) v1 ==== 43381+0+0 (secure 0 0 0) 0x7f78e002d3f0 con 0x7f78f0102740
2024-03-24T11:10:41.807 INFO:teuthology.orchestra.run.smithi100.stdout:/usr/bin/ceph: stderr
2024-03-24T11:10:41.148+0000 7f78e67fc700 1 -- 172.21.15.100:0/1069178210 <== mon.0 v2:172.21.15.100:3300/0 8 ==== mon_command_ack([{"prefix": "mgr module enable", "module": "dashboard"}]=0 v9) v1 ==== 88+0+0 (secure 0 0 0) 0x7f78e0018940 con 0x7f78f0102740
2024-03-24T11:10:41.807 INFO:teuthology.orchestra.run.smithi100.stdout:/usr/bin/ceph: stderr
2024-03-24T11:10:41.151+0000 7f78f7de1700 1 -- 172.21.15.100:0/1069178210 >> [v2:172.21.15.100:6800/1790161450,v1:172.21.15.100:6801/1790161450] conn(0x7f78dc0367e0 msgr2=0x7f78dc038c90 secure :-1 s=STATE_CONNECTION_ESTABLISHED l=1).mark_down
2024-03-24T11:10:41.807 INFO:teuthology.orchestra.run.smithi100.stdout:/usr/bin/ceph: stderr
2024-03-24T11:10:41.151+0000 7f78f7de1700 1 --2- 172.21.15.100:0/1069178210 >> [v2:172.21.15.100:6800/1790161450,v1:172.21.15.100:6801/1790161450] conn(0x7f78dc0367e0 0x7f78dc038c90 secure :-1 s=READY pgs=21 cs=0 l=1 rev1=1 crypto rx=0x7f78ec009990 tx=0x7f78ec006e40 comp rx=0 tx=0).stop
2024-03-24T11:10:41.807 INFO:teuthology.orchestra.run.smithi100.stdout:/usr/bin/ceph: stderr
2024-03-24T11:10:41.151+0000 7f78f7de1700 1 -- 172.21.15.100:0/1069178210 >> [v2:172.21.15.100:3300/0,v1:172.21.15.100:6789/0] conn(0x7f78f0102740 msgr2=0x7f78f01115e0 secure :-1 s=STATE_CONNECTION_ESTABLISHED l=1).mark_down
2024-03-24T11:10:41.807 INFO:teuthology.orchestra.run.smithi100.stdout:/usr/bin/ceph: stderr
2024-03-24T11:10:41.151+0000 7f78f7de1700 1 --2- 172.21.15.100:0/1069178210 >> [v2:172.21.15.100:3300/0,v1:172.21.15.100:6789/0] conn(0x7f78f0102740 0x7f78f01115e0 secure :-1 s=READY pgs=66 cs=0 l=1 rev1=1 crypto rx=0x7f78e0011c10 tx=0x7f78e0009250 comp rx=0 tx=0).stop
2024-03-24T11:10:41.807 INFO:teuthology.orchestra.run.smithi100.stdout:/usr/bin/ceph: stderr
2024-03-24T11:10:41.151+0000 7f78f7de1700 1 -- 172.21.15.100:0/1069178210 shutdown_connections
2024-03-24T11:10:41.807 INFO:teuthology.orchestra.run.smithi100.stdout:/usr/bin/ceph: stderr
2024-03-24T11:10:41.151+0000 7f78f7de1700 1 --2- 172.21.15.100:0/1069178210 >> [v2:172.21.15.100:6800/1790161450,v1:172.21.15.100:6801/1790161450] conn(0x7f78dc0367e0 0x7f78dc038c90 unknown :-1 s=CLOSED pgs=21 cs=0 l=1 rev1=1 crypto rx=0 tx=0 comp rx=0 tx=0).stop
2024-03-24T11:10:41.807 INFO:teuthology.orchestra.run.smithi100.stdout:/usr/bin/ceph: stderr
2024-03-24T11:10:41.151+0000 7f78f7de1700 1 --2- 172.21.15.100:0/1069178210 >> [v2:172.21.15.100:3300/0,v1:172.21.15.100:6789/0] conn(0x7f78f0102740 0x7f78f01115e0 unknown :-1 s=CLOSED pgs=66 cs=0 l=1 rev1=1 crypto rx=0 tx=0 comp rx=0 tx=0).stop
2024-03-24T11:10:41.807 INFO:teuthology.orchestra.run.smithi100.stdout:/usr/bin/ceph: stderr
2024-03-24T11:10:41.151+0000 7f78f7de1700 1 -- 172.21.15.100:0/1069178210 >> 172.21.15.100:0/1069178210 conn(0x7f78f00fdea0 msgr2=0x7f78f00fea30 unknown :-1 s=STATE_NONE l=0).mark_down
2024-03-24T11:10:41.807 INFO:teuthology.orchestra.run.smithi100.stdout:/usr/bin/ceph: stderr
2024-03-24T11:10:41.152+0000 7f78f7de1700 1 -- 172.21.15.100:0/1069178210 shutdown_connections
2024-03-24T11:10:41.808 INFO:teuthology.orchestra.run.smithi100.stdout:/usr/bin/ceph: stderr
2024-03-24T11:10:41.152+0000 7f78f7de1700 1 -- 172.21.15.100:0/1069178210 wait complete.
2024-03-24T11:10:42.392 INFO:journalctl@ceph.mon.smithi100.smithi100.stdout:Mar 24 11:10:42 smithi100 ceph-mon[28941]: from='client.? 172.21.15.100:0/1069178210' entity='client.admin' cmd='[{"prefix": "mgr module enable", "module": "dashboard"}]': finished
2024-03-24T11:10:42.393 INFO:journalctl@ceph.mon.smithi100.smithi100.stdout:Mar 24 11:10:42 smithi100 ceph-mon[28941]: mgrmap e9: smithi100.smxgyi(active, since 24s)
2024-03-24T11:10:43.061 INFO:teuthology.orchestra.run.smithi100.stdout:/usr/bin/ceph: stdout {
2024-03-24T11:10:43.061 INFO:teuthology.orchestra.run.smithi100.stdout:/usr/bin/ceph: stdout "epoch": 9,
2024-03-24T11:10:43.061 INFO:teuthology.orchestra.run.smithi100.stdout:/usr/bin/ceph: stdout "available": true,
2024-03-24T11:10:43.061 INFO:teuthology.orchestra.run.smithi100.stdout:/usr/bin/ceph: stdout "active_name": "smithi100.smxgyi",
2024-03-24T11:10:43.061 INFO:teuthology.orchestra.run.smithi100.stdout:/usr/bin/ceph: stdout "num_standby": 0
2024-03-24T11:10:43.061 INFO:teuthology.orchestra.run.smithi100.stdout:/usr/bin/ceph: stdout }
2024-03-24T11:10:43.061 INFO:teuthology.orchestra.run.smithi100.stdout:/usr/bin/ceph: stderr
2024-03-24T11:10:42.201+0000 7fc184732700 1 Processor -- start
2024-03-24T11:10:43.061 INFO:teuthology.orchestra.run.smithi100.stdout:/usr/bin/ceph: stderr
2024-03-24T11:10:42.201+0000 7fc184732700 1 -- start start
2024-03-24T11:10:43.061 INFO:teuthology.orchestra.run.smithi100.stdout:/usr/bin/ceph: stderr
2024-03-24T11:10:42.201+0000 7fc184732700 1 --2- >> [v2:172.21.15.100:3300/0,v1:172.21.15.100:6789/0] conn(0x7fc17c102720 0x7fc17c102b30 unknown :-1 s=NONE pgs=0 cs=0 l=0 rev1=0 crypto rx=0 tx=0 comp rx=0 tx=0).connect
2024-03-24T11:10:43.061 INFO:teuthology.orchestra.run.smithi100.stdout:/usr/bin/ceph: stderr
2024-03-24T11:10:42.201+0000 7fc184732700 1 -- --> [v2:172.21.15.100:3300/0,v1:172.21.15.100:6789/0] -- mon_getmap magic: 0 v1 -- 0x7fc17c103070 con 0x7fc17c102720
2024-03-24T11:10:43.061 INFO:teuthology.orchestra.run.smithi100.stdout:/usr/bin/ceph: stderr
2024-03-24T11:10:42.201+0000 7fc1824ce700 1 --2- >> [v2:172.21.15.100:3300/0,v1:172.21.15.100:6789/0] conn(0x7fc17c102720 0x7fc17c102b30 unknown :-1 s=BANNER_CONNECTING pgs=0 cs=0 l=0 rev1=0 crypto rx=0 tx=0 comp rx=0 tx=0)._handle_peer_banner_payload supported=3 required=0
2024-03-24T11:10:43.062 INFO:teuthology.orchestra.run.smithi100.stdout:/usr/bin/ceph: stderr
2024-03-24T11:10:42.201+0000 7fc1824ce700 1 --2- >> [v2:172.21.15.100:3300/0,v1:172.21.15.100:6789/0] conn(0x7fc17c102720 0x7fc17c102b30 unknown :-1 s=HELLO_CONNECTING pgs=0 cs=0 l=0 rev1=1 crypto rx=0 tx=0 comp rx=0 tx=0).handle_hello peer v2:172.21.15.100:3300/0 says I am v2:172.21.15.100:40094/0 (socket says 172.21.15.100:40094)
2024-03-24T11:10:43.062 INFO:teuthology.orchestra.run.smithi100.stdout:/usr/bin/ceph: stderr
2024-03-24T11:10:42.201+0000 7fc1824ce700 1 -- 172.21.15.100:0/162031956 learned_addr learned my addr 172.21.15.100:0/162031956 (peer_addr_for_me v2:172.21.15.100:0/0)
2024-03-24T11:10:43.062 INFO:teuthology.orchestra.run.smithi100.stdout:/usr/bin/ceph: stderr
2024-03-24T11:10:42.202+0000 7fc1824ce700 1 -- 172.21.15.100:0/162031956 --> [v2:172.21.15.100:3300/0,v1:172.21.15.100:6789/0] -- mon_subscribe({config=0+,monmap=0+}) v3 -- 0x7fc17c1031b0 con 0x7fc17c102720
2024-03-24T11:10:43.062 INFO:teuthology.orchestra.run.smithi100.stdout:/usr/bin/ceph: stderr
2024-03-24T11:10:42.202+0000 7fc1824ce700 1 --2- 172.21.15.100:0/162031956 >> [v2:172.21.15.100:3300/0,v1:172.21.15.100:6789/0] conn(0x7fc17c102720 0x7fc17c102b30 secure :-1 s=READY pgs=69 cs=0 l=1 rev1=1 crypto rx=0x7fc1780098e0 tx=0x7fc178009250 comp rx=0 tx=0).ready entity=mon.0 client_cookie=b99a14e0ff3bf79c server_cookie=0 in_seq=0 out_seq=0
2024-03-24T11:10:43.062 INFO:teuthology.orchestra.run.smithi100.stdout:/usr/bin/ceph: stderr
2024-03-24T11:10:42.202+0000 7fc1814cc700 1 -- 172.21.15.100:0/162031956 <== mon.0 v2:172.21.15.100:3300/0 1 ==== mon_map magic: 0 v1 ==== 229+0+0 (secure 0 0 0) 0x7fc17800b860 con 0x7fc17c102720
2024-03-24T11:10:43.062 INFO:teuthology.orchestra.run.smithi100.stdout:/usr/bin/ceph: stderr
2024-03-24T11:10:42.202+0000 7fc1814cc700 1 -- 172.21.15.100:0/162031956 <== mon.0 v2:172.21.15.100:3300/0 2 ==== config(27 keys) v1 ==== 1109+0+0 (secure 0 0 0) 0x7fc17800be90 con 0x7fc17c102720
2024-03-24T11:10:43.062 INFO:teuthology.orchestra.run.smithi100.stdout:/usr/bin/ceph: stderr
2024-03-24T11:10:42.202+0000 7fc1814cc700 1 -- 172.21.15.100:0/162031956 <== mon.0 v2:172.21.15.100:3300/0 3 ==== mon_map magic: 0 v1 ==== 229+0+0 (secure 0 0 0) 0x7fc1780103c0 con 0x7fc17c102720
2024-03-24T11:10:43.062 INFO:teuthology.orchestra.run.smithi100.stdout:/usr/bin/ceph: stderr
2024-03-24T11:10:42.203+0000 7fc184732700 1 -- 172.21.15.100:0/162031956 >> [v2:172.21.15.100:3300/0,v1:172.21.15.100:6789/0] conn(0x7fc17c102720 msgr2=0x7fc17c102b30 secure :-1 s=STATE_CONNECTION_ESTABLISHED l=1).mark_down
2024-03-24T11:10:43.062 INFO:teuthology.orchestra.run.smithi100.stdout:/usr/bin/ceph: stderr
2024-03-24T11:10:42.203+0000 7fc184732700 1 --2- 172.21.15.100:0/162031956 >> [v2:172.21.15.100:3300/0,v1:172.21.15.100:6789/0] conn(0x7fc17c102720 0x7fc17c102b30 secure :-1 s=READY pgs=69 cs=0 l=1 rev1=1 crypto rx=0x7fc1780098e0 tx=0x7fc178009250 comp rx=0 tx=0).stop
2024-03-24T11:10:43.062 INFO:teuthology.orchestra.run.smithi100.stdout:/usr/bin/ceph: stderr
2024-03-24T11:10:42.203+0000 7fc184732700 1 -- 172.21.15.100:0/162031956 shutdown_connections
2024-03-24T11:10:43.062 INFO:teuthology.orchestra.run.smithi100.stdout:/usr/bin/ceph: stderr
2024-03-24T11:10:42.203+0000 7fc184732700 1 --2- 172.21.15.100:0/162031956 >> [v2:172.21.15.100:3300/0,v1:172.21.15.100:6789/0] conn(0x7fc17c102720 0x7fc17c102b30 unknown :-1 s=CLOSED pgs=69 cs=0 l=1 rev1=1 crypto rx=0 tx=0 comp rx=0 tx=0).stop
2024-03-24T11:10:43.062 INFO:teuthology.orchestra.run.smithi100.stdout:/usr/bin/ceph: stderr
2024-03-24T11:10:42.203+0000 7fc184732700 1 -- 172.21.15.100:0/162031956 >> 172.21.15.100:0/162031956 conn(0x7fc17c0fdee0 msgr2=0x7fc17c1002f0 unknown :-1 s=STATE_NONE l=0).mark_down
2024-03-24T11:10:43.062 INFO:teuthology.orchestra.run.smithi100.stdout:/usr/bin/ceph: stderr
2024-03-24T11:10:42.203+0000 7fc184732700 1 -- 172.21.15.100:0/162031956 shutdown_connections
2024-03-24T11:10:43.063 INFO:teuthology.orchestra.run.smithi100.stdout:/usr/bin/ceph: stderr
2024-03-24T11:10:42.203+0000 7fc184732700 1 -- 172.21.15.100:0/162031956 wait complete.
2024-03-24T11:10:43.063 INFO:teuthology.orchestra.run.smithi100.stdout:/usr/bin/ceph: stderr
2024-03-24T11:10:42.203+0000 7fc184732700 1 Processor -- start
2024-03-24T11:10:43.063 INFO:teuthology.orchestra.run.smithi100.stdout:/usr/bin/ceph: stderr
2024-03-24T11:10:42.203+0000 7fc184732700 1 -- start start
2024-03-24T11:10:43.063 INFO:teuthology.orchestra.run.smithi100.stdout:/usr/bin/ceph: stderr
2024-03-24T11:10:42.204+0000 7fc184732700 1 --2- >> [v2:172.21.15.100:3300/0,v1:172.21.15.100:6789/0] conn(0x7fc17c102720 0x7fc17c111580 unknown :-1 s=NONE pgs=0 cs=0 l=1 rev1=0 crypto rx=0 tx=0 comp rx=0 tx=0).connect
2024-03-24T11:10:43.063 INFO:teuthology.orchestra.run.smithi100.stdout:/usr/bin/ceph: stderr
2024-03-24T11:10:42.204+0000 7fc184732700 1 -- --> [v2:172.21.15.100:3300/0,v1:172.21.15.100:6789/0] -- mon_getmap magic: 0 v1 -- 0x7fc17c111ac0 con 0x7fc17c102720
2024-03-24T11:10:43.063 INFO:teuthology.orchestra.run.smithi100.stdout:/usr/bin/ceph: stderr
2024-03-24T11:10:42.204+0000 7fc1824ce700 1 --2- >> [v2:172.21.15.100:3300/0,v1:172.21.15.100:6789/0] conn(0x7fc17c102720 0x7fc17c111580 unknown :-1 s=BANNER_CONNECTING pgs=0 cs=0 l=1 rev1=0 crypto rx=0 tx=0 comp rx=0 tx=0)._handle_peer_banner_payload supported=3 required=0
2024-03-24T11:10:43.063 INFO:teuthology.orchestra.run.smithi100.stdout:/usr/bin/ceph: stderr
2024-03-24T11:10:42.204+0000 7fc1824ce700 1 --2- >> [v2:172.21.15.100:3300/0,v1:172.21.15.100:6789/0] conn(0x7fc17c102720 0x7fc17c111580 unknown :-1 s=HELLO_CONNECTING pgs=0 cs=0 l=1 rev1=1 crypto rx=0 tx=0 comp rx=0 tx=0).handle_hello peer v2:172.21.15.100:3300/0 says I am v2:172.21.15.100:40102/0 (socket says 172.21.15.100:40102)
2024-03-24T11:10:43.063 INFO:teuthology.orchestra.run.smithi100.stdout:/usr/bin/ceph: stderr
2024-03-24T11:10:42.204+0000 7fc1824ce700 1 -- 172.21.15.100:0/2228750701 learned_addr learned my addr 172.21.15.100:0/2228750701 (peer_addr_for_me v2:172.21.15.100:0/0)
2024-03-24T11:10:43.063 INFO:teuthology.orchestra.run.smithi100.stdout:/usr/bin/ceph: stderr
2024-03-24T11:10:42.204+0000 7fc1824ce700 1 -- 172.21.15.100:0/2228750701 --> [v2:172.21.15.100:3300/0,v1:172.21.15.100:6789/0] -- mon_subscribe({config=0+,monmap=0+}) v3 -- 0x7fc1780094f0 con 0x7fc17c102720
2024-03-24T11:10:43.063 INFO:teuthology.orchestra.run.smithi100.stdout:/usr/bin/ceph: stderr
2024-03-24T11:10:42.204+0000 7fc1824ce700 1 --2- 172.21.15.100:0/2228750701 >> [v2:172.21.15.100:3300/0,v1:172.21.15.100:6789/0] conn(0x7fc17c102720 0x7fc17c111580 secure :-1 s=READY pgs=70 cs=0 l=1 rev1=1 crypto rx=0x7fc178011680 tx=0x7fc178009250 comp rx=0 tx=0).ready entity=mon.0 client_cookie=0 server_cookie=0 in_seq=0 out_seq=0
2024-03-24T11:10:43.063 INFO:teuthology.orchestra.run.smithi100.stdout:/usr/bin/ceph: stderr
2024-03-24T11:10:42.204+0000 7fc172ffd700 1 -- 172.21.15.100:0/2228750701 <== mon.0 v2:172.21.15.100:3300/0 1 ==== mon_map magic: 0 v1 ==== 229+0+0 (secure 0 0 0) 0x7fc178010890 con 0x7fc17c102720
2024-03-24T11:10:43.063 INFO:teuthology.orchestra.run.smithi100.stdout:/usr/bin/ceph: stderr
2024-03-24T11:10:42.204+0000 7fc172ffd700 1 -- 172.21.15.100:0/2228750701 <== mon.0 v2:172.21.15.100:3300/0 2 ==== config(27 keys) v1 ==== 1109+0+0 (secure 0 0 0) 0x7fc178010ec0 con 0x7fc17c102720
2024-03-24T11:10:43.063 INFO:teuthology.orchestra.run.smithi100.stdout:/usr/bin/ceph: stderr
2024-03-24T11:10:42.204+0000 7fc172ffd700 1 -- 172.21.15.100:0/2228750701 <== mon.0 v2:172.21.15.100:3300/0 3 ==== mon_map magic: 0 v1 ==== 229+0+0 (secure 0 0 0) 0x7fc1780243f0 con 0x7fc17c102720
2024-03-24T11:10:43.063 INFO:teuthology.orchestra.run.smithi100.stdout:/usr/bin/ceph: stderr
2024-03-24T11:10:42.204+0000 7fc184732700 1 -- 172.21.15.100:0/2228750701 --> [v2:172.21.15.100:3300/0,v1:172.21.15.100:6789/0] -- mon_subscribe({mgrmap=0+}) v3 -- 0x7fc17c111cc0 con 0x7fc17c102720
2024-03-24T11:10:43.063 INFO:teuthology.orchestra.run.smithi100.stdout:/usr/bin/ceph: stderr
2024-03-24T11:10:42.204+0000 7fc184732700 1 -- 172.21.15.100:0/2228750701 --> [v2:172.21.15.100:3300/0,v1:172.21.15.100:6789/0] -- mon_subscribe({osdmap=0}) v3 -- 0x7fc17c112830 con 0x7fc17c102720
2024-03-24T11:10:43.063 INFO:teuthology.orchestra.run.smithi100.stdout:/usr/bin/ceph: stderr
2024-03-24T11:10:42.205+0000 7fc172ffd700 1 -- 172.21.15.100:0/2228750701 <== mon.0 v2:172.21.15.100:3300/0 4 ==== mgrmap(e 9) v1 ==== 43381+0+0 (secure 0 0 0) 0x7fc17802d3f0 con 0x7fc17c102720
2024-03-24T11:10:43.064 INFO:teuthology.orchestra.run.smithi100.stdout:/usr/bin/ceph: stderr
2024-03-24T11:10:42.205+0000 7fc172ffd700 1 --2- 172.21.15.100:0/2228750701 >> [v2:172.21.15.100:6800/1790161450,v1:172.21.15.100:6801/1790161450] conn(0x7fc168036830 0x7fc168038ce0 unknown :-1 s=NONE pgs=0 cs=0 l=1 rev1=0 crypto rx=0 tx=0 comp rx=0 tx=0).connect
2024-03-24T11:10:43.064 INFO:teuthology.orchestra.run.smithi100.stdout:/usr/bin/ceph: stderr
2024-03-24T11:10:42.205+0000 7fc172ffd700 1 -- 172.21.15.100:0/2228750701 <== mon.0 v2:172.21.15.100:3300/0 5 ==== osd_map(2..2 src has 1..2) v4 ==== 936+0+0 (secure 0 0 0) 0x7fc17804a240 con 0x7fc17c102720
2024-03-24T11:10:43.064 INFO:teuthology.orchestra.run.smithi100.stdout:/usr/bin/ceph: stderr
2024-03-24T11:10:42.205+0000 7fc181ccd700 1 -- 172.21.15.100:0/2228750701 >> [v2:172.21.15.100:6800/1790161450,v1:172.21.15.100:6801/1790161450] conn(0x7fc168036830 msgr2=0x7fc168038ce0 unknown :-1 s=STATE_CONNECTING_RE l=1).process reconnect failed to v2:172.21.15.100:6800/1790161450
2024-03-24T11:10:43.064 INFO:teuthology.orchestra.run.smithi100.stdout:/usr/bin/ceph: stderr
2024-03-24T11:10:42.205+0000 7fc181ccd700 1 --2- 172.21.15.100:0/2228750701 >> [v2:172.21.15.100:6800/1790161450,v1:172.21.15.100:6801/1790161450] conn(0x7fc168036830 0x7fc168038ce0 unknown :-1 s=START_CONNECT pgs=0 cs=0 l=1 rev1=0 crypto rx=0 tx=0 comp rx=0 tx=0)._fault waiting 0.200000
2024-03-24T11:10:43.064 INFO:teuthology.orchestra.run.smithi100.stdout:/usr/bin/ceph: stderr
2024-03-24T11:10:42.205+0000 7fc184732700 1 -- 172.21.15.100:0/2228750701 --> [v2:172.21.15.100:3300/0,v1:172.21.15.100:6789/0] -- mon_command({"prefix": "get_command_descriptions"} v 0) v1 -- 0x7fc17c05f5f0 con 0x7fc17c102720
2024-03-24T11:10:43.064 INFO:teuthology.orchestra.run.smithi100.stdout:/usr/bin/ceph: stderr
2024-03-24T11:10:42.210+0000 7fc172ffd700 1 -- 172.21.15.100:0/2228750701 <== mon.0 v2:172.21.15.100:3300/0 6 ==== mon_command_ack([{"prefix": "get_command_descriptions"}]=0 v0) v1 ==== 72+0+176504 (secure 0 0 0) 0x7fc17802b8e0 con 0x7fc17c102720
2024-03-24T11:10:43.064 INFO:teuthology.orchestra.run.smithi100.stdout:/usr/bin/ceph: stderr
2024-03-24T11:10:42.406+0000 7fc181ccd700 1 -- 172.21.15.100:0/2228750701 >> [v2:172.21.15.100:6800/1790161450,v1:172.21.15.100:6801/1790161450] conn(0x7fc168036830 msgr2=0x7fc168038ce0 unknown :-1 s=STATE_CONNECTING_RE l=1).process reconnect failed to v2:172.21.15.100:6800/1790161450
2024-03-24T11:10:43.064 INFO:teuthology.orchestra.run.smithi100.stdout:/usr/bin/ceph: stderr
2024-03-24T11:10:42.406+0000 7fc181ccd700 1 --2- 172.21.15.100:0/2228750701 >> [v2:172.21.15.100:6800/1790161450,v1:172.21.15.100:6801/1790161450] conn(0x7fc168036830 0x7fc168038ce0 unknown :-1 s=START_CONNECT pgs=0 cs=0 l=1 rev1=0 crypto rx=0 tx=0 comp rx=0 tx=0)._fault waiting 0.400000
2024-03-24T11:10:43.064 INFO:teuthology.orchestra.run.smithi100.stdout:/usr/bin/ceph: stderr
2024-03-24T11:10:42.471+0000 7fc184732700 1 -- 172.21.15.100:0/2228750701 --> [v2:172.21.15.100:3300/0,v1:172.21.15.100:6789/0] -- mon_command({"prefix": "mgr stat"} v 0) v1 -- 0x7fc17c112a70 con 0x7fc17c102720
2024-03-24T11:10:43.064 INFO:teuthology.orchestra.run.smithi100.stdout:/usr/bin/ceph: stderr
2024-03-24T11:10:42.471+0000 7fc172ffd700 1 -- 172.21.15.100:0/2228750701 <== mon.0 v2:172.21.15.100:3300/0 7 ==== mon_command_ack([{"prefix": "mgr stat"}]=0 v9) v1 ==== 56+0+103 (secure 0 0 0) 0x7fc17802c350 con 0x7fc17c102720
2024-03-24T11:10:43.064 INFO:teuthology.orchestra.run.smithi100.stdout:/usr/bin/ceph: stderr
2024-03-24T11:10:42.473+0000 7fc184732700 1 -- 172.21.15.100:0/2228750701 >> [v2:172.21.15.100:6800/1790161450,v1:172.21.15.100:6801/1790161450] conn(0x7fc168036830 msgr2=0x7fc168038ce0 unknown :-1 s=STATE_CONNECTING l=1).mark_down
2024-03-24T11:10:43.064 INFO:teuthology.orchestra.run.smithi100.stdout:/usr/bin/ceph: stderr
2024-03-24T11:10:42.473+0000 7fc184732700 1 --2- 172.21.15.100:0/2228750701 >> [v2:172.21.15.100:6800/1790161450,v1:172.21.15.100:6801/1790161450] conn(0x7fc168036830 0x7fc168038ce0 unknown :-1 s=START_CONNECT pgs=0 cs=0 l=1 rev1=0 crypto rx=0 tx=0 comp rx=0 tx=0).stop
2024-03-24T11:10:43.064 INFO:teuthology.orchestra.run.smithi100.stdout:/usr/bin/ceph: stderr
2024-03-24T11:10:42.473+0000 7fc184732700 1 -- 172.21.15.100:0/2228750701 >> [v2:172.21.15.100:3300/0,v1:172.21.15.100:6789/0] conn(0x7fc17c102720 msgr2=0x7fc17c111580 secure :-1 s=STATE_CONNECTION_ESTABLISHED l=1).mark_down
2024-03-24T11:10:43.064 INFO:teuthology.orchestra.run.smithi100.stdout:/usr/bin/ceph: stderr
2024-03-24T11:10:42.473+0000 7fc184732700 1 --2- 172.21.15.100:0/2228750701 >> [v2:172.21.15.100:3300/0,v1:172.21.15.100:6789/0] conn(0x7fc17c102720 0x7fc17c111580 secure :-1 s=READY pgs=70 cs=0 l=1 rev1=1 crypto rx=0x7fc178011680 tx=0x7fc178009250 comp rx=0 tx=0).stop
2024-03-24T11:10:43.065 INFO:teuthology.orchestra.run.smithi100.stdout:/usr/bin/ceph: stderr
2024-03-24T11:10:42.473+0000 7fc184732700 1 -- 172.21.15.100:0/2228750701 shutdown_connections
2024-03-24T11:10:43.065 INFO:teuthology.orchestra.run.smithi100.stdout:/usr/bin/ceph: stderr
2024-03-24T11:10:42.473+0000 7fc184732700 1 --2- 172.21.15.100:0/2228750701 >> [v2:172.21.15.100:6800/1790161450,v1:172.21.15.100:6801/1790161450] conn(0x7fc168036830 0x7fc168038ce0 unknown :-1 s=CLOSED pgs=0 cs=0 l=1 rev1=0 crypto rx=0 tx=0 comp rx=0 tx=0).stop
2024-03-24T11:10:43.065 INFO:teuthology.orchestra.run.smithi100.stdout:/usr/bin/ceph: stderr
2024-03-24T11:10:42.473+0000 7fc184732700 1 --2- 172.21.15.100:0/2228750701 >> [v2:172.21.15.100:3300/0,v1:172.21.15.100:6789/0] conn(0x7fc17c102720 0x7fc17c111580 unknown :-1 s=CLOSED pgs=70 cs=0 l=1 rev1=1 crypto rx=0 tx=0 comp rx=0 tx=0).stop
2024-03-24T11:10:43.065 INFO:teuthology.orchestra.run.smithi100.stdout:/usr/bin/ceph: stderr
2024-03-24T11:10:42.473+0000 7fc184732700 1 -- 172.21.15.100:0/2228750701 >> 172.21.15.100:0/2228750701 conn(0x7fc17c0fdee0 msgr2=0x7fc17c0fea80 unknown :-1 s=STATE_NONE l=0).mark_down
2024-03-24T11:10:43.065 INFO:teuthology.orchestra.run.smithi100.stdout:/usr/bin/ceph: stderr
2024-03-24T11:10:42.473+0000 7fc184732700 1 -- 172.21.15.100:0/2228750701 shutdown_connections
2024-03-24T11:10:43.065 INFO:teuthology.orchestra.run.smithi100.stdout:/usr/bin/ceph: stderr
2024-03-24T11:10:42.473+0000 7fc184732700 1 -- 172.21.15.100:0/2228750701 wait complete.
2024-03-24T11:10:43.065 INFO:teuthology.orchestra.run.smithi100.stdout:Waiting for the mgr to restart...
2024-03-24T11:10:43.065 INFO:teuthology.orchestra.run.smithi100.stdout:Waiting for mgr epoch 9...
2024-03-24T11:10:43.380 INFO:journalctl@ceph.mon.smithi100.smithi100.stdout:Mar 24 11:10:43 smithi100 ceph-mon[28941]: from='client.? 172.21.15.100:0/2228750701' entity='client.admin' cmd=[{"prefix": "mgr stat"}]: dispatch
2024-03-24T11:10:48.143 INFO:journalctl@ceph.mon.smithi100.smithi100.stdout:Mar 24 11:10:47 smithi100 ceph-mon[28941]: Active manager daemon smithi100.smxgyi restarted
2024-03-24T11:10:48.143 INFO:journalctl@ceph.mon.smithi100.smithi100.stdout:Mar 24 11:10:47 smithi100 ceph-mon[28941]: Activating manager daemon smithi100.smxgyi
2024-03-24T11:10:48.143 INFO:journalctl@ceph.mon.smithi100.smithi100.stdout:Mar 24 11:10:47 smithi100 ceph-mon[28941]: osdmap e3: 0 total, 0 up, 0 in
2024-03-24T11:10:48.143 INFO:journalctl@ceph.mon.smithi100.smithi100.stdout:Mar 24 11:10:47 smithi100 ceph-mon[28941]: mgrmap e10: smithi100.smxgyi(active, starting, since 0.00295925s)
2024-03-24T11:10:48.143 INFO:journalctl@ceph.mon.smithi100.smithi100.stdout:Mar 24 11:10:47 smithi100 ceph-mon[28941]: from='mgr.14162 172.21.15.100:0/2851182171' entity='mgr.smithi100.smxgyi' cmd=[{"prefix": "mon metadata", "id": "smithi100"}]: dispatch
2024-03-24T11:10:48.143 INFO:journalctl@ceph.mon.smithi100.smithi100.stdout:Mar 24 11:10:47 smithi100 ceph-mon[28941]: from='mgr.14162 172.21.15.100:0/2851182171' entity='mgr.smithi100.smxgyi' cmd=[{"prefix": "mgr metadata", "who": "smithi100.smxgyi", "id": "smithi100.smxgyi"}]: dispatch
2024-03-24T11:10:48.143 INFO:journalctl@ceph.mon.smithi100.smithi100.stdout:Mar 24 11:10:47 smithi100 ceph-mon[28941]: from='mgr.14162 172.21.15.100:0/2851182171' entity='mgr.smithi100.smxgyi' cmd=[{"prefix": "mds metadata"}]: dispatch
2024-03-24T11:10:48.143 INFO:journalctl@ceph.mon.smithi100.smithi100.stdout:Mar 24 11:10:47 smithi100 ceph-mon[28941]: from='mgr.14162 172.21.15.100:0/2851182171' entity='mgr.smithi100.smxgyi' cmd=[{"prefix": "osd metadata"}]: dispatch
2024-03-24T11:10:48.143 INFO:journalctl@ceph.mon.smithi100.smithi100.stdout:Mar 24 11:10:47 smithi100 ceph-mon[28941]: from='mgr.14162 172.21.15.100:0/2851182171' entity='mgr.smithi100.smxgyi' cmd=[{"prefix": "mon metadata"}]: dispatch
2024-03-24T11:10:48.143 INFO:journalctl@ceph.mon.smithi100.smithi100.stdout:Mar 24 11:10:47 smithi100 ceph-mon[28941]: Manager daemon smithi100.smxgyi is now available
2024-03-24T11:10:48.143 INFO:journalctl@ceph.mon.smithi100.smithi100.stdout:Mar 24 11:10:47 smithi100 ceph-mon[28941]: from='mgr.14162 172.21.15.100:0/2851182171' entity='mgr.smithi100.smxgyi' cmd=[{"prefix": "config dump", "format": "json"}]: dispatch
2024-03-24T11:10:48.144 INFO:journalctl@ceph.mon.smithi100.smithi100.stdout:Mar 24 11:10:47 smithi100 ceph-mon[28941]: from='mgr.14162 172.21.15.100:0/2851182171' entity='mgr.smithi100.smxgyi' cmd=[{"prefix": "config dump", "format": "json"}]: dispatch
2024-03-24T11:10:48.976 INFO:journalctl@ceph.mon.smithi100.smithi100.stdout:Mar 24 11:10:48 smithi100 ceph-mon[28941]: from='mgr.14162 172.21.15.100:0/2851182171' entity='mgr.smithi100.smxgyi' cmd=[{"prefix":"config rm","who":"mgr","name":"mgr/rbd_support/smithi100.smxgyi/mirror_snapshot_schedule"}]: dispatch
2024-03-24T11:10:48.977 INFO:journalctl@ceph.mon.smithi100.smithi100.stdout:Mar 24 11:10:48 smithi100 ceph-mon[28941]: from='mgr.14162 172.21.15.100:0/2851182171' entity='mgr.smithi100.smxgyi' cmd=[{"prefix":"config rm","who":"mgr","name":"mgr/rbd_support/smithi100.smxgyi/trash_purge_schedule"}]: dispatch
2024-03-24T11:10:48.977 INFO:journalctl@ceph.mon.smithi100.smithi100.stdout:Mar 24 11:10:48 smithi100 ceph-mon[28941]: [24/Mar/2024:11:10:47] ENGINE Bus STARTING
2024-03-24T11:10:48.977 INFO:journalctl@ceph.mon.smithi100.smithi100.stdout:Mar 24 11:10:48 smithi100 ceph-mon[28941]: [24/Mar/2024:11:10:47] ENGINE Serving on https://172.21.15.100:7150
2024-03-24T11:10:48.977 INFO:journalctl@ceph.mon.smithi100.smithi100.stdout:Mar 24 11:10:48 smithi100 ceph-mon[28941]: [24/Mar/2024:11:10:47] ENGINE Bus STARTED
2024-03-24T11:10:48.977 INFO:journalctl@ceph.mon.smithi100.smithi100.stdout:Mar 24 11:10:48 smithi100 ceph-mon[28941]: from='mgr.14162 172.21.15.100:0/2851182171' entity='mgr.smithi100.smxgyi'
2024-03-24T11:10:48.977 INFO:journalctl@ceph.mon.smithi100.smithi100.stdout:Mar 24 11:10:48 smithi100 ceph-mon[28941]: mgrmap e11: smithi100.smxgyi(active, since 1.00562s)
2024-03-24T11:10:49.270 INFO:teuthology.orchestra.run.smithi100.stdout:/usr/bin/ceph: stdout {
2024-03-24T11:10:49.270 INFO:teuthology.orchestra.run.smithi100.stdout:/usr/bin/ceph: stdout "mgrmap_epoch": 11,
2024-03-24T11:10:49.271 INFO:teuthology.orchestra.run.smithi100.stdout:/usr/bin/ceph: stdout "initialized": true
2024-03-24T11:10:49.271 INFO:teuthology.orchestra.run.smithi100.stdout:/usr/bin/ceph: stdout }
2024-03-24T11:10:49.271 INFO:teuthology.orchestra.run.smithi100.stdout:/usr/bin/ceph: stderr
2024-03-24T11:10:43.484+0000 7f1e0a915700 1 Processor -- start
2024-03-24T11:10:49.271 INFO:teuthology.orchestra.run.smithi100.stdout:/usr/bin/ceph: stderr
2024-03-24T11:10:43.484+0000 7f1e0a915700 1 -- start start
2024-03-24T11:10:49.271 INFO:teuthology.orchestra.run.smithi100.stdout:/usr/bin/ceph: stderr
2024-03-24T11:10:43.484+0000 7f1e0a915700 1 --2- >> [v2:172.21.15.100:3300/0,v1:172.21.15.100:6789/0] conn(0x7f1e041015d0 0x7f1e041019e0 unknown :-1 s=NONE pgs=0 cs=0 l=0 rev1=0 crypto rx=0 tx=0 comp rx=0 tx=0).connect
2024-03-24T11:10:49.271 INFO:teuthology.orchestra.run.smithi100.stdout:/usr/bin/ceph: stderr
2024-03-24T11:10:43.484+0000 7f1e0a915700 1 -- --> [v2:172.21.15.100:3300/0,v1:172.21.15.100:6789/0] -- mon_getmap magic: 0 v1 -- 0x7f1e04101f20 con 0x7f1e041015d0
2024-03-24T11:10:49.271 INFO:teuthology.orchestra.run.smithi100.stdout:/usr/bin/ceph: stderr
2024-03-24T11:10:43.484+0000 7f1e03fff700 1 --2- >> [v2:172.21.15.100:3300/0,v1:172.21.15.100:6789/0] conn(0x7f1e041015d0 0x7f1e041019e0 unknown :-1 s=BANNER_CONNECTING pgs=0 cs=0 l=0 rev1=0 crypto rx=0 tx=0 comp rx=0 tx=0)._handle_peer_banner_payload supported=3 required=0
2024-03-24T11:10:49.271 INFO:teuthology.orchestra.run.smithi100.stdout:/usr/bin/ceph: stderr
2024-03-24T11:10:43.484+0000 7f1e03fff700 1 --2- >> [v2:172.21.15.100:3300/0,v1:172.21.15.100:6789/0] conn(0x7f1e041015d0 0x7f1e041019e0 unknown :-1 s=HELLO_CONNECTING pgs=0 cs=0 l=0 rev1=1 crypto rx=0 tx=0 comp rx=0 tx=0).handle_hello peer v2:172.21.15.100:3300/0 says I am v2:172.21.15.100:40108/0 (socket says 172.21.15.100:40108)
2024-03-24T11:10:49.271 INFO:teuthology.orchestra.run.smithi100.stdout:/usr/bin/ceph: stderr
2024-03-24T11:10:43.484+0000 7f1e03fff700 1 -- 172.21.15.100:0/977218989 learned_addr learned my addr 172.21.15.100:0/977218989 (peer_addr_for_me v2:172.21.15.100:0/0)
2024-03-24T11:10:49.271 INFO:teuthology.orchestra.run.smithi100.stdout:/usr/bin/ceph: stderr
2024-03-24T11:10:43.484+0000 7f1e03fff700 1 -- 172.21.15.100:0/977218989 --> [v2:172.21.15.100:3300/0,v1:172.21.15.100:6789/0] -- mon_subscribe({config=0+,monmap=0+}) v3 -- 0x7f1e04102060 con 0x7f1e041015d0
2024-03-24T11:10:49.271 INFO:teuthology.orchestra.run.smithi100.stdout:/usr/bin/ceph: stderr
2024-03-24T11:10:43.485+0000 7f1e03fff700 1 --2- 172.21.15.100:0/977218989 >> [v2:172.21.15.100:3300/0,v1:172.21.15.100:6789/0] conn(0x7f1e041015d0 0x7f1e041019e0 secure :-1 s=READY pgs=71 cs=0 l=1 rev1=1 crypto rx=0x7f1df400bb80 tx=0x7f1df400b4f0 comp rx=0 tx=0).ready entity=mon.0 client_cookie=b2e6e871dfb44ba7 server_cookie=0 in_seq=0 out_seq=0
2024-03-24T11:10:49.271 INFO:teuthology.orchestra.run.smithi100.stdout:/usr/bin/ceph: stderr
2024-03-24T11:10:43.485+0000 7f1e02ffd700 1 -- 172.21.15.100:0/977218989 <== mon.0 v2:172.21.15.100:3300/0 1 ==== mon_map magic: 0 v1 ==== 229+0+0 (secure 0 0 0) 0x7f1df400dd00 con 0x7f1e041015d0
2024-03-24T11:10:49.271 INFO:teuthology.orchestra.run.smithi100.stdout:/usr/bin/ceph: stderr
2024-03-24T11:10:43.485+0000 7f1e02ffd700 1 -- 172.21.15.100:0/977218989 <== mon.0 v2:172.21.15.100:3300/0 2 ==== config(27 keys) v1 ==== 1109+0+0 (secure 0 0 0) 0x7f1df400de60 con 0x7f1e041015d0
2024-03-24T11:10:49.272 INFO:teuthology.orchestra.run.smithi100.stdout:/usr/bin/ceph: stderr
2024-03-24T11:10:43.485+0000 7f1e02ffd700 1 -- 172.21.15.100:0/977218989 <== mon.0 v2:172.21.15.100:3300/0 3 ==== mon_map magic: 0 v1 ==== 229+0+0 (secure 0 0 0) 0x7f1df4018920 con 0x7f1e041015d0
2024-03-24T11:10:49.272 INFO:teuthology.orchestra.run.smithi100.stdout:/usr/bin/ceph: stderr
2024-03-24T11:10:43.485+0000 7f1e0a915700 1 -- 172.21.15.100:0/977218989 >> [v2:172.21.15.100:3300/0,v1:172.21.15.100:6789/0] conn(0x7f1e041015d0 msgr2=0x7f1e041019e0 secure :-1 s=STATE_CONNECTION_ESTABLISHED l=1).mark_down
2024-03-24T11:10:49.272 INFO:teuthology.orchestra.run.smithi100.stdout:/usr/bin/ceph: stderr
2024-03-24T11:10:43.485+0000 7f1e0a915700 1 --2- 172.21.15.100:0/977218989 >> [v2:172.21.15.100:3300/0,v1:172.21.15.100:6789/0] conn(0x7f1e041015d0 0x7f1e041019e0 secure :-1 s=READY pgs=71 cs=0 l=1 rev1=1 crypto rx=0x7f1df400bb80 tx=0x7f1df400b4f0 comp rx=0 tx=0).stop
2024-03-24T11:10:49.272 INFO:teuthology.orchestra.run.smithi100.stdout:/usr/bin/ceph: stderr
2024-03-24T11:10:43.485+0000 7f1e0a915700 1 -- 172.21.15.100:0/977218989 shutdown_connections
2024-03-24T11:10:49.272 INFO:teuthology.orchestra.run.smithi100.stdout:/usr/bin/ceph: stderr
2024-03-24T11:10:43.485+0000 7f1e0a915700 1 --2- 172.21.15.100:0/977218989 >> [v2:172.21.15.100:3300/0,v1:172.21.15.100:6789/0] conn(0x7f1e041015d0 0x7f1e041019e0 unknown :-1 s=CLOSED pgs=71 cs=0 l=1 rev1=1 crypto rx=0 tx=0 comp rx=0 tx=0).stop
2024-03-24T11:10:49.272 INFO:teuthology.orchestra.run.smithi100.stdout:/usr/bin/ceph: stderr
2024-03-24T11:10:43.485+0000 7f1e0a915700 1 -- 172.21.15.100:0/977218989 >> 172.21.15.100:0/977218989 conn(0x7f1e040fcd50 msgr2=0x7f1e040ff160 unknown :-1 s=STATE_NONE l=0).mark_down
2024-03-24T11:10:49.272 INFO:teuthology.orchestra.run.smithi100.stdout:/usr/bin/ceph: stderr
2024-03-24T11:10:43.486+0000 7f1e0a915700 1 -- 172.21.15.100:0/977218989 shutdown_connections
2024-03-24T11:10:49.272 INFO:teuthology.orchestra.run.smithi100.stdout:/usr/bin/ceph: stderr
2024-03-24T11:10:43.486+0000 7f1e0a915700 1 -- 172.21.15.100:0/977218989 wait complete.
2024-03-24T11:10:49.272 INFO:teuthology.orchestra.run.smithi100.stdout:/usr/bin/ceph: stderr
2024-03-24T11:10:43.486+0000 7f1e0a915700 1 Processor -- start
2024-03-24T11:10:49.272 INFO:teuthology.orchestra.run.smithi100.stdout:/usr/bin/ceph: stderr
2024-03-24T11:10:43.486+0000 7f1e0a915700 1 -- start start
2024-03-24T11:10:49.272 INFO:teuthology.orchestra.run.smithi100.stdout:/usr/bin/ceph: stderr
2024-03-24T11:10:43.486+0000 7f1e0a915700 1 --2- >> [v2:172.21.15.100:3300/0,v1:172.21.15.100:6789/0] conn(0x7f1e041015d0 0x7f1e041137b0 unknown :-1 s=NONE pgs=0 cs=0 l=1 rev1=0 crypto rx=0 tx=0 comp rx=0 tx=0).connect
2024-03-24T11:10:49.272 INFO:teuthology.orchestra.run.smithi100.stdout:/usr/bin/ceph: stderr
2024-03-24T11:10:43.486+0000 7f1e0a915700 1 -- --> [v2:172.21.15.100:3300/0,v1:172.21.15.100:6789/0] -- mon_getmap magic: 0 v1 -- 0x7f1e04113cf0 con 0x7f1e041015d0
2024-03-24T11:10:49.272 INFO:teuthology.orchestra.run.smithi100.stdout:/usr/bin/ceph: stderr
2024-03-24T11:10:43.486+0000 7f1e03fff700 1 --2- >> [v2:172.21.15.100:3300/0,v1:172.21.15.100:6789/0] conn(0x7f1e041015d0 0x7f1e041137b0 unknown :-1 s=BANNER_CONNECTING pgs=0 cs=0 l=1 rev1=0 crypto rx=0 tx=0 comp rx=0 tx=0)._handle_peer_banner_payload supported=3 required=0
2024-03-24T11:10:49.272 INFO:teuthology.orchestra.run.smithi100.stdout:/usr/bin/ceph: stderr
2024-03-24T11:10:43.486+0000 7f1e03fff700 1 --2- >> [v2:172.21.15.100:3300/0,v1:172.21.15.100:6789/0] conn(0x7f1e041015d0 0x7f1e041137b0 unknown :-1 s=HELLO_CONNECTING pgs=0 cs=0 l=1 rev1=1 crypto rx=0 tx=0 comp rx=0 tx=0).handle_hello peer v2:172.21.15.100:3300/0 says I am v2:172.21.15.100:40124/0 (socket says 172.21.15.100:40124)
2024-03-24T11:10:49.272 INFO:teuthology.orchestra.run.smithi100.stdout:/usr/bin/ceph: stderr
2024-03-24T11:10:43.486+0000 7f1e03fff700 1 -- 172.21.15.100:0/1132237116 learned_addr learned my addr 172.21.15.100:0/1132237116 (peer_addr_for_me v2:172.21.15.100:0/0)
2024-03-24T11:10:49.273 INFO:teuthology.orchestra.run.smithi100.stdout:/usr/bin/ceph: stderr
2024-03-24T11:10:43.487+0000 7f1e03fff700 1 -- 172.21.15.100:0/1132237116 --> [v2:172.21.15.100:3300/0,v1:172.21.15.100:6789/0] -- mon_subscribe({config=0+,monmap=0+}) v3 -- 0x7f1df400b790 con 0x7f1e041015d0
2024-03-24T11:10:49.273 INFO:teuthology.orchestra.run.smithi100.stdout:/usr/bin/ceph: stderr
2024-03-24T11:10:43.487+0000 7f1e03fff700 1 --2- 172.21.15.100:0/1132237116 >> [v2:172.21.15.100:3300/0,v1:172.21.15.100:6789/0] conn(0x7f1e041015d0 0x7f1e041137b0 secure :-1 s=READY pgs=72 cs=0 l=1 rev1=1 crypto rx=0x7f1df40106a0 tx=0x7f1df400b4f0 comp rx=0 tx=0).ready entity=mon.0 client_cookie=0 server_cookie=0 in_seq=0 out_seq=0
2024-03-24T11:10:49.273 INFO:teuthology.orchestra.run.smithi100.stdout:/usr/bin/ceph: stderr
2024-03-24T11:10:43.487+0000 7f1e00ff9700 1 -- 172.21.15.100:0/1132237116 <== mon.0 v2:172.21.15.100:3300/0 1 ==== mon_map magic: 0 v1 ==== 229+0+0 (secure 0 0 0) 0x7f1df4018e90 con 0x7f1e041015d0
2024-03-24T11:10:49.273 INFO:teuthology.orchestra.run.smithi100.stdout:/usr/bin/ceph: stderr
2024-03-24T11:10:43.487+0000 7f1e0a915700 1 -- 172.21.15.100:0/1132237116 --> [v2:172.21.15.100:3300/0,v1:172.21.15.100:6789/0] -- mon_subscribe({mgrmap=0+}) v3 -- 0x7f1e04113ef0 con 0x7f1e041015d0
2024-03-24T11:10:49.273 INFO:teuthology.orchestra.run.smithi100.stdout:/usr/bin/ceph: stderr
2024-03-24T11:10:43.487+0000 7f1e00ff9700 1 -- 172.21.15.100:0/1132237116 <== mon.0 v2:172.21.15.100:3300/0 2 ==== config(27 keys) v1 ==== 1109+0+0 (secure 0 0 0) 0x7f1df400dc70 con 0x7f1e041015d0
2024-03-24T11:10:49.273 INFO:teuthology.orchestra.run.smithi100.stdout:/usr/bin/ceph: stderr
2024-03-24T11:10:43.487+0000 7f1e00ff9700 1 -- 172.21.15.100:0/1132237116 <== mon.0 v2:172.21.15.100:3300/0 3 ==== mon_map magic: 0 v1 ==== 229+0+0 (secure 0 0 0) 0x7f1df4021550 con 0x7f1e041015d0
2024-03-24T11:10:49.273 INFO:teuthology.orchestra.run.smithi100.stdout:/usr/bin/ceph: stderr
2024-03-24T11:10:43.487+0000 7f1e0a915700 1 -- 172.21.15.100:0/1132237116 --> [v2:172.21.15.100:3300/0,v1:172.21.15.100:6789/0] -- mon_subscribe({osdmap=0}) v3 -- 0x7f1e04114a60 con 0x7f1e041015d0
2024-03-24T11:10:49.273 INFO:teuthology.orchestra.run.smithi100.stdout:/usr/bin/ceph: stderr
2024-03-24T11:10:43.488+0000 7f1e00ff9700 1 -- 172.21.15.100:0/1132237116 <== mon.0 v2:172.21.15.100:3300/0 4 ==== mgrmap(e 9) v1 ==== 43381+0+0 (secure 0 0 0) 0x7f1df40217d0 con 0x7f1e041015d0
2024-03-24T11:10:49.273 INFO:teuthology.orchestra.run.smithi100.stdout:/usr/bin/ceph: stderr
2024-03-24T11:10:43.488+0000 7f1e00ff9700 1 --2- 172.21.15.100:0/1132237116 >> [v2:172.21.15.100:6800/1790161450,v1:172.21.15.100:6801/1790161450] conn(0x7f1dec0367e0 0x7f1dec038c90 unknown :-1 s=NONE pgs=0 cs=0 l=1 rev1=0 crypto rx=0 tx=0 comp rx=0 tx=0).connect
2024-03-24T11:10:49.273 INFO:teuthology.orchestra.run.smithi100.stdout:/usr/bin/ceph: stderr
2024-03-24T11:10:43.488+0000 7f1e00ff9700 1 -- 172.21.15.100:0/1132237116 --> [v2:172.21.15.100:6800/1790161450,v1:172.21.15.100:6801/1790161450] -- command(tid 0: {"prefix": "get_command_descriptions"}) v1 -- 0x7f1df4018e90 con 0x7f1dec0367e0
2024-03-24T11:10:49.273 INFO:teuthology.orchestra.run.smithi100.stdout:/usr/bin/ceph: stderr
2024-03-24T11:10:43.488+0000 7f1e00ff9700 1 -- 172.21.15.100:0/1132237116 <== mon.0 v2:172.21.15.100:3300/0 5 ==== osd_map(2..2 src has 1..2) v4 ==== 936+0+0 (secure 0 0 0) 0x7f1df4014070 con 0x7f1e041015d0
2024-03-24T11:10:49.273 INFO:teuthology.orchestra.run.smithi100.stdout:/usr/bin/ceph: stderr
2024-03-24T11:10:43.488+0000 7f1e037fe700 1 -- 172.21.15.100:0/1132237116 >> [v2:172.21.15.100:6800/1790161450,v1:172.21.15.100:6801/1790161450] conn(0x7f1dec0367e0 msgr2=0x7f1dec038c90 unknown :-1 s=STATE_CONNECTING_RE l=1).process reconnect failed to v2:172.21.15.100:6800/1790161450
2024-03-24T11:10:49.273 INFO:teuthology.orchestra.run.smithi100.stdout:/usr/bin/ceph: stderr
2024-03-24T11:10:43.488+0000 7f1e037fe700 1 --2- 172.21.15.100:0/1132237116 >> [v2:172.21.15.100:6800/1790161450,v1:172.21.15.100:6801/1790161450] conn(0x7f1dec0367e0 0x7f1dec038c90 unknown :-1 s=START_CONNECT pgs=0 cs=0 l=1 rev1=0 crypto rx=0 tx=0 comp rx=0 tx=0)._fault waiting 0.200000
2024-03-24T11:10:49.273 INFO:teuthology.orchestra.run.smithi100.stdout:/usr/bin/ceph: stderr
2024-03-24T11:10:43.689+0000 7f1e037fe700 1 -- 172.21.15.100:0/1132237116 >> [v2:172.21.15.100:6800/1790161450,v1:172.21.15.100:6801/1790161450] conn(0x7f1dec0367e0 msgr2=0x7f1dec038c90 unknown :-1 s=STATE_CONNECTING_RE l=1).process reconnect failed to v2:172.21.15.100:6800/1790161450
2024-03-24T11:10:49.274 INFO:teuthology.orchestra.run.smithi100.stdout:/usr/bin/ceph: stderr
2024-03-24T11:10:43.689+0000 7f1e037fe700 1 --2- 172.21.15.100:0/1132237116 >> [v2:172.21.15.100:6800/1790161450,v1:172.21.15.100:6801/1790161450] conn(0x7f1dec0367e0 0x7f1dec038c90 unknown :-1 s=START_CONNECT pgs=0 cs=0 l=1 rev1=0 crypto rx=0 tx=0 comp rx=0 tx=0)._fault waiting 0.400000
2024-03-24T11:10:49.274 INFO:teuthology.orchestra.run.smithi100.stdout:/usr/bin/ceph: stderr
2024-03-24T11:10:44.090+0000 7f1e037fe700 1 -- 172.21.15.100:0/1132237116 >> [v2:172.21.15.100:6800/1790161450,v1:172.21.15.100:6801/1790161450] conn(0x7f1dec0367e0 msgr2=0x7f1dec038c90 unknown :-1 s=STATE_CONNECTING_RE l=1).process reconnect failed to v2:172.21.15.100:6800/1790161450
2024-03-24T11:10:49.274 INFO:teuthology.orchestra.run.smithi100.stdout:/usr/bin/ceph: stderr
2024-03-24T11:10:44.090+0000 7f1e037fe700 1 --2- 172.21.15.100:0/1132237116 >> [v2:172.21.15.100:6800/1790161450,v1:172.21.15.100:6801/1790161450] conn(0x7f1dec0367e0 0x7f1dec038c90 unknown :-1 s=START_CONNECT pgs=0 cs=0 l=1 rev1=0 crypto rx=0 tx=0 comp rx=0 tx=0)._fault waiting 0.800000
2024-03-24T11:10:49.274 INFO:teuthology.orchestra.run.smithi100.stdout:/usr/bin/ceph: stderr
2024-03-24T11:10:44.891+0000 7f1e037fe700 1 -- 172.21.15.100:0/1132237116 >> [v2:172.21.15.100:6800/1790161450,v1:172.21.15.100:6801/1790161450] conn(0x7f1dec0367e0 msgr2=0x7f1dec038c90 unknown :-1 s=STATE_CONNECTING_RE l=1).process reconnect failed to v2:172.21.15.100:6800/1790161450
2024-03-24T11:10:49.274 INFO:teuthology.orchestra.run.smithi100.stdout:/usr/bin/ceph: stderr
2024-03-24T11:10:44.891+0000 7f1e037fe700 1 --2- 172.21.15.100:0/1132237116 >> [v2:172.21.15.100:6800/1790161450,v1:172.21.15.100:6801/1790161450] conn(0x7f1dec0367e0 0x7f1dec038c90 unknown :-1 s=START_CONNECT pgs=0 cs=0 l=1 rev1=0 crypto rx=0 tx=0 comp rx=0 tx=0)._fault waiting 1.600000
2024-03-24T11:10:49.274 INFO:teuthology.orchestra.run.smithi100.stdout:/usr/bin/ceph: stderr
2024-03-24T11:10:46.493+0000 7f1e037fe700 1 -- 172.21.15.100:0/1132237116 >> [v2:172.21.15.100:6800/1790161450,v1:172.21.15.100:6801/1790161450] conn(0x7f1dec0367e0 msgr2=0x7f1dec038c90 unknown :-1 s=STATE_CONNECTING_RE l=1).process reconnect failed to v2:172.21.15.100:6800/1790161450
2024-03-24T11:10:49.274 INFO:teuthology.orchestra.run.smithi100.stdout:/usr/bin/ceph: stderr
2024-03-24T11:10:46.493+0000 7f1e037fe700 1 --2- 172.21.15.100:0/1132237116 >> [v2:172.21.15.100:6800/1790161450,v1:172.21.15.100:6801/1790161450] conn(0x7f1dec0367e0 0x7f1dec038c90 unknown :-1 s=START_CONNECT pgs=0 cs=0 l=1 rev1=0 crypto rx=0 tx=0 comp rx=0 tx=0)._fault waiting 3.200000
2024-03-24T11:10:49.274 INFO:teuthology.orchestra.run.smithi100.stdout:/usr/bin/ceph: stderr
2024-03-24T11:10:47.650+0000 7f1e00ff9700 1 -- 172.21.15.100:0/1132237116 <== mon.0 v2:172.21.15.100:3300/0 6 ==== mgrmap(e 10) v1 ==== 43148+0+0 (secure 0 0 0) 0x7f1df40229c0 con 0x7f1e041015d0
2024-03-24T11:10:49.274 INFO:teuthology.orchestra.run.smithi100.stdout:/usr/bin/ceph: stderr
2024-03-24T11:10:47.650+0000 7f1e00ff9700 1 -- 172.21.15.100:0/1132237116 >> [v2:172.21.15.100:6800/1790161450,v1:172.21.15.100:6801/1790161450] conn(0x7f1dec0367e0 msgr2=0x7f1dec038c90 unknown :-1 s=STATE_CONNECTING l=1).mark_down
2024-03-24T11:10:49.274 INFO:teuthology.orchestra.run.smithi100.stdout:/usr/bin/ceph: stderr
2024-03-24T11:10:47.650+0000 7f1e00ff9700 1 --2- 172.21.15.100:0/1132237116 >> [v2:172.21.15.100:6800/1790161450,v1:172.21.15.100:6801/1790161450] conn(0x7f1dec0367e0 0x7f1dec038c90 unknown :-1 s=START_CONNECT pgs=0 cs=0 l=1 rev1=0 crypto rx=0 tx=0 comp rx=0 tx=0).stop
2024-03-24T11:10:49.274 INFO:teuthology.orchestra.run.smithi100.stdout:/usr/bin/ceph: stderr
2024-03-24T11:10:48.651+0000 7f1e00ff9700 1 -- 172.21.15.100:0/1132237116 <== mon.0 v2:172.21.15.100:3300/0 7 ==== mgrmap(e 11) v1 ==== 43275+0+0 (secure 0 0 0) 0x7f1df401f940 con 0x7f1e041015d0
2024-03-24T11:10:49.274 INFO:teuthology.orchestra.run.smithi100.stdout:/usr/bin/ceph: stderr
2024-03-24T11:10:48.651+0000 7f1e00ff9700 1 --2- 172.21.15.100:0/1132237116 >> [v2:172.21.15.100:6800/1493018813,v1:172.21.15.100:6801/1493018813] conn(0x7f1dec039fe0 0x7f1dec03c3c0 unknown :-1 s=NONE pgs=0 cs=0 l=1 rev1=0 crypto rx=0 tx=0 comp rx=0 tx=0).connect
2024-03-24T11:10:49.274 INFO:teuthology.orchestra.run.smithi100.stdout:/usr/bin/ceph: stderr
2024-03-24T11:10:48.651+0000 7f1e00ff9700 1 -- 172.21.15.100:0/1132237116 --> [v2:172.21.15.100:6800/1493018813,v1:172.21.15.100:6801/1493018813] -- command(tid 0: {"prefix": "get_command_descriptions"}) v1 -- 0x7f1df4018e90 con 0x7f1dec039fe0
2024-03-24T11:10:49.274 INFO:teuthology.orchestra.run.smithi100.stdout:/usr/bin/ceph: stderr
2024-03-24T11:10:48.652+0000 7f1e037fe700 1 --2- 172.21.15.100:0/1132237116 >> [v2:172.21.15.100:6800/1493018813,v1:172.21.15.100:6801/1493018813] conn(0x7f1dec039fe0 0x7f1dec03c3c0 unknown :-1 s=BANNER_CONNECTING pgs=0 cs=0 l=1 rev1=0 crypto rx=0 tx=0 comp rx=0 tx=0)._handle_peer_banner_payload supported=3 required=0
2024-03-24T11:10:49.275 INFO:teuthology.orchestra.run.smithi100.stdout:/usr/bin/ceph: stderr
2024-03-24T11:10:48.652+0000 7f1e037fe700 1 --2- 172.21.15.100:0/1132237116 >> [v2:172.21.15.100:6800/1493018813,v1:172.21.15.100:6801/1493018813] conn(0x7f1dec039fe0 0x7f1dec03c3c0 secure :-1 s=READY pgs=1 cs=0 l=1 rev1=1 crypto rx=0x7f1df80039d0 tx=0x7f1df80092f0 comp rx=0 tx=0).ready entity=mgr.14162 client_cookie=0 server_cookie=0 in_seq=0 out_seq=0
2024-03-24T11:10:49.275 INFO:teuthology.orchestra.run.smithi100.stdout:/usr/bin/ceph: stderr
2024-03-24T11:10:48.653+0000 7f1e00ff9700 1 -- 172.21.15.100:0/1132237116 <== mgr.14162 v2:172.21.15.100:6800/1493018813 1 ==== command_reply(tid 0: 0 ) v1 ==== 8+0+6549 (secure 0 0 0) 0x7f1df4018e90 con 0x7f1dec039fe0
2024-03-24T11:10:49.275 INFO:teuthology.orchestra.run.smithi100.stdout:/usr/bin/ceph: stderr
2024-03-24T11:10:48.659+0000 7f1e0a915700 1 -- 172.21.15.100:0/1132237116 --> [v2:172.21.15.100:6800/1493018813,v1:172.21.15.100:6801/1493018813] -- command(tid 1: {"prefix": "mgr_status"}) v1 -- 0x7f1e04114380 con 0x7f1dec039fe0
2024-03-24T11:10:49.275 INFO:teuthology.orchestra.run.smithi100.stdout:/usr/bin/ceph: stderr
2024-03-24T11:10:48.659+0000 7f1e00ff9700 1 -- 172.21.15.100:0/1132237116 <== mgr.14162 v2:172.21.15.100:6800/1493018813 2 ==== command_reply(tid 1: 0 ) v1 ==== 8+0+52 (secure 0 0 0) 0x7f1e04114380 con 0x7f1dec039fe0
2024-03-24T11:10:49.275 INFO:teuthology.orchestra.run.smithi100.stdout:/usr/bin/ceph: stderr
2024-03-24T11:10:48.659+0000 7f1e0a915700 1 -- 172.21.15.100:0/1132237116 >> [v2:172.21.15.100:6800/1493018813,v1:172.21.15.100:6801/1493018813] conn(0x7f1dec039fe0 msgr2=0x7f1dec03c3c0 secure :-1 s=STATE_CONNECTION_ESTABLISHED l=1).mark_down
2024-03-24T11:10:49.275 INFO:teuthology.orchestra.run.smithi100.stdout:/usr/bin/ceph: stderr
2024-03-24T11:10:48.659+0000 7f1e0a915700 1 --2- 172.21.15.100:0/1132237116 >> [v2:172.21.15.100:6800/1493018813,v1:172.21.15.100:6801/1493018813] conn(0x7f1dec039fe0 0x7f1dec03c3c0 secure :-1 s=READY pgs=1 cs=0 l=1 rev1=1 crypto rx=0x7f1df80039d0 tx=0x7f1df80092f0 comp rx=0 tx=0).stop
2024-03-24T11:10:49.276 INFO:teuthology.orchestra.run.smithi100.stdout:/usr/bin/ceph: stderr
2024-03-24T11:10:48.659+0000 7f1e0a915700 1 -- 172.21.15.100:0/1132237116 >> [v2:172.21.15.100:3300/0,v1:172.21.15.100:6789/0] conn(0x7f1e041015d0 msgr2=0x7f1e041137b0 secure :-1 s=STATE_CONNECTION_ESTABLISHED l=1).mark_down
2024-03-24T11:10:49.276 INFO:teuthology.orchestra.run.smithi100.stdout:/usr/bin/ceph: stderr
2024-03-24T11:10:48.659+0000 7f1e0a915700 1 --2- 172.21.15.100:0/1132237116 >> [v2:172.21.15.100:3300/0,v1:172.21.15.100:6789/0] conn(0x7f1e041015d0 0x7f1e041137b0 secure :-1 s=READY pgs=72 cs=0 l=1 rev1=1 crypto rx=0x7f1df40106a0 tx=0x7f1df400b4f0 comp rx=0 tx=0).stop
2024-03-24T11:10:49.276 INFO:teuthology.orchestra.run.smithi100.stdout:/usr/bin/ceph: stderr
2024-03-24T11:10:48.659+0000 7f1e0a915700 1 -- 172.21.15.100:0/1132237116 shutdown_connections
2024-03-24T11:10:49.276 INFO:teuthology.orchestra.run.smithi100.stdout:/usr/bin/ceph: stderr
2024-03-24T11:10:48.659+0000 7f1e0a915700 1 --2- 172.21.15.100:0/1132237116 >> [v2:172.21.15.100:6800/1493018813,v1:172.21.15.100:6801/1493018813] conn(0x7f1dec039fe0 0x7f1dec03c3c0 unknown :-1 s=CLOSED pgs=1 cs=0 l=1 rev1=1 crypto rx=0 tx=0 comp rx=0 tx=0).stop
2024-03-24T11:10:49.276 INFO:teuthology.orchestra.run.smithi100.stdout:/usr/bin/ceph: stderr
2024-03-24T11:10:48.659+0000 7f1e0a915700 1 --2- 172.21.15.100:0/1132237116 >> [v2:172.21.15.100:3300/0,v1:172.21.15.100:6789/0] conn(0x7f1e041015d0 0x7f1e041137b0 unknown :-1 s=CLOSED pgs=72 cs=0 l=1 rev1=1 crypto rx=0 tx=0 comp rx=0 tx=0).stop
2024-03-24T11:10:49.276 INFO:teuthology.orchestra.run.smithi100.stdout:/usr/bin/ceph: stderr
2024-03-24T11:10:48.659+0000 7f1e0a915700 1 --2- 172.21.15.100:0/1132237116 >> [v2:172.21.15.100:6800/1790161450,v1:172.21.15.100:6801/1790161450] conn(0x7f1dec0367e0 0x7f1dec038c90 unknown :-1 s=CLOSED pgs=0 cs=0 l=1 rev1=0 crypto rx=0 tx=0 comp rx=0 tx=0).stop
2024-03-24T11:10:49.276 INFO:teuthology.orchestra.run.smithi100.stdout:/usr/bin/ceph: stderr
2024-03-24T11:10:48.659+0000 7f1e0a915700 1 -- 172.21.15.100:0/1132237116 >> 172.21.15.100:0/1132237116 conn(0x7f1e040fcd50 msgr2=0x7f1e04105b70 unknown :-1 s=STATE_NONE l=0).mark_down
2024-03-24T11:10:49.276 INFO:teuthology.orchestra.run.smithi100.stdout:/usr/bin/ceph: stderr
2024-03-24T11:10:48.659+0000 7f1e0a915700 1 -- 172.21.15.100:0/1132237116 shutdown_connections
2024-03-24T11:10:49.276 INFO:teuthology.orchestra.run.smithi100.stdout:/usr/bin/ceph: stderr
2024-03-24T11:10:48.659+0000 7f1e0a915700 1 -- 172.21.15.100:0/1132237116 wait complete.
2024-03-24T11:10:49.276 INFO:teuthology.orchestra.run.smithi100.stdout:mgr epoch 9 is available
2024-03-24T11:10:49.276 INFO:teuthology.orchestra.run.smithi100.stdout:Generating a dashboard self-signed certificate...
