2024-03-24T11:16:37.765 INFO:teuthology.orchestra.run.smithi167.stdout:/usr/bin/ceph: stderr
2024-03-24T11:16:37.203+0000 7f536a2bd700 1 --2- 172.21.15.167:0/2911878229 >> v2:172.21.15.167:6800/316130437 conn(0x7f5350038c20 0x7f535003b0e0 secure :-1 s=READY pgs=7 cs=0 l=1 rev1=1 crypto rx=0x7f534c006fd0 tx=0x7f534c006e40 comp rx=0 tx=0).stop
2024-03-24T11:16:37.765 INFO:teuthology.orchestra.run.smithi167.stdout:/usr/bin/ceph: stderr
2024-03-24T11:16:37.203+0000 7f536a2bd700 1 -- 172.21.15.167:0/2911878229 >> [v2:172.21.15.167:3300/0,v1:172.21.15.167:6789/0] conn(0x7f536407b770 msgr2=0x7f536419bc40 secure :-1 s=STATE_CONNECTION_ESTABLISHED l=1).mark_down
2024-03-24T11:16:37.765 INFO:teuthology.orchestra.run.smithi167.stdout:/usr/bin/ceph: stderr
2024-03-24T11:16:37.203+0000 7f536a2bd700 1 --2- 172.21.15.167:0/2911878229 >> [v2:172.21.15.167:3300/0,v1:172.21.15.167:6789/0] conn(0x7f536407b770 0x7f536419bc40 secure :-1 s=READY pgs=21 cs=0 l=1 rev1=1 crypto rx=0x7f5354006af0 tx=0x7f5354011a50 comp rx=0 tx=0).stop
2024-03-24T11:16:37.765 INFO:teuthology.orchestra.run.smithi167.stdout:/usr/bin/ceph: stderr
2024-03-24T11:16:37.203+0000 7f536a2bd700 1 -- 172.21.15.167:0/2911878229 shutdown_connections
2024-03-24T11:16:37.765 INFO:teuthology.orchestra.run.smithi167.stdout:/usr/bin/ceph: stderr
2024-03-24T11:16:37.203+0000 7f536a2bd700 1 --2- 172.21.15.167:0/2911878229 >> v2:172.21.15.167:6800/316130437 conn(0x7f5350038c20 0x7f535003b0e0 unknown :-1 s=CLOSED pgs=7 cs=0 l=1 rev1=1 crypto rx=0 tx=0 comp rx=0 tx=0).stop
2024-03-24T11:16:37.766 INFO:teuthology.orchestra.run.smithi167.stdout:/usr/bin/ceph: stderr
2024-03-24T11:16:37.203+0000 7f536a2bd700 1 --2- 172.21.15.167:0/2911878229 >> [v2:172.21.15.167:3300/0,v1:172.21.15.167:6789/0] conn(0x7f536407b770 0x7f536419bc40 unknown :-1 s=CLOSED pgs=21 cs=0 l=1 rev1=1 crypto rx=0 tx=0 comp rx=0 tx=0).stop
2024-03-24T11:16:37.766 INFO:teuthology.orchestra.run.smithi167.stdout:/usr/bin/ceph: stderr
2024-03-24T11:16:37.203+0000 7f536a2bd700 1 -- 172.21.15.167:0/2911878229 >> 172.21.15.167:0/2911878229 conn(0x7f5364101310 msgr2=0x7f5364101e40 unknown :-1 s=STATE_NONE l=0).mark_down
2024-03-24T11:16:37.766 INFO:teuthology.orchestra.run.smithi167.stdout:/usr/bin/ceph: stderr
2024-03-24T11:16:37.203+0000 7f536a2bd700 1 -- 172.21.15.167:0/2911878229 shutdown_connections
2024-03-24T11:16:37.766 INFO:teuthology.orchestra.run.smithi167.stdout:/usr/bin/ceph: stderr
2024-03-24T11:16:37.203+0000 7f536a2bd700 1 -- 172.21.15.167:0/2911878229 wait complete.
2024-03-24T11:16:37.766 INFO:teuthology.orchestra.run.smithi167.stdout:Enabling cephadm module...
2024-03-24T11:16:39.541 INFO:journalctl@ceph.mon.a.smithi167.stdout:Mar 24 11:16:39 smithi167 bash[21520]: audit
2024-03-24T11:16:39.058622+0000 mon.a (mon.0) 27 : audit 1 from='client.? 172.21.15.167:0/928958841' entity='client.admin' cmd=[{"prefix": "mgr module enable", "module": "cephadm"}]: dispatch
2024-03-24T11:16:39.541 INFO:journalctl@ceph.mgr.y.smithi167.stdout:Mar 24 11:16:39 smithi167 bash[21773]: ignoring --setuser ceph since I am not root
2024-03-24T11:16:39.541 INFO:journalctl@ceph.mgr.y.smithi167.stdout:Mar 24 11:16:39 smithi167 bash[21773]: ignoring --setgroup ceph since I am not root
2024-03-24T11:16:39.541 INFO:journalctl@ceph.mgr.y.smithi167.stdout:Mar 24 11:16:39 smithi167 bash[21773]: debug
2024-03-24T11:16:39.294+0000 7f3fabe51200 -1 mgr[py] Module devicehealth has missing NOTIFY_TYPES member
2024-03-24T11:16:39.739 INFO:teuthology.orchestra.run.smithi167.stdout:/usr/bin/ceph: stderr
2024-03-24T11:16:38.591+0000 7f45c8929700 1 Processor -- start
2024-03-24T11:16:39.740 INFO:teuthology.orchestra.run.smithi167.stdout:/usr/bin/ceph: stderr
2024-03-24T11:16:38.591+0000 7f45c8929700 1 -- start start
2024-03-24T11:16:39.740 INFO:teuthology.orchestra.run.smithi167.stdout:/usr/bin/ceph: stderr
2024-03-24T11:16:38.591+0000 7f45c8929700 1 --2- >> [v2:172.21.15.167:3300/0,v1:172.21.15.167:6789/0] conn(0x7f45c4107f10 0x7f45c4108350 unknown :-1 s=NONE pgs=0 cs=0 l=0 rev1=0 crypto rx=0 tx=0 comp rx=0 tx=0).connect
2024-03-24T11:16:39.740 INFO:teuthology.orchestra.run.smithi167.stdout:/usr/bin/ceph: stderr
2024-03-24T11:16:38.591+0000 7f45c8929700 1 -- --> [v2:172.21.15.167:3300/0,v1:172.21.15.167:6789/0] -- mon_getmap magic: 0 v1 -- 0x7f45c4108890 con 0x7f45c4107f10
2024-03-24T11:16:39.740 INFO:teuthology.orchestra.run.smithi167.stdout:/usr/bin/ceph: stderr
2024-03-24T11:16:38.591+0000 7f45c259c700 1 --2- >> [v2:172.21.15.167:3300/0,v1:172.21.15.167:6789/0] conn(0x7f45c4107f10 0x7f45c4108350 unknown :-1 s=BANNER_CONNECTING pgs=0 cs=0 l=0 rev1=0 crypto rx=0 tx=0 comp rx=0 tx=0)._handle_peer_banner_payload supported=3 required=0
2024-03-24T11:16:39.740 INFO:teuthology.orchestra.run.smithi167.stdout:/usr/bin/ceph: stderr
2024-03-24T11:16:38.591+0000 7f45c259c700 1 --2- >> [v2:172.21.15.167:3300/0,v1:172.21.15.167:6789/0] conn(0x7f45c4107f10 0x7f45c4108350 unknown :-1 s=HELLO_CONNECTING pgs=0 cs=0 l=0 rev1=1 crypto rx=0 tx=0 comp rx=0 tx=0).handle_hello peer v2:172.21.15.167:3300/0 says I am v2:172.21.15.167:60186/0 (socket says 172.21.15.167:60186)
2024-03-24T11:16:39.740 INFO:teuthology.orchestra.run.smithi167.stdout:/usr/bin/ceph: stderr
2024-03-24T11:16:38.591+0000 7f45c259c700 1 -- 172.21.15.167:0/3092811013 learned_addr learned my addr 172.21.15.167:0/3092811013 (peer_addr_for_me v2:172.21.15.167:0/0)
2024-03-24T11:16:39.740 INFO:teuthology.orchestra.run.smithi167.stdout:/usr/bin/ceph: stderr
2024-03-24T11:16:38.591+0000 7f45c259c700 1 -- 172.21.15.167:0/3092811013 --> [v2:172.21.15.167:3300/0,v1:172.21.15.167:6789/0] -- mon_subscribe({config=0+,monmap=0+}) v3 -- 0x7f45c41089d0 con 0x7f45c4107f10
2024-03-24T11:16:39.740 INFO:teuthology.orchestra.run.smithi167.stdout:/usr/bin/ceph: stderr
2024-03-24T11:16:38.595+0000 7f45c259c700 1 --2- 172.21.15.167:0/3092811013 >> [v2:172.21.15.167:3300/0,v1:172.21.15.167:6789/0] conn(0x7f45c4107f10 0x7f45c4108350 secure :-1 s=READY pgs=22 cs=0 l=1 rev1=1 crypto rx=0x7f45ac0098a0 tx=0x7f45ac009bb0 comp rx=0 tx=0).ready entity=mon.0 client_cookie=d6ce6fe53af235ab server_cookie=0 in_seq=0 out_seq=0
2024-03-24T11:16:39.740 INFO:teuthology.orchestra.run.smithi167.stdout:/usr/bin/ceph: stderr
2024-03-24T11:16:38.595+0000 7f45c159a700 1 -- 172.21.15.167:0/3092811013 <== mon.0 v2:172.21.15.167:3300/0 1 ==== mon_map magic: 0 v1 ==== 205+0+0 (secure 0 0 0) 0x7f45ac004160 con 0x7f45c4107f10
2024-03-24T11:16:39.740 INFO:teuthology.orchestra.run.smithi167.stdout:/usr/bin/ceph: stderr
2024-03-24T11:16:38.595+0000 7f45c159a700 1 -- 172.21.15.167:0/3092811013 <== mon.0 v2:172.21.15.167:3300/0 2 ==== config(26 keys) v1 ==== 1062+0+0 (secure 0 0 0) 0x7f45ac0042c0 con 0x7f45c4107f10
2024-03-24T11:16:39.740 INFO:teuthology.orchestra.run.smithi167.stdout:/usr/bin/ceph: stderr
2024-03-24T11:16:38.595+0000 7f45c159a700 1 -- 172.21.15.167:0/3092811013 <== mon.0 v2:172.21.15.167:3300/0 3 ==== mon_map magic: 0 v1 ==== 205+0+0 (secure 0 0 0) 0x7f45ac0119b0 con 0x7f45c4107f10
2024-03-24T11:16:39.740 INFO:teuthology.orchestra.run.smithi167.stdout:/usr/bin/ceph: stderr
2024-03-24T11:16:38.595+0000 7f45c8929700 1 -- 172.21.15.167:0/3092811013 >> [v2:172.21.15.167:3300/0,v1:172.21.15.167:6789/0] conn(0x7f45c4107f10 msgr2=0x7f45c4108350 secure :-1 s=STATE_CONNECTION_ESTABLISHED l=1).mark_down
2024-03-24T11:16:39.740 INFO:teuthology.orchestra.run.smithi167.stdout:/usr/bin/ceph: stderr
2024-03-24T11:16:38.595+0000 7f45c8929700 1 --2- 172.21.15.167:0/3092811013 >> [v2:172.21.15.167:3300/0,v1:172.21.15.167:6789/0] conn(0x7f45c4107f10 0x7f45c4108350 secure :-1 s=READY pgs=22 cs=0 l=1 rev1=1 crypto rx=0x7f45ac0098a0 tx=0x7f45ac009bb0 comp rx=0 tx=0).stop
2024-03-24T11:16:39.741 INFO:teuthology.orchestra.run.smithi167.stdout:/usr/bin/ceph: stderr
2024-03-24T11:16:38.595+0000 7f45c8929700 1 -- 172.21.15.167:0/3092811013 shutdown_connections
2024-03-24T11:16:39.741 INFO:teuthology.orchestra.run.smithi167.stdout:/usr/bin/ceph: stderr
2024-03-24T11:16:38.595+0000 7f45c8929700 1 --2- 172.21.15.167:0/3092811013 >> [v2:172.21.15.167:3300/0,v1:172.21.15.167:6789/0] conn(0x7f45c4107f10 0x7f45c4108350 unknown :-1 s=CLOSED pgs=22 cs=0 l=1 rev1=1 crypto rx=0 tx=0 comp rx=0 tx=0).stop
2024-03-24T11:16:39.741 INFO:teuthology.orchestra.run.smithi167.stdout:/usr/bin/ceph: stderr
2024-03-24T11:16:38.595+0000 7f45c8929700 1 -- 172.21.15.167:0/3092811013 >> 172.21.15.167:0/3092811013 conn(0x7f45c407b320 msgr2=0x7f45c4105d60 unknown :-1 s=STATE_NONE l=0).mark_down
2024-03-24T11:16:39.741 INFO:teuthology.orchestra.run.smithi167.stdout:/usr/bin/ceph: stderr
2024-03-24T11:16:38.595+0000 7f45c8929700 1 -- 172.21.15.167:0/3092811013 shutdown_connections
2024-03-24T11:16:39.741 INFO:teuthology.orchestra.run.smithi167.stdout:/usr/bin/ceph: stderr
2024-03-24T11:16:38.595+0000 7f45c8929700 1 -- 172.21.15.167:0/3092811013 wait complete.
2024-03-24T11:16:39.741 INFO:teuthology.orchestra.run.smithi167.stdout:/usr/bin/ceph: stderr
2024-03-24T11:16:38.595+0000 7f45c8929700 1 Processor -- start
2024-03-24T11:16:39.741 INFO:teuthology.orchestra.run.smithi167.stdout:/usr/bin/ceph: stderr
2024-03-24T11:16:38.595+0000 7f45c8929700 1 -- start start
2024-03-24T11:16:39.741 INFO:teuthology.orchestra.run.smithi167.stdout:/usr/bin/ceph: stderr
2024-03-24T11:16:38.595+0000 7f45c8929700 1 --2- >> [v2:172.21.15.167:3300/0,v1:172.21.15.167:6789/0] conn(0x7f45c4107f10 0x7f45c419bbf0 unknown :-1 s=NONE pgs=0 cs=0 l=1 rev1=0 crypto rx=0 tx=0 comp rx=0 tx=0).connect
2024-03-24T11:16:39.741 INFO:teuthology.orchestra.run.smithi167.stdout:/usr/bin/ceph: stderr
2024-03-24T11:16:38.595+0000 7f45c8929700 1 -- --> [v2:172.21.15.167:3300/0,v1:172.21.15.167:6789/0] -- mon_getmap magic: 0 v1 -- 0x7f45c419c130 con 0x7f45c4107f10
2024-03-24T11:16:39.741 INFO:teuthology.orchestra.run.smithi167.stdout:/usr/bin/ceph: stderr
2024-03-24T11:16:38.595+0000 7f45c259c700 1 --2- >> [v2:172.21.15.167:3300/0,v1:172.21.15.167:6789/0] conn(0x7f45c4107f10 0x7f45c419bbf0 unknown :-1 s=BANNER_CONNECTING pgs=0 cs=0 l=1 rev1=0 crypto rx=0 tx=0 comp rx=0 tx=0)._handle_peer_banner_payload supported=3 required=0
2024-03-24T11:16:39.741 INFO:teuthology.orchestra.run.smithi167.stdout:/usr/bin/ceph: stderr
2024-03-24T11:16:38.595+0000 7f45c259c700 1 --2- >> [v2:172.21.15.167:3300/0,v1:172.21.15.167:6789/0] conn(0x7f45c4107f10 0x7f45c419bbf0 unknown :-1 s=HELLO_CONNECTING pgs=0 cs=0 l=1 rev1=1 crypto rx=0 tx=0 comp rx=0 tx=0).handle_hello peer v2:172.21.15.167:3300/0 says I am v2:172.21.15.167:60188/0 (socket says 172.21.15.167:60188)
2024-03-24T11:16:39.741 INFO:teuthology.orchestra.run.smithi167.stdout:/usr/bin/ceph: stderr
2024-03-24T11:16:38.595+0000 7f45c259c700 1 -- 172.21.15.167:0/928958841 learned_addr learned my addr 172.21.15.167:0/928958841 (peer_addr_for_me v2:172.21.15.167:0/0)
2024-03-24T11:16:39.741 INFO:teuthology.orchestra.run.smithi167.stdout:/usr/bin/ceph: stderr
2024-03-24T11:16:38.595+0000 7f45c259c700 1 -- 172.21.15.167:0/928958841 --> [v2:172.21.15.167:3300/0,v1:172.21.15.167:6789/0] -- mon_subscribe({config=0+,monmap=0+}) v3 -- 0x7f45ac009550 con 0x7f45c4107f10
2024-03-24T11:16:39.742 INFO:teuthology.orchestra.run.smithi167.stdout:/usr/bin/ceph: stderr
2024-03-24T11:16:38.595+0000 7f45c259c700 1 --2- 172.21.15.167:0/928958841 >> [v2:172.21.15.167:3300/0,v1:172.21.15.167:6789/0] conn(0x7f45c4107f10 0x7f45c419bbf0 secure :-1 s=READY pgs=23 cs=0 l=1 rev1=1 crypto rx=0x7f45ac006af0 tx=0x7f45ac011a50 comp rx=0 tx=0).ready entity=mon.0 client_cookie=0 server_cookie=0 in_seq=0 out_seq=0
2024-03-24T11:16:39.742 INFO:teuthology.orchestra.run.smithi167.stdout:/usr/bin/ceph: stderr
2024-03-24T11:16:38.595+0000 7f45bb7fe700 1 -- 172.21.15.167:0/928958841 <== mon.0 v2:172.21.15.167:3300/0 1 ==== mon_map magic: 0 v1 ==== 205+0+0 (secure 0 0 0) 0x7f45ac0039e0 con 0x7f45c4107f10
2024-03-24T11:16:39.742 INFO:teuthology.orchestra.run.smithi167.stdout:/usr/bin/ceph: stderr
2024-03-24T11:16:38.595+0000 7f45bb7fe700 1 -- 172.21.15.167:0/928958841 <== mon.0 v2:172.21.15.167:3300/0 2 ==== config(26 keys) v1 ==== 1062+0+0 (secure 0 0 0) 0x7f45ac003b40 con 0x7f45c4107f10
2024-03-24T11:16:39.742 INFO:teuthology.orchestra.run.smithi167.stdout:/usr/bin/ceph: stderr
2024-03-24T11:16:38.595+0000 7f45c8929700 1 -- 172.21.15.167:0/928958841 --> [v2:172.21.15.167:3300/0,v1:172.21.15.167:6789/0] -- mon_subscribe({mgrmap=0+}) v3 -- 0x7f45c419c390 con 0x7f45c4107f10
2024-03-24T11:16:39.742 INFO:teuthology.orchestra.run.smithi167.stdout:/usr/bin/ceph: stderr
2024-03-24T11:16:38.595+0000 7f45bb7fe700 1 -- 172.21.15.167:0/928958841 <== mon.0 v2:172.21.15.167:3300/0 3 ==== mon_map magic: 0 v1 ==== 205+0+0 (secure 0 0 0) 0x7f45ac019700 con 0x7f45c4107f10
2024-03-24T11:16:39.742 INFO:teuthology.orchestra.run.smithi167.stdout:/usr/bin/ceph: stderr
2024-03-24T11:16:38.595+0000 7f45c8929700 1 -- 172.21.15.167:0/928958841 --> [v2:172.21.15.167:3300/0,v1:172.21.15.167:6789/0] -- mon_subscribe({osdmap=0}) v3 -- 0x7f45c419f0b0 con 0x7f45c4107f10
2024-03-24T11:16:39.742 INFO:teuthology.orchestra.run.smithi167.stdout:/usr/bin/ceph: stderr
2024-03-24T11:16:38.595+0000 7f45bb7fe700 1 -- 172.21.15.167:0/928958841 <== mon.0 v2:172.21.15.167:3300/0 4 ==== mgrmap(e 4) v1 ==== 45723+0+0 (secure 0 0 0) 0x7f45ac019950 con 0x7f45c4107f10
2024-03-24T11:16:39.742 INFO:teuthology.orchestra.run.smithi167.stdout:/usr/bin/ceph: stderr
2024-03-24T11:16:38.599+0000 7f45bb7fe700 1 --2- 172.21.15.167:0/928958841 >> v2:172.21.15.167:6800/316130437 conn(0x7f45b0038c20 0x7f45b003b0e0 unknown :-1 s=NONE pgs=0 cs=0 l=1 rev1=0 crypto rx=0 tx=0 comp rx=0 tx=0).connect
2024-03-24T11:16:39.742 INFO:teuthology.orchestra.run.smithi167.stdout:/usr/bin/ceph: stderr
2024-03-24T11:16:38.599+0000 7f45bb7fe700 1 -- 172.21.15.167:0/928958841 <== mon.0 v2:172.21.15.167:3300/0 5 ==== osd_map(1..1 src has 1..1) v4 ==== 725+0+0 (secure 0 0 0) 0x7f45ac051300 con 0x7f45c4107f10
2024-03-24T11:16:39.742 INFO:teuthology.orchestra.run.smithi167.stdout:/usr/bin/ceph: stderr
2024-03-24T11:16:38.599+0000 7f45c1d9b700 1 --2- 172.21.15.167:0/928958841 >> v2:172.21.15.167:6800/316130437 conn(0x7f45b0038c20 0x7f45b003b0e0 unknown :-1 s=BANNER_CONNECTING pgs=0 cs=0 l=1 rev1=0 crypto rx=0 tx=0 comp rx=0 tx=0)._handle_peer_banner_payload supported=3 required=0
2024-03-24T11:16:39.742 INFO:teuthology.orchestra.run.smithi167.stdout:/usr/bin/ceph: stderr
2024-03-24T11:16:38.599+0000 7f45c8929700 1 -- 172.21.15.167:0/928958841 --> [v2:172.21.15.167:3300/0,v1:172.21.15.167:6789/0] -- mon_command({"prefix": "get_command_descriptions"} v 0) v1 -- 0x7f45c40632a0 con 0x7f45c4107f10
2024-03-24T11:16:39.742 INFO:teuthology.orchestra.run.smithi167.stdout:/usr/bin/ceph: stderr
2024-03-24T11:16:38.599+0000 7f45c1d9b700 1 --2- 172.21.15.167:0/928958841 >> v2:172.21.15.167:6800/316130437 conn(0x7f45b0038c20 0x7f45b003b0e0 secure :-1 s=READY pgs=8 cs=0 l=1 rev1=1 crypto rx=0x7f45b4006fd0 tx=0x7f45b4006e40 comp rx=0 tx=0).ready entity=mgr.14100 client_cookie=0 server_cookie=0 in_seq=0 out_seq=0
2024-03-24T11:16:39.743 INFO:teuthology.orchestra.run.smithi167.stdout:/usr/bin/ceph: stderr
2024-03-24T11:16:38.603+0000 7f45bb7fe700 1 -- 172.21.15.167:0/928958841 <== mon.0 v2:172.21.15.167:3300/0 6 ==== mon_command_ack([{"prefix": "get_command_descriptions"}]=0 v0) v1 ==== 72+0+183564 (secure 0 0 0) 0x7f45ac022e10 con 0x7f45c4107f10
2024-03-24T11:16:39.743 INFO:teuthology.orchestra.run.smithi167.stdout:/usr/bin/ceph: stderr
2024-03-24T11:16:39.054+0000 7f45c8929700 1 -- 172.21.15.167:0/928958841 --> [v2:172.21.15.167:3300/0,v1:172.21.15.167:6789/0] -- mon_command({"prefix": "mgr module enable", "module": "cephadm"} v 0) v1 -- 0x7f45c419f240 con 0x7f45c4107f10
2024-03-24T11:16:39.743 INFO:teuthology.orchestra.run.smithi167.stdout:/usr/bin/ceph: stderr
2024-03-24T11:16:39.106+0000 7f45bb7fe700 1 -- 172.21.15.167:0/928958841 <== mon.0 v2:172.21.15.167:3300/0 7 ==== mon_command_ack([{"prefix": "mgr module enable", "module": "cephadm"}]=0 v5) v1 ==== 86+0+0 (secure 0 0 0) 0x7f45ac022310 con 0x7f45c4107f10
2024-03-24T11:16:39.743 INFO:teuthology.orchestra.run.smithi167.stdout:/usr/bin/ceph: stderr
2024-03-24T11:16:39.106+0000 7f45bb7fe700 1 -- 172.21.15.167:0/928958841 <== mon.0 v2:172.21.15.167:3300/0 8 ==== mgrmap(e 5) v1 ==== 45734+0+0 (secure 0 0 0) 0x7f45ac020cc0 con 0x7f45c4107f10
2024-03-24T11:16:39.743 INFO:teuthology.orchestra.run.smithi167.stdout:/usr/bin/ceph: stderr
2024-03-24T11:16:39.110+0000 7f45c8929700 1 -- 172.21.15.167:0/928958841 >> v2:172.21.15.167:6800/316130437 conn(0x7f45b0038c20 msgr2=0x7f45b003b0e0 secure :-1 s=STATE_CONNECTION_ESTABLISHED l=1).mark_down
2024-03-24T11:16:39.743 INFO:teuthology.orchestra.run.smithi167.stdout:/usr/bin/ceph: stderr
2024-03-24T11:16:39.110+0000 7f45c8929700 1 --2- 172.21.15.167:0/928958841 >> v2:172.21.15.167:6800/316130437 conn(0x7f45b0038c20 0x7f45b003b0e0 secure :-1 s=READY pgs=8 cs=0 l=1 rev1=1 crypto rx=0x7f45b4006fd0 tx=0x7f45b4006e40 comp rx=0 tx=0).stop
2024-03-24T11:16:39.743 INFO:teuthology.orchestra.run.smithi167.stdout:/usr/bin/ceph: stderr
2024-03-24T11:16:39.110+0000 7f45c8929700 1 -- 172.21.15.167:0/928958841 >> [v2:172.21.15.167:3300/0,v1:172.21.15.167:6789/0] conn(0x7f45c4107f10 msgr2=0x7f45c419bbf0 secure :-1 s=STATE_CONNECTION_ESTABLISHED l=1).mark_down
2024-03-24T11:16:39.743 INFO:teuthology.orchestra.run.smithi167.stdout:/usr/bin/ceph: stderr
2024-03-24T11:16:39.110+0000 7f45c8929700 1 --2- 172.21.15.167:0/928958841 >> [v2:172.21.15.167:3300/0,v1:172.21.15.167:6789/0] conn(0x7f45c4107f10 0x7f45c419bbf0 secure :-1 s=READY pgs=23 cs=0 l=1 rev1=1 crypto rx=0x7f45ac006af0 tx=0x7f45ac011a50 comp rx=0 tx=0).stop
2024-03-24T11:16:39.743 INFO:teuthology.orchestra.run.smithi167.stdout:/usr/bin/ceph: stderr
2024-03-24T11:16:39.110+0000 7f45c8929700 1 -- 172.21.15.167:0/928958841 shutdown_connections
2024-03-24T11:16:39.743 INFO:teuthology.orchestra.run.smithi167.stdout:/usr/bin/ceph: stderr
2024-03-24T11:16:39.110+0000 7f45c8929700 1 --2- 172.21.15.167:0/928958841 >> v2:172.21.15.167:6800/316130437 conn(0x7f45b0038c20 0x7f45b003b0e0 unknown :-1 s=CLOSED pgs=8 cs=0 l=1 rev1=1 crypto rx=0 tx=0 comp rx=0 tx=0).stop
2024-03-24T11:16:39.743 INFO:teuthology.orchestra.run.smithi167.stdout:/usr/bin/ceph: stderr
2024-03-24T11:16:39.110+0000 7f45c8929700 1 --2- 172.21.15.167:0/928958841 >> [v2:172.21.15.167:3300/0,v1:172.21.15.167:6789/0] conn(0x7f45c4107f10 0x7f45c419bbf0 unknown :-1 s=CLOSED pgs=23 cs=0 l=1 rev1=1 crypto rx=0 tx=0 comp rx=0 tx=0).stop
2024-03-24T11:16:39.743 INFO:teuthology.orchestra.run.smithi167.stdout:/usr/bin/ceph: stderr
2024-03-24T11:16:39.110+0000 7f45c8929700 1 -- 172.21.15.167:0/928958841 >> 172.21.15.167:0/928958841 conn(0x7f45c407b320 msgr2=0x7f45c41054d0 unknown :-1 s=STATE_NONE l=0).mark_down
2024-03-24T11:16:39.743 INFO:teuthology.orchestra.run.smithi167.stdout:/usr/bin/ceph: stderr
2024-03-24T11:16:39.110+0000 7f45c8929700 1 -- 172.21.15.167:0/928958841 shutdown_connections
2024-03-24T11:16:39.743 INFO:teuthology.orchestra.run.smithi167.stdout:/usr/bin/ceph: stderr
2024-03-24T11:16:39.110+0000 7f45c8929700 1 -- 172.21.15.167:0/928958841 wait complete.
2024-03-24T11:16:40.402 INFO:journalctl@ceph.mon.a.smithi167.stdout:Mar 24 11:16:40 smithi167 bash[21520]: audit
2024-03-24T11:16:39.110117+0000 mon.a (mon.0) 28 : audit 1 from='client.? 172.21.15.167:0/928958841' entity='client.admin' cmd='[{"prefix": "mgr module enable", "module": "cephadm"}]': finished
2024-03-24T11:16:40.402 INFO:journalctl@ceph.mon.a.smithi167.stdout:Mar 24 11:16:40 smithi167 bash[21520]: cluster
2024-03-24T11:16:39.114656+0000 mon.a (mon.0) 29 : cluster 0 mgrmap e5: y(active, since 7s)
2024-03-24T11:16:41.115 INFO:journalctl@ceph.mgr.y.smithi167.stdout:Mar 24 11:16:40 smithi167 bash[21773]: debug
2024-03-24T11:16:40.858+0000 7f3fabe51200 -1 mgr[py] Module rook has missing NOTIFY_TYPES member
2024-03-24T11:16:41.115 INFO:journalctl@ceph.mgr.y.smithi167.stdout:Mar 24 11:16:40 smithi167 bash[21773]: debug
2024-03-24T11:16:40.954+0000 7f3fabe51200 -1 mgr[py] Module iostat has missing NOTIFY_TYPES member
2024-03-24T11:16:41.540 INFO:journalctl@ceph.mgr.y.smithi167.stdout:Mar 24 11:16:41 smithi167 bash[21773]: debug
2024-03-24T11:16:41.206+0000 7f3fabe51200 -1 mgr[py] Module telemetry has missing NOTIFY_TYPES member
2024-03-24T11:16:41.541 INFO:journalctl@ceph.mon.a.smithi167.stdout:Mar 24 11:16:41 smithi167 bash[21520]: audit
2024-03-24T11:16:41.072590+0000 mon.a (mon.0) 30 : audit 0 from='client.? 172.21.15.167:0/3418011120' entity='client.admin' cmd=[{"prefix": "mgr stat"}]: dispatch
2024-03-24T11:16:41.664 INFO:teuthology.orchestra.run.smithi167.stdout:/usr/bin/ceph: stdout {
2024-03-24T11:16:41.664 INFO:teuthology.orchestra.run.smithi167.stdout:/usr/bin/ceph: stdout "epoch": 5,
2024-03-24T11:16:41.664 INFO:teuthology.orchestra.run.smithi167.stdout:/usr/bin/ceph: stdout "available": true,
2024-03-24T11:16:41.664 INFO:teuthology.orchestra.run.smithi167.stdout:/usr/bin/ceph: stdout "active_name": "y",
2024-03-24T11:16:41.664 INFO:teuthology.orchestra.run.smithi167.stdout:/usr/bin/ceph: stdout "num_standby": 0
2024-03-24T11:16:41.665 INFO:teuthology.orchestra.run.smithi167.stdout:/usr/bin/ceph: stdout }
2024-03-24T11:16:41.665 INFO:teuthology.orchestra.run.smithi167.stdout:/usr/bin/ceph: stderr
2024-03-24T11:16:40.590+0000 7f3260f9a700 1 Processor -- start
2024-03-24T11:16:41.665 INFO:teuthology.orchestra.run.smithi167.stdout:/usr/bin/ceph: stderr
2024-03-24T11:16:40.590+0000 7f3260f9a700 1 -- start start
2024-03-24T11:16:41.665 INFO:teuthology.orchestra.run.smithi167.stdout:/usr/bin/ceph: stderr
2024-03-24T11:16:40.590+0000 7f3260f9a700 1 --2- >> [v2:172.21.15.167:3300/0,v1:172.21.15.167:6789/0] conn(0x7f325c107f90 0x7f325c1083b0 unknown :-1 s=NONE pgs=0 cs=0 l=0 rev1=0 crypto rx=0 tx=0 comp rx=0 tx=0).connect
2024-03-24T11:16:41.665 INFO:teuthology.orchestra.run.smithi167.stdout:/usr/bin/ceph: stderr
2024-03-24T11:16:40.590+0000 7f3260f9a700 1 -- --> [v2:172.21.15.167:3300/0,v1:172.21.15.167:6789/0] -- mon_getmap magic: 0 v1 -- 0x7f325c108980 con 0x7f325c107f90
2024-03-24T11:16:41.665 INFO:teuthology.orchestra.run.smithi167.stdout:/usr/bin/ceph: stderr
2024-03-24T11:16:40.590+0000 7f325a59c700 1 --2- >> [v2:172.21.15.167:3300/0,v1:172.21.15.167:6789/0] conn(0x7f325c107f90 0x7f325c1083b0 unknown :-1 s=BANNER_CONNECTING pgs=0 cs=0 l=0 rev1=0 crypto rx=0 tx=0 comp rx=0 tx=0)._handle_peer_banner_payload supported=3 required=0
2024-03-24T11:16:41.665 INFO:teuthology.orchestra.run.smithi167.stdout:/usr/bin/ceph: stderr
2024-03-24T11:16:40.590+0000 7f325a59c700 1 --2- >> [v2:172.21.15.167:3300/0,v1:172.21.15.167:6789/0] conn(0x7f325c107f90 0x7f325c1083b0 unknown :-1 s=HELLO_CONNECTING pgs=0 cs=0 l=0 rev1=1 crypto rx=0 tx=0 comp rx=0 tx=0).handle_hello peer v2:172.21.15.167:3300/0 says I am v2:172.21.15.167:60214/0 (socket says 172.21.15.167:60214)
2024-03-24T11:16:41.665 INFO:teuthology.orchestra.run.smithi167.stdout:/usr/bin/ceph: stderr
2024-03-24T11:16:40.590+0000 7f325a59c700 1 -- 172.21.15.167:0/1744804543 learned_addr learned my addr 172.21.15.167:0/1744804543 (peer_addr_for_me v2:172.21.15.167:0/0)
2024-03-24T11:16:41.665 INFO:teuthology.orchestra.run.smithi167.stdout:/usr/bin/ceph: stderr
2024-03-24T11:16:40.590+0000 7f325a59c700 1 -- 172.21.15.167:0/1744804543 --> [v2:172.21.15.167:3300/0,v1:172.21.15.167:6789/0] -- mon_subscribe({config=0+,monmap=0+}) v3 -- 0x7f325c109190 con 0x7f325c107f90
2024-03-24T11:16:41.665 INFO:teuthology.orchestra.run.smithi167.stdout:/usr/bin/ceph: stderr
2024-03-24T11:16:40.590+0000 7f325a59c700 1 --2- 172.21.15.167:0/1744804543 >> [v2:172.21.15.167:3300/0,v1:172.21.15.167:6789/0] conn(0x7f325c107f90 0x7f325c1083b0 secure :-1 s=READY pgs=26 cs=0 l=1 rev1=1 crypto rx=0x7f324c0098a0 tx=0x7f324c009bb0 comp rx=0 tx=0).ready entity=mon.0 client_cookie=779b583b910fb6a1 server_cookie=0 in_seq=0 out_seq=0
2024-03-24T11:16:41.665 INFO:teuthology.orchestra.run.smithi167.stdout:/usr/bin/ceph: stderr
2024-03-24T11:16:40.590+0000 7f325959a700 1 -- 172.21.15.167:0/1744804543 <== mon.0 v2:172.21.15.167:3300/0 1 ==== mon_map magic: 0 v1 ==== 205+0+0 (secure 0 0 0) 0x7f324c004160 con 0x7f325c107f90
2024-03-24T11:16:41.665 INFO:teuthology.orchestra.run.smithi167.stdout:/usr/bin/ceph: stderr
2024-03-24T11:16:40.590+0000 7f325959a700 1 -- 172.21.15.167:0/1744804543 <== mon.0 v2:172.21.15.167:3300/0 2 ==== config(26 keys) v1 ==== 1062+0+0 (secure 0 0 0) 0x7f324c0042c0 con 0x7f325c107f90
2024-03-24T11:16:41.665 INFO:teuthology.orchestra.run.smithi167.stdout:/usr/bin/ceph: stderr
2024-03-24T11:16:40.590+0000 7f325959a700 1 -- 172.21.15.167:0/1744804543 <== mon.0 v2:172.21.15.167:3300/0 3 ==== mon_map magic: 0 v1 ==== 205+0+0 (secure 0 0 0) 0x7f324c0119b0 con 0x7f325c107f90
2024-03-24T11:16:41.666 INFO:teuthology.orchestra.run.smithi167.stdout:/usr/bin/ceph: stderr
2024-03-24T11:16:40.590+0000 7f3260f9a700 1 -- 172.21.15.167:0/1744804543 >> [v2:172.21.15.167:3300/0,v1:172.21.15.167:6789/0] conn(0x7f325c107f90 msgr2=0x7f325c1083b0 secure :-1 s=STATE_CONNECTION_ESTABLISHED l=1).mark_down
2024-03-24T11:16:41.666 INFO:teuthology.orchestra.run.smithi167.stdout:/usr/bin/ceph: stderr
2024-03-24T11:16:40.590+0000 7f3260f9a700 1 --2- 172.21.15.167:0/1744804543 >> [v2:172.21.15.167:3300/0,v1:172.21.15.167:6789/0] conn(0x7f325c107f90 0x7f325c1083b0 secure :-1 s=READY pgs=26 cs=0 l=1 rev1=1 crypto rx=0x7f324c0098a0 tx=0x7f324c009bb0 comp rx=0 tx=0).stop
2024-03-24T11:16:41.666 INFO:teuthology.orchestra.run.smithi167.stdout:/usr/bin/ceph: stderr
2024-03-24T11:16:40.590+0000 7f3260f9a700 1 -- 172.21.15.167:0/1744804543 shutdown_connections
2024-03-24T11:16:41.666 INFO:teuthology.orchestra.run.smithi167.stdout:/usr/bin/ceph: stderr
2024-03-24T11:16:40.590+0000 7f3260f9a700 1 --2- 172.21.15.167:0/1744804543 >> [v2:172.21.15.167:3300/0,v1:172.21.15.167:6789/0] conn(0x7f325c107f90 0x7f325c1083b0 unknown :-1 s=CLOSED pgs=26 cs=0 l=1 rev1=1 crypto rx=0 tx=0 comp rx=0 tx=0).stop
2024-03-24T11:16:41.666 INFO:teuthology.orchestra.run.smithi167.stdout:/usr/bin/ceph: stderr
2024-03-24T11:16:40.590+0000 7f3260f9a700 1 -- 172.21.15.167:0/1744804543 >> 172.21.15.167:0/1744804543 conn(0x7f325c103690 msgr2=0x7f325c105a80 unknown :-1 s=STATE_NONE l=0).mark_down
2024-03-24T11:16:41.666 INFO:teuthology.orchestra.run.smithi167.stdout:/usr/bin/ceph: stderr
2024-03-24T11:16:40.590+0000 7f3260f9a700 1 -- 172.21.15.167:0/1744804543 shutdown_connections
2024-03-24T11:16:41.666 INFO:teuthology.orchestra.run.smithi167.stdout:/usr/bin/ceph: stderr
2024-03-24T11:16:40.590+0000 7f3260f9a700 1 -- 172.21.15.167:0/1744804543 wait complete.
2024-03-24T11:16:41.666 INFO:teuthology.orchestra.run.smithi167.stdout:/usr/bin/ceph: stderr
2024-03-24T11:16:40.590+0000 7f3260f9a700 1 Processor -- start
2024-03-24T11:16:41.666 INFO:teuthology.orchestra.run.smithi167.stdout:/usr/bin/ceph: stderr
2024-03-24T11:16:40.590+0000 7f3260f9a700 1 -- start start
2024-03-24T11:16:41.666 INFO:teuthology.orchestra.run.smithi167.stdout:/usr/bin/ceph: stderr
2024-03-24T11:16:40.594+0000 7f3260f9a700 1 --2- >> [v2:172.21.15.167:3300/0,v1:172.21.15.167:6789/0] conn(0x7f325c107f90 0x7f325c19bc00 unknown :-1 s=NONE pgs=0 cs=0 l=1 rev1=0 crypto rx=0 tx=0 comp rx=0 tx=0).connect
2024-03-24T11:16:41.666 INFO:teuthology.orchestra.run.smithi167.stdout:/usr/bin/ceph: stderr
2024-03-24T11:16:40.594+0000 7f3260f9a700 1 -- --> [v2:172.21.15.167:3300/0,v1:172.21.15.167:6789/0] -- mon_getmap magic: 0 v1 -- 0x7f325c19c140 con 0x7f325c107f90
2024-03-24T11:16:41.666 INFO:teuthology.orchestra.run.smithi167.stdout:/usr/bin/ceph: stderr
2024-03-24T11:16:40.594+0000 7f325a59c700 1 --2- >> [v2:172.21.15.167:3300/0,v1:172.21.15.167:6789/0] conn(0x7f325c107f90 0x7f325c19bc00 unknown :-1 s=BANNER_CONNECTING pgs=0 cs=0 l=1 rev1=0 crypto rx=0 tx=0 comp rx=0 tx=0)._handle_peer_banner_payload supported=3 required=0
2024-03-24T11:16:41.666 INFO:teuthology.orchestra.run.smithi167.stdout:/usr/bin/ceph: stderr
2024-03-24T11:16:40.594+0000 7f325a59c700 1 --2- >> [v2:172.21.15.167:3300/0,v1:172.21.15.167:6789/0] conn(0x7f325c107f90 0x7f325c19bc00 unknown :-1 s=HELLO_CONNECTING pgs=0 cs=0 l=1 rev1=1 crypto rx=0 tx=0 comp rx=0 tx=0).handle_hello peer v2:172.21.15.167:3300/0 says I am v2:172.21.15.167:60218/0 (socket says 172.21.15.167:60218)
2024-03-24T11:16:41.666 INFO:teuthology.orchestra.run.smithi167.stdout:/usr/bin/ceph: stderr
2024-03-24T11:16:40.594+0000 7f325a59c700 1 -- 172.21.15.167:0/3418011120 learned_addr learned my addr 172.21.15.167:0/3418011120 (peer_addr_for_me v2:172.21.15.167:0/0)
2024-03-24T11:16:41.667 INFO:teuthology.orchestra.run.smithi167.stdout:/usr/bin/ceph: stderr
2024-03-24T11:16:40.594+0000 7f325a59c700 1 -- 172.21.15.167:0/3418011120 --> [v2:172.21.15.167:3300/0,v1:172.21.15.167:6789/0] -- mon_subscribe({config=0+,monmap=0+}) v3 -- 0x7f324c009550 con 0x7f325c107f90
2024-03-24T11:16:41.667 INFO:teuthology.orchestra.run.smithi167.stdout:/usr/bin/ceph: stderr
2024-03-24T11:16:40.594+0000 7f325a59c700 1 --2- 172.21.15.167:0/3418011120 >> [v2:172.21.15.167:3300/0,v1:172.21.15.167:6789/0] conn(0x7f325c107f90 0x7f325c19bc00 secure :-1 s=READY pgs=27 cs=0 l=1 rev1=1 crypto rx=0x7f324c0046c0 tx=0x7f324c011a50 comp rx=0 tx=0).ready entity=mon.0 client_cookie=0 server_cookie=0 in_seq=0 out_seq=0
2024-03-24T11:16:41.667 INFO:teuthology.orchestra.run.smithi167.stdout:/usr/bin/ceph: stderr
2024-03-24T11:16:40.594+0000 7f324b7fe700 1 -- 172.21.15.167:0/3418011120 <== mon.0 v2:172.21.15.167:3300/0 1 ==== mon_map magic: 0 v1 ==== 205+0+0 (secure 0 0 0) 0x7f324c0039c0 con 0x7f325c107f90
2024-03-24T11:16:41.667 INFO:teuthology.orchestra.run.smithi167.stdout:/usr/bin/ceph: stderr
2024-03-24T11:16:40.594+0000 7f324b7fe700 1 -- 172.21.15.167:0/3418011120 <== mon.0 v2:172.21.15.167:3300/0 2 ==== config(26 keys) v1 ==== 1062+0+0 (secure 0 0 0) 0x7f324c003b20 con 0x7f325c107f90
2024-03-24T11:16:41.667 INFO:teuthology.orchestra.run.smithi167.stdout:/usr/bin/ceph: stderr
2024-03-24T11:16:40.594+0000 7f3260f9a700 1 -- 172.21.15.167:0/3418011120 --> [v2:172.21.15.167:3300/0,v1:172.21.15.167:6789/0] -- mon_subscribe({mgrmap=0+}) v3 -- 0x7f325c19c340 con 0x7f325c107f90
2024-03-24T11:16:41.667 INFO:teuthology.orchestra.run.smithi167.stdout:/usr/bin/ceph: stderr
2024-03-24T11:16:40.594+0000 7f324b7fe700 1 -- 172.21.15.167:0/3418011120 <== mon.0 v2:172.21.15.167:3300/0 3 ==== mon_map magic: 0 v1 ==== 205+0+0 (secure 0 0 0) 0x7f324c01a780 con 0x7f325c107f90
2024-03-24T11:16:41.667 INFO:teuthology.orchestra.run.smithi167.stdout:/usr/bin/ceph: stderr
2024-03-24T11:16:40.594+0000 7f324b7fe700 1 -- 172.21.15.167:0/3418011120 <== mon.0 v2:172.21.15.167:3300/0 4 ==== mgrmap(e 5) v1 ==== 45734+0+0 (secure 0 0 0) 0x7f324c01a8e0 con 0x7f325c107f90
2024-03-24T11:16:41.667 INFO:teuthology.orchestra.run.smithi167.stdout:/usr/bin/ceph: stderr
2024-03-24T11:16:40.594+0000 7f324b7fe700 1 --2- 172.21.15.167:0/3418011120 >> v2:172.21.15.167:6800/316130437 conn(0x7f3244038c70 0x7f324403b130 unknown :-1 s=NONE pgs=0 cs=0 l=1 rev1=0 crypto rx=0 tx=0 comp rx=0 tx=0).connect
2024-03-24T11:16:41.667 INFO:teuthology.orchestra.run.smithi167.stdout:/usr/bin/ceph: stderr
2024-03-24T11:16:40.594+0000 7f3260f9a700 1 -- 172.21.15.167:0/3418011120 --> [v2:172.21.15.167:3300/0,v1:172.21.15.167:6789/0] -- mon_subscribe({osdmap=0}) v3 -- 0x7f325c19c7e0 con 0x7f325c107f90
2024-03-24T11:16:41.667 INFO:teuthology.orchestra.run.smithi167.stdout:/usr/bin/ceph: stderr
2024-03-24T11:16:40.594+0000 7f3259d9b700 1 -- 172.21.15.167:0/3418011120 >> v2:172.21.15.167:6800/316130437 conn(0x7f3244038c70 msgr2=0x7f324403b130 unknown :-1 s=STATE_CONNECTING_RE l=1).process reconnect failed to v2:172.21.15.167:6800/316130437
2024-03-24T11:16:41.667 INFO:teuthology.orchestra.run.smithi167.stdout:/usr/bin/ceph: stderr
2024-03-24T11:16:40.594+0000 7f3259d9b700 1 --2- 172.21.15.167:0/3418011120 >> v2:172.21.15.167:6800/316130437 conn(0x7f3244038c70 0x7f324403b130 unknown :-1 s=START_CONNECT pgs=0 cs=0 l=1 rev1=0 crypto rx=0 tx=0 comp rx=0 tx=0)._fault waiting 0.200000
2024-03-24T11:16:41.667 INFO:teuthology.orchestra.run.smithi167.stdout:/usr/bin/ceph: stderr
2024-03-24T11:16:40.594+0000 7f324b7fe700 1 -- 172.21.15.167:0/3418011120 <== mon.0 v2:172.21.15.167:3300/0 5 ==== osd_map(1..1 src has 1..1) v4 ==== 725+0+0 (secure 0 0 0) 0x7f324c00be60 con 0x7f325c107f90
2024-03-24T11:16:41.667 INFO:teuthology.orchestra.run.smithi167.stdout:/usr/bin/ceph: stderr
2024-03-24T11:16:40.594+0000 7f3260f9a700 1 -- 172.21.15.167:0/3418011120 --> [v2:172.21.15.167:3300/0,v1:172.21.15.167:6789/0] -- mon_command({"prefix": "get_command_descriptions"} v 0) v1 -- 0x7f325c0632a0 con 0x7f325c107f90
2024-03-24T11:16:41.667 INFO:teuthology.orchestra.run.smithi167.stdout:/usr/bin/ceph: stderr
2024-03-24T11:16:40.602+0000 7f324b7fe700 1 -- 172.21.15.167:0/3418011120 <== mon.0 v2:172.21.15.167:3300/0 6 ==== mon_command_ack([{"prefix": "get_command_descriptions"}]=0 v0) v1 ==== 72+0+183564 (secure 0 0 0) 0x7f324c010e50 con 0x7f325c107f90
2024-03-24T11:16:41.668 INFO:teuthology.orchestra.run.smithi167.stdout:/usr/bin/ceph: stderr
2024-03-24T11:16:40.798+0000 7f3259d9b700 1 -- 172.21.15.167:0/3418011120 >> v2:172.21.15.167:6800/316130437 conn(0x7f3244038c70 msgr2=0x7f324403b130 unknown :-1 s=STATE_CONNECTING_RE l=1).process reconnect failed to v2:172.21.15.167:6800/316130437
2024-03-24T11:16:41.668 INFO:teuthology.orchestra.run.smithi167.stdout:/usr/bin/ceph: stderr
2024-03-24T11:16:40.798+0000 7f3259d9b700 1 --2- 172.21.15.167:0/3418011120 >> v2:172.21.15.167:6800/316130437 conn(0x7f3244038c70 0x7f324403b130 unknown :-1 s=START_CONNECT pgs=0 cs=0 l=1 rev1=0 crypto rx=0 tx=0 comp rx=0 tx=0)._fault waiting 0.400000
2024-03-24T11:16:41.668 INFO:teuthology.orchestra.run.smithi167.stdout:/usr/bin/ceph: stderr
2024-03-24T11:16:41.066+0000 7f3260f9a700 1 -- 172.21.15.167:0/3418011120 --> [v2:172.21.15.167:3300/0,v1:172.21.15.167:6789/0] -- mon_command({"prefix": "mgr stat"} v 0) v1 -- 0x7f325c10c3c0 con 0x7f325c107f90
2024-03-24T11:16:41.668 INFO:teuthology.orchestra.run.smithi167.stdout:/usr/bin/ceph: stderr
2024-03-24T11:16:41.066+0000 7f324b7fe700 1 -- 172.21.15.167:0/3418011120 <== mon.0 v2:172.21.15.167:3300/0 7 ==== mon_command_ack([{"prefix": "mgr stat"}]=0 v5) v1 ==== 56+0+88 (secure 0 0 0) 0x7f325c10c3c0 con 0x7f325c107f90
2024-03-24T11:16:41.668 INFO:teuthology.orchestra.run.smithi167.stdout:/usr/bin/ceph: stderr
2024-03-24T11:16:41.070+0000 7f3260f9a700 1 -- 172.21.15.167:0/3418011120 >> v2:172.21.15.167:6800/316130437 conn(0x7f3244038c70 msgr2=0x7f324403b130 unknown :-1 s=STATE_CONNECTING l=1).mark_down
2024-03-24T11:16:41.668 INFO:teuthology.orchestra.run.smithi167.stdout:/usr/bin/ceph: stderr
2024-03-24T11:16:41.070+0000 7f3260f9a700 1 --2- 172.21.15.167:0/3418011120 >> v2:172.21.15.167:6800/316130437 conn(0x7f3244038c70 0x7f324403b130 unknown :-1 s=START_CONNECT pgs=0 cs=0 l=1 rev1=0 crypto rx=0 tx=0 comp rx=0 tx=0).stop
2024-03-24T11:16:41.668 INFO:teuthology.orchestra.run.smithi167.stdout:/usr/bin/ceph: stderr
2024-03-24T11:16:41.070+0000 7f3260f9a700 1 -- 172.21.15.167:0/3418011120 >> [v2:172.21.15.167:3300/0,v1:172.21.15.167:6789/0] conn(0x7f325c107f90 msgr2=0x7f325c19bc00 secure :-1 s=STATE_CONNECTION_ESTABLISHED l=1).mark_down
2024-03-24T11:16:41.668 INFO:teuthology.orchestra.run.smithi167.stdout:/usr/bin/ceph: stderr
2024-03-24T11:16:41.070+0000 7f3260f9a700 1 --2- 172.21.15.167:0/3418011120 >> [v2:172.21.15.167:3300/0,v1:172.21.15.167:6789/0] conn(0x7f325c107f90 0x7f325c19bc00 secure :-1 s=READY pgs=27 cs=0 l=1 rev1=1 crypto rx=0x7f324c0046c0 tx=0x7f324c011a50 comp rx=0 tx=0).stop
2024-03-24T11:16:41.668 INFO:teuthology.orchestra.run.smithi167.stdout:/usr/bin/ceph: stderr
2024-03-24T11:16:41.070+0000 7f3260f9a700 1 -- 172.21.15.167:0/3418011120 shutdown_connections
2024-03-24T11:16:41.668 INFO:teuthology.orchestra.run.smithi167.stdout:/usr/bin/ceph: stderr
2024-03-24T11:16:41.070+0000 7f3260f9a700 1 --2- 172.21.15.167:0/3418011120 >> v2:172.21.15.167:6800/316130437 conn(0x7f3244038c70 0x7f324403b130 unknown :-1 s=CLOSED pgs=0 cs=0 l=1 rev1=0 crypto rx=0 tx=0 comp rx=0 tx=0).stop
2024-03-24T11:16:41.668 INFO:teuthology.orchestra.run.smithi167.stdout:/usr/bin/ceph: stderr
2024-03-24T11:16:41.070+0000 7f3260f9a700 1 --2- 172.21.15.167:0/3418011120 >> [v2:172.21.15.167:3300/0,v1:172.21.15.167:6789/0] conn(0x7f325c107f90 0x7f325c19bc00 unknown :-1 s=CLOSED pgs=27 cs=0 l=1 rev1=1 crypto rx=0 tx=0 comp rx=0 tx=0).stop
2024-03-24T11:16:41.668 INFO:teuthology.orchestra.run.smithi167.stdout:/usr/bin/ceph: stderr
2024-03-24T11:16:41.070+0000 7f3260f9a700 1 -- 172.21.15.167:0/3418011120 >> 172.21.15.167:0/3418011120 conn(0x7f325c103690 msgr2=0x7f325c105290 unknown :-1 s=STATE_NONE l=0).mark_down
2024-03-24T11:16:41.668 INFO:teuthology.orchestra.run.smithi167.stdout:/usr/bin/ceph: stderr
2024-03-24T11:16:41.070+0000 7f3260f9a700 1 -- 172.21.15.167:0/3418011120 shutdown_connections
2024-03-24T11:16:41.668 INFO:teuthology.orchestra.run.smithi167.stdout:/usr/bin/ceph: stderr
2024-03-24T11:16:41.070+0000 7f3260f9a700 1 -- 172.21.15.167:0/3418011120 wait complete.
2024-03-24T11:16:41.668 INFO:teuthology.orchestra.run.smithi167.stdout:Waiting for the mgr to restart...
2024-03-24T11:16:41.668 INFO:teuthology.orchestra.run.smithi167.stdout:Waiting for mgr epoch 5...
2024-03-24T11:16:42.291 INFO:journalctl@ceph.mgr.y.smithi167.stdout:Mar 24 11:16:42 smithi167 bash[21773]: debug
2024-03-24T11:16:41.998+0000 7f3fabe51200 -1 mgr[py] Module osd_support has missing NOTIFY_TYPES member
2024-03-24T11:16:42.291 INFO:journalctl@ceph.mgr.y.smithi167.stdout:Mar 24 11:16:42 smithi167 bash[21773]: debug
2024-03-24T11:16:42.110+0000 7f3fabe51200 -1 mgr[py] Module selftest has missing NOTIFY_TYPES member
2024-03-24T11:16:42.291 INFO:journalctl@ceph.mgr.y.smithi167.stdout:Mar 24 11:16:42 smithi167 bash[21773]: debug
2024-03-24T11:16:42.214+0000 7f3fabe51200 -1 mgr[py] Module progress has missing NOTIFY_TYPES member
2024-03-24T11:16:43.041 INFO:journalctl@ceph.mgr.y.smithi167.stdout:Mar 24 11:16:42 smithi167 bash[21773]: debug
2024-03-24T11:16:42.570+0000 7f3fabe51200 -1 mgr[py] Module rgw has missing NOTIFY_TYPES member
2024-03-24T11:16:43.041 INFO:journalctl@ceph.mgr.y.smithi167.stdout:Mar 24 11:16:42 smithi167 bash[21773]: debug
2024-03-24T11:16:42.682+0000 7f3fabe51200 -1 mgr[py] Module crash has missing NOTIFY_TYPES member
2024-03-24T11:16:43.041 INFO:journalctl@ceph.mgr.y.smithi167.stdout:Mar 24 11:16:42 smithi167 bash[21773]: debug
2024-03-24T11:16:42.786+0000 7f3fabe51200 -1 mgr[py] Module telegraf has missing NOTIFY_TYPES member
2024-03-24T11:16:43.541 INFO:journalctl@ceph.mgr.y.smithi167.stdout:Mar 24 11:16:43 smithi167 bash[21773]: debug
2024-03-24T11:16:43.138+0000 7f3fabe51200 -1 mgr[py] Module pg_autoscaler has missing NOTIFY_TYPES member
2024-03-24T11:16:43.541 INFO:journalctl@ceph.mgr.y.smithi167.stdout:Mar 24 11:16:43 smithi167 bash[21773]: debug
2024-03-24T11:16:43.378+0000 7f3fabe51200 -1 mgr[py] Module zabbix has missing NOTIFY_TYPES member
2024-03-24T11:16:44.019 INFO:journalctl@ceph.mgr.y.smithi167.stdout:Mar 24 11:16:43 smithi167 bash[21773]: debug
2024-03-24T11:16:43.634+0000 7f3fabe51200 -1 mgr[py] Module nfs has missing NOTIFY_TYPES member
2024-03-24T11:16:44.019 INFO:journalctl@ceph.mgr.y.smithi167.stdout:Mar 24 11:16:43 smithi167 bash[21773]: debug
2024-03-24T11:16:43.746+0000 7f3fabe51200 -1 mgr[py] Module balancer has missing NOTIFY_TYPES member
2024-03-24T11:16:44.291 INFO:journalctl@ceph.mgr.y.smithi167.stdout:Mar 24 11:16:44 smithi167 bash[21773]: debug
2024-03-24T11:16:44.014+0000 7f3fabe51200 -1 mgr[py] Module diskprediction_local has missing NOTIFY_TYPES member
2024-03-24T11:16:44.291 INFO:journalctl@ceph.mgr.y.smithi167.stdout:Mar 24 11:16:44 smithi167 bash[21773]: debug
2024-03-24T11:16:44.254+0000 7f3fabe51200 -1 mgr[py] Module orchestrator has missing NOTIFY_TYPES member
2024-03-24T11:16:45.026 INFO:journalctl@ceph.mgr.y.smithi167.stdout:Mar 24 11:16:44 smithi167 bash[21773]: debug
2024-03-24T11:16:44.662+0000 7f3fabe51200 -1 mgr[py] Module rbd_support has missing NOTIFY_TYPES member
2024-03-24T11:16:45.026 INFO:journalctl@ceph.mgr.y.smithi167.stdout:Mar 24 11:16:44 smithi167 bash[21773]: debug
2024-03-24T11:16:44.782+0000 7f3fabe51200 -1 mgr[py] Module alerts has missing NOTIFY_TYPES member
2024-03-24T11:16:45.291 INFO:journalctl@ceph.mgr.y.smithi167.stdout:Mar 24 11:16:45 smithi167 bash[21773]: debug
2024-03-24T11:16:45.022+0000 7f3fabe51200 -1 mgr[py] Module test_orchestrator has missing NOTIFY_TYPES member
2024-03-24T11:16:46.291 INFO:journalctl@ceph.mgr.y.smithi167.stdout:Mar 24 11:16:46 smithi167 bash[21773]: debug
2024-03-24T11:16:46.014+0000 7f3fabe51200 -1 mgr[py] Module influx has missing NOTIFY_TYPES member
2024-03-24T11:16:46.291 INFO:journalctl@ceph.mgr.y.smithi167.stdout:Mar 24 11:16:46 smithi167 bash[21773]: debug
2024-03-24T11:16:46.130+0000 7f3fabe51200 -1 mgr[py] Module status has missing NOTIFY_TYPES member
2024-03-24T11:16:46.791 INFO:journalctl@ceph.mgr.y.smithi167.stdout:Mar 24 11:16:46 smithi167 bash[21773]: debug
2024-03-24T11:16:46.418+0000 7f3fabe51200 -1 mgr[py] Module volumes has missing NOTIFY_TYPES member
2024-03-24T11:16:46.791 INFO:journalctl@ceph.mgr.y.smithi167.stdout:Mar 24 11:16:46 smithi167 bash[21773]: debug
2024-03-24T11:16:46.530+0000 7f3fabe51200 -1 mgr[py] Module osd_perf_query has missing NOTIFY_TYPES member
2024-03-24T11:16:47.291 INFO:journalctl@ceph.mgr.y.smithi167.stdout:Mar 24 11:16:46 smithi167 bash[21773]: debug
2024-03-24T11:16:46.974+0000 7f3fabe51200 -1 mgr[py] Module prometheus has missing NOTIFY_TYPES member
2024-03-24T11:16:47.291 INFO:journalctl@ceph.mgr.y.smithi167.stdout:Mar 24 11:16:47 smithi167 bash[21773]: debug
2024-03-24T11:16:47.094+0000 7f3fabe51200 -1 mgr[py] Module snap_schedule has missing NOTIFY_TYPES member
2024-03-24T11:16:47.291 INFO:journalctl@ceph.mon.a.smithi167.stdout:Mar 24 11:16:47 smithi167 bash[21520]: cluster
2024-03-24T11:16:47.119089+0000 mon.a (mon.0) 31 : cluster 1 Active manager daemon y restarted
2024-03-24T11:16:47.291 INFO:journalctl@ceph.mon.a.smithi167.stdout:Mar 24 11:16:47 smithi167 bash[21520]: cluster
2024-03-24T11:16:47.119345+0000 mon.a (mon.0) 32 : cluster 1 Activating manager daemon y
2024-03-24T11:16:47.291 INFO:journalctl@ceph.mon.a.smithi167.stdout:Mar 24 11:16:47 smithi167 bash[21520]: cluster
2024-03-24T11:16:47.128454+0000 mon.a (mon.0) 33 : cluster 0 osdmap e2: 0 total, 0 up, 0 in
2024-03-24T11:16:47.291 INFO:journalctl@ceph.mon.a.smithi167.stdout:Mar 24 11:16:47 smithi167 bash[21520]: cluster
2024-03-24T11:16:47.128696+0000 mon.a (mon.0) 34 : cluster 0 mgrmap e6: y(active, starting, since 0.00943362s)
2024-03-24T11:16:47.291 INFO:journalctl@ceph.mon.a.smithi167.stdout:Mar 24 11:16:47 smithi167 bash[21520]: audit
2024-03-24T11:16:47.129945+0000 mon.a (mon.0) 35 : audit 0 from='mgr.14120 172.21.15.167:0/442178248' entity='mgr.y' cmd=[{"prefix": "mon metadata", "id": "a"}]: dispatch
2024-03-24T11:16:47.292 INFO:journalctl@ceph.mon.a.smithi167.stdout:Mar 24 11:16:47 smithi167 bash[21520]: audit
2024-03-24T11:16:47.132419+0000 mon.a (mon.0) 36 : audit 0 from='mgr.14120 172.21.15.167:0/442178248' entity='mgr.y' cmd=[{"prefix": "mgr metadata", "who": "y", "id": "y"}]: dispatch
2024-03-24T11:16:47.292 INFO:journalctl@ceph.mon.a.smithi167.stdout:Mar 24 11:16:47 smithi167 bash[21520]: audit
2024-03-24T11:16:47.133413+0000 mon.a (mon.0) 37 : audit 0 from='mgr.14120 172.21.15.167:0/442178248' entity='mgr.y' cmd=[{"prefix": "mds metadata"}]: dispatch
2024-03-24T11:16:47.292 INFO:journalctl@ceph.mon.a.smithi167.stdout:Mar 24 11:16:47 smithi167 bash[21520]: audit
2024-03-24T11:16:47.133579+0000 mon.a (mon.0) 38 : audit 0 from='mgr.14120 172.21.15.167:0/442178248' entity='mgr.y' cmd=[{"prefix": "osd metadata"}]: dispatch
2024-03-24T11:16:47.292 INFO:journalctl@ceph.mon.a.smithi167.stdout:Mar 24 11:16:47 smithi167 bash[21520]: audit
2024-03-24T11:16:47.133733+0000 mon.a (mon.0) 39 : audit 0 from='mgr.14120 172.21.15.167:0/442178248' entity='mgr.y' cmd=[{"prefix": "mon metadata"}]: dispatch
2024-03-24T11:16:47.292 INFO:journalctl@ceph.mon.a.smithi167.stdout:Mar 24 11:16:47 smithi167 bash[21520]: cluster
2024-03-24T11:16:47.158882+0000 mon.a (mon.0) 40 : cluster 1 Manager daemon y is now available
2024-03-24T11:16:48.541 INFO:journalctl@ceph.mon.a.smithi167.stdout:Mar 24 11:16:48 smithi167 bash[21520]: cephadm
2024-03-24T11:16:47.177649+0000 mgr.y (mgr.14120) 1 : cephadm 1 Found migration_current of "None". Setting to last migration.
2024-03-24T11:16:48.541 INFO:journalctl@ceph.mon.a.smithi167.stdout:Mar 24 11:16:48 smithi167 bash[21520]: audit
2024-03-24T11:16:47.179497+0000 mon.a (mon.0) 41 : audit 1 from='mgr.14120 172.21.15.167:0/442178248' entity='mgr.y'
2024-03-24T11:16:48.542 INFO:journalctl@ceph.mon.a.smithi167.stdout:Mar 24 11:16:48 smithi167 bash[21520]: audit
2024-03-24T11:16:47.182009+0000 mon.a (mon.0) 42 : audit 1 from='mgr.14120 172.21.15.167:0/442178248' entity='mgr.y'
2024-03-24T11:16:48.542 INFO:journalctl@ceph.mon.a.smithi167.stdout:Mar 24 11:16:48 smithi167 bash[21520]: audit
2024-03-24T11:16:47.187396+0000 mon.a (mon.0) 43 : audit 0 from='mgr.14120 172.21.15.167:0/442178248' entity='mgr.y' cmd=[{"prefix": "config dump", "format": "json"}]: dispatch
2024-03-24T11:16:48.542 INFO:journalctl@ceph.mon.a.smithi167.stdout:Mar 24 11:16:48 smithi167 bash[21520]: audit
2024-03-24T11:16:47.191072+0000 mon.a (mon.0) 44 : audit 0 from='mgr.14120 172.21.15.167:0/442178248' entity='mgr.y' cmd=[{"prefix": "config dump", "format": "json"}]: dispatch
2024-03-24T11:16:48.542 INFO:journalctl@ceph.mon.a.smithi167.stdout:Mar 24 11:16:48 smithi167 bash[21520]: audit
2024-03-24T11:16:47.194959+0000 mon.a (mon.0) 45 : audit 0 from='mgr.14120 172.21.15.167:0/442178248' entity='mgr.y' cmd=[{"prefix": "config dump", "format": "json"}]: dispatch
2024-03-24T11:16:48.542 INFO:journalctl@ceph.mon.a.smithi167.stdout:Mar 24 11:16:48 smithi167 bash[21520]: audit
2024-03-24T11:16:47.202318+0000 mon.a (mon.0) 46 : audit 1 from='mgr.14120 172.21.15.167:0/442178248' entity='mgr.y' cmd=[{"prefix":"config rm","who":"mgr","name":"mgr/rbd_support/y/mirror_snapshot_schedule"}]: dispatch
2024-03-24T11:16:48.542 INFO:journalctl@ceph.mon.a.smithi167.stdout:Mar 24 11:16:48 smithi167 bash[21520]: audit
2024-03-24T11:16:47.205226+0000 mon.a (mon.0) 47 : audit 1 from='mgr.14120 172.21.15.167:0/442178248' entity='mgr.y' cmd=[{"prefix":"config rm","who":"mgr","name":"mgr/rbd_support/y/trash_purge_schedule"}]: dispatch
2024-03-24T11:16:48.542 INFO:journalctl@ceph.mon.a.smithi167.stdout:Mar 24 11:16:48 smithi167 bash[21520]: audit
2024-03-24T11:16:47.659720+0000 mon.a (mon.0) 48 : audit 1 from='mgr.14120 172.21.15.167:0/442178248' entity='mgr.y'
2024-03-24T11:16:48.542 INFO:journalctl@ceph.mon.a.smithi167.stdout:Mar 24 11:16:48 smithi167 bash[21520]: audit
2024-03-24T11:16:47.664970+0000 mon.a (mon.0) 49 : audit 1 from='mgr.14120 172.21.15.167:0/442178248' entity='mgr.y'
2024-03-24T11:16:48.542 INFO:journalctl@ceph.mon.a.smithi167.stdout:Mar 24 11:16:48 smithi167 bash[21520]: audit
2024-03-24T11:16:48.130672+0000 mgr.y (mgr.14120) 2 : audit 0 from='client.14124 -' entity='client.admin' cmd=[{"prefix": "get_command_descriptions"}]: dispatch
2024-03-24T11:16:48.542 INFO:journalctl@ceph.mon.a.smithi167.stdout:Mar 24 11:16:48 smithi167 bash[21520]: cluster
2024-03-24T11:16:48.132527+0000 mon.a (mon.0) 50 : cluster 0 mgrmap e7: y(active, since 1.01327s)
2024-03-24T11:16:48.542 INFO:journalctl@ceph.mon.a.smithi167.stdout:Mar 24 11:16:48 smithi167 bash[21520]: audit
2024-03-24T11:16:48.142478+0000 mgr.y (mgr.14120) 3 : audit 0 from='client.14124 -' entity='client.admin' cmd=[{"prefix": "mgr_status"}]: dispatch
2024-03-24T11:16:48.747 INFO:teuthology.orchestra.run.smithi167.stdout:/usr/bin/ceph: stdout {
2024-03-24T11:16:48.748 INFO:teuthology.orchestra.run.smithi167.stdout:/usr/bin/ceph: stdout "mgrmap_epoch": 7,
2024-03-24T11:16:48.748 INFO:teuthology.orchestra.run.smithi167.stdout:/usr/bin/ceph: stdout "initialized": true
2024-03-24T11:16:48.748 INFO:teuthology.orchestra.run.smithi167.stdout:/usr/bin/ceph: stdout }
2024-03-24T11:16:48.748 INFO:teuthology.orchestra.run.smithi167.stdout:/usr/bin/ceph: stderr
2024-03-24T11:16:42.482+0000 7ff861b64700 1 Processor -- start
2024-03-24T11:16:48.748 INFO:teuthology.orchestra.run.smithi167.stdout:/usr/bin/ceph: stderr
2024-03-24T11:16:42.482+0000 7ff861b64700 1 -- start start
2024-03-24T11:16:48.748 INFO:teuthology.orchestra.run.smithi167.stdout:/usr/bin/ceph: stderr
2024-03-24T11:16:42.482+0000 7ff861b64700 1 --2- >> [v2:172.21.15.167:3300/0,v1:172.21.15.167:6789/0] conn(0x7ff85c07b770 0x7ff85c079bd0 unknown :-1 s=NONE pgs=0 cs=0 l=0 rev1=0 crypto rx=0 tx=0 comp rx=0 tx=0).connect
2024-03-24T11:16:48.748 INFO:teuthology.orchestra.run.smithi167.stdout:/usr/bin/ceph: stderr
2024-03-24T11:16:42.482+0000 7ff861b64700 1 -- --> [v2:172.21.15.167:3300/0,v1:172.21.15.167:6789/0] -- mon_getmap magic: 0 v1 -- 0x7ff85c07a1a0 con 0x7ff85c07b770
2024-03-24T11:16:48.748 INFO:teuthology.orchestra.run.smithi167.stdout:/usr/bin/ceph: stderr
2024-03-24T11:16:42.482+0000 7ff85b7fe700 1 --2- >> [v2:172.21.15.167:3300/0,v1:172.21.15.167:6789/0] conn(0x7ff85c07b770 0x7ff85c079bd0 unknown :-1 s=BANNER_CONNECTING pgs=0 cs=0 l=0 rev1=0 crypto rx=0 tx=0 comp rx=0 tx=0)._handle_peer_banner_payload supported=3 required=0
2024-03-24T11:16:48.748 INFO:teuthology.orchestra.run.smithi167.stdout:/usr/bin/ceph: stderr
2024-03-24T11:16:42.482+0000 7ff85b7fe700 1 --2- >> [v2:172.21.15.167:3300/0,v1:172.21.15.167:6789/0] conn(0x7ff85c07b770 0x7ff85c079bd0 unknown :-1 s=HELLO_CONNECTING pgs=0 cs=0 l=0 rev1=1 crypto rx=0 tx=0 comp rx=0 tx=0).handle_hello peer v2:172.21.15.167:3300/0 says I am v2:172.21.15.167:39254/0 (socket says 172.21.15.167:39254)
2024-03-24T11:16:48.748 INFO:teuthology.orchestra.run.smithi167.stdout:/usr/bin/ceph: stderr
2024-03-24T11:16:42.482+0000 7ff85b7fe700 1 -- 172.21.15.167:0/2732208019 learned_addr learned my addr 172.21.15.167:0/2732208019 (peer_addr_for_me v2:172.21.15.167:0/0)
