2024-03-24T11:16:48.748 INFO:teuthology.orchestra.run.smithi167.stdout:/usr/bin/ceph: stderr
2024-03-24T11:16:42.482+0000 7ff85b7fe700 1 -- 172.21.15.167:0/2732208019 --> [v2:172.21.15.167:3300/0,v1:172.21.15.167:6789/0] -- mon_subscribe({config=0+,monmap=0+}) v3 -- 0x7ff85c07a2e0 con 0x7ff85c07b770
2024-03-24T11:16:48.748 INFO:teuthology.orchestra.run.smithi167.stdout:/usr/bin/ceph: stderr
2024-03-24T11:16:42.486+0000 7ff85b7fe700 1 --2- 172.21.15.167:0/2732208019 >> [v2:172.21.15.167:3300/0,v1:172.21.15.167:6789/0] conn(0x7ff85c07b770 0x7ff85c079bd0 secure :-1 s=READY pgs=28 cs=0 l=1 rev1=1 crypto rx=0x7ff8500098a0 tx=0x7ff850009bb0 comp rx=0 tx=0).ready entity=mon.0 client_cookie=50b654e6a227d784 server_cookie=0 in_seq=0 out_seq=0
2024-03-24T11:16:48.749 INFO:teuthology.orchestra.run.smithi167.stdout:/usr/bin/ceph: stderr
2024-03-24T11:16:42.486+0000 7ff85a7fc700 1 -- 172.21.15.167:0/2732208019 <== mon.0 v2:172.21.15.167:3300/0 1 ==== mon_map magic: 0 v1 ==== 205+0+0 (secure 0 0 0) 0x7ff850004160 con 0x7ff85c07b770
2024-03-24T11:16:48.749 INFO:teuthology.orchestra.run.smithi167.stdout:/usr/bin/ceph: stderr
2024-03-24T11:16:42.486+0000 7ff85a7fc700 1 -- 172.21.15.167:0/2732208019 <== mon.0 v2:172.21.15.167:3300/0 2 ==== config(26 keys) v1 ==== 1062+0+0 (secure 0 0 0) 0x7ff8500042c0 con 0x7ff85c07b770
2024-03-24T11:16:48.749 INFO:teuthology.orchestra.run.smithi167.stdout:/usr/bin/ceph: stderr
2024-03-24T11:16:42.486+0000 7ff85a7fc700 1 -- 172.21.15.167:0/2732208019 <== mon.0 v2:172.21.15.167:3300/0 3 ==== mon_map magic: 0 v1 ==== 205+0+0 (secure 0 0 0) 0x7ff8500119b0 con 0x7ff85c07b770
2024-03-24T11:16:48.749 INFO:teuthology.orchestra.run.smithi167.stdout:/usr/bin/ceph: stderr
2024-03-24T11:16:42.486+0000 7ff861b64700 1 -- 172.21.15.167:0/2732208019 >> [v2:172.21.15.167:3300/0,v1:172.21.15.167:6789/0] conn(0x7ff85c07b770 msgr2=0x7ff85c079bd0 secure :-1 s=STATE_CONNECTION_ESTABLISHED l=1).mark_down
2024-03-24T11:16:48.749 INFO:teuthology.orchestra.run.smithi167.stdout:/usr/bin/ceph: stderr
2024-03-24T11:16:42.486+0000 7ff861b64700 1 --2- 172.21.15.167:0/2732208019 >> [v2:172.21.15.167:3300/0,v1:172.21.15.167:6789/0] conn(0x7ff85c07b770 0x7ff85c079bd0 secure :-1 s=READY pgs=28 cs=0 l=1 rev1=1 crypto rx=0x7ff8500098a0 tx=0x7ff850009bb0 comp rx=0 tx=0).stop
2024-03-24T11:16:48.749 INFO:teuthology.orchestra.run.smithi167.stdout:/usr/bin/ceph: stderr
2024-03-24T11:16:42.486+0000 7ff861b64700 1 -- 172.21.15.167:0/2732208019 shutdown_connections
2024-03-24T11:16:48.749 INFO:teuthology.orchestra.run.smithi167.stdout:/usr/bin/ceph: stderr
2024-03-24T11:16:42.486+0000 7ff861b64700 1 --2- 172.21.15.167:0/2732208019 >> [v2:172.21.15.167:3300/0,v1:172.21.15.167:6789/0] conn(0x7ff85c07b770 0x7ff85c079bd0 unknown :-1 s=CLOSED pgs=28 cs=0 l=1 rev1=1 crypto rx=0 tx=0 comp rx=0 tx=0).stop
2024-03-24T11:16:48.749 INFO:teuthology.orchestra.run.smithi167.stdout:/usr/bin/ceph: stderr
2024-03-24T11:16:42.486+0000 7ff861b64700 1 -- 172.21.15.167:0/2732208019 >> 172.21.15.167:0/2732208019 conn(0x7ff85c101310 msgr2=0x7ff85c103750 unknown :-1 s=STATE_NONE l=0).mark_down
2024-03-24T11:16:48.749 INFO:teuthology.orchestra.run.smithi167.stdout:/usr/bin/ceph: stderr
2024-03-24T11:16:42.486+0000 7ff861b64700 1 -- 172.21.15.167:0/2732208019 shutdown_connections
2024-03-24T11:16:48.749 INFO:teuthology.orchestra.run.smithi167.stdout:/usr/bin/ceph: stderr
2024-03-24T11:16:42.486+0000 7ff861b64700 1 -- 172.21.15.167:0/2732208019 wait complete.
2024-03-24T11:16:48.749 INFO:teuthology.orchestra.run.smithi167.stdout:/usr/bin/ceph: stderr
2024-03-24T11:16:42.486+0000 7ff861b64700 1 Processor -- start
2024-03-24T11:16:48.749 INFO:teuthology.orchestra.run.smithi167.stdout:/usr/bin/ceph: stderr
2024-03-24T11:16:42.486+0000 7ff861b64700 1 -- start start
2024-03-24T11:16:48.749 INFO:teuthology.orchestra.run.smithi167.stdout:/usr/bin/ceph: stderr
2024-03-24T11:16:42.486+0000 7ff861b64700 1 --2- >> [v2:172.21.15.167:3300/0,v1:172.21.15.167:6789/0] conn(0x7ff85c07b770 0x7ff85c1a0020 unknown :-1 s=NONE pgs=0 cs=0 l=1 rev1=0 crypto rx=0 tx=0 comp rx=0 tx=0).connect
2024-03-24T11:16:48.749 INFO:teuthology.orchestra.run.smithi167.stdout:/usr/bin/ceph: stderr
2024-03-24T11:16:42.486+0000 7ff861b64700 1 -- --> [v2:172.21.15.167:3300/0,v1:172.21.15.167:6789/0] -- mon_getmap magic: 0 v1 -- 0x7ff85c1a0560 con 0x7ff85c07b770
2024-03-24T11:16:48.750 INFO:teuthology.orchestra.run.smithi167.stdout:/usr/bin/ceph: stderr
2024-03-24T11:16:42.486+0000 7ff85b7fe700 1 --2- >> [v2:172.21.15.167:3300/0,v1:172.21.15.167:6789/0] conn(0x7ff85c07b770 0x7ff85c1a0020 unknown :-1 s=BANNER_CONNECTING pgs=0 cs=0 l=1 rev1=0 crypto rx=0 tx=0 comp rx=0 tx=0)._handle_peer_banner_payload supported=3 required=0
2024-03-24T11:16:48.750 INFO:teuthology.orchestra.run.smithi167.stdout:/usr/bin/ceph: stderr
2024-03-24T11:16:42.486+0000 7ff85b7fe700 1 --2- >> [v2:172.21.15.167:3300/0,v1:172.21.15.167:6789/0] conn(0x7ff85c07b770 0x7ff85c1a0020 unknown :-1 s=HELLO_CONNECTING pgs=0 cs=0 l=1 rev1=1 crypto rx=0 tx=0 comp rx=0 tx=0).handle_hello peer v2:172.21.15.167:3300/0 says I am v2:172.21.15.167:39270/0 (socket says 172.21.15.167:39270)
2024-03-24T11:16:48.750 INFO:teuthology.orchestra.run.smithi167.stdout:/usr/bin/ceph: stderr
2024-03-24T11:16:42.486+0000 7ff85b7fe700 1 -- 172.21.15.167:0/982615390 learned_addr learned my addr 172.21.15.167:0/982615390 (peer_addr_for_me v2:172.21.15.167:0/0)
2024-03-24T11:16:48.750 INFO:teuthology.orchestra.run.smithi167.stdout:/usr/bin/ceph: stderr
2024-03-24T11:16:42.486+0000 7ff85b7fe700 1 -- 172.21.15.167:0/982615390 --> [v2:172.21.15.167:3300/0,v1:172.21.15.167:6789/0] -- mon_subscribe({config=0+,monmap=0+}) v3 -- 0x7ff850009550 con 0x7ff85c07b770
2024-03-24T11:16:48.750 INFO:teuthology.orchestra.run.smithi167.stdout:/usr/bin/ceph: stderr
2024-03-24T11:16:42.486+0000 7ff85b7fe700 1 --2- 172.21.15.167:0/982615390 >> [v2:172.21.15.167:3300/0,v1:172.21.15.167:6789/0] conn(0x7ff85c07b770 0x7ff85c1a0020 secure :-1 s=READY pgs=29 cs=0 l=1 rev1=1 crypto rx=0x7ff850006af0 tx=0x7ff850011a50 comp rx=0 tx=0).ready entity=mon.0 client_cookie=0 server_cookie=0 in_seq=0 out_seq=0
2024-03-24T11:16:48.750 INFO:teuthology.orchestra.run.smithi167.stdout:/usr/bin/ceph: stderr
2024-03-24T11:16:42.486+0000 7ff858ff9700 1 -- 172.21.15.167:0/982615390 <== mon.0 v2:172.21.15.167:3300/0 1 ==== mon_map magic: 0 v1 ==== 205+0+0 (secure 0 0 0) 0x7ff8500039e0 con 0x7ff85c07b770
2024-03-24T11:16:48.750 INFO:teuthology.orchestra.run.smithi167.stdout:/usr/bin/ceph: stderr
2024-03-24T11:16:42.486+0000 7ff858ff9700 1 -- 172.21.15.167:0/982615390 <== mon.0 v2:172.21.15.167:3300/0 2 ==== config(26 keys) v1 ==== 1062+0+0 (secure 0 0 0) 0x7ff850003b40 con 0x7ff85c07b770
2024-03-24T11:16:48.750 INFO:teuthology.orchestra.run.smithi167.stdout:/usr/bin/ceph: stderr
2024-03-24T11:16:42.486+0000 7ff861b64700 1 -- 172.21.15.167:0/982615390 --> [v2:172.21.15.167:3300/0,v1:172.21.15.167:6789/0] -- mon_subscribe({mgrmap=0+}) v3 -- 0x7ff85c1a0760 con 0x7ff85c07b770
2024-03-24T11:16:48.750 INFO:teuthology.orchestra.run.smithi167.stdout:/usr/bin/ceph: stderr
2024-03-24T11:16:42.486+0000 7ff858ff9700 1 -- 172.21.15.167:0/982615390 <== mon.0 v2:172.21.15.167:3300/0 3 ==== mon_map magic: 0 v1 ==== 205+0+0 (secure 0 0 0) 0x7ff850019700 con 0x7ff85c07b770
2024-03-24T11:16:48.750 INFO:teuthology.orchestra.run.smithi167.stdout:/usr/bin/ceph: stderr
2024-03-24T11:16:42.486+0000 7ff861b64700 1 -- 172.21.15.167:0/982615390 --> [v2:172.21.15.167:3300/0,v1:172.21.15.167:6789/0] -- mon_subscribe({osdmap=0}) v3 -- 0x7ff85c1a0c00 con 0x7ff85c07b770
2024-03-24T11:16:48.750 INFO:teuthology.orchestra.run.smithi167.stdout:/usr/bin/ceph: stderr
2024-03-24T11:16:42.486+0000 7ff858ff9700 1 -- 172.21.15.167:0/982615390 <== mon.0 v2:172.21.15.167:3300/0 4 ==== mgrmap(e 5) v1 ==== 45734+0+0 (secure 0 0 0) 0x7ff850019960 con 0x7ff85c07b770
2024-03-24T11:16:48.750 INFO:teuthology.orchestra.run.smithi167.stdout:/usr/bin/ceph: stderr
2024-03-24T11:16:42.490+0000 7ff858ff9700 1 --2- 172.21.15.167:0/982615390 >> v2:172.21.15.167:6800/316130437 conn(0x7ff844038cc0 0x7ff84403b180 unknown :-1 s=NONE pgs=0 cs=0 l=1 rev1=0 crypto rx=0 tx=0 comp rx=0 tx=0).connect
2024-03-24T11:16:48.750 INFO:teuthology.orchestra.run.smithi167.stdout:/usr/bin/ceph: stderr
2024-03-24T11:16:42.490+0000 7ff858ff9700 1 -- 172.21.15.167:0/982615390 <== mon.0 v2:172.21.15.167:3300/0 5 ==== osd_map(1..1 src has 1..1) v4 ==== 725+0+0 (secure 0 0 0) 0x7ff8500501a0 con 0x7ff85c07b770
2024-03-24T11:16:48.751 INFO:teuthology.orchestra.run.smithi167.stdout:/usr/bin/ceph: stderr
2024-03-24T11:16:42.490+0000 7ff85affd700 1 -- 172.21.15.167:0/982615390 >> v2:172.21.15.167:6800/316130437 conn(0x7ff844038cc0 msgr2=0x7ff84403b180 unknown :-1 s=STATE_CONNECTING_RE l=1).process reconnect failed to v2:172.21.15.167:6800/316130437
2024-03-24T11:16:48.751 INFO:teuthology.orchestra.run.smithi167.stdout:/usr/bin/ceph: stderr
2024-03-24T11:16:42.490+0000 7ff85affd700 1 --2- 172.21.15.167:0/982615390 >> v2:172.21.15.167:6800/316130437 conn(0x7ff844038cc0 0x7ff84403b180 unknown :-1 s=START_CONNECT pgs=0 cs=0 l=1 rev1=0 crypto rx=0 tx=0 comp rx=0 tx=0)._fault waiting 0.200000
2024-03-24T11:16:48.751 INFO:teuthology.orchestra.run.smithi167.stdout:/usr/bin/ceph: stderr
2024-03-24T11:16:42.490+0000 7ff861b64700 1 -- 172.21.15.167:0/982615390 --> v2:172.21.15.167:6800/316130437 -- command(tid 0: {"prefix": "get_command_descriptions"}) v1 -- 0x7ff85c107c20 con 0x7ff844038cc0
2024-03-24T11:16:48.751 INFO:teuthology.orchestra.run.smithi167.stdout:/usr/bin/ceph: stderr
2024-03-24T11:16:42.694+0000 7ff85affd700 1 -- 172.21.15.167:0/982615390 >> v2:172.21.15.167:6800/316130437 conn(0x7ff844038cc0 msgr2=0x7ff84403b180 unknown :-1 s=STATE_CONNECTING_RE l=1).process reconnect failed to v2:172.21.15.167:6800/316130437
2024-03-24T11:16:48.751 INFO:teuthology.orchestra.run.smithi167.stdout:/usr/bin/ceph: stderr
2024-03-24T11:16:42.694+0000 7ff85affd700 1 --2- 172.21.15.167:0/982615390 >> v2:172.21.15.167:6800/316130437 conn(0x7ff844038cc0 0x7ff84403b180 unknown :-1 s=START_CONNECT pgs=0 cs=0 l=1 rev1=0 crypto rx=0 tx=0 comp rx=0 tx=0)._fault waiting 0.400000
2024-03-24T11:16:48.751 INFO:teuthology.orchestra.run.smithi167.stdout:/usr/bin/ceph: stderr
2024-03-24T11:16:43.098+0000 7ff85affd700 1 -- 172.21.15.167:0/982615390 >> v2:172.21.15.167:6800/316130437 conn(0x7ff844038cc0 msgr2=0x7ff84403b180 unknown :-1 s=STATE_CONNECTING_RE l=1).process reconnect failed to v2:172.21.15.167:6800/316130437
2024-03-24T11:16:48.751 INFO:teuthology.orchestra.run.smithi167.stdout:/usr/bin/ceph: stderr
2024-03-24T11:16:43.098+0000 7ff85affd700 1 --2- 172.21.15.167:0/982615390 >> v2:172.21.15.167:6800/316130437 conn(0x7ff844038cc0 0x7ff84403b180 unknown :-1 s=START_CONNECT pgs=0 cs=0 l=1 rev1=0 crypto rx=0 tx=0 comp rx=0 tx=0)._fault waiting 0.800000
2024-03-24T11:16:48.751 INFO:teuthology.orchestra.run.smithi167.stdout:/usr/bin/ceph: stderr
2024-03-24T11:16:43.902+0000 7ff85affd700 1 -- 172.21.15.167:0/982615390 >> v2:172.21.15.167:6800/316130437 conn(0x7ff844038cc0 msgr2=0x7ff84403b180 unknown :-1 s=STATE_CONNECTING_RE l=1).process reconnect failed to v2:172.21.15.167:6800/316130437
2024-03-24T11:16:48.751 INFO:teuthology.orchestra.run.smithi167.stdout:/usr/bin/ceph: stderr
2024-03-24T11:16:43.902+0000 7ff85affd700 1 --2- 172.21.15.167:0/982615390 >> v2:172.21.15.167:6800/316130437 conn(0x7ff844038cc0 0x7ff84403b180 unknown :-1 s=START_CONNECT pgs=0 cs=0 l=1 rev1=0 crypto rx=0 tx=0 comp rx=0 tx=0)._fault waiting 1.600000
2024-03-24T11:16:48.751 INFO:teuthology.orchestra.run.smithi167.stdout:/usr/bin/ceph: stderr
2024-03-24T11:16:45.506+0000 7ff85affd700 1 -- 172.21.15.167:0/982615390 >> v2:172.21.15.167:6800/316130437 conn(0x7ff844038cc0 msgr2=0x7ff84403b180 unknown :-1 s=STATE_CONNECTING_RE l=1).process reconnect failed to v2:172.21.15.167:6800/316130437
2024-03-24T11:16:48.751 INFO:teuthology.orchestra.run.smithi167.stdout:/usr/bin/ceph: stderr
2024-03-24T11:16:45.506+0000 7ff85affd700 1 --2- 172.21.15.167:0/982615390 >> v2:172.21.15.167:6800/316130437 conn(0x7ff844038cc0 0x7ff84403b180 unknown :-1 s=START_CONNECT pgs=0 cs=0 l=1 rev1=0 crypto rx=0 tx=0 comp rx=0 tx=0)._fault waiting 3.200000
2024-03-24T11:16:48.751 INFO:teuthology.orchestra.run.smithi167.stdout:/usr/bin/ceph: stderr
2024-03-24T11:16:47.122+0000 7ff858ff9700 1 -- 172.21.15.167:0/982615390 <== mon.0 v2:172.21.15.167:3300/0 6 ==== mgrmap(e 6) v1 ==== 45536+0+0 (secure 0 0 0) 0x7ff850017d50 con 0x7ff85c07b770
2024-03-24T11:16:48.751 INFO:teuthology.orchestra.run.smithi167.stdout:/usr/bin/ceph: stderr
2024-03-24T11:16:47.122+0000 7ff858ff9700 1 -- 172.21.15.167:0/982615390 >> v2:172.21.15.167:6800/316130437 conn(0x7ff844038cc0 msgr2=0x7ff84403b180 unknown :-1 s=STATE_CONNECTING l=1).mark_down
2024-03-24T11:16:48.751 INFO:teuthology.orchestra.run.smithi167.stdout:/usr/bin/ceph: stderr
2024-03-24T11:16:47.122+0000 7ff858ff9700 1 --2- 172.21.15.167:0/982615390 >> v2:172.21.15.167:6800/316130437 conn(0x7ff844038cc0 0x7ff84403b180 unknown :-1 s=START_CONNECT pgs=0 cs=0 l=1 rev1=0 crypto rx=0 tx=0 comp rx=0 tx=0).stop
2024-03-24T11:16:48.751 INFO:teuthology.orchestra.run.smithi167.stdout:/usr/bin/ceph: stderr
2024-03-24T11:16:48.122+0000 7ff858ff9700 1 -- 172.21.15.167:0/982615390 <== mon.0 v2:172.21.15.167:3300/0 7 ==== mgrmap(e 7) v1 ==== 45628+0+0 (secure 0 0 0) 0x7ff850020cc0 con 0x7ff85c07b770
2024-03-24T11:16:48.752 INFO:teuthology.orchestra.run.smithi167.stdout:/usr/bin/ceph: stderr
2024-03-24T11:16:48.122+0000 7ff858ff9700 1 --2- 172.21.15.167:0/982615390 >> v2:172.21.15.167:6800/2894205726 conn(0x7ff84403c3c0 0x7ff84403e7b0 unknown :-1 s=NONE pgs=0 cs=0 l=1 rev1=0 crypto rx=0 tx=0 comp rx=0 tx=0).connect
2024-03-24T11:16:48.752 INFO:teuthology.orchestra.run.smithi167.stdout:/usr/bin/ceph: stderr
2024-03-24T11:16:48.122+0000 7ff858ff9700 1 -- 172.21.15.167:0/982615390 --> v2:172.21.15.167:6800/2894205726 -- command(tid 0: {"prefix": "get_command_descriptions"}) v1 -- 0x7ff85c107c20 con 0x7ff84403c3c0
2024-03-24T11:16:48.752 INFO:teuthology.orchestra.run.smithi167.stdout:/usr/bin/ceph: stderr
2024-03-24T11:16:48.126+0000 7ff85affd700 1 --2- 172.21.15.167:0/982615390 >> v2:172.21.15.167:6800/2894205726 conn(0x7ff84403c3c0 0x7ff84403e7b0 unknown :-1 s=BANNER_CONNECTING pgs=0 cs=0 l=1 rev1=0 crypto rx=0 tx=0 comp rx=0 tx=0)._handle_peer_banner_payload supported=3 required=0
2024-03-24T11:16:48.752 INFO:teuthology.orchestra.run.smithi167.stdout:/usr/bin/ceph: stderr
2024-03-24T11:16:48.126+0000 7ff85affd700 1 --2- 172.21.15.167:0/982615390 >> v2:172.21.15.167:6800/2894205726 conn(0x7ff84403c3c0 0x7ff84403e7b0 secure :-1 s=READY pgs=1 cs=0 l=1 rev1=1 crypto rx=0x7ff84c003a10 tx=0x7ff84c0092b0 comp rx=0 tx=0).ready entity=mgr.14120 client_cookie=0 server_cookie=0 in_seq=0 out_seq=0
2024-03-24T11:16:48.752 INFO:teuthology.orchestra.run.smithi167.stdout:/usr/bin/ceph: stderr
2024-03-24T11:16:48.126+0000 7ff858ff9700 1 -- 172.21.15.167:0/982615390 <== mgr.14120 v2:172.21.15.167:6800/2894205726 1 ==== command_reply(tid 0: 0 ) v1 ==== 8+0+7774 (secure 0 0 0) 0x7ff85c107c20 con 0x7ff84403c3c0
2024-03-24T11:16:48.752 INFO:teuthology.orchestra.run.smithi167.stdout:/usr/bin/ceph: stderr
2024-03-24T11:16:48.138+0000 7ff861b64700 1 -- 172.21.15.167:0/982615390 --> v2:172.21.15.167:6800/2894205726 -- command(tid 1: {"prefix": "mgr_status"}) v1 -- 0x7ff85c107d90 con 0x7ff84403c3c0
2024-03-24T11:16:48.752 INFO:teuthology.orchestra.run.smithi167.stdout:/usr/bin/ceph: stderr
2024-03-24T11:16:48.138+0000 7ff858ff9700 1 -- 172.21.15.167:0/982615390 <== mgr.14120 v2:172.21.15.167:6800/2894205726 2 ==== command_reply(tid 1: 0 ) v1 ==== 8+0+51 (secure 0 0 0) 0x7ff85c107d90 con 0x7ff84403c3c0
2024-03-24T11:16:48.752 INFO:teuthology.orchestra.run.smithi167.stdout:/usr/bin/ceph: stderr
2024-03-24T11:16:48.138+0000 7ff861b64700 1 -- 172.21.15.167:0/982615390 >> v2:172.21.15.167:6800/2894205726 conn(0x7ff84403c3c0 msgr2=0x7ff84403e7b0 secure :-1 s=STATE_CONNECTION_ESTABLISHED l=1).mark_down
2024-03-24T11:16:48.752 INFO:teuthology.orchestra.run.smithi167.stdout:/usr/bin/ceph: stderr
2024-03-24T11:16:48.138+0000 7ff861b64700 1 --2- 172.21.15.167:0/982615390 >> v2:172.21.15.167:6800/2894205726 conn(0x7ff84403c3c0 0x7ff84403e7b0 secure :-1 s=READY pgs=1 cs=0 l=1 rev1=1 crypto rx=0x7ff84c003a10 tx=0x7ff84c0092b0 comp rx=0 tx=0).stop
2024-03-24T11:16:48.752 INFO:teuthology.orchestra.run.smithi167.stdout:/usr/bin/ceph: stderr
2024-03-24T11:16:48.138+0000 7ff861b64700 1 -- 172.21.15.167:0/982615390 >> [v2:172.21.15.167:3300/0,v1:172.21.15.167:6789/0] conn(0x7ff85c07b770 msgr2=0x7ff85c1a0020 secure :-1 s=STATE_CONNECTION_ESTABLISHED l=1).mark_down
2024-03-24T11:16:48.753 INFO:teuthology.orchestra.run.smithi167.stdout:/usr/bin/ceph: stderr
2024-03-24T11:16:48.138+0000 7ff861b64700 1 --2- 172.21.15.167:0/982615390 >> [v2:172.21.15.167:3300/0,v1:172.21.15.167:6789/0] conn(0x7ff85c07b770 0x7ff85c1a0020 secure :-1 s=READY pgs=29 cs=0 l=1 rev1=1 crypto rx=0x7ff850006af0 tx=0x7ff850011a50 comp rx=0 tx=0).stop
2024-03-24T11:16:48.753 INFO:teuthology.orchestra.run.smithi167.stdout:/usr/bin/ceph: stderr
2024-03-24T11:16:48.138+0000 7ff861b64700 1 -- 172.21.15.167:0/982615390 shutdown_connections
2024-03-24T11:16:48.753 INFO:teuthology.orchestra.run.smithi167.stdout:/usr/bin/ceph: stderr
2024-03-24T11:16:48.138+0000 7ff861b64700 1 --2- 172.21.15.167:0/982615390 >> [v2:172.21.15.167:3300/0,v1:172.21.15.167:6789/0] conn(0x7ff85c07b770 0x7ff85c1a0020 unknown :-1 s=CLOSED pgs=29 cs=0 l=1 rev1=1 crypto rx=0 tx=0 comp rx=0 tx=0).stop
2024-03-24T11:16:48.753 INFO:teuthology.orchestra.run.smithi167.stdout:/usr/bin/ceph: stderr
2024-03-24T11:16:48.138+0000 7ff861b64700 1 --2- 172.21.15.167:0/982615390 >> v2:172.21.15.167:6800/2894205726 conn(0x7ff84403c3c0 0x7ff84403e7b0 unknown :-1 s=CLOSED pgs=1 cs=0 l=1 rev1=1 crypto rx=0 tx=0 comp rx=0 tx=0).stop
2024-03-24T11:16:48.753 INFO:teuthology.orchestra.run.smithi167.stdout:/usr/bin/ceph: stderr
2024-03-24T11:16:48.138+0000 7ff861b64700 1 --2- 172.21.15.167:0/982615390 >> v2:172.21.15.167:6800/316130437 conn(0x7ff844038cc0 0x7ff84403b180 unknown :-1 s=CLOSED pgs=0 cs=0 l=1 rev1=0 crypto rx=0 tx=0 comp rx=0 tx=0).stop
2024-03-24T11:16:48.753 INFO:teuthology.orchestra.run.smithi167.stdout:/usr/bin/ceph: stderr
2024-03-24T11:16:48.138+0000 7ff861b64700 1 -- 172.21.15.167:0/982615390 >> 172.21.15.167:0/982615390 conn(0x7ff85c101310 msgr2=0x7ff85c197060 unknown :-1 s=STATE_NONE l=0).mark_down
2024-03-24T11:16:48.753 INFO:teuthology.orchestra.run.smithi167.stdout:/usr/bin/ceph: stderr
2024-03-24T11:16:48.138+0000 7ff861b64700 1 -- 172.21.15.167:0/982615390 shutdown_connections
2024-03-24T11:16:48.753 INFO:teuthology.orchestra.run.smithi167.stdout:/usr/bin/ceph: stderr
2024-03-24T11:16:48.138+0000 7ff861b64700 1 -- 172.21.15.167:0/982615390 wait complete.
2024-03-24T11:16:48.753 INFO:teuthology.orchestra.run.smithi167.stdout:mgr epoch 5 is available
2024-03-24T11:16:48.753 INFO:teuthology.orchestra.run.smithi167.stdout:Setting orchestrator backend to cephadm...
2024-03-24T11:16:49.445 INFO:journalctl@ceph.mon.a.smithi167.stdout:Mar 24 11:16:49 smithi167 bash[21520]: cephadm
2024-03-24T11:16:48.373291+0000 mgr.y (mgr.14120) 4 : cephadm 1 [24/Mar/2024:11:16:48] ENGINE Bus STARTING
2024-03-24T11:16:49.445 INFO:journalctl@ceph.mon.a.smithi167.stdout:Mar 24 11:16:49 smithi167 bash[21520]: cephadm
2024-03-24T11:16:48.491019+0000 mgr.y (mgr.14120) 5 : cephadm 1 [24/Mar/2024:11:16:48] ENGINE Serving on https://172.21.15.167:7150
2024-03-24T11:16:49.445 INFO:journalctl@ceph.mon.a.smithi167.stdout:Mar 24 11:16:49 smithi167 bash[21520]: cephadm
2024-03-24T11:16:48.592332+0000 mgr.y (mgr.14120) 6 : cephadm 1 [24/Mar/2024:11:16:48] ENGINE Serving on http://172.21.15.167:8765
2024-03-24T11:16:49.445 INFO:journalctl@ceph.mon.a.smithi167.stdout:Mar 24 11:16:49 smithi167 bash[21520]: cephadm
2024-03-24T11:16:48.592490+0000 mgr.y (mgr.14120) 7 : cephadm 1 [24/Mar/2024:11:16:48] ENGINE Bus STARTED
2024-03-24T11:16:49.445 INFO:journalctl@ceph.mon.a.smithi167.stdout:Mar 24 11:16:49 smithi167 bash[21520]: audit
2024-03-24T11:16:48.614835+0000 mon.a (mon.0) 51 : audit 0 from='mgr.14120 172.21.15.167:0/442178248' entity='mgr.y' cmd=[{"prefix": "config dump", "format": "json"}]: dispatch
2024-03-24T11:16:50.541 INFO:journalctl@ceph.mon.a.smithi167.stdout:Mar 24 11:16:50 smithi167 bash[21520]: cluster
2024-03-24T11:16:49.186525+0000 mon.a (mon.0) 52 : cluster 0 mgrmap e8: y(active, since 2s)
2024-03-24T11:16:50.541 INFO:journalctl@ceph.mon.a.smithi167.stdout:Mar 24 11:16:50 smithi167 bash[21520]: audit
2024-03-24T11:16:50.084267+0000 mgr.y (mgr.14120) 8 : audit 0 from='client.14132 -' entity='client.admin' cmd=[{"prefix": "orch set backend", "module_name": "cephadm", "target": ["mon-mgr", ""]}]: dispatch
2024-03-24T11:16:50.541 INFO:journalctl@ceph.mon.a.smithi167.stdout:Mar 24 11:16:50 smithi167 bash[21520]: audit
2024-03-24T11:16:50.090951+0000 mon.a (mon.0) 53 : audit 1 from='mgr.14120 172.21.15.167:0/442178248' entity='mgr.y'
2024-03-24T11:16:50.541 INFO:journalctl@ceph.mon.a.smithi167.stdout:Mar 24 11:16:50 smithi167 bash[21520]: audit
2024-03-24T11:16:50.137599+0000 mon.a (mon.0) 54 : audit 0 from='mgr.14120 172.21.15.167:0/442178248' entity='mgr.y' cmd=[{"prefix": "config dump", "format": "json"}]: dispatch
2024-03-24T11:16:50.691 INFO:teuthology.orchestra.run.smithi167.stdout:/usr/bin/ceph: stderr
2024-03-24T11:16:49.650+0000 7f21dc582700 1 Processor -- start
2024-03-24T11:16:50.692 INFO:teuthology.orchestra.run.smithi167.stdout:/usr/bin/ceph: stderr
2024-03-24T11:16:49.650+0000 7f21dc582700 1 -- start start
2024-03-24T11:16:50.692 INFO:teuthology.orchestra.run.smithi167.stdout:/usr/bin/ceph: stderr
2024-03-24T11:16:49.650+0000 7f21dc582700 1 --2- >> [v2:172.21.15.167:3300/0,v1:172.21.15.167:6789/0] conn(0x7f21d407b6f0 0x7f21d4079b50 unknown :-1 s=NONE pgs=0 cs=0 l=0 rev1=0 crypto rx=0 tx=0 comp rx=0 tx=0).connect
2024-03-24T11:16:50.692 INFO:teuthology.orchestra.run.smithi167.stdout:/usr/bin/ceph: stderr
2024-03-24T11:16:49.650+0000 7f21dc582700 1 -- --> [v2:172.21.15.167:3300/0,v1:172.21.15.167:6789/0] -- mon_getmap magic: 0 v1 -- 0x7f21d407a120 con 0x7f21d407b6f0
2024-03-24T11:16:50.692 INFO:teuthology.orchestra.run.smithi167.stdout:/usr/bin/ceph: stderr
2024-03-24T11:16:49.650+0000 7f21da31e700 1 --2- >> [v2:172.21.15.167:3300/0,v1:172.21.15.167:6789/0] conn(0x7f21d407b6f0 0x7f21d4079b50 unknown :-1 s=BANNER_CONNECTING pgs=0 cs=0 l=0 rev1=0 crypto rx=0 tx=0 comp rx=0 tx=0)._handle_peer_banner_payload supported=3 required=0
2024-03-24T11:16:50.692 INFO:teuthology.orchestra.run.smithi167.stdout:/usr/bin/ceph: stderr
2024-03-24T11:16:49.650+0000 7f21da31e700 1 --2- >> [v2:172.21.15.167:3300/0,v1:172.21.15.167:6789/0] conn(0x7f21d407b6f0 0x7f21d4079b50 unknown :-1 s=HELLO_CONNECTING pgs=0 cs=0 l=0 rev1=1 crypto rx=0 tx=0 comp rx=0 tx=0).handle_hello peer v2:172.21.15.167:3300/0 says I am v2:172.21.15.167:39338/0 (socket says 172.21.15.167:39338)
2024-03-24T11:16:50.692 INFO:teuthology.orchestra.run.smithi167.stdout:/usr/bin/ceph: stderr
2024-03-24T11:16:49.650+0000 7f21da31e700 1 -- 172.21.15.167:0/1311167928 learned_addr learned my addr 172.21.15.167:0/1311167928 (peer_addr_for_me v2:172.21.15.167:0/0)
2024-03-24T11:16:50.692 INFO:teuthology.orchestra.run.smithi167.stdout:/usr/bin/ceph: stderr
2024-03-24T11:16:49.654+0000 7f21da31e700 1 -- 172.21.15.167:0/1311167928 --> [v2:172.21.15.167:3300/0,v1:172.21.15.167:6789/0] -- mon_subscribe({config=0+,monmap=0+}) v3 -- 0x7f21d407a260 con 0x7f21d407b6f0
2024-03-24T11:16:50.692 INFO:teuthology.orchestra.run.smithi167.stdout:/usr/bin/ceph: stderr
2024-03-24T11:16:49.654+0000 7f21da31e700 1 --2- 172.21.15.167:0/1311167928 >> [v2:172.21.15.167:3300/0,v1:172.21.15.167:6789/0] conn(0x7f21d407b6f0 0x7f21d4079b50 secure :-1 s=READY pgs=37 cs=0 l=1 rev1=1 crypto rx=0x7f21d00098a0 tx=0x7f21d0009bb0 comp rx=0 tx=0).ready entity=mon.0 client_cookie=b47abc8f79fab64c server_cookie=0 in_seq=0 out_seq=0
2024-03-24T11:16:50.692 INFO:teuthology.orchestra.run.smithi167.stdout:/usr/bin/ceph: stderr
2024-03-24T11:16:49.654+0000 7f21d931c700 1 -- 172.21.15.167:0/1311167928 <== mon.0 v2:172.21.15.167:3300/0 1 ==== mon_map magic: 0 v1 ==== 205+0+0 (secure 0 0 0) 0x7f21d0004160 con 0x7f21d407b6f0
2024-03-24T11:16:50.692 INFO:teuthology.orchestra.run.smithi167.stdout:/usr/bin/ceph: stderr
2024-03-24T11:16:49.654+0000 7f21d931c700 1 -- 172.21.15.167:0/1311167928 <== mon.0 v2:172.21.15.167:3300/0 2 ==== config(26 keys) v1 ==== 1062+0+0 (secure 0 0 0) 0x7f21d00042c0 con 0x7f21d407b6f0
2024-03-24T11:16:50.693 INFO:teuthology.orchestra.run.smithi167.stdout:/usr/bin/ceph: stderr
2024-03-24T11:16:49.654+0000 7f21d931c700 1 -- 172.21.15.167:0/1311167928 <== mon.0 v2:172.21.15.167:3300/0 3 ==== mon_map magic: 0 v1 ==== 205+0+0 (secure 0 0 0) 0x7f21d00119b0 con 0x7f21d407b6f0
2024-03-24T11:16:50.693 INFO:teuthology.orchestra.run.smithi167.stdout:/usr/bin/ceph: stderr
2024-03-24T11:16:49.654+0000 7f21dc582700 1 -- 172.21.15.167:0/1311167928 >> [v2:172.21.15.167:3300/0,v1:172.21.15.167:6789/0] conn(0x7f21d407b6f0 msgr2=0x7f21d4079b50 secure :-1 s=STATE_CONNECTION_ESTABLISHED l=1).mark_down
2024-03-24T11:16:50.693 INFO:teuthology.orchestra.run.smithi167.stdout:/usr/bin/ceph: stderr
2024-03-24T11:16:49.654+0000 7f21dc582700 1 --2- 172.21.15.167:0/1311167928 >> [v2:172.21.15.167:3300/0,v1:172.21.15.167:6789/0] conn(0x7f21d407b6f0 0x7f21d4079b50 secure :-1 s=READY pgs=37 cs=0 l=1 rev1=1 crypto rx=0x7f21d00098a0 tx=0x7f21d0009bb0 comp rx=0 tx=0).stop
2024-03-24T11:16:50.693 INFO:teuthology.orchestra.run.smithi167.stdout:/usr/bin/ceph: stderr
2024-03-24T11:16:49.654+0000 7f21dc582700 1 -- 172.21.15.167:0/1311167928 shutdown_connections
2024-03-24T11:16:50.693 INFO:teuthology.orchestra.run.smithi167.stdout:/usr/bin/ceph: stderr
2024-03-24T11:16:49.654+0000 7f21dc582700 1 --2- 172.21.15.167:0/1311167928 >> [v2:172.21.15.167:3300/0,v1:172.21.15.167:6789/0] conn(0x7f21d407b6f0 0x7f21d4079b50 unknown :-1 s=CLOSED pgs=37 cs=0 l=1 rev1=1 crypto rx=0 tx=0 comp rx=0 tx=0).stop
2024-03-24T11:16:50.693 INFO:teuthology.orchestra.run.smithi167.stdout:/usr/bin/ceph: stderr
2024-03-24T11:16:49.654+0000 7f21dc582700 1 -- 172.21.15.167:0/1311167928 >> 172.21.15.167:0/1311167928 conn(0x7f21d4101310 msgr2=0x7f21d4103730 unknown :-1 s=STATE_NONE l=0).mark_down
2024-03-24T11:16:50.693 INFO:teuthology.orchestra.run.smithi167.stdout:/usr/bin/ceph: stderr
2024-03-24T11:16:49.654+0000 7f21dc582700 1 -- 172.21.15.167:0/1311167928 shutdown_connections
2024-03-24T11:16:50.693 INFO:teuthology.orchestra.run.smithi167.stdout:/usr/bin/ceph: stderr
2024-03-24T11:16:49.654+0000 7f21dc582700 1 -- 172.21.15.167:0/1311167928 wait complete.
2024-03-24T11:16:50.693 INFO:teuthology.orchestra.run.smithi167.stdout:/usr/bin/ceph: stderr
2024-03-24T11:16:49.654+0000 7f21dc582700 1 Processor -- start
2024-03-24T11:16:50.693 INFO:teuthology.orchestra.run.smithi167.stdout:/usr/bin/ceph: stderr
2024-03-24T11:16:49.654+0000 7f21dc582700 1 -- start start
2024-03-24T11:16:50.693 INFO:teuthology.orchestra.run.smithi167.stdout:/usr/bin/ceph: stderr
2024-03-24T11:16:49.654+0000 7f21dc582700 1 --2- >> [v2:172.21.15.167:3300/0,v1:172.21.15.167:6789/0] conn(0x7f21d407b6f0 0x7f21d419bc10 unknown :-1 s=NONE pgs=0 cs=0 l=1 rev1=0 crypto rx=0 tx=0 comp rx=0 tx=0).connect
2024-03-24T11:16:50.693 INFO:teuthology.orchestra.run.smithi167.stdout:/usr/bin/ceph: stderr
2024-03-24T11:16:49.654+0000 7f21dc582700 1 -- --> [v2:172.21.15.167:3300/0,v1:172.21.15.167:6789/0] -- mon_getmap magic: 0 v1 -- 0x7f21d419c150 con 0x7f21d407b6f0
2024-03-24T11:16:50.693 INFO:teuthology.orchestra.run.smithi167.stdout:/usr/bin/ceph: stderr
2024-03-24T11:16:49.654+0000 7f21da31e700 1 --2- >> [v2:172.21.15.167:3300/0,v1:172.21.15.167:6789/0] conn(0x7f21d407b6f0 0x7f21d419bc10 unknown :-1 s=BANNER_CONNECTING pgs=0 cs=0 l=1 rev1=0 crypto rx=0 tx=0 comp rx=0 tx=0)._handle_peer_banner_payload supported=3 required=0
2024-03-24T11:16:50.693 INFO:teuthology.orchestra.run.smithi167.stdout:/usr/bin/ceph: stderr
2024-03-24T11:16:49.654+0000 7f21da31e700 1 --2- >> [v2:172.21.15.167:3300/0,v1:172.21.15.167:6789/0] conn(0x7f21d407b6f0 0x7f21d419bc10 unknown :-1 s=HELLO_CONNECTING pgs=0 cs=0 l=1 rev1=1 crypto rx=0 tx=0 comp rx=0 tx=0).handle_hello peer v2:172.21.15.167:3300/0 says I am v2:172.21.15.167:39346/0 (socket says 172.21.15.167:39346)
2024-03-24T11:16:50.694 INFO:teuthology.orchestra.run.smithi167.stdout:/usr/bin/ceph: stderr
2024-03-24T11:16:49.654+0000 7f21da31e700 1 -- 172.21.15.167:0/808689914 learned_addr learned my addr 172.21.15.167:0/808689914 (peer_addr_for_me v2:172.21.15.167:0/0)
2024-03-24T11:16:50.694 INFO:teuthology.orchestra.run.smithi167.stdout:/usr/bin/ceph: stderr
2024-03-24T11:16:49.654+0000 7f21da31e700 1 -- 172.21.15.167:0/808689914 --> [v2:172.21.15.167:3300/0,v1:172.21.15.167:6789/0] -- mon_subscribe({config=0+,monmap=0+}) v3 -- 0x7f21d0009550 con 0x7f21d407b6f0
2024-03-24T11:16:50.694 INFO:teuthology.orchestra.run.smithi167.stdout:/usr/bin/ceph: stderr
2024-03-24T11:16:49.654+0000 7f21da31e700 1 --2- 172.21.15.167:0/808689914 >> [v2:172.21.15.167:3300/0,v1:172.21.15.167:6789/0] conn(0x7f21d407b6f0 0x7f21d419bc10 secure :-1 s=READY pgs=38 cs=0 l=1 rev1=1 crypto rx=0x7f21d0011670 tx=0x7f21d0011a50 comp rx=0 tx=0).ready entity=mon.0 client_cookie=0 server_cookie=0 in_seq=0 out_seq=0
2024-03-24T11:16:50.694 INFO:teuthology.orchestra.run.smithi167.stdout:/usr/bin/ceph: stderr
2024-03-24T11:16:49.654+0000 7f21cb7fe700 1 -- 172.21.15.167:0/808689914 <== mon.0 v2:172.21.15.167:3300/0 1 ==== mon_map magic: 0 v1 ==== 205+0+0 (secure 0 0 0) 0x7f21d0003af0 con 0x7f21d407b6f0
2024-03-24T11:16:50.694 INFO:teuthology.orchestra.run.smithi167.stdout:/usr/bin/ceph: stderr
2024-03-24T11:16:49.654+0000 7f21cb7fe700 1 -- 172.21.15.167:0/808689914 <== mon.0 v2:172.21.15.167:3300/0 2 ==== config(26 keys) v1 ==== 1062+0+0 (secure 0 0 0) 0x7f21d001a8c0 con 0x7f21d407b6f0
2024-03-24T11:16:50.694 INFO:teuthology.orchestra.run.smithi167.stdout:/usr/bin/ceph: stderr
2024-03-24T11:16:49.654+0000 7f21dc582700 1 -- 172.21.15.167:0/808689914 --> [v2:172.21.15.167:3300/0,v1:172.21.15.167:6789/0] -- mon_subscribe({mgrmap=0+}) v3 -- 0x7f21d419c350 con 0x7f21d407b6f0
2024-03-24T11:16:50.694 INFO:teuthology.orchestra.run.smithi167.stdout:/usr/bin/ceph: stderr
2024-03-24T11:16:49.654+0000 7f21cb7fe700 1 -- 172.21.15.167:0/808689914 <== mon.0 v2:172.21.15.167:3300/0 3 ==== mon_map magic: 0 v1 ==== 205+0+0 (secure 0 0 0) 0x7f21d0019730 con 0x7f21d407b6f0
2024-03-24T11:16:50.694 INFO:teuthology.orchestra.run.smithi167.stdout:/usr/bin/ceph: stderr
2024-03-24T11:16:49.654+0000 7f21dc582700 1 -- 172.21.15.167:0/808689914 --> [v2:172.21.15.167:3300/0,v1:172.21.15.167:6789/0] -- mon_subscribe({osdmap=0}) v3 -- 0x7f21d419c7f0 con 0x7f21d407b6f0
2024-03-24T11:16:50.694 INFO:teuthology.orchestra.run.smithi167.stdout:/usr/bin/ceph: stderr
2024-03-24T11:16:49.658+0000 7f21cb7fe700 1 -- 172.21.15.167:0/808689914 <== mon.0 v2:172.21.15.167:3300/0 4 ==== mgrmap(e 8) v1 ==== 45734+0+0 (secure 0 0 0) 0x7f21d0019a00 con 0x7f21d407b6f0
2024-03-24T11:16:50.694 INFO:teuthology.orchestra.run.smithi167.stdout:/usr/bin/ceph: stderr
2024-03-24T11:16:49.658+0000 7f21cb7fe700 1 --2- 172.21.15.167:0/808689914 >> v2:172.21.15.167:6800/2894205726 conn(0x7f21c0038cc0 0x7f21c003b180 unknown :-1 s=NONE pgs=0 cs=0 l=1 rev1=0 crypto rx=0 tx=0 comp rx=0 tx=0).connect
2024-03-24T11:16:50.695 INFO:teuthology.orchestra.run.smithi167.stdout:/usr/bin/ceph: stderr
2024-03-24T11:16:49.658+0000 7f21dc582700 1 -- 172.21.15.167:0/808689914 --> [v2:172.21.15.167:3300/0,v1:172.21.15.167:6789/0] -- mon_command({"prefix": "get_command_descriptions"} v 0) v1 -- 0x7f21d410c030 con 0x7f21d407b6f0
2024-03-24T11:16:50.695 INFO:teuthology.orchestra.run.smithi167.stdout:/usr/bin/ceph: stderr
2024-03-24T11:16:49.658+0000 7f21cb7fe700 1 -- 172.21.15.167:0/808689914 <== mon.0 v2:172.21.15.167:3300/0 5 ==== osd_map(2..2 src has 1..2) v4 ==== 897+0+0 (secure 0 0 0) 0x7f21d004cce0 con 0x7f21d407b6f0
2024-03-24T11:16:50.695 INFO:teuthology.orchestra.run.smithi167.stdout:/usr/bin/ceph: stderr
2024-03-24T11:16:49.658+0000 7f21d9b1d700 1 --2- 172.21.15.167:0/808689914 >> v2:172.21.15.167:6800/2894205726 conn(0x7f21c0038cc0 0x7f21c003b180 unknown :-1 s=BANNER_CONNECTING pgs=0 cs=0 l=1 rev1=0 crypto rx=0 tx=0 comp rx=0 tx=0)._handle_peer_banner_payload supported=3 required=0
2024-03-24T11:16:50.695 INFO:teuthology.orchestra.run.smithi167.stdout:/usr/bin/ceph: stderr
2024-03-24T11:16:49.658+0000 7f21d9b1d700 1 --2- 172.21.15.167:0/808689914 >> v2:172.21.15.167:6800/2894205726 conn(0x7f21c0038cc0 0x7f21c003b180 secure :-1 s=READY pgs=7 cs=0 l=1 rev1=1 crypto rx=0x7f21c4006fd0 tx=0x7f21c4006e40 comp rx=0 tx=0).ready entity=mgr.14120 client_cookie=0 server_cookie=0 in_seq=0 out_seq=0
2024-03-24T11:16:50.695 INFO:teuthology.orchestra.run.smithi167.stdout:/usr/bin/ceph: stderr
2024-03-24T11:16:49.662+0000 7f21cb7fe700 1 -- 172.21.15.167:0/808689914 <== mon.0 v2:172.21.15.167:3300/0 6 ==== mon_command_ack([{"prefix": "get_command_descriptions"}]=0 v0) v1 ==== 72+0+183564 (secure 0 0 0) 0x7f21d0018530 con 0x7f21d407b6f0
2024-03-24T11:16:50.698 INFO:teuthology.orchestra.run.smithi167.stdout:/usr/bin/ceph: stderr
2024-03-24T11:16:50.078+0000 7f21dc582700 1 -- 172.21.15.167:0/808689914 --> v2:172.21.15.167:6800/2894205726 -- mgr_command(tid 0: {"prefix": "orch set backend", "module_name": "cephadm", "target": ["mon-mgr", ""]}) v1 -- 0x7f21d41025b0 con 0x7f21c0038cc0
2024-03-24T11:16:50.698 INFO:teuthology.orchestra.run.smithi167.stdout:/usr/bin/ceph: stderr
2024-03-24T11:16:50.086+0000 7f21cb7fe700 1 -- 172.21.15.167:0/808689914 <== mgr.14120 v2:172.21.15.167:6800/2894205726 1 ==== mgr_command_reply(tid 0: 0 ) v1 ==== 8+0+0 (secure 0 0 0) 0x7f21d41025b0 con 0x7f21c0038cc0
2024-03-24T11:16:50.698 INFO:teuthology.orchestra.run.smithi167.stdout:/usr/bin/ceph: stderr
2024-03-24T11:16:50.090+0000 7f21dc582700 1 -- 172.21.15.167:0/808689914 >> v2:172.21.15.167:6800/2894205726 conn(0x7f21c0038cc0 msgr2=0x7f21c003b180 secure :-1 s=STATE_CONNECTION_ESTABLISHED l=1).mark_down
2024-03-24T11:16:50.698 INFO:teuthology.orchestra.run.smithi167.stdout:/usr/bin/ceph: stderr
2024-03-24T11:16:50.090+0000 7f21dc582700 1 --2- 172.21.15.167:0/808689914 >> v2:172.21.15.167:6800/2894205726 conn(0x7f21c0038cc0 0x7f21c003b180 secure :-1 s=READY pgs=7 cs=0 l=1 rev1=1 crypto rx=0x7f21c4006fd0 tx=0x7f21c4006e40 comp rx=0 tx=0).stop
2024-03-24T11:16:50.698 INFO:teuthology.orchestra.run.smithi167.stdout:/usr/bin/ceph: stderr
2024-03-24T11:16:50.090+0000 7f21dc582700 1 -- 172.21.15.167:0/808689914 >> [v2:172.21.15.167:3300/0,v1:172.21.15.167:6789/0] conn(0x7f21d407b6f0 msgr2=0x7f21d419bc10 secure :-1 s=STATE_CONNECTION_ESTABLISHED l=1).mark_down
2024-03-24T11:16:50.698 INFO:teuthology.orchestra.run.smithi167.stdout:/usr/bin/ceph: stderr
2024-03-24T11:16:50.090+0000 7f21dc582700 1 --2- 172.21.15.167:0/808689914 >> [v2:172.21.15.167:3300/0,v1:172.21.15.167:6789/0] conn(0x7f21d407b6f0 0x7f21d419bc10 secure :-1 s=READY pgs=38 cs=0 l=1 rev1=1 crypto rx=0x7f21d0011670 tx=0x7f21d0011a50 comp rx=0 tx=0).stop
2024-03-24T11:16:50.698 INFO:teuthology.orchestra.run.smithi167.stdout:/usr/bin/ceph: stderr
2024-03-24T11:16:50.090+0000 7f21dc582700 1 -- 172.21.15.167:0/808689914 shutdown_connections
2024-03-24T11:16:50.698 INFO:teuthology.orchestra.run.smithi167.stdout:/usr/bin/ceph: stderr
2024-03-24T11:16:50.090+0000 7f21dc582700 1 --2- 172.21.15.167:0/808689914 >> v2:172.21.15.167:6800/2894205726 conn(0x7f21c0038cc0 0x7f21c003b180 unknown :-1 s=CLOSED pgs=7 cs=0 l=1 rev1=1 crypto rx=0 tx=0 comp rx=0 tx=0).stop
2024-03-24T11:16:50.698 INFO:teuthology.orchestra.run.smithi167.stdout:/usr/bin/ceph: stderr
2024-03-24T11:16:50.090+0000 7f21dc582700 1 --2- 172.21.15.167:0/808689914 >> [v2:172.21.15.167:3300/0,v1:172.21.15.167:6789/0] conn(0x7f21d407b6f0 0x7f21d419bc10 unknown :-1 s=CLOSED pgs=38 cs=0 l=1 rev1=1 crypto rx=0 tx=0 comp rx=0 tx=0).stop
2024-03-24T11:16:50.698 INFO:teuthology.orchestra.run.smithi167.stdout:/usr/bin/ceph: stderr
2024-03-24T11:16:50.090+0000 7f21dc582700 1 -- 172.21.15.167:0/808689914 >> 172.21.15.167:0/808689914 conn(0x7f21d4101310 msgr2=0x7f21d4101ea0 unknown :-1 s=STATE_NONE l=0).mark_down
2024-03-24T11:16:50.698 INFO:teuthology.orchestra.run.smithi167.stdout:/usr/bin/ceph: stderr
2024-03-24T11:16:50.090+0000 7f21dc582700 1 -- 172.21.15.167:0/808689914 shutdown_connections
2024-03-24T11:16:50.698 INFO:teuthology.orchestra.run.smithi167.stdout:/usr/bin/ceph: stderr
2024-03-24T11:16:50.090+0000 7f21dc582700 1 -- 172.21.15.167:0/808689914 wait complete.
2024-03-24T11:16:52.504 INFO:teuthology.orchestra.run.smithi167.stdout:/usr/bin/ceph: stdout value unchanged
2024-03-24T11:16:52.504 INFO:teuthology.orchestra.run.smithi167.stdout:/usr/bin/ceph: stderr
2024-03-24T11:16:51.574+0000 7fe21d073700 1 Processor -- start
2024-03-24T11:16:52.505 INFO:teuthology.orchestra.run.smithi167.stdout:/usr/bin/ceph: stderr
2024-03-24T11:16:51.574+0000 7fe21d073700 1 -- start start
2024-03-24T11:16:52.505 INFO:teuthology.orchestra.run.smithi167.stdout:/usr/bin/ceph: stderr
2024-03-24T11:16:51.574+0000 7fe21d073700 1 --2- >> [v2:172.21.15.167:3300/0,v1:172.21.15.167:6789/0] conn(0x7fe21807b770 0x7fe218079bd0 unknown :-1 s=NONE pgs=0 cs=0 l=0 rev1=0 crypto rx=0 tx=0 comp rx=0 tx=0).connect
2024-03-24T11:16:52.505 INFO:teuthology.orchestra.run.smithi167.stdout:/usr/bin/ceph: stderr
2024-03-24T11:16:51.574+0000 7fe21d073700 1 -- --> [v2:172.21.15.167:3300/0,v1:172.21.15.167:6789/0] -- mon_getmap magic: 0 v1 -- 0x7fe21807a1a0 con 0x7fe21807b770
2024-03-24T11:16:52.505 INFO:teuthology.orchestra.run.smithi167.stdout:/usr/bin/ceph: stderr
2024-03-24T11:16:51.574+0000 7fe216d9d700 1 --2- >> [v2:172.21.15.167:3300/0,v1:172.21.15.167:6789/0] conn(0x7fe21807b770 0x7fe218079bd0 unknown :-1 s=BANNER_CONNECTING pgs=0 cs=0 l=0 rev1=0 crypto rx=0 tx=0 comp rx=0 tx=0)._handle_peer_banner_payload supported=3 required=0
2024-03-24T11:16:52.505 INFO:teuthology.orchestra.run.smithi167.stdout:/usr/bin/ceph: stderr
2024-03-24T11:16:51.574+0000 7fe216d9d700 1 --2- >> [v2:172.21.15.167:3300/0,v1:172.21.15.167:6789/0] conn(0x7fe21807b770 0x7fe218079bd0 unknown :-1 s=HELLO_CONNECTING pgs=0 cs=0 l=0 rev1=1 crypto rx=0 tx=0 comp rx=0 tx=0).handle_hello peer v2:172.21.15.167:3300/0 says I am v2:172.21.15.167:39358/0 (socket says 172.21.15.167:39358)
2024-03-24T11:16:52.505 INFO:teuthology.orchestra.run.smithi167.stdout:/usr/bin/ceph: stderr
2024-03-24T11:16:51.574+0000 7fe216d9d700 1 -- 172.21.15.167:0/1248028522 learned_addr learned my addr 172.21.15.167:0/1248028522 (peer_addr_for_me v2:172.21.15.167:0/0)
2024-03-24T11:16:52.505 INFO:teuthology.orchestra.run.smithi167.stdout:/usr/bin/ceph: stderr
2024-03-24T11:16:51.574+0000 7fe216d9d700 1 -- 172.21.15.167:0/1248028522 --> [v2:172.21.15.167:3300/0,v1:172.21.15.167:6789/0] -- mon_subscribe({config=0+,monmap=0+}) v3 -- 0x7fe21807a2e0 con 0x7fe21807b770
2024-03-24T11:16:52.505 INFO:teuthology.orchestra.run.smithi167.stdout:/usr/bin/ceph: stderr
2024-03-24T11:16:51.574+0000 7fe216d9d700 1 --2- 172.21.15.167:0/1248028522 >> [v2:172.21.15.167:3300/0,v1:172.21.15.167:6789/0] conn(0x7fe21807b770 0x7fe218079bd0 secure :-1 s=READY pgs=39 cs=0 l=1 rev1=1 crypto rx=0x7fe2080098a0 tx=0x7fe208009bb0 comp rx=0 tx=0).ready entity=mon.0 client_cookie=8f85fb750c69ed95 server_cookie=0 in_seq=0 out_seq=0
2024-03-24T11:16:52.505 INFO:teuthology.orchestra.run.smithi167.stdout:/usr/bin/ceph: stderr
2024-03-24T11:16:51.574+0000 7fe215d9b700 1 -- 172.21.15.167:0/1248028522 <== mon.0 v2:172.21.15.167:3300/0 1 ==== mon_map magic: 0 v1 ==== 205+0+0 (secure 0 0 0) 0x7fe208004160 con 0x7fe21807b770
2024-03-24T11:16:52.505 INFO:teuthology.orchestra.run.smithi167.stdout:/usr/bin/ceph: stderr
2024-03-24T11:16:51.574+0000 7fe215d9b700 1 -- 172.21.15.167:0/1248028522 <== mon.0 v2:172.21.15.167:3300/0 2 ==== config(26 keys) v1 ==== 1062+0+0 (secure 0 0 0) 0x7fe2080042c0 con 0x7fe21807b770
2024-03-24T11:16:52.505 INFO:teuthology.orchestra.run.smithi167.stdout:/usr/bin/ceph: stderr
2024-03-24T11:16:51.574+0000 7fe215d9b700 1 -- 172.21.15.167:0/1248028522 <== mon.0 v2:172.21.15.167:3300/0 3 ==== mon_map magic: 0 v1 ==== 205+0+0 (secure 0 0 0) 0x7fe2080119b0 con 0x7fe21807b770
2024-03-24T11:16:52.505 INFO:teuthology.orchestra.run.smithi167.stdout:/usr/bin/ceph: stderr
2024-03-24T11:16:51.578+0000 7fe21d073700 1 -- 172.21.15.167:0/1248028522 >> [v2:172.21.15.167:3300/0,v1:172.21.15.167:6789/0] conn(0x7fe21807b770 msgr2=0x7fe218079bd0 secure :-1 s=STATE_CONNECTION_ESTABLISHED l=1).mark_down
2024-03-24T11:16:52.505 INFO:teuthology.orchestra.run.smithi167.stdout:/usr/bin/ceph: stderr
2024-03-24T11:16:51.578+0000 7fe21d073700 1 --2- 172.21.15.167:0/1248028522 >> [v2:172.21.15.167:3300/0,v1:172.21.15.167:6789/0] conn(0x7fe21807b770 0x7fe218079bd0 secure :-1 s=READY pgs=39 cs=0 l=1 rev1=1 crypto rx=0x7fe2080098a0 tx=0x7fe208009bb0 comp rx=0 tx=0).stop
2024-03-24T11:16:52.505 INFO:teuthology.orchestra.run.smithi167.stdout:/usr/bin/ceph: stderr
2024-03-24T11:16:51.578+0000 7fe21d073700 1 -- 172.21.15.167:0/1248028522 shutdown_connections
2024-03-24T11:16:52.506 INFO:teuthology.orchestra.run.smithi167.stdout:/usr/bin/ceph: stderr
2024-03-24T11:16:51.578+0000 7fe21d073700 1 --2- 172.21.15.167:0/1248028522 >> [v2:172.21.15.167:3300/0,v1:172.21.15.167:6789/0] conn(0x7fe21807b770 0x7fe218079bd0 unknown :-1 s=CLOSED pgs=39 cs=0 l=1 rev1=1 crypto rx=0 tx=0 comp rx=0 tx=0).stop
2024-03-24T11:16:52.506 INFO:teuthology.orchestra.run.smithi167.stdout:/usr/bin/ceph: stderr
2024-03-24T11:16:51.578+0000 7fe21d073700 1 -- 172.21.15.167:0/1248028522 >> 172.21.15.167:0/1248028522 conn(0x7fe218101310 msgr2=0x7fe218103730 unknown :-1 s=STATE_NONE l=0).mark_down
2024-03-24T11:16:52.506 INFO:teuthology.orchestra.run.smithi167.stdout:/usr/bin/ceph: stderr
2024-03-24T11:16:51.578+0000 7fe21d073700 1 -- 172.21.15.167:0/1248028522 shutdown_connections
2024-03-24T11:16:52.506 INFO:teuthology.orchestra.run.smithi167.stdout:/usr/bin/ceph: stderr
2024-03-24T11:16:51.578+0000 7fe21d073700 1 -- 172.21.15.167:0/1248028522 wait complete.
2024-03-24T11:16:52.506 INFO:teuthology.orchestra.run.smithi167.stdout:/usr/bin/ceph: stderr
2024-03-24T11:16:51.578+0000 7fe21d073700 1 Processor -- start
2024-03-24T11:16:52.506 INFO:teuthology.orchestra.run.smithi167.stdout:/usr/bin/ceph: stderr
2024-03-24T11:16:51.578+0000 7fe21d073700 1 -- start start
2024-03-24T11:16:52.506 INFO:teuthology.orchestra.run.smithi167.stdout:/usr/bin/ceph: stderr
2024-03-24T11:16:51.578+0000 7fe21d073700 1 --2- >> [v2:172.21.15.167:3300/0,v1:172.21.15.167:6789/0] conn(0x7fe21807b770 0x7fe21819bc40 unknown :-1 s=NONE pgs=0 cs=0 l=1 rev1=0 crypto rx=0 tx=0 comp rx=0 tx=0).connect
2024-03-24T11:16:52.506 INFO:teuthology.orchestra.run.smithi167.stdout:/usr/bin/ceph: stderr
2024-03-24T11:16:51.578+0000 7fe21d073700 1 -- --> [v2:172.21.15.167:3300/0,v1:172.21.15.167:6789/0] -- mon_getmap magic: 0 v1 -- 0x7fe21819c180 con 0x7fe21807b770
2024-03-24T11:16:52.506 INFO:teuthology.orchestra.run.smithi167.stdout:/usr/bin/ceph: stderr
2024-03-24T11:16:51.578+0000 7fe216d9d700 1 --2- >> [v2:172.21.15.167:3300/0,v1:172.21.15.167:6789/0] conn(0x7fe21807b770 0x7fe21819bc40 unknown :-1 s=BANNER_CONNECTING pgs=0 cs=0 l=1 rev1=0 crypto rx=0 tx=0 comp rx=0 tx=0)._handle_peer_banner_payload supported=3 required=0
2024-03-24T11:16:52.506 INFO:teuthology.orchestra.run.smithi167.stdout:/usr/bin/ceph: stderr
2024-03-24T11:16:51.578+0000 7fe216d9d700 1 --2- >> [v2:172.21.15.167:3300/0,v1:172.21.15.167:6789/0] conn(0x7fe21807b770 0x7fe21819bc40 unknown :-1 s=HELLO_CONNECTING pgs=0 cs=0 l=1 rev1=1 crypto rx=0 tx=0 comp rx=0 tx=0).handle_hello peer v2:172.21.15.167:3300/0 says I am v2:172.21.15.167:39366/0 (socket says 172.21.15.167:39366)
2024-03-24T11:16:52.506 INFO:teuthology.orchestra.run.smithi167.stdout:/usr/bin/ceph: stderr
2024-03-24T11:16:51.578+0000 7fe216d9d700 1 -- 172.21.15.167:0/4071471393 learned_addr learned my addr 172.21.15.167:0/4071471393 (peer_addr_for_me v2:172.21.15.167:0/0)
2024-03-24T11:16:52.506 INFO:teuthology.orchestra.run.smithi167.stdout:/usr/bin/ceph: stderr
2024-03-24T11:16:51.578+0000 7fe216d9d700 1 -- 172.21.15.167:0/4071471393 --> [v2:172.21.15.167:3300/0,v1:172.21.15.167:6789/0] -- mon_subscribe({config=0+,monmap=0+}) v3 -- 0x7fe208009550 con 0x7fe21807b770
2024-03-24T11:16:52.506 INFO:teuthology.orchestra.run.smithi167.stdout:/usr/bin/ceph: stderr
2024-03-24T11:16:51.578+0000 7fe216d9d700 1 --2- 172.21.15.167:0/4071471393 >> [v2:172.21.15.167:3300/0,v1:172.21.15.167:6789/0] conn(0x7fe21807b770 0x7fe21819bc40 secure :-1 s=READY pgs=40 cs=0 l=1 rev1=1 crypto rx=0x7fe208006af0 tx=0x7fe208011a50 comp rx=0 tx=0).ready entity=mon.0 client_cookie=0 server_cookie=0 in_seq=0 out_seq=0
2024-03-24T11:16:52.506 INFO:teuthology.orchestra.run.smithi167.stdout:/usr/bin/ceph: stderr
2024-03-24T11:16:51.578+0000 7fe1fffff700 1 -- 172.21.15.167:0/4071471393 <== mon.0 v2:172.21.15.167:3300/0 1 ==== mon_map magic: 0 v1 ==== 205+0+0 (secure 0 0 0) 0x7fe2080039e0 con 0x7fe21807b770
2024-03-24T11:16:52.507 INFO:teuthology.orchestra.run.smithi167.stdout:/usr/bin/ceph: stderr
2024-03-24T11:16:51.578+0000 7fe1fffff700 1 -- 172.21.15.167:0/4071471393 <== mon.0 v2:172.21.15.167:3300/0 2 ==== config(26 keys) v1 ==== 1062+0+0 (secure 0 0 0) 0x7fe208003b40 con 0x7fe21807b770
2024-03-24T11:16:52.507 INFO:teuthology.orchestra.run.smithi167.stdout:/usr/bin/ceph: stderr
2024-03-24T11:16:51.578+0000 7fe1fffff700 1 -- 172.21.15.167:0/4071471393 <== mon.0 v2:172.21.15.167:3300/0 3 ==== mon_map magic: 0 v1 ==== 205+0+0 (secure 0 0 0) 0x7fe208019700 con 0x7fe21807b770
2024-03-24T11:16:52.507 INFO:teuthology.orchestra.run.smithi167.stdout:/usr/bin/ceph: stderr
2024-03-24T11:16:51.578+0000 7fe21d073700 1 -- 172.21.15.167:0/4071471393 --> [v2:172.21.15.167:3300/0,v1:172.21.15.167:6789/0] -- mon_subscribe({mgrmap=0+}) v3 -- 0x7fe21819c380 con 0x7fe21807b770
2024-03-24T11:16:52.507 INFO:teuthology.orchestra.run.smithi167.stdout:/usr/bin/ceph: stderr
2024-03-24T11:16:51.578+0000 7fe21d073700 1 -- 172.21.15.167:0/4071471393 --> [v2:172.21.15.167:3300/0,v1:172.21.15.167:6789/0] -- mon_subscribe({osdmap=0}) v3 -- 0x7fe21819c820 con 0x7fe21807b770
2024-03-24T11:16:52.507 INFO:teuthology.orchestra.run.smithi167.stdout:/usr/bin/ceph: stderr
2024-03-24T11:16:51.578+0000 7fe21d073700 1 -- 172.21.15.167:0/4071471393 --> [v2:172.21.15.167:3300/0,v1:172.21.15.167:6789/0] -- mon_command({"prefix": "get_command_descriptions"} v 0) v1 -- 0x7fe21810c010 con 0x7fe21807b770
2024-03-24T11:16:52.507 INFO:teuthology.orchestra.run.smithi167.stdout:/usr/bin/ceph: stderr
2024-03-24T11:16:51.578+0000 7fe1fffff700 1 -- 172.21.15.167:0/4071471393 <== mon.0 v2:172.21.15.167:3300/0 4 ==== mgrmap(e 8) v1 ==== 45734+0+0 (secure 0 0 0) 0x7fe20801ab30 con 0x7fe21807b770
2024-03-24T11:16:52.507 INFO:teuthology.orchestra.run.smithi167.stdout:/usr/bin/ceph: stderr
2024-03-24T11:16:51.578+0000 7fe1fffff700 1 --2- 172.21.15.167:0/4071471393 >> v2:172.21.15.167:6800/2894205726 conn(0x7fe200038cc0 0x7fe20003b180 unknown :-1 s=NONE pgs=0 cs=0 l=1 rev1=0 crypto rx=0 tx=0 comp rx=0 tx=0).connect
2024-03-24T11:16:52.507 INFO:teuthology.orchestra.run.smithi167.stdout:/usr/bin/ceph: stderr
2024-03-24T11:16:51.578+0000 7fe1fffff700 1 -- 172.21.15.167:0/4071471393 <== mon.0 v2:172.21.15.167:3300/0 5 ==== osd_map(2..2 src has 1..2) v4 ==== 897+0+0 (secure 0 0 0) 0x7fe20804cc10 con 0x7fe21807b770
2024-03-24T11:16:52.507 INFO:teuthology.orchestra.run.smithi167.stdout:/usr/bin/ceph: stderr
2024-03-24T11:16:51.582+0000 7fe21659c700 1 --2- 172.21.15.167:0/4071471393 >> v2:172.21.15.167:6800/2894205726 conn(0x7fe200038cc0 0x7fe20003b180 unknown :-1 s=BANNER_CONNECTING pgs=0 cs=0 l=1 rev1=0 crypto rx=0 tx=0 comp rx=0 tx=0)._handle_peer_banner_payload supported=3 required=0
2024-03-24T11:16:52.507 INFO:teuthology.orchestra.run.smithi167.stdout:/usr/bin/ceph: stderr
2024-03-24T11:16:51.582+0000 7fe21659c700 1 --2- 172.21.15.167:0/4071471393 >> v2:172.21.15.167:6800/2894205726 conn(0x7fe200038cc0 0x7fe20003b180 secure :-1 s=READY pgs=8 cs=0 l=1 rev1=1 crypto rx=0x7fe20c006fd0 tx=0x7fe20c006e40 comp rx=0 tx=0).ready entity=mgr.14120 client_cookie=0 server_cookie=0 in_seq=0 out_seq=0
2024-03-24T11:16:52.507 INFO:teuthology.orchestra.run.smithi167.stdout:/usr/bin/ceph: stderr
2024-03-24T11:16:51.586+0000 7fe1fffff700 1 -- 172.21.15.167:0/4071471393 <== mon.0 v2:172.21.15.167:3300/0 6 ==== mon_command_ack([{"prefix": "get_command_descriptions"}]=0 v0) v1 ==== 72+0+183564 (secure 0 0 0) 0x7fe20801a430 con 0x7fe21807b770
2024-03-24T11:16:52.507 INFO:teuthology.orchestra.run.smithi167.stdout:/usr/bin/ceph: stderr
2024-03-24T11:16:51.934+0000 7fe21d073700 1 -- 172.21.15.167:0/4071471393 --> v2:172.21.15.167:6800/2894205726 -- mgr_command(tid 0: {"prefix": "cephadm set-user", "user": "root", "target": ["mon-mgr", ""]}) v1 -- 0x7fe218102550 con 0x7fe200038cc0
2024-03-24T11:16:52.507 INFO:teuthology.orchestra.run.smithi167.stdout:/usr/bin/ceph: stderr
2024-03-24T11:16:51.934+0000 7fe1fffff700 1 -- 172.21.15.167:0/4071471393 <== mgr.14120 v2:172.21.15.167:6800/2894205726 1 ==== mgr_command_reply(tid 0: 0 ) v1 ==== 8+0+16 (secure 0 0 0) 0x7fe218102550 con 0x7fe200038cc0
2024-03-24T11:16:52.507 INFO:teuthology.orchestra.run.smithi167.stdout:/usr/bin/ceph: stderr
2024-03-24T11:16:51.938+0000 7fe21d073700 1 -- 172.21.15.167:0/4071471393 >> v2:172.21.15.167:6800/2894205726 conn(0x7fe200038cc0 msgr2=0x7fe20003b180 secure :-1 s=STATE_CONNECTION_ESTABLISHED l=1).mark_down
2024-03-24T11:16:52.507 INFO:teuthology.orchestra.run.smithi167.stdout:/usr/bin/ceph: stderr
2024-03-24T11:16:51.938+0000 7fe21d073700 1 --2- 172.21.15.167:0/4071471393 >> v2:172.21.15.167:6800/2894205726 conn(0x7fe200038cc0 0x7fe20003b180 secure :-1 s=READY pgs=8 cs=0 l=1 rev1=1 crypto rx=0x7fe20c006fd0 tx=0x7fe20c006e40 comp rx=0 tx=0).stop
