2024-03-24T11:16:57.114+0000 7f772dd9b700 1 --2- 172.21.15.167:0/1645555364 >> v2:172.21.15.167:6800/2894205726 conn(0x7f771c038c20 0x7f771c03b0e0 secure :-1 s=READY pgs=11 cs=0 l=1 rev1=1 crypto rx=0x7f771800ad30 tx=0x7f77180093f0 comp rx=0 tx=0).ready entity=mgr.14120 client_cookie=0 server_cookie=0 in_seq=0 out_seq=0
2024-03-24T11:17:03.684 INFO:teuthology.orchestra.run.smithi167.stdout:/usr/bin/ceph: stderr
2024-03-24T11:16:57.118+0000 7f77277fe700 1 -- 172.21.15.167:0/1645555364 <== mon.0 v2:172.21.15.167:3300/0 6 ==== mon_command_ack([{"prefix": "get_command_descriptions"}]=0 v0) v1 ==== 72+0+183564 (secure 0 0 0) 0x7f7720019c50 con 0x7f7730105d50
2024-03-24T11:17:03.684 INFO:teuthology.orchestra.run.smithi167.stdout:/usr/bin/ceph: stderr
2024-03-24T11:16:57.478+0000 7f7734d49700 1 -- 172.21.15.167:0/1645555364 --> v2:172.21.15.167:6800/2894205726 -- mgr_command(tid 0: {"prefix": "orch host add", "hostname": "smithi167", "addr": "172.21.15.167", "target": ["mon-mgr", ""]}) v1 -- 0x7f77301024e0 con 0x7f771c038c20
2024-03-24T11:17:03.684 INFO:teuthology.orchestra.run.smithi167.stdout:/usr/bin/ceph: stderr
2024-03-24T11:17:02.826+0000 7f77277fe700 1 -- 172.21.15.167:0/1645555364 <== mgr.14120 v2:172.21.15.167:6800/2894205726 1 ==== mgr_command_reply(tid 0: 0 ) v1 ==== 8+0+49 (secure 0 0 0) 0x7f77301024e0 con 0x7f771c038c20
2024-03-24T11:17:03.684 INFO:teuthology.orchestra.run.smithi167.stdout:/usr/bin/ceph: stderr
2024-03-24T11:17:02.830+0000 7f7734d49700 1 -- 172.21.15.167:0/1645555364 >> v2:172.21.15.167:6800/2894205726 conn(0x7f771c038c20 msgr2=0x7f771c03b0e0 secure :-1 s=STATE_CONNECTION_ESTABLISHED l=1).mark_down
2024-03-24T11:17:03.684 INFO:teuthology.orchestra.run.smithi167.stdout:/usr/bin/ceph: stderr
2024-03-24T11:17:02.830+0000 7f7734d49700 1 --2- 172.21.15.167:0/1645555364 >> v2:172.21.15.167:6800/2894205726 conn(0x7f771c038c20 0x7f771c03b0e0 secure :-1 s=READY pgs=11 cs=0 l=1 rev1=1 crypto rx=0x7f771800ad30 tx=0x7f77180093f0 comp rx=0 tx=0).stop
2024-03-24T11:17:03.684 INFO:teuthology.orchestra.run.smithi167.stdout:/usr/bin/ceph: stderr
2024-03-24T11:17:02.830+0000 7f7734d49700 1 -- 172.21.15.167:0/1645555364 >> [v2:172.21.15.167:3300/0,v1:172.21.15.167:6789/0] conn(0x7f7730105d50 msgr2=0x7f773019bc60 secure :-1 s=STATE_CONNECTION_ESTABLISHED l=1).mark_down
2024-03-24T11:17:03.684 INFO:teuthology.orchestra.run.smithi167.stdout:/usr/bin/ceph: stderr
2024-03-24T11:17:02.830+0000 7f7734d49700 1 --2- 172.21.15.167:0/1645555364 >> [v2:172.21.15.167:3300/0,v1:172.21.15.167:6789/0] conn(0x7f7730105d50 0x7f773019bc60 secure :-1 s=READY pgs=46 cs=0 l=1 rev1=1 crypto rx=0x7f77200046c0 tx=0x7f7720011a50 comp rx=0 tx=0).stop
2024-03-24T11:17:03.684 INFO:teuthology.orchestra.run.smithi167.stdout:/usr/bin/ceph: stderr
2024-03-24T11:17:02.830+0000 7f7734d49700 1 -- 172.21.15.167:0/1645555364 shutdown_connections
2024-03-24T11:17:03.684 INFO:teuthology.orchestra.run.smithi167.stdout:/usr/bin/ceph: stderr
2024-03-24T11:17:02.830+0000 7f7734d49700 1 --2- 172.21.15.167:0/1645555364 >> v2:172.21.15.167:6800/2894205726 conn(0x7f771c038c20 0x7f771c03b0e0 unknown :-1 s=CLOSED pgs=11 cs=0 l=1 rev1=1 crypto rx=0 tx=0 comp rx=0 tx=0).stop
2024-03-24T11:17:03.684 INFO:teuthology.orchestra.run.smithi167.stdout:/usr/bin/ceph: stderr
2024-03-24T11:17:02.830+0000 7f7734d49700 1 --2- 172.21.15.167:0/1645555364 >> [v2:172.21.15.167:3300/0,v1:172.21.15.167:6789/0] conn(0x7f7730105d50 0x7f773019bc60 unknown :-1 s=CLOSED pgs=46 cs=0 l=1 rev1=1 crypto rx=0 tx=0 comp rx=0 tx=0).stop
2024-03-24T11:17:03.684 INFO:teuthology.orchestra.run.smithi167.stdout:/usr/bin/ceph: stderr
2024-03-24T11:17:02.830+0000 7f7734d49700 1 -- 172.21.15.167:0/1645555364 >> 172.21.15.167:0/1645555364 conn(0x7f7730101310 msgr2=0x7f7730101dd0 unknown :-1 s=STATE_NONE l=0).mark_down
2024-03-24T11:17:03.684 INFO:teuthology.orchestra.run.smithi167.stdout:/usr/bin/ceph: stderr
2024-03-24T11:17:02.830+0000 7f7734d49700 1 -- 172.21.15.167:0/1645555364 shutdown_connections
2024-03-24T11:17:03.684 INFO:teuthology.orchestra.run.smithi167.stdout:/usr/bin/ceph: stderr
2024-03-24T11:17:02.830+0000 7f7734d49700 1 -- 172.21.15.167:0/1645555364 wait complete.
2024-03-24T11:17:03.685 INFO:teuthology.orchestra.run.smithi167.stdout:Deploying unmanaged mon service...
2024-03-24T11:17:04.041 INFO:journalctl@ceph.mon.a.smithi167.stdout:Mar 24 11:17:03 smithi167 bash[21520]: audit
2024-03-24T11:17:02.830784+0000 mon.a (mon.0) 57 : audit 1 from='mgr.14120 172.21.15.167:0/442178248' entity='mgr.y'
2024-03-24T11:17:04.041 INFO:journalctl@ceph.mon.a.smithi167.stdout:Mar 24 11:17:03 smithi167 bash[21520]: cephadm
2024-03-24T11:17:02.831286+0000 mgr.y (mgr.14120) 15 : cephadm 1 Added host smithi167
2024-03-24T11:17:04.041 INFO:journalctl@ceph.mon.a.smithi167.stdout:Mar 24 11:17:03 smithi167 bash[21520]: audit
2024-03-24T11:17:02.878793+0000 mon.a (mon.0) 58 : audit 0 from='mgr.14120 172.21.15.167:0/442178248' entity='mgr.y' cmd=[{"prefix": "config dump", "format": "json"}]: dispatch
2024-03-24T11:17:06.433 INFO:teuthology.orchestra.run.smithi167.stdout:/usr/bin/ceph: stdout Scheduled mon update...
2024-03-24T11:17:06.433 INFO:teuthology.orchestra.run.smithi167.stdout:/usr/bin/ceph: stderr
2024-03-24T11:17:05.257+0000 7fac78143700 1 Processor -- start
2024-03-24T11:17:06.434 INFO:teuthology.orchestra.run.smithi167.stdout:/usr/bin/ceph: stderr
2024-03-24T11:17:05.257+0000 7fac78143700 1 -- start start
2024-03-24T11:17:06.434 INFO:teuthology.orchestra.run.smithi167.stdout:/usr/bin/ceph: stderr
2024-03-24T11:17:05.257+0000 7fac78143700 1 --2- >> [v2:172.21.15.167:3300/0,v1:172.21.15.167:6789/0] conn(0x7fac70106870 0x7fac70108c60 unknown :-1 s=NONE pgs=0 cs=0 l=0 rev1=0 crypto rx=0 tx=0 comp rx=0 tx=0).connect
2024-03-24T11:17:06.434 INFO:teuthology.orchestra.run.smithi167.stdout:/usr/bin/ceph: stderr
2024-03-24T11:17:05.257+0000 7fac78143700 1 -- --> [v2:172.21.15.167:3300/0,v1:172.21.15.167:6789/0] -- mon_getmap magic: 0 v1 -- 0x7fac70079680 con 0x7fac70106870
2024-03-24T11:17:06.434 INFO:teuthology.orchestra.run.smithi167.stdout:/usr/bin/ceph: stderr
2024-03-24T11:17:05.257+0000 7fac75edf700 1 --2- >> [v2:172.21.15.167:3300/0,v1:172.21.15.167:6789/0] conn(0x7fac70106870 0x7fac70108c60 unknown :-1 s=BANNER_CONNECTING pgs=0 cs=0 l=0 rev1=0 crypto rx=0 tx=0 comp rx=0 tx=0)._handle_peer_banner_payload supported=3 required=0
2024-03-24T11:17:06.434 INFO:teuthology.orchestra.run.smithi167.stdout:/usr/bin/ceph: stderr
2024-03-24T11:17:05.257+0000 7fac75edf700 1 --2- >> [v2:172.21.15.167:3300/0,v1:172.21.15.167:6789/0] conn(0x7fac70106870 0x7fac70108c60 unknown :-1 s=HELLO_CONNECTING pgs=0 cs=0 l=0 rev1=1 crypto rx=0 tx=0 comp rx=0 tx=0).handle_hello peer v2:172.21.15.167:3300/0 says I am v2:172.21.15.167:52248/0 (socket says 172.21.15.167:52248)
2024-03-24T11:17:06.434 INFO:teuthology.orchestra.run.smithi167.stdout:/usr/bin/ceph: stderr
2024-03-24T11:17:05.257+0000 7fac75edf700 1 -- 172.21.15.167:0/2983023309 learned_addr learned my addr 172.21.15.167:0/2983023309 (peer_addr_for_me v2:172.21.15.167:0/0)
2024-03-24T11:17:06.434 INFO:teuthology.orchestra.run.smithi167.stdout:/usr/bin/ceph: stderr
2024-03-24T11:17:05.257+0000 7fac75edf700 1 -- 172.21.15.167:0/2983023309 --> [v2:172.21.15.167:3300/0,v1:172.21.15.167:6789/0] -- mon_subscribe({config=0+,monmap=0+}) v3 -- 0x7fac700797c0 con 0x7fac70106870
2024-03-24T11:17:06.434 INFO:teuthology.orchestra.run.smithi167.stdout:/usr/bin/ceph: stderr
2024-03-24T11:17:05.257+0000 7fac75edf700 1 --2- 172.21.15.167:0/2983023309 >> [v2:172.21.15.167:3300/0,v1:172.21.15.167:6789/0] conn(0x7fac70106870 0x7fac70108c60 secure :-1 s=READY pgs=47 cs=0 l=1 rev1=1 crypto rx=0x7fac6c0098a0 tx=0x7fac6c009bb0 comp rx=0 tx=0).ready entity=mon.0 client_cookie=fca4d4e0e0988153 server_cookie=0 in_seq=0 out_seq=0
2024-03-24T11:17:06.434 INFO:teuthology.orchestra.run.smithi167.stdout:/usr/bin/ceph: stderr
2024-03-24T11:17:05.257+0000 7fac74edd700 1 -- 172.21.15.167:0/2983023309 <== mon.0 v2:172.21.15.167:3300/0 1 ==== mon_map magic: 0 v1 ==== 205+0+0 (secure 0 0 0) 0x7fac6c004160 con 0x7fac70106870
2024-03-24T11:17:06.434 INFO:teuthology.orchestra.run.smithi167.stdout:/usr/bin/ceph: stderr
2024-03-24T11:17:05.257+0000 7fac74edd700 1 -- 172.21.15.167:0/2983023309 <== mon.0 v2:172.21.15.167:3300/0 2 ==== config(26 keys) v1 ==== 1062+0+0 (secure 0 0 0) 0x7fac6c0042c0 con 0x7fac70106870
2024-03-24T11:17:06.434 INFO:teuthology.orchestra.run.smithi167.stdout:/usr/bin/ceph: stderr
2024-03-24T11:17:05.257+0000 7fac74edd700 1 -- 172.21.15.167:0/2983023309 <== mon.0 v2:172.21.15.167:3300/0 3 ==== mon_map magic: 0 v1 ==== 205+0+0 (secure 0 0 0) 0x7fac6c0119b0 con 0x7fac70106870
2024-03-24T11:17:06.434 INFO:teuthology.orchestra.run.smithi167.stdout:/usr/bin/ceph: stderr
2024-03-24T11:17:05.261+0000 7fac78143700 1 -- 172.21.15.167:0/2983023309 >> [v2:172.21.15.167:3300/0,v1:172.21.15.167:6789/0] conn(0x7fac70106870 msgr2=0x7fac70108c60 secure :-1 s=STATE_CONNECTION_ESTABLISHED l=1).mark_down
2024-03-24T11:17:06.435 INFO:teuthology.orchestra.run.smithi167.stdout:/usr/bin/ceph: stderr
2024-03-24T11:17:05.261+0000 7fac78143700 1 --2- 172.21.15.167:0/2983023309 >> [v2:172.21.15.167:3300/0,v1:172.21.15.167:6789/0] conn(0x7fac70106870 0x7fac70108c60 secure :-1 s=READY pgs=47 cs=0 l=1 rev1=1 crypto rx=0x7fac6c0098a0 tx=0x7fac6c009bb0 comp rx=0 tx=0).stop
2024-03-24T11:17:06.435 INFO:teuthology.orchestra.run.smithi167.stdout:/usr/bin/ceph: stderr
2024-03-24T11:17:05.261+0000 7fac78143700 1 -- 172.21.15.167:0/2983023309 shutdown_connections
2024-03-24T11:17:06.435 INFO:teuthology.orchestra.run.smithi167.stdout:/usr/bin/ceph: stderr
2024-03-24T11:17:05.261+0000 7fac78143700 1 --2- 172.21.15.167:0/2983023309 >> [v2:172.21.15.167:3300/0,v1:172.21.15.167:6789/0] conn(0x7fac70106870 0x7fac70108c60 unknown :-1 s=CLOSED pgs=47 cs=0 l=1 rev1=1 crypto rx=0 tx=0 comp rx=0 tx=0).stop
2024-03-24T11:17:06.435 INFO:teuthology.orchestra.run.smithi167.stdout:/usr/bin/ceph: stderr
2024-03-24T11:17:05.261+0000 7fac78143700 1 -- 172.21.15.167:0/2983023309 >> 172.21.15.167:0/2983023309 conn(0x7fac70100220 msgr2=0x7fac70102640 unknown :-1 s=STATE_NONE l=0).mark_down
2024-03-24T11:17:06.435 INFO:teuthology.orchestra.run.smithi167.stdout:/usr/bin/ceph: stderr
2024-03-24T11:17:05.261+0000 7fac78143700 1 -- 172.21.15.167:0/2983023309 shutdown_connections
2024-03-24T11:17:06.435 INFO:teuthology.orchestra.run.smithi167.stdout:/usr/bin/ceph: stderr
2024-03-24T11:17:05.261+0000 7fac78143700 1 -- 172.21.15.167:0/2983023309 wait complete.
2024-03-24T11:17:06.435 INFO:teuthology.orchestra.run.smithi167.stdout:/usr/bin/ceph: stderr
2024-03-24T11:17:05.261+0000 7fac78143700 1 Processor -- start
2024-03-24T11:17:06.435 INFO:teuthology.orchestra.run.smithi167.stdout:/usr/bin/ceph: stderr
2024-03-24T11:17:05.261+0000 7fac78143700 1 -- start start
2024-03-24T11:17:06.435 INFO:teuthology.orchestra.run.smithi167.stdout:/usr/bin/ceph: stderr
2024-03-24T11:17:05.261+0000 7fac78143700 1 --2- >> [v2:172.21.15.167:3300/0,v1:172.21.15.167:6789/0] conn(0x7fac70106870 0x7fac70199a10 unknown :-1 s=NONE pgs=0 cs=0 l=1 rev1=0 crypto rx=0 tx=0 comp rx=0 tx=0).connect
2024-03-24T11:17:06.435 INFO:teuthology.orchestra.run.smithi167.stdout:/usr/bin/ceph: stderr
2024-03-24T11:17:05.261+0000 7fac78143700 1 -- --> [v2:172.21.15.167:3300/0,v1:172.21.15.167:6789/0] -- mon_getmap magic: 0 v1 -- 0x7fac70199f50 con 0x7fac70106870
2024-03-24T11:17:06.435 INFO:teuthology.orchestra.run.smithi167.stdout:/usr/bin/ceph: stderr
2024-03-24T11:17:05.261+0000 7fac75edf700 1 --2- >> [v2:172.21.15.167:3300/0,v1:172.21.15.167:6789/0] conn(0x7fac70106870 0x7fac70199a10 unknown :-1 s=BANNER_CONNECTING pgs=0 cs=0 l=1 rev1=0 crypto rx=0 tx=0 comp rx=0 tx=0)._handle_peer_banner_payload supported=3 required=0
2024-03-24T11:17:06.435 INFO:teuthology.orchestra.run.smithi167.stdout:/usr/bin/ceph: stderr
2024-03-24T11:17:05.261+0000 7fac75edf700 1 --2- >> [v2:172.21.15.167:3300/0,v1:172.21.15.167:6789/0] conn(0x7fac70106870 0x7fac70199a10 unknown :-1 s=HELLO_CONNECTING pgs=0 cs=0 l=1 rev1=1 crypto rx=0 tx=0 comp rx=0 tx=0).handle_hello peer v2:172.21.15.167:3300/0 says I am v2:172.21.15.167:52252/0 (socket says 172.21.15.167:52252)
2024-03-24T11:17:06.435 INFO:teuthology.orchestra.run.smithi167.stdout:/usr/bin/ceph: stderr
2024-03-24T11:17:05.261+0000 7fac75edf700 1 -- 172.21.15.167:0/2578227245 learned_addr learned my addr 172.21.15.167:0/2578227245 (peer_addr_for_me v2:172.21.15.167:0/0)
2024-03-24T11:17:06.435 INFO:teuthology.orchestra.run.smithi167.stdout:/usr/bin/ceph: stderr
2024-03-24T11:17:05.261+0000 7fac75edf700 1 -- 172.21.15.167:0/2578227245 --> [v2:172.21.15.167:3300/0,v1:172.21.15.167:6789/0] -- mon_subscribe({config=0+,monmap=0+}) v3 -- 0x7fac6c009550 con 0x7fac70106870
2024-03-24T11:17:06.436 INFO:teuthology.orchestra.run.smithi167.stdout:/usr/bin/ceph: stderr
2024-03-24T11:17:05.261+0000 7fac75edf700 1 --2- 172.21.15.167:0/2578227245 >> [v2:172.21.15.167:3300/0,v1:172.21.15.167:6789/0] conn(0x7fac70106870 0x7fac70199a10 secure :-1 s=READY pgs=48 cs=0 l=1 rev1=1 crypto rx=0x7fac6c011670 tx=0x7fac6c011a50 comp rx=0 tx=0).ready entity=mon.0 client_cookie=0 server_cookie=0 in_seq=0 out_seq=0
2024-03-24T11:17:06.436 INFO:teuthology.orchestra.run.smithi167.stdout:/usr/bin/ceph: stderr
2024-03-24T11:17:05.261+0000 7fac66ffd700 1 -- 172.21.15.167:0/2578227245 <== mon.0 v2:172.21.15.167:3300/0 1 ==== mon_map magic: 0 v1 ==== 205+0+0 (secure 0 0 0) 0x7fac6c003af0 con 0x7fac70106870
2024-03-24T11:17:06.436 INFO:teuthology.orchestra.run.smithi167.stdout:/usr/bin/ceph: stderr
2024-03-24T11:17:05.261+0000 7fac78143700 1 -- 172.21.15.167:0/2578227245 --> [v2:172.21.15.167:3300/0,v1:172.21.15.167:6789/0] -- mon_subscribe({mgrmap=0+}) v3 -- 0x7fac7019a150 con 0x7fac70106870
2024-03-24T11:17:06.436 INFO:teuthology.orchestra.run.smithi167.stdout:/usr/bin/ceph: stderr
2024-03-24T11:17:05.261+0000 7fac66ffd700 1 -- 172.21.15.167:0/2578227245 <== mon.0 v2:172.21.15.167:3300/0 2 ==== config(26 keys) v1 ==== 1062+0+0 (secure 0 0 0) 0x7fac6c01a8c0 con 0x7fac70106870
2024-03-24T11:17:06.436 INFO:teuthology.orchestra.run.smithi167.stdout:/usr/bin/ceph: stderr
2024-03-24T11:17:05.261+0000 7fac66ffd700 1 -- 172.21.15.167:0/2578227245 <== mon.0 v2:172.21.15.167:3300/0 3 ==== mon_map magic: 0 v1 ==== 205+0+0 (secure 0 0 0) 0x7fac6c019730 con 0x7fac70106870
2024-03-24T11:17:06.436 INFO:teuthology.orchestra.run.smithi167.stdout:/usr/bin/ceph: stderr
2024-03-24T11:17:05.261+0000 7fac78143700 1 -- 172.21.15.167:0/2578227245 --> [v2:172.21.15.167:3300/0,v1:172.21.15.167:6789/0] -- mon_subscribe({osdmap=0}) v3 -- 0x7fac7019a5f0 con 0x7fac70106870
2024-03-24T11:17:06.436 INFO:teuthology.orchestra.run.smithi167.stdout:/usr/bin/ceph: stderr
2024-03-24T11:17:05.261+0000 7fac66ffd700 1 -- 172.21.15.167:0/2578227245 <== mon.0 v2:172.21.15.167:3300/0 4 ==== mgrmap(e 8) v1 ==== 45734+0+0 (secure 0 0 0) 0x7fac6c0199a0 con 0x7fac70106870
2024-03-24T11:17:06.436 INFO:teuthology.orchestra.run.smithi167.stdout:/usr/bin/ceph: stderr
2024-03-24T11:17:05.261+0000 7fac66ffd700 1 --2- 172.21.15.167:0/2578227245 >> v2:172.21.15.167:6800/2894205726 conn(0x7fac5c038cc0 0x7fac5c03b180 unknown :-1 s=NONE pgs=0 cs=0 l=1 rev1=0 crypto rx=0 tx=0 comp rx=0 tx=0).connect
2024-03-24T11:17:06.436 INFO:teuthology.orchestra.run.smithi167.stdout:/usr/bin/ceph: stderr
2024-03-24T11:17:05.261+0000 7fac78143700 1 -- 172.21.15.167:0/2578227245 --> [v2:172.21.15.167:3300/0,v1:172.21.15.167:6789/0] -- mon_command({"prefix": "get_command_descriptions"} v 0) v1 -- 0x7fac70109df0 con 0x7fac70106870
2024-03-24T11:17:06.436 INFO:teuthology.orchestra.run.smithi167.stdout:/usr/bin/ceph: stderr
2024-03-24T11:17:05.265+0000 7fac66ffd700 1 -- 172.21.15.167:0/2578227245 <== mon.0 v2:172.21.15.167:3300/0 5 ==== osd_map(2..2 src has 1..2) v4 ==== 897+0+0 (secure 0 0 0) 0x7fac6c04cb90 con 0x7fac70106870
2024-03-24T11:17:06.436 INFO:teuthology.orchestra.run.smithi167.stdout:/usr/bin/ceph: stderr
2024-03-24T11:17:05.265+0000 7fac756de700 1 --2- 172.21.15.167:0/2578227245 >> v2:172.21.15.167:6800/2894205726 conn(0x7fac5c038cc0 0x7fac5c03b180 unknown :-1 s=BANNER_CONNECTING pgs=0 cs=0 l=1 rev1=0 crypto rx=0 tx=0 comp rx=0 tx=0)._handle_peer_banner_payload supported=3 required=0
2024-03-24T11:17:06.436 INFO:teuthology.orchestra.run.smithi167.stdout:/usr/bin/ceph: stderr
2024-03-24T11:17:05.265+0000 7fac756de700 1 --2- 172.21.15.167:0/2578227245 >> v2:172.21.15.167:6800/2894205726 conn(0x7fac5c038cc0 0x7fac5c03b180 secure :-1 s=READY pgs=12 cs=0 l=1 rev1=1 crypto rx=0x7fac60006fd0 tx=0x7fac60006e40 comp rx=0 tx=0).ready entity=mgr.14120 client_cookie=0 server_cookie=0 in_seq=0 out_seq=0
2024-03-24T11:17:06.436 INFO:teuthology.orchestra.run.smithi167.stdout:/usr/bin/ceph: stderr
2024-03-24T11:17:05.269+0000 7fac66ffd700 1 -- 172.21.15.167:0/2578227245 <== mon.0 v2:172.21.15.167:3300/0 6 ==== mon_command_ack([{"prefix": "get_command_descriptions"}]=0 v0) v1 ==== 72+0+183564 (secure 0 0 0) 0x7fac6c019c50 con 0x7fac70106870
2024-03-24T11:17:06.436 INFO:teuthology.orchestra.run.smithi167.stdout:/usr/bin/ceph: stderr
2024-03-24T11:17:05.653+0000 7fac78143700 1 -- 172.21.15.167:0/2578227245 --> v2:172.21.15.167:6800/2894205726 -- mgr_command(tid 0: {"prefix": "orch apply", "service_type": "mon", "unmanaged": true, "target": ["mon-mgr", ""]}) v1 -- 0x7fac70101470 con 0x7fac5c038cc0
2024-03-24T11:17:06.437 INFO:teuthology.orchestra.run.smithi167.stdout:/usr/bin/ceph: stderr
2024-03-24T11:17:05.661+0000 7fac66ffd700 1 -- 172.21.15.167:0/2578227245 <== mgr.14120 v2:172.21.15.167:6800/2894205726 1 ==== mgr_command_reply(tid 0: 0 ) v1 ==== 8+0+24 (secure 0 0 0) 0x7fac70101470 con 0x7fac5c038cc0
2024-03-24T11:17:06.437 INFO:teuthology.orchestra.run.smithi167.stdout:/usr/bin/ceph: stderr
2024-03-24T11:17:05.665+0000 7fac78143700 1 -- 172.21.15.167:0/2578227245 >> v2:172.21.15.167:6800/2894205726 conn(0x7fac5c038cc0 msgr2=0x7fac5c03b180 secure :-1 s=STATE_CONNECTION_ESTABLISHED l=1).mark_down
2024-03-24T11:17:06.437 INFO:teuthology.orchestra.run.smithi167.stdout:/usr/bin/ceph: stderr
2024-03-24T11:17:05.665+0000 7fac78143700 1 --2- 172.21.15.167:0/2578227245 >> v2:172.21.15.167:6800/2894205726 conn(0x7fac5c038cc0 0x7fac5c03b180 secure :-1 s=READY pgs=12 cs=0 l=1 rev1=1 crypto rx=0x7fac60006fd0 tx=0x7fac60006e40 comp rx=0 tx=0).stop
2024-03-24T11:17:06.437 INFO:teuthology.orchestra.run.smithi167.stdout:/usr/bin/ceph: stderr
2024-03-24T11:17:05.665+0000 7fac78143700 1 -- 172.21.15.167:0/2578227245 >> [v2:172.21.15.167:3300/0,v1:172.21.15.167:6789/0] conn(0x7fac70106870 msgr2=0x7fac70199a10 secure :-1 s=STATE_CONNECTION_ESTABLISHED l=1).mark_down
2024-03-24T11:17:06.437 INFO:teuthology.orchestra.run.smithi167.stdout:/usr/bin/ceph: stderr
2024-03-24T11:17:05.665+0000 7fac78143700 1 --2- 172.21.15.167:0/2578227245 >> [v2:172.21.15.167:3300/0,v1:172.21.15.167:6789/0] conn(0x7fac70106870 0x7fac70199a10 secure :-1 s=READY pgs=48 cs=0 l=1 rev1=1 crypto rx=0x7fac6c011670 tx=0x7fac6c011a50 comp rx=0 tx=0).stop
2024-03-24T11:17:06.437 INFO:teuthology.orchestra.run.smithi167.stdout:/usr/bin/ceph: stderr
2024-03-24T11:17:05.665+0000 7fac78143700 1 -- 172.21.15.167:0/2578227245 shutdown_connections
2024-03-24T11:17:06.437 INFO:teuthology.orchestra.run.smithi167.stdout:/usr/bin/ceph: stderr
2024-03-24T11:17:05.665+0000 7fac78143700 1 --2- 172.21.15.167:0/2578227245 >> v2:172.21.15.167:6800/2894205726 conn(0x7fac5c038cc0 0x7fac5c03b180 unknown :-1 s=CLOSED pgs=12 cs=0 l=1 rev1=1 crypto rx=0 tx=0 comp rx=0 tx=0).stop
2024-03-24T11:17:06.437 INFO:teuthology.orchestra.run.smithi167.stdout:/usr/bin/ceph: stderr
2024-03-24T11:17:05.665+0000 7fac78143700 1 --2- 172.21.15.167:0/2578227245 >> [v2:172.21.15.167:3300/0,v1:172.21.15.167:6789/0] conn(0x7fac70106870 0x7fac70199a10 unknown :-1 s=CLOSED pgs=48 cs=0 l=1 rev1=1 crypto rx=0 tx=0 comp rx=0 tx=0).stop
2024-03-24T11:17:06.437 INFO:teuthology.orchestra.run.smithi167.stdout:/usr/bin/ceph: stderr
2024-03-24T11:17:05.665+0000 7fac78143700 1 -- 172.21.15.167:0/2578227245 >> 172.21.15.167:0/2578227245 conn(0x7fac70100220 msgr2=0x7fac70100d60 unknown :-1 s=STATE_NONE l=0).mark_down
2024-03-24T11:17:06.437 INFO:teuthology.orchestra.run.smithi167.stdout:/usr/bin/ceph: stderr
2024-03-24T11:17:05.665+0000 7fac78143700 1 -- 172.21.15.167:0/2578227245 shutdown_connections
2024-03-24T11:17:06.437 INFO:teuthology.orchestra.run.smithi167.stdout:/usr/bin/ceph: stderr
2024-03-24T11:17:05.665+0000 7fac78143700 1 -- 172.21.15.167:0/2578227245 wait complete.
2024-03-24T11:17:06.437 INFO:teuthology.orchestra.run.smithi167.stdout:Deploying unmanaged mgr service...
2024-03-24T11:17:06.791 INFO:journalctl@ceph.mon.a.smithi167.stdout:Mar 24 11:17:06 smithi167 bash[21520]: audit
2024-03-24T11:17:05.661530+0000 mgr.y (mgr.14120) 16 : audit 0 from='client.14142 -' entity='client.admin' cmd=[{"prefix": "orch apply", "service_type": "mon", "unmanaged": true, "target": ["mon-mgr", ""]}]: dispatch
2024-03-24T11:17:06.792 INFO:journalctl@ceph.mon.a.smithi167.stdout:Mar 24 11:17:06 smithi167 bash[21520]: cephadm
2024-03-24T11:17:05.663365+0000 mgr.y (mgr.14120) 17 : cephadm 1 Saving service mon spec with placement count:5
2024-03-24T11:17:06.792 INFO:journalctl@ceph.mon.a.smithi167.stdout:Mar 24 11:17:06 smithi167 bash[21520]: audit
2024-03-24T11:17:05.666326+0000 mon.a (mon.0) 59 : audit 1 from='mgr.14120 172.21.15.167:0/442178248' entity='mgr.y'
2024-03-24T11:17:06.792 INFO:journalctl@ceph.mon.a.smithi167.stdout:Mar 24 11:17:06 smithi167 bash[21520]: audit
2024-03-24T11:17:06.155878+0000 mon.a (mon.0) 60 : audit 1 from='mgr.14120 172.21.15.167:0/442178248' entity='mgr.y'
2024-03-24T11:17:08.041 INFO:journalctl@ceph.mon.a.smithi167.stdout:Mar 24 11:17:07 smithi167 bash[21520]: audit
2024-03-24T11:17:06.690083+0000 mon.a (mon.0) 61 : audit 1 from='mgr.14120 172.21.15.167:0/442178248' entity='mgr.y'
2024-03-24T11:17:08.041 INFO:journalctl@ceph.mon.a.smithi167.stdout:Mar 24 11:17:07 smithi167 bash[21520]: cluster
2024-03-24T11:17:07.134931+0000 mgr.y (mgr.14120) 18 : cluster 0 pgmap v3: 0 pgs: ; 0 B data, 0 B used, 0 B / 0 B avail
2024-03-24T11:17:08.310 INFO:teuthology.orchestra.run.smithi167.stdout:/usr/bin/ceph: stdout Scheduled mgr update...
2024-03-24T11:17:08.310 INFO:teuthology.orchestra.run.smithi167.stdout:/usr/bin/ceph: stderr
2024-03-24T11:17:07.305+0000 7f0d8b471700 1 Processor -- start
2024-03-24T11:17:08.310 INFO:teuthology.orchestra.run.smithi167.stdout:/usr/bin/ceph: stderr
2024-03-24T11:17:07.305+0000 7f0d8b471700 1 -- start start
2024-03-24T11:17:08.310 INFO:teuthology.orchestra.run.smithi167.stdout:/usr/bin/ceph: stderr
2024-03-24T11:17:07.305+0000 7f0d8b471700 1 --2- >> [v2:172.21.15.167:3300/0,v1:172.21.15.167:6789/0] conn(0x7f0d84105d50 0x7f0d84106170 unknown :-1 s=NONE pgs=0 cs=0 l=0 rev1=0 crypto rx=0 tx=0 comp rx=0 tx=0).connect
2024-03-24T11:17:08.310 INFO:teuthology.orchestra.run.smithi167.stdout:/usr/bin/ceph: stderr
2024-03-24T11:17:07.305+0000 7f0d8b471700 1 -- --> [v2:172.21.15.167:3300/0,v1:172.21.15.167:6789/0] -- mon_getmap magic: 0 v1 -- 0x7f0d84106740 con 0x7f0d84105d50
2024-03-24T11:17:08.310 INFO:teuthology.orchestra.run.smithi167.stdout:/usr/bin/ceph: stderr
2024-03-24T11:17:07.305+0000 7f0d8920d700 1 --2- >> [v2:172.21.15.167:3300/0,v1:172.21.15.167:6789/0] conn(0x7f0d84105d50 0x7f0d84106170 unknown :-1 s=BANNER_CONNECTING pgs=0 cs=0 l=0 rev1=0 crypto rx=0 tx=0 comp rx=0 tx=0)._handle_peer_banner_payload supported=3 required=0
2024-03-24T11:17:08.310 INFO:teuthology.orchestra.run.smithi167.stdout:/usr/bin/ceph: stderr
2024-03-24T11:17:07.305+0000 7f0d8920d700 1 --2- >> [v2:172.21.15.167:3300/0,v1:172.21.15.167:6789/0] conn(0x7f0d84105d50 0x7f0d84106170 unknown :-1 s=HELLO_CONNECTING pgs=0 cs=0 l=0 rev1=1 crypto rx=0 tx=0 comp rx=0 tx=0).handle_hello peer v2:172.21.15.167:3300/0 says I am v2:172.21.15.167:52258/0 (socket says 172.21.15.167:52258)
2024-03-24T11:17:08.310 INFO:teuthology.orchestra.run.smithi167.stdout:/usr/bin/ceph: stderr
2024-03-24T11:17:07.305+0000 7f0d8920d700 1 -- 172.21.15.167:0/928451461 learned_addr learned my addr 172.21.15.167:0/928451461 (peer_addr_for_me v2:172.21.15.167:0/0)
2024-03-24T11:17:08.310 INFO:teuthology.orchestra.run.smithi167.stdout:/usr/bin/ceph: stderr
2024-03-24T11:17:07.305+0000 7f0d8920d700 1 -- 172.21.15.167:0/928451461 --> [v2:172.21.15.167:3300/0,v1:172.21.15.167:6789/0] -- mon_subscribe({config=0+,monmap=0+}) v3 -- 0x7f0d84106f50 con 0x7f0d84105d50
2024-03-24T11:17:08.311 INFO:teuthology.orchestra.run.smithi167.stdout:/usr/bin/ceph: stderr
2024-03-24T11:17:07.309+0000 7f0d8920d700 1 --2- 172.21.15.167:0/928451461 >> [v2:172.21.15.167:3300/0,v1:172.21.15.167:6789/0] conn(0x7f0d84105d50 0x7f0d84106170 secure :-1 s=READY pgs=49 cs=0 l=1 rev1=1 crypto rx=0x7f0d780098a0 tx=0x7f0d78009bb0 comp rx=0 tx=0).ready entity=mon.0 client_cookie=e02f87dca046d355 server_cookie=0 in_seq=0 out_seq=0
2024-03-24T11:17:08.311 INFO:teuthology.orchestra.run.smithi167.stdout:/usr/bin/ceph: stderr
2024-03-24T11:17:07.309+0000 7f0d77fff700 1 -- 172.21.15.167:0/928451461 <== mon.0 v2:172.21.15.167:3300/0 1 ==== mon_map magic: 0 v1 ==== 205+0+0 (secure 0 0 0) 0x7f0d78004160 con 0x7f0d84105d50
2024-03-24T11:17:08.311 INFO:teuthology.orchestra.run.smithi167.stdout:/usr/bin/ceph: stderr
2024-03-24T11:17:07.309+0000 7f0d77fff700 1 -- 172.21.15.167:0/928451461 <== mon.0 v2:172.21.15.167:3300/0 2 ==== config(26 keys) v1 ==== 1093+0+0 (secure 0 0 0) 0x7f0d780042c0 con 0x7f0d84105d50
2024-03-24T11:17:08.311 INFO:teuthology.orchestra.run.smithi167.stdout:/usr/bin/ceph: stderr
2024-03-24T11:17:07.309+0000 7f0d77fff700 1 -- 172.21.15.167:0/928451461 <== mon.0 v2:172.21.15.167:3300/0 3 ==== mon_map magic: 0 v1 ==== 205+0+0 (secure 0 0 0) 0x7f0d78011960 con 0x7f0d84105d50
2024-03-24T11:17:08.311 INFO:teuthology.orchestra.run.smithi167.stdout:/usr/bin/ceph: stderr
2024-03-24T11:17:07.309+0000 7f0d8b471700 1 -- 172.21.15.167:0/928451461 >> [v2:172.21.15.167:3300/0,v1:172.21.15.167:6789/0] conn(0x7f0d84105d50 msgr2=0x7f0d84106170 secure :-1 s=STATE_CONNECTION_ESTABLISHED l=1).mark_down
2024-03-24T11:17:08.311 INFO:teuthology.orchestra.run.smithi167.stdout:/usr/bin/ceph: stderr
2024-03-24T11:17:07.309+0000 7f0d8b471700 1 --2- 172.21.15.167:0/928451461 >> [v2:172.21.15.167:3300/0,v1:172.21.15.167:6789/0] conn(0x7f0d84105d50 0x7f0d84106170 secure :-1 s=READY pgs=49 cs=0 l=1 rev1=1 crypto rx=0x7f0d780098a0 tx=0x7f0d78009bb0 comp rx=0 tx=0).stop
2024-03-24T11:17:08.311 INFO:teuthology.orchestra.run.smithi167.stdout:/usr/bin/ceph: stderr
2024-03-24T11:17:07.309+0000 7f0d8b471700 1 -- 172.21.15.167:0/928451461 shutdown_connections
2024-03-24T11:17:08.311 INFO:teuthology.orchestra.run.smithi167.stdout:/usr/bin/ceph: stderr
2024-03-24T11:17:07.309+0000 7f0d8b471700 1 --2- 172.21.15.167:0/928451461 >> [v2:172.21.15.167:3300/0,v1:172.21.15.167:6789/0] conn(0x7f0d84105d50 0x7f0d84106170 unknown :-1 s=CLOSED pgs=49 cs=0 l=1 rev1=1 crypto rx=0 tx=0 comp rx=0 tx=0).stop
2024-03-24T11:17:08.311 INFO:teuthology.orchestra.run.smithi167.stdout:/usr/bin/ceph: stderr
2024-03-24T11:17:07.309+0000 7f0d8b471700 1 -- 172.21.15.167:0/928451461 >> 172.21.15.167:0/928451461 conn(0x7f0d84101310 msgr2=0x7f0d84103730 unknown :-1 s=STATE_NONE l=0).mark_down
2024-03-24T11:17:08.311 INFO:teuthology.orchestra.run.smithi167.stdout:/usr/bin/ceph: stderr
2024-03-24T11:17:07.309+0000 7f0d8b471700 1 -- 172.21.15.167:0/928451461 shutdown_connections
2024-03-24T11:17:08.311 INFO:teuthology.orchestra.run.smithi167.stdout:/usr/bin/ceph: stderr
2024-03-24T11:17:07.309+0000 7f0d8b471700 1 -- 172.21.15.167:0/928451461 wait complete.
2024-03-24T11:17:08.311 INFO:teuthology.orchestra.run.smithi167.stdout:/usr/bin/ceph: stderr
2024-03-24T11:17:07.309+0000 7f0d8b471700 1 Processor -- start
2024-03-24T11:17:08.311 INFO:teuthology.orchestra.run.smithi167.stdout:/usr/bin/ceph: stderr
2024-03-24T11:17:07.309+0000 7f0d8b471700 1 -- start start
2024-03-24T11:17:08.311 INFO:teuthology.orchestra.run.smithi167.stdout:/usr/bin/ceph: stderr
2024-03-24T11:17:07.309+0000 7f0d8b471700 1 --2- >> [v2:172.21.15.167:3300/0,v1:172.21.15.167:6789/0] conn(0x7f0d84105d50 0x7f0d84199ad0 unknown :-1 s=NONE pgs=0 cs=0 l=1 rev1=0 crypto rx=0 tx=0 comp rx=0 tx=0).connect
2024-03-24T11:17:08.311 INFO:teuthology.orchestra.run.smithi167.stdout:/usr/bin/ceph: stderr
2024-03-24T11:17:07.309+0000 7f0d8b471700 1 -- --> [v2:172.21.15.167:3300/0,v1:172.21.15.167:6789/0] -- mon_getmap magic: 0 v1 -- 0x7f0d8419a010 con 0x7f0d84105d50
2024-03-24T11:17:08.312 INFO:teuthology.orchestra.run.smithi167.stdout:/usr/bin/ceph: stderr
2024-03-24T11:17:07.309+0000 7f0d8920d700 1 --2- >> [v2:172.21.15.167:3300/0,v1:172.21.15.167:6789/0] conn(0x7f0d84105d50 0x7f0d84199ad0 unknown :-1 s=BANNER_CONNECTING pgs=0 cs=0 l=1 rev1=0 crypto rx=0 tx=0 comp rx=0 tx=0)._handle_peer_banner_payload supported=3 required=0
2024-03-24T11:17:08.312 INFO:teuthology.orchestra.run.smithi167.stdout:/usr/bin/ceph: stderr
2024-03-24T11:17:07.309+0000 7f0d8920d700 1 --2- >> [v2:172.21.15.167:3300/0,v1:172.21.15.167:6789/0] conn(0x7f0d84105d50 0x7f0d84199ad0 unknown :-1 s=HELLO_CONNECTING pgs=0 cs=0 l=1 rev1=1 crypto rx=0 tx=0 comp rx=0 tx=0).handle_hello peer v2:172.21.15.167:3300/0 says I am v2:172.21.15.167:52272/0 (socket says 172.21.15.167:52272)
2024-03-24T11:17:08.312 INFO:teuthology.orchestra.run.smithi167.stdout:/usr/bin/ceph: stderr
2024-03-24T11:17:07.309+0000 7f0d8920d700 1 -- 172.21.15.167:0/1140112872 learned_addr learned my addr 172.21.15.167:0/1140112872 (peer_addr_for_me v2:172.21.15.167:0/0)
2024-03-24T11:17:08.312 INFO:teuthology.orchestra.run.smithi167.stdout:/usr/bin/ceph: stderr
2024-03-24T11:17:07.309+0000 7f0d8920d700 1 -- 172.21.15.167:0/1140112872 --> [v2:172.21.15.167:3300/0,v1:172.21.15.167:6789/0] -- mon_subscribe({config=0+,monmap=0+}) v3 -- 0x7f0d78009550 con 0x7f0d84105d50
2024-03-24T11:17:08.312 INFO:teuthology.orchestra.run.smithi167.stdout:/usr/bin/ceph: stderr
2024-03-24T11:17:07.309+0000 7f0d8920d700 1 --2- 172.21.15.167:0/1140112872 >> [v2:172.21.15.167:3300/0,v1:172.21.15.167:6789/0] conn(0x7f0d84105d50 0x7f0d84199ad0 secure :-1 s=READY pgs=50 cs=0 l=1 rev1=1 crypto rx=0x7f0d78000c00 tx=0x7f0d78011eb0 comp rx=0 tx=0).ready entity=mon.0 client_cookie=0 server_cookie=0 in_seq=0 out_seq=0
2024-03-24T11:17:08.312 INFO:teuthology.orchestra.run.smithi167.stdout:/usr/bin/ceph: stderr
2024-03-24T11:17:07.309+0000 7f0d767fc700 1 -- 172.21.15.167:0/1140112872 <== mon.0 v2:172.21.15.167:3300/0 1 ==== mon_map magic: 0 v1 ==== 205+0+0 (secure 0 0 0) 0x7f0d780036a0 con 0x7f0d84105d50
2024-03-24T11:17:08.312 INFO:teuthology.orchestra.run.smithi167.stdout:/usr/bin/ceph: stderr
2024-03-24T11:17:07.309+0000 7f0d767fc700 1 -- 172.21.15.167:0/1140112872 <== mon.0 v2:172.21.15.167:3300/0 2 ==== config(26 keys) v1 ==== 1093+0+0 (secure 0 0 0) 0x7f0d78024440 con 0x7f0d84105d50
2024-03-24T11:17:08.312 INFO:teuthology.orchestra.run.smithi167.stdout:/usr/bin/ceph: stderr
2024-03-24T11:17:07.309+0000 7f0d8b471700 1 -- 172.21.15.167:0/1140112872 --> [v2:172.21.15.167:3300/0,v1:172.21.15.167:6789/0] -- mon_subscribe({mgrmap=0+}) v3 -- 0x7f0d8419a210 con 0x7f0d84105d50
2024-03-24T11:17:08.312 INFO:teuthology.orchestra.run.smithi167.stdout:/usr/bin/ceph: stderr
2024-03-24T11:17:07.309+0000 7f0d767fc700 1 -- 172.21.15.167:0/1140112872 <== mon.0 v2:172.21.15.167:3300/0 3 ==== mon_map magic: 0 v1 ==== 205+0+0 (secure 0 0 0) 0x7f0d7801a430 con 0x7f0d84105d50
2024-03-24T11:17:08.312 INFO:teuthology.orchestra.run.smithi167.stdout:/usr/bin/ceph: stderr
2024-03-24T11:17:07.309+0000 7f0d8b471700 1 -- 172.21.15.167:0/1140112872 --> [v2:172.21.15.167:3300/0,v1:172.21.15.167:6789/0] -- mon_subscribe({osdmap=0}) v3 -- 0x7f0d8419a6b0 con 0x7f0d84105d50
2024-03-24T11:17:08.312 INFO:teuthology.orchestra.run.smithi167.stdout:/usr/bin/ceph: stderr
2024-03-24T11:17:07.309+0000 7f0d767fc700 1 -- 172.21.15.167:0/1140112872 <== mon.0 v2:172.21.15.167:3300/0 4 ==== mgrmap(e 8) v1 ==== 45734+0+0 (secure 0 0 0) 0x7f0d78003800 con 0x7f0d84105d50
2024-03-24T11:17:08.312 INFO:teuthology.orchestra.run.smithi167.stdout:/usr/bin/ceph: stderr
2024-03-24T11:17:07.309+0000 7f0d8b471700 1 -- 172.21.15.167:0/1140112872 --> [v2:172.21.15.167:3300/0,v1:172.21.15.167:6789/0] -- mon_command({"prefix": "get_command_descriptions"} v 0) v1 -- 0x7f0d8410a180 con 0x7f0d84105d50
2024-03-24T11:17:08.312 INFO:teuthology.orchestra.run.smithi167.stdout:/usr/bin/ceph: stderr
2024-03-24T11:17:07.313+0000 7f0d767fc700 1 --2- 172.21.15.167:0/1140112872 >> v2:172.21.15.167:6800/2894205726 conn(0x7f0d70038cc0 0x7f0d7003b180 unknown :-1 s=NONE pgs=0 cs=0 l=1 rev1=0 crypto rx=0 tx=0 comp rx=0 tx=0).connect
2024-03-24T11:17:08.312 INFO:teuthology.orchestra.run.smithi167.stdout:/usr/bin/ceph: stderr
2024-03-24T11:17:07.313+0000 7f0d767fc700 1 -- 172.21.15.167:0/1140112872 <== mon.0 v2:172.21.15.167:3300/0 5 ==== osd_map(2..2 src has 1..2) v4 ==== 897+0+0 (secure 0 0 0) 0x7f0d7804c670 con 0x7f0d84105d50
2024-03-24T11:17:08.313 INFO:teuthology.orchestra.run.smithi167.stdout:/usr/bin/ceph: stderr
2024-03-24T11:17:07.313+0000 7f0d88a0c700 1 --2- 172.21.15.167:0/1140112872 >> v2:172.21.15.167:6800/2894205726 conn(0x7f0d70038cc0 0x7f0d7003b180 unknown :-1 s=BANNER_CONNECTING pgs=0 cs=0 l=1 rev1=0 crypto rx=0 tx=0 comp rx=0 tx=0)._handle_peer_banner_payload supported=3 required=0
2024-03-24T11:17:08.313 INFO:teuthology.orchestra.run.smithi167.stdout:/usr/bin/ceph: stderr
2024-03-24T11:17:07.313+0000 7f0d88a0c700 1 --2- 172.21.15.167:0/1140112872 >> v2:172.21.15.167:6800/2894205726 conn(0x7f0d70038cc0 0x7f0d7003b180 secure :-1 s=READY pgs=13 cs=0 l=1 rev1=1 crypto rx=0x7f0d80006fd0 tx=0x7f0d80006e40 comp rx=0 tx=0).ready entity=mgr.14120 client_cookie=0 server_cookie=0 in_seq=0 out_seq=0
2024-03-24T11:17:08.313 INFO:teuthology.orchestra.run.smithi167.stdout:/usr/bin/ceph: stderr
2024-03-24T11:17:07.317+0000 7f0d767fc700 1 -- 172.21.15.167:0/1140112872 <== mon.0 v2:172.21.15.167:3300/0 6 ==== mon_command_ack([{"prefix": "get_command_descriptions"}]=0 v0) v1 ==== 72+0+183564 (secure 0 0 0) 0x7f0d78022340 con 0x7f0d84105d50
2024-03-24T11:17:08.313 INFO:teuthology.orchestra.run.smithi167.stdout:/usr/bin/ceph: stderr
2024-03-24T11:17:07.693+0000 7f0d8b471700 1 -- 172.21.15.167:0/1140112872 --> v2:172.21.15.167:6800/2894205726 -- mgr_command(tid 0: {"prefix": "orch apply", "service_type": "mgr", "unmanaged": true, "target": ["mon-mgr", ""]}) v1 -- 0x7f0d84102550 con 0x7f0d70038cc0
2024-03-24T11:17:08.313 INFO:teuthology.orchestra.run.smithi167.stdout:/usr/bin/ceph: stderr
2024-03-24T11:17:07.701+0000 7f0d767fc700 1 -- 172.21.15.167:0/1140112872 <== mgr.14120 v2:172.21.15.167:6800/2894205726 1 ==== mgr_command_reply(tid 0: 0 ) v1 ==== 8+0+24 (secure 0 0 0) 0x7f0d84102550 con 0x7f0d70038cc0
2024-03-24T11:17:08.313 INFO:teuthology.orchestra.run.smithi167.stdout:/usr/bin/ceph: stderr
2024-03-24T11:17:07.705+0000 7f0d8b471700 1 -- 172.21.15.167:0/1140112872 >> v2:172.21.15.167:6800/2894205726 conn(0x7f0d70038cc0 msgr2=0x7f0d7003b180 secure :-1 s=STATE_CONNECTION_ESTABLISHED l=1).mark_down
2024-03-24T11:17:08.313 INFO:teuthology.orchestra.run.smithi167.stdout:/usr/bin/ceph: stderr
2024-03-24T11:17:07.705+0000 7f0d8b471700 1 --2- 172.21.15.167:0/1140112872 >> v2:172.21.15.167:6800/2894205726 conn(0x7f0d70038cc0 0x7f0d7003b180 secure :-1 s=READY pgs=13 cs=0 l=1 rev1=1 crypto rx=0x7f0d80006fd0 tx=0x7f0d80006e40 comp rx=0 tx=0).stop
2024-03-24T11:17:08.313 INFO:teuthology.orchestra.run.smithi167.stdout:/usr/bin/ceph: stderr
2024-03-24T11:17:07.705+0000 7f0d8b471700 1 -- 172.21.15.167:0/1140112872 >> [v2:172.21.15.167:3300/0,v1:172.21.15.167:6789/0] conn(0x7f0d84105d50 msgr2=0x7f0d84199ad0 secure :-1 s=STATE_CONNECTION_ESTABLISHED l=1).mark_down
2024-03-24T11:17:08.313 INFO:teuthology.orchestra.run.smithi167.stdout:/usr/bin/ceph: stderr
2024-03-24T11:17:07.705+0000 7f0d8b471700 1 --2- 172.21.15.167:0/1140112872 >> [v2:172.21.15.167:3300/0,v1:172.21.15.167:6789/0] conn(0x7f0d84105d50 0x7f0d84199ad0 secure :-1 s=READY pgs=50 cs=0 l=1 rev1=1 crypto rx=0x7f0d78000c00 tx=0x7f0d78011eb0 comp rx=0 tx=0).stop
2024-03-24T11:17:08.313 INFO:teuthology.orchestra.run.smithi167.stdout:/usr/bin/ceph: stderr
2024-03-24T11:17:07.705+0000 7f0d8b471700 1 -- 172.21.15.167:0/1140112872 shutdown_connections
2024-03-24T11:17:08.313 INFO:teuthology.orchestra.run.smithi167.stdout:/usr/bin/ceph: stderr
2024-03-24T11:17:07.705+0000 7f0d8b471700 1 --2- 172.21.15.167:0/1140112872 >> v2:172.21.15.167:6800/2894205726 conn(0x7f0d70038cc0 0x7f0d7003b180 unknown :-1 s=CLOSED pgs=13 cs=0 l=1 rev1=1 crypto rx=0 tx=0 comp rx=0 tx=0).stop
2024-03-24T11:17:08.313 INFO:teuthology.orchestra.run.smithi167.stdout:/usr/bin/ceph: stderr
2024-03-24T11:17:07.705+0000 7f0d8b471700 1 --2- 172.21.15.167:0/1140112872 >> [v2:172.21.15.167:3300/0,v1:172.21.15.167:6789/0] conn(0x7f0d84105d50 0x7f0d84199ad0 unknown :-1 s=CLOSED pgs=50 cs=0 l=1 rev1=1 crypto rx=0 tx=0 comp rx=0 tx=0).stop
2024-03-24T11:17:08.313 INFO:teuthology.orchestra.run.smithi167.stdout:/usr/bin/ceph: stderr
2024-03-24T11:17:07.705+0000 7f0d8b471700 1 -- 172.21.15.167:0/1140112872 >> 172.21.15.167:0/1140112872 conn(0x7f0d84101310 msgr2=0x7f0d84101e40 unknown :-1 s=STATE_NONE l=0).mark_down
2024-03-24T11:17:08.313 INFO:teuthology.orchestra.run.smithi167.stdout:/usr/bin/ceph: stderr
2024-03-24T11:17:07.705+0000 7f0d8b471700 1 -- 172.21.15.167:0/1140112872 shutdown_connections
2024-03-24T11:17:08.313 INFO:teuthology.orchestra.run.smithi167.stdout:/usr/bin/ceph: stderr
2024-03-24T11:17:07.705+0000 7f0d8b471700 1 -- 172.21.15.167:0/1140112872 wait complete.
2024-03-24T11:17:08.976 INFO:journalctl@ceph.mon.a.smithi167.stdout:Mar 24 11:17:08 smithi167 bash[21520]: audit
2024-03-24T11:17:07.700731+0000 mgr.y (mgr.14120) 19 : audit 0 from='client.14144 -' entity='client.admin' cmd=[{"prefix": "orch apply", "service_type": "mgr", "unmanaged": true, "target": ["mon-mgr", ""]}]: dispatch
2024-03-24T11:17:08.977 INFO:journalctl@ceph.mon.a.smithi167.stdout:Mar 24 11:17:08 smithi167 bash[21520]: cephadm
2024-03-24T11:17:07.701850+0000 mgr.y (mgr.14120) 20 : cephadm 1 Saving service mgr spec with placement count:2
2024-03-24T11:17:08.977 INFO:journalctl@ceph.mon.a.smithi167.stdout:Mar 24 11:17:08 smithi167 bash[21520]: audit
2024-03-24T11:17:07.706391+0000 mon.a (mon.0) 62 : audit 1 from='mgr.14120 172.21.15.167:0/442178248' entity='mgr.y'
2024-03-24T11:17:10.041 INFO:journalctl@ceph.mon.a.smithi167.stdout:Mar 24 11:17:09 smithi167 bash[21520]: cluster
2024-03-24T11:17:09.135335+0000 mgr.y (mgr.14120) 21 : cluster 0 pgmap v4: 0 pgs: ; 0 B data, 0 B used, 0 B / 0 B avail
2024-03-24T11:17:10.041 INFO:journalctl@ceph.mon.a.smithi167.stdout:Mar 24 11:17:09 smithi167 bash[21520]: audit
2024-03-24T11:17:09.530771+0000 mon.a (mon.0) 63 : audit 1 from='client.? 172.21.15.167:0/2362315466' entity='client.admin'
2024-03-24T11:17:10.148 INFO:teuthology.orchestra.run.smithi167.stdout:/usr/bin/ceph: stderr
2024-03-24T11:17:09.157+0000 7f58f2b93700 1 Processor -- start
2024-03-24T11:17:10.148 INFO:teuthology.orchestra.run.smithi167.stdout:/usr/bin/ceph: stderr
2024-03-24T11:17:09.157+0000 7f58f2b93700 1 -- start start
2024-03-24T11:17:10.148 INFO:teuthology.orchestra.run.smithi167.stdout:/usr/bin/ceph: stderr
2024-03-24T11:17:09.157+0000 7f58f2b93700 1 --2- >> [v2:172.21.15.167:3300/0,v1:172.21.15.167:6789/0] conn(0x7f58ec07b750 0x7f58ec079bb0 unknown :-1 s=NONE pgs=0 cs=0 l=0 rev1=0 crypto rx=0 tx=0 comp rx=0 tx=0).connect
2024-03-24T11:17:10.148 INFO:teuthology.orchestra.run.smithi167.stdout:/usr/bin/ceph: stderr
2024-03-24T11:17:09.157+0000 7f58f2b93700 1 -- --> [v2:172.21.15.167:3300/0,v1:172.21.15.167:6789/0] -- mon_getmap magic: 0 v1 -- 0x7f58ec07a180 con 0x7f58ec07b750
2024-03-24T11:17:10.149 INFO:teuthology.orchestra.run.smithi167.stdout:/usr/bin/ceph: stderr
2024-03-24T11:17:09.157+0000 7f58f092f700 1 --2- >> [v2:172.21.15.167:3300/0,v1:172.21.15.167:6789/0] conn(0x7f58ec07b750 0x7f58ec079bb0 unknown :-1 s=BANNER_CONNECTING pgs=0 cs=0 l=0 rev1=0 crypto rx=0 tx=0 comp rx=0 tx=0)._handle_peer_banner_payload supported=3 required=0
2024-03-24T11:17:10.149 INFO:teuthology.orchestra.run.smithi167.stdout:/usr/bin/ceph: stderr
2024-03-24T11:17:09.157+0000 7f58f092f700 1 --2- >> [v2:172.21.15.167:3300/0,v1:172.21.15.167:6789/0] conn(0x7f58ec07b750 0x7f58ec079bb0 unknown :-1 s=HELLO_CONNECTING pgs=0 cs=0 l=0 rev1=1 crypto rx=0 tx=0 comp rx=0 tx=0).handle_hello peer v2:172.21.15.167:3300/0 says I am v2:172.21.15.167:52286/0 (socket says 172.21.15.167:52286)
2024-03-24T11:17:10.149 INFO:teuthology.orchestra.run.smithi167.stdout:/usr/bin/ceph: stderr
2024-03-24T11:17:09.157+0000 7f58f092f700 1 -- 172.21.15.167:0/4153618486 learned_addr learned my addr 172.21.15.167:0/4153618486 (peer_addr_for_me v2:172.21.15.167:0/0)
2024-03-24T11:17:10.149 INFO:teuthology.orchestra.run.smithi167.stdout:/usr/bin/ceph: stderr
2024-03-24T11:17:09.157+0000 7f58f092f700 1 -- 172.21.15.167:0/4153618486 --> [v2:172.21.15.167:3300/0,v1:172.21.15.167:6789/0] -- mon_subscribe({config=0+,monmap=0+}) v3 -- 0x7f58ec07a2c0 con 0x7f58ec07b750
2024-03-24T11:17:10.149 INFO:teuthology.orchestra.run.smithi167.stdout:/usr/bin/ceph: stderr
2024-03-24T11:17:09.161+0000 7f58f092f700 1 --2- 172.21.15.167:0/4153618486 >> [v2:172.21.15.167:3300/0,v1:172.21.15.167:6789/0] conn(0x7f58ec07b750 0x7f58ec079bb0 secure :-1 s=READY pgs=51 cs=0 l=1 rev1=1 crypto rx=0x7f58dc0098a0 tx=0x7f58dc009bb0 comp rx=0 tx=0).ready entity=mon.0 client_cookie=5f74b928d27ee95d server_cookie=0 in_seq=0 out_seq=0
2024-03-24T11:17:10.149 INFO:teuthology.orchestra.run.smithi167.stdout:/usr/bin/ceph: stderr
2024-03-24T11:17:09.161+0000 7f58eb7fe700 1 -- 172.21.15.167:0/4153618486 <== mon.0 v2:172.21.15.167:3300/0 1 ==== mon_map magic: 0 v1 ==== 205+0+0 (secure 0 0 0) 0x7f58dc004160 con 0x7f58ec07b750
2024-03-24T11:17:10.149 INFO:teuthology.orchestra.run.smithi167.stdout:/usr/bin/ceph: stderr
2024-03-24T11:17:09.161+0000 7f58eb7fe700 1 -- 172.21.15.167:0/4153618486 <== mon.0 v2:172.21.15.167:3300/0 2 ==== config(26 keys) v1 ==== 1093+0+0 (secure 0 0 0) 0x7f58dc0042c0 con 0x7f58ec07b750
2024-03-24T11:17:10.149 INFO:teuthology.orchestra.run.smithi167.stdout:/usr/bin/ceph: stderr
2024-03-24T11:17:09.161+0000 7f58eb7fe700 1 -- 172.21.15.167:0/4153618486 <== mon.0 v2:172.21.15.167:3300/0 3 ==== mon_map magic: 0 v1 ==== 205+0+0 (secure 0 0 0) 0x7f58dc011960 con 0x7f58ec07b750
2024-03-24T11:17:10.149 INFO:teuthology.orchestra.run.smithi167.stdout:/usr/bin/ceph: stderr
2024-03-24T11:17:09.161+0000 7f58f2b93700 1 -- 172.21.15.167:0/4153618486 >> [v2:172.21.15.167:3300/0,v1:172.21.15.167:6789/0] conn(0x7f58ec07b750 msgr2=0x7f58ec079bb0 secure :-1 s=STATE_CONNECTION_ESTABLISHED l=1).mark_down
2024-03-24T11:17:10.149 INFO:teuthology.orchestra.run.smithi167.stdout:/usr/bin/ceph: stderr
2024-03-24T11:17:09.161+0000 7f58f2b93700 1 --2- 172.21.15.167:0/4153618486 >> [v2:172.21.15.167:3300/0,v1:172.21.15.167:6789/0] conn(0x7f58ec07b750 0x7f58ec079bb0 secure :-1 s=READY pgs=51 cs=0 l=1 rev1=1 crypto rx=0x7f58dc0098a0 tx=0x7f58dc009bb0 comp rx=0 tx=0).stop
2024-03-24T11:17:10.149 INFO:teuthology.orchestra.run.smithi167.stdout:/usr/bin/ceph: stderr
2024-03-24T11:17:09.161+0000 7f58f2b93700 1 -- 172.21.15.167:0/4153618486 shutdown_connections
2024-03-24T11:17:10.153 INFO:teuthology.orchestra.run.smithi167.stdout:/usr/bin/ceph: stderr
2024-03-24T11:17:09.161+0000 7f58f2b93700 1 --2- 172.21.15.167:0/4153618486 >> [v2:172.21.15.167:3300/0,v1:172.21.15.167:6789/0] conn(0x7f58ec07b750 0x7f58ec079bb0 unknown :-1 s=CLOSED pgs=51 cs=0 l=1 rev1=1 crypto rx=0 tx=0 comp rx=0 tx=0).stop
2024-03-24T11:17:10.153 INFO:teuthology.orchestra.run.smithi167.stdout:/usr/bin/ceph: stderr
2024-03-24T11:17:09.161+0000 7f58f2b93700 1 -- 172.21.15.167:0/4153618486 >> 172.21.15.167:0/4153618486 conn(0x7f58ec101310 msgr2=0x7f58ec103730 unknown :-1 s=STATE_NONE l=0).mark_down
2024-03-24T11:17:10.153 INFO:teuthology.orchestra.run.smithi167.stdout:/usr/bin/ceph: stderr
2024-03-24T11:17:09.161+0000 7f58f2b93700 1 -- 172.21.15.167:0/4153618486 shutdown_connections
2024-03-24T11:17:10.153 INFO:teuthology.orchestra.run.smithi167.stdout:/usr/bin/ceph: stderr
2024-03-24T11:17:09.161+0000 7f58f2b93700 1 -- 172.21.15.167:0/4153618486 wait complete.
2024-03-24T11:17:10.154 INFO:teuthology.orchestra.run.smithi167.stdout:/usr/bin/ceph: stderr
2024-03-24T11:17:09.161+0000 7f58f2b93700 1 Processor -- start
2024-03-24T11:17:10.154 INFO:teuthology.orchestra.run.smithi167.stdout:/usr/bin/ceph: stderr
2024-03-24T11:17:09.161+0000 7f58f2b93700 1 -- start start
2024-03-24T11:17:10.154 INFO:teuthology.orchestra.run.smithi167.stdout:/usr/bin/ceph: stderr
2024-03-24T11:17:09.161+0000 7f58f2b93700 1 --2- >> [v2:172.21.15.167:3300/0,v1:172.21.15.167:6789/0] conn(0x7f58ec07b750 0x7f58ec19bc60 unknown :-1 s=NONE pgs=0 cs=0 l=1 rev1=0 crypto rx=0 tx=0 comp rx=0 tx=0).connect
2024-03-24T11:17:10.154 INFO:teuthology.orchestra.run.smithi167.stdout:/usr/bin/ceph: stderr
2024-03-24T11:17:09.161+0000 7f58f2b93700 1 -- --> [v2:172.21.15.167:3300/0,v1:172.21.15.167:6789/0] -- mon_getmap magic: 0 v1 -- 0x7f58ec19c1a0 con 0x7f58ec07b750
2024-03-24T11:17:10.154 INFO:teuthology.orchestra.run.smithi167.stdout:/usr/bin/ceph: stderr
2024-03-24T11:17:09.161+0000 7f58f092f700 1 --2- >> [v2:172.21.15.167:3300/0,v1:172.21.15.167:6789/0] conn(0x7f58ec07b750 0x7f58ec19bc60 unknown :-1 s=BANNER_CONNECTING pgs=0 cs=0 l=1 rev1=0 crypto rx=0 tx=0 comp rx=0 tx=0)._handle_peer_banner_payload supported=3 required=0
2024-03-24T11:17:10.154 INFO:teuthology.orchestra.run.smithi167.stdout:/usr/bin/ceph: stderr
2024-03-24T11:17:09.161+0000 7f58f092f700 1 --2- >> [v2:172.21.15.167:3300/0,v1:172.21.15.167:6789/0] conn(0x7f58ec07b750 0x7f58ec19bc60 unknown :-1 s=HELLO_CONNECTING pgs=0 cs=0 l=1 rev1=1 crypto rx=0 tx=0 comp rx=0 tx=0).handle_hello peer v2:172.21.15.167:3300/0 says I am v2:172.21.15.167:52288/0 (socket says 172.21.15.167:52288)
2024-03-24T11:17:10.154 INFO:teuthology.orchestra.run.smithi167.stdout:/usr/bin/ceph: stderr
2024-03-24T11:17:09.161+0000 7f58f092f700 1 -- 172.21.15.167:0/2362315466 learned_addr learned my addr 172.21.15.167:0/2362315466 (peer_addr_for_me v2:172.21.15.167:0/0)
2024-03-24T11:17:10.154 INFO:teuthology.orchestra.run.smithi167.stdout:/usr/bin/ceph: stderr
2024-03-24T11:17:09.161+0000 7f58f092f700 1 -- 172.21.15.167:0/2362315466 --> [v2:172.21.15.167:3300/0,v1:172.21.15.167:6789/0] -- mon_subscribe({config=0+,monmap=0+}) v3 -- 0x7f58dc009550 con 0x7f58ec07b750
2024-03-24T11:17:10.154 INFO:teuthology.orchestra.run.smithi167.stdout:/usr/bin/ceph: stderr
2024-03-24T11:17:09.161+0000 7f58f092f700 1 --2- 172.21.15.167:0/2362315466 >> [v2:172.21.15.167:3300/0,v1:172.21.15.167:6789/0] conn(0x7f58ec07b750 0x7f58ec19bc60 secure :-1 s=READY pgs=52 cs=0 l=1 rev1=1 crypto rx=0x7f58dc0045c0 tx=0x7f58dc0119e0 comp rx=0 tx=0).ready entity=mon.0 client_cookie=0 server_cookie=0 in_seq=0 out_seq=0
2024-03-24T11:17:10.154 INFO:teuthology.orchestra.run.smithi167.stdout:/usr/bin/ceph: stderr
2024-03-24T11:17:09.161+0000 7f58e9ffb700 1 -- 172.21.15.167:0/2362315466 <== mon.0 v2:172.21.15.167:3300/0 1 ==== mon_map magic: 0 v1 ==== 205+0+0 (secure 0 0 0) 0x7f58dc0039f0 con 0x7f58ec07b750
2024-03-24T11:17:10.154 INFO:teuthology.orchestra.run.smithi167.stdout:/usr/bin/ceph: stderr
2024-03-24T11:17:09.161+0000 7f58e9ffb700 1 -- 172.21.15.167:0/2362315466 <== mon.0 v2:172.21.15.167:3300/0 2 ==== config(26 keys) v1 ==== 1093+0+0 (secure 0 0 0) 0x7f58dc003b50 con 0x7f58ec07b750
2024-03-24T11:17:10.154 INFO:teuthology.orchestra.run.smithi167.stdout:/usr/bin/ceph: stderr
2024-03-24T11:17:09.161+0000 7f58e9ffb700 1 -- 172.21.15.167:0/2362315466 <== mon.0 v2:172.21.15.167:3300/0 3 ==== mon_map magic: 0 v1 ==== 205+0+0 (secure 0 0 0) 0x7f58dc01a6a0 con 0x7f58ec07b750
2024-03-24T11:17:10.154 INFO:teuthology.orchestra.run.smithi167.stdout:/usr/bin/ceph: stderr
2024-03-24T11:17:09.161+0000 7f58f2b93700 1 -- 172.21.15.167:0/2362315466 --> [v2:172.21.15.167:3300/0,v1:172.21.15.167:6789/0] -- mon_subscribe({mgrmap=0+}) v3 -- 0x7f58ec19c3a0 con 0x7f58ec07b750
2024-03-24T11:17:10.155 INFO:teuthology.orchestra.run.smithi167.stdout:/usr/bin/ceph: stderr
2024-03-24T11:17:09.161+0000 7f58f2b93700 1 -- 172.21.15.167:0/2362315466 --> [v2:172.21.15.167:3300/0,v1:172.21.15.167:6789/0] -- mon_subscribe({osdmap=0}) v3 -- 0x7f58ec19c840 con 0x7f58ec07b750
2024-03-24T11:17:10.155 INFO:teuthology.orchestra.run.smithi167.stdout:/usr/bin/ceph: stderr
2024-03-24T11:17:09.165+0000 7f58e9ffb700 1 -- 172.21.15.167:0/2362315466 <== mon.0 v2:172.21.15.167:3300/0 4 ==== mgrmap(e 8) v1 ==== 45734+0+0 (secure 0 0 0) 0x7f58dc024430 con 0x7f58ec07b750
2024-03-24T11:17:10.155 INFO:teuthology.orchestra.run.smithi167.stdout:/usr/bin/ceph: stderr
2024-03-24T11:17:09.165+0000 7f58e9ffb700 1 --2- 172.21.15.167:0/2362315466 >> v2:172.21.15.167:6800/2894205726 conn(0x7f58d4038c70 0x7f58d403b130 unknown :-1 s=NONE pgs=0 cs=0 l=1 rev1=0 crypto rx=0 tx=0 comp rx=0 tx=0).connect
2024-03-24T11:17:10.155 INFO:teuthology.orchestra.run.smithi167.stdout:/usr/bin/ceph: stderr
2024-03-24T11:17:09.165+0000 7f58f2b93700 1 -- 172.21.15.167:0/2362315466 --> [v2:172.21.15.167:3300/0,v1:172.21.15.167:6789/0] -- mon_command({"prefix": "get_command_descriptions"} v 0) v1 -- 0x7f58ec10c150 con 0x7f58ec07b750
2024-03-24T11:17:10.155 INFO:teuthology.orchestra.run.smithi167.stdout:/usr/bin/ceph: stderr
2024-03-24T11:17:09.165+0000 7f58e9ffb700 1 -- 172.21.15.167:0/2362315466 <== mon.0 v2:172.21.15.167:3300/0 5 ==== osd_map(2..2 src has 1..2) v4 ==== 897+0+0 (secure 0 0 0) 0x7f58dc04d100 con 0x7f58ec07b750
2024-03-24T11:17:10.155 INFO:teuthology.orchestra.run.smithi167.stdout:/usr/bin/ceph: stderr
2024-03-24T11:17:09.165+0000 7f58ebfff700 1 --2- 172.21.15.167:0/2362315466 >> v2:172.21.15.167:6800/2894205726 conn(0x7f58d4038c70 0x7f58d403b130 unknown :-1 s=BANNER_CONNECTING pgs=0 cs=0 l=1 rev1=0 crypto rx=0 tx=0 comp rx=0 tx=0)._handle_peer_banner_payload supported=3 required=0
